2019-11-08 00:17:22.242 8 RALLYDEBUG rally.api [-] INFO logs from urllib3 and requests module are hide.
2019-11-08 00:17:22.242 8 RALLYDEBUG rally.api [-] urllib3 insecure warnings are hidden.
2019-11-08 00:17:22.242 8 RALLYDEBUG rally.api [-] ERROR log from boto module is hide.
2019-11-08 00:17:24.153 8 ERROR rally.cli.cliutils [-] Unexpected exception in CLI: rally.exceptions.DBRecordNotFound: Record for uuid or name is opnfv-rally not found in table envs
2019-11-08 00:17:24.153 8 ERROR rally.cli.cliutils
Traceback (most recent call last):
2019-11-08 00:17:24.153 8 ERROR rally.cli.cliutils
File "/usr/lib/python3.6/site-packages/rally/cli/cliutils.py", line 674, in run
2019-11-08 00:17:24.153 8 ERROR rally.cli.cliutils ret = fn(*fn_args, **fn_kwargs)
2019-11-08 00:17:24.153 8 ERROR rally.cli.cliutils File "", line 2, in destroy
2019-11-08 00:17:24.153 8 ERROR rally.cli.cliutils
File "/usr/lib/python3.6/site-packages/rally/cli/envutils.py", line 68, in default_from_global
2019-11-08 00:17:24.153 8 ERROR rally.cli.cliutils return f(*args, **kwargs)
2019-11-08 00:17:24.153 8 ERROR rally.cli.cliutils File "", line 2, in destroy
2019-11-08 00:17:24.153 8 ERROR rally.cli.cliutils
File "/usr/lib/python3.6/site-packages/rally/plugins/__init__.py", line 51, in ensure_plugins_are_loaded
2019-11-08 00:17:24.153 8 ERROR rally.cli.cliutils return f(*args, **kwargs)
2019-11-08 00:17:24.153 8 ERROR rally.cli.cliutils
File "/usr/lib/python3.6/site-packages/rally/cli/commands/deployment.py", line 157, in destroy
2019-11-08 00:17:24.153 8 ERROR rally.cli.cliutils api.deployment.destroy(deployment=deployment)
2019-11-08 00:17:24.153 8 ERROR rally.cli.cliutils
File "/usr/lib/python3.6/site-packages/rally/api.py", line 115, in destroy
2019-11-08 00:17:24.153 8 ERROR rally.cli.cliutils deploy = objects.Deployment.get(deployment)
2019-11-08 00:17:24.153 8 ERROR rally.cli.cliutils
File "/usr/lib/python3.6/site-packages/rally/common/objects/deploy.py", line 124, in get
2019-11-08 00:17:24.153 8 ERROR rally.cli.cliutils return Deployment(env_mgr.EnvManager.get(deploy))
2019-11-08 00:17:24.153 8 ERROR rally.cli.cliutils
File "/usr/lib/python3.6/site-packages/rally/env/env_mgr.py", line 212, in get
2019-11-08 00:17:24.153 8 ERROR rally.cli.cliutils return cls(db.env_get(uuid_or_name))
2019-11-08 00:17:24.153 8 ERROR rally.cli.cliutils
File "/usr/lib/python3.6/site-packages/rally/common/db/api.py", line 135, in wrapper
2019-11-08 00:17:24.153 8 ERROR rally.cli.cliutils result = f(session, *args, **kwargs)
2019-11-08 00:17:24.153 8 ERROR rally.cli.cliutils
File "/usr/lib/python3.6/site-packages/rally/common/db/api.py", line 521, in env_get
2019-11-08 00:17:24.153 8 ERROR rally.cli.cliutils criteria="uuid or name is %s" % uuid_or_name, table="envs")
2019-11-08 00:17:24.153 8 ERROR rally.cli.cliutils rally.exceptions.DBRecordNotFound: Record for uuid or name is opnfv-rally not found in table envs
2019-11-08 00:17:24.153 8 ERROR rally.cli.cliutils
2019-11-08 00:17:25.449 10 RALLYDEBUG rally.api [-] INFO logs from urllib3 and requests module are hide.
2019-11-08 00:17:25.449 10 RALLYDEBUG rally.api [-] urllib3 insecure warnings are hidden.
2019-11-08 00:17:25.449 10 RALLYDEBUG rally.api [-] ERROR log from boto module is hide.
2019-11-08 00:17:29.059 12 RALLYDEBUG rally.api [-] INFO logs from urllib3 and requests module are hide.
2019-11-08 00:17:29.060 12 RALLYDEBUG rally.api [-] urllib3 insecure warnings are hidden.
2019-11-08 00:17:29.060 12 RALLYDEBUG rally.api [-] ERROR log from boto module is hide.
2019-11-08 00:17:33.156 15 RALLYDEBUG rally.api [-] INFO logs from urllib3 and requests module are hide.
2019-11-08 00:17:33.156 15 RALLYDEBUG rally.api [-] urllib3 insecure warnings are hidden.
2019-11-08 00:17:33.156 15 RALLYDEBUG rally.api [-] ERROR log from boto module is hide.
2019-11-08 00:17:34.550 17 RALLYDEBUG rally.api [-] INFO logs from urllib3 and requests module are hide.
2019-11-08 00:17:34.551 17 RALLYDEBUG rally.api [-] urllib3 insecure warnings are hidden.
2019-11-08 00:17:34.551 17 RALLYDEBUG rally.api [-] ERROR log from boto module is hide.
2019-11-08 00:17:36.384 17 INFO rally.task.engine [-] Task b15cf963-570c-4ab1-83d0-206d0d73b531 | Starting: Task validation.
2019-11-08 00:17:36.440 17 INFO rally.task.engine [-] Task b15cf963-570c-4ab1-83d0-206d0d73b531 | Starting: Task validation of syntax.
2019-11-08 00:17:36.526 17 INFO rally.task.engine [-] Task b15cf963-570c-4ab1-83d0-206d0d73b531 | Completed: Task validation of syntax.
2019-11-08 00:17:36.527 17 INFO rally.task.engine [-] Task b15cf963-570c-4ab1-83d0-206d0d73b531 | Starting: Task validation of required platforms.
2019-11-08 00:17:36.569 17 INFO rally.task.engine [-] Task b15cf963-570c-4ab1-83d0-206d0d73b531 | Completed: Task validation of required platforms.
2019-11-08 00:17:36.570 17 INFO rally.task.engine [-] Task b15cf963-570c-4ab1-83d0-206d0d73b531 | Starting: Task validation of semantic.
2019-11-08 00:17:36.570 17 INFO rally.task.engine [-] Check health of the environment '405cb30b-acf7-45dc-81bd-b1a633e51838'.
2019-11-08 00:17:37.484 17 INFO rally.task.engine [-] Platform existing@openstack (available: True): OK!
2019-11-08 00:17:37.509 17 RALLYDEBUG rally_openstack.contexts.keystone.users [-] Creating 1 tenants using 20 threads
2019-11-08 00:17:38.308 17 RALLYDEBUG rally_openstack.contexts.keystone.users [-] Creating 1 users using 20 threads
2019-11-08 00:17:39.598 17 INFO rally.task.context [-] Task b15cf963-570c-4ab1-83d0-206d0d73b531 | Context users@openstack setup() finished in 2.09 sec
2019-11-08 00:17:39.661 17 INFO rally.task.context [-] Task b15cf963-570c-4ab1-83d0-206d0d73b531 | Context users@openstack cleanup() started
2019-11-08 00:17:42.594 17 INFO rally.task.context [-] Task b15cf963-570c-4ab1-83d0-206d0d73b531 | Context users@openstack cleanup() finished in 2.93 sec
2019-11-08 00:17:42.595 17 INFO rally.task.engine [-] Task b15cf963-570c-4ab1-83d0-206d0d73b531 | Completed: Task validation of semantic.
2019-11-08 00:17:42.596 17 INFO rally.task.engine [-] Task b15cf963-570c-4ab1-83d0-206d0d73b531 | Completed: Task validation.
2019-11-08 00:17:42.596 17 INFO rally.api [-] Task b15cf963-570c-4ab1-83d0-206d0d73b531 input file is valid.
2019-11-08 00:17:42.596 17 INFO rally.api [-] Run Task b15cf963-570c-4ab1-83d0-206d0d73b531 against Deployment 405cb30b-acf7-45dc-81bd-b1a633e51838
2019-11-08 00:17:42.597 17 INFO rally.task.engine [-] Task b15cf963-570c-4ab1-83d0-206d0d73b531 | Starting: Running task.
2019-11-08 00:17:42.920 17 INFO rally.task.engine [-] Running workload: position = 0 config = { "version": 2, "title": "A cropped version of a bigger task.", "description": "Auto-generated task from a single workload (uuid=e12c2a7a-7b8f-4c3e-bccb-590f2572e798)", "subtasks": [ { "title": "Authenticate.keystone", "description": "Check Keystone Client.", "scenario": { "Authenticate.keystone": {} }, "contexts": { "users": { "tenants": 3, "users_per_tenant": 2 } }, "runner": { "constant": { "concurrency": 4, "times": 10 } }, "hooks": [], "sla": { "failure_rate": { "max": 0 } } } ] }
2019-11-08 00:17:42.943 17 RALLYDEBUG rally_openstack.contexts.keystone.users [-] Creating 3 tenants using 20 threads
2019-11-08 00:17:43.864 17 RALLYDEBUG rally_openstack.contexts.keystone.users [-] Creating 6 users using 20 threads
2019-11-08 00:17:45.427 17 INFO rally.task.context [-] Task b15cf963-570c-4ab1-83d0-206d0d73b531 | Context users@openstack setup() finished in 2.48 sec
2019-11-08 00:17:45.438 17 RALLYDEBUG rally.task.runner [-] Starting the constant runner (task UUID: b15cf963-570c-4ab1-83d0-206d0d73b531). times: 10 concurrency: 4 timeout: 0 max_cpu_used: 16 processes_to_start: 4 concurrency_per_worker: 1 concurrency_overhead: 0
2019-11-08 00:17:45.451 141 RALLYDEBUG rally.task.runner [-] Starting a worker. times: 10 duration: None concurrency: 1 timeout: 0 cls: method_name: run args: {}
2019-11-08 00:17:45.453 142 RALLYDEBUG rally.task.runner [-] Starting a worker. times: 10 duration: None concurrency: 1 timeout: 0 cls: method_name: run args: {}
2019-11-08 00:17:45.457 143 RALLYDEBUG rally.task.runner [-] Starting a worker. times: 10 duration: None concurrency: 1 timeout: 0 cls: method_name: run args: {}
2019-11-08 00:17:45.459 142 INFO rally.task.runner [-] Task b15cf963-570c-4ab1-83d0-206d0d73b531 | ITER: 2 START
2019-11-08 00:17:45.459 141 INFO rally.task.runner [-] Task b15cf963-570c-4ab1-83d0-206d0d73b531 | ITER: 1 START
2019-11-08 00:17:45.462 145 RALLYDEBUG rally.task.runner [-] Starting a worker. times: 10 duration: None concurrency: 1 timeout: 0 cls: method_name: run args: {}
2019-11-08 00:17:45.463 143 INFO rally.task.runner [-] Task b15cf963-570c-4ab1-83d0-206d0d73b531 | ITER: 3 START
2019-11-08 00:17:45.467 145 INFO rally.task.runner [-] Task b15cf963-570c-4ab1-83d0-206d0d73b531 | ITER: 4 START
2019-11-08 00:17:46.161 142 INFO rally.task.runner [-] Task b15cf963-570c-4ab1-83d0-206d0d73b531 | ITER: 2 END: OK
2019-11-08 00:17:46.166 142 INFO rally.task.runner [-] Task b15cf963-570c-4ab1-83d0-206d0d73b531 | ITER: 5 START
2019-11-08 00:17:46.167 141 INFO rally.task.runner [-] Task b15cf963-570c-4ab1-83d0-206d0d73b531 | ITER: 1 END: OK
2019-11-08 00:17:46.168 143 INFO rally.task.runner [-] Task b15cf963-570c-4ab1-83d0-206d0d73b531 | ITER: 3 END: OK
2019-11-08 00:17:46.172 141 INFO rally.task.runner [-] Task b15cf963-570c-4ab1-83d0-206d0d73b531 | ITER: 6 START
2019-11-08 00:17:46.172 143 INFO rally.task.runner [-] Task b15cf963-570c-4ab1-83d0-206d0d73b531 | ITER: 7 START
2019-11-08 00:17:46.235 145 INFO rally.task.runner [-] Task b15cf963-570c-4ab1-83d0-206d0d73b531 | ITER: 4 END: OK
2019-11-08 00:17:46.239 145 INFO rally.task.runner [-] Task b15cf963-570c-4ab1-83d0-206d0d73b531 | ITER: 8 START
2019-11-08 00:17:46.787 143 INFO rally.task.runner [-] Task b15cf963-570c-4ab1-83d0-206d0d73b531 | ITER: 7 END: OK
2019-11-08 00:17:46.791 143 INFO rally.task.runner [-] Task b15cf963-570c-4ab1-83d0-206d0d73b531 | ITER: 9 START
2019-11-08 00:17:46.866 142 INFO rally.task.runner [-] Task b15cf963-570c-4ab1-83d0-206d0d73b531 | ITER: 5 END: OK
2019-11-08 00:17:46.870 142 INFO rally.task.runner [-] Task b15cf963-570c-4ab1-83d0-206d0d73b531 | ITER: 10 START
2019-11-08 00:17:46.875 141 INFO rally.task.runner [-] Task b15cf963-570c-4ab1-83d0-206d0d73b531 | ITER: 6 END: OK
2019-11-08 00:17:46.951 145 INFO rally.task.runner [-] Task b15cf963-570c-4ab1-83d0-206d0d73b531 | ITER: 8 END: OK
2019-11-08 00:17:47.403 143 INFO rally.task.runner [-] Task b15cf963-570c-4ab1-83d0-206d0d73b531 | ITER: 9 END: OK
2019-11-08 00:17:47.486 142 INFO rally.task.runner [-] Task b15cf963-570c-4ab1-83d0-206d0d73b531 | ITER: 10 END: OK
2019-11-08 00:17:47.506 17 INFO rally.task.context [-] Task b15cf963-570c-4ab1-83d0-206d0d73b531 | Context users@openstack cleanup() started
2019-11-08 00:17:51.748 17 INFO rally.task.context [-] Task b15cf963-570c-4ab1-83d0-206d0d73b531 | Context users@openstack cleanup() finished in 4.24 sec
2019-11-08 00:17:53.014 17 INFO rally.task.engine [-] Load duration is: 2.025072
2019-11-08 00:17:53.015 17 INFO rally.task.engine [-] Full runner duration is: 2.069692
2019-11-08 00:17:53.015 17 INFO rally.task.engine [-] Full duration is: 8.805892
2019-11-08 00:17:53.281 17 INFO rally.task.engine [-] Running workload: position = 0 config = { "version": 2, "title": "A cropped version of a bigger task.", "description": "Auto-generated task from a single workload (uuid=6841ddd6-cb6f-47ba-939c-cec741168d25)", "subtasks": [ { "title": "Authenticate.validate_cinder", "description": "Check Cinder Client to ensure validation of token.", "scenario": { "Authenticate.validate_cinder": { "repetitions": 2 } }, "contexts": { "users": { "tenants": 3, "users_per_tenant": 2 } }, "runner": { "constant": { "concurrency": 4, "times": 10 } }, "hooks": [], "sla": { "failure_rate": { "max": 0 } } } ] }
2019-11-08 00:17:53.305 17 RALLYDEBUG rally_openstack.contexts.keystone.users [-] Creating 3 tenants using 20 threads
2019-11-08 00:17:54.227 17 RALLYDEBUG rally_openstack.contexts.keystone.users [-] Creating 6 users using 20 threads
2019-11-08 00:17:55.846 17 INFO rally.task.context [-] Task b15cf963-570c-4ab1-83d0-206d0d73b531 | Context users@openstack setup() finished in 2.54 sec
2019-11-08 00:17:55.855 17 RALLYDEBUG rally.task.runner [-] Starting the constant runner (task UUID: b15cf963-570c-4ab1-83d0-206d0d73b531). times: 10 concurrency: 4 timeout: 0 max_cpu_used: 16 processes_to_start: 4 concurrency_per_worker: 1 concurrency_overhead: 0
2019-11-08 00:17:55.866 245 RALLYDEBUG rally.task.runner [-] Starting a worker. times: 10 duration: None concurrency: 1 timeout: 0 cls: method_name: run args: {"repetitions": 2}
2019-11-08 00:17:55.869 246 RALLYDEBUG rally.task.runner [-] Starting a worker. times: 10 duration: None concurrency: 1 timeout: 0 cls: method_name: run args: {"repetitions": 2}
2019-11-08 00:17:55.873 245 INFO rally.task.runner [-] Task b15cf963-570c-4ab1-83d0-206d0d73b531 | ITER: 1 START
2019-11-08 00:17:55.872 247 RALLYDEBUG rally.task.runner [-] Starting a worker. times: 10 duration: None concurrency: 1 timeout: 0 cls: method_name: run args: {"repetitions": 2}
2019-11-08 00:17:55.876 246 INFO rally.task.runner [-] Task b15cf963-570c-4ab1-83d0-206d0d73b531 | ITER: 2 START
2019-11-08 00:17:55.875 248 RALLYDEBUG rally.task.runner [-] Starting a worker. times: 10 duration: None concurrency: 1 timeout: 0 cls: method_name: run args: {"repetitions": 2}
2019-11-08 00:17:55.879 247 INFO rally.task.runner [-] Task b15cf963-570c-4ab1-83d0-206d0d73b531 | ITER: 3 START
2019-11-08 00:17:55.882 248 INFO rally.task.runner [-] Task b15cf963-570c-4ab1-83d0-206d0d73b531 | ITER: 4 START
2019-11-08 00:17:56.549 245 INFO rally.task.runner [-] Task b15cf963-570c-4ab1-83d0-206d0d73b531 | ITER: 1 END: OK
2019-11-08 00:17:56.550 247 INFO rally.task.runner [-] Task b15cf963-570c-4ab1-83d0-206d0d73b531 | ITER: 3 END: OK
2019-11-08 00:17:56.553 245 INFO rally.task.runner [-] Task b15cf963-570c-4ab1-83d0-206d0d73b531 | ITER: 5 START
2019-11-08 00:17:56.554 247 INFO rally.task.runner [-] Task b15cf963-570c-4ab1-83d0-206d0d73b531 | ITER: 6 START
2019-11-08 00:17:56.557 246 INFO rally.task.runner [-] Task b15cf963-570c-4ab1-83d0-206d0d73b531 | ITER: 2 END: OK
2019-11-08 00:17:56.562 246 INFO rally.task.runner [-] Task b15cf963-570c-4ab1-83d0-206d0d73b531 | ITER: 7 START
2019-11-08 00:17:56.562 248 INFO rally.task.runner [-] Task b15cf963-570c-4ab1-83d0-206d0d73b531 | ITER: 4 END: OK
2019-11-08 00:17:56.566 248 INFO rally.task.runner [-] Task b15cf963-570c-4ab1-83d0-206d0d73b531 | ITER: 8 START
2019-11-08 00:17:56.955 248 INFO rally.task.runner [-] Task b15cf963-570c-4ab1-83d0-206d0d73b531 | ITER: 8 END: OK
2019-11-08 00:17:56.959 248 INFO rally.task.runner [-] Task b15cf963-570c-4ab1-83d0-206d0d73b531 | ITER: 9 START
2019-11-08 00:17:56.987 247 INFO rally.task.runner [-] Task b15cf963-570c-4ab1-83d0-206d0d73b531 | ITER: 6 END: OK
2019-11-08 00:17:56.991 247 INFO rally.task.runner [-] Task b15cf963-570c-4ab1-83d0-206d0d73b531 | ITER: 10 START
2019-11-08 00:17:57.026 245 INFO rally.task.runner [-] Task b15cf963-570c-4ab1-83d0-206d0d73b531 | ITER: 5 END: OK
2019-11-08 00:17:57.040 246 INFO rally.task.runner [-] Task b15cf963-570c-4ab1-83d0-206d0d73b531 | ITER: 7 END: OK
2019-11-08 00:17:57.351 248 INFO rally.task.runner [-] Task b15cf963-570c-4ab1-83d0-206d0d73b531 | ITER: 9 END: OK
2019-11-08 00:17:57.516 247 INFO rally.task.runner [-] Task b15cf963-570c-4ab1-83d0-206d0d73b531 | ITER: 10 END: OK
2019-11-08 00:17:57.541 17 INFO rally.task.context [-] Task b15cf963-570c-4ab1-83d0-206d0d73b531 | Context users@openstack cleanup() started
2019-11-08 00:18:01.887 17 INFO rally.task.context [-] Task b15cf963-570c-4ab1-83d0-206d0d73b531 | Context users@openstack cleanup() finished in 4.35 sec
2019-11-08 00:18:03.373 17 INFO rally.task.engine [-] Load duration is: 1.641709
2019-11-08 00:18:03.373 17 INFO rally.task.engine [-] Full runner duration is: 1.686285
2019-11-08 00:18:03.374 17 INFO rally.task.engine [-] Full duration is: 8.583359
2019-11-08 00:18:03.806 17 INFO rally.task.engine [-] Running workload: position = 0 config = { "version": 2, "title": "A cropped version of a bigger task.", "description": "Auto-generated task from a single workload (uuid=3955914d-a777-4bce-b773-23db549702f3)", "subtasks": [ { "title": "Authenticate.validate_glance", "description": "Check Glance Client to ensure validation of token.", "scenario": { "Authenticate.validate_glance": { "repetitions": 2 } }, "contexts": { "users": { "tenants": 3, "users_per_tenant": 2 } }, "runner": { "constant": { "concurrency": 4, "times": 10 } }, "hooks": [], "sla": { "failure_rate": { "max": 0 } } } ] }
2019-11-08 00:18:03.839 17 RALLYDEBUG rally_openstack.contexts.keystone.users [-] Creating 3 tenants using 20 threads
2019-11-08 00:18:04.851 17 RALLYDEBUG rally_openstack.contexts.keystone.users [-] Creating 6 users using 20 threads
2019-11-08 00:18:06.356 17 INFO rally.task.context [-] Task b15cf963-570c-4ab1-83d0-206d0d73b531 | Context users@openstack setup() finished in 2.52 sec
2019-11-08 00:18:06.366 17 RALLYDEBUG rally.task.runner [-] Starting the constant runner (task UUID: b15cf963-570c-4ab1-83d0-206d0d73b531). times: 10 concurrency: 4 timeout: 0 max_cpu_used: 16 processes_to_start: 4 concurrency_per_worker: 1 concurrency_overhead: 0
2019-11-08 00:18:06.378 349 RALLYDEBUG rally.task.runner [-] Starting a worker. times: 10 duration: None concurrency: 1 timeout: 0 cls: method_name: run args: {"repetitions": 2}
2019-11-08 00:18:06.382 350 RALLYDEBUG rally.task.runner [-] Starting a worker. times: 10 duration: None concurrency: 1 timeout: 0 cls: method_name: run args: {"repetitions": 2}
2019-11-08 00:18:06.384 349 INFO rally.task.runner [-] Task b15cf963-570c-4ab1-83d0-206d0d73b531 | ITER: 1 START
2019-11-08 00:18:06.385 351 RALLYDEBUG rally.task.runner [-] Starting a worker. times: 10 duration: None concurrency: 1 timeout: 0 cls: method_name: run args: {"repetitions": 2}
2019-11-08 00:18:06.389 350 INFO rally.task.runner [-] Task b15cf963-570c-4ab1-83d0-206d0d73b531 | ITER: 2 START
2019-11-08 00:18:06.389 353 RALLYDEBUG rally.task.runner [-] Starting a worker. times: 10 duration: None concurrency: 1 timeout: 0 cls: method_name: run args: {"repetitions": 2}
2019-11-08 00:18:06.392 351 INFO rally.task.runner [-] Task b15cf963-570c-4ab1-83d0-206d0d73b531 | ITER: 3 START
2019-11-08 00:18:06.394 353 INFO rally.task.runner [-] Task b15cf963-570c-4ab1-83d0-206d0d73b531 | ITER: 4 START
2019-11-08 00:18:07.002 350 INFO rally.task.runner [-] Task b15cf963-570c-4ab1-83d0-206d0d73b531 | ITER: 2 END: OK
2019-11-08 00:18:07.006 350 INFO rally.task.runner [-] Task b15cf963-570c-4ab1-83d0-206d0d73b531 | ITER: 5 START
2019-11-08 00:18:07.014 353 INFO rally.task.runner [-] Task b15cf963-570c-4ab1-83d0-206d0d73b531 | ITER: 4 END: OK
2019-11-08 00:18:07.018 353 INFO rally.task.runner [-] Task b15cf963-570c-4ab1-83d0-206d0d73b531 | ITER: 6 START
2019-11-08 00:18:07.018 349 INFO rally.task.runner [-] Task b15cf963-570c-4ab1-83d0-206d0d73b531 | ITER: 1 END: OK
2019-11-08 00:18:07.022 351 INFO rally.task.runner [-] Task b15cf963-570c-4ab1-83d0-206d0d73b531 | ITER: 3 END: OK
2019-11-08 00:18:07.023 349 INFO rally.task.runner [-] Task b15cf963-570c-4ab1-83d0-206d0d73b531 | ITER: 7 START
2019-11-08 00:18:07.027 351 INFO rally.task.runner [-] Task b15cf963-570c-4ab1-83d0-206d0d73b531 | ITER: 8 START
2019-11-08 00:18:07.472 351 INFO rally.task.runner [-] Task b15cf963-570c-4ab1-83d0-206d0d73b531 | ITER: 8 END: OK
2019-11-08 00:18:07.475 351 INFO rally.task.runner [-] Task b15cf963-570c-4ab1-83d0-206d0d73b531 | ITER: 9 START
2019-11-08 00:18:07.488 349 INFO rally.task.runner [-] Task b15cf963-570c-4ab1-83d0-206d0d73b531 | ITER: 7 END: OK
2019-11-08 00:18:07.491 349 INFO rally.task.runner [-] Task b15cf963-570c-4ab1-83d0-206d0d73b531 | ITER: 10 START
2019-11-08 00:18:07.519 353 INFO rally.task.runner [-] Task b15cf963-570c-4ab1-83d0-206d0d73b531 | ITER: 6 END: OK
2019-11-08 00:18:07.526 350 INFO rally.task.runner [-] Task b15cf963-570c-4ab1-83d0-206d0d73b531 | ITER: 5 END: OK
2019-11-08 00:18:07.885 351 INFO rally.task.runner [-] Task b15cf963-570c-4ab1-83d0-206d0d73b531 | ITER: 9 END: OK
2019-11-08 00:18:07.899 349 INFO rally.task.runner [-] Task b15cf963-570c-4ab1-83d0-206d0d73b531 | ITER: 10 END: OK
2019-11-08 00:18:07.931 17 INFO rally.task.context [-] Task b15cf963-570c-4ab1-83d0-206d0d73b531 | Context users@openstack cleanup() started
2019-11-08 00:18:12.567 17 INFO rally.task.context [-] Task b15cf963-570c-4ab1-83d0-206d0d73b531 | Context users@openstack cleanup() finished in 4.64 sec
2019-11-08 00:18:13.929 17 INFO rally.task.engine [-] Load duration is: 1.513013
2019-11-08 00:18:13.929 17 INFO rally.task.engine [-] Full runner duration is: 1.566069
2019-11-08 00:18:13.930 17 INFO rally.task.engine [-] Full duration is: 8.72969
2019-11-08 00:18:14.449 17 INFO rally.task.engine [-] Running workload: position = 0 config = { "version": 2, "title": "A cropped version of a bigger task.", "description": "Auto-generated task from a single workload (uuid=badaecca-2e2a-48ab-b3e6-3c42505c800e)", "subtasks": [ { "title": "Authenticate.validate_heat", "description": "Check Heat Client to ensure validation of token.", "scenario": { "Authenticate.validate_heat": { "repetitions": 2 } }, "contexts": { "users": { "tenants": 3, "users_per_tenant": 2 } }, "runner": { "constant": { "concurrency": 4, "times": 10 } }, "hooks": [], "sla": { "failure_rate": { "max": 0 } } } ] }
2019-11-08 00:18:14.472 17 RALLYDEBUG rally_openstack.contexts.keystone.users [-] Creating 3 tenants using 20 threads
2019-11-08 00:18:15.539 17 RALLYDEBUG rally_openstack.contexts.keystone.users [-] Creating 6 users using 20 threads
2019-11-08 00:18:17.116 17 INFO rally.task.context [-] Task b15cf963-570c-4ab1-83d0-206d0d73b531 | Context users@openstack setup() finished in 2.64 sec
2019-11-08 00:18:17.125 17 RALLYDEBUG rally.task.runner [-] Starting the constant runner (task UUID: b15cf963-570c-4ab1-83d0-206d0d73b531). times: 10 concurrency: 4 timeout: 0 max_cpu_used: 16 processes_to_start: 4 concurrency_per_worker: 1 concurrency_overhead: 0
2019-11-08 00:18:17.136 453 RALLYDEBUG rally.task.runner [-] Starting a worker. times: 10 duration: None concurrency: 1 timeout: 0 cls: method_name: run args: {"repetitions": 2}
2019-11-08 00:18:17.139 454 RALLYDEBUG rally.task.runner [-] Starting a worker. times: 10 duration: None concurrency: 1 timeout: 0 cls: method_name: run args: {"repetitions": 2}
2019-11-08 00:18:17.143 453 INFO rally.task.runner [-] Task b15cf963-570c-4ab1-83d0-206d0d73b531 | ITER: 1 START
2019-11-08 00:18:17.143 455 RALLYDEBUG rally.task.runner [-] Starting a worker. times: 10 duration: None concurrency: 1 timeout: 0 cls: method_name: run args: {"repetitions": 2}
2019-11-08 00:18:17.145 454 INFO rally.task.runner [-] Task b15cf963-570c-4ab1-83d0-206d0d73b531 | ITER: 2 START
2019-11-08 00:18:17.147 457 RALLYDEBUG rally.task.runner [-] Starting a worker. times: 10 duration: None concurrency: 1 timeout: 0 cls: method_name: run args: {"repetitions": 2}
2019-11-08 00:18:17.150 455 INFO rally.task.runner [-] Task b15cf963-570c-4ab1-83d0-206d0d73b531 | ITER: 3 START
2019-11-08 00:18:17.153 457 INFO rally.task.runner [-] Task b15cf963-570c-4ab1-83d0-206d0d73b531 | ITER: 4 START
2019-11-08 00:18:18.053 454 INFO rally.task.runner [-] Task b15cf963-570c-4ab1-83d0-206d0d73b531 | ITER: 2 END: OK
2019-11-08 00:18:18.057 457 INFO rally.task.runner [-] Task b15cf963-570c-4ab1-83d0-206d0d73b531 | ITER: 4 END: OK
2019-11-08 00:18:18.058 454 INFO rally.task.runner [-] Task b15cf963-570c-4ab1-83d0-206d0d73b531 | ITER: 5 START
2019-11-08 00:18:18.062 457 INFO rally.task.runner [-] Task b15cf963-570c-4ab1-83d0-206d0d73b531 | ITER: 6 START
2019-11-08 00:18:18.066 455 INFO rally.task.runner [-] Task b15cf963-570c-4ab1-83d0-206d0d73b531 | ITER: 3 END: OK
2019-11-08 00:18:18.069 453 INFO rally.task.runner [-] Task b15cf963-570c-4ab1-83d0-206d0d73b531 | ITER: 1 END: OK
2019-11-08 00:18:18.072 455 INFO rally.task.runner [-] Task b15cf963-570c-4ab1-83d0-206d0d73b531 | ITER: 7 START
2019-11-08 00:18:18.073 453 INFO rally.task.runner [-] Task b15cf963-570c-4ab1-83d0-206d0d73b531 | ITER: 8 START
2019-11-08 00:18:18.729 453 INFO rally.task.runner [-] Task b15cf963-570c-4ab1-83d0-206d0d73b531 | ITER: 8 END: OK
2019-11-08 00:18:18.732 457 INFO rally.task.runner [-] Task b15cf963-570c-4ab1-83d0-206d0d73b531 | ITER: 6 END: OK
2019-11-08 00:18:18.732 453 INFO rally.task.runner [-] Task b15cf963-570c-4ab1-83d0-206d0d73b531 | ITER: 9 START
2019-11-08 00:18:18.735 457 INFO rally.task.runner [-] Task b15cf963-570c-4ab1-83d0-206d0d73b531 | ITER: 10 START
2019-11-08 00:18:18.755 455 INFO rally.task.runner [-] Task b15cf963-570c-4ab1-83d0-206d0d73b531 | ITER: 7 END: OK
2019-11-08 00:18:18.825 454 INFO rally.task.runner [-] Task b15cf963-570c-4ab1-83d0-206d0d73b531 | ITER: 5 END: OK
2019-11-08 00:18:19.130 457 INFO rally.task.runner [-] Task b15cf963-570c-4ab1-83d0-206d0d73b531 | ITER: 10 END: OK
2019-11-08 00:18:19.212 453 INFO rally.task.runner [-] Task b15cf963-570c-4ab1-83d0-206d0d73b531 | ITER: 9 END: OK
2019-11-08 00:18:19.236 17 INFO rally.task.context [-] Task b15cf963-570c-4ab1-83d0-206d0d73b531 | Context users@openstack cleanup() started
2019-11-08 00:18:23.766 17 INFO rally.task.context [-] Task b15cf963-570c-4ab1-83d0-206d0d73b531 | Context users@openstack cleanup() finished in 4.53 sec
2019-11-08 00:18:24.554 17 INFO rally.task.engine [-] Load duration is: 2.067029
2019-11-08 00:18:24.555 17 INFO rally.task.engine [-] Full runner duration is: 2.110931
2019-11-08 00:18:24.555 17 INFO rally.task.engine [-] Full duration is: 9.295645
2019-11-08 00:18:25.091 17 INFO rally.task.engine [-] Running workload: position = 0 config = { "version": 2, "title": "A cropped version of a bigger task.", "description": "Auto-generated task from a single workload (uuid=9cb1d35c-ee2c-4a2a-b7e4-9de92a5a13db)", "subtasks": [ { "title": "Authenticate.validate_neutron", "description": "Check Neutron Client to ensure validation of token.", "scenario": { "Authenticate.validate_neutron": { "repetitions": 2 } }, "contexts": { "users": { "tenants": 3, "users_per_tenant": 2 } }, "runner": { "constant": { "concurrency": 4, "times": 10 } }, "hooks": [], "sla": { "failure_rate": { "max": 0 } } } ] }
2019-11-08 00:18:25.116 17 RALLYDEBUG rally_openstack.contexts.keystone.users [-] Creating 3 tenants using 20 threads
2019-11-08 00:18:26.166 17 RALLYDEBUG rally_openstack.contexts.keystone.users [-] Creating 6 users using 20 threads
2019-11-08 00:18:27.693 17 INFO rally.task.context [-] Task b15cf963-570c-4ab1-83d0-206d0d73b531 | Context users@openstack setup() finished in 2.58 sec
2019-11-08 00:18:27.702 17 RALLYDEBUG rally.task.runner [-] Starting the constant runner (task UUID: b15cf963-570c-4ab1-83d0-206d0d73b531). times: 10 concurrency: 4 timeout: 0 max_cpu_used: 16 processes_to_start: 4 concurrency_per_worker: 1 concurrency_overhead: 0
2019-11-08 00:18:27.713 557 RALLYDEBUG rally.task.runner [-] Starting a worker. times: 10 duration: None concurrency: 1 timeout: 0 cls: method_name: run args: {"repetitions": 2}
2019-11-08 00:18:27.717 558 RALLYDEBUG rally.task.runner [-] Starting a worker. times: 10 duration: None concurrency: 1 timeout: 0 cls: method_name: run args: {"repetitions": 2}
2019-11-08 00:18:27.720 557 INFO rally.task.runner [-] Task b15cf963-570c-4ab1-83d0-206d0d73b531 | ITER: 1 START
2019-11-08 00:18:27.720 559 RALLYDEBUG rally.task.runner [-] Starting a worker. times: 10 duration: None concurrency: 1 timeout: 0 cls: method_name: run args: {"repetitions": 2}
2019-11-08 00:18:27.724 558 INFO rally.task.runner [-] Task b15cf963-570c-4ab1-83d0-206d0d73b531 | ITER: 2 START
2019-11-08 00:18:27.724 562 RALLYDEBUG rally.task.runner [-] Starting a worker. times: 10 duration: None concurrency: 1 timeout: 0 cls: method_name: run args: {"repetitions": 2}
2019-11-08 00:18:27.726 559 INFO rally.task.runner [-] Task b15cf963-570c-4ab1-83d0-206d0d73b531 | ITER: 3 START
2019-11-08 00:18:27.731 562 INFO rally.task.runner [-] Task b15cf963-570c-4ab1-83d0-206d0d73b531 | ITER: 4 START
2019-11-08 00:18:28.423 559 INFO rally.task.runner [-] Task b15cf963-570c-4ab1-83d0-206d0d73b531 | ITER: 3 END: OK
2019-11-08 00:18:28.428 559 INFO rally.task.runner [-] Task b15cf963-570c-4ab1-83d0-206d0d73b531 | ITER: 5 START
2019-11-08 00:18:28.465 562 INFO rally.task.runner [-] Task b15cf963-570c-4ab1-83d0-206d0d73b531 | ITER: 4 END: OK
2019-11-08 00:18:28.469 562 INFO rally.task.runner [-] Task b15cf963-570c-4ab1-83d0-206d0d73b531 | ITER: 6 START
2019-11-08 00:18:28.519 558 INFO rally.task.runner [-] Task b15cf963-570c-4ab1-83d0-206d0d73b531 | ITER: 2 END: OK
2019-11-08 00:18:28.524 558 INFO rally.task.runner [-] Task b15cf963-570c-4ab1-83d0-206d0d73b531 | ITER: 7 START
2019-11-08 00:18:28.536 557 INFO rally.task.runner [-] Task b15cf963-570c-4ab1-83d0-206d0d73b531 | ITER: 1 END: OK
2019-11-08 00:18:28.540 557 INFO rally.task.runner [-] Task b15cf963-570c-4ab1-83d0-206d0d73b531 | ITER: 8 START
2019-11-08 00:18:29.032 562 INFO rally.task.runner [-] Task b15cf963-570c-4ab1-83d0-206d0d73b531 | ITER: 6 END: OK
2019-11-08 00:18:29.037 562 INFO rally.task.runner [-] Task b15cf963-570c-4ab1-83d0-206d0d73b531 | ITER: 9 START
2019-11-08 00:18:29.053 557 INFO rally.task.runner [-] Task b15cf963-570c-4ab1-83d0-206d0d73b531 | ITER: 8 END: OK
2019-11-08 00:18:29.056 557 INFO rally.task.runner [-] Task b15cf963-570c-4ab1-83d0-206d0d73b531 | ITER: 10 START
2019-11-08 00:18:29.081 559 INFO rally.task.runner [-] Task b15cf963-570c-4ab1-83d0-206d0d73b531 | ITER: 5 END: OK
2019-11-08 00:18:29.089 558 INFO rally.task.runner [-] Task b15cf963-570c-4ab1-83d0-206d0d73b531 | ITER: 7 END: OK
2019-11-08 00:18:29.596 562 INFO rally.task.runner [-] Task b15cf963-570c-4ab1-83d0-206d0d73b531 | ITER: 9 END: OK
2019-11-08 00:18:29.735 557 INFO rally.task.runner [-] Task b15cf963-570c-4ab1-83d0-206d0d73b531 | ITER: 10 END: OK
2019-11-08 00:18:29.759 17 INFO rally.task.context [-] Task b15cf963-570c-4ab1-83d0-206d0d73b531 | Context users@openstack cleanup() started
2019-11-08 00:18:34.067 17 INFO rally.task.context [-] Task b15cf963-570c-4ab1-83d0-206d0d73b531 | Context users@openstack cleanup() finished in 4.31 sec
2019-11-08 00:18:35.217 17 INFO rally.task.engine [-] Load duration is: 2.013751
2019-11-08 00:18:35.218 17 INFO rally.task.engine [-] Full runner duration is: 2.057898
2019-11-08 00:18:35.218 17 INFO rally.task.engine [-] Full duration is: 8.952697
2019-11-08 00:18:35.706 17 INFO rally.task.engine [-] Running workload: position = 0 config = { "version": 2, "title": "A cropped version of a bigger task.", "description": "Auto-generated task from a single workload (uuid=4e3cff55-940b-4b6a-8934-f4962345d7f7)", "subtasks": [ { "title": "Authenticate.validate_nova", "description": "Check Nova Client to ensure validation of token.", "scenario": { "Authenticate.validate_nova": { "repetitions": 2 } }, "contexts": { "users": { "tenants": 3, "users_per_tenant": 2 } }, "runner": { "constant": { "concurrency": 4, "times": 10 } }, "hooks": [], "sla": { "failure_rate": { "max": 0 } } } ] }
2019-11-08 00:18:35.729 17 RALLYDEBUG rally_openstack.contexts.keystone.users [-] Creating 3 tenants using 20 threads
2019-11-08 00:18:36.774 17 RALLYDEBUG rally_openstack.contexts.keystone.users [-] Creating 6 users using 20 threads
2019-11-08 00:18:38.268 17 INFO rally.task.context [-] Task b15cf963-570c-4ab1-83d0-206d0d73b531 | Context users@openstack setup() finished in 2.54 sec
2019-11-08 00:18:38.277 17 RALLYDEBUG rally.task.runner [-] Starting the constant runner (task UUID: b15cf963-570c-4ab1-83d0-206d0d73b531). times: 10 concurrency: 4 timeout: 0 max_cpu_used: 16 processes_to_start: 4 concurrency_per_worker: 1 concurrency_overhead: 0
2019-11-08 00:18:38.287 661 RALLYDEBUG rally.task.runner [-] Starting a worker. times: 10 duration: None concurrency: 1 timeout: 0 cls: method_name: run args: {"repetitions": 2}
2019-11-08 00:18:38.291 662 RALLYDEBUG rally.task.runner [-] Starting a worker. times: 10 duration: None concurrency: 1 timeout: 0 cls: method_name: run args: {"repetitions": 2}
2019-11-08 00:18:38.295 661 INFO rally.task.runner [-] Task b15cf963-570c-4ab1-83d0-206d0d73b531 | ITER: 1 START
2019-11-08 00:18:38.294 663 RALLYDEBUG rally.task.runner [-] Starting a worker. times: 10 duration: None concurrency: 1 timeout: 0 cls: method_name: run args: {"repetitions": 2}
2019-11-08 00:18:38.298 662 INFO rally.task.runner [-] Task b15cf963-570c-4ab1-83d0-206d0d73b531 | ITER: 2 START
2019-11-08 00:18:38.297 664 RALLYDEBUG rally.task.runner [-] Starting a worker. times: 10 duration: None concurrency: 1 timeout: 0 cls: method_name: run args: {"repetitions": 2}
2019-11-08 00:18:38.301 663 INFO rally.task.runner [-] Task b15cf963-570c-4ab1-83d0-206d0d73b531 | ITER: 3 START
2019-11-08 00:18:38.303 664 INFO rally.task.runner [-] Task b15cf963-570c-4ab1-83d0-206d0d73b531 | ITER: 4 START
2019-11-08 00:18:38.920 664 INFO rally.task.runner [-] Task b15cf963-570c-4ab1-83d0-206d0d73b531 | ITER: 4 END: OK
2019-11-08 00:18:38.920 661 INFO rally.task.runner [-] Task b15cf963-570c-4ab1-83d0-206d0d73b531 | ITER: 1 END: OK
2019-11-08 00:18:38.922 663 INFO rally.task.runner [-] Task b15cf963-570c-4ab1-83d0-206d0d73b531 | ITER: 3 END: OK
2019-11-08 00:18:38.924 664 INFO rally.task.runner [-] Task b15cf963-570c-4ab1-83d0-206d0d73b531 | ITER: 5 START
2019-11-08 00:18:38.925 661 INFO rally.task.runner [-] Task b15cf963-570c-4ab1-83d0-206d0d73b531 | ITER: 6 START
2019-11-08 00:18:38.925 663 INFO rally.task.runner [-] Task b15cf963-570c-4ab1-83d0-206d0d73b531 | ITER: 7 START
2019-11-08 00:18:38.944 662 INFO rally.task.runner [-] Task b15cf963-570c-4ab1-83d0-206d0d73b531 | ITER: 2 END: OK
2019-11-08 00:18:38.948 662 INFO rally.task.runner [-] Task b15cf963-570c-4ab1-83d0-206d0d73b531 | ITER: 8 START
2019-11-08 00:18:39.331 662 INFO rally.task.runner [-] Task b15cf963-570c-4ab1-83d0-206d0d73b531 | ITER: 8 END: OK
2019-11-08 00:18:39.335 662 INFO rally.task.runner [-] Task b15cf963-570c-4ab1-83d0-206d0d73b531 | ITER: 9 START
2019-11-08 00:18:39.368 664 INFO rally.task.runner [-] Task b15cf963-570c-4ab1-83d0-206d0d73b531 | ITER: 5 END: OK
2019-11-08 00:18:39.372 664 INFO rally.task.runner [-] Task b15cf963-570c-4ab1-83d0-206d0d73b531 | ITER: 10 START
2019-11-08 00:18:39.412 663 INFO rally.task.runner [-] Task b15cf963-570c-4ab1-83d0-206d0d73b531 | ITER: 7 END: OK
2019-11-08 00:18:39.412 661 INFO rally.task.runner [-] Task b15cf963-570c-4ab1-83d0-206d0d73b531 | ITER: 6 END: OK
2019-11-08 00:18:39.758 664 INFO rally.task.runner [-] Task b15cf963-570c-4ab1-83d0-206d0d73b531 | ITER: 10 END: OK
2019-11-08 00:18:39.828 662 INFO rally.task.runner [-] Task b15cf963-570c-4ab1-83d0-206d0d73b531 | ITER: 9 END: OK
2019-11-08 00:18:39.856 17 INFO rally.task.context [-] Task b15cf963-570c-4ab1-83d0-206d0d73b531 | Context users@openstack cleanup() started
2019-11-08 00:18:44.223 17 INFO rally.task.context [-] Task b15cf963-570c-4ab1-83d0-206d0d73b531 | Context users@openstack cleanup() finished in 4.37 sec
2019-11-08 00:18:45.813 17 INFO rally.task.engine [-] Load duration is: 1.532043
2019-11-08 00:18:45.813 17 INFO rally.task.engine [-] Full runner duration is: 1.580297
2019-11-08 00:18:45.814 17 INFO rally.task.engine [-] Full duration is: 8.495682
2019-11-08 00:18:46.287 17 INFO rally.task.engine [-] Task b15cf963-570c-4ab1-83d0-206d0d73b531 | Completed: Running task.
2019-11-08 00:18:47.880 723 RALLYDEBUG rally.api [-] INFO logs from urllib3 and requests module are hide.
2019-11-08 00:18:47.881 723 RALLYDEBUG rally.api [-] urllib3 insecure warnings are hidden.
2019-11-08 00:18:47.881 723 RALLYDEBUG rally.api [-] ERROR log from boto module is hide.
2019-11-08 00:18:49.115 724 RALLYDEBUG rally.api [-] INFO logs from urllib3 and requests module are hide.
2019-11-08 00:18:49.116 724 RALLYDEBUG rally.api [-] urllib3 insecure warnings are hidden.
2019-11-08 00:18:49.116 724 RALLYDEBUG rally.api [-] ERROR log from boto module is hide.
2019-11-08 00:18:50.317 725 RALLYDEBUG rally.api [-] INFO logs from urllib3 and requests module are hide.
2019-11-08 00:18:50.317 725 RALLYDEBUG rally.api [-] urllib3 insecure warnings are hidden.
2019-11-08 00:18:50.317 725 RALLYDEBUG rally.api [-] ERROR log from boto module is hide.
2019-11-08 00:18:51.941 725 INFO rally.api [-] Building 'json' report for the following task(s): 'b15cf963-570c-4ab1-83d0-206d0d73b531'.
2019-11-08 00:18:51.949 725 INFO rally.api [-] The report has been successfully built.
2019-11-08 00:18:53.305 727 RALLYDEBUG rally.api [-] INFO logs from urllib3 and requests module are hide.
2019-11-08 00:18:53.305 727 RALLYDEBUG rally.api [-] urllib3 insecure warnings are hidden.
2019-11-08 00:18:53.305 727 RALLYDEBUG rally.api [-] ERROR log from boto module is hide.
2019-11-08 00:18:55.207 727 INFO rally.task.engine [-] Task a4978e4c-bf26-4940-9c8a-89da1a782c97 | Starting: Task validation.
2019-11-08 00:18:55.312 727 INFO rally.task.engine [-] Task a4978e4c-bf26-4940-9c8a-89da1a782c97 | Starting: Task validation of syntax.
2019-11-08 00:18:55.440 727 INFO rally.task.engine [-] Task a4978e4c-bf26-4940-9c8a-89da1a782c97 | Completed: Task validation of syntax.
2019-11-08 00:18:55.440 727 INFO rally.task.engine [-] Task a4978e4c-bf26-4940-9c8a-89da1a782c97 | Starting: Task validation of required platforms.
2019-11-08 00:18:55.494 727 INFO rally.task.engine [-] Task a4978e4c-bf26-4940-9c8a-89da1a782c97 | Completed: Task validation of required platforms.
2019-11-08 00:18:55.495 727 INFO rally.task.engine [-] Task a4978e4c-bf26-4940-9c8a-89da1a782c97 | Starting: Task validation of semantic.
2019-11-08 00:18:55.495 727 INFO rally.task.engine [-] Check health of the environment '405cb30b-acf7-45dc-81bd-b1a633e51838'.
2019-11-08 00:18:56.490 727 INFO rally.task.engine [-] Platform existing@openstack (available: True): OK!
2019-11-08 00:18:56.524 727 RALLYDEBUG rally_openstack.contexts.keystone.users [-] Creating 1 tenants using 20 threads
2019-11-08 00:18:57.408 727 RALLYDEBUG rally_openstack.contexts.keystone.users [-] Creating 1 users using 20 threads
2019-11-08 00:18:58.711 727 INFO rally.task.context [-] Task a4978e4c-bf26-4940-9c8a-89da1a782c97 | Context users@openstack setup() finished in 2.19 sec
2019-11-08 00:19:02.301 727 INFO rally.task.context [-] Task a4978e4c-bf26-4940-9c8a-89da1a782c97 | Context users@openstack cleanup() started
2019-11-08 00:19:05.035 727 INFO rally.task.context [-] Task a4978e4c-bf26-4940-9c8a-89da1a782c97 | Context users@openstack cleanup() finished in 2.73 sec
2019-11-08 00:19:05.035 727 INFO rally.task.engine [-] Task a4978e4c-bf26-4940-9c8a-89da1a782c97 | Completed: Task validation of semantic.
2019-11-08 00:19:05.036 727 INFO rally.task.engine [-] Task a4978e4c-bf26-4940-9c8a-89da1a782c97 | Completed: Task validation.
2019-11-08 00:19:05.036 727 INFO rally.api [-] Task a4978e4c-bf26-4940-9c8a-89da1a782c97 input file is valid.
2019-11-08 00:19:05.036 727 INFO rally.api [-] Run Task a4978e4c-bf26-4940-9c8a-89da1a782c97 against Deployment 405cb30b-acf7-45dc-81bd-b1a633e51838
2019-11-08 00:19:05.037 727 INFO rally.task.engine [-] Task a4978e4c-bf26-4940-9c8a-89da1a782c97 | Starting: Running task.
2019-11-08 00:19:05.355 727 INFO rally.task.engine [-] Running workload: position = 0 config = { "version": 2, "title": "A cropped version of a bigger task.", "description": "Auto-generated task from a single workload (uuid=e7d0f354-2918-4501-bc45-084f7c4451f0)", "subtasks": [ { "title": "GlanceImages.create_and_delete_image", "description": "Create and then delete an image.", "scenario": { "GlanceImages.create_and_delete_image": { "container_format": "bare", "disk_format": "qcow2", "image_location": "/home/opnfv/functest/images/cirros-0.4.0-x86_64-disk.img" } }, "contexts": { "users": { "tenants": 3, "users_per_tenant": 2 } }, "runner": { "constant": { "concurrency": 4, "times": 10 } }, "hooks": [], "sla": { "failure_rate": { "max": 0 } } } ] }
2019-11-08 00:19:05.377 727 RALLYDEBUG rally_openstack.contexts.keystone.users [-] Creating 3 tenants using 20 threads
2019-11-08 00:19:06.263 727 RALLYDEBUG rally_openstack.contexts.keystone.users [-] Creating 6 users using 20 threads
2019-11-08 00:19:07.757 727 INFO rally.task.context [-] Task a4978e4c-bf26-4940-9c8a-89da1a782c97 | Context users@openstack setup() finished in 2.38 sec
2019-11-08 00:19:07.757 727 INFO rally.task.context [-] Task a4978e4c-bf26-4940-9c8a-89da1a782c97 | Context cleanup@openstack setup() finished in 0.02 msec
2019-11-08 00:19:07.767 727 RALLYDEBUG rally.task.runner [-] Starting the constant runner (task UUID: a4978e4c-bf26-4940-9c8a-89da1a782c97). times: 10 concurrency: 4 timeout: 0 max_cpu_used: 16 processes_to_start: 4 concurrency_per_worker: 1 concurrency_overhead: 0
2019-11-08 00:19:07.780 851 RALLYDEBUG rally.task.runner [-] Starting a worker. times: 10 duration: None concurrency: 1 timeout: 0 cls: method_name: run args: {"container_format": "bare", "disk_format": "qcow2", "image_location": "/home/opnfv/functest/images/cirros-0.4.0-x86_64-disk.img"}
2019-11-08 00:19:07.784 852 RALLYDEBUG rally.task.runner [-] Starting a worker. times: 10 duration: None concurrency: 1 timeout: 0 cls: method_name: run args: {"container_format": "bare", "disk_format": "qcow2", "image_location": "/home/opnfv/functest/images/cirros-0.4.0-x86_64-disk.img"}
2019-11-08 00:19:07.787 851 INFO rally.task.runner [-] Task a4978e4c-bf26-4940-9c8a-89da1a782c97 | ITER: 1 START
2019-11-08 00:19:07.787 853 RALLYDEBUG rally.task.runner [-] Starting a worker. times: 10 duration: None concurrency: 1 timeout: 0 cls: method_name: run args: {"container_format": "bare", "disk_format": "qcow2", "image_location": "/home/opnfv/functest/images/cirros-0.4.0-x86_64-disk.img"}
2019-11-08 00:19:07.790 852 INFO rally.task.runner [-] Task a4978e4c-bf26-4940-9c8a-89da1a782c97 | ITER: 2 START
2019-11-08 00:19:07.791 855 RALLYDEBUG rally.task.runner [-] Starting a worker. times: 10 duration: None concurrency: 1 timeout: 0 cls: method_name: run args: {"container_format": "bare", "disk_format": "qcow2", "image_location": "/home/opnfv/functest/images/cirros-0.4.0-x86_64-disk.img"}
2019-11-08 00:19:07.794 853 INFO rally.task.runner [-] Task a4978e4c-bf26-4940-9c8a-89da1a782c97 | ITER: 3 START
2019-11-08 00:19:07.797 855 INFO rally.task.runner [-] Task a4978e4c-bf26-4940-9c8a-89da1a782c97 | ITER: 4 START
2019-11-08 00:19:10.727 855 RALLYDEBUG rally.task.utils [-] Waiting for resource '0044d6cb-9a5d-4f2a-a153-1d266b2becf3'. Status changed: NONE => QUEUED in 0.03752708435058594
2019-11-08 00:19:10.728 851 RALLYDEBUG rally.task.utils [-] Waiting for resource '0dc637d4-e4eb-4cbf-8c99-a2ab995f05f1'. Status changed: NONE => QUEUED in 0.03703141212463379
2019-11-08 00:19:10.729 852 RALLYDEBUG rally.task.utils [-] Waiting for resource '02460477-dcf4-4dd0-9472-1dc5fc6f7001'. Status changed: NONE => QUEUED in 0.0373380184173584
2019-11-08 00:19:10.739 853 RALLYDEBUG rally.task.utils [-] Waiting for resource '2a4558f4-6e24-4b35-a5c5-7b6d063a8c89'. Status changed: NONE => QUEUED in 0.03525257110595703
2019-11-08 00:19:10.978 852 RALLYDEBUG rally.task.utils [-] Waiting for resource s_rally_e7d0f354_xW9EexCS. Status changed: QUEUED => ACTIVE in 0.018579721450805664
2019-11-08 00:19:10.978 851 RALLYDEBUG rally.task.utils [-] Waiting for resource s_rally_e7d0f354_svkx8U0B. Status changed: QUEUED => ACTIVE in 0.018886089324951172
2019-11-08 00:19:10.988 853 RALLYDEBUG rally.task.utils [-] Waiting for resource s_rally_e7d0f354_PLmwZalc. Status changed: QUEUED => ACTIVE in 0.02785038948059082
2019-11-08 00:19:11.030 855 RALLYDEBUG rally.task.utils [-] Waiting for resource s_rally_e7d0f354_j96UO48J. Status changed: QUEUED => ACTIVE in 0.029010295867919922
2019-11-08 00:19:11.036 851 INFO rally.task.runner [-] Task a4978e4c-bf26-4940-9c8a-89da1a782c97 | ITER: 1 END: OK
2019-11-08 00:19:11.040 851 INFO rally.task.runner [-] Task a4978e4c-bf26-4940-9c8a-89da1a782c97 | ITER: 5 START
2019-11-08 00:19:11.045 852 INFO rally.task.runner [-] Task a4978e4c-bf26-4940-9c8a-89da1a782c97 | ITER: 2 END: OK
2019-11-08 00:19:11.049 852 INFO rally.task.runner [-] Task a4978e4c-bf26-4940-9c8a-89da1a782c97 | ITER: 6 START
2019-11-08 00:19:11.066 853 INFO rally.task.runner [-] Task a4978e4c-bf26-4940-9c8a-89da1a782c97 | ITER: 3 END: OK
2019-11-08 00:19:11.071 853 INFO rally.task.runner [-] Task a4978e4c-bf26-4940-9c8a-89da1a782c97 | ITER: 7 START
2019-11-08 00:19:11.094 855 INFO rally.task.runner [-] Task a4978e4c-bf26-4940-9c8a-89da1a782c97 | ITER: 4 END: OK
2019-11-08 00:19:11.098 855 INFO rally.task.runner [-] Task a4978e4c-bf26-4940-9c8a-89da1a782c97 | ITER: 8 START
2019-11-08 00:19:13.806 853 RALLYDEBUG rally.task.utils [-] Waiting for resource '2022485d-4e8d-42be-9302-f72d8b5f37a2'. Status changed: NONE => QUEUED in 0.03329300880432129
2019-11-08 00:19:13.840 852 RALLYDEBUG rally.task.utils [-] Waiting for resource '9e25fcb4-b0aa-4365-84e6-cd468b3727bc'. Status changed: NONE => QUEUED in 0.03013896942138672
2019-11-08 00:19:13.892 851 RALLYDEBUG rally.task.utils [-] Waiting for resource '88602fbc-7578-4dfa-955a-b58abf859e5f'. Status changed: NONE => QUEUED in 0.03342247009277344
2019-11-08 00:19:14.113 851 RALLYDEBUG rally.task.utils [-] Waiting for resource s_rally_e7d0f354_MWSGAPmN. Status changed: QUEUED => ACTIVE in 0.017766952514648438
2019-11-08 00:19:14.170 851 INFO rally.task.runner [-] Task a4978e4c-bf26-4940-9c8a-89da1a782c97 | ITER: 5 END: OK
2019-11-08 00:19:14.173 851 INFO rally.task.runner [-] Task a4978e4c-bf26-4940-9c8a-89da1a782c97 | ITER: 9 START
2019-11-08 00:19:14.191 853 RALLYDEBUG rally.task.utils [-] Waiting for resource s_rally_e7d0f354_gBtD8Pbl. Status changed: QUEUED => ACTIVE in 0.01986837387084961
2019-11-08 00:19:14.197 852 RALLYDEBUG rally.task.utils [-] Waiting for resource s_rally_e7d0f354_tlkXfFoF. Status changed: QUEUED => ACTIVE in 0.019037723541259766
2019-11-08 00:19:14.263 855 RALLYDEBUG rally.task.utils [-] Waiting for resource 'fad61d67-fb44-4aa1-996d-18665823c44a'. Status changed: NONE => QUEUED in 0.02988576889038086
2019-11-08 00:19:14.270 853 INFO rally.task.runner [-] Task a4978e4c-bf26-4940-9c8a-89da1a782c97 | ITER: 7 END: OK
2019-11-08 00:19:14.273 853 INFO rally.task.runner [-] Task a4978e4c-bf26-4940-9c8a-89da1a782c97 | ITER: 10 START
2019-11-08 00:19:14.273 852 INFO rally.task.runner [-] Task a4978e4c-bf26-4940-9c8a-89da1a782c97 | ITER: 6 END: OK
2019-11-08 00:19:14.465 855 RALLYDEBUG rally.task.utils [-] Waiting for resource s_rally_e7d0f354_5VxcnDmL. Status changed: QUEUED => ACTIVE in 0.01952219009399414
2019-11-08 00:19:14.525 855 INFO rally.task.runner [-] Task a4978e4c-bf26-4940-9c8a-89da1a782c97 | ITER: 8 END: OK
2019-11-08 00:19:16.975 851 RALLYDEBUG rally.task.utils [-] Waiting for resource 'a4c06a21-e9f9-435c-9aa3-bdf49d7c6f50'. Status changed: NONE => QUEUED in 0.03919053077697754
2019-11-08 00:19:17.035 853 RALLYDEBUG rally.task.utils [-] Waiting for resource '0a68ff1c-7747-485f-805e-fc7c880590be'. Status changed: NONE => QUEUED in 0.03730964660644531
2019-11-08 00:19:17.195 851 RALLYDEBUG rally.task.utils [-] Waiting for resource s_rally_e7d0f354_QyiLhIA2. Status changed: QUEUED => ACTIVE in 0.020359039306640625
2019-11-08 00:19:17.254 851 INFO rally.task.runner [-] Task a4978e4c-bf26-4940-9c8a-89da1a782c97 | ITER: 9 END: OK
2019-11-08 00:19:17.256 853 RALLYDEBUG rally.task.utils [-] Waiting for resource s_rally_e7d0f354_HUyKD8f4. Status changed: QUEUED => ACTIVE in 0.019087791442871094
2019-11-08 00:19:17.317 853 INFO rally.task.runner [-] Task a4978e4c-bf26-4940-9c8a-89da1a782c97 | ITER: 10 END: OK
2019-11-08 00:19:17.347 727 INFO rally.task.context [-] Task a4978e4c-bf26-4940-9c8a-89da1a782c97 | Context cleanup@openstack cleanup() started
2019-11-08 00:19:17.351 727 RALLYDEBUG rally_openstack.cleanup.manager [-] Cleaning up glance images objects
2019-11-08 00:19:18.643 727 INFO rally.task.context [-] Task a4978e4c-bf26-4940-9c8a-89da1a782c97 | Context cleanup@openstack cleanup() finished in 1.30 sec
2019-11-08 00:19:18.644 727 INFO rally.task.context [-] Task a4978e4c-bf26-4940-9c8a-89da1a782c97 | Context users@openstack cleanup() started
2019-11-08 00:19:22.815 727 INFO rally.task.context [-] Task a4978e4c-bf26-4940-9c8a-89da1a782c97 | Context users@openstack cleanup() finished in 4.17 sec
2019-11-08 00:19:23.521 727 INFO rally.task.engine [-] Load duration is: 8.81623
2019-11-08 00:19:23.522 727 INFO rally.task.engine [-] Full runner duration is: 9.580496
2019-11-08 00:19:23.522 727 INFO rally.task.engine [-] Full duration is: 17.440437
2019-11-08 00:19:24.065 727 INFO rally.task.engine [-] Running workload: position = 0 config = { "version": 2, "title": "A cropped version of a bigger task.", "description": "Auto-generated task from a single workload (uuid=30016c13-48c5-42a4-84dc-a9f85190cdb4)", "subtasks": [ { "title": "GlanceImages.create_and_list_image", "description": "Create an image and then list all images.", "scenario": { "GlanceImages.create_and_list_image": { "container_format": "bare", "disk_format": "qcow2", "image_location": "/home/opnfv/functest/images/cirros-0.4.0-x86_64-disk.img" } }, "contexts": { "users": { "tenants": 3, "users_per_tenant": 2 } }, "runner": { "constant": { "concurrency": 4, "times": 10 } }, "hooks": [], "sla": { "failure_rate": { "max": 0 } } } ] }
2019-11-08 00:19:24.090 727 RALLYDEBUG rally_openstack.contexts.keystone.users [-] Creating 3 tenants using 20 threads
2019-11-08 00:19:25.073 727 RALLYDEBUG rally_openstack.contexts.keystone.users [-] Creating 6 users using 20 threads
2019-11-08 00:19:26.639 727 INFO rally.task.context [-] Task a4978e4c-bf26-4940-9c8a-89da1a782c97 | Context users@openstack setup() finished in 2.55 sec
2019-11-08 00:19:26.640 727 INFO rally.task.context [-] Task a4978e4c-bf26-4940-9c8a-89da1a782c97 | Context cleanup@openstack setup() finished in 0.01 msec
