2019-11-08 00:22:31.281 727 DEBUG glanceclient.common.http [-] Request returned failure status 404. _handle_response /usr/lib/python3.6/site-packages/glanceclient/common/http.py:125
2019-11-08 00:22:31.286 727 DEBUG glanceclient.common.http [-] Request returned failure status 404. _handle_response /usr/lib/python3.6/site-packages/glanceclient/common/http.py:125
2019-11-08 00:22:31.287 727 DEBUG glanceclient.common.http [-] Request returned failure status 404. _handle_response /usr/lib/python3.6/site-packages/glanceclient/common/http.py:125
2019-11-08 00:22:31.299 727 DEBUG glanceclient.common.http [-] Request returned failure status 404. _handle_response /usr/lib/python3.6/site-packages/glanceclient/common/http.py:125
2019-11-08 00:22:31.327 727 DEBUG glanceclient.common.http [-] Request returned failure status 404. _handle_response /usr/lib/python3.6/site-packages/glanceclient/common/http.py:125
2019-11-08 00:22:31.361 727 DEBUG glanceclient.common.http [-] Request returned failure status 404. _handle_response /usr/lib/python3.6/site-packages/glanceclient/common/http.py:125
2019-11-08 00:22:31.461 727 DEBUG glanceclient.common.http [-] Request returned failure status 404. _handle_response /usr/lib/python3.6/site-packages/glanceclient/common/http.py:125
2019-11-08 00:22:31.470 727 DEBUG glanceclient.common.http [-] Request returned failure status 404. _handle_response /usr/lib/python3.6/site-packages/glanceclient/common/http.py:125
2019-11-08 00:22:31.478 727 DEBUG glanceclient.common.http [-] Request returned failure status 404. _handle_response /usr/lib/python3.6/site-packages/glanceclient/common/http.py:125
2019-11-08 00:22:31.484 727 DEBUG glanceclient.common.http [-] Request returned failure status 404. _handle_response /usr/lib/python3.6/site-packages/glanceclient/common/http.py:125
2019-11-08 00:22:32.487 727 INFO rally.task.context [-] Task a4978e4c-bf26-4940-9c8a-89da1a782c97 | Context cleanup@openstack cleanup() finished in 3.27 sec
2019-11-08 00:22:32.488 727 INFO rally.task.context [-] Task a4978e4c-bf26-4940-9c8a-89da1a782c97 | Context users@openstack cleanup() started
2019-11-08 00:22:36.708 727 INFO rally.task.context [-] Task a4978e4c-bf26-4940-9c8a-89da1a782c97 | Context users@openstack cleanup() finished in 4.22 sec
2019-11-08 00:22:37.246 727 INFO rally.task.engine [-] Load duration is: 8.988369
2019-11-08 00:22:37.246 727 INFO rally.task.engine [-] Full runner duration is: 9.715473
2019-11-08 00:22:37.246 727 INFO rally.task.engine [-] Full duration is: 19.638882
2019-11-08 00:22:37.854 727 INFO rally.task.engine [-] Task a4978e4c-bf26-4940-9c8a-89da1a782c97 | Completed: Running task.
2019-11-08 00:22:39.247 1841 RALLYDEBUG rally.api [-] INFO logs from urllib3 and requests module are hide.
2019-11-08 00:22:39.247 1841 RALLYDEBUG rally.api [-] urllib3 insecure warnings are hidden.
2019-11-08 00:22:39.247 1841 RALLYDEBUG rally.api [-] ERROR log from boto module is hide.
2019-11-08 00:22:40.450 1842 RALLYDEBUG rally.api [-] INFO logs from urllib3 and requests module are hide.
2019-11-08 00:22:40.450 1842 RALLYDEBUG rally.api [-] urllib3 insecure warnings are hidden.
2019-11-08 00:22:40.450 1842 RALLYDEBUG rally.api [-] ERROR log from boto module is hide.
2019-11-08 00:22:41.707 1843 RALLYDEBUG rally.api [-] INFO logs from urllib3 and requests module are hide.
2019-11-08 00:22:41.707 1843 RALLYDEBUG rally.api [-] urllib3 insecure warnings are hidden.
2019-11-08 00:22:41.707 1843 RALLYDEBUG rally.api [-] ERROR log from boto module is hide.
2019-11-08 00:22:43.293 1843 INFO rally.api [-] Building 'json' report for the following task(s): 'a4978e4c-bf26-4940-9c8a-89da1a782c97'.
2019-11-08 00:22:43.312 1843 INFO rally.api [-] The report has been successfully built.
2019-11-08 00:22:44.689 1845 RALLYDEBUG rally.api [-] INFO logs from urllib3 and requests module are hide.
2019-11-08 00:22:44.689 1845 RALLYDEBUG rally.api [-] urllib3 insecure warnings are hidden.
2019-11-08 00:22:44.690 1845 RALLYDEBUG rally.api [-] ERROR log from boto module is hide.
2019-11-08 00:22:46.750 1845 INFO rally.task.engine [-] Task 1bf39f48-4c5b-4e41-bff1-b8fa9a34d7d4 | Starting: Task validation.
2019-11-08 00:22:46.855 1845 INFO rally.task.engine [-] Task 1bf39f48-4c5b-4e41-bff1-b8fa9a34d7d4 | Starting: Task validation of syntax.
2019-11-08 00:22:47.238 1845 INFO rally.task.engine [-] Task 1bf39f48-4c5b-4e41-bff1-b8fa9a34d7d4 | Completed: Task validation of syntax.
2019-11-08 00:22:47.239 1845 INFO rally.task.engine [-] Task 1bf39f48-4c5b-4e41-bff1-b8fa9a34d7d4 | Starting: Task validation of required platforms.
2019-11-08 00:22:47.374 1845 INFO rally.task.engine [-] Task 1bf39f48-4c5b-4e41-bff1-b8fa9a34d7d4 | Completed: Task validation of required platforms.
2019-11-08 00:22:47.374 1845 INFO rally.task.engine [-] Task 1bf39f48-4c5b-4e41-bff1-b8fa9a34d7d4 | Starting: Task validation of semantic.
2019-11-08 00:22:47.374 1845 INFO rally.task.engine [-] Check health of the environment '405cb30b-acf7-45dc-81bd-b1a633e51838'.
2019-11-08 00:22:48.342 1845 INFO rally.task.engine [-] Platform existing@openstack (available: True): OK!
2019-11-08 00:22:48.362 1845 RALLYDEBUG rally_openstack.contexts.keystone.users [-] Creating 1 tenants using 20 threads
2019-11-08 00:22:49.169 1845 RALLYDEBUG rally_openstack.contexts.keystone.users [-] Creating 1 users using 20 threads
2019-11-08 00:22:50.545 1845 INFO rally.task.context [-] Task 1bf39f48-4c5b-4e41-bff1-b8fa9a34d7d4 | Context users@openstack setup() finished in 2.18 sec
2019-11-08 00:23:03.876 1845 INFO rally.task.context [-] Task 1bf39f48-4c5b-4e41-bff1-b8fa9a34d7d4 | Context users@openstack cleanup() started
2019-11-08 00:23:06.532 1845 INFO rally.task.context [-] Task 1bf39f48-4c5b-4e41-bff1-b8fa9a34d7d4 | Context users@openstack cleanup() finished in 2.66 sec
2019-11-08 00:23:06.533 1845 INFO rally.task.engine [-] Task 1bf39f48-4c5b-4e41-bff1-b8fa9a34d7d4 | Completed: Task validation of semantic.
2019-11-08 00:23:06.533 1845 INFO rally.task.engine [-] Task 1bf39f48-4c5b-4e41-bff1-b8fa9a34d7d4 | Completed: Task validation.
2019-11-08 00:23:06.533 1845 INFO rally.api [-] Task 1bf39f48-4c5b-4e41-bff1-b8fa9a34d7d4 input file is valid.
2019-11-08 00:23:06.534 1845 INFO rally.api [-] Run Task 1bf39f48-4c5b-4e41-bff1-b8fa9a34d7d4 against Deployment 405cb30b-acf7-45dc-81bd-b1a633e51838
2019-11-08 00:23:06.534 1845 INFO rally.task.engine [-] Task 1bf39f48-4c5b-4e41-bff1-b8fa9a34d7d4 | Starting: Running task.
2019-11-08 00:23:06.823 1845 INFO rally.task.engine [-] Running workload: position = 0 config = { "version": 2, "title": "A cropped version of a bigger task.", "description": "Auto-generated task from a single workload (uuid=08773b72-d256-4aba-b8a5-2e7e50dc1557)", "subtasks": [ { "title": "CinderVolumes.create_and_attach_volume", "description": "Create a VM and attach a volume to it.", "scenario": { "CinderVolumes.create_and_attach_volume": { "flavor": { "name": "rally_full-flavor_6b18c56f-4e53-4e1e-89b8-b9af639463ce" }, "image": { "name": "rally_full-img_6b18c56f-4e53-4e1e-89b8-b9af639463ce" }, "size": 1, "nics": [ { "net-id": "297597d3-e8e7-4f70-bfbc-91b0d6c71147" } ] } }, "contexts": { "users": { "tenants": 3, "users_per_tenant": 2 }, "quotas": { "cinder": { "gigabytes": -1, "snapshots": -1, "volumes": -1 } }, "api_versions": { "cinder": { "version": 3, "service_type": "volumev3" } } }, "runner": { "constant": { "concurrency": 4, "times": 10 } }, "hooks": [], "sla": { "failure_rate": { "max": 0 } } } ] }
2019-11-08 00:23:06.848 1845 RALLYDEBUG rally_openstack.contexts.keystone.users [-] Creating 3 tenants using 20 threads
2019-11-08 00:23:07.747 1845 RALLYDEBUG rally_openstack.contexts.keystone.users [-] Creating 6 users using 20 threads
2019-11-08 00:23:09.264 1845 INFO rally.task.context [-] Task 1bf39f48-4c5b-4e41-bff1-b8fa9a34d7d4 | Context users@openstack setup() finished in 2.42 sec
2019-11-08 00:23:09.644 1845 INFO rally.task.context [-] Task 1bf39f48-4c5b-4e41-bff1-b8fa9a34d7d4 | Context api_versions@openstack setup() finished in 0.38 sec
2019-11-08 00:23:10.554 1845 INFO rally.task.context [-] Task 1bf39f48-4c5b-4e41-bff1-b8fa9a34d7d4 | Context quotas@openstack setup() finished in 0.91 sec
2019-11-08 00:23:10.555 1845 INFO rally.task.context [-] Task 1bf39f48-4c5b-4e41-bff1-b8fa9a34d7d4 | Context cleanup@openstack setup() finished in 0.03 msec
2019-11-08 00:23:11.469 1845 RALLYDEBUG rally.task.runner [-] Starting the constant runner (task UUID: 1bf39f48-4c5b-4e41-bff1-b8fa9a34d7d4). times: 10 concurrency: 4 timeout: 0 max_cpu_used: 16 processes_to_start: 4 concurrency_per_worker: 1 concurrency_overhead: 0
2019-11-08 00:23:11.482 1969 RALLYDEBUG rally.task.runner [-] Starting a worker. times: 10 duration: None concurrency: 1 timeout: 0 cls: method_name: run args: {"flavor": "acbda7d5-6b6a-491f-b75e-87ac62f6d87a", "image": "bc8acf05-522e-4dfe-b20d-f2ccfa4fb8d8", "size": 1, "nics": [{"net-id": "297597d3-e8e7-4f70-bfbc-91b0d6c71147"}]}
2019-11-08 00:23:11.485 1970 RALLYDEBUG rally.task.runner [-] Starting a worker. times: 10 duration: None concurrency: 1 timeout: 0 cls: method_name: run args: {"flavor": "acbda7d5-6b6a-491f-b75e-87ac62f6d87a", "image": "bc8acf05-522e-4dfe-b20d-f2ccfa4fb8d8", "size": 1, "nics": [{"net-id": "297597d3-e8e7-4f70-bfbc-91b0d6c71147"}]}
2019-11-08 00:23:11.489 1969 INFO rally.task.runner [-] Task 1bf39f48-4c5b-4e41-bff1-b8fa9a34d7d4 | ITER: 1 START
2019-11-08 00:23:11.489 1971 RALLYDEBUG rally.task.runner [-] Starting a worker. times: 10 duration: None concurrency: 1 timeout: 0 cls: method_name: run args: {"flavor": "acbda7d5-6b6a-491f-b75e-87ac62f6d87a", "image": "bc8acf05-522e-4dfe-b20d-f2ccfa4fb8d8", "size": 1, "nics": [{"net-id": "297597d3-e8e7-4f70-bfbc-91b0d6c71147"}]}
2019-11-08 00:23:11.492 1970 INFO rally.task.runner [-] Task 1bf39f48-4c5b-4e41-bff1-b8fa9a34d7d4 | ITER: 2 START
2019-11-08 00:23:11.492 1972 RALLYDEBUG rally.task.runner [-] Starting a worker. times: 10 duration: None concurrency: 1 timeout: 0 cls: method_name: run args: {"flavor": "acbda7d5-6b6a-491f-b75e-87ac62f6d87a", "image": "bc8acf05-522e-4dfe-b20d-f2ccfa4fb8d8", "size": 1, "nics": [{"net-id": "297597d3-e8e7-4f70-bfbc-91b0d6c71147"}]}
2019-11-08 00:23:11.496 1971 INFO rally.task.runner [-] Task 1bf39f48-4c5b-4e41-bff1-b8fa9a34d7d4 | ITER: 3 START
2019-11-08 00:23:11.499 1972 INFO rally.task.runner [-] Task 1bf39f48-4c5b-4e41-bff1-b8fa9a34d7d4 | ITER: 4 START
2019-11-08 00:23:18.222 1972 RALLYDEBUG rally.task.utils [-] Waiting for resource s_rally_08773b72_S8VRwtpf. Status changed: BUILD => ACTIVE in 4.589555263519287
2019-11-08 00:23:18.561 1970 RALLYDEBUG rally.task.utils [-] Waiting for resource s_rally_08773b72_iOJU1dJP. Status changed: BUILD => ACTIVE in 4.533717393875122
2019-11-08 00:23:21.322 1971 RALLYDEBUG rally.task.utils [-] Waiting for resource s_rally_08773b72_gBwmQ5IW. Status changed: BUILD => ACTIVE in 6.7378764152526855
2019-11-08 00:23:21.442 1972 RALLYDEBUG rally.task.utils [-] Waiting for resource s_rally_08773b72_MYnahOoi. Status changed: AVAILABLE => RESERVED in 0.52134108543396
2019-11-08 00:23:21.654 1970 RALLYDEBUG rally.task.utils [-] Waiting for resource s_rally_08773b72_nUPekv7G. Status changed: AVAILABLE => RESERVED in 0.4074063301086426
2019-11-08 00:23:22.862 1969 RALLYDEBUG rally.task.utils [-] Waiting for resource s_rally_08773b72_vwjyv0hC. Status changed: BUILD => ACTIVE in 9.015836477279663
2019-11-08 00:23:23.850 1972 RALLYDEBUG rally.task.utils [-] Waiting for resource s_rally_08773b72_MYnahOoi. Status changed: RESERVED => IN-USE in 2.408674955368042
2019-11-08 00:23:24.067 1970 RALLYDEBUG rally.task.utils [-] Waiting for resource s_rally_08773b72_nUPekv7G. Status changed: RESERVED => IN-USE in 2.4129209518432617
2019-11-08 00:23:24.362 1971 RALLYDEBUG rally.task.utils [-] Waiting for resource s_rally_08773b72_zfYQTmvR. Status changed: AVAILABLE => RESERVED in 0.41652989387512207
2019-11-08 00:23:24.475 1972 RALLYDEBUG rally.task.utils [-] Waiting for resource s_rally_08773b72_MYnahOoi. Status changed: AVAILABLE => DETACHING in 0.4075789451599121
2019-11-08 00:23:24.635 1970 RALLYDEBUG rally.task.utils [-] Waiting for resource s_rally_08773b72_nUPekv7G. Status changed: AVAILABLE => DETACHING in 0.41951775550842285
2019-11-08 00:23:25.850 1969 RALLYDEBUG rally.task.utils [-] Waiting for resource s_rally_08773b72_iB1spC3w. Status changed: AVAILABLE => RESERVED in 0.40274667739868164
2019-11-08 00:23:26.779 1971 RALLYDEBUG rally.task.utils [-] Waiting for resource s_rally_08773b72_zfYQTmvR. Status changed: RESERVED => IN-USE in 2.4169321060180664
2019-11-08 00:23:26.877 1972 RALLYDEBUG rally.task.utils [-] Waiting for resource s_rally_08773b72_MYnahOoi. Status changed: DETACHING => AVAILABLE in 2.4026834964752197
2019-11-08 00:23:26.991 1972 RALLYDEBUG rally.task.utils [-] Waiting for resource s_rally_08773b72_MYnahOoi. Status changed: AVAILABLE => DELETING in 0.06080889701843262
2019-11-08 00:23:27.045 1970 RALLYDEBUG rally.task.utils [-] Waiting for resource s_rally_08773b72_nUPekv7G. Status changed: DETACHING => AVAILABLE in 2.4096553325653076
2019-11-08 00:23:27.178 1970 RALLYDEBUG rally.task.utils [-] Waiting for resource s_rally_08773b72_nUPekv7G. Status changed: AVAILABLE => DELETING in 0.04984116554260254
2019-11-08 00:23:27.362 1971 RALLYDEBUG rally.task.utils [-] Waiting for resource s_rally_08773b72_zfYQTmvR. Status changed: AVAILABLE => DETACHING in 0.4103717803955078
2019-11-08 00:23:28.282 1969 RALLYDEBUG rally.task.utils [-] Waiting for resource s_rally_08773b72_iB1spC3w. Status changed: RESERVED => IN-USE in 2.4319334030151367
2019-11-08 00:23:28.900 1969 RALLYDEBUG rally.task.utils [-] Waiting for resource s_rally_08773b72_iB1spC3w. Status changed: AVAILABLE => DETACHING in 0.41317033767700195
2019-11-08 00:23:29.768 1971 RALLYDEBUG rally.task.utils [-] Waiting for resource s_rally_08773b72_zfYQTmvR. Status changed: DETACHING => AVAILABLE in 2.405083656311035
2019-11-08 00:23:29.881 1971 RALLYDEBUG rally.task.utils [-] Waiting for resource s_rally_08773b72_zfYQTmvR. Status changed: AVAILABLE => DELETING in 0.052193403244018555
2019-11-08 00:23:31.330 1969 RALLYDEBUG rally.task.utils [-] Waiting for resource s_rally_08773b72_iB1spC3w. Status changed: DETACHING => AVAILABLE in 2.429771661758423
2019-11-08 00:23:31.401 1972 INFO rally.task.runner [-] Task 1bf39f48-4c5b-4e41-bff1-b8fa9a34d7d4 | ITER: 4 END: OK
2019-11-08 00:23:31.406 1972 INFO rally.task.runner [-] Task 1bf39f48-4c5b-4e41-bff1-b8fa9a34d7d4 | ITER: 5 START
2019-11-08 00:23:31.453 1969 RALLYDEBUG rally.task.utils [-] Waiting for resource s_rally_08773b72_iB1spC3w. Status changed: AVAILABLE => DELETING in 0.061995744705200195
2019-11-08 00:23:31.777 1970 INFO rally.task.runner [-] Task 1bf39f48-4c5b-4e41-bff1-b8fa9a34d7d4 | ITER: 2 END: OK
2019-11-08 00:23:31.785 1970 INFO rally.task.runner [-] Task 1bf39f48-4c5b-4e41-bff1-b8fa9a34d7d4 | ITER: 6 START
2019-11-08 00:23:34.276 1971 INFO rally.task.runner [-] Task 1bf39f48-4c5b-4e41-bff1-b8fa9a34d7d4 | ITER: 3 END: OK
2019-11-08 00:23:34.284 1971 INFO rally.task.runner [-] Task 1bf39f48-4c5b-4e41-bff1-b8fa9a34d7d4 | ITER: 7 START
2019-11-08 00:23:35.823 1969 INFO rally.task.runner [-] Task 1bf39f48-4c5b-4e41-bff1-b8fa9a34d7d4 | ITER: 1 END: OK
2019-11-08 00:23:35.830 1969 INFO rally.task.runner [-] Task 1bf39f48-4c5b-4e41-bff1-b8fa9a34d7d4 | ITER: 8 START
2019-11-08 00:23:38.720 1970 RALLYDEBUG rally.task.utils [-] Waiting for resource s_rally_08773b72_gwvs40h9. Status changed: BUILD => ACTIVE in 4.476163387298584
2019-11-08 00:23:39.176 1972 RALLYDEBUG rally.task.utils [-] Waiting for resource s_rally_08773b72_m9whUMOU. Status changed: BUILD => ACTIVE in 5.086459398269653
2019-11-08 00:23:40.970 1971 RALLYDEBUG rally.task.utils [-] Waiting for resource s_rally_08773b72_URUMJpRi. Status changed: BUILD => ACTIVE in 4.486475229263306
2019-11-08 00:23:41.681 1970 RALLYDEBUG rally.task.utils [-] Waiting for resource s_rally_08773b72_b8UifdgG. Status changed: AVAILABLE => RESERVED in 0.4214329719543457
2019-11-08 00:23:42.146 1972 RALLYDEBUG rally.task.utils [-] Waiting for resource s_rally_08773b72_bTUAvCoG. Status changed: AVAILABLE => RESERVED in 0.4000358581542969
2019-11-08 00:23:43.958 1971 RALLYDEBUG rally.task.utils [-] Waiting for resource s_rally_08773b72_ABB7ljKF. Status changed: AVAILABLE => RESERVED in 0.4011542797088623
2019-11-08 00:23:44.093 1970 RALLYDEBUG rally.task.utils [-] Waiting for resource s_rally_08773b72_b8UifdgG. Status changed: RESERVED => IN-USE in 2.412815570831299
2019-11-08 00:23:44.542 1972 RALLYDEBUG rally.task.utils [-] Waiting for resource s_rally_08773b72_bTUAvCoG. Status changed: RESERVED => IN-USE in 2.3962085247039795
2019-11-08 00:23:44.665 1969 RALLYDEBUG rally.task.utils [-] Waiting for resource s_rally_08773b72_ZIG3iq0E. Status changed: BUILD => ACTIVE in 6.61676025390625
2019-11-08 00:23:44.667 1970 RALLYDEBUG rally.task.utils [-] Waiting for resource s_rally_08773b72_b8UifdgG. Status changed: AVAILABLE => DETACHING in 0.4176294803619385
2019-11-08 00:23:45.109 1972 RALLYDEBUG rally.task.utils [-] Waiting for resource s_rally_08773b72_bTUAvCoG. Status changed: AVAILABLE => DETACHING in 0.4070110321044922
2019-11-08 00:23:46.384 1971 RALLYDEBUG rally.task.utils [-] Waiting for resource s_rally_08773b72_ABB7ljKF. Status changed: RESERVED => IN-USE in 2.425321578979492
2019-11-08 00:23:46.964 1971 RALLYDEBUG rally.task.utils [-] Waiting for resource s_rally_08773b72_ABB7ljKF. Status changed: AVAILABLE => DETACHING in 0.4035794734954834
2019-11-08 00:23:47.070 1970 RALLYDEBUG rally.task.utils [-] Waiting for resource s_rally_08773b72_b8UifdgG. Status changed: DETACHING => AVAILABLE in 2.403472423553467
2019-11-08 00:23:47.183 1970 RALLYDEBUG rally.task.utils [-] Waiting for resource s_rally_08773b72_b8UifdgG. Status changed: AVAILABLE => DELETING in 0.055164337158203125
2019-11-08 00:23:47.520 1972 RALLYDEBUG rally.task.utils [-] Waiting for resource s_rally_08773b72_bTUAvCoG. Status changed: DETACHING => AVAILABLE in 2.4105989933013916
2019-11-08 00:23:47.623 1969 RALLYDEBUG rally.task.utils [-] Waiting for resource s_rally_08773b72_gQCy3VEu. Status changed: AVAILABLE => RESERVED in 0.39730381965637207
2019-11-08 00:23:47.637 1972 RALLYDEBUG rally.task.utils [-] Waiting for resource s_rally_08773b72_bTUAvCoG. Status changed: AVAILABLE => DELETING in 0.0575861930847168
2019-11-08 00:23:49.473 1971 RALLYDEBUG rally.task.utils [-] Waiting for resource s_rally_08773b72_ABB7ljKF. Status changed: DETACHING => AVAILABLE in 2.5085489749908447
2019-11-08 00:23:49.586 1971 RALLYDEBUG rally.task.utils [-] Waiting for resource s_rally_08773b72_ABB7ljKF. Status changed: AVAILABLE => DELETING in 0.05357170104980469
2019-11-08 00:23:50.035 1969 RALLYDEBUG rally.task.utils [-] Waiting for resource s_rally_08773b72_gQCy3VEu. Status changed: RESERVED => IN-USE in 2.4124276638031006
2019-11-08 00:23:50.637 1969 RALLYDEBUG rally.task.utils [-] Waiting for resource s_rally_08773b72_gQCy3VEu. Status changed: AVAILABLE => DETACHING in 0.4485645294189453
2019-11-08 00:23:51.619 1970 INFO rally.task.runner [-] Task 1bf39f48-4c5b-4e41-bff1-b8fa9a34d7d4 | ITER: 6 END: OK
2019-11-08 00:23:51.623 1970 INFO rally.task.runner [-] Task 1bf39f48-4c5b-4e41-bff1-b8fa9a34d7d4 | ITER: 9 START
2019-11-08 00:23:52.152 1972 INFO rally.task.runner [-] Task 1bf39f48-4c5b-4e41-bff1-b8fa9a34d7d4 | ITER: 5 END: OK
2019-11-08 00:23:52.155 1972 INFO rally.task.runner [-] Task 1bf39f48-4c5b-4e41-bff1-b8fa9a34d7d4 | ITER: 10 START
2019-11-08 00:23:53.050 1969 RALLYDEBUG rally.task.utils [-] Waiting for resource s_rally_08773b72_gQCy3VEu. Status changed: DETACHING => AVAILABLE in 2.412471294403076
2019-11-08 00:23:53.160 1969 RALLYDEBUG rally.task.utils [-] Waiting for resource s_rally_08773b72_gQCy3VEu. Status changed: AVAILABLE => DELETING in 0.051587581634521484
2019-11-08 00:23:54.280 1971 INFO rally.task.runner [-] Task 1bf39f48-4c5b-4e41-bff1-b8fa9a34d7d4 | ITER: 7 END: OK
2019-11-08 00:23:57.530 1969 INFO rally.task.runner [-] Task 1bf39f48-4c5b-4e41-bff1-b8fa9a34d7d4 | ITER: 8 END: OK
2019-11-08 00:23:59.328 1972 RALLYDEBUG rally.task.utils [-] Waiting for resource s_rally_08773b72_tr7ao4Q4. Status changed: BUILD => ACTIVE in 4.64335560798645
2019-11-08 00:24:00.863 1970 RALLYDEBUG rally.task.utils [-] Waiting for resource s_rally_08773b72_A6C7LPw4. Status changed: BUILD => ACTIVE in 6.821256637573242
2019-11-08 00:24:02.365 1972 RALLYDEBUG rally.task.utils [-] Waiting for resource s_rally_08773b72_7adDXEaS. Status changed: AVAILABLE => RESERVED in 0.4087815284729004
2019-11-08 00:24:03.910 1970 RALLYDEBUG rally.task.utils [-] Waiting for resource s_rally_08773b72_eR4zZHaY. Status changed: AVAILABLE => RESERVED in 0.4102354049682617
2019-11-08 00:24:04.796 1972 RALLYDEBUG rally.task.utils [-] Waiting for resource s_rally_08773b72_7adDXEaS. Status changed: RESERVED => IN-USE in 2.430018424987793
2019-11-08 00:24:05.384 1972 RALLYDEBUG rally.task.utils [-] Waiting for resource s_rally_08773b72_7adDXEaS. Status changed: AVAILABLE => DETACHING in 0.41182804107666016
2019-11-08 00:24:06.341 1970 RALLYDEBUG rally.task.utils [-] Waiting for resource s_rally_08773b72_eR4zZHaY. Status changed: RESERVED => IN-USE in 2.4305949211120605
2019-11-08 00:24:06.912 1970 RALLYDEBUG rally.task.utils [-] Waiting for resource s_rally_08773b72_eR4zZHaY. Status changed: AVAILABLE => DETACHING in 0.39875316619873047
2019-11-08 00:24:07.799 1972 RALLYDEBUG rally.task.utils [-] Waiting for resource s_rally_08773b72_7adDXEaS. Status changed: DETACHING => AVAILABLE in 2.4150242805480957
2019-11-08 00:24:07.936 1972 RALLYDEBUG rally.task.utils [-] Waiting for resource s_rally_08773b72_7adDXEaS. Status changed: AVAILABLE => DELETING in 0.06473231315612793
2019-11-08 00:24:09.350 1970 RALLYDEBUG rally.task.utils [-] Waiting for resource s_rally_08773b72_eR4zZHaY. Status changed: DETACHING => AVAILABLE in 2.4380898475646973
2019-11-08 00:24:09.480 1970 RALLYDEBUG rally.task.utils [-] Waiting for resource s_rally_08773b72_eR4zZHaY. Status changed: AVAILABLE => DELETING in 0.06589007377624512
2019-11-08 00:24:12.332 1972 INFO rally.task.runner [-] Task 1bf39f48-4c5b-4e41-bff1-b8fa9a34d7d4 | ITER: 10 END: OK
2019-11-08 00:24:13.953 1970 INFO rally.task.runner [-] Task 1bf39f48-4c5b-4e41-bff1-b8fa9a34d7d4 | ITER: 9 END: OK
2019-11-08 00:24:13.991 1845 INFO rally.task.context [-] Task 1bf39f48-4c5b-4e41-bff1-b8fa9a34d7d4 | Context cleanup@openstack cleanup() started
2019-11-08 00:24:13.995 1845 RALLYDEBUG rally_openstack.cleanup.manager [-] Cleaning up nova servers objects
2019-11-08 00:24:15.418 1845 RALLYDEBUG rally_openstack.cleanup.manager [-] Cleaning up nova server_groups objects
2019-11-08 00:24:16.551 1845 RALLYDEBUG rally_openstack.cleanup.manager [-] Cleaning up nova keypairs objects
2019-11-08 00:24:18.814 1845 RALLYDEBUG rally_openstack.cleanup.manager [-] Cleaning up cinder backups objects
2019-11-08 00:24:19.975 1845 RALLYDEBUG rally_openstack.cleanup.manager [-] Cleaning up cinder volume_snapshots objects
2019-11-08 00:24:21.116 1845 RALLYDEBUG rally_openstack.cleanup.manager [-] Cleaning up cinder transfers objects
2019-11-08 00:24:22.236 1845 RALLYDEBUG rally_openstack.cleanup.manager [-] Cleaning up cinder volumes objects
2019-11-08 00:24:23.421 1845 INFO rally.task.context [-] Task 1bf39f48-4c5b-4e41-bff1-b8fa9a34d7d4 | Context cleanup@openstack cleanup() finished in 9.43 sec
2019-11-08 00:24:23.421 1845 INFO rally.task.context [-] Task 1bf39f48-4c5b-4e41-bff1-b8fa9a34d7d4 | Context quotas@openstack cleanup() started
2019-11-08 00:24:23.494 1845 INFO rally.task.context [-] Task 1bf39f48-4c5b-4e41-bff1-b8fa9a34d7d4 | Context quotas@openstack cleanup() finished in 72.86 msec
2019-11-08 00:24:23.495 1845 INFO rally.task.context [-] Task 1bf39f48-4c5b-4e41-bff1-b8fa9a34d7d4 | Context api_versions@openstack cleanup() started
2019-11-08 00:24:23.495 1845 INFO rally.task.context [-] Task 1bf39f48-4c5b-4e41-bff1-b8fa9a34d7d4 | Context api_versions@openstack cleanup() finished in 0.38 msec
2019-11-08 00:24:23.496 1845 INFO rally.task.context [-] Task 1bf39f48-4c5b-4e41-bff1-b8fa9a34d7d4 | Context users@openstack cleanup() started
2019-11-08 00:24:27.406 1845 INFO rally.task.context [-] Task 1bf39f48-4c5b-4e41-bff1-b8fa9a34d7d4 | Context users@openstack cleanup() finished in 3.91 sec
2019-11-08 00:24:29.251 1845 INFO rally.task.engine [-] Load duration is: 61.459949
2019-11-08 00:24:29.251 1845 INFO rally.task.engine [-] Full runner duration is: 62.522871
2019-11-08 00:24:29.252 1845 INFO rally.task.engine [-] Full duration is: 80.560881
2019-11-08 00:24:29.840 1845 INFO rally.task.engine [-] Running workload: position = 0 config = { "version": 2, "title": "A cropped version of a bigger task.", "description": "Auto-generated task from a single workload (uuid=1eece90b-29ae-484d-9be6-bfe638291f58)", "subtasks": [ { "title": "CinderVolumes.create_and_list_snapshots", "description": "Create and then list a volume-snapshot.", "scenario": { "CinderVolumes.create_and_list_snapshots": { "detailed": true, "force": false } }, "contexts": { "users": { "tenants": 3, "users_per_tenant": 2 }, "quotas": { "cinder": { "gigabytes": -1, "snapshots": -1, "volumes": -1 } }, "api_versions": { "cinder": { "version": 3, "service_type": "volumev3" } }, "volumes": { "size": 1, "volumes_per_tenant": 1 } }, "runner": { "constant": { "concurrency": 4, "times": 10 } }, "hooks": [], "sla": { "failure_rate": { "max": 0 } } } ] }
2019-11-08 00:24:29.866 1845 RALLYDEBUG rally_openstack.contexts.keystone.users [-] Creating 3 tenants using 20 threads
2019-11-08 00:24:30.819 1845 RALLYDEBUG rally_openstack.contexts.keystone.users [-] Creating 6 users using 20 threads
2019-11-08 00:24:32.376 1845 INFO rally.task.context [-] Task 1bf39f48-4c5b-4e41-bff1-b8fa9a34d7d4 | Context users@openstack setup() finished in 2.51 sec
2019-11-08 00:24:32.782 1845 INFO rally.task.context [-] Task 1bf39f48-4c5b-4e41-bff1-b8fa9a34d7d4 | Context api_versions@openstack setup() finished in 0.41 sec
2019-11-08 00:24:33.573 1845 INFO rally.task.context [-] Task 1bf39f48-4c5b-4e41-bff1-b8fa9a34d7d4 | Context quotas@openstack setup() finished in 0.79 sec
2019-11-08 00:24:42.035 1845 INFO rally.task.context [-] Task 1bf39f48-4c5b-4e41-bff1-b8fa9a34d7d4 | Context volumes@openstack setup() finished in 8.46 sec
2019-11-08 00:24:42.035 1845 INFO rally.task.context [-] Task 1bf39f48-4c5b-4e41-bff1-b8fa9a34d7d4 | Context cleanup@openstack setup() finished in 0.02 msec
2019-11-08 00:24:42.045 1845 RALLYDEBUG rally.task.runner [-] Starting the constant runner (task UUID: 1bf39f48-4c5b-4e41-bff1-b8fa9a34d7d4). times: 10 concurrency: 4 timeout: 0 max_cpu_used: 16 processes_to_start: 4 concurrency_per_worker: 1 concurrency_overhead: 0
2019-11-08 00:24:42.057 2213 RALLYDEBUG rally.task.runner [-] Starting a worker. times: 10 duration: None concurrency: 1 timeout: 0 cls: method_name: run args: {"detailed": true, "force": false}
2019-11-08 00:24:42.060 2214 RALLYDEBUG rally.task.runner [-] Starting a worker. times: 10 duration: None concurrency: 1 timeout: 0 cls: method_name: run args: {"detailed": true, "force": false}
2019-11-08 00:24:42.064 2213 INFO rally.task.runner [-] Task 1bf39f48-4c5b-4e41-bff1-b8fa9a34d7d4 | ITER: 1 START
2019-11-08 00:24:42.064 2215 RALLYDEBUG rally.task.runner [-] Starting a worker. times: 10 duration: None concurrency: 1 timeout: 0 cls: method_name: run args: {"detailed": true, "force": false}
2019-11-08 00:24:42.067 2214 INFO rally.task.runner [-] Task 1bf39f48-4c5b-4e41-bff1-b8fa9a34d7d4 | ITER: 2 START
2019-11-08 00:24:42.067 2216 RALLYDEBUG rally.task.runner [-] Starting a worker. times: 10 duration: None concurrency: 1 timeout: 0 cls: method_name: run args: {"detailed": true, "force": false}
2019-11-08 00:24:42.071 2215 INFO rally.task.runner [-] Task 1bf39f48-4c5b-4e41-bff1-b8fa9a34d7d4 | ITER: 3 START
2019-11-08 00:24:42.074 2216 INFO rally.task.runner [-] Task 1bf39f48-4c5b-4e41-bff1-b8fa9a34d7d4 | ITER: 4 START
2019-11-08 00:24:44.658 2214 INFO rally.task.runner [-] Task 1bf39f48-4c5b-4e41-bff1-b8fa9a34d7d4 | ITER: 2 END: OK
2019-11-08 00:24:44.663 2214 INFO rally.task.runner [-] Task 1bf39f48-4c5b-4e41-bff1-b8fa9a34d7d4 | ITER: 5 START
2019-11-08 00:24:44.687 2215 INFO rally.task.runner [-] Task 1bf39f48-4c5b-4e41-bff1-b8fa9a34d7d4 | ITER: 3 END: OK
2019-11-08 00:24:44.692 2215 INFO rally.task.runner [-] Task 1bf39f48-4c5b-4e41-bff1-b8fa9a34d7d4 | ITER: 6 START
2019-11-08 00:24:44.750 2216 INFO rally.task.runner [-] Task 1bf39f48-4c5b-4e41-bff1-b8fa9a34d7d4 | ITER: 4 END: OK
2019-11-08 00:24:44.756 2213 INFO rally.task.runner [-] Task 1bf39f48-4c5b-4e41-bff1-b8fa9a34d7d4 | ITER: 1 END: OK
2019-11-08 00:24:44.756 2216 INFO rally.task.runner [-] Task 1bf39f48-4c5b-4e41-bff1-b8fa9a34d7d4 | ITER: 7 START
2019-11-08 00:24:44.760 2213 INFO rally.task.runner [-] Task 1bf39f48-4c5b-4e41-bff1-b8fa9a34d7d4 | ITER: 8 START
2019-11-08 00:24:47.253 2214 INFO rally.task.runner [-] Task 1bf39f48-4c5b-4e41-bff1-b8fa9a34d7d4 | ITER: 5 END: OK
2019-11-08 00:24:47.257 2214 INFO rally.task.runner [-] Task 1bf39f48-4c5b-4e41-bff1-b8fa9a34d7d4 | ITER: 9 START
2019-11-08 00:24:47.322 2213 INFO rally.task.runner [-] Task 1bf39f48-4c5b-4e41-bff1-b8fa9a34d7d4 | ITER: 8 END: OK
2019-11-08 00:24:47.326 2213 INFO rally.task.runner [-] Task 1bf39f48-4c5b-4e41-bff1-b8fa9a34d7d4 | ITER: 10 START
2019-11-08 00:24:47.388 2216 INFO rally.task.runner [-] Task 1bf39f48-4c5b-4e41-bff1-b8fa9a34d7d4 | ITER: 7 END: OK
2019-11-08 00:24:47.423 2215 INFO rally.task.runner [-] Task 1bf39f48-4c5b-4e41-bff1-b8fa9a34d7d4 | ITER: 6 END: OK
2019-11-08 00:24:49.866 2214 INFO rally.task.runner [-] Task 1bf39f48-4c5b-4e41-bff1-b8fa9a34d7d4 | ITER: 9 END: OK
2019-11-08 00:24:49.899 2213 INFO rally.task.runner [-] Task 1bf39f48-4c5b-4e41-bff1-b8fa9a34d7d4 | ITER: 10 END: OK
2019-11-08 00:24:49.927 1845 INFO rally.task.context [-] Task 1bf39f48-4c5b-4e41-bff1-b8fa9a34d7d4 | Context cleanup@openstack cleanup() started
2019-11-08 00:24:49.931 1845 RALLYDEBUG rally_openstack.cleanup.manager [-] Cleaning up cinder backups objects
2019-11-08 00:24:51.064 1845 RALLYDEBUG rally_openstack.cleanup.manager [-] Cleaning up cinder volume_snapshots objects
2019-11-08 00:24:52.212 1845 RALLYDEBUG rally_openstack.cleanup.manager [-] Deleting cinder.volume_snapshots object s_rally_1eece90b_vN8kKdVo (6053bed2-5942-4855-9c53-61487d2fe897)
2019-11-08 00:24:52.220 1845 RALLYDEBUG rally_openstack.cleanup.manager [-] Deleting cinder.volume_snapshots object s_rally_1eece90b_DrhM4dNU (059c3cb2-1f07-48ed-ba36-a431ff040a78)
2019-11-08 00:24:52.229 1845 RALLYDEBUG rally_openstack.cleanup.manager [-] Deleting cinder.volume_snapshots object s_rally_1eece90b_yqXU005d (68741ed0-79e5-4c8a-87d4-6c17dcfedd3a)
2019-11-08 00:24:52.239 1845 RALLYDEBUG rally_openstack.cleanup.manager [-] Deleting cinder.volume_snapshots object s_rally_1eece90b_gePjZm9U (70e97814-a6d0-4cf6-92cb-7a1c92380a33)
2019-11-08 00:24:52.244 1845 RALLYDEBUG rally_openstack.cleanup.manager [-] Deleting cinder.volume_snapshots object s_rally_1eece90b_NXp3G2P1 (0e703bfc-d8c8-4500-860a-5344b269b549)
2019-11-08 00:24:52.252 1845 RALLYDEBUG rally_openstack.cleanup.manager [-] Deleting cinder.volume_snapshots object s_rally_1eece90b_gXPzpnT4 (dd0920f3-7c70-4065-9c10-dd5a7dac448b)
2019-11-08 00:24:52.270 1845 RALLYDEBUG rally_openstack.cleanup.manager [-] Deleting cinder.volume_snapshots object s_rally_1eece90b_LMYxdKC5 (8c045252-c446-4196-a4aa-b50f8735a6b3)
2019-11-08 00:24:52.278 1845 RALLYDEBUG rally_openstack.cleanup.manager [-] Deleting cinder.volume_snapshots object s_rally_1eece90b_fBopjuNV (d3157b5f-704f-42ac-8468-50771ed0973b)
2019-11-08 00:24:52.283 1845 RALLYDEBUG rally_openstack.cleanup.manager [-] Deleting cinder.volume_snapshots object s_rally_1eece90b_zxZBvj8S (f3736fae-03d4-4483-ac40-86391e38e4a4)
2019-11-08 00:24:52.296 1845 RALLYDEBUG rally_openstack.cleanup.manager [-] Deleting cinder.volume_snapshots object s_rally_1eece90b_TdJkrGU7 (180fc375-4356-4e60-98d9-28e6a29ae62b)
2019-11-08 00:24:55.933 1845 RALLYDEBUG rally_openstack.cleanup.manager [-] Cleaning up cinder transfers objects
2019-11-08 00:24:57.052 1845 RALLYDEBUG rally_openstack.cleanup.manager [-] Cleaning up cinder volumes objects
2019-11-08 00:24:58.293 1845 INFO rally.task.context [-] Task 1bf39f48-4c5b-4e41-bff1-b8fa9a34d7d4 | Context cleanup@openstack cleanup() finished in 8.37 sec
2019-11-08 00:24:58.294 1845 INFO rally.task.context [-] Task 1bf39f48-4c5b-4e41-bff1-b8fa9a34d7d4 | Context volumes@openstack cleanup() started
2019-11-08 00:24:58.294 1845 RALLYDEBUG rally_openstack.cleanup.manager [-] Cleaning up cinder volumes objects
2019-11-08 00:24:59.508 1845 RALLYDEBUG rally_openstack.cleanup.manager [-] Deleting cinder.volumes object c_rally_1eece90b_YPONZJyK (94f830e9-92ef-49ca-b9b3-b1d15eead7ae)
2019-11-08 00:24:59.514 1845 RALLYDEBUG rally_openstack.cleanup.manager [-] Deleting cinder.volumes object c_rally_1eece90b_IKKtKpRV (94bc3dcf-de7e-45a0-a360-97337e8f19e8)
2019-11-08 00:24:59.522 1845 RALLYDEBUG rally_openstack.cleanup.manager [-] Deleting cinder.volumes object c_rally_1eece90b_yYMVoehm (e18d1383-20c1-4d5b-b8d7-cccb5026894e)
2019-11-08 00:25:02.072 1845 INFO rally.task.context [-] Task 1bf39f48-4c5b-4e41-bff1-b8fa9a34d7d4 | Context volumes@openstack cleanup() finished in 3.78 sec
2019-11-08 00:25:02.072 1845 INFO rally.task.context [-] Task 1bf39f48-4c5b-4e41-bff1-b8fa9a34d7d4 | Context quotas@openstack cleanup() started
2019-11-08 00:25:02.147 1845 INFO rally.task.context [-] Task 1bf39f48-4c5b-4e41-bff1-b8fa9a34d7d4 | Context quotas@openstack cleanup() finished in 75.04 msec
2019-11-08 00:25:02.148 1845 INFO rally.task.context [-] Task 1bf39f48-4c5b-4e41-bff1-b8fa9a34d7d4 | Context api_versions@openstack cleanup() started
2019-11-08 00:25:02.148 1845 INFO rally.task.context [-] Task 1bf39f48-4c5b-4e41-bff1-b8fa9a34d7d4 | Context api_versions@openstack cleanup() finished in 0.36 msec
2019-11-08 00:25:02.149 1845 INFO rally.task.context [-] Task 1bf39f48-4c5b-4e41-bff1-b8fa9a34d7d4 | Context users@openstack cleanup() started
2019-11-08 00:25:06.176 1845 INFO rally.task.context [-] Task 1bf39f48-4c5b-4e41-bff1-b8fa9a34d7d4 | Context users@openstack cleanup() finished in 4.03 sec
2019-11-08 00:25:08.075 1845 INFO rally.task.engine [-] Load duration is: 7.830513
2019-11-08 00:25:08.076 1845 INFO rally.task.engine [-] Full runner duration is: 7.882871
2019-11-08 00:25:08.076 1845 INFO rally.task.engine [-] Full duration is: 36.312117
2019-11-08 00:25:08.373 1845 INFO rally.task.engine [-] Running workload: position = 0 config = { "version": 2, "title": "A cropped version of a bigger task.", "description": "Auto-generated task from a single workload (uuid=a75a10f6-1a56-4dc4-89bc-ee8b38458f6f)", "subtasks": [ { "title": "CinderVolumes.create_and_list_volume", "description": "Create a volume and list all volumes.", "scenario": { "CinderVolumes.create_and_list_volume": { "detailed": true, "image": { "name": "rally_full-img_6b18c56f-4e53-4e1e-89b8-b9af639463ce" }, "size": 1 } }, "contexts": { "users": { "tenants": 3, "users_per_tenant": 2 }, "quotas": { "cinder": { "gigabytes": -1, "snapshots": -1, "volumes": -1 } }, "api_versions": { "cinder": { "version": 3, "service_type": "volumev3" } } }, "runner": { "constant": { "concurrency": 4, "times": 10 } }, "hooks": [], "sla": { "failure_rate": { "max": 0 } } } ] }
2019-11-08 00:25:08.400 1845 RALLYDEBUG rally_openstack.contexts.keystone.users [-] Creating 3 tenants using 20 threads
2019-11-08 00:25:09.415 1845 RALLYDEBUG rally_openstack.contexts.keystone.users [-] Creating 6 users using 20 threads
2019-11-08 00:25:11.038 1845 INFO rally.task.context [-] Task 1bf39f48-4c5b-4e41-bff1-b8fa9a34d7d4 | Context users@openstack setup() finished in 2.64 sec
2019-11-08 00:25:11.417 1845 INFO rally.task.context [-] Task 1bf39f48-4c5b-4e41-bff1-b8fa9a34d7d4 | Context api_versions@openstack setup() finished in 0.38 sec
2019-11-08 00:25:12.218 1845 INFO rally.task.context [-] Task 1bf39f48-4c5b-4e41-bff1-b8fa9a34d7d4 | Context quotas@openstack setup() finished in 0.80 sec
2019-11-08 00:25:12.218 1845 INFO rally.task.context [-] Task 1bf39f48-4c5b-4e41-bff1-b8fa9a34d7d4 | Context cleanup@openstack setup() finished in 0.01 msec
2019-11-08 00:25:12.709 1845 RALLYDEBUG rally.task.runner [-] Starting the constant runner (task UUID: 1bf39f48-4c5b-4e41-bff1-b8fa9a34d7d4). times: 10 concurrency: 4 timeout: 0 max_cpu_used: 16 processes_to_start: 4 concurrency_per_worker: 1 concurrency_overhead: 0
2019-11-08 00:25:12.721 2417 RALLYDEBUG rally.task.runner [-] Starting a worker. times: 10 duration: None concurrency: 1 timeout: 0 cls: method_name: run args: {"detailed": true, "image": "bc8acf05-522e-4dfe-b20d-f2ccfa4fb8d8", "size": 1}
2019-11-08 00:25:12.725 2418 RALLYDEBUG rally.task.runner [-] Starting a worker. times: 10 duration: None concurrency: 1 timeout: 0 cls: method_name: run args: {"detailed": true, "image": "bc8acf05-522e-4dfe-b20d-f2ccfa4fb8d8", "size": 1}
2019-11-08 00:25:12.728 2417 INFO rally.task.runner [-] Task 1bf39f48-4c5b-4e41-bff1-b8fa9a34d7d4 | ITER: 1 START
2019-11-08 00:25:12.728 2419 RALLYDEBUG rally.task.runner [-] Starting a worker. times: 10 duration: None concurrency: 1 timeout: 0 cls: method_name: run args: {"detailed": true, "image": "bc8acf05-522e-4dfe-b20d-f2ccfa4fb8d8", "size": 1}
2019-11-08 00:25:12.732 2418 INFO rally.task.runner [-] Task 1bf39f48-4c5b-4e41-bff1-b8fa9a34d7d4 | ITER: 2 START
2019-11-08 00:25:12.732 2420 RALLYDEBUG rally.task.runner [-] Starting a worker. times: 10 duration: None concurrency: 1 timeout: 0 cls: method_name: run args: {"detailed": true, "image": "bc8acf05-522e-4dfe-b20d-f2ccfa4fb8d8", "size": 1}
2019-11-08 00:25:12.735 2419 INFO rally.task.runner [-] Task 1bf39f48-4c5b-4e41-bff1-b8fa9a34d7d4 | ITER: 3 START
2019-11-08 00:25:12.739 2420 INFO rally.task.runner [-] Task 1bf39f48-4c5b-4e41-bff1-b8fa9a34d7d4 | ITER: 4 START
2019-11-08 00:25:28.391 2418 RALLYDEBUG rally.task.utils [-] Waiting for resource s_rally_a75a10f6_ZMUrjmkS. Status changed: DOWNLOADING => AVAILABLE in 12.495826482772827
2019-11-08 00:25:28.445 2418 INFO rally.task.runner [-] Task 1bf39f48-4c5b-4e41-bff1-b8fa9a34d7d4 | ITER: 2 END: OK
2019-11-08 00:25:28.450 2418 INFO rally.task.runner [-] Task 1bf39f48-4c5b-4e41-bff1-b8fa9a34d7d4 | ITER: 5 START
2019-11-08 00:25:38.343 2420 RALLYDEBUG rally.task.utils [-] Waiting for resource s_rally_a75a10f6_ZOT8e1su. Status changed: DOWNLOADING => AVAILABLE in 22.869478464126587
2019-11-08 00:25:38.404 2420 INFO rally.task.runner [-] Task 1bf39f48-4c5b-4e41-bff1-b8fa9a34d7d4 | ITER: 4 END: OK
2019-11-08 00:25:38.410 2420 INFO rally.task.runner [-] Task 1bf39f48-4c5b-4e41-bff1-b8fa9a34d7d4 | ITER: 6 START
2019-11-08 00:25:43.465 2420 RALLYDEBUG rally.task.utils [-] Waiting for resource s_rally_a75a10f6_o9TqlXUi. Status changed: CREATING => DOWNLOADING in 2.1944127082824707
2019-11-08 00:25:43.747 2418 RALLYDEBUG rally.task.utils [-] Waiting for resource s_rally_a75a10f6_WRwfh1pB. Status changed: DOWNLOADING => AVAILABLE in 12.536379098892212
2019-11-08 00:25:43.804 2418 INFO rally.task.runner [-] Task 1bf39f48-4c5b-4e41-bff1-b8fa9a34d7d4 | ITER: 5 END: OK
2019-11-08 00:25:43.809 2418 INFO rally.task.runner [-] Task 1bf39f48-4c5b-4e41-bff1-b8fa9a34d7d4 | ITER: 7 START
2019-11-08 00:25:48.810 2418 RALLYDEBUG rally.task.utils [-] Waiting for resource s_rally_a75a10f6_E0GpqAAa. Status changed: CREATING => DOWNLOADING in 2.1913890838623047
2019-11-08 00:26:02.073 2420 RALLYDEBUG rally.task.utils [-] Waiting for resource s_rally_a75a10f6_o9TqlXUi. Status changed: DOWNLOADING => AVAILABLE in 18.6080219745636
2019-11-08 00:26:02.140 2420 INFO rally.task.runner [-] Task 1bf39f48-4c5b-4e41-bff1-b8fa9a34d7d4 | ITER: 6 END: OK
2019-11-08 00:26:02.144 2420 INFO rally.task.runner [-] Task 1bf39f48-4c5b-4e41-bff1-b8fa9a34d7d4 | ITER: 8 START
2019-11-08 00:26:07.442 2418 RALLYDEBUG rally.task.utils [-] Waiting for resource s_rally_a75a10f6_E0GpqAAa. Status changed: DOWNLOADING => AVAILABLE in 18.631503343582153
2019-11-08 00:26:07.505 2418 INFO rally.task.runner [-] Task 1bf39f48-4c5b-4e41-bff1-b8fa9a34d7d4 | ITER: 7 END: OK
2019-11-08 00:26:07.510 2418 INFO rally.task.runner [-] Task 1bf39f48-4c5b-4e41-bff1-b8fa9a34d7d4 | ITER: 9 START
2019-11-08 00:26:09.150 2420 RALLYDEBUG rally.task.utils [-] Waiting for resource s_rally_a75a10f6_lu9eWaGH. Status changed: CREATING => DOWNLOADING in 4.27457857131958
2019-11-08 00:26:09.671 2417 RALLYDEBUG rally.task.utils [-] Waiting for resource s_rally_a75a10f6_zPoAIie0. Status changed: DOWNLOADING => AVAILABLE in 54.13191103935242
2019-11-08 00:26:09.731 2417 INFO rally.task.runner [-] Task 1bf39f48-4c5b-4e41-bff1-b8fa9a34d7d4 | ITER: 1 END: OK
2019-11-08 00:26:09.738 2417 INFO rally.task.runner [-] Task 1bf39f48-4c5b-4e41-bff1-b8fa9a34d7d4 | ITER: 10 START
2019-11-08 00:26:11.727 2419 RALLYDEBUG rally.task.utils [-] Waiting for resource s_rally_a75a10f6_N4wYkWr2. Status changed: DOWNLOADING => AVAILABLE in 55.910634994506836
2019-11-08 00:26:11.790 2419 INFO rally.task.runner [-] Task 1bf39f48-4c5b-4e41-bff1-b8fa9a34d7d4 | ITER: 3 END: OK
2019-11-08 00:26:31.918 2420 RALLYDEBUG rally.task.utils [-] Waiting for resource s_rally_a75a10f6_lu9eWaGH. Status changed: DOWNLOADING => AVAILABLE in 22.768431901931763
2019-11-08 00:26:31.986 2420 INFO rally.task.runner [-] Task 1bf39f48-4c5b-4e41-bff1-b8fa9a34d7d4 | ITER: 8 END: OK
2019-11-08 00:27:02.334 2417 RALLYDEBUG rally.task.utils [-] Waiting for resource s_rally_a75a10f6_08i98S8X. Status changed: DOWNLOADING => AVAILABLE in 49.82872152328491
2019-11-08 00:27:02.392 2417 INFO rally.task.runner [-] Task 1bf39f48-4c5b-4e41-bff1-b8fa9a34d7d4 | ITER: 10 END: OK
2019-11-08 00:27:04.399 2418 RALLYDEBUG rally.task.utils [-] Waiting for resource s_rally_a75a10f6_nvAtCumx. Status changed: DOWNLOADING => AVAILABLE in 53.85355305671692
2019-11-08 00:27:04.464 2418 INFO rally.task.runner [-] Task 1bf39f48-4c5b-4e41-bff1-b8fa9a34d7d4 | ITER: 9 END: OK
2019-11-08 00:27:04.491 1845 INFO rally.task.context [-] Task 1bf39f48-4c5b-4e41-bff1-b8fa9a34d7d4 | Context cleanup@openstack cleanup() started
2019-11-08 00:27:04.500 1845 RALLYDEBUG rally_openstack.cleanup.manager [-] Cleaning up cinder backups objects
2019-11-08 00:27:05.769 1845 RALLYDEBUG rally_openstack.cleanup.manager [-] Cleaning up cinder volume_snapshots objects
2019-11-08 00:27:06.899 1845 RALLYDEBUG rally_openstack.cleanup.manager [-] Cleaning up cinder transfers objects
2019-11-08 00:27:08.027 1845 RALLYDEBUG rally_openstack.cleanup.manager [-] Cleaning up cinder volumes objects
2019-11-08 00:27:09.239 1845 RALLYDEBUG rally_openstack.cleanup.manager [-] Deleting cinder.volumes object s_rally_a75a10f6_nvAtCumx (89432317-3b2a-4d44-8093-2f1719e437e4)
2019-11-08 00:27:09.248 1845 RALLYDEBUG rally_openstack.cleanup.manager [-] Deleting cinder.volumes object s_rally_a75a10f6_lu9eWaGH (228f2bab-cdb6-46ae-a92b-6896e59453ff)
2019-11-08 00:27:09.258 1845 RALLYDEBUG rally_openstack.cleanup.manager [-] Deleting cinder.volumes object s_rally_a75a10f6_E0GpqAAa (7a989623-3f2c-4cde-9a21-503c6f68d6b6)
2019-11-08 00:27:09.267 1845 RALLYDEBUG rally_openstack.cleanup.manager [-] Deleting cinder.volumes object s_rally_a75a10f6_WRwfh1pB (abf38f89-2a0a-4cfc-a5df-a0ba05fd4cbf)
2019-11-08 00:27:09.271 1845 RALLYDEBUG rally_openstack.cleanup.manager [-] Deleting cinder.volumes object s_rally_a75a10f6_N4wYkWr2 (aa973ba5-1a53-465c-ac6f-91691246060d)
2019-11-08 00:27:09.283 1845 RALLYDEBUG rally_openstack.cleanup.manager [-] Deleting cinder.volumes object s_rally_a75a10f6_ZMUrjmkS (493f9d71-e787-4a08-ad8b-8c4450fe42b8)
2019-11-08 00:27:09.288 1845 RALLYDEBUG rally_openstack.cleanup.manager [-] Deleting cinder.volumes object s_rally_a75a10f6_ZOT8e1su (5bb11fa2-912f-4d7c-a1c3-16dc3a666c83)
2019-11-08 00:27:09.300 1845 RALLYDEBUG rally_openstack.cleanup.manager [-] Deleting cinder.volumes object s_rally_a75a10f6_08i98S8X (16c29aad-a02b-401a-94fc-8952754c9d57)
2019-11-08 00:27:09.303 1845 RALLYDEBUG rally_openstack.cleanup.manager [-] Deleting cinder.volumes object s_rally_a75a10f6_zPoAIie0 (5bd3d5c4-d975-4196-8f95-3efb2b7a9e95)
2019-11-08 00:27:09.308 1845 RALLYDEBUG rally_openstack.cleanup.manager [-] Deleting cinder.volumes object s_rally_a75a10f6_o9TqlXUi (f80678a4-2d42-4b35-9c0a-51a70fce794e)
2019-11-08 00:27:13.280 1845 INFO rally.task.context [-] Task 1bf39f48-4c5b-4e41-bff1-b8fa9a34d7d4 | Context cleanup@openstack cleanup() finished in 8.79 sec
2019-11-08 00:27:13.280 1845 INFO rally.task.context [-] Task 1bf39f48-4c5b-4e41-bff1-b8fa9a34d7d4 | Context quotas@openstack cleanup() started
2019-11-08 00:27:13.352 1845 INFO rally.task.context [-] Task 1bf39f48-4c5b-4e41-bff1-b8fa9a34d7d4 | Context quotas@openstack cleanup() finished in 71.92 msec
2019-11-08 00:27:13.353 1845 INFO rally.task.context [-] Task 1bf39f48-4c5b-4e41-bff1-b8fa9a34d7d4 | Context api_versions@openstack cleanup() started
2019-11-08 00:27:13.353 1845 INFO rally.task.context [-] Task 1bf39f48-4c5b-4e41-bff1-b8fa9a34d7d4 | Context api_versions@openstack cleanup() finished in 0.43 msec
2019-11-08 00:27:13.354 1845 INFO rally.task.context [-] Task 1bf39f48-4c5b-4e41-bff1-b8fa9a34d7d4 | Context users@openstack cleanup() started
2019-11-08 00:27:17.814 1845 INFO rally.task.context [-] Task 1bf39f48-4c5b-4e41-bff1-b8fa9a34d7d4 | Context users@openstack cleanup() finished in 4.46 sec
2019-11-08 00:27:18.971 1845 INFO rally.task.engine [-] Load duration is: 111.731258
2019-11-08 00:27:18.971 1845 INFO rally.task.engine [-] Full runner duration is: 111.7816
2019-11-08 00:27:18.971 1845 INFO rally.task.engine [-] Full duration is: 129.417204
2019-11-08 00:27:19.161 1845 INFO rally.task.engine [-] Running workload: position = 1 config = { "version": 2, "title": "A cropped version of a bigger task.", "description": "Auto-generated task from a single workload (uuid=e391a08c-5ef5-4a4e-812f-1bfa9f7fdee4)", "subtasks": [ { "title": "CinderVolumes.create_and_list_volume", "description": "Create a volume and list all volumes.", "scenario": { "CinderVolumes.create_and_list_volume": { "detailed": true, "size": 1 } }, "contexts": { "users": { "tenants": 3, "users_per_tenant": 2 }, "quotas": { "cinder": { "gigabytes": -1, "snapshots": -1, "volumes": -1 } }, "api_versions": { "cinder": { "version": 3, "service_type": "volumev3" } } }, "runner": { "constant": { "concurrency": 4, "times": 10 } }, "hooks": [], "sla": { "failure_rate": { "max": 0 } } } ] }
2019-11-08 00:27:19.187 1845 RALLYDEBUG rally_openstack.contexts.keystone.users [-] Creating 3 tenants using 20 threads
2019-11-08 00:27:20.119 1845 RALLYDEBUG rally_openstack.contexts.keystone.users [-] Creating 6 users using 20 threads
2019-11-08 00:27:21.681 1845 INFO rally.task.context [-] Task 1bf39f48-4c5b-4e41-bff1-b8fa9a34d7d4 | Context users@openstack setup() finished in 2.49 sec
2019-11-08 00:27:22.076 1845 INFO rally.task.context [-] Task 1bf39f48-4c5b-4e41-bff1-b8fa9a34d7d4 | Context api_versions@openstack setup() finished in 0.39 sec
2019-11-08 00:27:23.004 1845 INFO rally.task.context [-] Task 1bf39f48-4c5b-4e41-bff1-b8fa9a34d7d4 | Context quotas@openstack setup() finished in 0.93 sec
2019-11-08 00:27:23.005 1845 INFO rally.task.context [-] Task 1bf39f48-4c5b-4e41-bff1-b8fa9a34d7d4 | Context cleanup@openstack setup() finished in 0.02 msec
2019-11-08 00:27:23.014 1845 RALLYDEBUG rally.task.runner [-] Starting the constant runner (task UUID: 1bf39f48-4c5b-4e41-bff1-b8fa9a34d7d4). times: 10 concurrency: 4 timeout: 0 max_cpu_used: 16 processes_to_start: 4 concurrency_per_worker: 1 concurrency_overhead: 0
2019-11-08 00:27:23.026 2601 RALLYDEBUG rally.task.runner [-] Starting a worker. times: 10 duration: None concurrency: 1 timeout: 0 cls: method_name: run args: {"detailed": true, "size": 1}
2019-11-08 00:27:23.030 2602 RALLYDEBUG rally.task.runner [-] Starting a worker. times: 10 duration: None concurrency: 1 timeout: 0 cls: method_name: run args: {"detailed": true, "size": 1}
2019-11-08 00:27:23.033 2601 INFO rally.task.runner [-] Task 1bf39f48-4c5b-4e41-bff1-b8fa9a34d7d4 | ITER: 1 START
2019-11-08 00:27:23.033 2603 RALLYDEBUG rally.task.runner [-] Starting a worker. times: 10 duration: None concurrency: 1 timeout: 0 cls: method_name: run args: {"detailed": true, "size": 1}
2019-11-08 00:27:23.037 2602 INFO rally.task.runner [-] Task 1bf39f48-4c5b-4e41-bff1-b8fa9a34d7d4 | ITER: 2 START
2019-11-08 00:27:23.036 2605 RALLYDEBUG rally.task.runner [-] Starting a worker. times: 10 duration: None concurrency: 1 timeout: 0 cls: method_name: run args: {"detailed": true, "size": 1}
2019-11-08 00:27:23.040 2603 INFO rally.task.runner [-] Task 1bf39f48-4c5b-4e41-bff1-b8fa9a34d7d4 | ITER: 3 START
2019-11-08 00:27:23.043 2605 INFO rally.task.runner [-] Task 1bf39f48-4c5b-4e41-bff1-b8fa9a34d7d4 | ITER: 4 START
2019-11-08 00:27:25.872 2605 INFO rally.task.runner [-] Task 1bf39f48-4c5b-4e41-bff1-b8fa9a34d7d4 | ITER: 4 END: OK
2019-11-08 00:27:25.876 2605 INFO rally.task.runner [-] Task 1bf39f48-4c5b-4e41-bff1-b8fa9a34d7d4 | ITER: 5 START
2019-11-08 00:27:25.880 2603 INFO rally.task.runner [-] Task 1bf39f48-4c5b-4e41-bff1-b8fa9a34d7d4 | ITER: 3 END: OK
2019-11-08 00:27:25.885 2603 INFO rally.task.runner [-] Task 1bf39f48-4c5b-4e41-bff1-b8fa9a34d7d4 | ITER: 6 START
2019-11-08 00:27:25.891 2601 INFO rally.task.runner [-] Task 1bf39f48-4c5b-4e41-bff1-b8fa9a34d7d4 | ITER: 1 END: OK
2019-11-08 00:27:25.896 2601 INFO rally.task.runner [-] Task 1bf39f48-4c5b-4e41-bff1-b8fa9a34d7d4 | ITER: 7 START
2019-11-08 00:27:25.927 2602 INFO rally.task.runner [-] Task 1bf39f48-4c5b-4e41-bff1-b8fa9a34d7d4 | ITER: 2 END: OK
2019-11-08 00:27:25.932 2602 INFO rally.task.runner [-] Task 1bf39f48-4c5b-4e41-bff1-b8fa9a34d7d4 | ITER: 8 START
2019-11-08 00:27:28.703 2603 INFO rally.task.runner [-] Task 1bf39f48-4c5b-4e41-bff1-b8fa9a34d7d4 | ITER: 6 END: OK
2019-11-08 00:27:28.705 2601 INFO rally.task.runner [-] Task 1bf39f48-4c5b-4e41-bff1-b8fa9a34d7d4 | ITER: 7 END: OK
