2019-11-08 00:50:51.725 10663 RALLYDEBUG rally.task.runner [-] Starting a worker. times: 10 duration: None concurrency: 1 timeout: 0 cls: method_name: run args: {"template_path": "heat_template_version: 2013-05-23\n\nresources:\n test_group:\n type: OS::Heat::AutoScalingGroup\n properties:\n desired_capacity: 0\n max_size: 0\n min_size: 0\n resource:\n type: OS::Heat::RandomString\n test_policy:\n type: OS::Heat::ScalingPolicy\n properties:\n adjustment_type: change_in_capacity\n auto_scaling_group_id: { get_resource: test_group }\n scaling_adjustment: 1", "updated_template_path": "heat_template_version: 2013-05-23\n\ndescription: >\n Test template for create-update-delete-stack scenario in rally.\n The template updates resource parameters without resource re-creation(replacement)\n in the stack defined by autoscaling_policy.yaml.template. It allows to measure\n performance of \"pure\" resource update operation only.\n\nresources:\n test_group:\n type: OS::Heat::AutoScalingGroup\n properties:\n desired_capacity: 0\n max_size: 0\n min_size: 0\n resource:\n type: OS::Heat::RandomString\n test_policy:\n type: OS::Heat::ScalingPolicy\n properties:\n adjustment_type: change_in_capacity\n auto_scaling_group_id: { get_resource: test_group }\n scaling_adjustment: -1"}
2019-11-08 00:50:51.728 10661 INFO rally.task.runner [-] Task 6fdbfbb8-07d3-466e-8e98-1aacb5ba7231 | ITER: 3 START
2019-11-08 00:50:51.731 10663 INFO rally.task.runner [-] Task 6fdbfbb8-07d3-466e-8e98-1aacb5ba7231 | ITER: 4 START
2019-11-08 00:50:55.165 10659 RALLYDEBUG rally.task.utils [-] Waiting for resource . Status changed: CREATE_IN_PROGRESS => CREATE_COMPLETE in 0.0667409896850586
2019-11-08 00:50:55.173 10663 RALLYDEBUG rally.task.utils [-] Waiting for resource . Status changed: CREATE_IN_PROGRESS => CREATE_COMPLETE in 0.06975221633911133
2019-11-08 00:50:55.175 10660 RALLYDEBUG rally.task.utils [-] Waiting for resource . Status changed: CREATE_IN_PROGRESS => CREATE_COMPLETE in 0.07001996040344238
2019-11-08 00:50:55.241 10661 RALLYDEBUG rally.task.utils [-] Waiting for resource . Status changed: CREATE_IN_PROGRESS => CREATE_COMPLETE in 0.06830787658691406
2019-11-08 00:50:57.352 10659 RALLYDEBUG rally.task.utils [-] Waiting for resource . Status changed: CREATE_COMPLETE => UPDATE_COMPLETE in 0.07957148551940918
2019-11-08 00:50:57.358 10663 RALLYDEBUG rally.task.utils [-] Waiting for resource . Status changed: CREATE_COMPLETE => UPDATE_COMPLETE in 0.07008647918701172
2019-11-08 00:50:57.361 10660 RALLYDEBUG rally.task.utils [-] Waiting for resource . Status changed: CREATE_COMPLETE => UPDATE_COMPLETE in 0.06930375099182129
2019-11-08 00:50:57.432 10661 RALLYDEBUG rally.task.utils [-] Waiting for resource . Status changed: CREATE_COMPLETE => UPDATE_COMPLETE in 0.07591128349304199
2019-11-08 00:50:57.495 10660 RALLYDEBUG rally.task.utils [-] Waiting for resource . Status changed: CREATE_COMPLETE => DELETE_IN_PROGRESS in 0.05973196029663086
2019-11-08 00:50:57.505 10659 RALLYDEBUG rally.task.utils [-] Waiting for resource . Status changed: CREATE_COMPLETE => DELETE_IN_PROGRESS in 0.08162593841552734
2019-11-08 00:50:57.507 10663 RALLYDEBUG rally.task.utils [-] Waiting for resource . Status changed: CREATE_COMPLETE => DELETE_IN_PROGRESS in 0.07418107986450195
2019-11-08 00:50:57.539 10661 RALLYDEBUG rally.task.utils [-] Waiting for resource . Status changed: CREATE_COMPLETE => DELETE_IN_PROGRESS in 0.05058550834655762
2019-11-08 00:50:59.604 10660 INFO rally.task.runner [-] Task 6fdbfbb8-07d3-466e-8e98-1aacb5ba7231 | ITER: 2 END: OK
2019-11-08 00:50:59.608 10660 INFO rally.task.runner [-] Task 6fdbfbb8-07d3-466e-8e98-1aacb5ba7231 | ITER: 5 START
2019-11-08 00:50:59.616 10659 INFO rally.task.runner [-] Task 6fdbfbb8-07d3-466e-8e98-1aacb5ba7231 | ITER: 1 END: OK
2019-11-08 00:50:59.617 10663 INFO rally.task.runner [-] Task 6fdbfbb8-07d3-466e-8e98-1aacb5ba7231 | ITER: 4 END: OK
2019-11-08 00:50:59.620 10659 INFO rally.task.runner [-] Task 6fdbfbb8-07d3-466e-8e98-1aacb5ba7231 | ITER: 6 START
2019-11-08 00:50:59.622 10663 INFO rally.task.runner [-] Task 6fdbfbb8-07d3-466e-8e98-1aacb5ba7231 | ITER: 7 START
2019-11-08 00:50:59.638 10661 INFO rally.task.runner [-] Task 6fdbfbb8-07d3-466e-8e98-1aacb5ba7231 | ITER: 3 END: OK
2019-11-08 00:50:59.643 10661 INFO rally.task.runner [-] Task 6fdbfbb8-07d3-466e-8e98-1aacb5ba7231 | ITER: 8 START
2019-11-08 00:51:03.042 10659 RALLYDEBUG rally.task.utils [-] Waiting for resource . Status changed: CREATE_IN_PROGRESS => CREATE_COMPLETE in 0.06656503677368164
2019-11-08 00:51:03.049 10660 RALLYDEBUG rally.task.utils [-] Waiting for resource . Status changed: CREATE_IN_PROGRESS => CREATE_COMPLETE in 0.06429314613342285
2019-11-08 00:51:03.089 10663 RALLYDEBUG rally.task.utils [-] Waiting for resource . Status changed: CREATE_IN_PROGRESS => CREATE_COMPLETE in 0.0602879524230957
2019-11-08 00:51:03.147 10661 RALLYDEBUG rally.task.utils [-] Waiting for resource . Status changed: CREATE_IN_PROGRESS => CREATE_COMPLETE in 0.05736279487609863
2019-11-08 00:51:05.221 10660 RALLYDEBUG rally.task.utils [-] Waiting for resource . Status changed: CREATE_COMPLETE => UPDATE_COMPLETE in 0.0732119083404541
2019-11-08 00:51:05.228 10659 RALLYDEBUG rally.task.utils [-] Waiting for resource . Status changed: CREATE_COMPLETE => UPDATE_COMPLETE in 0.07983756065368652
2019-11-08 00:51:05.268 10663 RALLYDEBUG rally.task.utils [-] Waiting for resource . Status changed: CREATE_COMPLETE => UPDATE_COMPLETE in 0.08139276504516602
2019-11-08 00:51:05.301 10661 RALLYDEBUG rally.task.utils [-] Waiting for resource . Status changed: CREATE_COMPLETE => UPDATE_COMPLETE in 0.06627488136291504
2019-11-08 00:51:05.329 10660 RALLYDEBUG rally.task.utils [-] Waiting for resource . Status changed: CREATE_COMPLETE => DELETE_IN_PROGRESS in 0.04959392547607422
2019-11-08 00:51:05.350 10659 RALLYDEBUG rally.task.utils [-] Waiting for resource . Status changed: CREATE_COMPLETE => DELETE_IN_PROGRESS in 0.05608987808227539
2019-11-08 00:51:05.378 10663 RALLYDEBUG rally.task.utils [-] Waiting for resource . Status changed: CREATE_COMPLETE => DELETE_IN_PROGRESS in 0.04871869087219238
2019-11-08 00:51:05.424 10661 RALLYDEBUG rally.task.utils [-] Waiting for resource . Status changed: CREATE_COMPLETE => DELETE_IN_PROGRESS in 0.05588388442993164
2019-11-08 00:51:07.433 10660 INFO rally.task.runner [-] Task 6fdbfbb8-07d3-466e-8e98-1aacb5ba7231 | ITER: 5 END: OK
2019-11-08 00:51:07.437 10660 INFO rally.task.runner [-] Task 6fdbfbb8-07d3-466e-8e98-1aacb5ba7231 | ITER: 9 START
2019-11-08 00:51:07.453 10659 INFO rally.task.runner [-] Task 6fdbfbb8-07d3-466e-8e98-1aacb5ba7231 | ITER: 6 END: OK
2019-11-08 00:51:07.457 10659 INFO rally.task.runner [-] Task 6fdbfbb8-07d3-466e-8e98-1aacb5ba7231 | ITER: 10 START
2019-11-08 00:51:07.486 10663 INFO rally.task.runner [-] Task 6fdbfbb8-07d3-466e-8e98-1aacb5ba7231 | ITER: 7 END: OK
2019-11-08 00:51:07.526 10661 INFO rally.task.runner [-] Task 6fdbfbb8-07d3-466e-8e98-1aacb5ba7231 | ITER: 8 END: OK
2019-11-08 00:51:10.873 10660 RALLYDEBUG rally.task.utils [-] Waiting for resource . Status changed: CREATE_IN_PROGRESS => CREATE_COMPLETE in 0.062314510345458984
2019-11-08 00:51:10.978 10659 RALLYDEBUG rally.task.utils [-] Waiting for resource . Status changed: CREATE_IN_PROGRESS => CREATE_COMPLETE in 0.056417226791381836
2019-11-08 00:51:13.060 10660 RALLYDEBUG rally.task.utils [-] Waiting for resource . Status changed: CREATE_COMPLETE => UPDATE_COMPLETE in 0.08040094375610352
2019-11-08 00:51:13.194 10659 RALLYDEBUG rally.task.utils [-] Waiting for resource . Status changed: CREATE_COMPLETE => UPDATE_COMPLETE in 0.07572555541992188
2019-11-08 00:51:13.197 10660 RALLYDEBUG rally.task.utils [-] Waiting for resource . Status changed: CREATE_COMPLETE => DELETE_IN_PROGRESS in 0.06444048881530762
2019-11-08 00:51:13.318 10659 RALLYDEBUG rally.task.utils [-] Waiting for resource . Status changed: CREATE_COMPLETE => DELETE_IN_PROGRESS in 0.06031680107116699
2019-11-08 00:51:15.306 10660 INFO rally.task.runner [-] Task 6fdbfbb8-07d3-466e-8e98-1aacb5ba7231 | ITER: 9 END: OK
2019-11-08 00:51:15.431 10659 INFO rally.task.runner [-] Task 6fdbfbb8-07d3-466e-8e98-1aacb5ba7231 | ITER: 10 END: OK
2019-11-08 00:51:15.456 8497 INFO rally.task.context [-] Task 6fdbfbb8-07d3-466e-8e98-1aacb5ba7231 | Context cleanup@openstack cleanup() started
2019-11-08 00:51:15.460 8497 RALLYDEBUG rally_openstack.cleanup.manager [-] Cleaning up heat stacks objects
2019-11-08 00:51:16.885 8497 INFO rally.task.context [-] Task 6fdbfbb8-07d3-466e-8e98-1aacb5ba7231 | Context cleanup@openstack cleanup() finished in 1.43 sec
2019-11-08 00:51:16.886 8497 INFO rally.task.context [-] Task 6fdbfbb8-07d3-466e-8e98-1aacb5ba7231 | Context roles@openstack cleanup() started
2019-11-08 00:51:16.886 8497 RALLYDEBUG rally_openstack.contexts.keystone.roles [-] Removing assigned role 1ec535b504134a13af3f8294117a30d7 from all users
2019-11-08 00:51:17.872 8497 INFO rally.task.context [-] Task 6fdbfbb8-07d3-466e-8e98-1aacb5ba7231 | Context roles@openstack cleanup() finished in 0.99 sec
2019-11-08 00:51:17.873 8497 INFO rally.task.context [-] Task 6fdbfbb8-07d3-466e-8e98-1aacb5ba7231 | Context users@openstack cleanup() started
2019-11-08 00:51:22.733 8497 INFO rally.task.context [-] Task 6fdbfbb8-07d3-466e-8e98-1aacb5ba7231 | Context users@openstack cleanup() finished in 4.86 sec
2019-11-08 00:51:23.406 8497 INFO rally.task.engine [-] Load duration is: 19.70928
2019-11-08 00:51:23.406 8497 INFO rally.task.engine [-] Full runner duration is: 23.75398
2019-11-08 00:51:23.406 8497 INFO rally.task.engine [-] Full duration is: 39.551726
2019-11-08 00:51:23.650 8497 INFO rally.task.engine [-] Running workload: position = 4 config = { "version": 2, "title": "A cropped version of a bigger task.", "description": "Auto-generated task from a single workload (uuid=c5baa1b0-760e-48a2-bde0-45be17682bcf)", "subtasks": [ { "title": "HeatStacks.create_update_delete_stack", "description": "Create, update and then delete a stack.", "scenario": { "HeatStacks.create_update_delete_stack": { "template_path": "/usr/lib/python3.6/site-packages/functest/opnfv_tests/openstack/rally/scenario/templates/resource_group.yaml.template", "updated_template_path": "/usr/lib/python3.6/site-packages/functest/opnfv_tests/openstack/rally/scenario/templates/updated_resource_group_reduce.yaml.template" } }, "contexts": { "users": { "tenants": 3, "users_per_tenant": 2 }, "roles": [ "heat_stack_owner" ] }, "runner": { "constant": { "concurrency": 4, "times": 10 } }, "hooks": [], "sla": { "failure_rate": { "max": 0 } } } ] }
2019-11-08 00:51:23.674 8497 RALLYDEBUG rally_openstack.contexts.keystone.users [-] Creating 3 tenants using 20 threads
2019-11-08 00:51:24.743 8497 RALLYDEBUG rally_openstack.contexts.keystone.users [-] Creating 6 users using 20 threads
2019-11-08 00:51:26.294 8497 INFO rally.task.context [-] Task 6fdbfbb8-07d3-466e-8e98-1aacb5ba7231 | Context users@openstack setup() finished in 2.62 sec
2019-11-08 00:51:26.996 8497 RALLYDEBUG rally_openstack.contexts.keystone.roles [-] Adding role heat_stack_owner having ID 1ec535b504134a13af3f8294117a30d7 to all users using 30 threads
2019-11-08 00:51:32.136 8497 INFO rally.task.context [-] Task 6fdbfbb8-07d3-466e-8e98-1aacb5ba7231 | Context roles@openstack setup() finished in 5.84 sec
2019-11-08 00:51:32.137 8497 INFO rally.task.context [-] Task 6fdbfbb8-07d3-466e-8e98-1aacb5ba7231 | Context cleanup@openstack setup() finished in 0.01 msec
2019-11-08 00:51:32.148 8497 RALLYDEBUG rally.task.runner [-] Starting the constant runner (task UUID: 6fdbfbb8-07d3-466e-8e98-1aacb5ba7231). times: 10 concurrency: 4 timeout: 0 max_cpu_used: 16 processes_to_start: 4 concurrency_per_worker: 1 concurrency_overhead: 0
2019-11-08 00:51:32.159 10843 RALLYDEBUG rally.task.runner [-] Starting a worker. times: 10 duration: None concurrency: 1 timeout: 0 cls: method_name: run args: {"template_path": "heat_template_version: 2014-10-16\n\ndescription: Test template for rally create-update-delete scenario\n\nresources:\n test_group:\n type: OS::Heat::ResourceGroup\n properties:\n count: 2\n resource_def:\n type: OS::Heat::RandomString\n properties:\n length: 20", "updated_template_path": "heat_template_version: 2014-10-16\n\ndescription: >\n Test template for create-update-delete-stack scenario in rally.\n The template updates one resource from the stack defined by resource_group.yaml.template\n and deletes children resources from that resource.\n\nresources:\n test_group:\n type: OS::Heat::ResourceGroup\n properties:\n count: 1\n resource_def:\n type: OS::Heat::RandomString\n properties:\n length: 20"}
2019-11-08 00:51:32.163 10844 RALLYDEBUG rally.task.runner [-] Starting a worker. times: 10 duration: None concurrency: 1 timeout: 0 cls: method_name: run args: {"template_path": "heat_template_version: 2014-10-16\n\ndescription: Test template for rally create-update-delete scenario\n\nresources:\n test_group:\n type: OS::Heat::ResourceGroup\n properties:\n count: 2\n resource_def:\n type: OS::Heat::RandomString\n properties:\n length: 20", "updated_template_path": "heat_template_version: 2014-10-16\n\ndescription: >\n Test template for create-update-delete-stack scenario in rally.\n The template updates one resource from the stack defined by resource_group.yaml.template\n and deletes children resources from that resource.\n\nresources:\n test_group:\n type: OS::Heat::ResourceGroup\n properties:\n count: 1\n resource_def:\n type: OS::Heat::RandomString\n properties:\n length: 20"}
2019-11-08 00:51:32.166 10843 INFO rally.task.runner [-] Task 6fdbfbb8-07d3-466e-8e98-1aacb5ba7231 | ITER: 1 START
2019-11-08 00:51:32.166 10845 RALLYDEBUG rally.task.runner [-] Starting a worker. times: 10 duration: None concurrency: 1 timeout: 0 cls: method_name: run args: {"template_path": "heat_template_version: 2014-10-16\n\ndescription: Test template for rally create-update-delete scenario\n\nresources:\n test_group:\n type: OS::Heat::ResourceGroup\n properties:\n count: 2\n resource_def:\n type: OS::Heat::RandomString\n properties:\n length: 20", "updated_template_path": "heat_template_version: 2014-10-16\n\ndescription: >\n Test template for create-update-delete-stack scenario in rally.\n The template updates one resource from the stack defined by resource_group.yaml.template\n and deletes children resources from that resource.\n\nresources:\n test_group:\n type: OS::Heat::ResourceGroup\n properties:\n count: 1\n resource_def:\n type: OS::Heat::RandomString\n properties:\n length: 20"}
2019-11-08 00:51:32.169 10844 INFO rally.task.runner [-] Task 6fdbfbb8-07d3-466e-8e98-1aacb5ba7231 | ITER: 2 START
2019-11-08 00:51:32.170 10847 RALLYDEBUG rally.task.runner [-] Starting a worker. times: 10 duration: None concurrency: 1 timeout: 0 cls: method_name: run args: {"template_path": "heat_template_version: 2014-10-16\n\ndescription: Test template for rally create-update-delete scenario\n\nresources:\n test_group:\n type: OS::Heat::ResourceGroup\n properties:\n count: 2\n resource_def:\n type: OS::Heat::RandomString\n properties:\n length: 20", "updated_template_path": "heat_template_version: 2014-10-16\n\ndescription: >\n Test template for create-update-delete-stack scenario in rally.\n The template updates one resource from the stack defined by resource_group.yaml.template\n and deletes children resources from that resource.\n\nresources:\n test_group:\n type: OS::Heat::ResourceGroup\n properties:\n count: 1\n resource_def:\n type: OS::Heat::RandomString\n properties:\n length: 20"}
2019-11-08 00:51:32.174 10845 INFO rally.task.runner [-] Task 6fdbfbb8-07d3-466e-8e98-1aacb5ba7231 | ITER: 3 START
2019-11-08 00:51:32.176 10847 INFO rally.task.runner [-] Task 6fdbfbb8-07d3-466e-8e98-1aacb5ba7231 | ITER: 4 START
2019-11-08 00:51:36.632 10844 RALLYDEBUG rally.task.utils [-] Waiting for resource . Status changed: CREATE_IN_PROGRESS => CREATE_COMPLETE in 1.1409497261047363
2019-11-08 00:51:36.695 10843 RALLYDEBUG rally.task.utils [-] Waiting for resource . Status changed: CREATE_IN_PROGRESS => CREATE_COMPLETE in 1.1357855796813965
2019-11-08 00:51:36.696 10847 RALLYDEBUG rally.task.utils [-] Waiting for resource . Status changed: CREATE_IN_PROGRESS => CREATE_COMPLETE in 1.1412742137908936
2019-11-08 00:51:36.718 10845 RALLYDEBUG rally.task.utils [-] Waiting for resource . Status changed: CREATE_IN_PROGRESS => CREATE_COMPLETE in 1.1399524211883545
2019-11-08 00:51:38.818 10844 RALLYDEBUG rally.task.utils [-] Waiting for resource . Status changed: CREATE_COMPLETE => UPDATE_IN_PROGRESS in 0.07715177536010742
2019-11-08 00:51:38.861 10847 RALLYDEBUG rally.task.utils [-] Waiting for resource . Status changed: CREATE_COMPLETE => UPDATE_IN_PROGRESS in 0.06663894653320312
2019-11-08 00:51:38.867 10843 RALLYDEBUG rally.task.utils [-] Waiting for resource . Status changed: CREATE_COMPLETE => UPDATE_IN_PROGRESS in 0.06928610801696777
2019-11-08 00:51:38.880 10845 RALLYDEBUG rally.task.utils [-] Waiting for resource . Status changed: CREATE_COMPLETE => UPDATE_IN_PROGRESS in 0.06227612495422363
2019-11-08 00:51:39.885 10844 RALLYDEBUG rally.task.utils [-] Waiting for resource . Status changed: UPDATE_IN_PROGRESS => UPDATE_COMPLETE in 1.066474437713623
2019-11-08 00:51:39.934 10847 RALLYDEBUG rally.task.utils [-] Waiting for resource . Status changed: UPDATE_IN_PROGRESS => UPDATE_COMPLETE in 1.0736477375030518
2019-11-08 00:51:39.934 10843 RALLYDEBUG rally.task.utils [-] Waiting for resource . Status changed: UPDATE_IN_PROGRESS => UPDATE_COMPLETE in 1.066871166229248
2019-11-08 00:51:39.948 10845 RALLYDEBUG rally.task.utils [-] Waiting for resource . Status changed: UPDATE_IN_PROGRESS => UPDATE_COMPLETE in 1.0675604343414307
2019-11-08 00:51:40.006 10844 RALLYDEBUG rally.task.utils [-] Waiting for resource . Status changed: CREATE_COMPLETE => DELETE_IN_PROGRESS in 0.050215721130371094
2019-11-08 00:51:40.050 10847 RALLYDEBUG rally.task.utils [-] Waiting for resource . Status changed: CREATE_COMPLETE => DELETE_IN_PROGRESS in 0.05678606033325195
2019-11-08 00:51:40.052 10843 RALLYDEBUG rally.task.utils [-] Waiting for resource . Status changed: CREATE_COMPLETE => DELETE_IN_PROGRESS in 0.05655074119567871
2019-11-08 00:51:40.079 10845 RALLYDEBUG rally.task.utils [-] Waiting for resource . Status changed: CREATE_COMPLETE => DELETE_IN_PROGRESS in 0.049004316329956055
2019-11-08 00:51:42.132 10844 INFO rally.task.runner [-] Task 6fdbfbb8-07d3-466e-8e98-1aacb5ba7231 | ITER: 2 END: OK
2019-11-08 00:51:42.136 10844 INFO rally.task.runner [-] Task 6fdbfbb8-07d3-466e-8e98-1aacb5ba7231 | ITER: 5 START
2019-11-08 00:51:42.178 10847 INFO rally.task.runner [-] Task 6fdbfbb8-07d3-466e-8e98-1aacb5ba7231 | ITER: 4 END: OK
2019-11-08 00:51:42.181 10843 INFO rally.task.runner [-] Task 6fdbfbb8-07d3-466e-8e98-1aacb5ba7231 | ITER: 1 END: OK
2019-11-08 00:51:42.183 10847 INFO rally.task.runner [-] Task 6fdbfbb8-07d3-466e-8e98-1aacb5ba7231 | ITER: 6 START
2019-11-08 00:51:42.186 10843 INFO rally.task.runner [-] Task 6fdbfbb8-07d3-466e-8e98-1aacb5ba7231 | ITER: 7 START
2019-11-08 00:51:42.189 10845 INFO rally.task.runner [-] Task 6fdbfbb8-07d3-466e-8e98-1aacb5ba7231 | ITER: 3 END: OK
2019-11-08 00:51:42.193 10845 INFO rally.task.runner [-] Task 6fdbfbb8-07d3-466e-8e98-1aacb5ba7231 | ITER: 8 START
2019-11-08 00:51:46.689 10843 RALLYDEBUG rally.task.utils [-] Waiting for resource . Status changed: CREATE_IN_PROGRESS => CREATE_COMPLETE in 1.139512062072754
2019-11-08 00:51:46.698 10844 RALLYDEBUG rally.task.utils [-] Waiting for resource . Status changed: CREATE_IN_PROGRESS => CREATE_COMPLETE in 1.136244773864746
2019-11-08 00:51:46.706 10845 RALLYDEBUG rally.task.utils [-] Waiting for resource . Status changed: CREATE_IN_PROGRESS => CREATE_COMPLETE in 1.1362576484680176
2019-11-08 00:51:46.740 10847 RALLYDEBUG rally.task.utils [-] Waiting for resource . Status changed: CREATE_IN_PROGRESS => CREATE_COMPLETE in 1.1312403678894043
2019-11-08 00:51:48.863 10844 RALLYDEBUG rally.task.utils [-] Waiting for resource . Status changed: CREATE_COMPLETE => UPDATE_IN_PROGRESS in 0.07079339027404785
2019-11-08 00:51:48.917 10843 RALLYDEBUG rally.task.utils [-] Waiting for resource . Status changed: CREATE_COMPLETE => UPDATE_IN_PROGRESS in 0.07007122039794922
2019-11-08 00:51:48.917 10847 RALLYDEBUG rally.task.utils [-] Waiting for resource . Status changed: CREATE_COMPLETE => UPDATE_IN_PROGRESS in 0.06897997856140137
2019-11-08 00:51:48.925 10845 RALLYDEBUG rally.task.utils [-] Waiting for resource . Status changed: CREATE_COMPLETE => UPDATE_IN_PROGRESS in 0.07782101631164551
2019-11-08 00:51:49.938 10844 RALLYDEBUG rally.task.utils [-] Waiting for resource . Status changed: UPDATE_IN_PROGRESS => UPDATE_COMPLETE in 1.07491135597229
2019-11-08 00:51:49.979 10847 RALLYDEBUG rally.task.utils [-] Waiting for resource . Status changed: UPDATE_IN_PROGRESS => UPDATE_COMPLETE in 1.061875343322754
2019-11-08 00:51:49.981 10843 RALLYDEBUG rally.task.utils [-] Waiting for resource . Status changed: UPDATE_IN_PROGRESS => UPDATE_COMPLETE in 1.0636794567108154
2019-11-08 00:51:49.989 10845 RALLYDEBUG rally.task.utils [-] Waiting for resource . Status changed: UPDATE_IN_PROGRESS => UPDATE_COMPLETE in 1.0639727115631104
2019-11-08 00:51:50.049 10844 RALLYDEBUG rally.task.utils [-] Waiting for resource . Status changed: CREATE_COMPLETE => DELETE_IN_PROGRESS in 0.04993152618408203
2019-11-08 00:51:50.096 10847 RALLYDEBUG rally.task.utils [-] Waiting for resource . Status changed: CREATE_COMPLETE => DELETE_IN_PROGRESS in 0.05266165733337402
2019-11-08 00:51:50.101 10845 RALLYDEBUG rally.task.utils [-] Waiting for resource . Status changed: CREATE_COMPLETE => DELETE_IN_PROGRESS in 0.05325627326965332
2019-11-08 00:51:50.115 10843 RALLYDEBUG rally.task.utils [-] Waiting for resource . Status changed: CREATE_COMPLETE => DELETE_IN_PROGRESS in 0.047540903091430664
2019-11-08 00:51:52.174 10844 INFO rally.task.runner [-] Task 6fdbfbb8-07d3-466e-8e98-1aacb5ba7231 | ITER: 5 END: OK
2019-11-08 00:51:52.180 10844 INFO rally.task.runner [-] Task 6fdbfbb8-07d3-466e-8e98-1aacb5ba7231 | ITER: 9 START
2019-11-08 00:51:52.232 10845 INFO rally.task.runner [-] Task 6fdbfbb8-07d3-466e-8e98-1aacb5ba7231 | ITER: 8 END: OK
2019-11-08 00:51:52.233 10847 INFO rally.task.runner [-] Task 6fdbfbb8-07d3-466e-8e98-1aacb5ba7231 | ITER: 6 END: OK
2019-11-08 00:51:52.235 10843 INFO rally.task.runner [-] Task 6fdbfbb8-07d3-466e-8e98-1aacb5ba7231 | ITER: 7 END: OK
2019-11-08 00:51:52.240 10845 INFO rally.task.runner [-] Task 6fdbfbb8-07d3-466e-8e98-1aacb5ba7231 | ITER: 10 START
2019-11-08 00:51:56.773 10844 RALLYDEBUG rally.task.utils [-] Waiting for resource . Status changed: CREATE_IN_PROGRESS => CREATE_COMPLETE in 1.1415081024169922
2019-11-08 00:51:56.776 10845 RALLYDEBUG rally.task.utils [-] Waiting for resource . Status changed: CREATE_IN_PROGRESS => CREATE_COMPLETE in 1.1433651447296143
2019-11-08 00:51:58.959 10844 RALLYDEBUG rally.task.utils [-] Waiting for resource . Status changed: CREATE_COMPLETE => UPDATE_IN_PROGRESS in 0.07284283638000488
2019-11-08 00:51:58.966 10845 RALLYDEBUG rally.task.utils [-] Waiting for resource . Status changed: CREATE_COMPLETE => UPDATE_IN_PROGRESS in 0.07256722450256348
2019-11-08 00:52:00.029 10844 RALLYDEBUG rally.task.utils [-] Waiting for resource . Status changed: UPDATE_IN_PROGRESS => UPDATE_COMPLETE in 1.069875717163086
2019-11-08 00:52:00.045 10845 RALLYDEBUG rally.task.utils [-] Waiting for resource . Status changed: UPDATE_IN_PROGRESS => UPDATE_COMPLETE in 1.0792057514190674
2019-11-08 00:52:00.153 10844 RALLYDEBUG rally.task.utils [-] Waiting for resource . Status changed: CREATE_COMPLETE => DELETE_IN_PROGRESS in 0.05905938148498535
2019-11-08 00:52:00.158 10845 RALLYDEBUG rally.task.utils [-] Waiting for resource . Status changed: CREATE_COMPLETE => DELETE_IN_PROGRESS in 0.054834604263305664
2019-11-08 00:52:02.273 10844 INFO rally.task.runner [-] Task 6fdbfbb8-07d3-466e-8e98-1aacb5ba7231 | ITER: 9 END: OK
2019-11-08 00:52:02.278 10845 INFO rally.task.runner [-] Task 6fdbfbb8-07d3-466e-8e98-1aacb5ba7231 | ITER: 10 END: OK
2019-11-08 00:52:02.307 8497 INFO rally.task.context [-] Task 6fdbfbb8-07d3-466e-8e98-1aacb5ba7231 | Context cleanup@openstack cleanup() started
2019-11-08 00:52:02.311 8497 RALLYDEBUG rally_openstack.cleanup.manager [-] Cleaning up heat stacks objects
2019-11-08 00:52:03.849 8497 INFO rally.task.context [-] Task 6fdbfbb8-07d3-466e-8e98-1aacb5ba7231 | Context cleanup@openstack cleanup() finished in 1.54 sec
2019-11-08 00:52:03.850 8497 INFO rally.task.context [-] Task 6fdbfbb8-07d3-466e-8e98-1aacb5ba7231 | Context roles@openstack cleanup() started
2019-11-08 00:52:03.850 8497 RALLYDEBUG rally_openstack.contexts.keystone.roles [-] Removing assigned role 1ec535b504134a13af3f8294117a30d7 from all users
2019-11-08 00:52:04.799 8497 INFO rally.task.context [-] Task 6fdbfbb8-07d3-466e-8e98-1aacb5ba7231 | Context roles@openstack cleanup() finished in 0.95 sec
2019-11-08 00:52:04.800 8497 INFO rally.task.context [-] Task 6fdbfbb8-07d3-466e-8e98-1aacb5ba7231 | Context users@openstack cleanup() started
2019-11-08 00:52:09.381 8497 INFO rally.task.context [-] Task 6fdbfbb8-07d3-466e-8e98-1aacb5ba7231 | Context users@openstack cleanup() finished in 4.58 sec
2019-11-08 00:52:09.952 8497 INFO rally.task.engine [-] Load duration is: 26.110121
2019-11-08 00:52:09.952 8497 INFO rally.task.engine [-] Full runner duration is: 30.160384
2019-11-08 00:52:09.953 8497 INFO rally.task.engine [-] Full duration is: 45.709215
2019-11-08 00:52:10.209 8497 INFO rally.task.engine [-] Running workload: position = 5 config = { "version": 2, "title": "A cropped version of a bigger task.", "description": "Auto-generated task from a single workload (uuid=6d5f8696-8f7a-4501-9efb-c6c232bb4f2f)", "subtasks": [ { "title": "HeatStacks.create_update_delete_stack", "description": "Create, update and then delete a stack.", "scenario": { "HeatStacks.create_update_delete_stack": { "template_path": "/usr/lib/python3.6/site-packages/functest/opnfv_tests/openstack/rally/scenario/templates/random_strings.yaml.template", "updated_template_path": "/usr/lib/python3.6/site-packages/functest/opnfv_tests/openstack/rally/scenario/templates/updated_random_strings_replace.yaml.template" } }, "contexts": { "users": { "tenants": 3, "users_per_tenant": 2 }, "roles": [ "heat_stack_owner" ] }, "runner": { "constant": { "concurrency": 4, "times": 10 } }, "hooks": [], "sla": { "failure_rate": { "max": 0 } } } ] }
2019-11-08 00:52:10.233 8497 RALLYDEBUG rally_openstack.contexts.keystone.users [-] Creating 3 tenants using 20 threads
2019-11-08 00:52:11.247 8497 RALLYDEBUG rally_openstack.contexts.keystone.users [-] Creating 6 users using 20 threads
2019-11-08 00:52:12.841 8497 INFO rally.task.context [-] Task 6fdbfbb8-07d3-466e-8e98-1aacb5ba7231 | Context users@openstack setup() finished in 2.61 sec
2019-11-08 00:52:13.609 8497 RALLYDEBUG rally_openstack.contexts.keystone.roles [-] Adding role heat_stack_owner having ID 1ec535b504134a13af3f8294117a30d7 to all users using 30 threads
2019-11-08 00:52:18.834 8497 INFO rally.task.context [-] Task 6fdbfbb8-07d3-466e-8e98-1aacb5ba7231 | Context roles@openstack setup() finished in 5.99 sec
2019-11-08 00:52:18.835 8497 INFO rally.task.context [-] Task 6fdbfbb8-07d3-466e-8e98-1aacb5ba7231 | Context cleanup@openstack setup() finished in 0.01 msec
2019-11-08 00:52:18.841 8497 RALLYDEBUG rally.task.runner [-] Starting the constant runner (task UUID: 6fdbfbb8-07d3-466e-8e98-1aacb5ba7231). times: 10 concurrency: 4 timeout: 0 max_cpu_used: 16 processes_to_start: 4 concurrency_per_worker: 1 concurrency_overhead: 0
2019-11-08 00:52:18.852 11027 RALLYDEBUG rally.task.runner [-] Starting a worker. times: 10 duration: None concurrency: 1 timeout: 0 cls: method_name: run args: {"template_path": "heat_template_version: 2014-10-16\n\ndescription: Test template for rally create-update-delete scenario\n\nresources:\n test_string_one:\n type: OS::Heat::RandomString\n properties:\n length: 20\n test_string_two:\n type: OS::Heat::RandomString\n properties:\n length: 20", "updated_template_path": "heat_template_version: 2014-10-16\n\ndescription: >\n Test template for create-update-delete-stack scenario in rally.\n The template deletes one resource from the stack defined by\n random_strings.yaml.template and re-creates it with the updated parameters\n (so-called update-replace). That happens because some parameters cannot be\n changed without resource re-creation. The template allows to measure performance\n of update-replace operation.\n\nresources:\n test_string_one:\n type: OS::Heat::RandomString\n properties:\n length: 20\n test_string_two:\n type: OS::Heat::RandomString\n properties:\n length: 40"}
2019-11-08 00:52:18.854 11028 RALLYDEBUG rally.task.runner [-] Starting a worker. times: 10 duration: None concurrency: 1 timeout: 0 cls: method_name: run args: {"template_path": "heat_template_version: 2014-10-16\n\ndescription: Test template for rally create-update-delete scenario\n\nresources:\n test_string_one:\n type: OS::Heat::RandomString\n properties:\n length: 20\n test_string_two:\n type: OS::Heat::RandomString\n properties:\n length: 20", "updated_template_path": "heat_template_version: 2014-10-16\n\ndescription: >\n Test template for create-update-delete-stack scenario in rally.\n The template deletes one resource from the stack defined by\n random_strings.yaml.template and re-creates it with the updated parameters\n (so-called update-replace). That happens because some parameters cannot be\n changed without resource re-creation. The template allows to measure performance\n of update-replace operation.\n\nresources:\n test_string_one:\n type: OS::Heat::RandomString\n properties:\n length: 20\n test_string_two:\n type: OS::Heat::RandomString\n properties:\n length: 40"}
2019-11-08 00:52:18.856 11029 RALLYDEBUG rally.task.runner [-] Starting a worker. times: 10 duration: None concurrency: 1 timeout: 0 cls: method_name: run args: {"template_path": "heat_template_version: 2014-10-16\n\ndescription: Test template for rally create-update-delete scenario\n\nresources:\n test_string_one:\n type: OS::Heat::RandomString\n properties:\n length: 20\n test_string_two:\n type: OS::Heat::RandomString\n properties:\n length: 20", "updated_template_path": "heat_template_version: 2014-10-16\n\ndescription: >\n Test template for create-update-delete-stack scenario in rally.\n The template deletes one resource from the stack defined by\n random_strings.yaml.template and re-creates it with the updated parameters\n (so-called update-replace). That happens because some parameters cannot be\n changed without resource re-creation. The template allows to measure performance\n of update-replace operation.\n\nresources:\n test_string_one:\n type: OS::Heat::RandomString\n properties:\n length: 20\n test_string_two:\n type: OS::Heat::RandomString\n properties:\n length: 40"}
2019-11-08 00:52:18.859 11027 INFO rally.task.runner [-] Task 6fdbfbb8-07d3-466e-8e98-1aacb5ba7231 | ITER: 1 START
2019-11-08 00:52:18.859 11030 RALLYDEBUG rally.task.runner [-] Starting a worker. times: 10 duration: None concurrency: 1 timeout: 0 cls: method_name: run args: {"template_path": "heat_template_version: 2014-10-16\n\ndescription: Test template for rally create-update-delete scenario\n\nresources:\n test_string_one:\n type: OS::Heat::RandomString\n properties:\n length: 20\n test_string_two:\n type: OS::Heat::RandomString\n properties:\n length: 20", "updated_template_path": "heat_template_version: 2014-10-16\n\ndescription: >\n Test template for create-update-delete-stack scenario in rally.\n The template deletes one resource from the stack defined by\n random_strings.yaml.template and re-creates it with the updated parameters\n (so-called update-replace). That happens because some parameters cannot be\n changed without resource re-creation. The template allows to measure performance\n of update-replace operation.\n\nresources:\n test_string_one:\n type: OS::Heat::RandomString\n properties:\n length: 20\n test_string_two:\n type: OS::Heat::RandomString\n properties:\n length: 40"}
2019-11-08 00:52:18.861 11028 INFO rally.task.runner [-] Task 6fdbfbb8-07d3-466e-8e98-1aacb5ba7231 | ITER: 2 START
2019-11-08 00:52:18.863 11029 INFO rally.task.runner [-] Task 6fdbfbb8-07d3-466e-8e98-1aacb5ba7231 | ITER: 3 START
2019-11-08 00:52:18.865 11030 INFO rally.task.runner [-] Task 6fdbfbb8-07d3-466e-8e98-1aacb5ba7231 | ITER: 4 START
2019-11-08 00:52:22.283 11027 RALLYDEBUG rally.task.utils [-] Waiting for resource . Status changed: CREATE_IN_PROGRESS => CREATE_COMPLETE in 0.06660628318786621
2019-11-08 00:52:22.290 11029 RALLYDEBUG rally.task.utils [-] Waiting for resource . Status changed: CREATE_IN_PROGRESS => CREATE_COMPLETE in 0.06359338760375977
2019-11-08 00:52:22.320 11030 RALLYDEBUG rally.task.utils [-] Waiting for resource . Status changed: CREATE_IN_PROGRESS => CREATE_COMPLETE in 0.06127166748046875
2019-11-08 00:52:22.380 11028 RALLYDEBUG rally.task.utils [-] Waiting for resource . Status changed: CREATE_IN_PROGRESS => CREATE_COMPLETE in 0.07547831535339355
2019-11-08 00:52:24.461 11029 RALLYDEBUG rally.task.utils [-] Waiting for resource . Status changed: CREATE_COMPLETE => UPDATE_COMPLETE in 0.07254242897033691
2019-11-08 00:52:24.471 11027 RALLYDEBUG rally.task.utils [-] Waiting for resource . Status changed: CREATE_COMPLETE => UPDATE_COMPLETE in 0.06623435020446777
2019-11-08 00:52:24.498 11030 RALLYDEBUG rally.task.utils [-] Waiting for resource . Status changed: CREATE_COMPLETE => UPDATE_COMPLETE in 0.06989884376525879
2019-11-08 00:52:24.545 11028 RALLYDEBUG rally.task.utils [-] Waiting for resource . Status changed: CREATE_COMPLETE => UPDATE_COMPLETE in 0.07053279876708984
2019-11-08 00:52:24.575 11029 RALLYDEBUG rally.task.utils [-] Waiting for resource . Status changed: CREATE_COMPLETE => DELETE_IN_PROGRESS in 0.05245709419250488
2019-11-08 00:52:24.576 11027 RALLYDEBUG rally.task.utils [-] Waiting for resource . Status changed: CREATE_COMPLETE => DELETE_IN_PROGRESS in 0.05119490623474121
2019-11-08 00:52:24.600 11030 RALLYDEBUG rally.task.utils [-] Waiting for resource . Status changed: CREATE_COMPLETE => DELETE_IN_PROGRESS in 0.04429507255554199
2019-11-08 00:52:24.646 11028 RALLYDEBUG rally.task.utils [-] Waiting for resource . Status changed: CREATE_COMPLETE => DELETE_IN_PROGRESS in 0.04616975784301758
2019-11-08 00:52:25.645 11029 INFO rally.task.runner [-] Task 6fdbfbb8-07d3-466e-8e98-1aacb5ba7231 | ITER: 3 END: OK
2019-11-08 00:52:25.649 11029 INFO rally.task.runner [-] Task 6fdbfbb8-07d3-466e-8e98-1aacb5ba7231 | ITER: 5 START
2019-11-08 00:52:25.652 11027 INFO rally.task.runner [-] Task 6fdbfbb8-07d3-466e-8e98-1aacb5ba7231 | ITER: 1 END: OK
2019-11-08 00:52:25.657 11027 INFO rally.task.runner [-] Task 6fdbfbb8-07d3-466e-8e98-1aacb5ba7231 | ITER: 6 START
2019-11-08 00:52:26.713 11030 INFO rally.task.runner [-] Task 6fdbfbb8-07d3-466e-8e98-1aacb5ba7231 | ITER: 4 END: OK
2019-11-08 00:52:26.717 11030 INFO rally.task.runner [-] Task 6fdbfbb8-07d3-466e-8e98-1aacb5ba7231 | ITER: 7 START
2019-11-08 00:52:26.761 11028 INFO rally.task.runner [-] Task 6fdbfbb8-07d3-466e-8e98-1aacb5ba7231 | ITER: 2 END: OK
2019-11-08 00:52:26.766 11028 INFO rally.task.runner [-] Task 6fdbfbb8-07d3-466e-8e98-1aacb5ba7231 | ITER: 8 START
2019-11-08 00:52:29.137 11029 RALLYDEBUG rally.task.utils [-] Waiting for resource . Status changed: CREATE_IN_PROGRESS => CREATE_COMPLETE in 0.07249045372009277
2019-11-08 00:52:29.172 11027 RALLYDEBUG rally.task.utils [-] Waiting for resource . Status changed: CREATE_IN_PROGRESS => CREATE_COMPLETE in 0.07587051391601562
2019-11-08 00:52:30.144 11028 RALLYDEBUG rally.task.utils [-] Waiting for resource . Status changed: CREATE_IN_PROGRESS => CREATE_COMPLETE in 0.07189297676086426
2019-11-08 00:52:30.210 11030 RALLYDEBUG rally.task.utils [-] Waiting for resource . Status changed: CREATE_IN_PROGRESS => CREATE_COMPLETE in 0.0700380802154541
2019-11-08 00:52:31.314 11029 RALLYDEBUG rally.task.utils [-] Waiting for resource . Status changed: CREATE_COMPLETE => UPDATE_COMPLETE in 0.06769800186157227
2019-11-08 00:52:31.345 11027 RALLYDEBUG rally.task.utils [-] Waiting for resource . Status changed: CREATE_COMPLETE => UPDATE_COMPLETE in 0.06881070137023926
2019-11-08 00:52:31.453 11029 RALLYDEBUG rally.task.utils [-] Waiting for resource . Status changed: CREATE_COMPLETE => DELETE_IN_PROGRESS in 0.05283403396606445
2019-11-08 00:52:31.471 11027 RALLYDEBUG rally.task.utils [-] Waiting for resource . Status changed: CREATE_COMPLETE => DELETE_IN_PROGRESS in 0.04837346076965332
2019-11-08 00:52:32.321 11028 RALLYDEBUG rally.task.utils [-] Waiting for resource . Status changed: CREATE_COMPLETE => UPDATE_COMPLETE in 0.06811237335205078
2019-11-08 00:52:32.380 11030 RALLYDEBUG rally.task.utils [-] Waiting for resource . Status changed: CREATE_COMPLETE => UPDATE_COMPLETE in 0.06414794921875
2019-11-08 00:52:32.439 11028 RALLYDEBUG rally.task.utils [-] Waiting for resource . Status changed: CREATE_COMPLETE => DELETE_IN_PROGRESS in 0.048944711685180664
2019-11-08 00:52:32.494 11030 RALLYDEBUG rally.task.utils [-] Waiting for resource . Status changed: CREATE_COMPLETE => DELETE_IN_PROGRESS in 0.050339460372924805
2019-11-08 00:52:33.567 11029 INFO rally.task.runner [-] Task 6fdbfbb8-07d3-466e-8e98-1aacb5ba7231 | ITER: 5 END: OK
2019-11-08 00:52:33.570 11029 INFO rally.task.runner [-] Task 6fdbfbb8-07d3-466e-8e98-1aacb5ba7231 | ITER: 9 START
2019-11-08 00:52:33.575 11027 INFO rally.task.runner [-] Task 6fdbfbb8-07d3-466e-8e98-1aacb5ba7231 | ITER: 6 END: OK
2019-11-08 00:52:33.579 11027 INFO rally.task.runner [-] Task 6fdbfbb8-07d3-466e-8e98-1aacb5ba7231 | ITER: 10 START
2019-11-08 00:52:34.554 11028 INFO rally.task.runner [-] Task 6fdbfbb8-07d3-466e-8e98-1aacb5ba7231 | ITER: 8 END: OK
2019-11-08 00:52:34.596 11030 INFO rally.task.runner [-] Task 6fdbfbb8-07d3-466e-8e98-1aacb5ba7231 | ITER: 7 END: OK
2019-11-08 00:52:37.044 11027 RALLYDEBUG rally.task.utils [-] Waiting for resource . Status changed: CREATE_IN_PROGRESS => CREATE_COMPLETE in 0.0641791820526123
2019-11-08 00:52:37.050 11029 RALLYDEBUG rally.task.utils [-] Waiting for resource . Status changed: CREATE_IN_PROGRESS => CREATE_COMPLETE in 0.07200789451599121
2019-11-08 00:52:39.241 11029 RALLYDEBUG rally.task.utils [-] Waiting for resource . Status changed: CREATE_COMPLETE => UPDATE_COMPLETE in 0.07608675956726074
2019-11-08 00:52:39.241 11027 RALLYDEBUG rally.task.utils [-] Waiting for resource . Status changed: CREATE_COMPLETE => UPDATE_COMPLETE in 0.0761115550994873
2019-11-08 00:52:39.352 11027 RALLYDEBUG rally.task.utils [-] Waiting for resource . Status changed: CREATE_COMPLETE => DELETE_IN_PROGRESS in 0.05354881286621094
2019-11-08 00:52:39.352 11029 RALLYDEBUG rally.task.utils [-] Waiting for resource . Status changed: CREATE_COMPLETE => DELETE_IN_PROGRESS in 0.052733421325683594
2019-11-08 00:52:40.413 11029 INFO rally.task.runner [-] Task 6fdbfbb8-07d3-466e-8e98-1aacb5ba7231 | ITER: 9 END: OK
2019-11-08 00:52:40.414 11027 INFO rally.task.runner [-] Task 6fdbfbb8-07d3-466e-8e98-1aacb5ba7231 | ITER: 10 END: OK
2019-11-08 00:52:40.443 8497 INFO rally.task.context [-] Task 6fdbfbb8-07d3-466e-8e98-1aacb5ba7231 | Context cleanup@openstack cleanup() started
2019-11-08 00:52:40.446 8497 RALLYDEBUG rally_openstack.cleanup.manager [-] Cleaning up heat stacks objects
2019-11-08 00:52:41.836 8497 RALLYDEBUG rally_openstack.cleanup.manager [-] Deleting heat.stacks object s_rally_6d5f8696_sADayfvX (eaf0ad7c-8696-4017-b105-f6433ca0f0be)
2019-11-08 00:52:41.846 8497 RALLYDEBUG rally_openstack.cleanup.manager [-] Deleting heat.stacks object s_rally_6d5f8696_4biT1xVU (5dba294e-5469-44a4-b438-76594ec0cb8d)
2019-11-08 00:52:42.421 8497 ERROR rally_openstack.cleanup.manager [-] Resource deletion failed, max retries exceeded for heat.stacks: eaf0ad7c-8696-4017-b105-f6433ca0f0be.: heatclient.exc.HTTPNotFound: ERROR: The Stack (s_rally_6d5f8696_sADayfvX) could not be found.
2019-11-08 00:52:42.421 8497 ERROR rally_openstack.cleanup.manager
Traceback (most recent call last):
2019-11-08 00:52:42.421 8497 ERROR rally_openstack.cleanup.manager
File "/usr/lib/python3.6/site-packages/rally_openstack/cleanup/manager.py", line 85, in _delete_single_resource
2019-11-08 00:52:42.421 8497 ERROR rally_openstack.cleanup.manager rutils.retry(resource._max_attempts, resource.delete)
2019-11-08 00:52:42.421 8497 ERROR rally_openstack.cleanup.manager
File "/usr/lib/python3.6/site-packages/rally/common/utils.py", line 230, in retry
2019-11-08 00:52:42.421 8497 ERROR rally_openstack.cleanup.manager return func(*args, **kwargs)
2019-11-08 00:52:42.421 8497 ERROR rally_openstack.cleanup.manager
File "/usr/lib/python3.6/site-packages/rally_openstack/cleanup/base.py", line 129, in delete
2019-11-08 00:52:42.421 8497 ERROR rally_openstack.cleanup.manager self._manager().delete(self.id())
2019-11-08 00:52:42.421 8497 ERROR rally_openstack.cleanup.manager
File "/usr/lib/python3.6/site-packages/heatclient/v1/stacks.py", line 201, in delete
2019-11-08 00:52:42.421 8497 ERROR rally_openstack.cleanup.manager self._delete("/stacks/%s" % stack_id)
2019-11-08 00:52:42.421 8497 ERROR rally_openstack.cleanup.manager
File "/usr/lib/python3.6/site-packages/heatclient/common/base.py", line 207, in _delete
2019-11-08 00:52:42.421 8497 ERROR rally_openstack.cleanup.manager return self.client.delete(url)
2019-11-08 00:52:42.421 8497 ERROR rally_openstack.cleanup.manager
File "/usr/lib/python3.6/site-packages/keystoneauth1/adapter.py", line 390, in delete
2019-11-08 00:52:42.421 8497 ERROR rally_openstack.cleanup.manager return self.request(url, 'DELETE', **kwargs)
2019-11-08 00:52:42.421 8497 ERROR rally_openstack.cleanup.manager
File "/usr/lib/python3.6/site-packages/heatclient/common/http.py", line 320, in request
2019-11-08 00:52:42.421 8497 ERROR rally_openstack.cleanup.manager raise exc.from_response(resp)
2019-11-08 00:52:42.421 8497 ERROR rally_openstack.cleanup.manager heatclient.exc.HTTPNotFound: ERROR: The Stack (s_rally_6d5f8696_sADayfvX) could not be found.
2019-11-08 00:52:42.421 8497 ERROR rally_openstack.cleanup.manager
2019-11-08 00:52:42.421 8497 ERROR rally_openstack.cleanup.manager [-] Resource deletion failed, max retries exceeded for heat.stacks: 5dba294e-5469-44a4-b438-76594ec0cb8d.: heatclient.exc.HTTPNotFound: ERROR: The Stack (s_rally_6d5f8696_4biT1xVU) could not be found.
2019-11-08 00:52:42.421 8497 ERROR rally_openstack.cleanup.manager
Traceback (most recent call last):
2019-11-08 00:52:42.421 8497 ERROR rally_openstack.cleanup.manager
File "/usr/lib/python3.6/site-packages/rally_openstack/cleanup/manager.py", line 85, in _delete_single_resource
2019-11-08 00:52:42.421 8497 ERROR rally_openstack.cleanup.manager rutils.retry(resource._max_attempts, resource.delete)
2019-11-08 00:52:42.421 8497 ERROR rally_openstack.cleanup.manager
File "/usr/lib/python3.6/site-packages/rally/common/utils.py", line 230, in retry
2019-11-08 00:52:42.421 8497 ERROR rally_openstack.cleanup.manager return func(*args, **kwargs)
2019-11-08 00:52:42.421 8497 ERROR rally_openstack.cleanup.manager
File "/usr/lib/python3.6/site-packages/rally_openstack/cleanup/base.py", line 129, in delete
2019-11-08 00:52:42.421 8497 ERROR rally_openstack.cleanup.manager self._manager().delete(self.id())
2019-11-08 00:52:42.421 8497 ERROR rally_openstack.cleanup.manager
File "/usr/lib/python3.6/site-packages/heatclient/v1/stacks.py", line 201, in delete
2019-11-08 00:52:42.421 8497 ERROR rally_openstack.cleanup.manager self._delete("/stacks/%s" % stack_id)
2019-11-08 00:52:42.421 8497 ERROR rally_openstack.cleanup.manager
File "/usr/lib/python3.6/site-packages/heatclient/common/base.py", line 207, in _delete
2019-11-08 00:52:42.421 8497 ERROR rally_openstack.cleanup.manager return self.client.delete(url)
2019-11-08 00:52:42.421 8497 ERROR rally_openstack.cleanup.manager
File "/usr/lib/python3.6/site-packages/keystoneauth1/adapter.py", line 390, in delete
2019-11-08 00:52:42.421 8497 ERROR rally_openstack.cleanup.manager return self.request(url, 'DELETE', **kwargs)
2019-11-08 00:52:42.421 8497 ERROR rally_openstack.cleanup.manager
File "/usr/lib/python3.6/site-packages/heatclient/common/http.py", line 320, in request
2019-11-08 00:52:42.421 8497 ERROR rally_openstack.cleanup.manager raise exc.from_response(resp)
2019-11-08 00:52:42.421 8497 ERROR rally_openstack.cleanup.manager heatclient.exc.HTTPNotFound: ERROR: The Stack (s_rally_6d5f8696_4biT1xVU) could not be found.
2019-11-08 00:52:42.421 8497 ERROR rally_openstack.cleanup.manager
2019-11-08 00:52:42.428 8497 INFO rally.task.context [-] Task 6fdbfbb8-07d3-466e-8e98-1aacb5ba7231 | Context cleanup@openstack cleanup() finished in 1.98 sec
2019-11-08 00:52:42.429 8497 INFO rally.task.context [-] Task 6fdbfbb8-07d3-466e-8e98-1aacb5ba7231 | Context roles@openstack cleanup() started
2019-11-08 00:52:42.429 8497 RALLYDEBUG rally_openstack.contexts.keystone.roles [-] Removing assigned role 1ec535b504134a13af3f8294117a30d7 from all users
2019-11-08 00:52:43.371 8497 INFO rally.task.context [-] Task 6fdbfbb8-07d3-466e-8e98-1aacb5ba7231 | Context roles@openstack cleanup() finished in 0.94 sec
2019-11-08 00:52:43.372 8497 INFO rally.task.context [-] Task 6fdbfbb8-07d3-466e-8e98-1aacb5ba7231 | Context users@openstack cleanup() started
2019-11-08 00:52:47.992 8497 INFO rally.task.context [-] Task 6fdbfbb8-07d3-466e-8e98-1aacb5ba7231 | Context users@openstack cleanup() finished in 4.62 sec
2019-11-08 00:52:48.522 8497 INFO rally.task.engine [-] Load duration is: 17.553928
2019-11-08 00:52:48.523 8497 INFO rally.task.engine [-] Full runner duration is: 21.602702
2019-11-08 00:52:48.523 8497 INFO rally.task.engine [-] Full duration is: 37.760885
2019-11-08 00:52:48.808 8497 INFO rally.task.engine [-] Running workload: position = 0 config = { "version": 2, "title": "A cropped version of a bigger task.", "description": "Auto-generated task from a single workload (uuid=9bd8b52d-f7a8-4349-9f01-9d37a027bc0b)", "subtasks": [ { "title": "HeatStacks.create_check_delete_stack", "description": "Create, check and delete a stack.", "scenario": { "HeatStacks.create_check_delete_stack": { "template_path": "/usr/lib/python3.6/site-packages/functest/opnfv_tests/openstack/rally/scenario/templates/random_strings.yaml.template" } }, "contexts": { "users": { "tenants": 3, "users_per_tenant": 2 }, "roles": [ "heat_stack_owner" ] }, "runner": { "constant": { "concurrency": 4, "times": 10 } }, "hooks": [], "sla": { "failure_rate": { "max": 0 } } } ] }
2019-11-08 00:52:48.833 8497 RALLYDEBUG rally_openstack.contexts.keystone.users [-] Creating 3 tenants using 20 threads
2019-11-08 00:52:49.857 8497 RALLYDEBUG rally_openstack.contexts.keystone.users [-] Creating 6 users using 20 threads
2019-11-08 00:52:51.368 8497 INFO rally.task.context [-] Task 6fdbfbb8-07d3-466e-8e98-1aacb5ba7231 | Context users@openstack setup() finished in 2.54 sec
2019-11-08 00:52:52.138 8497 RALLYDEBUG rally_openstack.contexts.keystone.roles [-] Adding role heat_stack_owner having ID 1ec535b504134a13af3f8294117a30d7 to all users using 30 threads
2019-11-08 00:52:57.367 8497 INFO rally.task.context [-] Task 6fdbfbb8-07d3-466e-8e98-1aacb5ba7231 | Context roles@openstack setup() finished in 6.00 sec
2019-11-08 00:52:57.367 8497 INFO rally.task.context [-] Task 6fdbfbb8-07d3-466e-8e98-1aacb5ba7231 | Context cleanup@openstack setup() finished in 0.01 msec
2019-11-08 00:52:57.376 8497 RALLYDEBUG rally.task.runner [-] Starting the constant runner (task UUID: 6fdbfbb8-07d3-466e-8e98-1aacb5ba7231). times: 10 concurrency: 4 timeout: 0 max_cpu_used: 16 processes_to_start: 4 concurrency_per_worker: 1 concurrency_overhead: 0
2019-11-08 00:52:57.388 11211 RALLYDEBUG rally.task.runner [-] Starting a worker. times: 10 duration: None concurrency: 1 timeout: 0 cls: method_name: run args: {"template_path": "heat_template_version: 2014-10-16\n\ndescription: Test template for rally create-update-delete scenario\n\nresources:\n test_string_one:\n type: OS::Heat::RandomString\n properties:\n length: 20\n test_string_two:\n type: OS::Heat::RandomString\n properties:\n length: 20"}
2019-11-08 00:52:57.391 11212 RALLYDEBUG rally.task.runner [-] Starting a worker. times: 10 duration: None concurrency: 1 timeout: 0 cls: method_name: run args: {"template_path": "heat_template_version: 2014-10-16\n\ndescription: Test template for rally create-update-delete scenario\n\nresources:\n test_string_one:\n type: OS::Heat::RandomString\n properties:\n length: 20\n test_string_two:\n type: OS::Heat::RandomString\n properties:\n length: 20"}
2019-11-08 00:52:57.395 11211 INFO rally.task.runner [-] Task 6fdbfbb8-07d3-466e-8e98-1aacb5ba7231 | ITER: 1 START
2019-11-08 00:52:57.395 11213 RALLYDEBUG rally.task.runner [-] Starting a worker. times: 10 duration: None concurrency: 1 timeout: 0 cls: method_name: run args: {"template_path": "heat_template_version: 2014-10-16\n\ndescription: Test template for rally create-update-delete scenario\n\nresources:\n test_string_one:\n type: OS::Heat::RandomString\n properties:\n length: 20\n test_string_two:\n type: OS::Heat::RandomString\n properties:\n length: 20"}
2019-11-08 00:52:57.398 11212 INFO rally.task.runner [-] Task 6fdbfbb8-07d3-466e-8e98-1aacb5ba7231 | ITER: 2 START
2019-11-08 00:52:57.398 11214 RALLYDEBUG rally.task.runner [-] Starting a worker. times: 10 duration: None concurrency: 1 timeout: 0 cls: method_name: run args: {"template_path": "heat_template_version: 2014-10-16\n\ndescription: Test template for rally create-update-delete scenario\n\nresources:\n test_string_one:\n type: OS::Heat::RandomString\n properties:\n length: 20\n test_string_two:\n type: OS::Heat::RandomString\n properties:\n length: 20"}
2019-11-08 00:52:57.402 11213 INFO rally.task.runner [-] Task 6fdbfbb8-07d3-466e-8e98-1aacb5ba7231 | ITER: 3 START
