2019-11-08 01:24:46.550 20411 RALLYDEBUG rally.task.runner [-] Starting the constant runner (task UUID: ffd7f283-6e8d-4c75-9648-a8d3aa68790a). times: 10 concurrency: 4 timeout: 0 max_cpu_used: 16 processes_to_start: 4 concurrency_per_worker: 1 concurrency_overhead: 0
2019-11-08 01:24:46.562 21027 RALLYDEBUG rally.task.runner [-] Starting a worker. times: 10 duration: None concurrency: 1 timeout: 0 cls: method_name: run args: {"flavor": "acbda7d5-6b6a-491f-b75e-87ac62f6d87a", "image": "bc8acf05-522e-4dfe-b20d-f2ccfa4fb8d8", "nics": [{"net-id": "297597d3-e8e7-4f70-bfbc-91b0d6c71147"}]}
2019-11-08 01:24:46.566 21028 RALLYDEBUG rally.task.runner [-] Starting a worker. times: 10 duration: None concurrency: 1 timeout: 0 cls: method_name: run args: {"flavor": "acbda7d5-6b6a-491f-b75e-87ac62f6d87a", "image": "bc8acf05-522e-4dfe-b20d-f2ccfa4fb8d8", "nics": [{"net-id": "297597d3-e8e7-4f70-bfbc-91b0d6c71147"}]}
2019-11-08 01:24:46.570 21027 INFO rally.task.runner [-] Task ffd7f283-6e8d-4c75-9648-a8d3aa68790a | ITER: 1 START
2019-11-08 01:24:46.569 21029 RALLYDEBUG rally.task.runner [-] Starting a worker. times: 10 duration: None concurrency: 1 timeout: 0 cls: method_name: run args: {"flavor": "acbda7d5-6b6a-491f-b75e-87ac62f6d87a", "image": "bc8acf05-522e-4dfe-b20d-f2ccfa4fb8d8", "nics": [{"net-id": "297597d3-e8e7-4f70-bfbc-91b0d6c71147"}]}
2019-11-08 01:24:46.573 21028 INFO rally.task.runner [-] Task ffd7f283-6e8d-4c75-9648-a8d3aa68790a | ITER: 2 START
2019-11-08 01:24:46.573 21031 RALLYDEBUG rally.task.runner [-] Starting a worker. times: 10 duration: None concurrency: 1 timeout: 0 cls: method_name: run args: {"flavor": "acbda7d5-6b6a-491f-b75e-87ac62f6d87a", "image": "bc8acf05-522e-4dfe-b20d-f2ccfa4fb8d8", "nics": [{"net-id": "297597d3-e8e7-4f70-bfbc-91b0d6c71147"}]}
2019-11-08 01:24:46.577 21029 INFO rally.task.runner [-] Task ffd7f283-6e8d-4c75-9648-a8d3aa68790a | ITER: 3 START
2019-11-08 01:24:46.580 21031 INFO rally.task.runner [-] Task ffd7f283-6e8d-4c75-9648-a8d3aa68790a | ITER: 4 START
2019-11-08 01:24:55.624 21029 RALLYDEBUG rally.task.utils [-] Waiting for resource s_rally_f1a18dfc_LbsiEWcB. Status changed: BUILD => ACTIVE in 6.793532371520996
2019-11-08 01:24:56.214 21027 RALLYDEBUG rally.task.utils [-] Waiting for resource s_rally_f1a18dfc_B56bbuBe. Status changed: BUILD => ACTIVE in 6.79463005065918
2019-11-08 01:24:58.062 21029 INFO rally.task.runner [-] Task ffd7f283-6e8d-4c75-9648-a8d3aa68790a | ITER: 3 END: OK
2019-11-08 01:24:58.066 21029 INFO rally.task.runner [-] Task ffd7f283-6e8d-4c75-9648-a8d3aa68790a | ITER: 5 START
2019-11-08 01:24:58.410 21031 RALLYDEBUG rally.task.utils [-] Waiting for resource s_rally_f1a18dfc_sKWZWgNc. Status changed: BUILD => ACTIVE in 9.0303475856781
2019-11-08 01:24:58.591 21027 INFO rally.task.runner [-] Task ffd7f283-6e8d-4c75-9648-a8d3aa68790a | ITER: 1 END: OK
2019-11-08 01:24:58.596 21027 INFO rally.task.runner [-] Task ffd7f283-6e8d-4c75-9648-a8d3aa68790a | ITER: 6 START
2019-11-08 01:24:58.685 21028 RALLYDEBUG rally.task.utils [-] Waiting for resource s_rally_f1a18dfc_meC1X9Hi. Status changed: BUILD => ACTIVE in 9.170806646347046
2019-11-08 01:25:00.812 21031 INFO rally.task.runner [-] Task ffd7f283-6e8d-4c75-9648-a8d3aa68790a | ITER: 4 END: OK
2019-11-08 01:25:00.817 21031 INFO rally.task.runner [-] Task ffd7f283-6e8d-4c75-9648-a8d3aa68790a | ITER: 7 START
2019-11-08 01:25:01.001 21028 INFO rally.task.runner [-] Task ffd7f283-6e8d-4c75-9648-a8d3aa68790a | ITER: 2 END: OK
2019-11-08 01:25:01.005 21028 INFO rally.task.runner [-] Task ffd7f283-6e8d-4c75-9648-a8d3aa68790a | ITER: 8 START
2019-11-08 01:25:07.527 21029 RALLYDEBUG rally.task.utils [-] Waiting for resource s_rally_f1a18dfc_zDOtN1Xm. Status changed: BUILD => ACTIVE in 7.195398569107056
2019-11-08 01:25:08.506 21027 RALLYDEBUG rally.task.utils [-] Waiting for resource s_rally_f1a18dfc_x7vU8jtv. Status changed: BUILD => ACTIVE in 7.2271177768707275
2019-11-08 01:25:10.059 21029 INFO rally.task.runner [-] Task ffd7f283-6e8d-4c75-9648-a8d3aa68790a | ITER: 5 END: OK
2019-11-08 01:25:10.066 21029 INFO rally.task.runner [-] Task ffd7f283-6e8d-4c75-9648-a8d3aa68790a | ITER: 9 START
2019-11-08 01:25:10.435 21031 RALLYDEBUG rally.task.utils [-] Waiting for resource s_rally_f1a18dfc_B39zoryW. Status changed: BUILD => ACTIVE in 6.886302709579468
2019-11-08 01:25:10.783 21028 RALLYDEBUG rally.task.utils [-] Waiting for resource s_rally_f1a18dfc_zIHhwCsd. Status changed: BUILD => ACTIVE in 7.282844305038452
2019-11-08 01:25:10.887 21027 INFO rally.task.runner [-] Task ffd7f283-6e8d-4c75-9648-a8d3aa68790a | ITER: 6 END: OK
2019-11-08 01:25:10.893 21027 INFO rally.task.runner [-] Task ffd7f283-6e8d-4c75-9648-a8d3aa68790a | ITER: 10 START
2019-11-08 01:25:12.773 21031 INFO rally.task.runner [-] Task ffd7f283-6e8d-4c75-9648-a8d3aa68790a | ITER: 7 END: OK
2019-11-08 01:25:13.365 21028 INFO rally.task.runner [-] Task ffd7f283-6e8d-4c75-9648-a8d3aa68790a | ITER: 8 END: OK
2019-11-08 01:25:16.843 21029 RALLYDEBUG rally.task.utils [-] Waiting for resource s_rally_f1a18dfc_iqn72Ctu. Status changed: BUILD => ACTIVE in 4.666019439697266
2019-11-08 01:25:17.590 21027 RALLYDEBUG rally.task.utils [-] Waiting for resource s_rally_f1a18dfc_AMz7EGBz. Status changed: BUILD => ACTIVE in 4.546296834945679
2019-11-08 01:25:19.276 21029 INFO rally.task.runner [-] Task ffd7f283-6e8d-4c75-9648-a8d3aa68790a | ITER: 9 END: OK
2019-11-08 01:25:19.955 21027 INFO rally.task.runner [-] Task ffd7f283-6e8d-4c75-9648-a8d3aa68790a | ITER: 10 END: OK
2019-11-08 01:25:19.979 20411 INFO rally.task.context [-] Task ffd7f283-6e8d-4c75-9648-a8d3aa68790a | Context cleanup@openstack cleanup() started
2019-11-08 01:25:19.982 20411 RALLYDEBUG rally_openstack.cleanup.manager [-] Cleaning up nova servers objects
2019-11-08 01:25:21.383 20411 RALLYDEBUG rally_openstack.cleanup.manager [-] Cleaning up nova server_groups objects
2019-11-08 01:25:22.509 20411 RALLYDEBUG rally_openstack.cleanup.manager [-] Cleaning up nova keypairs objects
2019-11-08 01:25:24.873 20411 INFO rally.task.context [-] Task ffd7f283-6e8d-4c75-9648-a8d3aa68790a | Context cleanup@openstack cleanup() finished in 4.89 sec
2019-11-08 01:25:24.873 20411 INFO rally.task.context [-] Task ffd7f283-6e8d-4c75-9648-a8d3aa68790a | Context network@openstack cleanup() started
2019-11-08 01:25:45.733 20411 INFO rally.task.context [-] Task ffd7f283-6e8d-4c75-9648-a8d3aa68790a | Context network@openstack cleanup() finished in 20.86 sec
2019-11-08 01:25:45.734 20411 INFO rally.task.context [-] Task ffd7f283-6e8d-4c75-9648-a8d3aa68790a | Context quotas@openstack cleanup() started
2019-11-08 01:25:45.961 20411 INFO rally.task.context [-] Task ffd7f283-6e8d-4c75-9648-a8d3aa68790a | Context quotas@openstack cleanup() finished in 0.23 sec
2019-11-08 01:25:45.962 20411 INFO rally.task.context [-] Task ffd7f283-6e8d-4c75-9648-a8d3aa68790a | Context users@openstack cleanup() started
2019-11-08 01:25:49.926 20411 INFO rally.task.context [-] Task ffd7f283-6e8d-4c75-9648-a8d3aa68790a | Context users@openstack cleanup() finished in 3.96 sec
2019-11-08 01:25:51.495 20411 INFO rally.task.engine [-] Load duration is: 32.382801
2019-11-08 01:25:51.495 20411 INFO rally.task.engine [-] Full runner duration is: 33.429794
2019-11-08 01:25:51.496 20411 INFO rally.task.engine [-] Full duration is: 80.797151
2019-11-08 01:25:51.829 20411 INFO rally.task.engine [-] Running workload: position = 0 config = { "version": 2, "title": "A cropped version of a bigger task.", "description": "Auto-generated task from a single workload (uuid=36d08ef6-c7dc-442f-812c-7f60783f20ad)", "subtasks": [ { "title": "NovaServers.boot_and_list_server", "description": "Boot a server from an image and then list all servers.", "scenario": { "NovaServers.boot_and_list_server": { "detailed": true, "flavor": { "name": "rally_full-flavor_6b18c56f-4e53-4e1e-89b8-b9af639463ce" }, "image": { "name": "rally_full-img_6b18c56f-4e53-4e1e-89b8-b9af639463ce" }, "nics": [ { "net-id": "297597d3-e8e7-4f70-bfbc-91b0d6c71147" } ] } }, "contexts": { "users": { "tenants": 3, "users_per_tenant": 2 }, "network": { "networks_per_tenant": 1, "start_cidr": "100.1.0.0/25" }, "quotas": { "neutron": { "network": -1, "port": -1, "subnet": -1 }, "nova": { "cores": -1, "floating_ips": -1, "instances": -1, "ram": -1, "security_group_rules": -1, "security_groups": -1 } } }, "runner": { "constant": { "concurrency": 4, "times": 10 } }, "hooks": [], "sla": { "failure_rate": { "max": 0 } } } ] }
2019-11-08 01:25:51.854 20411 RALLYDEBUG rally_openstack.contexts.keystone.users [-] Creating 3 tenants using 20 threads
2019-11-08 01:25:52.882 20411 RALLYDEBUG rally_openstack.contexts.keystone.users [-] Creating 6 users using 20 threads
2019-11-08 01:25:54.461 20411 INFO rally.task.context [-] Task ffd7f283-6e8d-4c75-9648-a8d3aa68790a | Context users@openstack setup() finished in 2.61 sec
2019-11-08 01:25:56.053 20411 INFO rally.task.context [-] Task ffd7f283-6e8d-4c75-9648-a8d3aa68790a | Context quotas@openstack setup() finished in 1.59 sec
2019-11-08 01:25:58.223 20411 RALLYDEBUG rally_openstack.wrappers.network [-] CIDR generated: 100.1.3.0/25
2019-11-08 01:26:02.221 20411 RALLYDEBUG rally_openstack.wrappers.network [-] CIDR generated: 100.1.3.128/25
2019-11-08 01:26:05.815 20411 RALLYDEBUG rally_openstack.wrappers.network [-] CIDR generated: 100.1.4.0/25
2019-11-08 01:26:08.245 20411 INFO rally.task.context [-] Task ffd7f283-6e8d-4c75-9648-a8d3aa68790a | Context network@openstack setup() finished in 12.19 sec
2019-11-08 01:26:08.245 20411 INFO rally.task.context [-] Task ffd7f283-6e8d-4c75-9648-a8d3aa68790a | Context cleanup@openstack setup() finished in 0.01 msec
2019-11-08 01:26:09.358 20411 RALLYDEBUG rally.task.runner [-] Starting the constant runner (task UUID: ffd7f283-6e8d-4c75-9648-a8d3aa68790a). times: 10 concurrency: 4 timeout: 0 max_cpu_used: 16 processes_to_start: 4 concurrency_per_worker: 1 concurrency_overhead: 0
2019-11-08 01:26:09.369 21191 RALLYDEBUG rally.task.runner [-] Starting a worker. times: 10 duration: None concurrency: 1 timeout: 0 cls: method_name: run args: {"detailed": true, "flavor": "acbda7d5-6b6a-491f-b75e-87ac62f6d87a", "image": "bc8acf05-522e-4dfe-b20d-f2ccfa4fb8d8", "nics": [{"net-id": "297597d3-e8e7-4f70-bfbc-91b0d6c71147"}]}
2019-11-08 01:26:09.373 21192 RALLYDEBUG rally.task.runner [-] Starting a worker. times: 10 duration: None concurrency: 1 timeout: 0 cls: method_name: run args: {"detailed": true, "flavor": "acbda7d5-6b6a-491f-b75e-87ac62f6d87a", "image": "bc8acf05-522e-4dfe-b20d-f2ccfa4fb8d8", "nics": [{"net-id": "297597d3-e8e7-4f70-bfbc-91b0d6c71147"}]}
2019-11-08 01:26:09.377 21191 INFO rally.task.runner [-] Task ffd7f283-6e8d-4c75-9648-a8d3aa68790a | ITER: 1 START
2019-11-08 01:26:09.377 21193 RALLYDEBUG rally.task.runner [-] Starting a worker. times: 10 duration: None concurrency: 1 timeout: 0 cls: method_name: run args: {"detailed": true, "flavor": "acbda7d5-6b6a-491f-b75e-87ac62f6d87a", "image": "bc8acf05-522e-4dfe-b20d-f2ccfa4fb8d8", "nics": [{"net-id": "297597d3-e8e7-4f70-bfbc-91b0d6c71147"}]}
2019-11-08 01:26:09.380 21192 INFO rally.task.runner [-] Task ffd7f283-6e8d-4c75-9648-a8d3aa68790a | ITER: 2 START
2019-11-08 01:26:09.381 21194 RALLYDEBUG rally.task.runner [-] Starting a worker. times: 10 duration: None concurrency: 1 timeout: 0 cls: method_name: run args: {"detailed": true, "flavor": "acbda7d5-6b6a-491f-b75e-87ac62f6d87a", "image": "bc8acf05-522e-4dfe-b20d-f2ccfa4fb8d8", "nics": [{"net-id": "297597d3-e8e7-4f70-bfbc-91b0d6c71147"}]}
2019-11-08 01:26:09.384 21193 INFO rally.task.runner [-] Task ffd7f283-6e8d-4c75-9648-a8d3aa68790a | ITER: 3 START
2019-11-08 01:26:09.388 21194 INFO rally.task.runner [-] Task ffd7f283-6e8d-4c75-9648-a8d3aa68790a | ITER: 4 START
2019-11-08 01:26:16.127 21192 RALLYDEBUG rally.task.utils [-] Waiting for resource s_rally_36d08ef6_S8EEebKC. Status changed: BUILD => ACTIVE in 4.62545371055603
2019-11-08 01:26:16.420 21192 INFO rally.task.runner [-] Task ffd7f283-6e8d-4c75-9648-a8d3aa68790a | ITER: 2 END: OK
2019-11-08 01:26:16.425 21192 INFO rally.task.runner [-] Task ffd7f283-6e8d-4c75-9648-a8d3aa68790a | ITER: 5 START
2019-11-08 01:26:18.953 21194 RALLYDEBUG rally.task.utils [-] Waiting for resource s_rally_36d08ef6_ZPgMBIGE. Status changed: BUILD => ACTIVE in 6.91685938835144
2019-11-08 01:26:19.226 21194 INFO rally.task.runner [-] Task ffd7f283-6e8d-4c75-9648-a8d3aa68790a | ITER: 4 END: OK
2019-11-08 01:26:19.231 21194 INFO rally.task.runner [-] Task ffd7f283-6e8d-4c75-9648-a8d3aa68790a | ITER: 6 START
2019-11-08 01:26:20.894 21191 RALLYDEBUG rally.task.utils [-] Waiting for resource s_rally_36d08ef6_GIiCg7Qn. Status changed: BUILD => ACTIVE in 9.09535837173462
2019-11-08 01:26:21.242 21191 INFO rally.task.runner [-] Task ffd7f283-6e8d-4c75-9648-a8d3aa68790a | ITER: 1 END: OK
2019-11-08 01:26:21.247 21191 INFO rally.task.runner [-] Task ffd7f283-6e8d-4c75-9648-a8d3aa68790a | ITER: 7 START
2019-11-08 01:26:21.333 21193 RALLYDEBUG rally.task.utils [-] Waiting for resource s_rally_36d08ef6_cm2Ft6Qq. Status changed: BUILD => ACTIVE in 9.09540581703186
2019-11-08 01:26:21.706 21193 INFO rally.task.runner [-] Task ffd7f283-6e8d-4c75-9648-a8d3aa68790a | ITER: 3 END: OK
2019-11-08 01:26:21.710 21193 INFO rally.task.runner [-] Task ffd7f283-6e8d-4c75-9648-a8d3aa68790a | ITER: 8 START
2019-11-08 01:26:23.545 21192 RALLYDEBUG rally.task.utils [-] Waiting for resource s_rally_36d08ef6_aID1GkTU. Status changed: BUILD => ACTIVE in 4.887237548828125
2019-11-08 01:26:23.810 21192 INFO rally.task.runner [-] Task ffd7f283-6e8d-4c75-9648-a8d3aa68790a | ITER: 5 END: OK
2019-11-08 01:26:23.814 21192 INFO rally.task.runner [-] Task ffd7f283-6e8d-4c75-9648-a8d3aa68790a | ITER: 9 START
2019-11-08 01:26:28.537 21194 RALLYDEBUG rally.task.utils [-] Waiting for resource s_rally_36d08ef6_49hebaEw. Status changed: BUILD => ACTIVE in 6.823308229446411
2019-11-08 01:26:28.833 21194 INFO rally.task.runner [-] Task ffd7f283-6e8d-4c75-9648-a8d3aa68790a | ITER: 6 END: OK
2019-11-08 01:26:28.841 21194 INFO rally.task.runner [-] Task ffd7f283-6e8d-4c75-9648-a8d3aa68790a | ITER: 10 START
2019-11-08 01:26:30.390 21192 RALLYDEBUG rally.task.utils [-] Waiting for resource s_rally_36d08ef6_HCCg1rRq. Status changed: BUILD => ACTIVE in 4.498732328414917
2019-11-08 01:26:30.636 21192 INFO rally.task.runner [-] Task ffd7f283-6e8d-4c75-9648-a8d3aa68790a | ITER: 9 END: OK
2019-11-08 01:26:31.002 21193 RALLYDEBUG rally.task.utils [-] Waiting for resource s_rally_36d08ef6_g3zYUwTs. Status changed: BUILD => ACTIVE in 6.741844177246094
2019-11-08 01:26:31.240 21193 INFO rally.task.runner [-] Task ffd7f283-6e8d-4c75-9648-a8d3aa68790a | ITER: 8 END: OK
2019-11-08 01:26:32.373 21191 RALLYDEBUG rally.task.utils [-] Waiting for resource s_rally_36d08ef6_8moNYWmQ. Status changed: BUILD => ACTIVE in 9.108210802078247
2019-11-08 01:26:32.661 21191 INFO rally.task.runner [-] Task ffd7f283-6e8d-4c75-9648-a8d3aa68790a | ITER: 7 END: OK
2019-11-08 01:26:33.666 21194 RALLYDEBUG rally.task.utils [-] Waiting for resource s_rally_36d08ef6_BVwKI7T8. Status changed: BUILD => ACTIVE in 2.444532632827759
2019-11-08 01:26:34.006 21194 INFO rally.task.runner [-] Task ffd7f283-6e8d-4c75-9648-a8d3aa68790a | ITER: 10 END: OK
2019-11-08 01:26:34.030 20411 INFO rally.task.context [-] Task ffd7f283-6e8d-4c75-9648-a8d3aa68790a | Context cleanup@openstack cleanup() started
2019-11-08 01:26:34.034 20411 RALLYDEBUG rally_openstack.cleanup.manager [-] Cleaning up nova servers objects
2019-11-08 01:26:36.509 20411 RALLYDEBUG rally_openstack.cleanup.manager [-] Deleting nova.servers object s_rally_36d08ef6_BVwKI7T8 (77f6fa84-657c-43a0-8cec-6b1f2121c1b0)
2019-11-08 01:26:36.513 20411 RALLYDEBUG rally_openstack.cleanup.manager [-] Deleting nova.servers object s_rally_36d08ef6_cm2Ft6Qq (967ba260-c675-4c00-814e-57eacbdcd13a)
2019-11-08 01:26:36.522 20411 RALLYDEBUG rally_openstack.cleanup.manager [-] Deleting nova.servers object s_rally_36d08ef6_ZPgMBIGE (177006f2-fda2-47c8-915d-9e50105a1121)
2019-11-08 01:26:36.531 20411 RALLYDEBUG rally_openstack.cleanup.manager [-] Deleting nova.servers object s_rally_36d08ef6_S8EEebKC (e2fade2e-8559-46c0-9080-0c8b9ade7b9a)
2019-11-08 01:26:36.541 20411 RALLYDEBUG rally_openstack.cleanup.manager [-] Deleting nova.servers object s_rally_36d08ef6_g3zYUwTs (b8e81ead-b45d-49a6-b40c-8eb81600f8f4)
2019-11-08 01:26:36.550 20411 RALLYDEBUG rally_openstack.cleanup.manager [-] Deleting nova.servers object s_rally_36d08ef6_8moNYWmQ (aef74eb7-200a-4e86-881d-f635476852a5)
2019-11-08 01:26:36.563 20411 RALLYDEBUG rally_openstack.cleanup.manager [-] Deleting nova.servers object s_rally_36d08ef6_aID1GkTU (4d2553bf-5fdf-43f8-98f9-183384e2a368)
2019-11-08 01:26:36.575 20411 RALLYDEBUG rally_openstack.cleanup.manager [-] Deleting nova.servers object s_rally_36d08ef6_HCCg1rRq (d0c581af-83ed-4559-bd75-90c3957fb158)
2019-11-08 01:26:36.580 20411 RALLYDEBUG rally_openstack.cleanup.manager [-] Deleting nova.servers object s_rally_36d08ef6_49hebaEw (7ee8e652-bfe7-4c58-b7a6-48cbfb413d12)
2019-11-08 01:26:36.595 20411 RALLYDEBUG rally_openstack.cleanup.manager [-] Deleting nova.servers object s_rally_36d08ef6_GIiCg7Qn (6e94fb08-9187-435f-b244-82a320ec3657)
2019-11-08 01:26:42.360 20411 RALLYDEBUG rally_openstack.cleanup.manager [-] Cleaning up nova server_groups objects
2019-11-08 01:26:43.487 20411 RALLYDEBUG rally_openstack.cleanup.manager [-] Cleaning up nova keypairs objects
2019-11-08 01:26:45.767 20411 INFO rally.task.context [-] Task ffd7f283-6e8d-4c75-9648-a8d3aa68790a | Context cleanup@openstack cleanup() finished in 11.74 sec
2019-11-08 01:26:45.767 20411 INFO rally.task.context [-] Task ffd7f283-6e8d-4c75-9648-a8d3aa68790a | Context network@openstack cleanup() started
2019-11-08 01:27:08.070 20411 INFO rally.task.context [-] Task ffd7f283-6e8d-4c75-9648-a8d3aa68790a | Context network@openstack cleanup() finished in 22.30 sec
2019-11-08 01:27:08.071 20411 INFO rally.task.context [-] Task ffd7f283-6e8d-4c75-9648-a8d3aa68790a | Context quotas@openstack cleanup() started
2019-11-08 01:27:08.356 20411 INFO rally.task.context [-] Task ffd7f283-6e8d-4c75-9648-a8d3aa68790a | Context quotas@openstack cleanup() finished in 0.28 sec
2019-11-08 01:27:08.357 20411 INFO rally.task.context [-] Task ffd7f283-6e8d-4c75-9648-a8d3aa68790a | Context users@openstack cleanup() started
2019-11-08 01:27:12.225 20411 INFO rally.task.context [-] Task ffd7f283-6e8d-4c75-9648-a8d3aa68790a | Context users@openstack cleanup() finished in 3.87 sec
2019-11-08 01:27:12.262 20411 INFO rally.task.engine [-] Load duration is: 23.628034
2019-11-08 01:27:12.263 20411 INFO rally.task.engine [-] Full runner duration is: 24.673167
2019-11-08 01:27:12.263 20411 INFO rally.task.engine [-] Full duration is: 80.37416
2019-11-08 01:27:12.543 20411 INFO rally.task.engine [-] Running workload: position = 0 config = { "version": 2, "title": "A cropped version of a bigger task.", "description": "Auto-generated task from a single workload (uuid=148ec409-910c-41b2-92bf-0c5a35330f9d)", "subtasks": [ { "title": "NovaServers.boot_and_rebuild_server", "description": "Rebuild a server.", "scenario": { "NovaServers.boot_and_rebuild_server": { "flavor": { "name": "rally_full-flavor_6b18c56f-4e53-4e1e-89b8-b9af639463ce" }, "from_image": { "name": "rally_full-img_6b18c56f-4e53-4e1e-89b8-b9af639463ce" }, "to_image": { "name": "rally_full-img_6b18c56f-4e53-4e1e-89b8-b9af639463ce" }, "nics": [ { "net-id": "297597d3-e8e7-4f70-bfbc-91b0d6c71147" } ] } }, "contexts": { "users": { "tenants": 3, "users_per_tenant": 2 }, "network": { "networks_per_tenant": 1, "start_cidr": "100.1.0.0/25" }, "quotas": { "neutron": { "network": -1, "port": -1, "subnet": -1 }, "nova": { "cores": -1, "floating_ips": -1, "instances": -1, "ram": -1, "security_group_rules": -1, "security_groups": -1 } } }, "runner": { "constant": { "concurrency": 4, "times": 10 } }, "hooks": [], "sla": { "failure_rate": { "max": 0 } } } ] }
2019-11-08 01:27:12.568 20411 RALLYDEBUG rally_openstack.contexts.keystone.users [-] Creating 3 tenants using 20 threads
2019-11-08 01:27:13.578 20411 RALLYDEBUG rally_openstack.contexts.keystone.users [-] Creating 6 users using 20 threads
2019-11-08 01:27:15.044 20411 INFO rally.task.context [-] Task ffd7f283-6e8d-4c75-9648-a8d3aa68790a | Context users@openstack setup() finished in 2.48 sec
2019-11-08 01:27:16.645 20411 INFO rally.task.context [-] Task ffd7f283-6e8d-4c75-9648-a8d3aa68790a | Context quotas@openstack setup() finished in 1.60 sec
2019-11-08 01:27:18.794 20411 RALLYDEBUG rally_openstack.wrappers.network [-] CIDR generated: 100.1.4.128/25
2019-11-08 01:27:23.104 20411 RALLYDEBUG rally_openstack.wrappers.network [-] CIDR generated: 100.1.5.0/25
2019-11-08 01:27:26.753 20411 RALLYDEBUG rally_openstack.wrappers.network [-] CIDR generated: 100.1.5.128/25
2019-11-08 01:27:29.252 20411 INFO rally.task.context [-] Task ffd7f283-6e8d-4c75-9648-a8d3aa68790a | Context network@openstack setup() finished in 12.61 sec
2019-11-08 01:27:29.253 20411 INFO rally.task.context [-] Task ffd7f283-6e8d-4c75-9648-a8d3aa68790a | Context cleanup@openstack setup() finished in 0.01 msec
2019-11-08 01:27:30.059 20411 RALLYDEBUG rally.task.runner [-] Starting the constant runner (task UUID: ffd7f283-6e8d-4c75-9648-a8d3aa68790a). times: 10 concurrency: 4 timeout: 0 max_cpu_used: 16 processes_to_start: 4 concurrency_per_worker: 1 concurrency_overhead: 0
2019-11-08 01:27:30.071 21355 RALLYDEBUG rally.task.runner [-] Starting a worker. times: 10 duration: None concurrency: 1 timeout: 0 cls: method_name: run args: {"flavor": "acbda7d5-6b6a-491f-b75e-87ac62f6d87a", "from_image": "bc8acf05-522e-4dfe-b20d-f2ccfa4fb8d8", "to_image": "bc8acf05-522e-4dfe-b20d-f2ccfa4fb8d8", "nics": [{"net-id": "297597d3-e8e7-4f70-bfbc-91b0d6c71147"}]}
2019-11-08 01:27:30.075 21356 RALLYDEBUG rally.task.runner [-] Starting a worker. times: 10 duration: None concurrency: 1 timeout: 0 cls: method_name: run args: {"flavor": "acbda7d5-6b6a-491f-b75e-87ac62f6d87a", "from_image": "bc8acf05-522e-4dfe-b20d-f2ccfa4fb8d8", "to_image": "bc8acf05-522e-4dfe-b20d-f2ccfa4fb8d8", "nics": [{"net-id": "297597d3-e8e7-4f70-bfbc-91b0d6c71147"}]}
2019-11-08 01:27:30.079 21355 INFO rally.task.runner [-] Task ffd7f283-6e8d-4c75-9648-a8d3aa68790a | ITER: 1 START
2019-11-08 01:27:30.078 21357 RALLYDEBUG rally.task.runner [-] Starting a worker. times: 10 duration: None concurrency: 1 timeout: 0 cls: method_name: run args: {"flavor": "acbda7d5-6b6a-491f-b75e-87ac62f6d87a", "from_image": "bc8acf05-522e-4dfe-b20d-f2ccfa4fb8d8", "to_image": "bc8acf05-522e-4dfe-b20d-f2ccfa4fb8d8", "nics": [{"net-id": "297597d3-e8e7-4f70-bfbc-91b0d6c71147"}]}
2019-11-08 01:27:30.082 21356 INFO rally.task.runner [-] Task ffd7f283-6e8d-4c75-9648-a8d3aa68790a | ITER: 2 START
2019-11-08 01:27:30.082 21358 RALLYDEBUG rally.task.runner [-] Starting a worker. times: 10 duration: None concurrency: 1 timeout: 0 cls: method_name: run args: {"flavor": "acbda7d5-6b6a-491f-b75e-87ac62f6d87a", "from_image": "bc8acf05-522e-4dfe-b20d-f2ccfa4fb8d8", "to_image": "bc8acf05-522e-4dfe-b20d-f2ccfa4fb8d8", "nics": [{"net-id": "297597d3-e8e7-4f70-bfbc-91b0d6c71147"}]}
2019-11-08 01:27:30.086 21357 INFO rally.task.runner [-] Task ffd7f283-6e8d-4c75-9648-a8d3aa68790a | ITER: 3 START
2019-11-08 01:27:30.089 21358 INFO rally.task.runner [-] Task ffd7f283-6e8d-4c75-9648-a8d3aa68790a | ITER: 4 START
2019-11-08 01:27:36.809 21355 RALLYDEBUG rally.task.utils [-] Waiting for resource s_rally_148ec409_sIIdM82n. Status changed: BUILD => ACTIVE in 4.6266257762908936
2019-11-08 01:27:36.965 21358 RALLYDEBUG rally.task.utils [-] Waiting for resource s_rally_148ec409_dxBRB3fT. Status changed: BUILD => ACTIVE in 4.63509726524353
2019-11-08 01:27:38.297 21355 RALLYDEBUG rally.task.utils [-] Waiting for resource s_rally_148ec409_sIIdM82n. Status changed: ACTIVE => REBUILD in 0.2121732234954834
2019-11-08 01:27:38.369 21358 RALLYDEBUG rally.task.utils [-] Waiting for resource s_rally_148ec409_dxBRB3fT. Status changed: ACTIVE => REBUILD in 0.132521390914917
2019-11-08 01:27:39.013 21357 RALLYDEBUG rally.task.utils [-] Waiting for resource s_rally_148ec409_CTfXau8M. Status changed: BUILD => ACTIVE in 6.683101177215576
2019-11-08 01:27:40.534 21357 RALLYDEBUG rally.task.utils [-] Waiting for resource s_rally_148ec409_CTfXau8M. Status changed: ACTIVE => REBUILD in 0.255460262298584
2019-11-08 01:27:41.228 21356 RALLYDEBUG rally.task.utils [-] Waiting for resource s_rally_148ec409_GCscxC6O. Status changed: BUILD => ACTIVE in 8.888717889785767
2019-11-08 01:27:42.770 21356 RALLYDEBUG rally.task.utils [-] Waiting for resource s_rally_148ec409_GCscxC6O. Status changed: ACTIVE => REBUILD in 0.2238616943359375
2019-11-08 01:27:53.849 21358 RALLYDEBUG rally.task.utils [-] Waiting for resource s_rally_148ec409_dxBRB3fT. Status changed: REBUILD => ACTIVE in 15.479440450668335
2019-11-08 01:27:54.902 21355 RALLYDEBUG rally.task.utils [-] Waiting for resource s_rally_148ec409_sIIdM82n. Status changed: REBUILD => ACTIVE in 16.60422158241272
2019-11-08 01:27:56.152 21358 INFO rally.task.runner [-] Task ffd7f283-6e8d-4c75-9648-a8d3aa68790a | ITER: 4 END: OK
2019-11-08 01:27:56.159 21358 INFO rally.task.runner [-] Task ffd7f283-6e8d-4c75-9648-a8d3aa68790a | ITER: 5 START
2019-11-08 01:27:56.948 21357 RALLYDEBUG rally.task.utils [-] Waiting for resource s_rally_148ec409_CTfXau8M. Status changed: REBUILD => ACTIVE in 16.41375732421875
2019-11-08 01:27:57.256 21355 INFO rally.task.runner [-] Task ffd7f283-6e8d-4c75-9648-a8d3aa68790a | ITER: 1 END: OK
2019-11-08 01:27:57.263 21355 INFO rally.task.runner [-] Task ffd7f283-6e8d-4c75-9648-a8d3aa68790a | ITER: 6 START
2019-11-08 01:27:58.284 21356 RALLYDEBUG rally.task.utils [-] Waiting for resource s_rally_148ec409_GCscxC6O. Status changed: REBUILD => ACTIVE in 15.514620065689087
2019-11-08 01:27:59.331 21357 INFO rally.task.runner [-] Task ffd7f283-6e8d-4c75-9648-a8d3aa68790a | ITER: 3 END: OK
2019-11-08 01:27:59.338 21357 INFO rally.task.runner [-] Task ffd7f283-6e8d-4c75-9648-a8d3aa68790a | ITER: 7 START
2019-11-08 01:28:00.799 21356 INFO rally.task.runner [-] Task ffd7f283-6e8d-4c75-9648-a8d3aa68790a | ITER: 2 END: OK
2019-11-08 01:28:00.804 21356 INFO rally.task.runner [-] Task ffd7f283-6e8d-4c75-9648-a8d3aa68790a | ITER: 8 START
2019-11-08 01:28:03.060 21358 RALLYDEBUG rally.task.utils [-] Waiting for resource s_rally_148ec409_cP2cPOdB. Status changed: BUILD => ACTIVE in 4.812166690826416
2019-11-08 01:28:04.513 21358 RALLYDEBUG rally.task.utils [-] Waiting for resource s_rally_148ec409_cP2cPOdB. Status changed: ACTIVE => REBUILD in 0.15484261512756348
2019-11-08 01:28:05.794 21357 RALLYDEBUG rally.task.utils [-] Waiting for resource s_rally_148ec409_VkdnYhAm. Status changed: BUILD => ACTIVE in 4.535262823104858
2019-11-08 01:28:06.279 21355 RALLYDEBUG rally.task.utils [-] Waiting for resource s_rally_148ec409_IFCikcRV. Status changed: BUILD => ACTIVE in 6.943467140197754
2019-11-08 01:28:07.263 21357 RALLYDEBUG rally.task.utils [-] Waiting for resource s_rally_148ec409_VkdnYhAm. Status changed: ACTIVE => REBUILD in 0.19406723976135254
2019-11-08 01:28:07.459 21356 RALLYDEBUG rally.task.utils [-] Waiting for resource s_rally_148ec409_DqeIYkC7. Status changed: BUILD => ACTIVE in 4.565239667892456
2019-11-08 01:28:07.694 21355 RALLYDEBUG rally.task.utils [-] Waiting for resource s_rally_148ec409_IFCikcRV. Status changed: ACTIVE => REBUILD in 0.14740204811096191
2019-11-08 01:28:09.292 21356 RALLYDEBUG rally.task.utils [-] Waiting for resource s_rally_148ec409_DqeIYkC7. Status changed: ACTIVE => REBUILD in 0.21122264862060547
2019-11-08 01:28:22.457 21357 RALLYDEBUG rally.task.utils [-] Waiting for resource s_rally_148ec409_VkdnYhAm. Status changed: REBUILD => ACTIVE in 15.19441843032837
2019-11-08 01:28:22.986 21355 RALLYDEBUG rally.task.utils [-] Waiting for resource s_rally_148ec409_IFCikcRV. Status changed: REBUILD => ACTIVE in 15.290607452392578
2019-11-08 01:28:24.886 21357 INFO rally.task.runner [-] Task ffd7f283-6e8d-4c75-9648-a8d3aa68790a | ITER: 7 END: OK
2019-11-08 01:28:24.892 21357 INFO rally.task.runner [-] Task ffd7f283-6e8d-4c75-9648-a8d3aa68790a | ITER: 9 START
2019-11-08 01:28:25.301 21355 INFO rally.task.runner [-] Task ffd7f283-6e8d-4c75-9648-a8d3aa68790a | ITER: 6 END: OK
2019-11-08 01:28:25.306 21355 INFO rally.task.runner [-] Task ffd7f283-6e8d-4c75-9648-a8d3aa68790a | ITER: 10 START
2019-11-08 01:28:27.371 21356 RALLYDEBUG rally.task.utils [-] Waiting for resource s_rally_148ec409_DqeIYkC7. Status changed: REBUILD => ACTIVE in 18.079238891601562
2019-11-08 01:28:29.726 21356 INFO rally.task.runner [-] Task ffd7f283-6e8d-4c75-9648-a8d3aa68790a | ITER: 8 END: OK
2019-11-08 01:28:31.933 21357 RALLYDEBUG rally.task.utils [-] Waiting for resource s_rally_148ec409_TiGYPmOo. Status changed: BUILD => ACTIVE in 4.646913051605225
2019-11-08 01:28:32.102 21355 RALLYDEBUG rally.task.utils [-] Waiting for resource s_rally_148ec409_fanzZ5Mm. Status changed: BUILD => ACTIVE in 4.580000162124634
2019-11-08 01:28:33.611 21355 RALLYDEBUG rally.task.utils [-] Waiting for resource s_rally_148ec409_fanzZ5Mm. Status changed: ACTIVE => REBUILD in 0.21593952178955078
2019-11-08 01:28:33.715 21357 RALLYDEBUG rally.task.utils [-] Waiting for resource s_rally_148ec409_TiGYPmOo. Status changed: ACTIVE => REBUILD in 0.5073671340942383
2019-11-08 01:28:42.350 21358 RALLYDEBUG rally.task.utils [-] Waiting for resource s_rally_148ec409_cP2cPOdB. Status changed: REBUILD => ACTIVE in 37.836933612823486
2019-11-08 01:28:44.700 21358 INFO rally.task.runner [-] Task ffd7f283-6e8d-4c75-9648-a8d3aa68790a | ITER: 5 END: OK
2019-11-08 01:28:48.034 21357 RALLYDEBUG rally.task.utils [-] Waiting for resource s_rally_148ec409_TiGYPmOo. Status changed: REBUILD => ACTIVE in 14.319588661193848
2019-11-08 01:28:50.415 21357 INFO rally.task.runner [-] Task ffd7f283-6e8d-4c75-9648-a8d3aa68790a | ITER: 9 END: OK
2019-11-08 01:28:51.412 21355 RALLYDEBUG rally.task.utils [-] Waiting for resource s_rally_148ec409_fanzZ5Mm. Status changed: REBUILD => ACTIVE in 17.801074504852295
2019-11-08 01:28:53.756 21355 INFO rally.task.runner [-] Task ffd7f283-6e8d-4c75-9648-a8d3aa68790a | ITER: 10 END: OK
2019-11-08 01:28:53.787 20411 INFO rally.task.context [-] Task ffd7f283-6e8d-4c75-9648-a8d3aa68790a | Context cleanup@openstack cleanup() started
2019-11-08 01:28:53.795 20411 RALLYDEBUG rally_openstack.cleanup.manager [-] Cleaning up nova servers objects
2019-11-08 01:28:55.086 20411 RALLYDEBUG rally_openstack.cleanup.manager [-] Cleaning up nova server_groups objects
2019-11-08 01:28:56.201 20411 RALLYDEBUG rally_openstack.cleanup.manager [-] Cleaning up nova keypairs objects
2019-11-08 01:28:58.580 20411 INFO rally.task.context [-] Task ffd7f283-6e8d-4c75-9648-a8d3aa68790a | Context cleanup@openstack cleanup() finished in 4.79 sec
2019-11-08 01:28:58.580 20411 INFO rally.task.context [-] Task ffd7f283-6e8d-4c75-9648-a8d3aa68790a | Context network@openstack cleanup() started
2019-11-08 01:29:19.893 20411 INFO rally.task.context [-] Task ffd7f283-6e8d-4c75-9648-a8d3aa68790a | Context network@openstack cleanup() finished in 21.31 sec
2019-11-08 01:29:19.894 20411 INFO rally.task.context [-] Task ffd7f283-6e8d-4c75-9648-a8d3aa68790a | Context quotas@openstack cleanup() started
2019-11-08 01:29:20.185 20411 INFO rally.task.context [-] Task ffd7f283-6e8d-4c75-9648-a8d3aa68790a | Context quotas@openstack cleanup() finished in 0.29 sec
2019-11-08 01:29:20.185 20411 INFO rally.task.context [-] Task ffd7f283-6e8d-4c75-9648-a8d3aa68790a | Context users@openstack cleanup() started
2019-11-08 01:29:24.216 20411 INFO rally.task.context [-] Task ffd7f283-6e8d-4c75-9648-a8d3aa68790a | Context users@openstack cleanup() finished in 4.03 sec
2019-11-08 01:29:25.130 20411 INFO rally.task.engine [-] Load duration is: 81.675673
2019-11-08 01:29:25.131 20411 INFO rally.task.engine [-] Full runner duration is: 83.72846
2019-11-08 01:29:25.131 20411 INFO rally.task.engine [-] Full duration is: 131.65069
2019-11-08 01:29:25.440 20411 INFO rally.task.engine [-] Running workload: position = 0 config = { "version": 2, "title": "A cropped version of a bigger task.", "description": "Auto-generated task from a single workload (uuid=49b59554-8283-4bd9-806c-fb5092f30e8e)", "subtasks": [ { "title": "NovaServers.snapshot_server", "description": "Boot a server, make its snapshot and delete both.", "scenario": { "NovaServers.snapshot_server": { "flavor": { "name": "rally_full-flavor_6b18c56f-4e53-4e1e-89b8-b9af639463ce" }, "image": { "name": "rally_full-img_6b18c56f-4e53-4e1e-89b8-b9af639463ce" }, "nics": [ { "net-id": "297597d3-e8e7-4f70-bfbc-91b0d6c71147" } ] } }, "contexts": { "users": { "tenants": 3, "users_per_tenant": 2 }, "network": { "networks_per_tenant": 1, "start_cidr": "100.1.0.0/25" }, "quotas": { "neutron": { "network": -1, "port": -1, "subnet": -1 }, "nova": { "cores": -1, "floating_ips": -1, "instances": -1, "ram": -1, "security_group_rules": -1, "security_groups": -1 } } }, "runner": { "constant": { "concurrency": 4, "times": 10 } }, "hooks": [], "sla": { "failure_rate": { "max": 0 } } } ] }
2019-11-08 01:29:25.466 20411 RALLYDEBUG rally_openstack.contexts.keystone.users [-] Creating 3 tenants using 20 threads
2019-11-08 01:29:26.393 20411 RALLYDEBUG rally_openstack.contexts.keystone.users [-] Creating 6 users using 20 threads
2019-11-08 01:29:27.896 20411 INFO rally.task.context [-] Task ffd7f283-6e8d-4c75-9648-a8d3aa68790a | Context users@openstack setup() finished in 2.43 sec
2019-11-08 01:29:29.516 20411 INFO rally.task.context [-] Task ffd7f283-6e8d-4c75-9648-a8d3aa68790a | Context quotas@openstack setup() finished in 1.62 sec
2019-11-08 01:29:31.681 20411 RALLYDEBUG rally_openstack.wrappers.network [-] CIDR generated: 100.1.6.0/25
2019-11-08 01:29:35.647 20411 RALLYDEBUG rally_openstack.wrappers.network [-] CIDR generated: 100.1.6.128/25
2019-11-08 01:29:39.455 20411 RALLYDEBUG rally_openstack.wrappers.network [-] CIDR generated: 100.1.7.0/25
2019-11-08 01:29:41.697 20411 INFO rally.task.context [-] Task ffd7f283-6e8d-4c75-9648-a8d3aa68790a | Context network@openstack setup() finished in 12.18 sec
2019-11-08 01:29:41.698 20411 INFO rally.task.context [-] Task ffd7f283-6e8d-4c75-9648-a8d3aa68790a | Context cleanup@openstack setup() finished in 0.02 msec
2019-11-08 01:29:42.506 20411 RALLYDEBUG rally.task.runner [-] Starting the constant runner (task UUID: ffd7f283-6e8d-4c75-9648-a8d3aa68790a). times: 10 concurrency: 4 timeout: 0 max_cpu_used: 16 processes_to_start: 4 concurrency_per_worker: 1 concurrency_overhead: 0
2019-11-08 01:29:42.518 21519 RALLYDEBUG rally.task.runner [-] Starting a worker. times: 10 duration: None concurrency: 1 timeout: 0 cls: method_name: run args: {"flavor": "acbda7d5-6b6a-491f-b75e-87ac62f6d87a", "image": "bc8acf05-522e-4dfe-b20d-f2ccfa4fb8d8", "nics": [{"net-id": "297597d3-e8e7-4f70-bfbc-91b0d6c71147"}]}
2019-11-08 01:29:42.522 21520 RALLYDEBUG rally.task.runner [-] Starting a worker. times: 10 duration: None concurrency: 1 timeout: 0 cls: method_name: run args: {"flavor": "acbda7d5-6b6a-491f-b75e-87ac62f6d87a", "image": "bc8acf05-522e-4dfe-b20d-f2ccfa4fb8d8", "nics": [{"net-id": "297597d3-e8e7-4f70-bfbc-91b0d6c71147"}]}
2019-11-08 01:29:42.526 21519 INFO rally.task.runner [-] Task ffd7f283-6e8d-4c75-9648-a8d3aa68790a | ITER: 1 START
2019-11-08 01:29:42.525 21521 RALLYDEBUG rally.task.runner [-] Starting a worker. times: 10 duration: None concurrency: 1 timeout: 0 cls: method_name: run args: {"flavor": "acbda7d5-6b6a-491f-b75e-87ac62f6d87a", "image": "bc8acf05-522e-4dfe-b20d-f2ccfa4fb8d8", "nics": [{"net-id": "297597d3-e8e7-4f70-bfbc-91b0d6c71147"}]}
2019-11-08 01:29:42.529 21520 INFO rally.task.runner [-] Task ffd7f283-6e8d-4c75-9648-a8d3aa68790a | ITER: 2 START
2019-11-08 01:29:42.529 21523 RALLYDEBUG rally.task.runner [-] Starting a worker. times: 10 duration: None concurrency: 1 timeout: 0 cls: method_name: run args: {"flavor": "acbda7d5-6b6a-491f-b75e-87ac62f6d87a", "image": "bc8acf05-522e-4dfe-b20d-f2ccfa4fb8d8", "nics": [{"net-id": "297597d3-e8e7-4f70-bfbc-91b0d6c71147"}]}
2019-11-08 01:29:42.533 21521 INFO rally.task.runner [-] Task ffd7f283-6e8d-4c75-9648-a8d3aa68790a | ITER: 3 START
2019-11-08 01:29:42.535 21523 INFO rally.task.runner [-] Task ffd7f283-6e8d-4c75-9648-a8d3aa68790a | ITER: 4 START
2019-11-08 01:29:51.560 21520 RALLYDEBUG rally.task.utils [-] Waiting for resource s_rally_49b59554_qMhbLoke. Status changed: BUILD => ACTIVE in 6.6935272216796875
2019-11-08 01:29:53.556 21519 RALLYDEBUG rally.task.utils [-] Waiting for resource s_rally_49b59554_Z65Tk86G. Status changed: BUILD => ACTIVE in 8.856838941574097
2019-11-08 01:29:53.677 21521 RALLYDEBUG rally.task.utils [-] Waiting for resource s_rally_49b59554_isfb2xCi. Status changed: BUILD => ACTIVE in 8.97415828704834
2019-11-08 01:29:54.008 21523 RALLYDEBUG rally.task.utils [-] Waiting for resource s_rally_49b59554_ZCL72eY9. Status changed: BUILD => ACTIVE in 8.965047836303711
2019-11-08 01:29:55.890 21520 RALLYDEBUG rally.task.utils [-] Waiting for resource s_rally_49b59554_qMhbLoke. Status changed: QUEUED => ACTIVE in 4.076622247695923
2019-11-08 01:29:55.897 21519 RALLYDEBUG rally.task.utils [-] Waiting for resource s_rally_49b59554_Z65Tk86G. Status changed: QUEUED => SAVING in 2.0426862239837646
2019-11-08 01:29:57.923 21519 RALLYDEBUG rally.task.utils [-] Waiting for resource s_rally_49b59554_Z65Tk86G. Status changed: SAVING => ACTIVE in 2.0254673957824707
2019-11-08 01:29:58.037 21521 RALLYDEBUG rally.task.utils [-] Waiting for resource s_rally_49b59554_isfb2xCi. Status changed: QUEUED => ACTIVE in 4.066276550292969
2019-11-08 01:29:58.328 21523 RALLYDEBUG rally.task.utils [-] Waiting for resource s_rally_49b59554_ZCL72eY9. Status changed: QUEUED => ACTIVE in 4.0729968547821045
2019-11-08 01:30:04.592 21520 RALLYDEBUG rally.task.utils [-] Waiting for resource s_rally_49b59554_IlY91iL9. Status changed: BUILD => ACTIVE in 4.624065399169922
2019-11-08 01:30:06.865 21523 RALLYDEBUG rally.task.utils [-] Waiting for resource s_rally_49b59554_WOEozpI1. Status changed: BUILD => ACTIVE in 4.49543571472168
2019-11-08 01:30:06.960 21520 WARNING /usr/lib/python3.6/site-packages/rally_openstack/scenarios/nova/utils.py [-] Method '_delete_image' of NovaScenario class is deprecated since Rally 0.10.0. Use GlanceUtils instead.
2019-11-08 01:30:07.116 21520 DEBUG glanceclient.common.http [-] Request returned failure status 404. _handle_response /usr/lib/python3.6/site-packages/glanceclient/common/http.py:125
2019-11-08 01:30:07.124 21520 INFO rally.task.runner [-] Task ffd7f283-6e8d-4c75-9648-a8d3aa68790a | ITER: 2 END: OK
2019-11-08 01:30:07.131 21520 INFO rally.task.runner [-] Task ffd7f283-6e8d-4c75-9648-a8d3aa68790a | ITER: 5 START
2019-11-08 01:30:08.584 21519 RALLYDEBUG rally.task.utils [-] Waiting for resource s_rally_49b59554_dN67bAES. Status changed: BUILD => ACTIVE in 6.63967752456665
2019-11-08 01:30:09.202 21523 WARNING /usr/lib/python3.6/site-packages/rally_openstack/scenarios/nova/utils.py [-] Method '_delete_image' of NovaScenario class is deprecated since Rally 0.10.0. Use GlanceUtils instead.
2019-11-08 01:30:09.328 21523 DEBUG glanceclient.common.http [-] Request returned failure status 404. _handle_response /usr/lib/python3.6/site-packages/glanceclient/common/http.py:125
2019-11-08 01:30:09.334 21523 INFO rally.task.runner [-] Task ffd7f283-6e8d-4c75-9648-a8d3aa68790a | ITER: 4 END: OK
2019-11-08 01:30:09.341 21523 INFO rally.task.runner [-] Task ffd7f283-6e8d-4c75-9648-a8d3aa68790a | ITER: 6 START
2019-11-08 01:30:10.926 21519 WARNING /usr/lib/python3.6/site-packages/rally_openstack/scenarios/nova/utils.py [-] Method '_delete_image' of NovaScenario class is deprecated since Rally 0.10.0. Use GlanceUtils instead.
2019-11-08 01:30:11.070 21519 DEBUG glanceclient.common.http [-] Request returned failure status 404. _handle_response /usr/lib/python3.6/site-packages/glanceclient/common/http.py:125
2019-11-08 01:30:11.076 21519 INFO rally.task.runner [-] Task ffd7f283-6e8d-4c75-9648-a8d3aa68790a | ITER: 1 END: OK
2019-11-08 01:30:11.083 21519 INFO rally.task.runner [-] Task ffd7f283-6e8d-4c75-9648-a8d3aa68790a | ITER: 7 START
2019-11-08 01:30:11.099 21521 RALLYDEBUG rally.task.utils [-] Waiting for resource s_rally_49b59554_DgArxs3u. Status changed: BUILD => ACTIVE in 8.869487285614014
2019-11-08 01:30:13.627 21521 WARNING /usr/lib/python3.6/site-packages/rally_openstack/scenarios/nova/utils.py [-] Method '_delete_image' of NovaScenario class is deprecated since Rally 0.10.0. Use GlanceUtils instead.
2019-11-08 01:30:13.770 21521 DEBUG glanceclient.common.http [-] Request returned failure status 404. _handle_response /usr/lib/python3.6/site-packages/glanceclient/common/http.py:125
2019-11-08 01:30:13.776 21521 INFO rally.task.runner [-] Task ffd7f283-6e8d-4c75-9648-a8d3aa68790a | ITER: 3 END: OK
2019-11-08 01:30:13.782 21521 INFO rally.task.runner [-] Task ffd7f283-6e8d-4c75-9648-a8d3aa68790a | ITER: 8 START
2019-11-08 01:30:15.019 21520 RALLYDEBUG rally.task.utils [-] Waiting for resource s_rally_49b59554_GLVJMz5h. Status changed: BUILD => ACTIVE in 5.043541193008423
2019-11-08 01:30:17.282 21520 RALLYDEBUG rally.task.utils [-] Waiting for resource s_rally_49b59554_GLVJMz5h. Status changed: QUEUED => SAVING in 2.041008234024048
2019-11-08 01:30:18.159 21519 RALLYDEBUG rally.task.utils [-] Waiting for resource s_rally_49b59554_smzTtdlx. Status changed: BUILD => ACTIVE in 4.674234628677368
2019-11-08 01:30:18.262 21523 RALLYDEBUG rally.task.utils [-] Waiting for resource s_rally_49b59554_bdCYoSyi. Status changed: BUILD => ACTIVE in 6.714962959289551
2019-11-08 01:30:19.313 21520 RALLYDEBUG rally.task.utils [-] Waiting for resource s_rally_49b59554_GLVJMz5h. Status changed: SAVING => ACTIVE in 2.030897378921509
2019-11-08 01:30:22.492 21519 RALLYDEBUG rally.task.utils [-] Waiting for resource s_rally_49b59554_smzTtdlx. Status changed: QUEUED => ACTIVE in 4.101946592330933
2019-11-08 01:30:22.627 21523 RALLYDEBUG rally.task.utils [-] Waiting for resource s_rally_49b59554_bdCYoSyi. Status changed: QUEUED => ACTIVE in 4.062377214431763
2019-11-08 01:30:22.798 21521 RALLYDEBUG rally.task.utils [-] Waiting for resource s_rally_49b59554_WEea3xBF. Status changed: BUILD => ACTIVE in 6.91713285446167
2019-11-08 01:30:27.088 21521 RALLYDEBUG rally.task.utils [-] Waiting for resource s_rally_49b59554_WEea3xBF. Status changed: QUEUED => ACTIVE in 4.063261985778809
2019-11-08 01:30:30.518 21520 RALLYDEBUG rally.task.utils [-] Waiting for resource s_rally_49b59554_eiC2trM8. Status changed: BUILD => ACTIVE in 6.739142656326294
2019-11-08 01:30:31.063 21519 RALLYDEBUG rally.task.utils [-] Waiting for resource s_rally_49b59554_1YT0uQJN. Status changed: BUILD => ACTIVE in 4.476824522018433
2019-11-08 01:30:32.872 21520 WARNING /usr/lib/python3.6/site-packages/rally_openstack/scenarios/nova/utils.py [-] Method '_delete_image' of NovaScenario class is deprecated since Rally 0.10.0. Use GlanceUtils instead.
2019-11-08 01:30:33.007 21520 DEBUG glanceclient.common.http [-] Request returned failure status 404. _handle_response /usr/lib/python3.6/site-packages/glanceclient/common/http.py:125
2019-11-08 01:30:33.008 21520 INFO rally.task.runner [-] Task ffd7f283-6e8d-4c75-9648-a8d3aa68790a | ITER: 5 END: OK
2019-11-08 01:30:33.013 21520 INFO rally.task.runner [-] Task ffd7f283-6e8d-4c75-9648-a8d3aa68790a | ITER: 9 START
2019-11-08 01:30:33.393 21519 WARNING /usr/lib/python3.6/site-packages/rally_openstack/scenarios/nova/utils.py [-] Method '_delete_image' of NovaScenario class is deprecated since Rally 0.10.0. Use GlanceUtils instead.
2019-11-08 01:30:33.472 21523 RALLYDEBUG rally.task.utils [-] Waiting for resource s_rally_49b59554_4s9AuqGQ. Status changed: BUILD => ACTIVE in 6.827431678771973
2019-11-08 01:30:33.518 21519 DEBUG glanceclient.common.http [-] Request returned failure status 404. _handle_response /usr/lib/python3.6/site-packages/glanceclient/common/http.py:125
2019-11-08 01:30:33.519 21519 INFO rally.task.runner [-] Task ffd7f283-6e8d-4c75-9648-a8d3aa68790a | ITER: 7 END: OK
2019-11-08 01:30:33.523 21519 INFO rally.task.runner [-] Task ffd7f283-6e8d-4c75-9648-a8d3aa68790a | ITER: 10 START
2019-11-08 01:30:35.822 21523 WARNING /usr/lib/python3.6/site-packages/rally_openstack/scenarios/nova/utils.py [-] Method '_delete_image' of NovaScenario class is deprecated since Rally 0.10.0. Use GlanceUtils instead.
2019-11-08 01:30:35.958 21523 DEBUG glanceclient.common.http [-] Request returned failure status 404. _handle_response /usr/lib/python3.6/site-packages/glanceclient/common/http.py:125
2019-11-08 01:30:35.959 21523 INFO rally.task.runner [-] Task ffd7f283-6e8d-4c75-9648-a8d3aa68790a | ITER: 6 END: OK
2019-11-08 01:30:36.065 21521 RALLYDEBUG rally.task.utils [-] Waiting for resource s_rally_49b59554_AnpJcEAi. Status changed: BUILD => ACTIVE in 4.570110559463501
2019-11-08 01:30:38.408 21521 WARNING /usr/lib/python3.6/site-packages/rally_openstack/scenarios/nova/utils.py [-] Method '_delete_image' of NovaScenario class is deprecated since Rally 0.10.0. Use GlanceUtils instead.
2019-11-08 01:30:38.548 21521 DEBUG glanceclient.common.http [-] Request returned failure status 404. _handle_response /usr/lib/python3.6/site-packages/glanceclient/common/http.py:125
2019-11-08 01:30:38.549 21521 INFO rally.task.runner [-] Task ffd7f283-6e8d-4c75-9648-a8d3aa68790a | ITER: 8 END: OK
2019-11-08 01:30:41.911 21520 RALLYDEBUG rally.task.utils [-] Waiting for resource s_rally_49b59554_7MxK7QQD. Status changed: BUILD => ACTIVE in 6.827554225921631
2019-11-08 01:30:42.981 21519 RALLYDEBUG rally.task.utils [-] Waiting for resource s_rally_49b59554_VZdUGpVN. Status changed: BUILD => ACTIVE in 7.130470514297485
2019-11-08 01:30:46.275 21520 RALLYDEBUG rally.task.utils [-] Waiting for resource s_rally_49b59554_7MxK7QQD. Status changed: QUEUED => ACTIVE in 4.074562072753906
2019-11-08 01:30:47.345 21519 RALLYDEBUG rally.task.utils [-] Waiting for resource s_rally_49b59554_VZdUGpVN. Status changed: QUEUED => ACTIVE in 4.076571464538574
2019-11-08 01:30:54.847 21520 RALLYDEBUG rally.task.utils [-] Waiting for resource s_rally_49b59554_nUGREXCa. Status changed: BUILD => ACTIVE in 4.466577529907227
2019-11-08 01:30:57.191 21520 WARNING /usr/lib/python3.6/site-packages/rally_openstack/scenarios/nova/utils.py [-] Method '_delete_image' of NovaScenario class is deprecated since Rally 0.10.0. Use GlanceUtils instead.
2019-11-08 01:30:57.350 21520 DEBUG glanceclient.common.http [-] Request returned failure status 404. _handle_response /usr/lib/python3.6/site-packages/glanceclient/common/http.py:125
2019-11-08 01:30:57.351 21520 INFO rally.task.runner [-] Task ffd7f283-6e8d-4c75-9648-a8d3aa68790a | ITER: 9 END: OK
2019-11-08 01:30:58.259 21519 RALLYDEBUG rally.task.utils [-] Waiting for resource s_rally_49b59554_pGGtag4b. Status changed: BUILD => ACTIVE in 6.804921388626099
2019-11-08 01:31:00.667 21519 WARNING /usr/lib/python3.6/site-packages/rally_openstack/scenarios/nova/utils.py [-] Method '_delete_image' of NovaScenario class is deprecated since Rally 0.10.0. Use GlanceUtils instead.
2019-11-08 01:31:00.837 21519 DEBUG glanceclient.common.http [-] Request returned failure status 404. _handle_response /usr/lib/python3.6/site-packages/glanceclient/common/http.py:125
2019-11-08 01:31:00.839 21519 INFO rally.task.runner [-] Task ffd7f283-6e8d-4c75-9648-a8d3aa68790a | ITER: 10 END: OK
2019-11-08 01:31:00.873 20411 INFO rally.task.context [-] Task ffd7f283-6e8d-4c75-9648-a8d3aa68790a | Context cleanup@openstack cleanup() started
2019-11-08 01:31:00.876 20411 RALLYDEBUG rally_openstack.cleanup.manager [-] Cleaning up nova servers objects
2019-11-08 01:31:02.196 20411 RALLYDEBUG rally_openstack.cleanup.manager [-] Cleaning up nova server_groups objects
2019-11-08 01:31:03.328 20411 RALLYDEBUG rally_openstack.cleanup.manager [-] Cleaning up nova keypairs objects
2019-11-08 01:31:05.707 20411 RALLYDEBUG rally_openstack.cleanup.manager [-] Cleaning up glance images objects
2019-11-08 01:31:07.007 20411 INFO rally.task.context [-] Task ffd7f283-6e8d-4c75-9648-a8d3aa68790a | Context cleanup@openstack cleanup() finished in 6.13 sec
2019-11-08 01:31:07.008 20411 INFO rally.task.context [-] Task ffd7f283-6e8d-4c75-9648-a8d3aa68790a | Context network@openstack cleanup() started
2019-11-08 01:31:28.799 20411 INFO rally.task.context [-] Task ffd7f283-6e8d-4c75-9648-a8d3aa68790a | Context network@openstack cleanup() finished in 21.79 sec
2019-11-08 01:31:28.800 20411 INFO rally.task.context [-] Task ffd7f283-6e8d-4c75-9648-a8d3aa68790a | Context quotas@openstack cleanup() started
2019-11-08 01:31:28.980 20411 INFO rally.task.context [-] Task ffd7f283-6e8d-4c75-9648-a8d3aa68790a | Context quotas@openstack cleanup() finished in 0.18 sec
2019-11-08 01:31:28.980 20411 INFO rally.task.context [-] Task ffd7f283-6e8d-4c75-9648-a8d3aa68790a | Context users@openstack cleanup() started
2019-11-08 01:31:32.969 20411 INFO rally.task.context [-] Task ffd7f283-6e8d-4c75-9648-a8d3aa68790a | Context users@openstack cleanup() finished in 3.99 sec
2019-11-08 01:31:34.005 20411 INFO rally.task.engine [-] Load duration is: 76.310787
2019-11-08 01:31:34.006 20411 INFO rally.task.engine [-] Full runner duration is: 78.367474
2019-11-08 01:31:34.006 20411 INFO rally.task.engine [-] Full duration is: 127.505417
