2019-11-08 00:59:09.479 14234 INFO rally.task.runner [-] Task 8b34eb2b-eac8-446b-8286-419dc735db84 | ITER: 2 END: OK
2019-11-08 00:59:09.483 14234 INFO rally.task.runner [-] Task 8b34eb2b-eac8-446b-8286-419dc735db84 | ITER: 6 START
2019-11-08 00:59:09.505 14237 INFO rally.task.runner [-] Task 8b34eb2b-eac8-446b-8286-419dc735db84 | ITER: 3 END: OK
2019-11-08 00:59:09.510 14237 INFO rally.task.runner [-] Task 8b34eb2b-eac8-446b-8286-419dc735db84 | ITER: 7 START
2019-11-08 00:59:09.536 14233 INFO rally.task.runner [-] Task 8b34eb2b-eac8-446b-8286-419dc735db84 | ITER: 1 END: OK
2019-11-08 00:59:09.541 14233 INFO rally.task.runner [-] Task 8b34eb2b-eac8-446b-8286-419dc735db84 | ITER: 8 START
2019-11-08 00:59:10.247 14238 INFO rally.task.runner [-] Task 8b34eb2b-eac8-446b-8286-419dc735db84 | ITER: 5 END: OK
2019-11-08 00:59:10.252 14238 INFO rally.task.runner [-] Task 8b34eb2b-eac8-446b-8286-419dc735db84 | ITER: 9 START
2019-11-08 00:59:10.807 14234 INFO rally.task.runner [-] Task 8b34eb2b-eac8-446b-8286-419dc735db84 | ITER: 6 END: OK
2019-11-08 00:59:10.811 14234 INFO rally.task.runner [-] Task 8b34eb2b-eac8-446b-8286-419dc735db84 | ITER: 10 START
2019-11-08 00:59:10.841 14237 INFO rally.task.runner [-] Task 8b34eb2b-eac8-446b-8286-419dc735db84 | ITER: 7 END: OK
2019-11-08 00:59:10.862 14233 INFO rally.task.runner [-] Task 8b34eb2b-eac8-446b-8286-419dc735db84 | ITER: 8 END: OK
2019-11-08 00:59:11.713 14238 INFO rally.task.runner [-] Task 8b34eb2b-eac8-446b-8286-419dc735db84 | ITER: 9 END: OK
2019-11-08 00:59:12.132 14234 INFO rally.task.runner [-] Task 8b34eb2b-eac8-446b-8286-419dc735db84 | ITER: 10 END: OK
2019-11-08 00:59:12.163 13785 INFO rally.task.context [-] Task 8b34eb2b-eac8-446b-8286-419dc735db84 | Context cleanup@openstack cleanup() started
2019-11-08 00:59:12.167 13785 RALLYDEBUG rally_openstack.cleanup.manager [-] Cleaning up neutron vip objects
2019-11-08 00:59:13.266 13785 RALLYDEBUG rally_openstack.cleanup.manager [-] Cleaning up neutron health_monitor objects
2019-11-08 00:59:14.353 13785 RALLYDEBUG rally_openstack.cleanup.manager [-] Cleaning up neutron pool objects
2019-11-08 00:59:15.452 13785 RALLYDEBUG rally_openstack.cleanup.manager [-] Cleaning up neutron loadbalancer objects
2019-11-08 00:59:16.535 13785 RALLYDEBUG rally_openstack.cleanup.manager [-] Cleaning up neutron floatingip objects
2019-11-08 00:59:17.757 13785 RALLYDEBUG rally_openstack.cleanup.manager [-] Cleaning up neutron trunk objects
2019-11-08 00:59:18.920 13785 RALLYDEBUG rally_openstack.cleanup.manager [-] Cleaning up neutron port objects
2019-11-08 00:59:20.290 13785 RALLYDEBUG rally_openstack.cleanup.manager [-] Deleting neutron.port object s_rally_0335c772_m8GpcmtA (30c3621a-b855-4314-8b4f-0795fd261ee3)
2019-11-08 00:59:20.301 13785 RALLYDEBUG rally_openstack.cleanup.manager [-] Deleting neutron.port object s_rally_0335c772_7oaxWiRO (50b11329-1f35-45ec-b900-cebfc0b05e30)
2019-11-08 00:59:20.310 13785 RALLYDEBUG rally_openstack.cleanup.manager [-] Deleting neutron.port object s_rally_0335c772_Qd4JbGv8 (6a50bc90-4026-46da-92dd-4f5c140833f6)
2019-11-08 00:59:20.320 13785 RALLYDEBUG rally_openstack.cleanup.manager [-] Deleting neutron.port object s_rally_0335c772_gtTxg0Jt (7a58703a-285c-4c08-ba7b-a1b9f8f4d3a4)
2019-11-08 00:59:20.345 13785 RALLYDEBUG rally_openstack.cleanup.manager [-] Deleting neutron.port object s_rally_0335c772_ngvWEqDu (9a77c600-884b-48f2-9581-c9a130eddbdb)
2019-11-08 00:59:20.354 13785 RALLYDEBUG rally_openstack.cleanup.manager [-] Deleting neutron.port object s_rally_0335c772_SKv6YKYz (1635dd61-957e-4c1b-9386-bc1ec42d9aa2)
2019-11-08 00:59:20.358 13785 RALLYDEBUG rally_openstack.cleanup.manager [-] Deleting neutron.port object s_rally_0335c772_C9p5NFXT (44fde45d-5ff7-4677-a08a-111d4dbedd9e)
2019-11-08 00:59:20.384 13785 RALLYDEBUG rally_openstack.cleanup.manager [-] Deleting neutron.port object s_rally_0335c772_sZLww903 (95a168ad-6056-4f4b-a1c6-414cc97c1799)
2019-11-08 00:59:20.393 13785 RALLYDEBUG rally_openstack.cleanup.manager [-] Deleting neutron.port object s_rally_0335c772_mL4qprgF (7ee4c909-3c06-46bf-bb09-8eae61162c06)
2019-11-08 00:59:20.412 13785 RALLYDEBUG rally_openstack.cleanup.manager [-] Deleting neutron.port object s_rally_0335c772_tHDjrAJ9 (818a3aa5-28c2-4f40-9f46-11955b353958)
2019-11-08 00:59:23.560 13785 RALLYDEBUG rally_openstack.cleanup.manager [-] Cleaning up neutron subnet objects
2019-11-08 00:59:24.846 13785 RALLYDEBUG rally_openstack.cleanup.manager [-] Cleaning up neutron network objects
2019-11-08 00:59:26.485 13785 RALLYDEBUG rally_openstack.cleanup.manager [-] Cleaning up neutron router objects
2019-11-08 00:59:27.734 13785 RALLYDEBUG rally_openstack.cleanup.manager [-] Cleaning up neutron security_group objects
2019-11-08 00:59:28.988 13785 INFO rally.task.context [-] Task 8b34eb2b-eac8-446b-8286-419dc735db84 | Context cleanup@openstack cleanup() finished in 16.83 sec
2019-11-08 00:59:28.989 13785 INFO rally.task.context [-] Task 8b34eb2b-eac8-446b-8286-419dc735db84 | Context network@openstack cleanup() started
2019-11-08 00:59:39.473 13785 INFO rally.task.context [-] Task 8b34eb2b-eac8-446b-8286-419dc735db84 | Context network@openstack cleanup() finished in 10.48 sec
2019-11-08 00:59:39.474 13785 INFO rally.task.context [-] Task 8b34eb2b-eac8-446b-8286-419dc735db84 | Context quotas@openstack cleanup() started
2019-11-08 00:59:39.656 13785 INFO rally.task.context [-] Task 8b34eb2b-eac8-446b-8286-419dc735db84 | Context quotas@openstack cleanup() finished in 0.18 sec
2019-11-08 00:59:39.657 13785 INFO rally.task.context [-] Task 8b34eb2b-eac8-446b-8286-419dc735db84 | Context users@openstack cleanup() started
2019-11-08 00:59:43.746 13785 INFO rally.task.context [-] Task 8b34eb2b-eac8-446b-8286-419dc735db84 | Context users@openstack cleanup() finished in 4.09 sec
2019-11-08 00:59:45.706 13785 INFO rally.task.engine [-] Load duration is: 4.598852
2019-11-08 00:59:45.706 13785 INFO rally.task.engine [-] Full runner duration is: 4.652239
2019-11-08 00:59:45.706 13785 INFO rally.task.engine [-] Full duration is: 42.281325
2019-11-08 00:59:46.004 13785 INFO rally.task.engine [-] Running workload: position = 0 config = { "version": 2, "title": "A cropped version of a bigger task.", "description": "Auto-generated task from a single workload (uuid=120c433f-4815-47fb-ac46-dae9da49267b)", "subtasks": [ { "title": "NeutronNetworks.create_and_update_routers", "description": "Create and update a given number of routers.", "scenario": { "NeutronNetworks.create_and_update_routers": { "network_create_args": {}, "router_create_args": {}, "router_update_args": { "admin_state_up": false }, "subnet_cidr_start": "1.1.0.0/30", "subnet_create_args": {}, "subnets_per_network": 1 } }, "contexts": { "users": { "tenants": 3, "users_per_tenant": 2 }, "quotas": { "neutron": { "network": -1, "subnet": -1, "port": -1, "router": -1 } } }, "runner": { "constant": { "concurrency": 4, "times": 10 } }, "hooks": [], "sla": { "failure_rate": { "max": 0 } } } ] }
2019-11-08 00:59:46.030 13785 RALLYDEBUG rally_openstack.contexts.keystone.users [-] Creating 3 tenants using 20 threads
2019-11-08 00:59:47.070 13785 RALLYDEBUG rally_openstack.contexts.keystone.users [-] Creating 6 users using 20 threads
2019-11-08 00:59:48.593 13785 INFO rally.task.context [-] Task 8b34eb2b-eac8-446b-8286-419dc735db84 | Context users@openstack setup() finished in 2.56 sec
2019-11-08 00:59:49.506 13785 INFO rally.task.context [-] Task 8b34eb2b-eac8-446b-8286-419dc735db84 | Context quotas@openstack setup() finished in 0.91 sec
2019-11-08 00:59:49.507 13785 INFO rally.task.context [-] Task 8b34eb2b-eac8-446b-8286-419dc735db84 | Context cleanup@openstack setup() finished in 0.00 msec
2019-11-08 00:59:49.511 13785 RALLYDEBUG rally.task.runner [-] Starting the constant runner (task UUID: 8b34eb2b-eac8-446b-8286-419dc735db84). times: 10 concurrency: 4 timeout: 0 max_cpu_used: 16 processes_to_start: 4 concurrency_per_worker: 1 concurrency_overhead: 0
2019-11-08 00:59:49.522 14557 RALLYDEBUG rally.task.runner [-] Starting a worker. times: 10 duration: None concurrency: 1 timeout: 0 cls: method_name: run args: {"network_create_args": {}, "router_create_args": {}, "router_update_args": {"admin_state_up": false}, "subnet_cidr_start": "1.1.0.0/30", "subnet_create_args": {}, "subnets_per_network": 1}
2019-11-08 00:59:49.524 14558 RALLYDEBUG rally.task.runner [-] Starting a worker. times: 10 duration: None concurrency: 1 timeout: 0 cls: method_name: run args: {"network_create_args": {}, "router_create_args": {}, "router_update_args": {"admin_state_up": false}, "subnet_cidr_start": "1.1.0.0/30", "subnet_create_args": {}, "subnets_per_network": 1}
2019-11-08 00:59:49.526 14559 RALLYDEBUG rally.task.runner [-] Starting a worker. times: 10 duration: None concurrency: 1 timeout: 0 cls: method_name: run args: {"network_create_args": {}, "router_create_args": {}, "router_update_args": {"admin_state_up": false}, "subnet_cidr_start": "1.1.0.0/30", "subnet_create_args": {}, "subnets_per_network": 1}
2019-11-08 00:59:49.528 14560 RALLYDEBUG rally.task.runner [-] Starting a worker. times: 10 duration: None concurrency: 1 timeout: 0 cls: method_name: run args: {"network_create_args": {}, "router_create_args": {}, "router_update_args": {"admin_state_up": false}, "subnet_cidr_start": "1.1.0.0/30", "subnet_create_args": {}, "subnets_per_network": 1}
2019-11-08 00:59:49.529 14557 INFO rally.task.runner [-] Task 8b34eb2b-eac8-446b-8286-419dc735db84 | ITER: 1 START
2019-11-08 00:59:49.530 14558 INFO rally.task.runner [-] Task 8b34eb2b-eac8-446b-8286-419dc735db84 | ITER: 2 START
2019-11-08 00:59:49.532 14559 INFO rally.task.runner [-] Task 8b34eb2b-eac8-446b-8286-419dc735db84 | ITER: 3 START
2019-11-08 00:59:49.534 14560 INFO rally.task.runner [-] Task 8b34eb2b-eac8-446b-8286-419dc735db84 | ITER: 4 START
2019-11-08 00:59:50.183 14557 RALLYDEBUG rally_openstack.wrappers.network [-] CIDR generated: 1.1.0.12/30
2019-11-08 00:59:50.192 14558 RALLYDEBUG rally_openstack.wrappers.network [-] CIDR generated: 1.1.0.16/30
2019-11-08 00:59:50.265 14559 RALLYDEBUG rally_openstack.wrappers.network [-] CIDR generated: 1.1.0.20/30
2019-11-08 00:59:50.268 14560 RALLYDEBUG rally_openstack.wrappers.network [-] CIDR generated: 1.1.0.24/30
2019-11-08 00:59:53.298 14558 INFO rally.task.runner [-] Task 8b34eb2b-eac8-446b-8286-419dc735db84 | ITER: 2 END: OK
2019-11-08 00:59:53.303 14558 INFO rally.task.runner [-] Task 8b34eb2b-eac8-446b-8286-419dc735db84 | ITER: 5 START
2019-11-08 00:59:53.549 14557 INFO rally.task.runner [-] Task 8b34eb2b-eac8-446b-8286-419dc735db84 | ITER: 1 END: OK
2019-11-08 00:59:53.554 14557 INFO rally.task.runner [-] Task 8b34eb2b-eac8-446b-8286-419dc735db84 | ITER: 6 START
2019-11-08 00:59:53.640 14560 INFO rally.task.runner [-] Task 8b34eb2b-eac8-446b-8286-419dc735db84 | ITER: 4 END: OK
2019-11-08 00:59:53.645 14560 INFO rally.task.runner [-] Task 8b34eb2b-eac8-446b-8286-419dc735db84 | ITER: 7 START
2019-11-08 00:59:53.781 14558 RALLYDEBUG rally_openstack.wrappers.network [-] CIDR generated: 1.1.0.28/30
2019-11-08 00:59:54.077 14559 INFO rally.task.runner [-] Task 8b34eb2b-eac8-446b-8286-419dc735db84 | ITER: 3 END: OK
2019-11-08 00:59:54.082 14559 INFO rally.task.runner [-] Task 8b34eb2b-eac8-446b-8286-419dc735db84 | ITER: 8 START
2019-11-08 00:59:54.120 14557 RALLYDEBUG rally_openstack.wrappers.network [-] CIDR generated: 1.1.0.32/30
2019-11-08 00:59:54.123 14560 RALLYDEBUG rally_openstack.wrappers.network [-] CIDR generated: 1.1.0.36/30
2019-11-08 00:59:54.564 14559 RALLYDEBUG rally_openstack.wrappers.network [-] CIDR generated: 1.1.0.40/30
2019-11-08 00:59:57.487 14557 INFO rally.task.runner [-] Task 8b34eb2b-eac8-446b-8286-419dc735db84 | ITER: 6 END: OK
2019-11-08 00:59:57.491 14557 INFO rally.task.runner [-] Task 8b34eb2b-eac8-446b-8286-419dc735db84 | ITER: 9 START
2019-11-08 00:59:57.523 14558 INFO rally.task.runner [-] Task 8b34eb2b-eac8-446b-8286-419dc735db84 | ITER: 5 END: OK
2019-11-08 00:59:57.528 14558 INFO rally.task.runner [-] Task 8b34eb2b-eac8-446b-8286-419dc735db84 | ITER: 10 START
2019-11-08 00:59:57.652 14560 INFO rally.task.runner [-] Task 8b34eb2b-eac8-446b-8286-419dc735db84 | ITER: 7 END: OK
2019-11-08 00:59:57.976 14559 INFO rally.task.runner [-] Task 8b34eb2b-eac8-446b-8286-419dc735db84 | ITER: 8 END: OK
2019-11-08 00:59:58.003 14558 RALLYDEBUG rally_openstack.wrappers.network [-] CIDR generated: 1.1.0.44/30
2019-11-08 00:59:58.063 14557 RALLYDEBUG rally_openstack.wrappers.network [-] CIDR generated: 1.1.0.48/30
2019-11-08 01:00:01.257 14557 INFO rally.task.runner [-] Task 8b34eb2b-eac8-446b-8286-419dc735db84 | ITER: 9 END: OK
2019-11-08 01:00:01.267 14558 INFO rally.task.runner [-] Task 8b34eb2b-eac8-446b-8286-419dc735db84 | ITER: 10 END: OK
2019-11-08 01:00:01.297 13785 INFO rally.task.context [-] Task 8b34eb2b-eac8-446b-8286-419dc735db84 | Context cleanup@openstack cleanup() started
2019-11-08 01:00:01.301 13785 RALLYDEBUG rally_openstack.cleanup.manager [-] Cleaning up neutron vip objects
2019-11-08 01:00:02.509 13785 RALLYDEBUG rally_openstack.cleanup.manager [-] Cleaning up neutron health_monitor objects
2019-11-08 01:00:03.602 13785 RALLYDEBUG rally_openstack.cleanup.manager [-] Cleaning up neutron pool objects
2019-11-08 01:00:04.695 13785 RALLYDEBUG rally_openstack.cleanup.manager [-] Cleaning up neutron loadbalancer objects
2019-11-08 01:00:05.801 13785 RALLYDEBUG rally_openstack.cleanup.manager [-] Cleaning up neutron floatingip objects
2019-11-08 01:00:07.260 13785 RALLYDEBUG rally_openstack.cleanup.manager [-] Cleaning up neutron trunk objects
2019-11-08 01:00:08.406 13785 RALLYDEBUG rally_openstack.cleanup.manager [-] Cleaning up neutron port objects
2019-11-08 01:00:10.284 13785 RALLYDEBUG rally_openstack.cleanup.manager [-] Deleting neutron.port object s_rally_120c433f_GgzpQWr0 (38abb2e6-0ba6-45c3-8e14-9797eb64286a)
2019-11-08 01:00:10.293 13785 RALLYDEBUG rally_openstack.cleanup.manager [-] Deleting neutron.port object s_rally_120c433f_SSXrBXNu (c58bfb05-d27f-4bc4-97c2-66285a6e0634)
2019-11-08 01:00:10.312 13785 RALLYDEBUG rally_openstack.cleanup.manager [-] Deleting neutron.port object s_rally_120c433f_4T7KkhpS (de44c0fe-6fed-4924-9884-820445f02d72)
2019-11-08 01:00:10.317 13785 RALLYDEBUG rally_openstack.cleanup.manager [-] Deleting neutron.port object s_rally_120c433f_Fq690sEi (d1eb8061-403e-4e8a-a449-c0d56f4d2ab6)
2019-11-08 01:00:10.333 13785 RALLYDEBUG rally_openstack.cleanup.manager [-] Deleting neutron.port object s_rally_120c433f_dq8K1eqM (5f0479be-b968-4eb3-9720-72d8e18d7998)
2019-11-08 01:00:10.350 13785 RALLYDEBUG rally_openstack.cleanup.manager [-] Deleting neutron.port object s_rally_120c433f_mT5zfYyL (fccdaaac-40be-4d50-8ed7-a75c1bf37965)
2019-11-08 01:00:10.363 13785 RALLYDEBUG rally_openstack.cleanup.manager [-] Deleting neutron.port object s_rally_120c433f_4ODw8cW4 (51d7efe3-b494-4973-9998-7fd785800eeb)
2019-11-08 01:00:10.366 13785 RALLYDEBUG rally_openstack.cleanup.manager [-] Deleting neutron.port object s_rally_120c433f_uiPwMNns (d2d581d9-decf-4505-9ac5-b68bc270bc53)
2019-11-08 01:00:10.376 13785 RALLYDEBUG rally_openstack.cleanup.manager [-] Deleting neutron.port object s_rally_120c433f_2xyNMTwo (9a517c33-e56e-4ab3-9d31-b83cb51f6815)
2019-11-08 01:00:10.382 13785 RALLYDEBUG rally_openstack.cleanup.manager [-] Deleting neutron.port object s_rally_120c433f_cRm3H314 (f4d84076-282d-45fc-8b33-b40454c37012)
2019-11-08 01:00:16.380 13785 RALLYDEBUG rally_openstack.cleanup.manager [-] Cleaning up neutron subnet objects
2019-11-08 01:00:17.727 13785 RALLYDEBUG rally_openstack.cleanup.manager [-] Deleting neutron.subnet object s_rally_120c433f_ezjhiUgf (6d701ee1-c2d0-473e-865a-b01c7a2b0f3a)
2019-11-08 01:00:17.737 13785 RALLYDEBUG rally_openstack.cleanup.manager [-] Deleting neutron.subnet object s_rally_120c433f_Ap8E6Fki (78faafe1-0fcc-4bd3-b430-b8aaa6801788)
2019-11-08 01:00:17.746 13785 RALLYDEBUG rally_openstack.cleanup.manager [-] Deleting neutron.subnet object s_rally_120c433f_ETvrB5DI (8602458f-9ee9-4761-b86c-b75046366c87)
2019-11-08 01:00:17.750 13785 RALLYDEBUG rally_openstack.cleanup.manager [-] Deleting neutron.subnet object s_rally_120c433f_0LbV5ORH (cde8a2be-0f99-459d-9664-47a2ecb8f5c3)
2019-11-08 01:00:17.764 13785 RALLYDEBUG rally_openstack.cleanup.manager [-] Deleting neutron.subnet object s_rally_120c433f_t7st6xP9 (80bbe413-b85c-47d8-9b8d-344aee780593)
2019-11-08 01:00:17.774 13785 RALLYDEBUG rally_openstack.cleanup.manager [-] Deleting neutron.subnet object s_rally_120c433f_l3FgEed6 (cc5c74ba-668c-400c-982e-cfe9dd3eeffb)
2019-11-08 01:00:17.782 13785 RALLYDEBUG rally_openstack.cleanup.manager [-] Deleting neutron.subnet object s_rally_120c433f_n27OzZeA (d0d89589-4715-4df0-88f7-9b4e7346636d)
2019-11-08 01:00:17.793 13785 RALLYDEBUG rally_openstack.cleanup.manager [-] Deleting neutron.subnet object s_rally_120c433f_h62FlH8Z (4deb6974-19b5-4641-a4fb-70f8a5632cde)
2019-11-08 01:00:17.819 13785 RALLYDEBUG rally_openstack.cleanup.manager [-] Deleting neutron.subnet object s_rally_120c433f_oDO8QPvX (ada88455-7cd1-475c-918b-d10773dd0eb8)
2019-11-08 01:00:17.833 13785 RALLYDEBUG rally_openstack.cleanup.manager [-] Deleting neutron.subnet object s_rally_120c433f_1bTEGrMK (b6b85d3b-8273-42b7-87c2-d32188f0a4e0)
2019-11-08 01:00:21.239 13785 RALLYDEBUG rally_openstack.cleanup.manager [-] Cleaning up neutron network objects
2019-11-08 01:00:22.556 13785 RALLYDEBUG rally_openstack.cleanup.manager [-] Deleting neutron.network object s_rally_120c433f_oCFUTjsH (32647a95-c940-4164-8049-35036f9d6609)
2019-11-08 01:00:22.565 13785 RALLYDEBUG rally_openstack.cleanup.manager [-] Deleting neutron.network object s_rally_120c433f_9nRcJqrR (4aea13c8-1431-42c8-82ce-19a812cd684e)
2019-11-08 01:00:22.574 13785 RALLYDEBUG rally_openstack.cleanup.manager [-] Deleting neutron.network object s_rally_120c433f_xRvehL4l (b7852bd9-71fa-4e2d-a2e4-3a642481d4d9)
2019-11-08 01:00:22.583 13785 RALLYDEBUG rally_openstack.cleanup.manager [-] Deleting neutron.network object s_rally_120c433f_YyK1nUgc (eac82214-2346-4074-b4c6-efbcdd5cc107)
2019-11-08 01:00:22.593 13785 RALLYDEBUG rally_openstack.cleanup.manager [-] Deleting neutron.network object s_rally_120c433f_SJ6pHA4M (2776f80b-8cf8-40f5-af2e-b928f9ec7753)
2019-11-08 01:00:22.604 13785 RALLYDEBUG rally_openstack.cleanup.manager [-] Deleting neutron.network object s_rally_120c433f_01FgWW97 (638a8461-31a6-44ba-85f0-e89dfdfc049b)
2019-11-08 01:00:22.609 13785 RALLYDEBUG rally_openstack.cleanup.manager [-] Deleting neutron.network object s_rally_120c433f_1qb4WOzH (6ccb9eda-8c4e-4835-a258-f640eec066f4)
2019-11-08 01:00:22.629 13785 RALLYDEBUG rally_openstack.cleanup.manager [-] Deleting neutron.network object s_rally_120c433f_YSDdvizE (9b93c4a5-356b-43df-b615-da830b6845ff)
2019-11-08 01:00:22.635 13785 RALLYDEBUG rally_openstack.cleanup.manager [-] Deleting neutron.network object s_rally_120c433f_cDgKUy79 (a0eb910b-e77a-46d6-a704-ea9509449cfd)
2019-11-08 01:00:22.651 13785 RALLYDEBUG rally_openstack.cleanup.manager [-] Deleting neutron.network object s_rally_120c433f_W9kXCDuy (a9f430f2-330b-4133-8697-84ef1d9a659b)
2019-11-08 01:00:26.640 13785 RALLYDEBUG rally_openstack.cleanup.manager [-] Cleaning up neutron router objects
2019-11-08 01:00:27.985 13785 RALLYDEBUG rally_openstack.cleanup.manager [-] Deleting neutron.router object s_rally_120c433f_Fq690sEi (56215006-1a5e-424e-8d68-cbf09695fde1)
2019-11-08 01:00:27.994 13785 RALLYDEBUG rally_openstack.cleanup.manager [-] Deleting neutron.router object s_rally_120c433f_4T7KkhpS (56f3c436-5d09-4942-b97a-3a92dd61bf05)
2019-11-08 01:00:28.003 13785 RALLYDEBUG rally_openstack.cleanup.manager [-] Deleting neutron.router object s_rally_120c433f_GgzpQWr0 (aba2b171-ee78-4d7f-bba2-138e86430bdd)
2019-11-08 01:00:28.012 13785 RALLYDEBUG rally_openstack.cleanup.manager [-] Deleting neutron.router object s_rally_120c433f_SSXrBXNu (e6ef1d3d-c9c0-4b9f-a5ce-1917983ba08a)
2019-11-08 01:00:28.028 13785 RALLYDEBUG rally_openstack.cleanup.manager [-] Deleting neutron.router object s_rally_120c433f_uiPwMNns (20c0727d-f965-4bef-afca-d0400b90587a)
2019-11-08 01:00:28.033 13785 RALLYDEBUG rally_openstack.cleanup.manager [-] Deleting neutron.router object s_rally_120c433f_dq8K1eqM (663d7605-9a2e-46a9-8e3e-f13f3225ee83)
2019-11-08 01:00:28.053 13785 RALLYDEBUG rally_openstack.cleanup.manager [-] Deleting neutron.router object s_rally_120c433f_mT5zfYyL (ddd4e142-22f6-4c4e-9602-6a1af65ef824)
2019-11-08 01:00:28.067 13785 RALLYDEBUG rally_openstack.cleanup.manager [-] Deleting neutron.router object s_rally_120c433f_2xyNMTwo (11ed1d55-7f66-4194-8e27-5134a3559703)
2019-11-08 01:00:28.070 13785 RALLYDEBUG rally_openstack.cleanup.manager [-] Deleting neutron.router object s_rally_120c433f_4ODw8cW4 (90267d2a-7d5e-4cc1-b12d-45b06eeaf060)
2019-11-08 01:00:28.086 13785 RALLYDEBUG rally_openstack.cleanup.manager [-] Deleting neutron.router object s_rally_120c433f_cRm3H314 (c97928f0-2cf7-4247-a862-d3439f630b6f)
2019-11-08 01:00:30.761 13785 RALLYDEBUG rally_openstack.cleanup.manager [-] Cleaning up neutron security_group objects
2019-11-08 01:00:31.994 13785 INFO rally.task.context [-] Task 8b34eb2b-eac8-446b-8286-419dc735db84 | Context cleanup@openstack cleanup() finished in 30.70 sec
2019-11-08 01:00:31.994 13785 INFO rally.task.context [-] Task 8b34eb2b-eac8-446b-8286-419dc735db84 | Context quotas@openstack cleanup() started
2019-11-08 01:00:32.241 13785 INFO rally.task.context [-] Task 8b34eb2b-eac8-446b-8286-419dc735db84 | Context quotas@openstack cleanup() finished in 0.25 sec
2019-11-08 01:00:32.242 13785 INFO rally.task.context [-] Task 8b34eb2b-eac8-446b-8286-419dc735db84 | Context users@openstack cleanup() started
2019-11-08 01:00:36.292 13785 INFO rally.task.context [-] Task 8b34eb2b-eac8-446b-8286-419dc735db84 | Context users@openstack cleanup() finished in 4.05 sec
2019-11-08 01:00:38.283 13785 INFO rally.task.engine [-] Load duration is: 11.736122
2019-11-08 01:00:38.284 13785 INFO rally.task.engine [-] Full runner duration is: 11.7859
2019-11-08 01:00:38.284 13785 INFO rally.task.engine [-] Full duration is: 50.265556
2019-11-08 01:00:38.603 13785 INFO rally.task.engine [-] Running workload: position = 0 config = { "version": 2, "title": "A cropped version of a bigger task.", "description": "Auto-generated task from a single workload (uuid=370a5327-0d2f-46f6-aacf-40ee4ee53702)", "subtasks": [ { "title": "NeutronNetworks.create_and_update_subnets", "description": "Create and update a subnet.", "scenario": { "NeutronNetworks.create_and_update_subnets": { "network_create_args": {}, "subnet_cidr_start": "1.4.0.0/16", "subnet_create_args": {}, "subnet_update_args": { "enable_dhcp": false }, "subnets_per_network": 1 } }, "contexts": { "users": { "tenants": 3, "users_per_tenant": 2 }, "quotas": { "neutron": { "network": -1, "subnet": -1 } } }, "runner": { "constant": { "concurrency": 4, "times": 10 } }, "hooks": [], "sla": { "failure_rate": { "max": 0 } } } ] }
2019-11-08 01:00:38.634 13785 RALLYDEBUG rally_openstack.contexts.keystone.users [-] Creating 3 tenants using 20 threads
2019-11-08 01:00:39.649 13785 RALLYDEBUG rally_openstack.contexts.keystone.users [-] Creating 6 users using 20 threads
2019-11-08 01:00:41.211 13785 INFO rally.task.context [-] Task 8b34eb2b-eac8-446b-8286-419dc735db84 | Context users@openstack setup() finished in 2.58 sec
2019-11-08 01:00:41.994 13785 INFO rally.task.context [-] Task 8b34eb2b-eac8-446b-8286-419dc735db84 | Context quotas@openstack setup() finished in 0.78 sec
2019-11-08 01:00:41.994 13785 INFO rally.task.context [-] Task 8b34eb2b-eac8-446b-8286-419dc735db84 | Context cleanup@openstack setup() finished in 0.04 msec
2019-11-08 01:00:42.003 13785 RALLYDEBUG rally.task.runner [-] Starting the constant runner (task UUID: 8b34eb2b-eac8-446b-8286-419dc735db84). times: 10 concurrency: 4 timeout: 0 max_cpu_used: 16 processes_to_start: 4 concurrency_per_worker: 1 concurrency_overhead: 0
2019-11-08 01:00:42.015 14881 RALLYDEBUG rally.task.runner [-] Starting a worker. times: 10 duration: None concurrency: 1 timeout: 0 cls: method_name: run args: {"network_create_args": {}, "subnet_cidr_start": "1.4.0.0/16", "subnet_create_args": {}, "subnet_update_args": {"enable_dhcp": false}, "subnets_per_network": 1}
2019-11-08 01:00:42.018 14882 RALLYDEBUG rally.task.runner [-] Starting a worker. times: 10 duration: None concurrency: 1 timeout: 0 cls: method_name: run args: {"network_create_args": {}, "subnet_cidr_start": "1.4.0.0/16", "subnet_create_args": {}, "subnet_update_args": {"enable_dhcp": false}, "subnets_per_network": 1}
2019-11-08 01:00:42.022 14881 INFO rally.task.runner [-] Task 8b34eb2b-eac8-446b-8286-419dc735db84 | ITER: 1 START
2019-11-08 01:00:42.022 14883 RALLYDEBUG rally.task.runner [-] Starting a worker. times: 10 duration: None concurrency: 1 timeout: 0 cls: method_name: run args: {"network_create_args": {}, "subnet_cidr_start": "1.4.0.0/16", "subnet_create_args": {}, "subnet_update_args": {"enable_dhcp": false}, "subnets_per_network": 1}
2019-11-08 01:00:42.025 14882 INFO rally.task.runner [-] Task 8b34eb2b-eac8-446b-8286-419dc735db84 | ITER: 2 START
2019-11-08 01:00:42.025 14884 RALLYDEBUG rally.task.runner [-] Starting a worker. times: 10 duration: None concurrency: 1 timeout: 0 cls: method_name: run args: {"network_create_args": {}, "subnet_cidr_start": "1.4.0.0/16", "subnet_create_args": {}, "subnet_update_args": {"enable_dhcp": false}, "subnets_per_network": 1}
2019-11-08 01:00:42.028 14883 INFO rally.task.runner [-] Task 8b34eb2b-eac8-446b-8286-419dc735db84 | ITER: 3 START
2019-11-08 01:00:42.032 14884 INFO rally.task.runner [-] Task 8b34eb2b-eac8-446b-8286-419dc735db84 | ITER: 4 START
2019-11-08 01:00:42.670 14882 RALLYDEBUG rally_openstack.wrappers.network [-] CIDR generated: 1.17.0.0/16
2019-11-08 01:00:42.677 14881 RALLYDEBUG rally_openstack.wrappers.network [-] CIDR generated: 1.18.0.0/16
2019-11-08 01:00:42.684 14883 RALLYDEBUG rally_openstack.wrappers.network [-] CIDR generated: 1.19.0.0/16
2019-11-08 01:00:43.209 14884 RALLYDEBUG rally_openstack.wrappers.network [-] CIDR generated: 1.20.0.0/16
2019-11-08 01:00:43.771 14882 INFO rally.task.runner [-] Task 8b34eb2b-eac8-446b-8286-419dc735db84 | ITER: 2 END: OK
2019-11-08 01:00:43.775 14882 INFO rally.task.runner [-] Task 8b34eb2b-eac8-446b-8286-419dc735db84 | ITER: 5 START
2019-11-08 01:00:43.848 14883 INFO rally.task.runner [-] Task 8b34eb2b-eac8-446b-8286-419dc735db84 | ITER: 3 END: OK
2019-11-08 01:00:43.853 14883 INFO rally.task.runner [-] Task 8b34eb2b-eac8-446b-8286-419dc735db84 | ITER: 6 START
2019-11-08 01:00:44.400 14884 INFO rally.task.runner [-] Task 8b34eb2b-eac8-446b-8286-419dc735db84 | ITER: 4 END: OK
2019-11-08 01:00:44.404 14884 INFO rally.task.runner [-] Task 8b34eb2b-eac8-446b-8286-419dc735db84 | ITER: 7 START
2019-11-08 01:00:44.462 14881 INFO rally.task.runner [-] Task 8b34eb2b-eac8-446b-8286-419dc735db84 | ITER: 1 END: OK
2019-11-08 01:00:44.466 14881 INFO rally.task.runner [-] Task 8b34eb2b-eac8-446b-8286-419dc735db84 | ITER: 8 START
2019-11-08 01:00:44.584 14883 RALLYDEBUG rally_openstack.wrappers.network [-] CIDR generated: 1.21.0.0/16
2019-11-08 01:00:44.766 14882 RALLYDEBUG rally_openstack.wrappers.network [-] CIDR generated: 1.22.0.0/16
2019-11-08 01:00:44.859 14884 RALLYDEBUG rally_openstack.wrappers.network [-] CIDR generated: 1.23.0.0/16
2019-11-08 01:00:45.043 14881 RALLYDEBUG rally_openstack.wrappers.network [-] CIDR generated: 1.24.0.0/16
2019-11-08 01:00:45.738 14884 INFO rally.task.runner [-] Task 8b34eb2b-eac8-446b-8286-419dc735db84 | ITER: 7 END: OK
2019-11-08 01:00:45.742 14884 INFO rally.task.runner [-] Task 8b34eb2b-eac8-446b-8286-419dc735db84 | ITER: 9 START
2019-11-08 01:00:45.794 14882 INFO rally.task.runner [-] Task 8b34eb2b-eac8-446b-8286-419dc735db84 | ITER: 5 END: OK
2019-11-08 01:00:45.798 14882 INFO rally.task.runner [-] Task 8b34eb2b-eac8-446b-8286-419dc735db84 | ITER: 10 START
2019-11-08 01:00:46.205 14881 INFO rally.task.runner [-] Task 8b34eb2b-eac8-446b-8286-419dc735db84 | ITER: 8 END: OK
2019-11-08 01:00:46.222 14883 INFO rally.task.runner [-] Task 8b34eb2b-eac8-446b-8286-419dc735db84 | ITER: 6 END: OK
2019-11-08 01:00:46.227 14884 RALLYDEBUG rally_openstack.wrappers.network [-] CIDR generated: 1.25.0.0/16
2019-11-08 01:00:46.311 14882 RALLYDEBUG rally_openstack.wrappers.network [-] CIDR generated: 1.26.0.0/16
2019-11-08 01:00:47.473 14884 INFO rally.task.runner [-] Task 8b34eb2b-eac8-446b-8286-419dc735db84 | ITER: 9 END: OK
2019-11-08 01:00:47.543 14882 INFO rally.task.runner [-] Task 8b34eb2b-eac8-446b-8286-419dc735db84 | ITER: 10 END: OK
2019-11-08 01:00:47.564 13785 INFO rally.task.context [-] Task 8b34eb2b-eac8-446b-8286-419dc735db84 | Context cleanup@openstack cleanup() started
2019-11-08 01:00:47.568 13785 RALLYDEBUG rally_openstack.cleanup.manager [-] Cleaning up neutron vip objects
2019-11-08 01:00:48.651 13785 RALLYDEBUG rally_openstack.cleanup.manager [-] Cleaning up neutron health_monitor objects
2019-11-08 01:00:49.747 13785 RALLYDEBUG rally_openstack.cleanup.manager [-] Cleaning up neutron pool objects
2019-11-08 01:00:50.815 13785 RALLYDEBUG rally_openstack.cleanup.manager [-] Cleaning up neutron loadbalancer objects
2019-11-08 01:00:51.896 13785 RALLYDEBUG rally_openstack.cleanup.manager [-] Cleaning up neutron floatingip objects
2019-11-08 01:00:53.072 13785 RALLYDEBUG rally_openstack.cleanup.manager [-] Cleaning up neutron trunk objects
2019-11-08 01:00:54.224 13785 RALLYDEBUG rally_openstack.cleanup.manager [-] Cleaning up neutron port objects
2019-11-08 01:00:55.420 13785 RALLYDEBUG rally_openstack.cleanup.manager [-] Cleaning up neutron subnet objects
2019-11-08 01:00:56.684 13785 RALLYDEBUG rally_openstack.cleanup.manager [-] Deleting neutron.subnet object s_rally_370a5327_fjllVxvD (adad17d1-0741-4271-a254-fff2726f0907)
2019-11-08 01:00:56.690 13785 RALLYDEBUG rally_openstack.cleanup.manager [-] Deleting neutron.subnet object s_rally_370a5327_LAcognAy (8e0a393c-cc9d-4991-8346-c476e909e277)
2019-11-08 01:00:56.699 13785 RALLYDEBUG rally_openstack.cleanup.manager [-] Deleting neutron.subnet object s_rally_370a5327_F827HveU (bccb256b-1148-4a40-adca-6ed1194a7fd1)
2019-11-08 01:00:56.708 13785 RALLYDEBUG rally_openstack.cleanup.manager [-] Deleting neutron.subnet object s_rally_370a5327_szIvrvsb (db2f9797-46e5-44d7-b8cd-e7a8322f24f2)
2019-11-08 01:00:56.715 13785 RALLYDEBUG rally_openstack.cleanup.manager [-] Deleting neutron.subnet object s_rally_370a5327_vF48kl8i (25abd04d-b66f-4277-94e0-1ab48327b29c)
2019-11-08 01:00:56.731 13785 RALLYDEBUG rally_openstack.cleanup.manager [-] Deleting neutron.subnet object s_rally_370a5327_HYwR2Rym (77e5da57-0e2f-4bba-a7a9-6f7dc3390035)
2019-11-08 01:00:56.748 13785 RALLYDEBUG rally_openstack.cleanup.manager [-] Deleting neutron.subnet object s_rally_370a5327_qd12jt9T (455adbc1-d0cb-490b-b081-1ce01a180739)
2019-11-08 01:00:56.762 13785 RALLYDEBUG rally_openstack.cleanup.manager [-] Deleting neutron.subnet object s_rally_370a5327_ZiUdMnlg (ddb9223b-19c0-493b-9c93-01ae8e9cf7bb)
2019-11-08 01:00:56.779 13785 RALLYDEBUG rally_openstack.cleanup.manager [-] Deleting neutron.subnet object s_rally_370a5327_BhQEhzCq (e5111a96-7cdb-4964-9d8e-53f3cffa0890)
2019-11-08 01:00:56.788 13785 RALLYDEBUG rally_openstack.cleanup.manager [-] Deleting neutron.subnet object s_rally_370a5327_YeBjH56h (f5d2a634-2927-47be-89af-3be199c2a680)
2019-11-08 01:00:59.535 13785 RALLYDEBUG rally_openstack.cleanup.manager [-] Cleaning up neutron network objects
2019-11-08 01:01:00.949 13785 RALLYDEBUG rally_openstack.cleanup.manager [-] Deleting neutron.network object s_rally_370a5327_7420OG5W (2de836c4-aae4-41b9-9dc9-723ce41aec5f)
2019-11-08 01:01:00.958 13785 RALLYDEBUG rally_openstack.cleanup.manager [-] Deleting neutron.network object s_rally_370a5327_NuEvWBRf (6599bc18-03ad-434a-9dfb-0ed1b7bbe5b3)
2019-11-08 01:01:00.966 13785 RALLYDEBUG rally_openstack.cleanup.manager [-] Deleting neutron.network object s_rally_370a5327_8ycMG60k (7913b993-5e53-4c55-bd8f-b93ad90cb0ea)
2019-11-08 01:01:00.975 13785 RALLYDEBUG rally_openstack.cleanup.manager [-] Deleting neutron.network object s_rally_370a5327_edr7KzZP (c93a56ca-4602-4f42-ac41-d8c902158b28)
2019-11-08 01:01:00.980 13785 RALLYDEBUG rally_openstack.cleanup.manager [-] Deleting neutron.network object s_rally_370a5327_QgOGbJoh (0bc0fe8b-499e-4dbf-9847-02d56903e956)
2019-11-08 01:01:00.993 13785 RALLYDEBUG rally_openstack.cleanup.manager [-] Deleting neutron.network object s_rally_370a5327_H5t5195y (4a5b5d4d-8084-4012-bb35-39b6bfa24942)
2019-11-08 01:01:01.004 13785 RALLYDEBUG rally_openstack.cleanup.manager [-] Deleting neutron.network object s_rally_370a5327_CIYIuwgl (2790f0a2-eea3-4063-a196-8968dc60153a)
2019-11-08 01:01:01.013 13785 RALLYDEBUG rally_openstack.cleanup.manager [-] Deleting neutron.network object s_rally_370a5327_dVjnnvSJ (50bd06d7-138d-426f-9931-ca764642b402)
2019-11-08 01:01:01.033 13785 RALLYDEBUG rally_openstack.cleanup.manager [-] Deleting neutron.network object s_rally_370a5327_cmnbUkgP (c9fedc0d-9c11-44c1-92cd-899eea65e38d)
2019-11-08 01:01:01.055 13785 RALLYDEBUG rally_openstack.cleanup.manager [-] Deleting neutron.network object s_rally_370a5327_JL8DoHUh (e52bc29b-5801-43b5-90b8-2f2cf6bda2f6)
2019-11-08 01:01:04.102 13785 RALLYDEBUG rally_openstack.cleanup.manager [-] Cleaning up neutron router objects
2019-11-08 01:01:05.363 13785 RALLYDEBUG rally_openstack.cleanup.manager [-] Cleaning up neutron security_group objects
2019-11-08 01:01:06.639 13785 INFO rally.task.context [-] Task 8b34eb2b-eac8-446b-8286-419dc735db84 | Context cleanup@openstack cleanup() finished in 19.08 sec
2019-11-08 01:01:06.640 13785 INFO rally.task.context [-] Task 8b34eb2b-eac8-446b-8286-419dc735db84 | Context quotas@openstack cleanup() started
2019-11-08 01:01:06.822 13785 INFO rally.task.context [-] Task 8b34eb2b-eac8-446b-8286-419dc735db84 | Context quotas@openstack cleanup() finished in 0.18 sec
2019-11-08 01:01:06.822 13785 INFO rally.task.context [-] Task 8b34eb2b-eac8-446b-8286-419dc735db84 | Context users@openstack cleanup() started
2019-11-08 01:01:10.794 13785 INFO rally.task.context [-] Task 8b34eb2b-eac8-446b-8286-419dc735db84 | Context users@openstack cleanup() finished in 3.97 sec
2019-11-08 01:01:10.887 13785 INFO rally.task.engine [-] Load duration is: 5.519737
2019-11-08 01:01:10.888 13785 INFO rally.task.engine [-] Full runner duration is: 5.561505
2019-11-08 01:01:10.888 13785 INFO rally.task.engine [-] Full duration is: 32.161808
2019-11-08 01:01:11.215 13785 INFO rally.task.engine [-] Running workload: position = 0 config = { "version": 2, "title": "A cropped version of a bigger task.", "description": "Auto-generated task from a single workload (uuid=c6d19589-08f2-4236-86e4-994505760f0f)", "subtasks": [ { "title": "NeutronNetworks.create_and_delete_networks", "description": "Create and delete a network.", "scenario": { "NeutronNetworks.create_and_delete_networks": { "network_create_args": {} } }, "contexts": { "users": { "tenants": 3, "users_per_tenant": 2 }, "quotas": { "neutron": { "network": -1 } } }, "runner": { "constant": { "concurrency": 4, "times": 10 } }, "hooks": [], "sla": { "failure_rate": { "max": 0 } } } ] }
2019-11-08 01:01:11.240 13785 RALLYDEBUG rally_openstack.contexts.keystone.users [-] Creating 3 tenants using 20 threads
2019-11-08 01:01:12.300 13785 RALLYDEBUG rally_openstack.contexts.keystone.users [-] Creating 6 users using 20 threads
2019-11-08 01:01:13.872 13785 INFO rally.task.context [-] Task 8b34eb2b-eac8-446b-8286-419dc735db84 | Context users@openstack setup() finished in 2.63 sec
2019-11-08 01:01:14.685 13785 INFO rally.task.context [-] Task 8b34eb2b-eac8-446b-8286-419dc735db84 | Context quotas@openstack setup() finished in 0.81 sec
2019-11-08 01:01:14.685 13785 INFO rally.task.context [-] Task 8b34eb2b-eac8-446b-8286-419dc735db84 | Context cleanup@openstack setup() finished in 0.01 msec
2019-11-08 01:01:14.694 13785 RALLYDEBUG rally.task.runner [-] Starting the constant runner (task UUID: 8b34eb2b-eac8-446b-8286-419dc735db84). times: 10 concurrency: 4 timeout: 0 max_cpu_used: 16 processes_to_start: 4 concurrency_per_worker: 1 concurrency_overhead: 0
2019-11-08 01:01:14.706 15205 RALLYDEBUG rally.task.runner [-] Starting a worker. times: 10 duration: None concurrency: 1 timeout: 0 cls: method_name: run args: {"network_create_args": {}}
2019-11-08 01:01:14.710 15206 RALLYDEBUG rally.task.runner [-] Starting a worker. times: 10 duration: None concurrency: 1 timeout: 0 cls: method_name: run args: {"network_create_args": {}}
2019-11-08 01:01:14.713 15205 INFO rally.task.runner [-] Task 8b34eb2b-eac8-446b-8286-419dc735db84 | ITER: 1 START
2019-11-08 01:01:14.713 15207 RALLYDEBUG rally.task.runner [-] Starting a worker. times: 10 duration: None concurrency: 1 timeout: 0 cls: method_name: run args: {"network_create_args": {}}
2019-11-08 01:01:14.716 15206 INFO rally.task.runner [-] Task 8b34eb2b-eac8-446b-8286-419dc735db84 | ITER: 2 START
2019-11-08 01:01:14.717 15208 RALLYDEBUG rally.task.runner [-] Starting a worker. times: 10 duration: None concurrency: 1 timeout: 0 cls: method_name: run args: {"network_create_args": {}}
2019-11-08 01:01:14.720 15207 INFO rally.task.runner [-] Task 8b34eb2b-eac8-446b-8286-419dc735db84 | ITER: 3 START
2019-11-08 01:01:14.723 15208 INFO rally.task.runner [-] Task 8b34eb2b-eac8-446b-8286-419dc735db84 | ITER: 4 START
2019-11-08 01:01:15.950 15208 INFO rally.task.runner [-] Task 8b34eb2b-eac8-446b-8286-419dc735db84 | ITER: 4 END: OK
2019-11-08 01:01:15.955 15208 INFO rally.task.runner [-] Task 8b34eb2b-eac8-446b-8286-419dc735db84 | ITER: 5 START
2019-11-08 01:01:15.989 15207 INFO rally.task.runner [-] Task 8b34eb2b-eac8-446b-8286-419dc735db84 | ITER: 3 END: OK
2019-11-08 01:01:15.994 15207 INFO rally.task.runner [-] Task 8b34eb2b-eac8-446b-8286-419dc735db84 | ITER: 6 START
2019-11-08 01:01:16.577 15206 INFO rally.task.runner [-] Task 8b34eb2b-eac8-446b-8286-419dc735db84 | ITER: 2 END: OK
2019-11-08 01:01:16.581 15206 INFO rally.task.runner [-] Task 8b34eb2b-eac8-446b-8286-419dc735db84 | ITER: 7 START
2019-11-08 01:01:16.808 15205 INFO rally.task.runner [-] Task 8b34eb2b-eac8-446b-8286-419dc735db84 | ITER: 1 END: OK
2019-11-08 01:01:16.813 15205 INFO rally.task.runner [-] Task 8b34eb2b-eac8-446b-8286-419dc735db84 | ITER: 8 START
2019-11-08 01:01:17.705 15207 INFO rally.task.runner [-] Task 8b34eb2b-eac8-446b-8286-419dc735db84 | ITER: 6 END: OK
2019-11-08 01:01:17.709 15207 INFO rally.task.runner [-] Task 8b34eb2b-eac8-446b-8286-419dc735db84 | ITER: 9 START
2019-11-08 01:01:17.711 15208 INFO rally.task.runner [-] Task 8b34eb2b-eac8-446b-8286-419dc735db84 | ITER: 5 END: OK
2019-11-08 01:01:17.715 15208 INFO rally.task.runner [-] Task 8b34eb2b-eac8-446b-8286-419dc735db84 | ITER: 10 START
2019-11-08 01:01:17.846 15205 INFO rally.task.runner [-] Task 8b34eb2b-eac8-446b-8286-419dc735db84 | ITER: 8 END: OK
2019-11-08 01:01:17.892 15206 INFO rally.task.runner [-] Task 8b34eb2b-eac8-446b-8286-419dc735db84 | ITER: 7 END: OK
2019-11-08 01:01:18.738 15208 INFO rally.task.runner [-] Task 8b34eb2b-eac8-446b-8286-419dc735db84 | ITER: 10 END: OK
2019-11-08 01:01:18.749 15207 INFO rally.task.runner [-] Task 8b34eb2b-eac8-446b-8286-419dc735db84 | ITER: 9 END: OK
2019-11-08 01:01:18.774 13785 INFO rally.task.context [-] Task 8b34eb2b-eac8-446b-8286-419dc735db84 | Context cleanup@openstack cleanup() started
2019-11-08 01:01:18.777 13785 RALLYDEBUG rally_openstack.cleanup.manager [-] Cleaning up neutron vip objects
2019-11-08 01:01:19.884 13785 RALLYDEBUG rally_openstack.cleanup.manager [-] Cleaning up neutron health_monitor objects
2019-11-08 01:01:21.010 13785 RALLYDEBUG rally_openstack.cleanup.manager [-] Cleaning up neutron pool objects
2019-11-08 01:01:22.150 13785 RALLYDEBUG rally_openstack.cleanup.manager [-] Cleaning up neutron loadbalancer objects
2019-11-08 01:01:23.276 13785 RALLYDEBUG rally_openstack.cleanup.manager [-] Cleaning up neutron floatingip objects
2019-11-08 01:01:24.493 13785 RALLYDEBUG rally_openstack.cleanup.manager [-] Cleaning up neutron trunk objects
2019-11-08 01:01:25.645 13785 RALLYDEBUG rally_openstack.cleanup.manager [-] Cleaning up neutron port objects
2019-11-08 01:01:26.841 13785 RALLYDEBUG rally_openstack.cleanup.manager [-] Cleaning up neutron subnet objects
2019-11-08 01:01:28.019 13785 RALLYDEBUG rally_openstack.cleanup.manager [-] Cleaning up neutron network objects
2019-11-08 01:01:29.192 13785 RALLYDEBUG rally_openstack.cleanup.manager [-] Cleaning up neutron router objects
2019-11-08 01:01:30.669 13785 RALLYDEBUG rally_openstack.cleanup.manager [-] Cleaning up neutron security_group objects
2019-11-08 01:01:31.929 13785 INFO rally.task.context [-] Task 8b34eb2b-eac8-446b-8286-419dc735db84 | Context cleanup@openstack cleanup() finished in 13.16 sec
2019-11-08 01:01:31.930 13785 INFO rally.task.context [-] Task 8b34eb2b-eac8-446b-8286-419dc735db84 | Context quotas@openstack cleanup() started
2019-11-08 01:01:32.167 13785 INFO rally.task.context [-] Task 8b34eb2b-eac8-446b-8286-419dc735db84 | Context quotas@openstack cleanup() finished in 0.24 sec
2019-11-08 01:01:32.167 13785 INFO rally.task.context [-] Task 8b34eb2b-eac8-446b-8286-419dc735db84 | Context users@openstack cleanup() started
2019-11-08 01:01:36.419 13785 INFO rally.task.context [-] Task 8b34eb2b-eac8-446b-8286-419dc735db84 | Context users@openstack cleanup() finished in 4.25 sec
2019-11-08 01:01:37.400 13785 INFO rally.task.engine [-] Load duration is: 4.034312
2019-11-08 01:01:37.400 13785 INFO rally.task.engine [-] Full runner duration is: 4.07978
2019-11-08 01:01:37.400 13785 INFO rally.task.engine [-] Full duration is: 25.181546
2019-11-08 01:01:37.747 13785 INFO rally.task.engine [-] Running workload: position = 0 config = { "version": 2, "title": "A cropped version of a bigger task.", "description": "Auto-generated task from a single workload (uuid=a5f1f441-dcc9-4212-b028-49e97ce834bd)", "subtasks": [ { "title": "NeutronNetworks.create_and_delete_ports", "description": "Create and delete a port.", "scenario": { "NeutronNetworks.create_and_delete_ports": { "network_create_args": {}, "port_create_args": {}, "ports_per_network": 1 } }, "contexts": { "users": { "tenants": 3, "users_per_tenant": 2 }, "network": { "router": {} }, "quotas": { "neutron": { "network": -1, "port": -1 } } }, "runner": { "constant": { "concurrency": 4, "times": 10 } }, "hooks": [], "sla": { "failure_rate": { "max": 0 } } } ] }
2019-11-08 01:01:37.765 13785 RALLYDEBUG rally_openstack.contexts.keystone.users [-] Creating 3 tenants using 20 threads
2019-11-08 01:01:38.691 13785 RALLYDEBUG rally_openstack.contexts.keystone.users [-] Creating 6 users using 20 threads
2019-11-08 01:01:40.190 13785 INFO rally.task.context [-] Task 8b34eb2b-eac8-446b-8286-419dc735db84 | Context users@openstack setup() finished in 2.42 sec
2019-11-08 01:01:40.980 13785 INFO rally.task.context [-] Task 8b34eb2b-eac8-446b-8286-419dc735db84 | Context quotas@openstack setup() finished in 0.79 sec
2019-11-08 01:01:41.571 13785 RALLYDEBUG rally_openstack.wrappers.network [-] CIDR generated: 10.2.23.0/24
2019-11-08 01:01:42.670 13785 RALLYDEBUG rally_openstack.wrappers.network [-] CIDR generated: 10.2.24.0/24
2019-11-08 01:01:43.493 13785 RALLYDEBUG rally_openstack.wrappers.network [-] CIDR generated: 10.2.25.0/24
2019-11-08 01:01:44.013 13785 INFO rally.task.context [-] Task 8b34eb2b-eac8-446b-8286-419dc735db84 | Context network@openstack setup() finished in 3.03 sec
2019-11-08 01:01:44.014 13785 INFO rally.task.context [-] Task 8b34eb2b-eac8-446b-8286-419dc735db84 | Context cleanup@openstack setup() finished in 0.01 msec
2019-11-08 01:01:44.023 13785 RALLYDEBUG rally.task.runner [-] Starting the constant runner (task UUID: 8b34eb2b-eac8-446b-8286-419dc735db84). times: 10 concurrency: 4 timeout: 0 max_cpu_used: 16 processes_to_start: 4 concurrency_per_worker: 1 concurrency_overhead: 0
2019-11-08 01:01:44.035 15529 RALLYDEBUG rally.task.runner [-] Starting a worker. times: 10 duration: None concurrency: 1 timeout: 0 cls: method_name: run args: {"network_create_args": {}, "port_create_args": {}, "ports_per_network": 1}
2019-11-08 01:01:44.038 15530 RALLYDEBUG rally.task.runner [-] Starting a worker. times: 10 duration: None concurrency: 1 timeout: 0 cls: method_name: run args: {"network_create_args": {}, "port_create_args": {}, "ports_per_network": 1}
2019-11-08 01:01:44.042 15529 INFO rally.task.runner [-] Task 8b34eb2b-eac8-446b-8286-419dc735db84 | ITER: 1 START
2019-11-08 01:01:44.042 15531 RALLYDEBUG rally.task.runner [-] Starting a worker. times: 10 duration: None concurrency: 1 timeout: 0 cls: method_name: run args: {"network_create_args": {}, "port_create_args": {}, "ports_per_network": 1}
2019-11-08 01:01:44.046 15530 INFO rally.task.runner [-] Task 8b34eb2b-eac8-446b-8286-419dc735db84 | ITER: 2 START
2019-11-08 01:01:44.045 15532 RALLYDEBUG rally.task.runner [-] Starting a worker. times: 10 duration: None concurrency: 1 timeout: 0 cls: method_name: run args: {"network_create_args": {}, "port_create_args": {}, "ports_per_network": 1}
2019-11-08 01:01:44.049 15531 INFO rally.task.runner [-] Task 8b34eb2b-eac8-446b-8286-419dc735db84 | ITER: 3 START
2019-11-08 01:01:44.052 15532 INFO rally.task.runner [-] Task 8b34eb2b-eac8-446b-8286-419dc735db84 | ITER: 4 START
2019-11-08 01:01:45.480 15530 INFO rally.task.runner [-] Task 8b34eb2b-eac8-446b-8286-419dc735db84 | ITER: 2 END: OK
2019-11-08 01:01:45.484 15530 INFO rally.task.runner [-] Task 8b34eb2b-eac8-446b-8286-419dc735db84 | ITER: 5 START
2019-11-08 01:01:45.594 15531 INFO rally.task.runner [-] Task 8b34eb2b-eac8-446b-8286-419dc735db84 | ITER: 3 END: OK
2019-11-08 01:01:45.600 15531 INFO rally.task.runner [-] Task 8b34eb2b-eac8-446b-8286-419dc735db84 | ITER: 6 START
2019-11-08 01:01:45.745 15532 INFO rally.task.runner [-] Task 8b34eb2b-eac8-446b-8286-419dc735db84 | ITER: 4 END: OK
2019-11-08 01:01:45.750 15532 INFO rally.task.runner [-] Task 8b34eb2b-eac8-446b-8286-419dc735db84 | ITER: 7 START
2019-11-08 01:01:45.867 15529 INFO rally.task.runner [-] Task 8b34eb2b-eac8-446b-8286-419dc735db84 | ITER: 1 END: OK
2019-11-08 01:01:45.873 15529 INFO rally.task.runner [-] Task 8b34eb2b-eac8-446b-8286-419dc735db84 | ITER: 8 START
2019-11-08 01:01:46.980 15530 INFO rally.task.runner [-] Task 8b34eb2b-eac8-446b-8286-419dc735db84 | ITER: 5 END: OK
2019-11-08 01:01:46.983 15530 INFO rally.task.runner [-] Task 8b34eb2b-eac8-446b-8286-419dc735db84 | ITER: 9 START
2019-11-08 01:01:47.055 15531 INFO rally.task.runner [-] Task 8b34eb2b-eac8-446b-8286-419dc735db84 | ITER: 6 END: OK
2019-11-08 01:01:47.059 15531 INFO rally.task.runner [-] Task 8b34eb2b-eac8-446b-8286-419dc735db84 | ITER: 10 START
2019-11-08 01:01:47.301 15532 INFO rally.task.runner [-] Task 8b34eb2b-eac8-446b-8286-419dc735db84 | ITER: 7 END: OK
2019-11-08 01:01:47.339 15529 INFO rally.task.runner [-] Task 8b34eb2b-eac8-446b-8286-419dc735db84 | ITER: 8 END: OK
2019-11-08 01:01:48.634 15530 INFO rally.task.runner [-] Task 8b34eb2b-eac8-446b-8286-419dc735db84 | ITER: 9 END: OK
2019-11-08 01:01:48.701 15531 INFO rally.task.runner [-] Task 8b34eb2b-eac8-446b-8286-419dc735db84 | ITER: 10 END: OK
2019-11-08 01:01:48.728 13785 INFO rally.task.context [-] Task 8b34eb2b-eac8-446b-8286-419dc735db84 | Context cleanup@openstack cleanup() started
2019-11-08 01:01:48.731 13785 RALLYDEBUG rally_openstack.cleanup.manager [-] Cleaning up neutron vip objects
2019-11-08 01:01:49.890 13785 RALLYDEBUG rally_openstack.cleanup.manager [-] Cleaning up neutron health_monitor objects
2019-11-08 01:01:50.984 13785 RALLYDEBUG rally_openstack.cleanup.manager [-] Cleaning up neutron pool objects
2019-11-08 01:01:52.106 13785 RALLYDEBUG rally_openstack.cleanup.manager [-] Cleaning up neutron loadbalancer objects
2019-11-08 01:01:53.225 13785 RALLYDEBUG rally_openstack.cleanup.manager [-] Cleaning up neutron floatingip objects
2019-11-08 01:01:54.438 13785 RALLYDEBUG rally_openstack.cleanup.manager [-] Cleaning up neutron trunk objects
2019-11-08 01:01:55.589 13785 RALLYDEBUG rally_openstack.cleanup.manager [-] Cleaning up neutron port objects
2019-11-08 01:01:57.162 13785 RALLYDEBUG rally_openstack.cleanup.manager [-] Cleaning up neutron subnet objects
2019-11-08 01:01:58.388 13785 RALLYDEBUG rally_openstack.cleanup.manager [-] Cleaning up neutron network objects
2019-11-08 01:01:59.755 13785 RALLYDEBUG rally_openstack.cleanup.manager [-] Cleaning up neutron router objects
2019-11-08 01:02:00.950 13785 RALLYDEBUG rally_openstack.cleanup.manager [-] Cleaning up neutron security_group objects
2019-11-08 01:02:02.158 13785 INFO rally.task.context [-] Task 8b34eb2b-eac8-446b-8286-419dc735db84 | Context cleanup@openstack cleanup() finished in 13.43 sec
2019-11-08 01:02:02.158 13785 INFO rally.task.context [-] Task 8b34eb2b-eac8-446b-8286-419dc735db84 | Context network@openstack cleanup() started
2019-11-08 01:02:13.569 13785 INFO rally.task.context [-] Task 8b34eb2b-eac8-446b-8286-419dc735db84 | Context network@openstack cleanup() finished in 11.41 sec
2019-11-08 01:02:13.570 13785 INFO rally.task.context [-] Task 8b34eb2b-eac8-446b-8286-419dc735db84 | Context quotas@openstack cleanup() started
2019-11-08 01:02:13.697 13785 INFO rally.task.context [-] Task 8b34eb2b-eac8-446b-8286-419dc735db84 | Context quotas@openstack cleanup() finished in 0.13 sec
2019-11-08 01:02:13.697 13785 INFO rally.task.context [-] Task 8b34eb2b-eac8-446b-8286-419dc735db84 | Context users@openstack cleanup() started
2019-11-08 01:02:18.058 13785 INFO rally.task.context [-] Task 8b34eb2b-eac8-446b-8286-419dc735db84 | Context users@openstack cleanup() finished in 4.36 sec
2019-11-08 01:02:19.984 13785 INFO rally.task.engine [-] Load duration is: 4.657877
2019-11-08 01:02:19.984 13785 INFO rally.task.engine [-] Full runner duration is: 4.705007
2019-11-08 01:02:19.985 13785 INFO rally.task.engine [-] Full duration is: 40.295059
