2019-11-08 01:44:44.576 20411 INFO rally.task.engine [-] Running workload: position = 0 config = { "version": 2, "title": "A cropped version of a bigger task.", "description": "Auto-generated task from a single workload (uuid=406ad758-cb3f-41d1-b17f-8f9b8e9e2d4d)", "subtasks": [ { "title": "NovaKeypair.boot_and_delete_server_with_keypair", "description": "Boot and delete server with keypair.", "scenario": { "NovaKeypair.boot_and_delete_server_with_keypair": { "flavor": { "name": "rally_full-flavor_6b18c56f-4e53-4e1e-89b8-b9af639463ce" }, "image": { "name": "rally_full-img_6b18c56f-4e53-4e1e-89b8-b9af639463ce" }, "server_kwargs": { "nics": [ { "net-id": "297597d3-e8e7-4f70-bfbc-91b0d6c71147" } ] } } }, "contexts": { "users": { "tenants": 3, "users_per_tenant": 2 }, "network": { "networks_per_tenant": 1, "start_cidr": "100.1.0.0/25" }, "quotas": { "neutron": { "network": -1, "port": -1, "subnet": -1 }, "nova": { "cores": -1, "floating_ips": -1, "instances": -1, "key_pairs": -1, "ram": -1, "security_group_rules": -1, "security_groups": -1 } } }, "runner": { "constant": { "concurrency": 4, "times": 10 } }, "hooks": [], "sla": { "failure_rate": { "max": 0 } } } ] }
2019-11-08 01:44:44.599 20411 RALLYDEBUG rally_openstack.contexts.keystone.users [-] Creating 3 tenants using 20 threads
2019-11-08 01:44:45.523 20411 RALLYDEBUG rally_openstack.contexts.keystone.users [-] Creating 6 users using 20 threads
2019-11-08 01:44:47.037 20411 INFO rally.task.context [-] Task ffd7f283-6e8d-4c75-9648-a8d3aa68790a | Context users@openstack setup() finished in 2.44 sec
2019-11-08 01:44:48.666 20411 INFO rally.task.context [-] Task ffd7f283-6e8d-4c75-9648-a8d3aa68790a | Context quotas@openstack setup() finished in 1.63 sec
2019-11-08 01:44:50.862 20411 RALLYDEBUG rally_openstack.wrappers.network [-] CIDR generated: 100.1.9.0/25
2019-11-08 01:44:55.256 20411 RALLYDEBUG rally_openstack.wrappers.network [-] CIDR generated: 100.1.9.128/25
2019-11-08 01:44:59.226 20411 RALLYDEBUG rally_openstack.wrappers.network [-] CIDR generated: 100.1.10.0/25
2019-11-08 01:45:01.329 20411 INFO rally.task.context [-] Task ffd7f283-6e8d-4c75-9648-a8d3aa68790a | Context network@openstack setup() finished in 12.66 sec
2019-11-08 01:45:01.329 20411 INFO rally.task.context [-] Task ffd7f283-6e8d-4c75-9648-a8d3aa68790a | Context cleanup@openstack setup() finished in 0.02 msec
2019-11-08 01:45:02.186 20411 RALLYDEBUG rally.task.runner [-] Starting the constant runner (task UUID: ffd7f283-6e8d-4c75-9648-a8d3aa68790a). times: 10 concurrency: 4 timeout: 0 max_cpu_used: 16 processes_to_start: 4 concurrency_per_worker: 1 concurrency_overhead: 0
2019-11-08 01:45:02.198 23051 RALLYDEBUG rally.task.runner [-] Starting a worker. times: 10 duration: None concurrency: 1 timeout: 0 cls: method_name: run args: {"flavor": "acbda7d5-6b6a-491f-b75e-87ac62f6d87a", "image": "bc8acf05-522e-4dfe-b20d-f2ccfa4fb8d8", "server_kwargs": {"nics": [{"net-id": "297597d3-e8e7-4f70-bfbc-91b0d6c71147"}]}}
2019-11-08 01:45:02.202 23052 RALLYDEBUG rally.task.runner [-] Starting a worker. times: 10 duration: None concurrency: 1 timeout: 0 cls: method_name: run args: {"flavor": "acbda7d5-6b6a-491f-b75e-87ac62f6d87a", "image": "bc8acf05-522e-4dfe-b20d-f2ccfa4fb8d8", "server_kwargs": {"nics": [{"net-id": "297597d3-e8e7-4f70-bfbc-91b0d6c71147"}]}}
2019-11-08 01:45:02.205 23051 INFO rally.task.runner [-] Task ffd7f283-6e8d-4c75-9648-a8d3aa68790a | ITER: 1 START
2019-11-08 01:45:02.206 23053 RALLYDEBUG rally.task.runner [-] Starting a worker. times: 10 duration: None concurrency: 1 timeout: 0 cls: method_name: run args: {"flavor": "acbda7d5-6b6a-491f-b75e-87ac62f6d87a", "image": "bc8acf05-522e-4dfe-b20d-f2ccfa4fb8d8", "server_kwargs": {"nics": [{"net-id": "297597d3-e8e7-4f70-bfbc-91b0d6c71147"}]}}
2019-11-08 01:45:02.209 23052 INFO rally.task.runner [-] Task ffd7f283-6e8d-4c75-9648-a8d3aa68790a | ITER: 2 START
2019-11-08 01:45:02.209 23055 RALLYDEBUG rally.task.runner [-] Starting a worker. times: 10 duration: None concurrency: 1 timeout: 0 cls: method_name: run args: {"flavor": "acbda7d5-6b6a-491f-b75e-87ac62f6d87a", "image": "bc8acf05-522e-4dfe-b20d-f2ccfa4fb8d8", "server_kwargs": {"nics": [{"net-id": "297597d3-e8e7-4f70-bfbc-91b0d6c71147"}]}}
2019-11-08 01:45:02.211 23051 WARNING rally.common.logging [-] Argument(s): `server_kwargs' of `run()' are deprecated in v0.3.2: 'server_kwargs' has been renamed 'boot_server_kwargs'. Used at
2019-11-08 01:45:02.213 23053 INFO rally.task.runner [-] Task ffd7f283-6e8d-4c75-9648-a8d3aa68790a | ITER: 3 START
2019-11-08 01:45:02.214 23052 WARNING rally.common.logging [-] Argument(s): `server_kwargs' of `run()' are deprecated in v0.3.2: 'server_kwargs' has been renamed 'boot_server_kwargs'. Used at
2019-11-08 01:45:02.216 23055 INFO rally.task.runner [-] Task ffd7f283-6e8d-4c75-9648-a8d3aa68790a | ITER: 4 START
2019-11-08 01:45:02.218 23053 WARNING rally.common.logging [-] Argument(s): `server_kwargs' of `run()' are deprecated in v0.3.2: 'server_kwargs' has been renamed 'boot_server_kwargs'. Used at
2019-11-08 01:45:02.221 23055 WARNING rally.common.logging [-] Argument(s): `server_kwargs' of `run()' are deprecated in v0.3.2: 'server_kwargs' has been renamed 'boot_server_kwargs'. Used at
2019-11-08 01:45:09.454 23052 RALLYDEBUG rally.task.utils [-] Waiting for resource s_rally_406ad758_iDCBAlOB. Status changed: BUILD => ACTIVE in 4.512985467910767
2019-11-08 01:45:09.537 23055 RALLYDEBUG rally.task.utils [-] Waiting for resource s_rally_406ad758_4M7NYZpH. Status changed: BUILD => ACTIVE in 4.701338768005371
2019-11-08 01:45:11.479 23051 RALLYDEBUG rally.task.utils [-] Waiting for resource s_rally_406ad758_kkEaWNOo. Status changed: BUILD => ACTIVE in 6.873400688171387
2019-11-08 01:45:11.664 23053 RALLYDEBUG rally.task.utils [-] Waiting for resource s_rally_406ad758_byzme6Gs. Status changed: BUILD => ACTIVE in 6.921951770782471
2019-11-08 01:45:11.777 23052 INFO rally.task.runner [-] Task ffd7f283-6e8d-4c75-9648-a8d3aa68790a | ITER: 2 END: OK
2019-11-08 01:45:11.782 23052 INFO rally.task.runner [-] Task ffd7f283-6e8d-4c75-9648-a8d3aa68790a | ITER: 5 START
2019-11-08 01:45:11.901 23055 INFO rally.task.runner [-] Task ffd7f283-6e8d-4c75-9648-a8d3aa68790a | ITER: 4 END: OK
2019-11-08 01:45:11.906 23055 INFO rally.task.runner [-] Task ffd7f283-6e8d-4c75-9648-a8d3aa68790a | ITER: 6 START
2019-11-08 01:45:13.856 23051 INFO rally.task.runner [-] Task ffd7f283-6e8d-4c75-9648-a8d3aa68790a | ITER: 1 END: OK
2019-11-08 01:45:13.861 23051 INFO rally.task.runner [-] Task ffd7f283-6e8d-4c75-9648-a8d3aa68790a | ITER: 7 START
2019-11-08 01:45:14.049 23053 INFO rally.task.runner [-] Task ffd7f283-6e8d-4c75-9648-a8d3aa68790a | ITER: 3 END: OK
2019-11-08 01:45:14.054 23053 INFO rally.task.runner [-] Task ffd7f283-6e8d-4c75-9648-a8d3aa68790a | ITER: 8 START
2019-11-08 01:45:18.696 23052 RALLYDEBUG rally.task.utils [-] Waiting for resource s_rally_406ad758_gFGrXh8O. Status changed: BUILD => ACTIVE in 4.701109886169434
2019-11-08 01:45:19.010 23055 RALLYDEBUG rally.task.utils [-] Waiting for resource s_rally_406ad758_QGbdvGQ9. Status changed: BUILD => ACTIVE in 4.626408100128174
2019-11-08 01:45:20.685 23051 RALLYDEBUG rally.task.utils [-] Waiting for resource s_rally_406ad758_2xXoqTXH. Status changed: BUILD => ACTIVE in 4.695573806762695
2019-11-08 01:45:21.115 23052 INFO rally.task.runner [-] Task ffd7f283-6e8d-4c75-9648-a8d3aa68790a | ITER: 5 END: OK
2019-11-08 01:45:21.119 23052 INFO rally.task.runner [-] Task ffd7f283-6e8d-4c75-9648-a8d3aa68790a | ITER: 9 START
2019-11-08 01:45:21.382 23055 INFO rally.task.runner [-] Task ffd7f283-6e8d-4c75-9648-a8d3aa68790a | ITER: 6 END: OK
2019-11-08 01:45:21.386 23055 INFO rally.task.runner [-] Task ffd7f283-6e8d-4c75-9648-a8d3aa68790a | ITER: 10 START
2019-11-08 01:45:21.418 23053 RALLYDEBUG rally.task.utils [-] Waiting for resource s_rally_406ad758_CQwidMvw. Status changed: BUILD => ACTIVE in 4.585498571395874
2019-11-08 01:45:23.138 23051 INFO rally.task.runner [-] Task ffd7f283-6e8d-4c75-9648-a8d3aa68790a | ITER: 7 END: OK
2019-11-08 01:45:23.773 23053 INFO rally.task.runner [-] Task ffd7f283-6e8d-4c75-9648-a8d3aa68790a | ITER: 8 END: OK
2019-11-08 01:45:28.488 23052 RALLYDEBUG rally.task.utils [-] Waiting for resource s_rally_406ad758_1c2HjbA0. Status changed: BUILD => ACTIVE in 4.898294448852539
2019-11-08 01:45:28.673 23055 RALLYDEBUG rally.task.utils [-] Waiting for resource s_rally_406ad758_zOCCDnFA. Status changed: BUILD => ACTIVE in 4.537487745285034
2019-11-08 01:45:31.020 23052 INFO rally.task.runner [-] Task ffd7f283-6e8d-4c75-9648-a8d3aa68790a | ITER: 9 END: OK
2019-11-08 01:45:31.065 23055 INFO rally.task.runner [-] Task ffd7f283-6e8d-4c75-9648-a8d3aa68790a | ITER: 10 END: OK
2019-11-08 01:45:31.091 20411 INFO rally.task.context [-] Task ffd7f283-6e8d-4c75-9648-a8d3aa68790a | Context cleanup@openstack cleanup() started
2019-11-08 01:45:31.095 20411 RALLYDEBUG rally_openstack.cleanup.manager [-] Cleaning up nova servers objects
2019-11-08 01:45:32.395 20411 RALLYDEBUG rally_openstack.cleanup.manager [-] Cleaning up nova server_groups objects
2019-11-08 01:45:33.497 20411 RALLYDEBUG rally_openstack.cleanup.manager [-] Cleaning up nova keypairs objects
2019-11-08 01:45:35.865 20411 INFO rally.task.context [-] Task ffd7f283-6e8d-4c75-9648-a8d3aa68790a | Context cleanup@openstack cleanup() finished in 4.77 sec
2019-11-08 01:45:35.865 20411 INFO rally.task.context [-] Task ffd7f283-6e8d-4c75-9648-a8d3aa68790a | Context network@openstack cleanup() started
2019-11-08 01:45:56.314 20411 INFO rally.task.context [-] Task ffd7f283-6e8d-4c75-9648-a8d3aa68790a | Context network@openstack cleanup() finished in 20.45 sec
2019-11-08 01:45:56.315 20411 INFO rally.task.context [-] Task ffd7f283-6e8d-4c75-9648-a8d3aa68790a | Context quotas@openstack cleanup() started
2019-11-08 01:45:56.608 20411 INFO rally.task.context [-] Task ffd7f283-6e8d-4c75-9648-a8d3aa68790a | Context quotas@openstack cleanup() finished in 0.29 sec
2019-11-08 01:45:56.609 20411 INFO rally.task.context [-] Task ffd7f283-6e8d-4c75-9648-a8d3aa68790a | Context users@openstack cleanup() started
2019-11-08 01:46:00.606 20411 INFO rally.task.context [-] Task ffd7f283-6e8d-4c75-9648-a8d3aa68790a | Context users@openstack cleanup() finished in 4.00 sec
2019-11-08 01:46:00.913 20411 INFO rally.task.engine [-] Load duration is: 27.857716
2019-11-08 01:46:00.914 20411 INFO rally.task.engine [-] Full runner duration is: 28.905958
2019-11-08 01:46:00.914 20411 INFO rally.task.engine [-] Full duration is: 76.009805
2019-11-08 01:46:01.265 20411 INFO rally.task.engine [-] Running workload: position = 0 config = { "version": 2, "title": "A cropped version of a bigger task.", "description": "Auto-generated task from a single workload (uuid=ae5955c0-5af3-4cb9-8eb6-966553c23715)", "subtasks": [ { "title": "NovaServers.boot_server_from_volume_and_delete", "description": "Boot a server from volume and then delete it.", "scenario": { "NovaServers.boot_server_from_volume_and_delete": { "flavor": { "name": "rally_full-flavor_6b18c56f-4e53-4e1e-89b8-b9af639463ce" }, "image": { "name": "rally_full-img_6b18c56f-4e53-4e1e-89b8-b9af639463ce" }, "volume_size": 1, "nics": [ { "net-id": "297597d3-e8e7-4f70-bfbc-91b0d6c71147" } ] } }, "contexts": { "users": { "tenants": 3, "users_per_tenant": 2 }, "network": { "networks_per_tenant": 1, "start_cidr": "100.1.0.0/25" }, "quotas": { "cinder": { "gigabytes": -1, "snapshots": -1, "volumes": -1 }, "neutron": { "network": -1, "port": -1, "subnet": -1 }, "nova": { "cores": -1, "floating_ips": -1, "instances": -1, "ram": -1, "security_group_rules": -1, "security_groups": -1 } }, "api_versions": { "cinder": { "version": 3, "service_type": "volumev3" } } }, "runner": { "constant": { "concurrency": 4, "times": 10 } }, "hooks": [], "sla": { "failure_rate": { "max": 0 } } } ] }
2019-11-08 01:46:01.290 20411 RALLYDEBUG rally_openstack.contexts.keystone.users [-] Creating 3 tenants using 20 threads
2019-11-08 01:46:02.300 20411 RALLYDEBUG rally_openstack.contexts.keystone.users [-] Creating 6 users using 20 threads
2019-11-08 01:46:03.917 20411 INFO rally.task.context [-] Task ffd7f283-6e8d-4c75-9648-a8d3aa68790a | Context users@openstack setup() finished in 2.63 sec
2019-11-08 01:46:04.314 20411 INFO rally.task.context [-] Task ffd7f283-6e8d-4c75-9648-a8d3aa68790a | Context api_versions@openstack setup() finished in 0.40 sec
2019-11-08 01:46:06.292 20411 INFO rally.task.context [-] Task ffd7f283-6e8d-4c75-9648-a8d3aa68790a | Context quotas@openstack setup() finished in 1.98 sec
2019-11-08 01:46:08.493 20411 RALLYDEBUG rally_openstack.wrappers.network [-] CIDR generated: 100.1.10.128/25
2019-11-08 01:46:12.625 20411 RALLYDEBUG rally_openstack.wrappers.network [-] CIDR generated: 100.1.11.0/25
2019-11-08 01:46:16.479 20411 RALLYDEBUG rally_openstack.wrappers.network [-] CIDR generated: 100.1.11.128/25
2019-11-08 01:46:18.590 20411 INFO rally.task.context [-] Task ffd7f283-6e8d-4c75-9648-a8d3aa68790a | Context network@openstack setup() finished in 12.30 sec
2019-11-08 01:46:18.590 20411 INFO rally.task.context [-] Task ffd7f283-6e8d-4c75-9648-a8d3aa68790a | Context cleanup@openstack setup() finished in 0.02 msec
2019-11-08 01:46:19.405 20411 RALLYDEBUG rally.task.runner [-] Starting the constant runner (task UUID: ffd7f283-6e8d-4c75-9648-a8d3aa68790a). times: 10 concurrency: 4 timeout: 0 max_cpu_used: 16 processes_to_start: 4 concurrency_per_worker: 1 concurrency_overhead: 0
2019-11-08 01:46:19.417 23215 RALLYDEBUG rally.task.runner [-] Starting a worker. times: 10 duration: None concurrency: 1 timeout: 0 cls: method_name: run args: {"flavor": "acbda7d5-6b6a-491f-b75e-87ac62f6d87a", "image": "bc8acf05-522e-4dfe-b20d-f2ccfa4fb8d8", "volume_size": 1, "nics": [{"net-id": "297597d3-e8e7-4f70-bfbc-91b0d6c71147"}]}
2019-11-08 01:46:19.421 23216 RALLYDEBUG rally.task.runner [-] Starting a worker. times: 10 duration: None concurrency: 1 timeout: 0 cls: method_name: run args: {"flavor": "acbda7d5-6b6a-491f-b75e-87ac62f6d87a", "image": "bc8acf05-522e-4dfe-b20d-f2ccfa4fb8d8", "volume_size": 1, "nics": [{"net-id": "297597d3-e8e7-4f70-bfbc-91b0d6c71147"}]}
2019-11-08 01:46:19.425 23215 INFO rally.task.runner [-] Task ffd7f283-6e8d-4c75-9648-a8d3aa68790a | ITER: 1 START
2019-11-08 01:46:19.425 23217 RALLYDEBUG rally.task.runner [-] Starting a worker. times: 10 duration: None concurrency: 1 timeout: 0 cls: method_name: run args: {"flavor": "acbda7d5-6b6a-491f-b75e-87ac62f6d87a", "image": "bc8acf05-522e-4dfe-b20d-f2ccfa4fb8d8", "volume_size": 1, "nics": [{"net-id": "297597d3-e8e7-4f70-bfbc-91b0d6c71147"}]}
2019-11-08 01:46:19.428 23216 INFO rally.task.runner [-] Task ffd7f283-6e8d-4c75-9648-a8d3aa68790a | ITER: 2 START
2019-11-08 01:46:19.429 23218 RALLYDEBUG rally.task.runner [-] Starting a worker. times: 10 duration: None concurrency: 1 timeout: 0 cls: method_name: run args: {"flavor": "acbda7d5-6b6a-491f-b75e-87ac62f6d87a", "image": "bc8acf05-522e-4dfe-b20d-f2ccfa4fb8d8", "volume_size": 1, "nics": [{"net-id": "297597d3-e8e7-4f70-bfbc-91b0d6c71147"}]}
2019-11-08 01:46:19.433 23217 INFO rally.task.runner [-] Task ffd7f283-6e8d-4c75-9648-a8d3aa68790a | ITER: 3 START
2019-11-08 01:46:19.436 23218 INFO rally.task.runner [-] Task ffd7f283-6e8d-4c75-9648-a8d3aa68790a | ITER: 4 START
2019-11-08 01:46:34.854 23216 RALLYDEBUG rally.task.utils [-] Waiting for resource s_rally_ae5955c0_OmZOPyM2. Status changed: DOWNLOADING => AVAILABLE in 12.510009050369263
2019-11-08 01:46:43.141 23218 RALLYDEBUG rally.task.utils [-] Waiting for resource s_rally_ae5955c0_kvMkri8A. Status changed: DOWNLOADING => AVAILABLE in 20.92370367050171
2019-11-08 01:46:43.812 23216 RALLYDEBUG rally.task.utils [-] Waiting for resource s_rally_ae5955c0_Ydv2nuzB. Status changed: BUILD => ACTIVE in 6.936828136444092
2019-11-08 01:46:46.227 23216 INFO rally.task.runner [-] Task ffd7f283-6e8d-4c75-9648-a8d3aa68790a | ITER: 2 END: OK
2019-11-08 01:46:46.235 23216 INFO rally.task.runner [-] Task ffd7f283-6e8d-4c75-9648-a8d3aa68790a | ITER: 5 START
2019-11-08 01:46:50.463 23218 RALLYDEBUG rally.task.utils [-] Waiting for resource s_rally_ae5955c0_QWdtg9TM. Status changed: BUILD => ACTIVE in 4.944298028945923
2019-11-08 01:46:55.058 23218 INFO rally.task.runner [-] Task ffd7f283-6e8d-4c75-9648-a8d3aa68790a | ITER: 4 END: OK
2019-11-08 01:46:55.063 23218 INFO rally.task.runner [-] Task ffd7f283-6e8d-4c75-9648-a8d3aa68790a | ITER: 6 START
2019-11-08 01:46:59.962 23218 RALLYDEBUG rally.task.utils [-] Waiting for resource s_rally_ae5955c0_7juAruIR. Status changed: CREATING => DOWNLOADING in 2.2023403644561768
2019-11-08 01:47:01.621 23216 RALLYDEBUG rally.task.utils [-] Waiting for resource s_rally_ae5955c0_lUxRCmvc. Status changed: DOWNLOADING => AVAILABLE in 12.551315069198608
2019-11-08 01:47:14.395 23218 RALLYDEBUG rally.task.utils [-] Waiting for resource s_rally_ae5955c0_7juAruIR. Status changed: DOWNLOADING => AVAILABLE in 14.43310546875
2019-11-08 01:47:16.146 23215 RALLYDEBUG rally.task.utils [-] Waiting for resource s_rally_ae5955c0_vZAzylAT. Status changed: DOWNLOADING => AVAILABLE in 53.807053565979004
2019-11-08 01:47:16.178 23217 RALLYDEBUG rally.task.utils [-] Waiting for resource s_rally_ae5955c0_WQbjexKV. Status changed: DOWNLOADING => AVAILABLE in 53.870484828948975
2019-11-08 01:47:17.431 23216 RALLYDEBUG rally.task.utils [-] Waiting for resource s_rally_ae5955c0_H5VDp5fj. Status changed: BUILD => ACTIVE in 13.597559928894043
2019-11-08 01:47:19.758 23216 INFO rally.task.runner [-] Task ffd7f283-6e8d-4c75-9648-a8d3aa68790a | ITER: 5 END: OK
2019-11-08 01:47:19.763 23216 INFO rally.task.runner [-] Task ffd7f283-6e8d-4c75-9648-a8d3aa68790a | ITER: 7 START
2019-11-08 01:47:21.026 23218 RALLYDEBUG rally.task.utils [-] Waiting for resource s_rally_ae5955c0_kehcadKK. Status changed: BUILD => ACTIVE in 4.509659767150879
2019-11-08 01:47:23.494 23218 INFO rally.task.runner [-] Task ffd7f283-6e8d-4c75-9648-a8d3aa68790a | ITER: 6 END: OK
2019-11-08 01:47:23.500 23218 INFO rally.task.runner [-] Task ffd7f283-6e8d-4c75-9648-a8d3aa68790a | ITER: 8 START
2019-11-08 01:47:25.224 23215 RALLYDEBUG rally.task.utils [-] Waiting for resource s_rally_ae5955c0_rVFprH7M. Status changed: BUILD => ACTIVE in 6.861061334609985
2019-11-08 01:47:25.408 23217 RALLYDEBUG rally.task.utils [-] Waiting for resource s_rally_ae5955c0_BSD7b8p6. Status changed: BUILD => ACTIVE in 6.9945783615112305
2019-11-08 01:47:27.652 23215 INFO rally.task.runner [-] Task ffd7f283-6e8d-4c75-9648-a8d3aa68790a | ITER: 1 END: OK
2019-11-08 01:47:27.658 23215 INFO rally.task.runner [-] Task ffd7f283-6e8d-4c75-9648-a8d3aa68790a | ITER: 9 START
2019-11-08 01:47:27.908 23217 INFO rally.task.runner [-] Task ffd7f283-6e8d-4c75-9648-a8d3aa68790a | ITER: 3 END: OK
2019-11-08 01:47:27.915 23217 INFO rally.task.runner [-] Task ffd7f283-6e8d-4c75-9648-a8d3aa68790a | ITER: 10 START
2019-11-08 01:47:28.496 23218 RALLYDEBUG rally.task.utils [-] Waiting for resource s_rally_ae5955c0_IEBQ0yUj. Status changed: CREATING => DOWNLOADING in 2.1709837913513184
2019-11-08 01:47:36.967 23216 RALLYDEBUG rally.task.utils [-] Waiting for resource s_rally_ae5955c0_fFc5jr3E. Status changed: DOWNLOADING => AVAILABLE in 14.562593460083008
2019-11-08 01:47:47.075 23218 RALLYDEBUG rally.task.utils [-] Waiting for resource s_rally_ae5955c0_IEBQ0yUj. Status changed: DOWNLOADING => AVAILABLE in 18.579280138015747
2019-11-08 01:47:48.348 23216 RALLYDEBUG rally.task.utils [-] Waiting for resource s_rally_ae5955c0_mLgmttyI. Status changed: BUILD => ACTIVE in 9.37338900566101
2019-11-08 01:47:50.694 23216 INFO rally.task.runner [-] Task ffd7f283-6e8d-4c75-9648-a8d3aa68790a | ITER: 7 END: OK
2019-11-08 01:47:51.141 23215 RALLYDEBUG rally.task.utils [-] Waiting for resource s_rally_ae5955c0_Prw18JWn. Status changed: DOWNLOADING => AVAILABLE in 20.778753995895386
2019-11-08 01:47:56.018 23218 RALLYDEBUG rally.task.utils [-] Waiting for resource s_rally_ae5955c0_e2ao5hHM. Status changed: BUILD => ACTIVE in 6.786718845367432
2019-11-08 01:47:58.360 23218 INFO rally.task.runner [-] Task ffd7f283-6e8d-4c75-9648-a8d3aa68790a | ITER: 8 END: OK
2019-11-08 01:48:00.117 23215 RALLYDEBUG rally.task.utils [-] Waiting for resource s_rally_ae5955c0_H3LAbaAY. Status changed: BUILD => ACTIVE in 7.071344614028931
2019-11-08 01:48:07.394 23215 INFO rally.task.runner [-] Task ffd7f283-6e8d-4c75-9648-a8d3aa68790a | ITER: 9 END: OK
2019-11-08 01:48:08.015 23217 RALLYDEBUG rally.task.utils [-] Waiting for resource s_rally_ae5955c0_iiZ5Yu2x. Status changed: DOWNLOADING => AVAILABLE in 37.41488265991211
2019-11-08 01:48:14.523 23217 RALLYDEBUG rally.task.utils [-] Waiting for resource s_rally_ae5955c0_mTfFhSEu. Status changed: BUILD => ACTIVE in 4.520862340927124
2019-11-08 01:48:16.911 23217 INFO rally.task.runner [-] Task ffd7f283-6e8d-4c75-9648-a8d3aa68790a | ITER: 10 END: OK
2019-11-08 01:48:16.940 20411 INFO rally.task.context [-] Task ffd7f283-6e8d-4c75-9648-a8d3aa68790a | Context cleanup@openstack cleanup() started
2019-11-08 01:48:16.943 20411 RALLYDEBUG rally_openstack.cleanup.manager [-] Cleaning up nova servers objects
2019-11-08 01:48:18.228 20411 RALLYDEBUG rally_openstack.cleanup.manager [-] Cleaning up nova server_groups objects
2019-11-08 01:48:19.377 20411 RALLYDEBUG rally_openstack.cleanup.manager [-] Cleaning up nova keypairs objects
2019-11-08 01:48:21.658 20411 RALLYDEBUG rally_openstack.cleanup.manager [-] Cleaning up cinder backups objects
2019-11-08 01:48:22.808 20411 RALLYDEBUG rally_openstack.cleanup.manager [-] Cleaning up cinder volume_snapshots objects
2019-11-08 01:48:23.959 20411 RALLYDEBUG rally_openstack.cleanup.manager [-] Cleaning up cinder transfers objects
2019-11-08 01:48:25.092 20411 RALLYDEBUG rally_openstack.cleanup.manager [-] Cleaning up cinder volumes objects
2019-11-08 01:48:26.337 20411 RALLYDEBUG rally_openstack.cleanup.manager [-] Deleting cinder.volumes object s_rally_ae5955c0_iiZ5Yu2x (1c105a6c-02e0-4e59-97b2-340def5f7d68)
2019-11-08 01:48:26.346 20411 RALLYDEBUG rally_openstack.cleanup.manager [-] Deleting cinder.volumes object s_rally_ae5955c0_IEBQ0yUj (a05ab233-f08b-4719-81c0-5bb6a0c891de)
2019-11-08 01:48:26.355 20411 RALLYDEBUG rally_openstack.cleanup.manager [-] Deleting cinder.volumes object s_rally_ae5955c0_fFc5jr3E (ede3c2e7-34d7-4461-9837-6024c1e11cd9)
2019-11-08 01:48:26.359 20411 RALLYDEBUG rally_openstack.cleanup.manager [-] Deleting cinder.volumes object s_rally_ae5955c0_7juAruIR (83d287cd-7293-4831-9536-2276b560cf0d)
2019-11-08 01:48:26.369 20411 RALLYDEBUG rally_openstack.cleanup.manager [-] Deleting cinder.volumes object s_rally_ae5955c0_OmZOPyM2 (0c95fce7-b48c-45a2-b09c-bc96af7a007b)
2019-11-08 01:48:26.390 20411 RALLYDEBUG rally_openstack.cleanup.manager [-] Deleting cinder.volumes object s_rally_ae5955c0_lUxRCmvc (6aa76137-73c0-4fcb-ae6d-0afedf48aff9)
2019-11-08 01:48:26.407 20411 RALLYDEBUG rally_openstack.cleanup.manager [-] Deleting cinder.volumes object s_rally_ae5955c0_kvMkri8A (baf1de9d-1996-4b00-94ab-d48f5a94293a)
2019-11-08 01:48:26.412 20411 RALLYDEBUG rally_openstack.cleanup.manager [-] Deleting cinder.volumes object s_rally_ae5955c0_Prw18JWn (0db352aa-d438-4edf-8449-29648e0e63ac)
2019-11-08 01:48:26.432 20411 RALLYDEBUG rally_openstack.cleanup.manager [-] Deleting cinder.volumes object s_rally_ae5955c0_vZAzylAT (d18c366c-6ea3-46d0-a156-185c1f27ed32)
2019-11-08 01:48:26.450 20411 RALLYDEBUG rally_openstack.cleanup.manager [-] Deleting cinder.volumes object s_rally_ae5955c0_WQbjexKV (a84bb6c4-f072-46bc-95bc-b29b72bbb39d)
2019-11-08 01:48:30.117 20411 INFO rally.task.context [-] Task ffd7f283-6e8d-4c75-9648-a8d3aa68790a | Context cleanup@openstack cleanup() finished in 13.18 sec
2019-11-08 01:48:30.117 20411 INFO rally.task.context [-] Task ffd7f283-6e8d-4c75-9648-a8d3aa68790a | Context network@openstack cleanup() started
2019-11-08 01:48:52.088 20411 INFO rally.task.context [-] Task ffd7f283-6e8d-4c75-9648-a8d3aa68790a | Context network@openstack cleanup() finished in 21.97 sec
2019-11-08 01:48:52.088 20411 INFO rally.task.context [-] Task ffd7f283-6e8d-4c75-9648-a8d3aa68790a | Context quotas@openstack cleanup() started
2019-11-08 01:48:52.403 20411 INFO rally.task.context [-] Task ffd7f283-6e8d-4c75-9648-a8d3aa68790a | Context quotas@openstack cleanup() finished in 0.31 sec
2019-11-08 01:48:52.404 20411 INFO rally.task.context [-] Task ffd7f283-6e8d-4c75-9648-a8d3aa68790a | Context api_versions@openstack cleanup() started
2019-11-08 01:48:52.404 20411 INFO rally.task.context [-] Task ffd7f283-6e8d-4c75-9648-a8d3aa68790a | Context api_versions@openstack cleanup() finished in 0.39 msec
2019-11-08 01:48:52.405 20411 INFO rally.task.context [-] Task ffd7f283-6e8d-4c75-9648-a8d3aa68790a | Context users@openstack cleanup() started
2019-11-08 01:48:56.367 20411 INFO rally.task.context [-] Task ffd7f283-6e8d-4c75-9648-a8d3aa68790a | Context users@openstack cleanup() finished in 3.96 sec
2019-11-08 01:48:58.000 20411 INFO rally.task.engine [-] Load duration is: 116.48187
2019-11-08 01:48:58.001 20411 INFO rally.task.engine [-] Full runner duration is: 117.53532
2019-11-08 01:48:58.001 20411 INFO rally.task.engine [-] Full duration is: 175.080101
2019-11-08 01:48:58.333 20411 INFO rally.task.engine [-] Running workload: position = 0 config = { "version": 2, "title": "A cropped version of a bigger task.", "description": "Auto-generated task from a single workload (uuid=b0061a0a-c966-407f-858d-b00d189f92cd)", "subtasks": [ { "title": "NovaServers.pause_and_unpause_server", "description": "Create a server, pause, unpause and then delete it", "scenario": { "NovaServers.pause_and_unpause_server": { "flavor": { "name": "rally_full-flavor_6b18c56f-4e53-4e1e-89b8-b9af639463ce" }, "image": { "name": "rally_full-img_6b18c56f-4e53-4e1e-89b8-b9af639463ce" }, "force_delete": false, "nics": [ { "net-id": "297597d3-e8e7-4f70-bfbc-91b0d6c71147" } ] } }, "contexts": { "users": { "tenants": 3, "users_per_tenant": 2 }, "network": { "networks_per_tenant": 1, "start_cidr": "100.1.0.0/25" }, "quotas": { "neutron": { "network": -1, "port": -1, "subnet": -1 }, "nova": { "cores": -1, "floating_ips": -1, "instances": -1, "ram": -1, "security_group_rules": -1, "security_groups": -1 } } }, "runner": { "constant": { "concurrency": 4, "times": 10 } }, "hooks": [], "sla": { "failure_rate": { "max": 0 } } } ] }
2019-11-08 01:48:58.359 20411 RALLYDEBUG rally_openstack.contexts.keystone.users [-] Creating 3 tenants using 20 threads
2019-11-08 01:48:59.374 20411 RALLYDEBUG rally_openstack.contexts.keystone.users [-] Creating 6 users using 20 threads
2019-11-08 01:49:00.954 20411 INFO rally.task.context [-] Task ffd7f283-6e8d-4c75-9648-a8d3aa68790a | Context users@openstack setup() finished in 2.60 sec
2019-11-08 01:49:02.412 20411 INFO rally.task.context [-] Task ffd7f283-6e8d-4c75-9648-a8d3aa68790a | Context quotas@openstack setup() finished in 1.46 sec
2019-11-08 01:49:04.589 20411 RALLYDEBUG rally_openstack.wrappers.network [-] CIDR generated: 100.1.12.0/25
2019-11-08 01:49:08.452 20411 RALLYDEBUG rally_openstack.wrappers.network [-] CIDR generated: 100.1.12.128/25
2019-11-08 01:49:12.665 20411 RALLYDEBUG rally_openstack.wrappers.network [-] CIDR generated: 100.1.13.0/25
2019-11-08 01:49:15.011 20411 INFO rally.task.context [-] Task ffd7f283-6e8d-4c75-9648-a8d3aa68790a | Context network@openstack setup() finished in 12.60 sec
2019-11-08 01:49:15.011 20411 INFO rally.task.context [-] Task ffd7f283-6e8d-4c75-9648-a8d3aa68790a | Context cleanup@openstack setup() finished in 0.01 msec
2019-11-08 01:49:15.863 20411 RALLYDEBUG rally.task.runner [-] Starting the constant runner (task UUID: ffd7f283-6e8d-4c75-9648-a8d3aa68790a). times: 10 concurrency: 4 timeout: 0 max_cpu_used: 16 processes_to_start: 4 concurrency_per_worker: 1 concurrency_overhead: 0
2019-11-08 01:49:15.875 23459 RALLYDEBUG rally.task.runner [-] Starting a worker. times: 10 duration: None concurrency: 1 timeout: 0 cls: method_name: run args: {"flavor": "acbda7d5-6b6a-491f-b75e-87ac62f6d87a", "image": "bc8acf05-522e-4dfe-b20d-f2ccfa4fb8d8", "force_delete": false, "nics": [{"net-id": "297597d3-e8e7-4f70-bfbc-91b0d6c71147"}]}
2019-11-08 01:49:15.879 23460 RALLYDEBUG rally.task.runner [-] Starting a worker. times: 10 duration: None concurrency: 1 timeout: 0 cls: method_name: run args: {"flavor": "acbda7d5-6b6a-491f-b75e-87ac62f6d87a", "image": "bc8acf05-522e-4dfe-b20d-f2ccfa4fb8d8", "force_delete": false, "nics": [{"net-id": "297597d3-e8e7-4f70-bfbc-91b0d6c71147"}]}
2019-11-08 01:49:15.883 23459 INFO rally.task.runner [-] Task ffd7f283-6e8d-4c75-9648-a8d3aa68790a | ITER: 1 START
2019-11-08 01:49:15.883 23461 RALLYDEBUG rally.task.runner [-] Starting a worker. times: 10 duration: None concurrency: 1 timeout: 0 cls: method_name: run args: {"flavor": "acbda7d5-6b6a-491f-b75e-87ac62f6d87a", "image": "bc8acf05-522e-4dfe-b20d-f2ccfa4fb8d8", "force_delete": false, "nics": [{"net-id": "297597d3-e8e7-4f70-bfbc-91b0d6c71147"}]}
2019-11-08 01:49:15.886 23460 INFO rally.task.runner [-] Task ffd7f283-6e8d-4c75-9648-a8d3aa68790a | ITER: 2 START
2019-11-08 01:49:15.887 23462 RALLYDEBUG rally.task.runner [-] Starting a worker. times: 10 duration: None concurrency: 1 timeout: 0 cls: method_name: run args: {"flavor": "acbda7d5-6b6a-491f-b75e-87ac62f6d87a", "image": "bc8acf05-522e-4dfe-b20d-f2ccfa4fb8d8", "force_delete": false, "nics": [{"net-id": "297597d3-e8e7-4f70-bfbc-91b0d6c71147"}]}
2019-11-08 01:49:15.890 23461 INFO rally.task.runner [-] Task ffd7f283-6e8d-4c75-9648-a8d3aa68790a | ITER: 3 START
2019-11-08 01:49:15.894 23462 INFO rally.task.runner [-] Task ffd7f283-6e8d-4c75-9648-a8d3aa68790a | ITER: 4 START
2019-11-08 01:49:22.741 23462 RALLYDEBUG rally.task.utils [-] Waiting for resource s_rally_b0061a0a_BngeYrAG. Status changed: BUILD => ACTIVE in 4.701805353164673
2019-11-08 01:49:23.004 23461 RALLYDEBUG rally.task.utils [-] Waiting for resource s_rally_b0061a0a_JeraPmZ8. Status changed: BUILD => ACTIVE in 4.789381265640259
2019-11-08 01:49:25.061 23460 RALLYDEBUG rally.task.utils [-] Waiting for resource s_rally_b0061a0a_dMKH71mf. Status changed: BUILD => ACTIVE in 6.821990489959717
2019-11-08 01:49:25.112 23462 RALLYDEBUG rally.task.utils [-] Waiting for resource s_rally_b0061a0a_BngeYrAG. Status changed: ACTIVE => PAUSED in 0.2407824993133545
2019-11-08 01:49:25.332 23461 RALLYDEBUG rally.task.utils [-] Waiting for resource s_rally_b0061a0a_JeraPmZ8. Status changed: ACTIVE => PAUSED in 0.20137405395507812
2019-11-08 01:49:27.403 23460 RALLYDEBUG rally.task.utils [-] Waiting for resource s_rally_b0061a0a_dMKH71mf. Status changed: ACTIVE => PAUSED in 0.19233036041259766
2019-11-08 01:49:27.607 23459 RALLYDEBUG rally.task.utils [-] Waiting for resource s_rally_b0061a0a_SagHEToF. Status changed: BUILD => ACTIVE in 9.017197370529175
2019-11-08 01:49:29.943 23459 RALLYDEBUG rally.task.utils [-] Waiting for resource s_rally_b0061a0a_SagHEToF. Status changed: ACTIVE => PAUSED in 0.2008368968963623
2019-11-08 01:49:29.974 23462 INFO rally.task.runner [-] Task ffd7f283-6e8d-4c75-9648-a8d3aa68790a | ITER: 4 END: OK
2019-11-08 01:49:29.978 23462 INFO rally.task.runner [-] Task ffd7f283-6e8d-4c75-9648-a8d3aa68790a | ITER: 5 START
2019-11-08 01:49:30.084 23461 INFO rally.task.runner [-] Task ffd7f283-6e8d-4c75-9648-a8d3aa68790a | ITER: 3 END: OK
2019-11-08 01:49:30.089 23461 INFO rally.task.runner [-] Task ffd7f283-6e8d-4c75-9648-a8d3aa68790a | ITER: 6 START
2019-11-08 01:49:32.088 23460 INFO rally.task.runner [-] Task ffd7f283-6e8d-4c75-9648-a8d3aa68790a | ITER: 2 END: OK
2019-11-08 01:49:32.092 23460 INFO rally.task.runner [-] Task ffd7f283-6e8d-4c75-9648-a8d3aa68790a | ITER: 7 START
2019-11-08 01:49:34.574 23459 INFO rally.task.runner [-] Task ffd7f283-6e8d-4c75-9648-a8d3aa68790a | ITER: 1 END: OK
2019-11-08 01:49:34.578 23459 INFO rally.task.runner [-] Task ffd7f283-6e8d-4c75-9648-a8d3aa68790a | ITER: 8 START
2019-11-08 01:49:36.768 23462 RALLYDEBUG rally.task.utils [-] Waiting for resource s_rally_b0061a0a_qsnswsCT. Status changed: BUILD => ACTIVE in 4.663536548614502
2019-11-08 01:49:36.955 23461 RALLYDEBUG rally.task.utils [-] Waiting for resource s_rally_b0061a0a_wlL9GD3V. Status changed: BUILD => ACTIVE in 4.555347919464111
2019-11-08 01:49:38.837 23460 RALLYDEBUG rally.task.utils [-] Waiting for resource s_rally_b0061a0a_yt3fgpYk. Status changed: BUILD => ACTIVE in 4.656116008758545
2019-11-08 01:49:39.139 23462 RALLYDEBUG rally.task.utils [-] Waiting for resource s_rally_b0061a0a_qsnswsCT. Status changed: ACTIVE => PAUSED in 0.24875211715698242
2019-11-08 01:49:39.481 23461 RALLYDEBUG rally.task.utils [-] Waiting for resource s_rally_b0061a0a_wlL9GD3V. Status changed: ACTIVE => PAUSED in 0.2609400749206543
2019-11-08 01:49:41.217 23460 RALLYDEBUG rally.task.utils [-] Waiting for resource s_rally_b0061a0a_yt3fgpYk. Status changed: ACTIVE => PAUSED in 0.2666769027709961
2019-11-08 01:49:41.566 23459 RALLYDEBUG rally.task.utils [-] Waiting for resource s_rally_b0061a0a_29DNK8Wj. Status changed: BUILD => ACTIVE in 4.573359251022339
2019-11-08 01:49:43.845 23462 INFO rally.task.runner [-] Task ffd7f283-6e8d-4c75-9648-a8d3aa68790a | ITER: 5 END: OK
2019-11-08 01:49:43.851 23462 INFO rally.task.runner [-] Task ffd7f283-6e8d-4c75-9648-a8d3aa68790a | ITER: 9 START
2019-11-08 01:49:43.854 23459 RALLYDEBUG rally.task.utils [-] Waiting for resource s_rally_b0061a0a_29DNK8Wj. Status changed: ACTIVE => PAUSED in 0.16213369369506836
2019-11-08 01:49:44.153 23461 INFO rally.task.runner [-] Task ffd7f283-6e8d-4c75-9648-a8d3aa68790a | ITER: 6 END: OK
2019-11-08 01:49:44.160 23461 INFO rally.task.runner [-] Task ffd7f283-6e8d-4c75-9648-a8d3aa68790a | ITER: 10 START
2019-11-08 01:49:45.895 23460 INFO rally.task.runner [-] Task ffd7f283-6e8d-4c75-9648-a8d3aa68790a | ITER: 7 END: OK
2019-11-08 01:49:48.456 23459 INFO rally.task.runner [-] Task ffd7f283-6e8d-4c75-9648-a8d3aa68790a | ITER: 8 END: OK
2019-11-08 01:49:50.916 23462 RALLYDEBUG rally.task.utils [-] Waiting for resource s_rally_b0061a0a_EAZq7Wpu. Status changed: BUILD => ACTIVE in 4.762219667434692
2019-11-08 01:49:53.330 23462 RALLYDEBUG rally.task.utils [-] Waiting for resource s_rally_b0061a0a_EAZq7Wpu. Status changed: ACTIVE => PAUSED in 0.27847790718078613
2019-11-08 01:49:53.641 23461 RALLYDEBUG rally.task.utils [-] Waiting for resource s_rally_b0061a0a_XbwzURro. Status changed: BUILD => ACTIVE in 7.388559818267822
2019-11-08 01:49:55.935 23461 RALLYDEBUG rally.task.utils [-] Waiting for resource s_rally_b0061a0a_XbwzURro. Status changed: ACTIVE => PAUSED in 0.17320489883422852
2019-11-08 01:49:58.150 23462 INFO rally.task.runner [-] Task ffd7f283-6e8d-4c75-9648-a8d3aa68790a | ITER: 9 END: OK
2019-11-08 01:50:00.664 23461 INFO rally.task.runner [-] Task ffd7f283-6e8d-4c75-9648-a8d3aa68790a | ITER: 10 END: OK
2019-11-08 01:50:00.688 20411 INFO rally.task.context [-] Task ffd7f283-6e8d-4c75-9648-a8d3aa68790a | Context cleanup@openstack cleanup() started
2019-11-08 01:50:00.691 20411 RALLYDEBUG rally_openstack.cleanup.manager [-] Cleaning up nova servers objects
2019-11-08 01:50:02.124 20411 RALLYDEBUG rally_openstack.cleanup.manager [-] Cleaning up nova server_groups objects
2019-11-08 01:50:03.255 20411 RALLYDEBUG rally_openstack.cleanup.manager [-] Cleaning up nova keypairs objects
2019-11-08 01:50:05.639 20411 INFO rally.task.context [-] Task ffd7f283-6e8d-4c75-9648-a8d3aa68790a | Context cleanup@openstack cleanup() finished in 4.95 sec
2019-11-08 01:50:05.639 20411 INFO rally.task.context [-] Task ffd7f283-6e8d-4c75-9648-a8d3aa68790a | Context network@openstack cleanup() started
2019-11-08 01:50:27.081 20411 INFO rally.task.context [-] Task ffd7f283-6e8d-4c75-9648-a8d3aa68790a | Context network@openstack cleanup() finished in 21.44 sec
2019-11-08 01:50:27.082 20411 INFO rally.task.context [-] Task ffd7f283-6e8d-4c75-9648-a8d3aa68790a | Context quotas@openstack cleanup() started
2019-11-08 01:50:27.383 20411 INFO rally.task.context [-] Task ffd7f283-6e8d-4c75-9648-a8d3aa68790a | Context quotas@openstack cleanup() finished in 0.30 sec
2019-11-08 01:50:27.384 20411 INFO rally.task.context [-] Task ffd7f283-6e8d-4c75-9648-a8d3aa68790a | Context users@openstack cleanup() started
2019-11-08 01:50:31.321 20411 INFO rally.task.context [-] Task ffd7f283-6e8d-4c75-9648-a8d3aa68790a | Context users@openstack cleanup() finished in 3.94 sec
2019-11-08 01:50:32.770 20411 INFO rally.task.engine [-] Load duration is: 39.780254
2019-11-08 01:50:32.770 20411 INFO rally.task.engine [-] Full runner duration is: 44.825457
2019-11-08 01:50:32.770 20411 INFO rally.task.engine [-] Full duration is: 92.964847
2019-11-08 01:50:33.105 20411 INFO rally.task.engine [-] Running workload: position = 0 config = { "version": 2, "title": "A cropped version of a bigger task.", "description": "Auto-generated task from a single workload (uuid=09d910f6-ec63-4c8a-ab2d-6ab0fb2d5ef2)", "subtasks": [ { "title": "NovaServers.boot_and_migrate_server", "description": "Migrate a server.", "scenario": { "NovaServers.boot_and_migrate_server": { "flavor": { "name": "rally_full-flavor_6b18c56f-4e53-4e1e-89b8-b9af639463ce" }, "image": { "name": "rally_full-img_6b18c56f-4e53-4e1e-89b8-b9af639463ce" }, "nics": [ { "net-id": "297597d3-e8e7-4f70-bfbc-91b0d6c71147" } ] } }, "contexts": { "users": { "tenants": 3, "users_per_tenant": 2 } }, "runner": { "constant": { "concurrency": 4, "times": 10 } }, "hooks": [], "sla": { "failure_rate": { "max": 0 } } } ] }
2019-11-08 01:50:33.130 20411 RALLYDEBUG rally_openstack.contexts.keystone.users [-] Creating 3 tenants using 20 threads
2019-11-08 01:50:34.052 20411 RALLYDEBUG rally_openstack.contexts.keystone.users [-] Creating 6 users using 20 threads
2019-11-08 01:50:35.601 20411 INFO rally.task.context [-] Task ffd7f283-6e8d-4c75-9648-a8d3aa68790a | Context users@openstack setup() finished in 2.47 sec
2019-11-08 01:50:35.602 20411 INFO rally.task.context [-] Task ffd7f283-6e8d-4c75-9648-a8d3aa68790a | Context cleanup@openstack setup() finished in 0.01 msec
2019-11-08 01:50:36.641 20411 RALLYDEBUG rally.task.runner [-] Starting the constant runner (task UUID: ffd7f283-6e8d-4c75-9648-a8d3aa68790a). times: 10 concurrency: 4 timeout: 0 max_cpu_used: 16 processes_to_start: 4 concurrency_per_worker: 1 concurrency_overhead: 0
2019-11-08 01:50:36.653 23623 RALLYDEBUG rally.task.runner [-] Starting a worker. times: 10 duration: None concurrency: 1 timeout: 0 cls: method_name: run args: {"flavor": "acbda7d5-6b6a-491f-b75e-87ac62f6d87a", "image": "bc8acf05-522e-4dfe-b20d-f2ccfa4fb8d8", "nics": [{"net-id": "297597d3-e8e7-4f70-bfbc-91b0d6c71147"}]}
2019-11-08 01:50:36.657 23624 RALLYDEBUG rally.task.runner [-] Starting a worker. times: 10 duration: None concurrency: 1 timeout: 0 cls: method_name: run args: {"flavor": "acbda7d5-6b6a-491f-b75e-87ac62f6d87a", "image": "bc8acf05-522e-4dfe-b20d-f2ccfa4fb8d8", "nics": [{"net-id": "297597d3-e8e7-4f70-bfbc-91b0d6c71147"}]}
2019-11-08 01:50:36.661 23623 INFO rally.task.runner [-] Task ffd7f283-6e8d-4c75-9648-a8d3aa68790a | ITER: 1 START
2019-11-08 01:50:36.661 23625 RALLYDEBUG rally.task.runner [-] Starting a worker. times: 10 duration: None concurrency: 1 timeout: 0 cls: method_name: run args: {"flavor": "acbda7d5-6b6a-491f-b75e-87ac62f6d87a", "image": "bc8acf05-522e-4dfe-b20d-f2ccfa4fb8d8", "nics": [{"net-id": "297597d3-e8e7-4f70-bfbc-91b0d6c71147"}]}
2019-11-08 01:50:36.664 23624 INFO rally.task.runner [-] Task ffd7f283-6e8d-4c75-9648-a8d3aa68790a | ITER: 2 START
2019-11-08 01:50:36.665 23628 RALLYDEBUG rally.task.runner [-] Starting a worker. times: 10 duration: None concurrency: 1 timeout: 0 cls: method_name: run args: {"flavor": "acbda7d5-6b6a-491f-b75e-87ac62f6d87a", "image": "bc8acf05-522e-4dfe-b20d-f2ccfa4fb8d8", "nics": [{"net-id": "297597d3-e8e7-4f70-bfbc-91b0d6c71147"}]}
2019-11-08 01:50:36.668 23625 INFO rally.task.runner [-] Task ffd7f283-6e8d-4c75-9648-a8d3aa68790a | ITER: 3 START
2019-11-08 01:50:36.671 23628 INFO rally.task.runner [-] Task ffd7f283-6e8d-4c75-9648-a8d3aa68790a | ITER: 4 START
2019-11-08 01:50:43.636 23623 RALLYDEBUG rally.task.utils [-] Waiting for resource s_rally_09d910f6_TnchxfpK. Status changed: BUILD => ACTIVE in 4.624941349029541
2019-11-08 01:50:45.405 23623 RALLYDEBUG rally.task.utils [-] Waiting for resource s_rally_09d910f6_TnchxfpK. Status changed: ACTIVE => RESIZE in 0.24003005027770996
2019-11-08 01:50:45.848 23624 RALLYDEBUG rally.task.utils [-] Waiting for resource s_rally_09d910f6_3zinqyd0. Status changed: BUILD => ACTIVE in 6.7024986743927
2019-11-08 01:50:45.988 23628 RALLYDEBUG rally.task.utils [-] Waiting for resource s_rally_09d910f6_AyYaSncG. Status changed: BUILD => ACTIVE in 6.925772190093994
2019-11-08 01:50:47.636 23624 RALLYDEBUG rally.task.utils [-] Waiting for resource s_rally_09d910f6_3zinqyd0. Status changed: ACTIVE => RESIZE in 0.16918683052062988
2019-11-08 01:50:47.786 23628 RALLYDEBUG rally.task.utils [-] Waiting for resource s_rally_09d910f6_AyYaSncG. Status changed: ACTIVE => RESIZE in 0.23162078857421875
2019-11-08 01:50:48.404 23625 RALLYDEBUG rally.task.utils [-] Waiting for resource s_rally_09d910f6_Rht6YN8X. Status changed: BUILD => ACTIVE in 9.279458999633789
2019-11-08 01:50:50.013 23625 RALLYDEBUG rally.task.utils [-] Waiting for resource s_rally_09d910f6_Rht6YN8X. Status changed: ACTIVE => RESIZE in 0.1544487476348877
2019-11-08 01:50:54.392 23623 RALLYDEBUG rally.task.utils [-] Waiting for resource s_rally_09d910f6_TnchxfpK. Status changed: RESIZE => VERIFY_RESIZE in 8.98672366142273
2019-11-08 01:50:54.999 23623 RALLYDEBUG rally.task.utils [-] Waiting for resource s_rally_09d910f6_TnchxfpK. Status changed: ACTIVE => VERIFY_RESIZE in 0.3331727981567383
2019-11-08 01:50:57.150 23623 RALLYDEBUG rally.task.utils [-] Waiting for resource s_rally_09d910f6_TnchxfpK. Status changed: VERIFY_RESIZE => ACTIVE in 2.1503210067749023
2019-11-08 01:50:58.907 23624 RALLYDEBUG rally.task.utils [-] Waiting for resource s_rally_09d910f6_3zinqyd0. Status changed: RESIZE => VERIFY_RESIZE in 11.270260334014893
2019-11-08 01:50:58.938 23628 RALLYDEBUG rally.task.utils [-] Waiting for resource s_rally_09d910f6_AyYaSncG. Status changed: RESIZE => VERIFY_RESIZE in 11.151366472244263
2019-11-08 01:50:59.400 23628 RALLYDEBUG rally.task.utils [-] Waiting for resource s_rally_09d910f6_AyYaSncG. Status changed: ACTIVE => VERIFY_RESIZE in 0.15266942977905273
2019-11-08 01:50:59.517 23623 INFO rally.task.runner [-] Task ffd7f283-6e8d-4c75-9648-a8d3aa68790a | ITER: 1 END: OK
2019-11-08 01:50:59.525 23623 INFO rally.task.runner [-] Task ffd7f283-6e8d-4c75-9648-a8d3aa68790a | ITER: 5 START
2019-11-08 01:50:59.580 23624 RALLYDEBUG rally.task.utils [-] Waiting for resource s_rally_09d910f6_3zinqyd0. Status changed: ACTIVE => VERIFY_RESIZE in 0.21757030487060547
2019-11-08 01:51:01.561 23628 RALLYDEBUG rally.task.utils [-] Waiting for resource s_rally_09d910f6_AyYaSncG. Status changed: VERIFY_RESIZE => ACTIVE in 2.1603264808654785
2019-11-08 01:51:01.860 23624 RALLYDEBUG rally.task.utils [-] Waiting for resource s_rally_09d910f6_3zinqyd0. Status changed: VERIFY_RESIZE => ACTIVE in 2.2799484729766846
2019-11-08 01:51:03.906 23628 INFO rally.task.runner [-] Task ffd7f283-6e8d-4c75-9648-a8d3aa68790a | ITER: 4 END: OK
2019-11-08 01:51:03.913 23628 INFO rally.task.runner [-] Task ffd7f283-6e8d-4c75-9648-a8d3aa68790a | ITER: 6 START
2019-11-08 01:51:04.372 23624 INFO rally.task.runner [-] Task ffd7f283-6e8d-4c75-9648-a8d3aa68790a | ITER: 2 END: OK
2019-11-08 01:51:04.378 23624 INFO rally.task.runner [-] Task ffd7f283-6e8d-4c75-9648-a8d3aa68790a | ITER: 7 START
2019-11-08 01:51:06.385 23623 RALLYDEBUG rally.task.utils [-] Waiting for resource s_rally_09d910f6_8itVd9SN. Status changed: BUILD => ACTIVE in 4.484677791595459
2019-11-08 01:51:07.953 23623 RALLYDEBUG rally.task.utils [-] Waiting for resource s_rally_09d910f6_8itVd9SN. Status changed: ACTIVE => RESIZE in 0.1454620361328125
2019-11-08 01:51:10.759 23628 RALLYDEBUG rally.task.utils [-] Waiting for resource s_rally_09d910f6_eZNeltZi. Status changed: BUILD => ACTIVE in 4.725361585617065
2019-11-08 01:51:11.435 23624 RALLYDEBUG rally.task.utils [-] Waiting for resource s_rally_09d910f6_rtWpuhmw. Status changed: BUILD => ACTIVE in 4.706749200820923
2019-11-08 01:51:12.408 23628 RALLYDEBUG rally.task.utils [-] Waiting for resource s_rally_09d910f6_eZNeltZi. Status changed: ACTIVE => RESIZE in 0.14106082916259766
2019-11-08 01:51:13.148 23624 RALLYDEBUG rally.task.utils [-] Waiting for resource s_rally_09d910f6_rtWpuhmw. Status changed: ACTIVE => RESIZE in 0.20954227447509766
2019-11-08 01:51:24.129 23624 RALLYDEBUG rally.task.utils [-] Waiting for resource s_rally_09d910f6_rtWpuhmw. Status changed: RESIZE => VERIFY_RESIZE in 10.980511665344238
2019-11-08 01:51:24.493 23624 RALLYDEBUG rally.task.utils [-] Waiting for resource s_rally_09d910f6_rtWpuhmw. Status changed: ACTIVE => VERIFY_RESIZE in 0.15491342544555664
2019-11-08 01:51:25.797 23623 RALLYDEBUG rally.task.utils [-] Waiting for resource s_rally_09d910f6_8itVd9SN. Status changed: RESIZE => VERIFY_RESIZE in 17.844502925872803
2019-11-08 01:51:26.289 23623 RALLYDEBUG rally.task.utils [-] Waiting for resource s_rally_09d910f6_8itVd9SN. Status changed: ACTIVE => VERIFY_RESIZE in 0.1915733814239502
2019-11-08 01:51:26.644 23624 RALLYDEBUG rally.task.utils [-] Waiting for resource s_rally_09d910f6_rtWpuhmw. Status changed: VERIFY_RESIZE => ACTIVE in 2.150674819946289
2019-11-08 01:51:28.448 23623 RALLYDEBUG rally.task.utils [-] Waiting for resource s_rally_09d910f6_8itVd9SN. Status changed: VERIFY_RESIZE => ACTIVE in 2.1586289405822754
2019-11-08 01:51:28.963 23624 INFO rally.task.runner [-] Task ffd7f283-6e8d-4c75-9648-a8d3aa68790a | ITER: 7 END: OK
2019-11-08 01:51:28.968 23624 INFO rally.task.runner [-] Task ffd7f283-6e8d-4c75-9648-a8d3aa68790a | ITER: 8 START
2019-11-08 01:51:30.774 23623 INFO rally.task.runner [-] Task ffd7f283-6e8d-4c75-9648-a8d3aa68790a | ITER: 5 END: OK
2019-11-08 01:51:30.780 23623 INFO rally.task.runner [-] Task ffd7f283-6e8d-4c75-9648-a8d3aa68790a | ITER: 9 START
2019-11-08 01:51:31.198 23625 RALLYDEBUG rally.task.utils [-] Waiting for resource s_rally_09d910f6_Rht6YN8X. Status changed: RESIZE => VERIFY_RESIZE in 41.1838436126709
2019-11-08 01:51:31.685 23625 RALLYDEBUG rally.task.utils [-] Waiting for resource s_rally_09d910f6_Rht6YN8X. Status changed: ACTIVE => VERIFY_RESIZE in 0.21963262557983398
2019-11-08 01:51:33.835 23625 RALLYDEBUG rally.task.utils [-] Waiting for resource s_rally_09d910f6_Rht6YN8X. Status changed: VERIFY_RESIZE => ACTIVE in 2.1497316360473633
2019-11-08 01:51:35.913 23624 RALLYDEBUG rally.task.utils [-] Waiting for resource s_rally_09d910f6_vlUTsJrJ. Status changed: BUILD => ACTIVE in 4.672431945800781
2019-11-08 01:51:36.166 23625 INFO rally.task.runner [-] Task ffd7f283-6e8d-4c75-9648-a8d3aa68790a | ITER: 3 END: OK
2019-11-08 01:51:36.173 23625 INFO rally.task.runner [-] Task ffd7f283-6e8d-4c75-9648-a8d3aa68790a | ITER: 10 START
2019-11-08 01:51:37.631 23624 RALLYDEBUG rally.task.utils [-] Waiting for resource s_rally_09d910f6_vlUTsJrJ. Status changed: ACTIVE => RESIZE in 0.1504988670349121
2019-11-08 01:51:37.803 23623 RALLYDEBUG rally.task.utils [-] Waiting for resource s_rally_09d910f6_6NE3kuZO. Status changed: BUILD => ACTIVE in 4.679131507873535
2019-11-08 01:51:39.425 23623 RALLYDEBUG rally.task.utils [-] Waiting for resource s_rally_09d910f6_6NE3kuZO. Status changed: ACTIVE => RESIZE in 0.1447615623474121
2019-11-08 01:51:42.872 23628 RALLYDEBUG rally.task.utils [-] Waiting for resource s_rally_09d910f6_eZNeltZi. Status changed: RESIZE => VERIFY_RESIZE in 30.46357274055481
2019-11-08 01:51:43.331 23625 RALLYDEBUG rally.task.utils [-] Waiting for resource s_rally_09d910f6_jhrDGOPa. Status changed: BUILD => ACTIVE in 4.686256408691406
2019-11-08 01:51:43.419 23628 RALLYDEBUG rally.task.utils [-] Waiting for resource s_rally_09d910f6_eZNeltZi. Status changed: ACTIVE => VERIFY_RESIZE in 0.25733113288879395
2019-11-08 01:51:45.136 23625 RALLYDEBUG rally.task.utils [-] Waiting for resource s_rally_09d910f6_jhrDGOPa. Status changed: ACTIVE => RESIZE in 0.1831343173980713
2019-11-08 01:51:45.602 23628 RALLYDEBUG rally.task.utils [-] Waiting for resource s_rally_09d910f6_eZNeltZi. Status changed: VERIFY_RESIZE => ACTIVE in 2.1823322772979736
2019-11-08 01:51:47.918 23628 INFO rally.task.runner [-] Task ffd7f283-6e8d-4c75-9648-a8d3aa68790a | ITER: 6 END: OK
2019-11-08 01:51:50.418 23623 RALLYDEBUG rally.task.utils [-] Waiting for resource s_rally_09d910f6_6NE3kuZO. Status changed: RESIZE => VERIFY_RESIZE in 10.99262547492981
2019-11-08 01:51:51.100 23623 RALLYDEBUG rally.task.utils [-] Waiting for resource s_rally_09d910f6_6NE3kuZO. Status changed: ACTIVE => VERIFY_RESIZE in 0.43973827362060547
2019-11-08 01:51:53.261 23623 RALLYDEBUG rally.task.utils [-] Waiting for resource s_rally_09d910f6_6NE3kuZO. Status changed: VERIFY_RESIZE => ACTIVE in 2.1604652404785156
2019-11-08 01:51:55.203 23624 RALLYDEBUG rally.task.utils [-] Waiting for resource s_rally_09d910f6_vlUTsJrJ. Status changed: RESIZE => VERIFY_RESIZE in 17.57155203819275
2019-11-08 01:51:55.629 23623 INFO rally.task.runner [-] Task ffd7f283-6e8d-4c75-9648-a8d3aa68790a | ITER: 9 END: OK
2019-11-08 01:51:55.698 23624 RALLYDEBUG rally.task.utils [-] Waiting for resource s_rally_09d910f6_vlUTsJrJ. Status changed: ACTIVE => VERIFY_RESIZE in 0.2012319564819336
2019-11-08 01:51:57.937 23624 RALLYDEBUG rally.task.utils [-] Waiting for resource s_rally_09d910f6_vlUTsJrJ. Status changed: VERIFY_RESIZE => ACTIVE in 2.2393414974212646
2019-11-08 01:52:00.273 23624 INFO rally.task.runner [-] Task ffd7f283-6e8d-4c75-9648-a8d3aa68790a | ITER: 8 END: OK
2019-11-08 01:52:02.965 23625 RALLYDEBUG rally.task.utils [-] Waiting for resource s_rally_09d910f6_jhrDGOPa. Status changed: RESIZE => VERIFY_RESIZE in 17.828452110290527
