2019-11-08 01:07:55.329 13785 INFO rally.task.context [-] Task 8b34eb2b-eac8-446b-8286-419dc735db84 | Context quotas@openstack cleanup() started
2019-11-08 01:07:55.591 13785 INFO rally.task.context [-] Task 8b34eb2b-eac8-446b-8286-419dc735db84 | Context quotas@openstack cleanup() finished in 0.26 sec
2019-11-08 01:07:55.592 13785 INFO rally.task.context [-] Task 8b34eb2b-eac8-446b-8286-419dc735db84 | Context users@openstack cleanup() started
2019-11-08 01:07:59.623 13785 INFO rally.task.context [-] Task 8b34eb2b-eac8-446b-8286-419dc735db84 | Context users@openstack cleanup() finished in 4.03 sec
2019-11-08 01:07:59.808 13785 INFO rally.task.engine [-] Load duration is: 1.911562
2019-11-08 01:07:59.809 13785 INFO rally.task.engine [-] Full runner duration is: 1.956237
2019-11-08 01:07:59.809 13785 INFO rally.task.engine [-] Full duration is: 24.05814
2019-11-08 01:08:00.122 13785 INFO rally.task.engine [-] Running workload: position = 0 config = { "version": 2, "title": "A cropped version of a bigger task.", "description": "Auto-generated task from a single workload (uuid=90fea560-8a00-4fd5-acb0-8d8acdc60cd9)", "subtasks": [ { "title": "NeutronNetworks.set_and_clear_router_gateway", "description": "Set and Remove the external network gateway from a router.", "scenario": { "NeutronNetworks.set_and_clear_router_gateway": { "network_create_args": { "router:external": true } } }, "contexts": { "users": { "tenants": 3, "users_per_tenant": 2 }, "quotas": { "neutron": { "network": -1, "router": -1 } }, "roles": [ "admin" ] }, "runner": { "constant": { "concurrency": 4, "times": 10 } }, "hooks": [], "sla": { "failure_rate": { "max": 0 } } } ] }
2019-11-08 01:08:00.149 13785 RALLYDEBUG rally_openstack.contexts.keystone.users [-] Creating 3 tenants using 20 threads
2019-11-08 01:08:01.172 13785 RALLYDEBUG rally_openstack.contexts.keystone.users [-] Creating 6 users using 20 threads
2019-11-08 01:08:02.685 13785 INFO rally.task.context [-] Task 8b34eb2b-eac8-446b-8286-419dc735db84 | Context users@openstack setup() finished in 2.54 sec
2019-11-08 01:08:03.532 13785 INFO rally.task.context [-] Task 8b34eb2b-eac8-446b-8286-419dc735db84 | Context quotas@openstack setup() finished in 0.85 sec
2019-11-08 01:08:04.238 13785 RALLYDEBUG rally_openstack.contexts.keystone.roles [-] Adding role admin having ID c4d6fa808d5d4046bb7802497e775cef to all users using 30 threads
2019-11-08 01:08:09.379 13785 INFO rally.task.context [-] Task 8b34eb2b-eac8-446b-8286-419dc735db84 | Context roles@openstack setup() finished in 5.85 sec
2019-11-08 01:08:09.379 13785 INFO rally.task.context [-] Task 8b34eb2b-eac8-446b-8286-419dc735db84 | Context cleanup@openstack setup() finished in 0.01 msec
2019-11-08 01:08:09.388 13785 RALLYDEBUG rally.task.runner [-] Starting the constant runner (task UUID: 8b34eb2b-eac8-446b-8286-419dc735db84). times: 10 concurrency: 4 timeout: 0 max_cpu_used: 16 processes_to_start: 4 concurrency_per_worker: 1 concurrency_overhead: 0
2019-11-08 01:08:09.400 19123 RALLYDEBUG rally.task.runner [-] Starting a worker. times: 10 duration: None concurrency: 1 timeout: 0 cls: method_name: run args: {"network_create_args": {"router:external": true}}
2019-11-08 01:08:09.403 19124 RALLYDEBUG rally.task.runner [-] Starting a worker. times: 10 duration: None concurrency: 1 timeout: 0 cls: method_name: run args: {"network_create_args": {"router:external": true}}
2019-11-08 01:08:09.407 19123 INFO rally.task.runner [-] Task 8b34eb2b-eac8-446b-8286-419dc735db84 | ITER: 1 START
2019-11-08 01:08:09.407 19125 RALLYDEBUG rally.task.runner [-] Starting a worker. times: 10 duration: None concurrency: 1 timeout: 0 cls: method_name: run args: {"network_create_args": {"router:external": true}}
2019-11-08 01:08:09.410 19124 INFO rally.task.runner [-] Task 8b34eb2b-eac8-446b-8286-419dc735db84 | ITER: 2 START
2019-11-08 01:08:09.410 19126 RALLYDEBUG rally.task.runner [-] Starting a worker. times: 10 duration: None concurrency: 1 timeout: 0 cls: method_name: run args: {"network_create_args": {"router:external": true}}
2019-11-08 01:08:09.413 19125 INFO rally.task.runner [-] Task 8b34eb2b-eac8-446b-8286-419dc735db84 | ITER: 3 START
2019-11-08 01:08:09.417 19126 INFO rally.task.runner [-] Task 8b34eb2b-eac8-446b-8286-419dc735db84 | ITER: 4 START
2019-11-08 01:08:13.376 19124 INFO rally.task.runner [-] Task 8b34eb2b-eac8-446b-8286-419dc735db84 | ITER: 2 END: OK
2019-11-08 01:08:13.380 19124 INFO rally.task.runner [-] Task 8b34eb2b-eac8-446b-8286-419dc735db84 | ITER: 5 START
2019-11-08 01:08:13.642 19125 INFO rally.task.runner [-] Task 8b34eb2b-eac8-446b-8286-419dc735db84 | ITER: 3 END: OK
2019-11-08 01:08:13.646 19125 INFO rally.task.runner [-] Task 8b34eb2b-eac8-446b-8286-419dc735db84 | ITER: 6 START
2019-11-08 01:08:14.165 19123 INFO rally.task.runner [-] Task 8b34eb2b-eac8-446b-8286-419dc735db84 | ITER: 1 END: OK
2019-11-08 01:08:14.169 19123 INFO rally.task.runner [-] Task 8b34eb2b-eac8-446b-8286-419dc735db84 | ITER: 7 START
2019-11-08 01:08:14.495 19126 INFO rally.task.runner [-] Task 8b34eb2b-eac8-446b-8286-419dc735db84 | ITER: 4 END: OK
2019-11-08 01:08:14.500 19126 INFO rally.task.runner [-] Task 8b34eb2b-eac8-446b-8286-419dc735db84 | ITER: 8 START
2019-11-08 01:08:17.668 19124 INFO rally.task.runner [-] Task 8b34eb2b-eac8-446b-8286-419dc735db84 | ITER: 5 END: OK
2019-11-08 01:08:17.673 19124 INFO rally.task.runner [-] Task 8b34eb2b-eac8-446b-8286-419dc735db84 | ITER: 9 START
2019-11-08 01:08:17.755 19125 INFO rally.task.runner [-] Task 8b34eb2b-eac8-446b-8286-419dc735db84 | ITER: 6 END: OK
2019-11-08 01:08:17.760 19125 INFO rally.task.runner [-] Task 8b34eb2b-eac8-446b-8286-419dc735db84 | ITER: 10 START
2019-11-08 01:08:18.214 19123 INFO rally.task.runner [-] Task 8b34eb2b-eac8-446b-8286-419dc735db84 | ITER: 7 END: OK
2019-11-08 01:08:18.642 19126 INFO rally.task.runner [-] Task 8b34eb2b-eac8-446b-8286-419dc735db84 | ITER: 8 END: OK
2019-11-08 01:08:21.477 19124 INFO rally.task.runner [-] Task 8b34eb2b-eac8-446b-8286-419dc735db84 | ITER: 9 END: OK
2019-11-08 01:08:22.122 19125 INFO rally.task.runner [-] Task 8b34eb2b-eac8-446b-8286-419dc735db84 | ITER: 10 END: OK
2019-11-08 01:08:22.147 13785 INFO rally.task.context [-] Task 8b34eb2b-eac8-446b-8286-419dc735db84 | Context cleanup@openstack cleanup() started
2019-11-08 01:08:22.150 13785 RALLYDEBUG rally_openstack.cleanup.manager [-] Cleaning up neutron vip objects
2019-11-08 01:08:23.282 13785 RALLYDEBUG rally_openstack.cleanup.manager [-] Cleaning up neutron health_monitor objects
2019-11-08 01:08:24.396 13785 RALLYDEBUG rally_openstack.cleanup.manager [-] Cleaning up neutron pool objects
2019-11-08 01:08:25.515 13785 RALLYDEBUG rally_openstack.cleanup.manager [-] Cleaning up neutron loadbalancer objects
2019-11-08 01:08:26.604 13785 RALLYDEBUG rally_openstack.cleanup.manager [-] Cleaning up neutron floatingip objects
2019-11-08 01:08:27.812 13785 RALLYDEBUG rally_openstack.cleanup.manager [-] Cleaning up neutron trunk objects
2019-11-08 01:08:28.966 13785 RALLYDEBUG rally_openstack.cleanup.manager [-] Cleaning up neutron port objects
2019-11-08 01:08:30.243 13785 RALLYDEBUG rally_openstack.cleanup.manager [-] Cleaning up neutron subnet objects
2019-11-08 01:08:31.435 13785 RALLYDEBUG rally_openstack.cleanup.manager [-] Cleaning up neutron network objects
2019-11-08 01:08:32.824 13785 RALLYDEBUG rally_openstack.cleanup.manager [-] Deleting neutron.network object s_rally_90fea560_ofGLFPca (13a5bb4c-9912-4f27-ab02-fbde56900d54)
2019-11-08 01:08:32.833 13785 RALLYDEBUG rally_openstack.cleanup.manager [-] Deleting neutron.network object s_rally_90fea560_fpJZRJzl (16017adc-10c8-48c9-9e27-d74232fc73af)
2019-11-08 01:08:32.842 13785 RALLYDEBUG rally_openstack.cleanup.manager [-] Deleting neutron.network object s_rally_90fea560_CJQejuPe (3121f0db-df36-480e-b55c-bc8f573777d8)
2019-11-08 01:08:32.851 13785 RALLYDEBUG rally_openstack.cleanup.manager [-] Deleting neutron.network object s_rally_90fea560_licrfUnW (6201887f-904b-4df7-93f5-88c255106831)
2019-11-08 01:08:32.856 13785 RALLYDEBUG rally_openstack.cleanup.manager [-] Deleting neutron.network object s_rally_90fea560_lQX9D6CS (84945dfa-6e2e-44e5-ae6e-a181d1d43151)
2019-11-08 01:08:32.864 13785 RALLYDEBUG rally_openstack.cleanup.manager [-] Deleting neutron.network object s_rally_90fea560_qVFSJVau (f803e1bf-ca83-4f99-804b-59f9706cdf66)
2019-11-08 01:08:32.874 13785 RALLYDEBUG rally_openstack.cleanup.manager [-] Deleting neutron.network object s_rally_90fea560_iAZ1Y3jX (7942c056-37ac-45c4-957d-89b359f34d03)
2019-11-08 01:08:32.887 13785 RALLYDEBUG rally_openstack.cleanup.manager [-] Deleting neutron.network object s_rally_90fea560_leVgLx5A (a52ee2f9-ec32-428a-9006-6ec1e3ff0b6c)
2019-11-08 01:08:32.895 13785 RALLYDEBUG rally_openstack.cleanup.manager [-] Deleting neutron.network object s_rally_90fea560_anuYNoU9 (660abc93-220f-40fa-b4d9-e9208112b9ac)
2019-11-08 01:08:32.909 13785 RALLYDEBUG rally_openstack.cleanup.manager [-] Deleting neutron.network object s_rally_90fea560_DLOwVPBS (b37c1923-613a-4d7f-bf98-d17389c607f9)
2019-11-08 01:08:36.050 13785 RALLYDEBUG rally_openstack.cleanup.manager [-] Cleaning up neutron router objects
2019-11-08 01:08:37.430 13785 RALLYDEBUG rally_openstack.cleanup.manager [-] Deleting neutron.router object s_rally_90fea560_EQt9ZvUQ (023a8633-c96f-4430-8684-df35bfd92423)
2019-11-08 01:08:37.440 13785 RALLYDEBUG rally_openstack.cleanup.manager [-] Deleting neutron.router object s_rally_90fea560_B2gQFhzY (42fb9807-36c8-47bd-8600-7cd2ea28ea83)
2019-11-08 01:08:37.448 13785 RALLYDEBUG rally_openstack.cleanup.manager [-] Deleting neutron.router object s_rally_90fea560_yLxYKR4B (92557f6f-2ad3-48d3-9933-c6635cc4a5eb)
2019-11-08 01:08:37.457 13785 RALLYDEBUG rally_openstack.cleanup.manager [-] Deleting neutron.router object s_rally_90fea560_Nsf0KAPH (9a64f840-284f-414d-8b47-834eb16fcc66)
2019-11-08 01:08:37.462 13785 RALLYDEBUG rally_openstack.cleanup.manager [-] Deleting neutron.router object s_rally_90fea560_78bJPENx (bb52c86e-1cc9-44da-8109-483b21defb92)
2019-11-08 01:08:37.480 13785 RALLYDEBUG rally_openstack.cleanup.manager [-] Deleting neutron.router object s_rally_90fea560_nsg90om8 (fde2f756-c887-4555-8e2c-e0392a33e545)
2019-11-08 01:08:37.496 13785 RALLYDEBUG rally_openstack.cleanup.manager [-] Deleting neutron.router object s_rally_90fea560_E0anVxzJ (8d9304b9-a336-4e81-942b-32fb5a19533b)
2019-11-08 01:08:37.511 13785 RALLYDEBUG rally_openstack.cleanup.manager [-] Deleting neutron.router object s_rally_90fea560_ENP0oPYQ (a5c26577-6041-457a-8c89-43e975f1ce00)
2019-11-08 01:08:37.530 13785 RALLYDEBUG rally_openstack.cleanup.manager [-] Deleting neutron.router object s_rally_90fea560_OrmWutEp (70ff43fe-a30f-43b4-81fc-f18051a08f0c)
2019-11-08 01:08:37.554 13785 RALLYDEBUG rally_openstack.cleanup.manager [-] Deleting neutron.router object s_rally_90fea560_F9m5Xruw (81549547-ea88-434a-b9eb-b07a9ef392e2)
2019-11-08 01:08:39.701 13785 RALLYDEBUG rally_openstack.cleanup.manager [-] Cleaning up neutron security_group objects
2019-11-08 01:08:40.923 13785 INFO rally.task.context [-] Task 8b34eb2b-eac8-446b-8286-419dc735db84 | Context cleanup@openstack cleanup() finished in 18.78 sec
2019-11-08 01:08:40.923 13785 INFO rally.task.context [-] Task 8b34eb2b-eac8-446b-8286-419dc735db84 | Context roles@openstack cleanup() started
2019-11-08 01:08:40.924 13785 RALLYDEBUG rally_openstack.contexts.keystone.roles [-] Removing assigned role c4d6fa808d5d4046bb7802497e775cef from all users
2019-11-08 01:08:41.835 13785 INFO rally.task.context [-] Task 8b34eb2b-eac8-446b-8286-419dc735db84 | Context roles@openstack cleanup() finished in 0.91 sec
2019-11-08 01:08:41.836 13785 INFO rally.task.context [-] Task 8b34eb2b-eac8-446b-8286-419dc735db84 | Context quotas@openstack cleanup() started
2019-11-08 01:08:42.175 13785 INFO rally.task.context [-] Task 8b34eb2b-eac8-446b-8286-419dc735db84 | Context quotas@openstack cleanup() finished in 0.34 sec
2019-11-08 01:08:42.175 13785 INFO rally.task.context [-] Task 8b34eb2b-eac8-446b-8286-419dc735db84 | Context users@openstack cleanup() started
2019-11-08 01:08:46.636 13785 INFO rally.task.context [-] Task 8b34eb2b-eac8-446b-8286-419dc735db84 | Context users@openstack cleanup() finished in 4.46 sec
2019-11-08 01:08:48.392 13785 INFO rally.task.engine [-] Load duration is: 12.7131
2019-11-08 01:08:48.393 13785 INFO rally.task.engine [-] Full runner duration is: 12.759321
2019-11-08 01:08:48.393 13785 INFO rally.task.engine [-] Full duration is: 46.489958
2019-11-08 01:08:48.748 13785 INFO rally.task.engine [-] Running workload: position = 0 config = { "version": 2, "title": "A cropped version of a bigger task.", "description": "Auto-generated task from a single workload (uuid=7046c9d5-bca3-454a-bf51-5c8f8976358c)", "subtasks": [ { "title": "NeutronNetworks.create_and_show_ports", "description": "Create a given number of ports and show created ports in trun.", "scenario": { "NeutronNetworks.create_and_show_ports": { "ports_per_network": 2 } }, "contexts": { "users": { "tenants": 3, "users_per_tenant": 2 }, "network": { "router": {} }, "quotas": { "neutron": { "network": -1, "router": -1 } } }, "runner": { "constant": { "concurrency": 4, "times": 10 } }, "hooks": [], "sla": { "failure_rate": { "max": 0 } } } ] }
2019-11-08 01:08:48.773 13785 RALLYDEBUG rally_openstack.contexts.keystone.users [-] Creating 3 tenants using 20 threads
2019-11-08 01:08:49.797 13785 RALLYDEBUG rally_openstack.contexts.keystone.users [-] Creating 6 users using 20 threads
2019-11-08 01:08:51.318 13785 INFO rally.task.context [-] Task 8b34eb2b-eac8-446b-8286-419dc735db84 | Context users@openstack setup() finished in 2.55 sec
2019-11-08 01:08:52.145 13785 INFO rally.task.context [-] Task 8b34eb2b-eac8-446b-8286-419dc735db84 | Context quotas@openstack setup() finished in 0.83 sec
2019-11-08 01:08:52.704 13785 RALLYDEBUG rally_openstack.wrappers.network [-] CIDR generated: 10.2.72.0/24
2019-11-08 01:08:53.746 13785 RALLYDEBUG rally_openstack.wrappers.network [-] CIDR generated: 10.2.73.0/24
2019-11-08 01:08:54.499 13785 RALLYDEBUG rally_openstack.wrappers.network [-] CIDR generated: 10.2.74.0/24
2019-11-08 01:08:55.033 13785 INFO rally.task.context [-] Task 8b34eb2b-eac8-446b-8286-419dc735db84 | Context network@openstack setup() finished in 2.89 sec
2019-11-08 01:08:55.034 13785 INFO rally.task.context [-] Task 8b34eb2b-eac8-446b-8286-419dc735db84 | Context cleanup@openstack setup() finished in 0.01 msec
2019-11-08 01:08:55.043 13785 RALLYDEBUG rally.task.runner [-] Starting the constant runner (task UUID: 8b34eb2b-eac8-446b-8286-419dc735db84). times: 10 concurrency: 4 timeout: 0 max_cpu_used: 16 processes_to_start: 4 concurrency_per_worker: 1 concurrency_overhead: 0
2019-11-08 01:08:55.055 19477 RALLYDEBUG rally.task.runner [-] Starting a worker. times: 10 duration: None concurrency: 1 timeout: 0 cls: method_name: run args: {"ports_per_network": 2}
2019-11-08 01:08:55.058 19478 RALLYDEBUG rally.task.runner [-] Starting a worker. times: 10 duration: None concurrency: 1 timeout: 0 cls: method_name: run args: {"ports_per_network": 2}
2019-11-08 01:08:55.063 19477 INFO rally.task.runner [-] Task 8b34eb2b-eac8-446b-8286-419dc735db84 | ITER: 1 START
2019-11-08 01:08:55.062 19479 RALLYDEBUG rally.task.runner [-] Starting a worker. times: 10 duration: None concurrency: 1 timeout: 0 cls: method_name: run args: {"ports_per_network": 2}
2019-11-08 01:08:55.066 19478 INFO rally.task.runner [-] Task 8b34eb2b-eac8-446b-8286-419dc735db84 | ITER: 2 START
2019-11-08 01:08:55.066 19481 RALLYDEBUG rally.task.runner [-] Starting a worker. times: 10 duration: None concurrency: 1 timeout: 0 cls: method_name: run args: {"ports_per_network": 2}
2019-11-08 01:08:55.070 19479 INFO rally.task.runner [-] Task 8b34eb2b-eac8-446b-8286-419dc735db84 | ITER: 3 START
2019-11-08 01:08:55.073 19481 INFO rally.task.runner [-] Task 8b34eb2b-eac8-446b-8286-419dc735db84 | ITER: 4 START
2019-11-08 01:08:56.845 19477 INFO rally.task.runner [-] Task 8b34eb2b-eac8-446b-8286-419dc735db84 | ITER: 1 END: OK
2019-11-08 01:08:56.851 19477 INFO rally.task.runner [-] Task 8b34eb2b-eac8-446b-8286-419dc735db84 | ITER: 5 START
2019-11-08 01:08:57.408 19479 INFO rally.task.runner [-] Task 8b34eb2b-eac8-446b-8286-419dc735db84 | ITER: 3 END: OK
2019-11-08 01:08:57.412 19479 INFO rally.task.runner [-] Task 8b34eb2b-eac8-446b-8286-419dc735db84 | ITER: 6 START
2019-11-08 01:08:57.498 19478 INFO rally.task.runner [-] Task 8b34eb2b-eac8-446b-8286-419dc735db84 | ITER: 2 END: OK
2019-11-08 01:08:57.502 19478 INFO rally.task.runner [-] Task 8b34eb2b-eac8-446b-8286-419dc735db84 | ITER: 7 START
2019-11-08 01:08:57.666 19481 INFO rally.task.runner [-] Task 8b34eb2b-eac8-446b-8286-419dc735db84 | ITER: 4 END: OK
2019-11-08 01:08:57.671 19481 INFO rally.task.runner [-] Task 8b34eb2b-eac8-446b-8286-419dc735db84 | ITER: 8 START
2019-11-08 01:08:58.843 19477 INFO rally.task.runner [-] Task 8b34eb2b-eac8-446b-8286-419dc735db84 | ITER: 5 END: OK
2019-11-08 01:08:58.847 19477 INFO rally.task.runner [-] Task 8b34eb2b-eac8-446b-8286-419dc735db84 | ITER: 9 START
2019-11-08 01:08:59.182 19479 INFO rally.task.runner [-] Task 8b34eb2b-eac8-446b-8286-419dc735db84 | ITER: 6 END: OK
2019-11-08 01:08:59.187 19479 INFO rally.task.runner [-] Task 8b34eb2b-eac8-446b-8286-419dc735db84 | ITER: 10 START
2019-11-08 01:08:59.227 19478 INFO rally.task.runner [-] Task 8b34eb2b-eac8-446b-8286-419dc735db84 | ITER: 7 END: OK
2019-11-08 01:08:59.383 19481 INFO rally.task.runner [-] Task 8b34eb2b-eac8-446b-8286-419dc735db84 | ITER: 8 END: OK
2019-11-08 01:09:00.478 19477 INFO rally.task.runner [-] Task 8b34eb2b-eac8-446b-8286-419dc735db84 | ITER: 9 END: OK
2019-11-08 01:09:01.370 19479 INFO rally.task.runner [-] Task 8b34eb2b-eac8-446b-8286-419dc735db84 | ITER: 10 END: OK
2019-11-08 01:09:01.399 13785 INFO rally.task.context [-] Task 8b34eb2b-eac8-446b-8286-419dc735db84 | Context cleanup@openstack cleanup() started
2019-11-08 01:09:01.402 13785 RALLYDEBUG rally_openstack.cleanup.manager [-] Cleaning up neutron vip objects
2019-11-08 01:09:02.639 13785 RALLYDEBUG rally_openstack.cleanup.manager [-] Cleaning up neutron health_monitor objects
2019-11-08 01:09:03.760 13785 RALLYDEBUG rally_openstack.cleanup.manager [-] Cleaning up neutron pool objects
2019-11-08 01:09:04.890 13785 RALLYDEBUG rally_openstack.cleanup.manager [-] Cleaning up neutron loadbalancer objects
2019-11-08 01:09:05.989 13785 RALLYDEBUG rally_openstack.cleanup.manager [-] Cleaning up neutron floatingip objects
2019-11-08 01:09:07.229 13785 RALLYDEBUG rally_openstack.cleanup.manager [-] Cleaning up neutron trunk objects
2019-11-08 01:09:08.403 13785 RALLYDEBUG rally_openstack.cleanup.manager [-] Cleaning up neutron port objects
2019-11-08 01:09:09.791 13785 RALLYDEBUG rally_openstack.cleanup.manager [-] Deleting neutron.port object s_rally_7046c9d5_k5DLy3RY (086e40ab-c347-4d57-b996-941ec0425961)
2019-11-08 01:09:09.800 13785 RALLYDEBUG rally_openstack.cleanup.manager [-] Deleting neutron.port object s_rally_7046c9d5_mBnU6Lkh (1565d65c-9661-4933-848b-9de873ba78a8)
2019-11-08 01:09:09.809 13785 RALLYDEBUG rally_openstack.cleanup.manager [-] Deleting neutron.port object s_rally_7046c9d5_YY8XRlCU (926cb529-2cc1-4734-89a5-e1b6c119545f)
2019-11-08 01:09:09.813 13785 RALLYDEBUG rally_openstack.cleanup.manager [-] Deleting neutron.port object s_rally_7046c9d5_ZraWmpMQ (a98db032-afcf-41f3-bbd6-d2651c375f76)
2019-11-08 01:09:09.827 13785 RALLYDEBUG rally_openstack.cleanup.manager [-] Deleting neutron.port object s_rally_7046c9d5_3nc5sUhM (b03f2ed7-1e22-436a-be9f-7bd8dae2e2c8)
2019-11-08 01:09:09.831 13785 RALLYDEBUG rally_openstack.cleanup.manager [-] Deleting neutron.port object s_rally_7046c9d5_yNvQ0DAh (c9257ccc-fb12-487b-be25-5f46ede4cbb0)
2019-11-08 01:09:09.856 13785 RALLYDEBUG rally_openstack.cleanup.manager [-] Deleting neutron.port object s_rally_7046c9d5_HLPAsSbK (54d902d9-c42a-400e-a9a7-7b9c1f9ff139)
2019-11-08 01:09:09.866 13785 RALLYDEBUG rally_openstack.cleanup.manager [-] Deleting neutron.port object s_rally_7046c9d5_uCx4WvwI (7ed9f513-f92c-4938-b6c1-d10a355fbefb)
2019-11-08 01:09:09.877 13785 RALLYDEBUG rally_openstack.cleanup.manager [-] Deleting neutron.port object s_rally_7046c9d5_ONOyPXoT (80ef5279-c584-4f1b-8927-0501fb6ac90c)
2019-11-08 01:09:09.897 13785 RALLYDEBUG rally_openstack.cleanup.manager [-] Deleting neutron.port object s_rally_7046c9d5_16Q4HKNn (a9287e26-dff9-4cad-9177-1af1aa7ec90d)
2019-11-08 01:09:09.903 13785 RALLYDEBUG rally_openstack.cleanup.manager [-] Deleting neutron.port object s_rally_7046c9d5_pt6UjGYt (a1926923-a56d-480f-b82b-e45420876d51)
2019-11-08 01:09:09.911 13785 RALLYDEBUG rally_openstack.cleanup.manager [-] Deleting neutron.port object s_rally_7046c9d5_lzKEREur (be9f3237-d250-4810-8f90-692967be4f08)
2019-11-08 01:09:09.929 13785 RALLYDEBUG rally_openstack.cleanup.manager [-] Deleting neutron.port object s_rally_7046c9d5_wlT6dwWX (c6b487fe-4eac-4132-a7aa-2cedcb811278)
2019-11-08 01:09:09.944 13785 RALLYDEBUG rally_openstack.cleanup.manager [-] Deleting neutron.port object s_rally_7046c9d5_oRnECISq (06322fed-fc8b-4c4d-9a0a-780080a27c82)
2019-11-08 01:09:09.948 13785 RALLYDEBUG rally_openstack.cleanup.manager [-] Deleting neutron.port object s_rally_7046c9d5_PnS7vQQI (10f31e9e-d39b-4f1f-91da-20699d368e80)
2019-11-08 01:09:09.949 13785 RALLYDEBUG rally_openstack.cleanup.manager [-] Deleting neutron.port object s_rally_7046c9d5_ckchb50E (e074b625-83d7-485a-a430-97f7319c2c0b)
2019-11-08 01:09:09.954 13785 RALLYDEBUG rally_openstack.cleanup.manager [-] Deleting neutron.port object s_rally_7046c9d5_6bXaF16v (761d974a-d6ba-402d-b926-d26c337b21db)
2019-11-08 01:09:09.973 13785 RALLYDEBUG rally_openstack.cleanup.manager [-] Deleting neutron.port object s_rally_7046c9d5_XISEP9HK (9ae07d0f-32ab-45dc-b717-d666fa9ed719)
2019-11-08 01:09:09.996 13785 RALLYDEBUG rally_openstack.cleanup.manager [-] Deleting neutron.port object s_rally_7046c9d5_mxLwskyS (b3bafdc0-79b8-45c4-a5f6-68d54e1bca13)
2019-11-08 01:09:10.013 13785 RALLYDEBUG rally_openstack.cleanup.manager [-] Deleting neutron.port object s_rally_7046c9d5_CcTKZVzf (b81411d3-0832-4dfc-b7b9-0c25a1a89ba9)
2019-11-08 01:09:13.041 13785 RALLYDEBUG rally_openstack.cleanup.manager [-] Cleaning up neutron subnet objects
2019-11-08 01:09:14.304 13785 RALLYDEBUG rally_openstack.cleanup.manager [-] Cleaning up neutron network objects
2019-11-08 01:09:15.955 13785 RALLYDEBUG rally_openstack.cleanup.manager [-] Cleaning up neutron router objects
2019-11-08 01:09:17.163 13785 RALLYDEBUG rally_openstack.cleanup.manager [-] Cleaning up neutron security_group objects
2019-11-08 01:09:18.712 13785 INFO rally.task.context [-] Task 8b34eb2b-eac8-446b-8286-419dc735db84 | Context cleanup@openstack cleanup() finished in 17.31 sec
2019-11-08 01:09:18.713 13785 INFO rally.task.context [-] Task 8b34eb2b-eac8-446b-8286-419dc735db84 | Context network@openstack cleanup() started
2019-11-08 01:09:29.769 13785 INFO rally.task.context [-] Task 8b34eb2b-eac8-446b-8286-419dc735db84 | Context network@openstack cleanup() finished in 11.06 sec
2019-11-08 01:09:29.769 13785 INFO rally.task.context [-] Task 8b34eb2b-eac8-446b-8286-419dc735db84 | Context quotas@openstack cleanup() started
2019-11-08 01:09:30.021 13785 INFO rally.task.context [-] Task 8b34eb2b-eac8-446b-8286-419dc735db84 | Context quotas@openstack cleanup() finished in 0.25 sec
2019-11-08 01:09:30.022 13785 INFO rally.task.context [-] Task 8b34eb2b-eac8-446b-8286-419dc735db84 | Context users@openstack cleanup() started
2019-11-08 01:09:34.050 13785 INFO rally.task.context [-] Task 8b34eb2b-eac8-446b-8286-419dc735db84 | Context users@openstack cleanup() finished in 4.03 sec
2019-11-08 01:09:35.003 13785 INFO rally.task.engine [-] Load duration is: 6.306549
2019-11-08 01:09:35.003 13785 INFO rally.task.engine [-] Full runner duration is: 6.356163
2019-11-08 01:09:35.003 13785 INFO rally.task.engine [-] Full duration is: 45.280434
2019-11-08 01:09:35.344 13785 INFO rally.task.engine [-] Running workload: position = 0 config = { "version": 2, "title": "A cropped version of a bigger task.", "description": "Auto-generated task from a single workload (uuid=77ff47df-1f63-4802-842f-4a689288b110)", "subtasks": [ { "title": "NeutronNetworks.create_and_show_routers", "description": "Create and show a given number of routers.", "scenario": { "NeutronNetworks.create_and_show_routers": { "subnets_per_network": 2 } }, "contexts": { "users": { "tenants": 3, "users_per_tenant": 2 }, "quotas": { "neutron": { "network": -1, "subnet": -1, "router": -1 } } }, "runner": { "constant": { "concurrency": 4, "times": 10 } }, "hooks": [], "sla": { "failure_rate": { "max": 0 } } } ] }
2019-11-08 01:09:35.368 13785 RALLYDEBUG rally_openstack.contexts.keystone.users [-] Creating 3 tenants using 20 threads
2019-11-08 01:09:36.388 13785 RALLYDEBUG rally_openstack.contexts.keystone.users [-] Creating 6 users using 20 threads
2019-11-08 01:09:37.940 13785 INFO rally.task.context [-] Task 8b34eb2b-eac8-446b-8286-419dc735db84 | Context users@openstack setup() finished in 2.57 sec
2019-11-08 01:09:38.859 13785 INFO rally.task.context [-] Task 8b34eb2b-eac8-446b-8286-419dc735db84 | Context quotas@openstack setup() finished in 0.92 sec
2019-11-08 01:09:38.859 13785 INFO rally.task.context [-] Task 8b34eb2b-eac8-446b-8286-419dc735db84 | Context cleanup@openstack setup() finished in 0.01 msec
2019-11-08 01:09:38.869 13785 RALLYDEBUG rally.task.runner [-] Starting the constant runner (task UUID: 8b34eb2b-eac8-446b-8286-419dc735db84). times: 10 concurrency: 4 timeout: 0 max_cpu_used: 16 processes_to_start: 4 concurrency_per_worker: 1 concurrency_overhead: 0
2019-11-08 01:09:38.881 19801 RALLYDEBUG rally.task.runner [-] Starting a worker. times: 10 duration: None concurrency: 1 timeout: 0 cls: method_name: run args: {"subnets_per_network": 2}
2019-11-08 01:09:38.884 19802 RALLYDEBUG rally.task.runner [-] Starting a worker. times: 10 duration: None concurrency: 1 timeout: 0 cls: method_name: run args: {"subnets_per_network": 2}
2019-11-08 01:09:38.888 19801 INFO rally.task.runner [-] Task 8b34eb2b-eac8-446b-8286-419dc735db84 | ITER: 1 START
2019-11-08 01:09:38.888 19803 RALLYDEBUG rally.task.runner [-] Starting a worker. times: 10 duration: None concurrency: 1 timeout: 0 cls: method_name: run args: {"subnets_per_network": 2}
2019-11-08 01:09:38.891 19802 INFO rally.task.runner [-] Task 8b34eb2b-eac8-446b-8286-419dc735db84 | ITER: 2 START
2019-11-08 01:09:38.891 19804 RALLYDEBUG rally.task.runner [-] Starting a worker. times: 10 duration: None concurrency: 1 timeout: 0 cls: method_name: run args: {"subnets_per_network": 2}
2019-11-08 01:09:38.894 19803 INFO rally.task.runner [-] Task 8b34eb2b-eac8-446b-8286-419dc735db84 | ITER: 3 START
2019-11-08 01:09:38.898 19804 INFO rally.task.runner [-] Task 8b34eb2b-eac8-446b-8286-419dc735db84 | ITER: 4 START
2019-11-08 01:09:39.556 19802 RALLYDEBUG rally_openstack.wrappers.network [-] CIDR generated: 10.2.75.0/24
2019-11-08 01:09:39.557 19801 RALLYDEBUG rally_openstack.wrappers.network [-] CIDR generated: 10.2.76.0/24
2019-11-08 01:09:40.121 19801 RALLYDEBUG rally_openstack.wrappers.network [-] CIDR generated: 10.2.77.0/24
2019-11-08 01:09:40.134 19804 RALLYDEBUG rally_openstack.wrappers.network [-] CIDR generated: 10.2.78.0/24
2019-11-08 01:09:40.136 19803 RALLYDEBUG rally_openstack.wrappers.network [-] CIDR generated: 10.2.79.0/24
2019-11-08 01:09:40.431 19802 RALLYDEBUG rally_openstack.wrappers.network [-] CIDR generated: 10.2.80.0/24
2019-11-08 01:09:40.757 19804 RALLYDEBUG rally_openstack.wrappers.network [-] CIDR generated: 10.2.81.0/24
2019-11-08 01:09:40.994 19803 RALLYDEBUG rally_openstack.wrappers.network [-] CIDR generated: 10.2.82.0/24
2019-11-08 01:09:45.523 19801 INFO rally.task.runner [-] Task 8b34eb2b-eac8-446b-8286-419dc735db84 | ITER: 1 END: OK
2019-11-08 01:09:45.527 19801 INFO rally.task.runner [-] Task 8b34eb2b-eac8-446b-8286-419dc735db84 | ITER: 5 START
2019-11-08 01:09:45.791 19804 INFO rally.task.runner [-] Task 8b34eb2b-eac8-446b-8286-419dc735db84 | ITER: 4 END: OK
2019-11-08 01:09:45.795 19804 INFO rally.task.runner [-] Task 8b34eb2b-eac8-446b-8286-419dc735db84 | ITER: 6 START
2019-11-08 01:09:46.188 19801 RALLYDEBUG rally_openstack.wrappers.network [-] CIDR generated: 10.2.83.0/24
2019-11-08 01:09:46.357 19804 RALLYDEBUG rally_openstack.wrappers.network [-] CIDR generated: 10.2.84.0/24
2019-11-08 01:09:46.785 19802 INFO rally.task.runner [-] Task 8b34eb2b-eac8-446b-8286-419dc735db84 | ITER: 2 END: OK
2019-11-08 01:09:46.789 19802 INFO rally.task.runner [-] Task 8b34eb2b-eac8-446b-8286-419dc735db84 | ITER: 7 START
2019-11-08 01:09:46.809 19803 INFO rally.task.runner [-] Task 8b34eb2b-eac8-446b-8286-419dc735db84 | ITER: 3 END: OK
2019-11-08 01:09:46.814 19803 INFO rally.task.runner [-] Task 8b34eb2b-eac8-446b-8286-419dc735db84 | ITER: 8 START
2019-11-08 01:09:46.890 19801 RALLYDEBUG rally_openstack.wrappers.network [-] CIDR generated: 10.2.85.0/24
2019-11-08 01:09:47.351 19802 RALLYDEBUG rally_openstack.wrappers.network [-] CIDR generated: 10.2.86.0/24
2019-11-08 01:09:47.388 19803 RALLYDEBUG rally_openstack.wrappers.network [-] CIDR generated: 10.2.87.0/24
2019-11-08 01:09:47.484 19804 RALLYDEBUG rally_openstack.wrappers.network [-] CIDR generated: 10.2.88.0/24
2019-11-08 01:09:48.021 19802 RALLYDEBUG rally_openstack.wrappers.network [-] CIDR generated: 10.2.89.0/24
2019-11-08 01:09:48.441 19803 RALLYDEBUG rally_openstack.wrappers.network [-] CIDR generated: 10.2.90.0/24
2019-11-08 01:09:52.140 19804 INFO rally.task.runner [-] Task 8b34eb2b-eac8-446b-8286-419dc735db84 | ITER: 6 END: OK
2019-11-08 01:09:52.144 19804 INFO rally.task.runner [-] Task 8b34eb2b-eac8-446b-8286-419dc735db84 | ITER: 9 START
2019-11-08 01:09:52.212 19801 INFO rally.task.runner [-] Task 8b34eb2b-eac8-446b-8286-419dc735db84 | ITER: 5 END: OK
2019-11-08 01:09:52.216 19801 INFO rally.task.runner [-] Task 8b34eb2b-eac8-446b-8286-419dc735db84 | ITER: 10 START
2019-11-08 01:09:52.654 19804 RALLYDEBUG rally_openstack.wrappers.network [-] CIDR generated: 10.2.91.0/24
2019-11-08 01:09:52.743 19801 RALLYDEBUG rally_openstack.wrappers.network [-] CIDR generated: 10.2.92.0/24
2019-11-08 01:09:52.870 19802 INFO rally.task.runner [-] Task 8b34eb2b-eac8-446b-8286-419dc735db84 | ITER: 7 END: OK
2019-11-08 01:09:53.319 19801 RALLYDEBUG rally_openstack.wrappers.network [-] CIDR generated: 10.2.93.0/24
2019-11-08 01:09:53.417 19804 RALLYDEBUG rally_openstack.wrappers.network [-] CIDR generated: 10.2.94.0/24
2019-11-08 01:09:54.139 19803 INFO rally.task.runner [-] Task 8b34eb2b-eac8-446b-8286-419dc735db84 | ITER: 8 END: OK
2019-11-08 01:09:58.463 19804 INFO rally.task.runner [-] Task 8b34eb2b-eac8-446b-8286-419dc735db84 | ITER: 9 END: OK
2019-11-08 01:09:58.467 19801 INFO rally.task.runner [-] Task 8b34eb2b-eac8-446b-8286-419dc735db84 | ITER: 10 END: OK
2019-11-08 01:09:58.500 13785 INFO rally.task.context [-] Task 8b34eb2b-eac8-446b-8286-419dc735db84 | Context cleanup@openstack cleanup() started
2019-11-08 01:09:58.503 13785 RALLYDEBUG rally_openstack.cleanup.manager [-] Cleaning up neutron vip objects
2019-11-08 01:09:59.599 13785 RALLYDEBUG rally_openstack.cleanup.manager [-] Cleaning up neutron health_monitor objects
2019-11-08 01:10:00.666 13785 RALLYDEBUG rally_openstack.cleanup.manager [-] Cleaning up neutron pool objects
2019-11-08 01:10:01.727 13785 RALLYDEBUG rally_openstack.cleanup.manager [-] Cleaning up neutron loadbalancer objects
2019-11-08 01:10:02.799 13785 RALLYDEBUG rally_openstack.cleanup.manager [-] Cleaning up neutron floatingip objects
2019-11-08 01:10:04.005 13785 RALLYDEBUG rally_openstack.cleanup.manager [-] Cleaning up neutron trunk objects
2019-11-08 01:10:05.100 13785 RALLYDEBUG rally_openstack.cleanup.manager [-] Cleaning up neutron port objects
2019-11-08 01:10:06.910 13785 RALLYDEBUG rally_openstack.cleanup.manager [-] Deleting neutron.port object s_rally_77ff47df_5TflcK40 (035f6aac-ffd1-4bb7-bb36-fd571d417c75)
2019-11-08 01:10:06.925 13785 RALLYDEBUG rally_openstack.cleanup.manager [-] Deleting neutron.port object s_rally_77ff47df_9mLelJ6Y (5cf84f39-9679-4317-be13-2ee01d536fca)
2019-11-08 01:10:06.944 13785 RALLYDEBUG rally_openstack.cleanup.manager [-] Deleting neutron.port object s_rally_77ff47df_25j8wrKN (a674d8a7-5d12-4921-9c13-c4de885ddcce)
2019-11-08 01:10:06.947 13785 RALLYDEBUG rally_openstack.cleanup.manager [-] Deleting neutron.port object s_rally_77ff47df_InBIW9H7 (ada51fb7-1749-4bd4-8e0c-01f032879204)
2019-11-08 01:10:06.948 13785 RALLYDEBUG rally_openstack.cleanup.manager [-] Deleting neutron.port object s_rally_77ff47df_vLTHeqD7 (a3c46c1e-2c47-4bb5-adc9-146455c318c5)
2019-11-08 01:10:06.957 13785 RALLYDEBUG rally_openstack.cleanup.manager [-] Deleting neutron.port object s_rally_77ff47df_vNf5buKi (b4239165-d65c-4434-942b-8fb42f79cce7)
2019-11-08 01:10:06.960 13785 RALLYDEBUG rally_openstack.cleanup.manager [-] Deleting neutron.port object s_rally_77ff47df_PpUeacK7 (b7999a49-5433-43ef-9858-54aab439cbae)
2019-11-08 01:10:06.991 13785 RALLYDEBUG rally_openstack.cleanup.manager [-] Deleting neutron.port object s_rally_77ff47df_F6uS4IP5 (d2873573-e317-4434-994a-42af5513b530)
2019-11-08 01:10:07.008 13785 RALLYDEBUG rally_openstack.cleanup.manager [-] Deleting neutron.port object s_rally_77ff47df_bBtyl2N2 (70170f1c-45d2-4e60-8966-7a39268bbdcd)
2019-11-08 01:10:07.019 13785 RALLYDEBUG rally_openstack.cleanup.manager [-] Deleting neutron.port object s_rally_77ff47df_XYqiqaYf (9306cbcf-46b0-41c7-be19-012809f2ca9b)
2019-11-08 01:10:07.031 13785 RALLYDEBUG rally_openstack.cleanup.manager [-] Deleting neutron.port object s_rally_77ff47df_SlsVfRc2 (c06a03b5-89ea-4880-b17b-915126eccfb4)
2019-11-08 01:10:07.053 13785 RALLYDEBUG rally_openstack.cleanup.manager [-] Deleting neutron.port object s_rally_77ff47df_HEOXS9oj (35d1fcb8-cd2c-436e-9f18-94304f732b8b)
2019-11-08 01:10:07.060 13785 RALLYDEBUG rally_openstack.cleanup.manager [-] Deleting neutron.port object s_rally_77ff47df_Ocz1BSmV (f687d17d-1d53-4ece-a6a0-a9d7f7bb00f1)
2019-11-08 01:10:07.074 13785 RALLYDEBUG rally_openstack.cleanup.manager [-] Deleting neutron.port object s_rally_77ff47df_hR11QW1R (3a04e357-3ce0-4e02-8c0a-0890daa82e4c)
2019-11-08 01:10:07.089 13785 RALLYDEBUG rally_openstack.cleanup.manager [-] Deleting neutron.port object s_rally_77ff47df_XwuUhIeW (3d010d2e-dea8-4f8b-965a-795a222f4fac)
2019-11-08 01:10:07.095 13785 RALLYDEBUG rally_openstack.cleanup.manager [-] Deleting neutron.port object s_rally_77ff47df_glBip3LT (4c320eec-39be-4494-b6b0-6b2e1a96b9ba)
2019-11-08 01:10:07.117 13785 RALLYDEBUG rally_openstack.cleanup.manager [-] Deleting neutron.port object s_rally_77ff47df_WmC3pLgX (92fdf91e-5edb-4bd3-82a7-344495691bbd)
2019-11-08 01:10:07.125 13785 RALLYDEBUG rally_openstack.cleanup.manager [-] Deleting neutron.port object s_rally_77ff47df_byEH8ER2 (a5ca15dc-5adb-4b27-8183-804f0db455a4)
2019-11-08 01:10:07.148 13785 RALLYDEBUG rally_openstack.cleanup.manager [-] Deleting neutron.port object s_rally_77ff47df_suWKJJxM (f2b77b51-d582-4458-941a-c73eb0fe0d9b)
2019-11-08 01:10:07.156 13785 RALLYDEBUG rally_openstack.cleanup.manager [-] Deleting neutron.port object s_rally_77ff47df_hfvTt1yl (d0a15599-0706-41bb-a0c4-857260b65d3c)
2019-11-08 01:10:13.324 13785 RALLYDEBUG rally_openstack.cleanup.manager [-] Cleaning up neutron subnet objects
2019-11-08 01:10:14.628 13785 RALLYDEBUG rally_openstack.cleanup.manager [-] Deleting neutron.subnet object s_rally_77ff47df_vlIxRoiu (35c5821e-8c6a-4511-8ac0-2b5051185ff6)
2019-11-08 01:10:14.637 13785 RALLYDEBUG rally_openstack.cleanup.manager [-] Deleting neutron.subnet object s_rally_77ff47df_afDcpxRt (63a7d987-ec32-408c-be3b-31fb971ab79a)
2019-11-08 01:10:14.645 13785 RALLYDEBUG rally_openstack.cleanup.manager [-] Deleting neutron.subnet object s_rally_77ff47df_CYVetaXE (6be5fedc-edc6-4879-83b0-1b0cf094681c)
2019-11-08 01:10:14.649 13785 RALLYDEBUG rally_openstack.cleanup.manager [-] Deleting neutron.subnet object s_rally_77ff47df_h9KIQyWq (7d3e2c1a-bbad-4337-85dd-df8bc8d7d4d0)
2019-11-08 01:10:14.665 13785 RALLYDEBUG rally_openstack.cleanup.manager [-] Deleting neutron.subnet object s_rally_77ff47df_aFGeGwxY (83f19bc8-139d-4838-9f9b-d09992f74d83)
2019-11-08 01:10:14.679 13785 RALLYDEBUG rally_openstack.cleanup.manager [-] Deleting neutron.subnet object s_rally_77ff47df_wvVt02ll (8a683b07-ccf7-4f1f-bf66-01a3735cc569)
2019-11-08 01:10:14.685 13785 RALLYDEBUG rally_openstack.cleanup.manager [-] Deleting neutron.subnet object s_rally_77ff47df_BuBxEOjj (bcd14e8e-e778-48fa-a6ad-b6cf0b410205)
2019-11-08 01:10:14.696 13785 RALLYDEBUG rally_openstack.cleanup.manager [-] Deleting neutron.subnet object s_rally_77ff47df_YbuhiNgT (fc5a9227-77e9-4c50-a5e1-28a825699191)
2019-11-08 01:10:14.711 13785 RALLYDEBUG rally_openstack.cleanup.manager [-] Deleting neutron.subnet object s_rally_77ff47df_ef08QUa4 (2a7b4870-28db-43cb-ba64-a03134c71b6d)
2019-11-08 01:10:14.720 13785 RALLYDEBUG rally_openstack.cleanup.manager [-] Deleting neutron.subnet object s_rally_77ff47df_Ta3zdBXp (2c0e8567-29e8-43ff-a377-006609cfb29c)
2019-11-08 01:10:14.730 13785 RALLYDEBUG rally_openstack.cleanup.manager [-] Deleting neutron.subnet object s_rally_77ff47df_Z0w7NPuW (96b5abf8-71e3-4d5d-ac19-c904faf15fd6)
2019-11-08 01:10:14.736 13785 RALLYDEBUG rally_openstack.cleanup.manager [-] Deleting neutron.subnet object s_rally_77ff47df_TyV0sgOa (ba7aa578-7573-4ecf-b057-0bff15081ffc)
2019-11-08 01:10:14.748 13785 RALLYDEBUG rally_openstack.cleanup.manager [-] Deleting neutron.subnet object s_rally_77ff47df_UbGmlaOj (16231d27-5393-4ad6-844f-fd7db982c9fd)
2019-11-08 01:10:14.760 13785 RALLYDEBUG rally_openstack.cleanup.manager [-] Deleting neutron.subnet object s_rally_77ff47df_bqFE0xHj (22e43a45-6f41-425e-9982-278959e95e8e)
2019-11-08 01:10:14.775 13785 RALLYDEBUG rally_openstack.cleanup.manager [-] Deleting neutron.subnet object s_rally_77ff47df_hMaNewC5 (251bf711-5d50-4b81-9cd6-912b080886ce)
2019-11-08 01:10:14.804 13785 RALLYDEBUG rally_openstack.cleanup.manager [-] Deleting neutron.subnet object s_rally_77ff47df_ZTOtRcU2 (5d40fad4-a4c5-415e-8285-fdfb77289204)
2019-11-08 01:10:14.809 13785 RALLYDEBUG rally_openstack.cleanup.manager [-] Deleting neutron.subnet object s_rally_77ff47df_ro6fynHl (777a3b03-89e8-4b07-b337-99a5cd361967)
2019-11-08 01:10:14.822 13785 RALLYDEBUG rally_openstack.cleanup.manager [-] Deleting neutron.subnet object s_rally_77ff47df_AE2ANe3R (809f1798-9e9b-4f98-9ccc-9cb93c186cfd)
2019-11-08 01:10:14.853 13785 RALLYDEBUG rally_openstack.cleanup.manager [-] Deleting neutron.subnet object s_rally_77ff47df_u3CZCMAQ (86b53af5-0fdb-48b0-a8a2-dae5cfb101e6)
2019-11-08 01:10:14.872 13785 RALLYDEBUG rally_openstack.cleanup.manager [-] Deleting neutron.subnet object s_rally_77ff47df_wkMIaxea (ab0ffe0c-00c6-478b-83de-c41be470d0a0)
2019-11-08 01:10:21.466 13785 RALLYDEBUG rally_openstack.cleanup.manager [-] Cleaning up neutron network objects
2019-11-08 01:10:22.808 13785 RALLYDEBUG rally_openstack.cleanup.manager [-] Deleting neutron.network object s_rally_77ff47df_dz7U6uL7 (496a4edc-ed9d-4313-92dc-20403d7d12c5)
2019-11-08 01:10:22.818 13785 RALLYDEBUG rally_openstack.cleanup.manager [-] Deleting neutron.network object s_rally_77ff47df_8kU3fhbN (8cb7b48b-e499-4d5f-9a8a-f2831251e78b)
2019-11-08 01:10:22.826 13785 RALLYDEBUG rally_openstack.cleanup.manager [-] Deleting neutron.network object s_rally_77ff47df_7d2E4Ijr (af8acf68-8e11-4b68-96b8-4c8cd9c02305)
2019-11-08 01:10:22.830 13785 RALLYDEBUG rally_openstack.cleanup.manager [-] Deleting neutron.network object s_rally_77ff47df_3nZSL8DH (fcbe4c41-90c2-48b7-83d6-b3867bc9fe96)
2019-11-08 01:10:22.836 13785 RALLYDEBUG rally_openstack.cleanup.manager [-] Deleting neutron.network object s_rally_77ff47df_iq7yejI2 (cea4d470-d2ac-4108-9b79-88323b0bfff7)
2019-11-08 01:10:22.844 13785 RALLYDEBUG rally_openstack.cleanup.manager [-] Deleting neutron.network object s_rally_77ff47df_YrafuM3W (eeff8659-2b26-487e-bf0e-a0f1fae021ec)
2019-11-08 01:10:22.852 13785 RALLYDEBUG rally_openstack.cleanup.manager [-] Deleting neutron.network object s_rally_77ff47df_Gi84PEVw (02772188-b122-4533-ba89-29e26a19cce9)
2019-11-08 01:10:22.856 13785 RALLYDEBUG rally_openstack.cleanup.manager [-] Deleting neutron.network object s_rally_77ff47df_6Vm9yGiN (13126b63-bd3f-4cab-8942-57f4d76c7e15)
2019-11-08 01:10:22.864 13785 RALLYDEBUG rally_openstack.cleanup.manager [-] Deleting neutron.network object s_rally_77ff47df_0cWz1DUU (40c89f25-7508-4e70-a2e4-f85f3e839ec4)
2019-11-08 01:10:22.869 13785 RALLYDEBUG rally_openstack.cleanup.manager [-] Deleting neutron.network object s_rally_77ff47df_SQwKDsxU (ab421060-0fba-4748-8853-6b156f140c12)
2019-11-08 01:10:25.409 13785 RALLYDEBUG rally_openstack.cleanup.manager [-] Cleaning up neutron router objects
2019-11-08 01:10:26.789 13785 RALLYDEBUG rally_openstack.cleanup.manager [-] Deleting neutron.router object s_rally_77ff47df_5TflcK40 (17dc4c24-28a6-49cc-9bab-27578f5f6e0b)
2019-11-08 01:10:26.799 13785 RALLYDEBUG rally_openstack.cleanup.manager [-] Deleting neutron.router object s_rally_77ff47df_25j8wrKN (26aeb71e-e2a6-46f1-b46a-f95f6fee0a38)
2019-11-08 01:10:26.807 13785 RALLYDEBUG rally_openstack.cleanup.manager [-] Deleting neutron.router object s_rally_77ff47df_PpUeacK7 (283f4814-7187-486d-af3e-a8b34eea765a)
2019-11-08 01:10:26.811 13785 RALLYDEBUG rally_openstack.cleanup.manager [-] Deleting neutron.router object s_rally_77ff47df_vNf5buKi (34c30bf2-3295-4877-9a51-11423d746ead)
2019-11-08 01:10:26.826 13785 RALLYDEBUG rally_openstack.cleanup.manager [-] Deleting neutron.router object s_rally_77ff47df_F6uS4IP5 (36cf94b3-b910-46e9-a9e0-c180acb0416f)
2019-11-08 01:10:26.849 13785 RALLYDEBUG rally_openstack.cleanup.manager [-] Deleting neutron.router object s_rally_77ff47df_InBIW9H7 (64e4391f-1b45-4c97-9b95-c6513e6c8162)
2019-11-08 01:10:26.861 13785 RALLYDEBUG rally_openstack.cleanup.manager [-] Deleting neutron.router object s_rally_77ff47df_9mLelJ6Y (9bc26d75-9e87-47db-8aa7-bdf4c2c5e74b)
2019-11-08 01:10:26.868 13785 RALLYDEBUG rally_openstack.cleanup.manager [-] Deleting neutron.router object s_rally_77ff47df_vLTHeqD7 (cf606798-0c2a-4816-a96f-a40cb93ff8bf)
2019-11-08 01:10:26.877 13785 RALLYDEBUG rally_openstack.cleanup.manager [-] Deleting neutron.router object s_rally_77ff47df_bBtyl2N2 (57375ff5-6953-4b72-ada3-9b539d24c181)
2019-11-08 01:10:26.890 13785 RALLYDEBUG rally_openstack.cleanup.manager [-] Deleting neutron.router object s_rally_77ff47df_SlsVfRc2 (651ea6ff-7fb0-4465-a918-67b7e6dd90d8)
2019-11-08 01:10:26.904 13785 RALLYDEBUG rally_openstack.cleanup.manager [-] Deleting neutron.router object s_rally_77ff47df_XYqiqaYf (9f5e8d08-29f9-4794-a205-f632eb45fe9f)
2019-11-08 01:10:26.914 13785 RALLYDEBUG rally_openstack.cleanup.manager [-] Deleting neutron.router object s_rally_77ff47df_Ocz1BSmV (e2e6b3f7-c160-495e-91f3-dcbd21e17d23)
2019-11-08 01:10:26.940 13785 RALLYDEBUG rally_openstack.cleanup.manager [-] Deleting neutron.router object s_rally_77ff47df_hfvTt1yl (12be9164-237b-4510-b7ce-bce852cbae42)
2019-11-08 01:10:26.946 13785 RALLYDEBUG rally_openstack.cleanup.manager [-] Deleting neutron.router object s_rally_77ff47df_suWKJJxM (2457b790-d4bf-43c4-87d2-99ebdb83f266)
2019-11-08 01:10:26.956 13785 RALLYDEBUG rally_openstack.cleanup.manager [-] Deleting neutron.router object s_rally_77ff47df_hR11QW1R (283f8d5a-5ae6-461a-a0ab-b508532999b6)
2019-11-08 01:10:26.960 13785 RALLYDEBUG rally_openstack.cleanup.manager [-] Deleting neutron.router object s_rally_77ff47df_byEH8ER2 (33c9decb-4b1e-4dda-bf77-df9df87fe3c0)
2019-11-08 01:10:26.965 13785 RALLYDEBUG rally_openstack.cleanup.manager [-] Deleting neutron.router object s_rally_77ff47df_WmC3pLgX (473f50a1-82ae-4ea1-90d0-5551eaecb516)
2019-11-08 01:10:26.973 13785 RALLYDEBUG rally_openstack.cleanup.manager [-] Deleting neutron.router object s_rally_77ff47df_XwuUhIeW (5688168d-3fe8-49a4-903e-3110d25e61fa)
2019-11-08 01:10:26.977 13785 RALLYDEBUG rally_openstack.cleanup.manager [-] Deleting neutron.router object s_rally_77ff47df_HEOXS9oj (5c1ea007-49b9-410d-ad7a-7015ec51bf8c)
2019-11-08 01:10:26.986 13785 RALLYDEBUG rally_openstack.cleanup.manager [-] Deleting neutron.router object s_rally_77ff47df_glBip3LT (e166181b-80bb-46e6-ba52-a138f6f65278)
2019-11-08 01:10:29.504 13785 RALLYDEBUG rally_openstack.cleanup.manager [-] Cleaning up neutron security_group objects
2019-11-08 01:10:30.756 13785 INFO rally.task.context [-] Task 8b34eb2b-eac8-446b-8286-419dc735db84 | Context cleanup@openstack cleanup() finished in 32.26 sec
2019-11-08 01:10:30.757 13785 INFO rally.task.context [-] Task 8b34eb2b-eac8-446b-8286-419dc735db84 | Context quotas@openstack cleanup() started
2019-11-08 01:10:30.934 13785 INFO rally.task.context [-] Task 8b34eb2b-eac8-446b-8286-419dc735db84 | Context quotas@openstack cleanup() finished in 0.18 sec
2019-11-08 01:10:30.935 13785 INFO rally.task.context [-] Task 8b34eb2b-eac8-446b-8286-419dc735db84 | Context users@openstack cleanup() started
2019-11-08 01:10:35.094 13785 INFO rally.task.context [-] Task 8b34eb2b-eac8-446b-8286-419dc735db84 | Context users@openstack cleanup() finished in 4.16 sec
2019-11-08 01:10:35.662 13785 INFO rally.task.engine [-] Load duration is: 19.576273
2019-11-08 01:10:35.663 13785 INFO rally.task.engine [-] Full runner duration is: 19.631324
2019-11-08 01:10:35.663 13785 INFO rally.task.engine [-] Full duration is: 59.728156
2019-11-08 01:10:36.024 13785 INFO rally.task.engine [-] Running workload: position = 0 config = { "version": 2, "title": "A cropped version of a bigger task.", "description": "Auto-generated task from a single workload (uuid=ca760552-9dde-495b-ae27-01c128d83d74)", "subtasks": [ { "title": "NeutronNetworks.create_and_show_subnets", "description": "Create and show a subnet details.", "scenario": { "NeutronNetworks.create_and_show_subnets": { "subnets_per_network": 2 } }, "contexts": { "users": { "tenants": 3, "users_per_tenant": 2 }, "network": { "router": {} }, "quotas": { "neutron": { "network": -1, "subnet": -1 } } }, "runner": { "constant": { "concurrency": 4, "times": 10 } }, "hooks": [], "sla": { "failure_rate": { "max": 0 } } } ] }
2019-11-08 01:10:36.048 13785 RALLYDEBUG rally_openstack.contexts.keystone.users [-] Creating 3 tenants using 20 threads
2019-11-08 01:10:37.086 13785 RALLYDEBUG rally_openstack.contexts.keystone.users [-] Creating 6 users using 20 threads
2019-11-08 01:10:38.612 13785 INFO rally.task.context [-] Task 8b34eb2b-eac8-446b-8286-419dc735db84 | Context users@openstack setup() finished in 2.56 sec
2019-11-08 01:10:39.474 13785 INFO rally.task.context [-] Task 8b34eb2b-eac8-446b-8286-419dc735db84 | Context quotas@openstack setup() finished in 0.86 sec
2019-11-08 01:10:40.110 13785 RALLYDEBUG rally_openstack.wrappers.network [-] CIDR generated: 10.2.95.0/24
2019-11-08 01:10:41.238 13785 RALLYDEBUG rally_openstack.wrappers.network [-] CIDR generated: 10.2.96.0/24
2019-11-08 01:10:42.025 13785 RALLYDEBUG rally_openstack.wrappers.network [-] CIDR generated: 10.2.97.0/24
2019-11-08 01:10:42.750 13785 INFO rally.task.context [-] Task 8b34eb2b-eac8-446b-8286-419dc735db84 | Context network@openstack setup() finished in 3.28 sec
2019-11-08 01:10:42.751 13785 INFO rally.task.context [-] Task 8b34eb2b-eac8-446b-8286-419dc735db84 | Context cleanup@openstack setup() finished in 0.01 msec
2019-11-08 01:10:42.760 13785 RALLYDEBUG rally.task.runner [-] Starting the constant runner (task UUID: 8b34eb2b-eac8-446b-8286-419dc735db84). times: 10 concurrency: 4 timeout: 0 max_cpu_used: 16 processes_to_start: 4 concurrency_per_worker: 1 concurrency_overhead: 0
2019-11-08 01:10:42.772 20125 RALLYDEBUG rally.task.runner [-] Starting a worker. times: 10 duration: None concurrency: 1 timeout: 0 cls: method_name: run args: {"subnets_per_network": 2}
2019-11-08 01:10:42.775 20126 RALLYDEBUG rally.task.runner [-] Starting a worker. times: 10 duration: None concurrency: 1 timeout: 0 cls: method_name: run args: {"subnets_per_network": 2}
2019-11-08 01:10:42.779 20125 INFO rally.task.runner [-] Task 8b34eb2b-eac8-446b-8286-419dc735db84 | ITER: 1 START
2019-11-08 01:10:42.779 20127 RALLYDEBUG rally.task.runner [-] Starting a worker. times: 10 duration: None concurrency: 1 timeout: 0 cls: method_name: run args: {"subnets_per_network": 2}
2019-11-08 01:10:42.782 20125 RALLYDEBUG rally_openstack.wrappers.network [-] CIDR generated: 10.2.98.0/24
2019-11-08 01:10:42.782 20126 INFO rally.task.runner [-] Task 8b34eb2b-eac8-446b-8286-419dc735db84 | ITER: 2 START
2019-11-08 01:10:42.783 20129 RALLYDEBUG rally.task.runner [-] Starting a worker. times: 10 duration: None concurrency: 1 timeout: 0 cls: method_name: run args: {"subnets_per_network": 2}
2019-11-08 01:10:42.785 20126 RALLYDEBUG rally_openstack.wrappers.network [-] CIDR generated: 10.2.99.0/24
2019-11-08 01:10:42.786 20127 INFO rally.task.runner [-] Task 8b34eb2b-eac8-446b-8286-419dc735db84 | ITER: 3 START
2019-11-08 01:10:42.788 20127 RALLYDEBUG rally_openstack.wrappers.network [-] CIDR generated: 10.2.100.0/24
2019-11-08 01:10:42.789 20129 INFO rally.task.runner [-] Task 8b34eb2b-eac8-446b-8286-419dc735db84 | ITER: 4 START
2019-11-08 01:10:42.793 20129 RALLYDEBUG rally_openstack.wrappers.network [-] CIDR generated: 10.2.101.0/24
2019-11-08 01:10:43.794 20126 RALLYDEBUG rally_openstack.wrappers.network [-] CIDR generated: 10.2.102.0/24
2019-11-08 01:10:43.859 20127 RALLYDEBUG rally_openstack.wrappers.network [-] CIDR generated: 10.2.103.0/24
2019-11-08 01:10:44.347 20129 RALLYDEBUG rally_openstack.wrappers.network [-] CIDR generated: 10.2.104.0/24
2019-11-08 01:10:44.394 20125 RALLYDEBUG rally_openstack.wrappers.network [-] CIDR generated: 10.2.105.0/24
2019-11-08 01:10:44.485 20126 INFO rally.task.runner [-] Task 8b34eb2b-eac8-446b-8286-419dc735db84 | ITER: 2 END: OK
2019-11-08 01:10:44.489 20126 INFO rally.task.runner [-] Task 8b34eb2b-eac8-446b-8286-419dc735db84 | ITER: 5 START
2019-11-08 01:10:44.491 20126 RALLYDEBUG rally_openstack.wrappers.network [-] CIDR generated: 10.2.106.0/24
