2019-11-08 00:42:19.378 6547 INFO rally.task.engine [-] Running workload: position = 0 config = { "version": 2, "title": "A cropped version of a bigger task.", "description": "Auto-generated task from a single workload (uuid=7196f6cf-5d44-476c-883d-88d2e1ab2492)", "subtasks": [ { "title": "GnocchiResourceType.create_resource_type", "description": "Create resource type.", "scenario": { "GnocchiResourceType.create_resource_type": { "attributes": { "foo": { "required": false, "type": "string" }, "bar": { "required": true, "type": "number" } } } }, "contexts": { "users": { "tenants": 3, "users_per_tenant": 2 } }, "runner": { "constant": { "concurrency": 4, "times": 10 } }, "hooks": [], "sla": { "failure_rate": { "max": 0 } } } ] }
2019-11-08 00:42:19.402 6547 RALLYDEBUG rally_openstack.contexts.keystone.users [-] Creating 3 tenants using 20 threads
2019-11-08 00:42:20.420 6547 RALLYDEBUG rally_openstack.contexts.keystone.users [-] Creating 6 users using 20 threads
2019-11-08 00:42:21.898 6547 INFO rally.task.context [-] Task 01803779-dfbc-429a-b68b-bf24bbab2d58 | Context users@openstack setup() finished in 2.50 sec
2019-11-08 00:42:21.899 6547 INFO rally.task.context [-] Task 01803779-dfbc-429a-b68b-bf24bbab2d58 | Context admin_cleanup@openstack setup() finished in 0.01 msec
2019-11-08 00:42:21.907 6547 RALLYDEBUG rally.task.runner [-] Starting the constant runner (task UUID: 01803779-dfbc-429a-b68b-bf24bbab2d58). times: 10 concurrency: 4 timeout: 0 max_cpu_used: 16 processes_to_start: 4 concurrency_per_worker: 1 concurrency_overhead: 0
2019-11-08 00:42:21.918 7687 RALLYDEBUG rally.task.runner [-] Starting a worker. times: 10 duration: None concurrency: 1 timeout: 0 cls: method_name: run args: {"attributes": {"foo": {"required": false, "type": "string"}, "bar": {"required": true, "type": "number"}}}
2019-11-08 00:42:21.921 7688 RALLYDEBUG rally.task.runner [-] Starting a worker. times: 10 duration: None concurrency: 1 timeout: 0 cls: method_name: run args: {"attributes": {"foo": {"required": false, "type": "string"}, "bar": {"required": true, "type": "number"}}}
2019-11-08 00:42:21.925 7687 INFO rally.task.runner [-] Task 01803779-dfbc-429a-b68b-bf24bbab2d58 | ITER: 1 START
2019-11-08 00:42:21.924 7689 RALLYDEBUG rally.task.runner [-] Starting a worker. times: 10 duration: None concurrency: 1 timeout: 0 cls: method_name: run args: {"attributes": {"foo": {"required": false, "type": "string"}, "bar": {"required": true, "type": "number"}}}
2019-11-08 00:42:21.927 7690 RALLYDEBUG rally.task.runner [-] Starting a worker. times: 10 duration: None concurrency: 1 timeout: 0 cls: method_name: run args: {"attributes": {"foo": {"required": false, "type": "string"}, "bar": {"required": true, "type": "number"}}}
2019-11-08 00:42:21.928 7688 INFO rally.task.runner [-] Task 01803779-dfbc-429a-b68b-bf24bbab2d58 | ITER: 2 START
2019-11-08 00:42:21.931 7689 INFO rally.task.runner [-] Task 01803779-dfbc-429a-b68b-bf24bbab2d58 | ITER: 3 START
2019-11-08 00:42:21.932 7690 INFO rally.task.runner [-] Task 01803779-dfbc-429a-b68b-bf24bbab2d58 | ITER: 4 START
2019-11-08 00:42:25.630 7689 INFO rally.task.runner [-] Task 01803779-dfbc-429a-b68b-bf24bbab2d58 | ITER: 3 END: OK
2019-11-08 00:42:25.635 7689 INFO rally.task.runner [-] Task 01803779-dfbc-429a-b68b-bf24bbab2d58 | ITER: 5 START
2019-11-08 00:42:25.891 7688 INFO rally.task.runner [-] Task 01803779-dfbc-429a-b68b-bf24bbab2d58 | ITER: 2 END: OK
2019-11-08 00:42:25.891 7690 INFO rally.task.runner [-] Task 01803779-dfbc-429a-b68b-bf24bbab2d58 | ITER: 4 END: OK
2019-11-08 00:42:25.896 7688 INFO rally.task.runner [-] Task 01803779-dfbc-429a-b68b-bf24bbab2d58 | ITER: 6 START
2019-11-08 00:42:25.896 7690 INFO rally.task.runner [-] Task 01803779-dfbc-429a-b68b-bf24bbab2d58 | ITER: 7 START
2019-11-08 00:42:25.910 7687 INFO rally.task.runner [-] Task 01803779-dfbc-429a-b68b-bf24bbab2d58 | ITER: 1 END: OK
2019-11-08 00:42:25.914 7687 INFO rally.task.runner [-] Task 01803779-dfbc-429a-b68b-bf24bbab2d58 | ITER: 8 START
2019-11-08 00:42:29.280 7690 INFO rally.task.runner [-] Task 01803779-dfbc-429a-b68b-bf24bbab2d58 | ITER: 7 END: OK
2019-11-08 00:42:29.280 7688 INFO rally.task.runner [-] Task 01803779-dfbc-429a-b68b-bf24bbab2d58 | ITER: 6 END: OK
2019-11-08 00:42:29.280 7689 INFO rally.task.runner [-] Task 01803779-dfbc-429a-b68b-bf24bbab2d58 | ITER: 5 END: OK
2019-11-08 00:42:29.283 7689 INFO rally.task.runner [-] Task 01803779-dfbc-429a-b68b-bf24bbab2d58 | ITER: 10 START
2019-11-08 00:42:29.283 7688 INFO rally.task.runner [-] Task 01803779-dfbc-429a-b68b-bf24bbab2d58 | ITER: 9 START
2019-11-08 00:42:29.558 7687 INFO rally.task.runner [-] Task 01803779-dfbc-429a-b68b-bf24bbab2d58 | ITER: 8 END: OK
2019-11-08 00:42:31.366 7689 INFO rally.task.runner [-] Task 01803779-dfbc-429a-b68b-bf24bbab2d58 | ITER: 10 END: OK
2019-11-08 00:42:31.391 7688 INFO rally.task.runner [-] Task 01803779-dfbc-429a-b68b-bf24bbab2d58 | ITER: 9 END: OK
2019-11-08 00:42:31.413 6547 INFO rally.task.context [-] Task 01803779-dfbc-429a-b68b-bf24bbab2d58 | Context admin_cleanup@openstack cleanup() started
2019-11-08 00:42:31.416 6547 RALLYDEBUG rally_openstack.cleanup.manager [-] Cleaning up gnocchi resource_type objects
2019-11-08 00:42:31.865 6547 RALLYDEBUG rally_openstack.cleanup.manager [-] Deleting gnocchi.resource_type object s_rally_7196f6cf_0glABovM (s_rally_7196f6cf_0glABovM)
2019-11-08 00:42:31.876 6547 RALLYDEBUG rally_openstack.cleanup.manager [-] Deleting gnocchi.resource_type object s_rally_7196f6cf_1VKmBpp7 (s_rally_7196f6cf_1VKmBpp7)
2019-11-08 00:42:31.882 6547 RALLYDEBUG rally_openstack.cleanup.manager [-] Deleting gnocchi.resource_type object s_rally_7196f6cf_0kOuP4DR (s_rally_7196f6cf_0kOuP4DR)
2019-11-08 00:42:31.892 6547 RALLYDEBUG rally_openstack.cleanup.manager [-] Deleting gnocchi.resource_type object s_rally_7196f6cf_9SChyZD0 (s_rally_7196f6cf_9SChyZD0)
2019-11-08 00:42:31.892 6547 RALLYDEBUG rally_openstack.cleanup.manager [-] Deleting gnocchi.resource_type object s_rally_7196f6cf_5Fgl846Q (s_rally_7196f6cf_5Fgl846Q)
2019-11-08 00:42:31.895 6547 RALLYDEBUG rally_openstack.cleanup.manager [-] Deleting gnocchi.resource_type object s_rally_7196f6cf_fbc03vU2 (s_rally_7196f6cf_fbc03vU2)
2019-11-08 00:42:31.900 6547 RALLYDEBUG rally_openstack.cleanup.manager [-] Deleting gnocchi.resource_type object s_rally_7196f6cf_IclUEYhN (s_rally_7196f6cf_IclUEYhN)
2019-11-08 00:42:31.910 6547 RALLYDEBUG rally_openstack.cleanup.manager [-] Deleting gnocchi.resource_type object s_rally_7196f6cf_nQvOioMA (s_rally_7196f6cf_nQvOioMA)
2019-11-08 00:42:31.923 6547 RALLYDEBUG rally_openstack.cleanup.manager [-] Deleting gnocchi.resource_type object s_rally_7196f6cf_rbPkxYVh (s_rally_7196f6cf_rbPkxYVh)
2019-11-08 00:42:31.931 6547 RALLYDEBUG rally_openstack.cleanup.manager [-] Deleting gnocchi.resource_type object s_rally_7196f6cf_yT2aEg0X (s_rally_7196f6cf_yT2aEg0X)
2019-11-08 00:42:36.693 6547 INFO rally.task.context [-] Task 01803779-dfbc-429a-b68b-bf24bbab2d58 | Context admin_cleanup@openstack cleanup() finished in 5.28 sec
2019-11-08 00:42:36.694 6547 INFO rally.task.context [-] Task 01803779-dfbc-429a-b68b-bf24bbab2d58 | Context users@openstack cleanup() started
2019-11-08 00:42:41.165 6547 INFO rally.task.context [-] Task 01803779-dfbc-429a-b68b-bf24bbab2d58 | Context users@openstack cleanup() finished in 4.47 sec
2019-11-08 00:42:41.540 6547 INFO rally.task.engine [-] Load duration is: 9.464856
2019-11-08 00:42:41.540 6547 INFO rally.task.engine [-] Full runner duration is: 9.506215
2019-11-08 00:42:41.540 6547 INFO rally.task.engine [-] Full duration is: 21.765309
2019-11-08 00:42:41.902 6547 INFO rally.task.engine [-] Running workload: position = 0 config = { "version": 2, "title": "A cropped version of a bigger task.", "description": "Auto-generated task from a single workload (uuid=5cbb3089-cf43-425c-90ad-0e9711f0568f)", "subtasks": [ { "title": "GnocchiResourceType.create_delete_resource_type", "description": "Create resource type and then delete it.", "scenario": { "GnocchiResourceType.create_delete_resource_type": { "attributes": { "foo": { "required": false, "type": "string" }, "bar": { "required": true, "type": "number" } } } }, "contexts": { "users": { "tenants": 3, "users_per_tenant": 2 } }, "runner": { "constant": { "concurrency": 4, "times": 10 } }, "hooks": [], "sla": { "failure_rate": { "max": 0 } } } ] }
2019-11-08 00:42:41.925 6547 RALLYDEBUG rally_openstack.contexts.keystone.users [-] Creating 3 tenants using 20 threads
2019-11-08 00:42:42.907 6547 RALLYDEBUG rally_openstack.contexts.keystone.users [-] Creating 6 users using 20 threads
2019-11-08 00:42:44.461 6547 INFO rally.task.context [-] Task 01803779-dfbc-429a-b68b-bf24bbab2d58 | Context users@openstack setup() finished in 2.54 sec
2019-11-08 00:42:44.462 6547 INFO rally.task.context [-] Task 01803779-dfbc-429a-b68b-bf24bbab2d58 | Context admin_cleanup@openstack setup() finished in 0.02 msec
2019-11-08 00:42:44.471 6547 RALLYDEBUG rally.task.runner [-] Starting the constant runner (task UUID: 01803779-dfbc-429a-b68b-bf24bbab2d58). times: 10 concurrency: 4 timeout: 0 max_cpu_used: 16 processes_to_start: 4 concurrency_per_worker: 1 concurrency_overhead: 0
2019-11-08 00:42:44.483 7811 RALLYDEBUG rally.task.runner [-] Starting a worker. times: 10 duration: None concurrency: 1 timeout: 0 cls: method_name: run args: {"attributes": {"foo": {"required": false, "type": "string"}, "bar": {"required": true, "type": "number"}}}
2019-11-08 00:42:44.487 7812 RALLYDEBUG rally.task.runner [-] Starting a worker. times: 10 duration: None concurrency: 1 timeout: 0 cls: method_name: run args: {"attributes": {"foo": {"required": false, "type": "string"}, "bar": {"required": true, "type": "number"}}}
2019-11-08 00:42:44.491 7811 INFO rally.task.runner [-] Task 01803779-dfbc-429a-b68b-bf24bbab2d58 | ITER: 1 START
2019-11-08 00:42:44.490 7813 RALLYDEBUG rally.task.runner [-] Starting a worker. times: 10 duration: None concurrency: 1 timeout: 0 cls: method_name: run args: {"attributes": {"foo": {"required": false, "type": "string"}, "bar": {"required": true, "type": "number"}}}
2019-11-08 00:42:44.493 7812 INFO rally.task.runner [-] Task 01803779-dfbc-429a-b68b-bf24bbab2d58 | ITER: 2 START
2019-11-08 00:42:44.493 7814 RALLYDEBUG rally.task.runner [-] Starting a worker. times: 10 duration: None concurrency: 1 timeout: 0 cls: method_name: run args: {"attributes": {"foo": {"required": false, "type": "string"}, "bar": {"required": true, "type": "number"}}}
2019-11-08 00:42:44.497 7813 INFO rally.task.runner [-] Task 01803779-dfbc-429a-b68b-bf24bbab2d58 | ITER: 3 START
2019-11-08 00:42:44.500 7814 INFO rally.task.runner [-] Task 01803779-dfbc-429a-b68b-bf24bbab2d58 | ITER: 4 START
2019-11-08 00:42:49.688 7811 INFO rally.task.runner [-] Task 01803779-dfbc-429a-b68b-bf24bbab2d58 | ITER: 1 END: OK
2019-11-08 00:42:49.688 7814 INFO rally.task.runner [-] Task 01803779-dfbc-429a-b68b-bf24bbab2d58 | ITER: 4 END: OK
2019-11-08 00:42:49.693 7814 INFO rally.task.runner [-] Task 01803779-dfbc-429a-b68b-bf24bbab2d58 | ITER: 5 START
2019-11-08 00:42:49.693 7811 INFO rally.task.runner [-] Task 01803779-dfbc-429a-b68b-bf24bbab2d58 | ITER: 6 START
2019-11-08 00:42:49.748 7813 INFO rally.task.runner [-] Task 01803779-dfbc-429a-b68b-bf24bbab2d58 | ITER: 3 END: OK
2019-11-08 00:42:49.753 7813 INFO rally.task.runner [-] Task 01803779-dfbc-429a-b68b-bf24bbab2d58 | ITER: 7 START
2019-11-08 00:42:49.770 7812 INFO rally.task.runner [-] Task 01803779-dfbc-429a-b68b-bf24bbab2d58 | ITER: 2 END: OK
2019-11-08 00:42:49.774 7812 INFO rally.task.runner [-] Task 01803779-dfbc-429a-b68b-bf24bbab2d58 | ITER: 8 START
2019-11-08 00:42:54.807 7812 INFO rally.task.runner [-] Task 01803779-dfbc-429a-b68b-bf24bbab2d58 | ITER: 8 END: OK
2019-11-08 00:42:54.807 7814 INFO rally.task.runner [-] Task 01803779-dfbc-429a-b68b-bf24bbab2d58 | ITER: 5 END: OK
2019-11-08 00:42:54.807 7811 INFO rally.task.runner [-] Task 01803779-dfbc-429a-b68b-bf24bbab2d58 | ITER: 6 END: OK
2019-11-08 00:42:54.810 7812 INFO rally.task.runner [-] Task 01803779-dfbc-429a-b68b-bf24bbab2d58 | ITER: 9 START
2019-11-08 00:42:54.810 7814 INFO rally.task.runner [-] Task 01803779-dfbc-429a-b68b-bf24bbab2d58 | ITER: 10 START
2019-11-08 00:42:54.889 7813 INFO rally.task.runner [-] Task 01803779-dfbc-429a-b68b-bf24bbab2d58 | ITER: 7 END: OK
2019-11-08 00:42:57.520 7814 INFO rally.task.runner [-] Task 01803779-dfbc-429a-b68b-bf24bbab2d58 | ITER: 10 END: OK
2019-11-08 00:42:57.542 7812 INFO rally.task.runner [-] Task 01803779-dfbc-429a-b68b-bf24bbab2d58 | ITER: 9 END: OK
2019-11-08 00:42:57.571 6547 INFO rally.task.context [-] Task 01803779-dfbc-429a-b68b-bf24bbab2d58 | Context admin_cleanup@openstack cleanup() started
2019-11-08 00:42:57.575 6547 RALLYDEBUG rally_openstack.cleanup.manager [-] Cleaning up gnocchi resource_type objects
2019-11-08 00:42:58.034 6547 INFO rally.task.context [-] Task 01803779-dfbc-429a-b68b-bf24bbab2d58 | Context admin_cleanup@openstack cleanup() finished in 0.46 sec
2019-11-08 00:42:58.035 6547 INFO rally.task.context [-] Task 01803779-dfbc-429a-b68b-bf24bbab2d58 | Context users@openstack cleanup() started
2019-11-08 00:43:02.593 6547 INFO rally.task.context [-] Task 01803779-dfbc-429a-b68b-bf24bbab2d58 | Context users@openstack cleanup() finished in 4.56 sec
2019-11-08 00:43:04.066 6547 INFO rally.task.engine [-] Load duration is: 13.049632
2019-11-08 00:43:04.066 6547 INFO rally.task.engine [-] Full runner duration is: 13.100387
2019-11-08 00:43:04.067 6547 INFO rally.task.engine [-] Full duration is: 20.670529
2019-11-08 00:43:04.375 6547 INFO rally.task.engine [-] Running workload: position = 0 config = { "version": 2, "title": "A cropped version of a bigger task.", "description": "Auto-generated task from a single workload (uuid=a32c7a4e-e41f-4c72-8dac-bbf1f19328ec)", "subtasks": [ { "title": "GnocchiMetric.list_metric", "description": "List metrics.", "scenario": { "GnocchiMetric.list_metric": { "limit": 10000 } }, "contexts": { "users": { "tenants": 3, "users_per_tenant": 2 } }, "runner": { "constant": { "concurrency": 4, "times": 10 } }, "hooks": [], "sla": { "failure_rate": { "max": 0 } } } ] }
2019-11-08 00:43:04.400 6547 RALLYDEBUG rally_openstack.contexts.keystone.users [-] Creating 3 tenants using 20 threads
2019-11-08 00:43:05.529 6547 RALLYDEBUG rally_openstack.contexts.keystone.users [-] Creating 6 users using 20 threads
2019-11-08 00:43:07.051 6547 INFO rally.task.context [-] Task 01803779-dfbc-429a-b68b-bf24bbab2d58 | Context users@openstack setup() finished in 2.65 sec
2019-11-08 00:43:07.060 6547 RALLYDEBUG rally.task.runner [-] Starting the constant runner (task UUID: 01803779-dfbc-429a-b68b-bf24bbab2d58). times: 10 concurrency: 4 timeout: 0 max_cpu_used: 16 processes_to_start: 4 concurrency_per_worker: 1 concurrency_overhead: 0
2019-11-08 00:43:07.072 7935 RALLYDEBUG rally.task.runner [-] Starting a worker. times: 10 duration: None concurrency: 1 timeout: 0 cls: method_name: run args: {"limit": 10000}
2019-11-08 00:43:07.075 7936 RALLYDEBUG rally.task.runner [-] Starting a worker. times: 10 duration: None concurrency: 1 timeout: 0 cls: method_name: run args: {"limit": 10000}
2019-11-08 00:43:07.079 7935 INFO rally.task.runner [-] Task 01803779-dfbc-429a-b68b-bf24bbab2d58 | ITER: 1 START
2019-11-08 00:43:07.079 7937 RALLYDEBUG rally.task.runner [-] Starting a worker. times: 10 duration: None concurrency: 1 timeout: 0 cls: method_name: run args: {"limit": 10000}
2019-11-08 00:43:07.081 7936 INFO rally.task.runner [-] Task 01803779-dfbc-429a-b68b-bf24bbab2d58 | ITER: 2 START
2019-11-08 00:43:07.081 7938 RALLYDEBUG rally.task.runner [-] Starting a worker. times: 10 duration: None concurrency: 1 timeout: 0 cls: method_name: run args: {"limit": 10000}
2019-11-08 00:43:07.085 7937 INFO rally.task.runner [-] Task 01803779-dfbc-429a-b68b-bf24bbab2d58 | ITER: 3 START
2019-11-08 00:43:07.087 7938 INFO rally.task.runner [-] Task 01803779-dfbc-429a-b68b-bf24bbab2d58 | ITER: 4 START
2019-11-08 00:43:07.585 7938 INFO rally.task.runner [-] Task 01803779-dfbc-429a-b68b-bf24bbab2d58 | ITER: 4 END: OK
2019-11-08 00:43:07.586 7937 INFO rally.task.runner [-] Task 01803779-dfbc-429a-b68b-bf24bbab2d58 | ITER: 3 END: OK
2019-11-08 00:43:07.589 7938 INFO rally.task.runner [-] Task 01803779-dfbc-429a-b68b-bf24bbab2d58 | ITER: 5 START
2019-11-08 00:43:07.591 7937 INFO rally.task.runner [-] Task 01803779-dfbc-429a-b68b-bf24bbab2d58 | ITER: 6 START
2019-11-08 00:43:07.617 7935 INFO rally.task.runner [-] Task 01803779-dfbc-429a-b68b-bf24bbab2d58 | ITER: 1 END: OK
2019-11-08 00:43:07.622 7935 INFO rally.task.runner [-] Task 01803779-dfbc-429a-b68b-bf24bbab2d58 | ITER: 7 START
2019-11-08 00:43:07.624 7936 INFO rally.task.runner [-] Task 01803779-dfbc-429a-b68b-bf24bbab2d58 | ITER: 2 END: OK
2019-11-08 00:43:07.629 7936 INFO rally.task.runner [-] Task 01803779-dfbc-429a-b68b-bf24bbab2d58 | ITER: 8 START
2019-11-08 00:43:07.997 7938 INFO rally.task.runner [-] Task 01803779-dfbc-429a-b68b-bf24bbab2d58 | ITER: 5 END: OK
2019-11-08 00:43:08.000 7938 INFO rally.task.runner [-] Task 01803779-dfbc-429a-b68b-bf24bbab2d58 | ITER: 9 START
2019-11-08 00:43:08.023 7937 INFO rally.task.runner [-] Task 01803779-dfbc-429a-b68b-bf24bbab2d58 | ITER: 6 END: OK
2019-11-08 00:43:08.026 7937 INFO rally.task.runner [-] Task 01803779-dfbc-429a-b68b-bf24bbab2d58 | ITER: 10 START
2019-11-08 00:43:08.075 7935 INFO rally.task.runner [-] Task 01803779-dfbc-429a-b68b-bf24bbab2d58 | ITER: 7 END: OK
2019-11-08 00:43:08.078 7936 INFO rally.task.runner [-] Task 01803779-dfbc-429a-b68b-bf24bbab2d58 | ITER: 8 END: OK
2019-11-08 00:43:08.361 7938 INFO rally.task.runner [-] Task 01803779-dfbc-429a-b68b-bf24bbab2d58 | ITER: 9 END: OK
2019-11-08 00:43:08.382 7937 INFO rally.task.runner [-] Task 01803779-dfbc-429a-b68b-bf24bbab2d58 | ITER: 10 END: OK
2019-11-08 00:43:08.411 6547 INFO rally.task.context [-] Task 01803779-dfbc-429a-b68b-bf24bbab2d58 | Context users@openstack cleanup() started
2019-11-08 00:43:12.935 6547 INFO rally.task.context [-] Task 01803779-dfbc-429a-b68b-bf24bbab2d58 | Context users@openstack cleanup() finished in 4.52 sec
2019-11-08 00:43:14.507 6547 INFO rally.task.engine [-] Load duration is: 1.301776
2019-11-08 00:43:14.507 6547 INFO rally.task.engine [-] Full runner duration is: 1.351565
2019-11-08 00:43:14.508 6547 INFO rally.task.engine [-] Full duration is: 8.535697
2019-11-08 00:43:14.810 6547 INFO rally.task.engine [-] Running workload: position = 0 config = { "version": 2, "title": "A cropped version of a bigger task.", "description": "Auto-generated task from a single workload (uuid=3aef239a-cb98-4717-8d7e-5d4448ce08e7)", "subtasks": [ { "title": "GnocchiMetric.create_metric", "description": "Create metric.", "scenario": { "GnocchiMetric.create_metric": { "archive_policy_name": "low" } }, "contexts": { "users": { "tenants": 3, "users_per_tenant": 2 } }, "runner": { "constant": { "concurrency": 4, "times": 10 } }, "hooks": [], "sla": { "failure_rate": { "max": 0 } } } ] }
2019-11-08 00:43:14.835 6547 RALLYDEBUG rally_openstack.contexts.keystone.users [-] Creating 3 tenants using 20 threads
2019-11-08 00:43:15.763 6547 RALLYDEBUG rally_openstack.contexts.keystone.users [-] Creating 6 users using 20 threads
2019-11-08 00:43:17.285 6547 INFO rally.task.context [-] Task 01803779-dfbc-429a-b68b-bf24bbab2d58 | Context users@openstack setup() finished in 2.45 sec
2019-11-08 00:43:17.286 6547 INFO rally.task.context [-] Task 01803779-dfbc-429a-b68b-bf24bbab2d58 | Context cleanup@openstack setup() finished in 0.03 msec
2019-11-08 00:43:17.294 6547 RALLYDEBUG rally.task.runner [-] Starting the constant runner (task UUID: 01803779-dfbc-429a-b68b-bf24bbab2d58). times: 10 concurrency: 4 timeout: 0 max_cpu_used: 16 processes_to_start: 4 concurrency_per_worker: 1 concurrency_overhead: 0
2019-11-08 00:43:17.306 8039 RALLYDEBUG rally.task.runner [-] Starting a worker. times: 10 duration: None concurrency: 1 timeout: 0 cls: method_name: run args: {"archive_policy_name": "low"}
2019-11-08 00:43:17.309 8040 RALLYDEBUG rally.task.runner [-] Starting a worker. times: 10 duration: None concurrency: 1 timeout: 0 cls: method_name: run args: {"archive_policy_name": "low"}
2019-11-08 00:43:17.312 8039 INFO rally.task.runner [-] Task 01803779-dfbc-429a-b68b-bf24bbab2d58 | ITER: 1 START
2019-11-08 00:43:17.313 8041 RALLYDEBUG rally.task.runner [-] Starting a worker. times: 10 duration: None concurrency: 1 timeout: 0 cls: method_name: run args: {"archive_policy_name": "low"}
2019-11-08 00:43:17.316 8040 INFO rally.task.runner [-] Task 01803779-dfbc-429a-b68b-bf24bbab2d58 | ITER: 2 START
2019-11-08 00:43:17.316 8043 RALLYDEBUG rally.task.runner [-] Starting a worker. times: 10 duration: None concurrency: 1 timeout: 0 cls: method_name: run args: {"archive_policy_name": "low"}
2019-11-08 00:43:17.320 8041 INFO rally.task.runner [-] Task 01803779-dfbc-429a-b68b-bf24bbab2d58 | ITER: 3 START
2019-11-08 00:43:17.322 8043 INFO rally.task.runner [-] Task 01803779-dfbc-429a-b68b-bf24bbab2d58 | ITER: 4 START
2019-11-08 00:43:17.820 8043 INFO rally.task.runner [-] Task 01803779-dfbc-429a-b68b-bf24bbab2d58 | ITER: 4 END: OK
2019-11-08 00:43:17.824 8041 INFO rally.task.runner [-] Task 01803779-dfbc-429a-b68b-bf24bbab2d58 | ITER: 3 END: OK
2019-11-08 00:43:17.825 8043 INFO rally.task.runner [-] Task 01803779-dfbc-429a-b68b-bf24bbab2d58 | ITER: 5 START
2019-11-08 00:43:17.829 8041 INFO rally.task.runner [-] Task 01803779-dfbc-429a-b68b-bf24bbab2d58 | ITER: 6 START
2019-11-08 00:43:17.852 8040 INFO rally.task.runner [-] Task 01803779-dfbc-429a-b68b-bf24bbab2d58 | ITER: 2 END: OK
2019-11-08 00:43:17.852 8039 INFO rally.task.runner [-] Task 01803779-dfbc-429a-b68b-bf24bbab2d58 | ITER: 1 END: OK
2019-11-08 00:43:17.856 8040 INFO rally.task.runner [-] Task 01803779-dfbc-429a-b68b-bf24bbab2d58 | ITER: 7 START
2019-11-08 00:43:17.857 8039 INFO rally.task.runner [-] Task 01803779-dfbc-429a-b68b-bf24bbab2d58 | ITER: 8 START
2019-11-08 00:43:18.230 8039 INFO rally.task.runner [-] Task 01803779-dfbc-429a-b68b-bf24bbab2d58 | ITER: 8 END: OK
2019-11-08 00:43:18.234 8039 INFO rally.task.runner [-] Task 01803779-dfbc-429a-b68b-bf24bbab2d58 | ITER: 9 START
2019-11-08 00:43:18.298 8040 INFO rally.task.runner [-] Task 01803779-dfbc-429a-b68b-bf24bbab2d58 | ITER: 7 END: OK
2019-11-08 00:43:18.302 8040 INFO rally.task.runner [-] Task 01803779-dfbc-429a-b68b-bf24bbab2d58 | ITER: 10 START
2019-11-08 00:43:18.343 8043 INFO rally.task.runner [-] Task 01803779-dfbc-429a-b68b-bf24bbab2d58 | ITER: 5 END: OK
2019-11-08 00:43:18.351 8041 INFO rally.task.runner [-] Task 01803779-dfbc-429a-b68b-bf24bbab2d58 | ITER: 6 END: OK
2019-11-08 00:43:18.625 8039 INFO rally.task.runner [-] Task 01803779-dfbc-429a-b68b-bf24bbab2d58 | ITER: 9 END: OK
2019-11-08 00:43:18.782 8040 INFO rally.task.runner [-] Task 01803779-dfbc-429a-b68b-bf24bbab2d58 | ITER: 10 END: OK
2019-11-08 00:43:18.811 6547 INFO rally.task.context [-] Task 01803779-dfbc-429a-b68b-bf24bbab2d58 | Context cleanup@openstack cleanup() started
2019-11-08 00:43:18.814 6547 RALLYDEBUG rally_openstack.cleanup.manager [-] Cleaning up gnocchi metric objects
2019-11-08 00:43:20.038 6547 INFO rally.task.context [-] Task 01803779-dfbc-429a-b68b-bf24bbab2d58 | Context cleanup@openstack cleanup() finished in 1.23 sec
2019-11-08 00:43:20.039 6547 INFO rally.task.context [-] Task 01803779-dfbc-429a-b68b-bf24bbab2d58 | Context users@openstack cleanup() started
2019-11-08 00:43:24.463 6547 INFO rally.task.context [-] Task 01803779-dfbc-429a-b68b-bf24bbab2d58 | Context users@openstack cleanup() finished in 4.42 sec
2019-11-08 00:43:24.913 6547 INFO rally.task.engine [-] Load duration is: 1.468496
2019-11-08 00:43:24.914 6547 INFO rally.task.engine [-] Full runner duration is: 1.516562
2019-11-08 00:43:24.914 6547 INFO rally.task.engine [-] Full duration is: 9.630167
2019-11-08 00:43:25.230 6547 INFO rally.task.engine [-] Running workload: position = 0 config = { "version": 2, "title": "A cropped version of a bigger task.", "description": "Auto-generated task from a single workload (uuid=c59bdee1-758c-4e63-afc2-2c0495f69f5a)", "subtasks": [ { "title": "GnocchiMetric.create_delete_metric", "description": "Create metric and then delete it.", "scenario": { "GnocchiMetric.create_delete_metric": { "archive_policy_name": "low" } }, "contexts": { "users": { "tenants": 3, "users_per_tenant": 2 } }, "runner": { "constant": { "concurrency": 4, "times": 10 } }, "hooks": [], "sla": { "failure_rate": { "max": 0 } } } ] }
2019-11-08 00:43:25.253 6547 RALLYDEBUG rally_openstack.contexts.keystone.users [-] Creating 3 tenants using 20 threads
2019-11-08 00:43:26.294 6547 RALLYDEBUG rally_openstack.contexts.keystone.users [-] Creating 6 users using 20 threads
2019-11-08 00:43:27.779 6547 INFO rally.task.context [-] Task 01803779-dfbc-429a-b68b-bf24bbab2d58 | Context users@openstack setup() finished in 2.53 sec
2019-11-08 00:43:27.780 6547 INFO rally.task.context [-] Task 01803779-dfbc-429a-b68b-bf24bbab2d58 | Context cleanup@openstack setup() finished in 0.01 msec
2019-11-08 00:43:27.789 6547 RALLYDEBUG rally.task.runner [-] Starting the constant runner (task UUID: 01803779-dfbc-429a-b68b-bf24bbab2d58). times: 10 concurrency: 4 timeout: 0 max_cpu_used: 16 processes_to_start: 4 concurrency_per_worker: 1 concurrency_overhead: 0
2019-11-08 00:43:27.800 8163 RALLYDEBUG rally.task.runner [-] Starting a worker. times: 10 duration: None concurrency: 1 timeout: 0 cls: method_name: run args: {"archive_policy_name": "low"}
2019-11-08 00:43:27.804 8164 RALLYDEBUG rally.task.runner [-] Starting a worker. times: 10 duration: None concurrency: 1 timeout: 0 cls: method_name: run args: {"archive_policy_name": "low"}
2019-11-08 00:43:27.807 8163 INFO rally.task.runner [-] Task 01803779-dfbc-429a-b68b-bf24bbab2d58 | ITER: 1 START
2019-11-08 00:43:27.808 8165 RALLYDEBUG rally.task.runner [-] Starting a worker. times: 10 duration: None concurrency: 1 timeout: 0 cls: method_name: run args: {"archive_policy_name": "low"}
2019-11-08 00:43:27.811 8164 INFO rally.task.runner [-] Task 01803779-dfbc-429a-b68b-bf24bbab2d58 | ITER: 2 START
2019-11-08 00:43:27.812 8168 RALLYDEBUG rally.task.runner [-] Starting a worker. times: 10 duration: None concurrency: 1 timeout: 0 cls: method_name: run args: {"archive_policy_name": "low"}
2019-11-08 00:43:27.814 8165 INFO rally.task.runner [-] Task 01803779-dfbc-429a-b68b-bf24bbab2d58 | ITER: 3 START
2019-11-08 00:43:27.818 8168 INFO rally.task.runner [-] Task 01803779-dfbc-429a-b68b-bf24bbab2d58 | ITER: 4 START
2019-11-08 00:43:28.336 8163 INFO rally.task.runner [-] Task 01803779-dfbc-429a-b68b-bf24bbab2d58 | ITER: 1 END: OK
2019-11-08 00:43:28.338 8168 INFO rally.task.runner [-] Task 01803779-dfbc-429a-b68b-bf24bbab2d58 | ITER: 4 END: OK
2019-11-08 00:43:28.339 8164 INFO rally.task.runner [-] Task 01803779-dfbc-429a-b68b-bf24bbab2d58 | ITER: 2 END: OK
2019-11-08 00:43:28.340 8165 INFO rally.task.runner [-] Task 01803779-dfbc-429a-b68b-bf24bbab2d58 | ITER: 3 END: OK
2019-11-08 00:43:28.341 8163 INFO rally.task.runner [-] Task 01803779-dfbc-429a-b68b-bf24bbab2d58 | ITER: 5 START
2019-11-08 00:43:28.342 8164 INFO rally.task.runner [-] Task 01803779-dfbc-429a-b68b-bf24bbab2d58 | ITER: 6 START
2019-11-08 00:43:28.343 8168 INFO rally.task.runner [-] Task 01803779-dfbc-429a-b68b-bf24bbab2d58 | ITER: 7 START
2019-11-08 00:43:28.346 8165 INFO rally.task.runner [-] Task 01803779-dfbc-429a-b68b-bf24bbab2d58 | ITER: 8 START
2019-11-08 00:43:28.750 8168 INFO rally.task.runner [-] Task 01803779-dfbc-429a-b68b-bf24bbab2d58 | ITER: 7 END: OK
2019-11-08 00:43:28.753 8168 INFO rally.task.runner [-] Task 01803779-dfbc-429a-b68b-bf24bbab2d58 | ITER: 9 START
2019-11-08 00:43:28.829 8164 INFO rally.task.runner [-] Task 01803779-dfbc-429a-b68b-bf24bbab2d58 | ITER: 6 END: OK
2019-11-08 00:43:28.829 8163 INFO rally.task.runner [-] Task 01803779-dfbc-429a-b68b-bf24bbab2d58 | ITER: 5 END: OK
2019-11-08 00:43:28.832 8165 INFO rally.task.runner [-] Task 01803779-dfbc-429a-b68b-bf24bbab2d58 | ITER: 8 END: OK
2019-11-08 00:43:28.833 8164 INFO rally.task.runner [-] Task 01803779-dfbc-429a-b68b-bf24bbab2d58 | ITER: 10 START
2019-11-08 00:43:29.166 8168 INFO rally.task.runner [-] Task 01803779-dfbc-429a-b68b-bf24bbab2d58 | ITER: 9 END: OK
2019-11-08 00:43:29.241 8164 INFO rally.task.runner [-] Task 01803779-dfbc-429a-b68b-bf24bbab2d58 | ITER: 10 END: OK
2019-11-08 00:43:29.265 6547 INFO rally.task.context [-] Task 01803779-dfbc-429a-b68b-bf24bbab2d58 | Context cleanup@openstack cleanup() started
2019-11-08 00:43:29.268 6547 RALLYDEBUG rally_openstack.cleanup.manager [-] Cleaning up gnocchi metric objects
2019-11-08 00:43:30.538 6547 INFO rally.task.context [-] Task 01803779-dfbc-429a-b68b-bf24bbab2d58 | Context cleanup@openstack cleanup() finished in 1.27 sec
2019-11-08 00:43:30.538 6547 INFO rally.task.context [-] Task 01803779-dfbc-429a-b68b-bf24bbab2d58 | Context users@openstack cleanup() started
2019-11-08 00:43:34.714 6547 INFO rally.task.context [-] Task 01803779-dfbc-429a-b68b-bf24bbab2d58 | Context users@openstack cleanup() finished in 4.18 sec
2019-11-08 00:43:35.334 6547 INFO rally.task.engine [-] Load duration is: 1.432229
2019-11-08 00:43:35.334 6547 INFO rally.task.engine [-] Full runner duration is: 1.47646
2019-11-08 00:43:35.335 6547 INFO rally.task.engine [-] Full duration is: 9.462536
2019-11-08 00:43:35.669 6547 INFO rally.task.engine [-] Running workload: position = 0 config = { "version": 2, "title": "A cropped version of a bigger task.", "description": "Auto-generated task from a single workload (uuid=2fa8be8f-5065-44d1-9aac-997f0cec6381)", "subtasks": [ { "title": "GnocchiResource.create_resource", "description": "Create resource.", "scenario": { "GnocchiResource.create_resource": {} }, "contexts": { "users": { "tenants": 3, "users_per_tenant": 2 } }, "runner": { "constant": { "concurrency": 4, "times": 10 } }, "hooks": [], "sla": { "failure_rate": { "max": 0 } } } ] }
2019-11-08 00:43:35.694 6547 RALLYDEBUG rally_openstack.contexts.keystone.users [-] Creating 3 tenants using 20 threads
2019-11-08 00:43:36.770 6547 RALLYDEBUG rally_openstack.contexts.keystone.users [-] Creating 6 users using 20 threads
2019-11-08 00:43:38.268 6547 INFO rally.task.context [-] Task 01803779-dfbc-429a-b68b-bf24bbab2d58 | Context users@openstack setup() finished in 2.57 sec
2019-11-08 00:43:38.268 6547 INFO rally.task.context [-] Task 01803779-dfbc-429a-b68b-bf24bbab2d58 | Context cleanup@openstack setup() finished in 0.01 msec
2019-11-08 00:43:38.276 6547 RALLYDEBUG rally.task.runner [-] Starting the constant runner (task UUID: 01803779-dfbc-429a-b68b-bf24bbab2d58). times: 10 concurrency: 4 timeout: 0 max_cpu_used: 16 processes_to_start: 4 concurrency_per_worker: 1 concurrency_overhead: 0
2019-11-08 00:43:38.287 8287 RALLYDEBUG rally.task.runner [-] Starting a worker. times: 10 duration: None concurrency: 1 timeout: 0 cls: method_name: run args: {}
2019-11-08 00:43:38.291 8288 RALLYDEBUG rally.task.runner [-] Starting a worker. times: 10 duration: None concurrency: 1 timeout: 0 cls: method_name: run args: {}
2019-11-08 00:43:38.294 8287 INFO rally.task.runner [-] Task 01803779-dfbc-429a-b68b-bf24bbab2d58 | ITER: 1 START
2019-11-08 00:43:38.294 8289 RALLYDEBUG rally.task.runner [-] Starting a worker. times: 10 duration: None concurrency: 1 timeout: 0 cls: method_name: run args: {}
2019-11-08 00:43:38.298 8288 INFO rally.task.runner [-] Task 01803779-dfbc-429a-b68b-bf24bbab2d58 | ITER: 2 START
2019-11-08 00:43:38.297 8290 RALLYDEBUG rally.task.runner [-] Starting a worker. times: 10 duration: None concurrency: 1 timeout: 0 cls: method_name: run args: {}
2019-11-08 00:43:38.300 8289 INFO rally.task.runner [-] Task 01803779-dfbc-429a-b68b-bf24bbab2d58 | ITER: 3 START
2019-11-08 00:43:38.304 8290 INFO rally.task.runner [-] Task 01803779-dfbc-429a-b68b-bf24bbab2d58 | ITER: 4 START
2019-11-08 00:43:38.800 8289 INFO rally.task.runner [-] Task 01803779-dfbc-429a-b68b-bf24bbab2d58 | ITER: 3 END: OK
2019-11-08 00:43:38.801 8290 INFO rally.task.runner [-] Task 01803779-dfbc-429a-b68b-bf24bbab2d58 | ITER: 4 END: OK
2019-11-08 00:43:38.803 8287 INFO rally.task.runner [-] Task 01803779-dfbc-429a-b68b-bf24bbab2d58 | ITER: 1 END: OK
2019-11-08 00:43:38.804 8288 INFO rally.task.runner [-] Task 01803779-dfbc-429a-b68b-bf24bbab2d58 | ITER: 2 END: OK
2019-11-08 00:43:38.805 8289 INFO rally.task.runner [-] Task 01803779-dfbc-429a-b68b-bf24bbab2d58 | ITER: 5 START
2019-11-08 00:43:38.805 8290 INFO rally.task.runner [-] Task 01803779-dfbc-429a-b68b-bf24bbab2d58 | ITER: 6 START
2019-11-08 00:43:38.809 8288 INFO rally.task.runner [-] Task 01803779-dfbc-429a-b68b-bf24bbab2d58 | ITER: 8 START
2019-11-08 00:43:38.810 8287 INFO rally.task.runner [-] Task 01803779-dfbc-429a-b68b-bf24bbab2d58 | ITER: 7 START
2019-11-08 00:43:39.177 8290 INFO rally.task.runner [-] Task 01803779-dfbc-429a-b68b-bf24bbab2d58 | ITER: 6 END: OK
2019-11-08 00:43:39.181 8290 INFO rally.task.runner [-] Task 01803779-dfbc-429a-b68b-bf24bbab2d58 | ITER: 9 START
2019-11-08 00:43:39.264 8287 INFO rally.task.runner [-] Task 01803779-dfbc-429a-b68b-bf24bbab2d58 | ITER: 7 END: OK
2019-11-08 00:43:39.265 8289 INFO rally.task.runner [-] Task 01803779-dfbc-429a-b68b-bf24bbab2d58 | ITER: 5 END: OK
2019-11-08 00:43:39.267 8287 INFO rally.task.runner [-] Task 01803779-dfbc-429a-b68b-bf24bbab2d58 | ITER: 10 START
2019-11-08 00:43:39.340 8288 INFO rally.task.runner [-] Task 01803779-dfbc-429a-b68b-bf24bbab2d58 | ITER: 8 END: OK
2019-11-08 00:43:39.624 8290 INFO rally.task.runner [-] Task 01803779-dfbc-429a-b68b-bf24bbab2d58 | ITER: 9 END: OK
2019-11-08 00:43:39.638 8287 INFO rally.task.runner [-] Task 01803779-dfbc-429a-b68b-bf24bbab2d58 | ITER: 10 END: OK
2019-11-08 00:43:39.659 6547 INFO rally.task.context [-] Task 01803779-dfbc-429a-b68b-bf24bbab2d58 | Context cleanup@openstack cleanup() started
2019-11-08 00:43:39.662 6547 RALLYDEBUG rally_openstack.cleanup.manager [-] Cleaning up gnocchi resource objects
2019-11-08 00:43:41.058 6547 RALLYDEBUG rally_openstack.cleanup.manager [-] Deleting gnocchi.resource object s_rally_2fa8be8f_jA0Vl3jL (751d72b1-f577-57af-ba9d-fa38f93146ee)
2019-11-08 00:43:41.067 6547 RALLYDEBUG rally_openstack.cleanup.manager [-] Deleting gnocchi.resource object s_rally_2fa8be8f_fI2YZMal (6e18626c-9e4c-53e7-9eb9-e43f10efb2df)
2019-11-08 00:43:41.076 6547 RALLYDEBUG rally_openstack.cleanup.manager [-] Deleting gnocchi.resource object s_rally_2fa8be8f_RNChQkcU (0b115d38-651a-5b8d-8f87-00c600d95cc2)
2019-11-08 00:43:41.085 6547 RALLYDEBUG rally_openstack.cleanup.manager [-] Deleting gnocchi.resource object s_rally_2fa8be8f_AWuoBJqn (233cccd5-49e1-5c00-bf82-4b197c4c6842)
2019-11-08 00:43:41.095 6547 RALLYDEBUG rally_openstack.cleanup.manager [-] Deleting gnocchi.resource object s_rally_2fa8be8f_kkCkmxqz (4ff34418-e9a5-5ff0-9936-98bbaf6dd7f4)
2019-11-08 00:43:41.108 6547 RALLYDEBUG rally_openstack.cleanup.manager [-] Deleting gnocchi.resource object s_rally_2fa8be8f_fvIJLH7B (c03b8891-3da4-5f62-bc16-f6c99c02d1b8)
2019-11-08 00:43:41.112 6547 RALLYDEBUG rally_openstack.cleanup.manager [-] Deleting gnocchi.resource object s_rally_2fa8be8f_mTXE9AmJ (fe66415d-35db-5aea-9259-b003cc43819a)
2019-11-08 00:43:41.123 6547 RALLYDEBUG rally_openstack.cleanup.manager [-] Deleting gnocchi.resource object s_rally_2fa8be8f_sM0YterR (45c17919-78d2-564a-800c-f3ce39771fac)
2019-11-08 00:43:41.135 6547 RALLYDEBUG rally_openstack.cleanup.manager [-] Deleting gnocchi.resource object s_rally_2fa8be8f_MdpxIV7G (af0c77b3-4b47-537b-94f8-65d423ee733f)
2019-11-08 00:43:41.145 6547 RALLYDEBUG rally_openstack.cleanup.manager [-] Deleting gnocchi.resource object s_rally_2fa8be8f_EOgiHjJj (947c7a42-713a-5a8c-93d5-25dffb0099bc)
2019-11-08 00:43:42.679 6547 INFO rally.task.context [-] Task 01803779-dfbc-429a-b68b-bf24bbab2d58 | Context cleanup@openstack cleanup() finished in 3.02 sec
2019-11-08 00:43:42.680 6547 INFO rally.task.context [-] Task 01803779-dfbc-429a-b68b-bf24bbab2d58 | Context users@openstack cleanup() started
2019-11-08 00:43:46.898 6547 INFO rally.task.context [-] Task 01803779-dfbc-429a-b68b-bf24bbab2d58 | Context users@openstack cleanup() finished in 4.22 sec
2019-11-08 00:43:47.804 6547 INFO rally.task.engine [-] Load duration is: 1.341845
2019-11-08 00:43:47.805 6547 INFO rally.task.engine [-] Full runner duration is: 1.382728
2019-11-08 00:43:47.805 6547 INFO rally.task.engine [-] Full duration is: 11.205865
2019-11-08 00:43:48.137 6547 INFO rally.task.engine [-] Running workload: position = 0 config = { "version": 2, "title": "A cropped version of a bigger task.", "description": "Auto-generated task from a single workload (uuid=de0d79b1-085e-4413-a838-09f366101c91)", "subtasks": [ { "title": "GnocchiResource.create_delete_resource", "description": "Create resource and then delete it.", "scenario": { "GnocchiResource.create_delete_resource": {} }, "contexts": { "users": { "tenants": 3, "users_per_tenant": 2 } }, "runner": { "constant": { "concurrency": 4, "times": 10 } }, "hooks": [], "sla": { "failure_rate": { "max": 0 } } } ] }
2019-11-08 00:43:48.162 6547 RALLYDEBUG rally_openstack.contexts.keystone.users [-] Creating 3 tenants using 20 threads
2019-11-08 00:43:49.190 6547 RALLYDEBUG rally_openstack.contexts.keystone.users [-] Creating 6 users using 20 threads
2019-11-08 00:43:50.797 6547 INFO rally.task.context [-] Task 01803779-dfbc-429a-b68b-bf24bbab2d58 | Context users@openstack setup() finished in 2.64 sec
2019-11-08 00:43:50.798 6547 INFO rally.task.context [-] Task 01803779-dfbc-429a-b68b-bf24bbab2d58 | Context cleanup@openstack setup() finished in 0.01 msec
2019-11-08 00:43:50.807 6547 RALLYDEBUG rally.task.runner [-] Starting the constant runner (task UUID: 01803779-dfbc-429a-b68b-bf24bbab2d58). times: 10 concurrency: 4 timeout: 0 max_cpu_used: 16 processes_to_start: 4 concurrency_per_worker: 1 concurrency_overhead: 0
2019-11-08 00:43:50.818 8411 RALLYDEBUG rally.task.runner [-] Starting a worker. times: 10 duration: None concurrency: 1 timeout: 0 cls: method_name: run args: {}
2019-11-08 00:43:50.822 8412 RALLYDEBUG rally.task.runner [-] Starting a worker. times: 10 duration: None concurrency: 1 timeout: 0 cls: method_name: run args: {}
2019-11-08 00:43:50.825 8411 INFO rally.task.runner [-] Task 01803779-dfbc-429a-b68b-bf24bbab2d58 | ITER: 1 START
2019-11-08 00:43:50.826 8413 RALLYDEBUG rally.task.runner [-] Starting a worker. times: 10 duration: None concurrency: 1 timeout: 0 cls: method_name: run args: {}
2019-11-08 00:43:50.828 8412 INFO rally.task.runner [-] Task 01803779-dfbc-429a-b68b-bf24bbab2d58 | ITER: 2 START
2019-11-08 00:43:50.829 8416 RALLYDEBUG rally.task.runner [-] Starting a worker. times: 10 duration: None concurrency: 1 timeout: 0 cls: method_name: run args: {}
2019-11-08 00:43:50.832 8413 INFO rally.task.runner [-] Task 01803779-dfbc-429a-b68b-bf24bbab2d58 | ITER: 3 START
2019-11-08 00:43:50.835 8416 INFO rally.task.runner [-] Task 01803779-dfbc-429a-b68b-bf24bbab2d58 | ITER: 4 START
2019-11-08 00:43:51.397 8411 INFO rally.task.runner [-] Task 01803779-dfbc-429a-b68b-bf24bbab2d58 | ITER: 1 END: OK
2019-11-08 00:43:51.397 8413 INFO rally.task.runner [-] Task 01803779-dfbc-429a-b68b-bf24bbab2d58 | ITER: 3 END: OK
2019-11-08 00:43:51.398 8412 INFO rally.task.runner [-] Task 01803779-dfbc-429a-b68b-bf24bbab2d58 | ITER: 2 END: OK
2019-11-08 00:43:51.401 8413 INFO rally.task.runner [-] Task 01803779-dfbc-429a-b68b-bf24bbab2d58 | ITER: 6 START
2019-11-08 00:43:51.402 8411 INFO rally.task.runner [-] Task 01803779-dfbc-429a-b68b-bf24bbab2d58 | ITER: 5 START
2019-11-08 00:43:51.402 8412 INFO rally.task.runner [-] Task 01803779-dfbc-429a-b68b-bf24bbab2d58 | ITER: 7 START
2019-11-08 00:43:51.425 8416 INFO rally.task.runner [-] Task 01803779-dfbc-429a-b68b-bf24bbab2d58 | ITER: 4 END: OK
2019-11-08 00:43:51.429 8416 INFO rally.task.runner [-] Task 01803779-dfbc-429a-b68b-bf24bbab2d58 | ITER: 8 START
2019-11-08 00:43:51.872 8411 INFO rally.task.runner [-] Task 01803779-dfbc-429a-b68b-bf24bbab2d58 | ITER: 5 END: OK
2019-11-08 00:43:51.874 8413 INFO rally.task.runner [-] Task 01803779-dfbc-429a-b68b-bf24bbab2d58 | ITER: 6 END: OK
2019-11-08 00:43:51.876 8411 INFO rally.task.runner [-] Task 01803779-dfbc-429a-b68b-bf24bbab2d58 | ITER: 9 START
2019-11-08 00:43:51.877 8413 INFO rally.task.runner [-] Task 01803779-dfbc-429a-b68b-bf24bbab2d58 | ITER: 10 START
2019-11-08 00:43:51.878 8412 INFO rally.task.runner [-] Task 01803779-dfbc-429a-b68b-bf24bbab2d58 | ITER: 7 END: OK
2019-11-08 00:43:51.898 8416 INFO rally.task.runner [-] Task 01803779-dfbc-429a-b68b-bf24bbab2d58 | ITER: 8 END: OK
2019-11-08 00:43:52.272 8411 INFO rally.task.runner [-] Task 01803779-dfbc-429a-b68b-bf24bbab2d58 | ITER: 9 END: OK
2019-11-08 00:43:52.276 8413 INFO rally.task.runner [-] Task 01803779-dfbc-429a-b68b-bf24bbab2d58 | ITER: 10 END: OK
2019-11-08 00:43:52.297 6547 INFO rally.task.context [-] Task 01803779-dfbc-429a-b68b-bf24bbab2d58 | Context cleanup@openstack cleanup() started
2019-11-08 00:43:52.301 6547 RALLYDEBUG rally_openstack.cleanup.manager [-] Cleaning up gnocchi resource objects
2019-11-08 00:43:53.565 6547 INFO rally.task.context [-] Task 01803779-dfbc-429a-b68b-bf24bbab2d58 | Context cleanup@openstack cleanup() finished in 1.27 sec
2019-11-08 00:43:53.565 6547 INFO rally.task.context [-] Task 01803779-dfbc-429a-b68b-bf24bbab2d58 | Context users@openstack cleanup() started
2019-11-08 00:43:57.866 6547 INFO rally.task.context [-] Task 01803779-dfbc-429a-b68b-bf24bbab2d58 | Context users@openstack cleanup() finished in 4.30 sec
2019-11-08 00:43:58.236 6547 INFO rally.task.engine [-] Load duration is: 1.450024
2019-11-08 00:43:58.236 6547 INFO rally.task.engine [-] Full runner duration is: 1.490791
2019-11-08 00:43:58.237 6547 INFO rally.task.engine [-] Full duration is: 9.706219
2019-11-08 00:43:58.534 6547 INFO rally.task.engine [-] Task 01803779-dfbc-429a-b68b-bf24bbab2d58 | Completed: Running task.
2019-11-08 00:44:00.123 8493 RALLYDEBUG rally.api [-] INFO logs from urllib3 and requests module are hide.
2019-11-08 00:44:00.123 8493 RALLYDEBUG rally.api [-] urllib3 insecure warnings are hidden.
2019-11-08 00:44:00.123 8493 RALLYDEBUG rally.api [-] ERROR log from boto module is hide.
2019-11-08 00:44:01.350 8494 RALLYDEBUG rally.api [-] INFO logs from urllib3 and requests module are hide.
2019-11-08 00:44:01.351 8494 RALLYDEBUG rally.api [-] urllib3 insecure warnings are hidden.
2019-11-08 00:44:01.351 8494 RALLYDEBUG rally.api [-] ERROR log from boto module is hide.
2019-11-08 00:44:02.639 8495 RALLYDEBUG rally.api [-] INFO logs from urllib3 and requests module are hide.
2019-11-08 00:44:02.639 8495 RALLYDEBUG rally.api [-] urllib3 insecure warnings are hidden.
2019-11-08 00:44:02.639 8495 RALLYDEBUG rally.api [-] ERROR log from boto module is hide.
2019-11-08 00:44:04.236 8495 INFO rally.api [-] Building 'json' report for the following task(s): '01803779-dfbc-429a-b68b-bf24bbab2d58'.
2019-11-08 00:44:04.257 8495 INFO rally.api [-] The report has been successfully built.
2019-11-08 00:44:05.634 8497 RALLYDEBUG rally.api [-] INFO logs from urllib3 and requests module are hide.
2019-11-08 00:44:05.634 8497 RALLYDEBUG rally.api [-] urllib3 insecure warnings are hidden.
2019-11-08 00:44:05.634 8497 RALLYDEBUG rally.api [-] ERROR log from boto module is hide.
2019-11-08 00:44:07.472 8497 INFO rally.task.engine [-] Task 6fdbfbb8-07d3-466e-8e98-1aacb5ba7231 | Starting: Task validation.
2019-11-08 00:44:07.529 8497 INFO rally.task.engine [-] Task 6fdbfbb8-07d3-466e-8e98-1aacb5ba7231 | Starting: Task validation of syntax.
2019-11-08 00:44:07.716 8497 INFO rally.task.engine [-] Task 6fdbfbb8-07d3-466e-8e98-1aacb5ba7231 | Completed: Task validation of syntax.
2019-11-08 00:44:07.716 8497 INFO rally.task.engine [-] Task 6fdbfbb8-07d3-466e-8e98-1aacb5ba7231 | Starting: Task validation of required platforms.
2019-11-08 00:44:07.791 8497 INFO rally.task.engine [-] Task 6fdbfbb8-07d3-466e-8e98-1aacb5ba7231 | Completed: Task validation of required platforms.
2019-11-08 00:44:07.792 8497 INFO rally.task.engine [-] Task 6fdbfbb8-07d3-466e-8e98-1aacb5ba7231 | Starting: Task validation of semantic.
2019-11-08 00:44:07.793 8497 INFO rally.task.engine [-] Check health of the environment '405cb30b-acf7-45dc-81bd-b1a633e51838'.
2019-11-08 00:44:08.771 8497 INFO rally.task.engine [-] Platform existing@openstack (available: True): OK!
2019-11-08 00:44:08.790 8497 RALLYDEBUG rally_openstack.contexts.keystone.users [-] Creating 1 tenants using 20 threads
2019-11-08 00:44:09.614 8497 RALLYDEBUG rally_openstack.contexts.keystone.users [-] Creating 1 users using 20 threads
2019-11-08 00:44:10.926 8497 INFO rally.task.context [-] Task 6fdbfbb8-07d3-466e-8e98-1aacb5ba7231 | Context users@openstack setup() finished in 2.14 sec
2019-11-08 00:44:11.625 8497 RALLYDEBUG rally_openstack.contexts.keystone.roles [-] Adding role heat_stack_owner having ID 1ec535b504134a13af3f8294117a30d7 to all users using 30 threads
2019-11-08 00:44:13.725 8497 RALLYDEBUG rally_openstack.contexts.keystone.roles [-] Removing assigned role 1ec535b504134a13af3f8294117a30d7 from all users
2019-11-08 00:44:15.685 8497 RALLYDEBUG rally_openstack.contexts.keystone.roles [-] Adding role heat_stack_owner having ID 1ec535b504134a13af3f8294117a30d7 to all users using 30 threads
2019-11-08 00:44:17.086 8497 RALLYDEBUG rally_openstack.contexts.keystone.roles [-] Removing assigned role 1ec535b504134a13af3f8294117a30d7 from all users
2019-11-08 00:44:18.951 8497 RALLYDEBUG rally_openstack.contexts.keystone.roles [-] Adding role heat_stack_owner having ID 1ec535b504134a13af3f8294117a30d7 to all users using 30 threads
2019-11-08 00:44:20.466 8497 RALLYDEBUG rally_openstack.contexts.keystone.roles [-] Removing assigned role 1ec535b504134a13af3f8294117a30d7 from all users
2019-11-08 00:44:22.295 8497 RALLYDEBUG rally_openstack.contexts.keystone.roles [-] Adding role heat_stack_owner having ID 1ec535b504134a13af3f8294117a30d7 to all users using 30 threads
2019-11-08 00:44:23.486 8497 RALLYDEBUG rally_openstack.contexts.keystone.roles [-] Removing assigned role 1ec535b504134a13af3f8294117a30d7 from all users
2019-11-08 00:44:25.368 8497 RALLYDEBUG rally_openstack.contexts.keystone.roles [-] Adding role heat_stack_owner having ID 1ec535b504134a13af3f8294117a30d7 to all users using 30 threads
2019-11-08 00:44:26.861 8497 RALLYDEBUG rally_openstack.contexts.keystone.roles [-] Removing assigned role 1ec535b504134a13af3f8294117a30d7 from all users
2019-11-08 00:44:28.697 8497 RALLYDEBUG rally_openstack.contexts.keystone.roles [-] Adding role heat_stack_owner having ID 1ec535b504134a13af3f8294117a30d7 to all users using 30 threads
2019-11-08 00:44:29.909 8497 RALLYDEBUG rally_openstack.contexts.keystone.roles [-] Removing assigned role 1ec535b504134a13af3f8294117a30d7 from all users
2019-11-08 00:44:31.779 8497 RALLYDEBUG rally_openstack.contexts.keystone.roles [-] Adding role heat_stack_owner having ID 1ec535b504134a13af3f8294117a30d7 to all users using 30 threads
2019-11-08 00:44:33.261 8497 RALLYDEBUG rally_openstack.contexts.keystone.roles [-] Removing assigned role 1ec535b504134a13af3f8294117a30d7 from all users
2019-11-08 00:44:35.104 8497 RALLYDEBUG rally_openstack.contexts.keystone.roles [-] Adding role heat_stack_owner having ID 1ec535b504134a13af3f8294117a30d7 to all users using 30 threads
2019-11-08 00:44:36.297 8497 RALLYDEBUG rally_openstack.contexts.keystone.roles [-] Removing assigned role 1ec535b504134a13af3f8294117a30d7 from all users
2019-11-08 00:44:38.170 8497 RALLYDEBUG rally_openstack.contexts.keystone.roles [-] Adding role heat_stack_owner having ID 1ec535b504134a13af3f8294117a30d7 to all users using 30 threads
2019-11-08 00:44:39.349 8497 RALLYDEBUG rally_openstack.contexts.keystone.roles [-] Removing assigned role 1ec535b504134a13af3f8294117a30d7 from all users
2019-11-08 00:44:41.178 8497 RALLYDEBUG rally_openstack.contexts.keystone.roles [-] Adding role heat_stack_owner having ID 1ec535b504134a13af3f8294117a30d7 to all users using 30 threads
2019-11-08 00:44:42.461 8497 RALLYDEBUG rally_openstack.contexts.keystone.roles [-] Removing assigned role 1ec535b504134a13af3f8294117a30d7 from all users
2019-11-08 00:44:44.285 8497 RALLYDEBUG rally_openstack.contexts.keystone.roles [-] Adding role heat_stack_owner having ID 1ec535b504134a13af3f8294117a30d7 to all users using 30 threads
2019-11-08 00:44:45.482 8497 RALLYDEBUG rally_openstack.contexts.keystone.roles [-] Removing assigned role 1ec535b504134a13af3f8294117a30d7 from all users
2019-11-08 00:44:47.305 8497 RALLYDEBUG rally_openstack.contexts.keystone.roles [-] Adding role heat_stack_owner having ID 1ec535b504134a13af3f8294117a30d7 to all users using 30 threads
2019-11-08 00:44:48.576 8497 RALLYDEBUG rally_openstack.contexts.keystone.roles [-] Removing assigned role 1ec535b504134a13af3f8294117a30d7 from all users
2019-11-08 00:44:50.016 8497 INFO rally.task.context [-] Task 6fdbfbb8-07d3-466e-8e98-1aacb5ba7231 | Context users@openstack cleanup() started
2019-11-08 00:44:52.771 8497 INFO rally.task.context [-] Task 6fdbfbb8-07d3-466e-8e98-1aacb5ba7231 | Context users@openstack cleanup() finished in 2.75 sec
2019-11-08 00:44:52.772 8497 INFO rally.task.engine [-] Task 6fdbfbb8-07d3-466e-8e98-1aacb5ba7231 | Completed: Task validation of semantic.
2019-11-08 00:44:52.772 8497 INFO rally.task.engine [-] Task 6fdbfbb8-07d3-466e-8e98-1aacb5ba7231 | Completed: Task validation.
2019-11-08 00:44:52.773 8497 INFO rally.api [-] Task 6fdbfbb8-07d3-466e-8e98-1aacb5ba7231 input file is valid.
2019-11-08 00:44:52.773 8497 INFO rally.api [-] Run Task 6fdbfbb8-07d3-466e-8e98-1aacb5ba7231 against Deployment 405cb30b-acf7-45dc-81bd-b1a633e51838
2019-11-08 00:44:52.773 8497 INFO rally.task.engine [-] Task 6fdbfbb8-07d3-466e-8e98-1aacb5ba7231 | Starting: Running task.
