2019-11-08 00:52:57.405 11214 INFO rally.task.runner [-] Task 6fdbfbb8-07d3-466e-8e98-1aacb5ba7231 | ITER: 4 START
2019-11-08 00:53:00.856 11211 RALLYDEBUG rally.task.utils [-] Waiting for resource . Status changed: CREATE_IN_PROGRESS => CREATE_COMPLETE in 0.06800961494445801
2019-11-08 00:53:00.864 11214 RALLYDEBUG rally.task.utils [-] Waiting for resource . Status changed: CREATE_IN_PROGRESS => CREATE_COMPLETE in 0.06699681282043457
2019-11-08 00:53:00.926 11212 RALLYDEBUG rally.task.utils [-] Waiting for resource . Status changed: CREATE_IN_PROGRESS => CREATE_COMPLETE in 0.0588374137878418
2019-11-08 00:53:00.928 11213 RALLYDEBUG rally.task.utils [-] Waiting for resource . Status changed: CREATE_IN_PROGRESS => CREATE_COMPLETE in 0.060350894927978516
2019-11-08 00:53:01.021 11214 RALLYDEBUG rally.task.utils [-] Waiting for resource . Status changed: CREATE_COMPLETE => CHECK_COMPLETE in 0.05829787254333496
2019-11-08 00:53:01.021 11211 RALLYDEBUG rally.task.utils [-] Waiting for resource . Status changed: CREATE_COMPLETE => CHECK_COMPLETE in 0.06440067291259766
2019-11-08 00:53:01.068 11212 RALLYDEBUG rally.task.utils [-] Waiting for resource . Status changed: CREATE_COMPLETE => CHECK_COMPLETE in 0.055164337158203125
2019-11-08 00:53:01.069 11213 RALLYDEBUG rally.task.utils [-] Waiting for resource . Status changed: CREATE_COMPLETE => CHECK_COMPLETE in 0.05573296546936035
2019-11-08 00:53:01.120 11214 RALLYDEBUG rally.task.utils [-] Waiting for resource . Status changed: CREATE_COMPLETE => DELETE_IN_PROGRESS in 0.04619312286376953
2019-11-08 00:53:01.123 11211 RALLYDEBUG rally.task.utils [-] Waiting for resource . Status changed: CREATE_COMPLETE => DELETE_IN_PROGRESS in 0.049880266189575195
2019-11-08 00:53:01.170 11213 RALLYDEBUG rally.task.utils [-] Waiting for resource . Status changed: CREATE_COMPLETE => DELETE_IN_PROGRESS in 0.04489588737487793
2019-11-08 00:53:01.170 11212 RALLYDEBUG rally.task.utils [-] Waiting for resource . Status changed: CREATE_COMPLETE => DELETE_IN_PROGRESS in 0.05196022987365723
2019-11-08 00:53:03.246 11214 INFO rally.task.runner [-] Task 6fdbfbb8-07d3-466e-8e98-1aacb5ba7231 | ITER: 4 END: OK
2019-11-08 00:53:03.249 11211 INFO rally.task.runner [-] Task 6fdbfbb8-07d3-466e-8e98-1aacb5ba7231 | ITER: 1 END: OK
2019-11-08 00:53:03.250 11214 INFO rally.task.runner [-] Task 6fdbfbb8-07d3-466e-8e98-1aacb5ba7231 | ITER: 5 START
2019-11-08 00:53:03.256 11211 INFO rally.task.runner [-] Task 6fdbfbb8-07d3-466e-8e98-1aacb5ba7231 | ITER: 6 START
2019-11-08 00:53:03.282 11212 INFO rally.task.runner [-] Task 6fdbfbb8-07d3-466e-8e98-1aacb5ba7231 | ITER: 2 END: OK
2019-11-08 00:53:03.283 11213 INFO rally.task.runner [-] Task 6fdbfbb8-07d3-466e-8e98-1aacb5ba7231 | ITER: 3 END: OK
2019-11-08 00:53:03.286 11212 INFO rally.task.runner [-] Task 6fdbfbb8-07d3-466e-8e98-1aacb5ba7231 | ITER: 7 START
2019-11-08 00:53:03.288 11213 INFO rally.task.runner [-] Task 6fdbfbb8-07d3-466e-8e98-1aacb5ba7231 | ITER: 8 START
2019-11-08 00:53:06.716 11213 RALLYDEBUG rally.task.utils [-] Waiting for resource . Status changed: CREATE_IN_PROGRESS => CREATE_COMPLETE in 0.07197833061218262
2019-11-08 00:53:06.760 11212 RALLYDEBUG rally.task.utils [-] Waiting for resource . Status changed: CREATE_IN_PROGRESS => CREATE_COMPLETE in 0.06508588790893555
2019-11-08 00:53:06.829 11211 RALLYDEBUG rally.task.utils [-] Waiting for resource . Status changed: CREATE_IN_PROGRESS => CREATE_COMPLETE in 0.06552362442016602
2019-11-08 00:53:06.840 11214 RALLYDEBUG rally.task.utils [-] Waiting for resource . Status changed: CREATE_IN_PROGRESS => CREATE_COMPLETE in 0.0757756233215332
2019-11-08 00:53:06.875 11213 RALLYDEBUG rally.task.utils [-] Waiting for resource . Status changed: CREATE_COMPLETE => CHECK_COMPLETE in 0.05645394325256348
2019-11-08 00:53:06.937 11212 RALLYDEBUG rally.task.utils [-] Waiting for resource . Status changed: CREATE_COMPLETE => CHECK_COMPLETE in 0.06954574584960938
2019-11-08 00:53:06.966 11211 RALLYDEBUG rally.task.utils [-] Waiting for resource . Status changed: CREATE_COMPLETE => CHECK_COMPLETE in 0.05528092384338379
2019-11-08 00:53:06.990 11213 RALLYDEBUG rally.task.utils [-] Waiting for resource . Status changed: CREATE_COMPLETE => DELETE_IN_PROGRESS in 0.04590916633605957
2019-11-08 00:53:06.991 11214 RALLYDEBUG rally.task.utils [-] Waiting for resource . Status changed: CREATE_COMPLETE => CHECK_COMPLETE in 0.05816912651062012
2019-11-08 00:53:07.070 11211 RALLYDEBUG rally.task.utils [-] Waiting for resource . Status changed: CREATE_COMPLETE => DELETE_IN_PROGRESS in 0.05003929138183594
2019-11-08 00:53:07.098 11214 RALLYDEBUG rally.task.utils [-] Waiting for resource . Status changed: CREATE_COMPLETE => DELETE_IN_PROGRESS in 0.048492431640625
2019-11-08 00:53:07.142 11212 RALLYDEBUG rally.task.utils [-] Waiting for resource . Status changed: CREATE_COMPLETE => DELETE_IN_PROGRESS in 0.15199494361877441
2019-11-08 00:53:08.196 11212 INFO rally.task.runner [-] Task 6fdbfbb8-07d3-466e-8e98-1aacb5ba7231 | ITER: 7 END: OK
2019-11-08 00:53:08.199 11212 INFO rally.task.runner [-] Task 6fdbfbb8-07d3-466e-8e98-1aacb5ba7231 | ITER: 9 START
2019-11-08 00:53:09.111 11213 INFO rally.task.runner [-] Task 6fdbfbb8-07d3-466e-8e98-1aacb5ba7231 | ITER: 8 END: OK
2019-11-08 00:53:09.116 11213 INFO rally.task.runner [-] Task 6fdbfbb8-07d3-466e-8e98-1aacb5ba7231 | ITER: 10 START
2019-11-08 00:53:09.185 11211 INFO rally.task.runner [-] Task 6fdbfbb8-07d3-466e-8e98-1aacb5ba7231 | ITER: 6 END: OK
2019-11-08 00:53:09.215 11214 INFO rally.task.runner [-] Task 6fdbfbb8-07d3-466e-8e98-1aacb5ba7231 | ITER: 5 END: OK
2019-11-08 00:53:11.637 11212 RALLYDEBUG rally.task.utils [-] Waiting for resource . Status changed: CREATE_IN_PROGRESS => CREATE_COMPLETE in 0.07305121421813965
2019-11-08 00:53:11.902 11212 RALLYDEBUG rally.task.utils [-] Waiting for resource . Status changed: CREATE_COMPLETE => CHECK_COMPLETE in 0.06896543502807617
2019-11-08 00:53:12.024 11212 RALLYDEBUG rally.task.utils [-] Waiting for resource . Status changed: CREATE_COMPLETE => DELETE_IN_PROGRESS in 0.053214311599731445
2019-11-08 00:53:12.733 11213 RALLYDEBUG rally.task.utils [-] Waiting for resource . Status changed: CREATE_IN_PROGRESS => CREATE_COMPLETE in 0.06624341011047363
2019-11-08 00:53:12.921 11213 RALLYDEBUG rally.task.utils [-] Waiting for resource . Status changed: CREATE_COMPLETE => CHECK_COMPLETE in 0.07332420349121094
2019-11-08 00:53:13.040 11213 RALLYDEBUG rally.task.utils [-] Waiting for resource . Status changed: CREATE_COMPLETE => DELETE_IN_PROGRESS in 0.060088157653808594
2019-11-08 00:53:14.132 11212 INFO rally.task.runner [-] Task 6fdbfbb8-07d3-466e-8e98-1aacb5ba7231 | ITER: 9 END: OK
2019-11-08 00:53:15.156 11213 INFO rally.task.runner [-] Task 6fdbfbb8-07d3-466e-8e98-1aacb5ba7231 | ITER: 10 END: OK
2019-11-08 00:53:15.180 8497 INFO rally.task.context [-] Task 6fdbfbb8-07d3-466e-8e98-1aacb5ba7231 | Context cleanup@openstack cleanup() started
2019-11-08 00:53:15.184 8497 RALLYDEBUG rally_openstack.cleanup.manager [-] Cleaning up heat stacks objects
2019-11-08 00:53:16.747 8497 INFO rally.task.context [-] Task 6fdbfbb8-07d3-466e-8e98-1aacb5ba7231 | Context cleanup@openstack cleanup() finished in 1.57 sec
2019-11-08 00:53:16.749 8497 INFO rally.task.context [-] Task 6fdbfbb8-07d3-466e-8e98-1aacb5ba7231 | Context roles@openstack cleanup() started
2019-11-08 00:53:16.749 8497 RALLYDEBUG rally_openstack.contexts.keystone.roles [-] Removing assigned role 1ec535b504134a13af3f8294117a30d7 from all users
2019-11-08 00:53:17.722 8497 INFO rally.task.context [-] Task 6fdbfbb8-07d3-466e-8e98-1aacb5ba7231 | Context roles@openstack cleanup() finished in 0.97 sec
2019-11-08 00:53:17.722 8497 INFO rally.task.context [-] Task 6fdbfbb8-07d3-466e-8e98-1aacb5ba7231 | Context users@openstack cleanup() started
2019-11-08 00:53:22.413 8497 INFO rally.task.context [-] Task 6fdbfbb8-07d3-466e-8e98-1aacb5ba7231 | Context users@openstack cleanup() finished in 4.69 sec
2019-11-08 00:53:23.012 8497 INFO rally.task.engine [-] Load duration is: 15.759667
2019-11-08 00:53:23.013 8497 INFO rally.task.engine [-] Full runner duration is: 17.804145
2019-11-08 00:53:23.013 8497 INFO rally.task.engine [-] Full duration is: 33.582433
2019-11-08 00:53:23.346 8497 INFO rally.task.engine [-] Running workload: position = 0 config = { "version": 2, "title": "A cropped version of a bigger task.", "description": "Auto-generated task from a single workload (uuid=0a3748dd-1aed-434d-852c-752f46741992)", "subtasks": [ { "title": "HeatStacks.create_suspend_resume_delete_stack", "description": "Create, suspend-resume and then delete a stack.", "scenario": { "HeatStacks.create_suspend_resume_delete_stack": { "template_path": "/usr/lib/python3.6/site-packages/functest/opnfv_tests/openstack/rally/scenario/templates/random_strings.yaml.template" } }, "contexts": { "users": { "tenants": 3, "users_per_tenant": 2 }, "roles": [ "heat_stack_owner" ] }, "runner": { "constant": { "concurrency": 4, "times": 10 } }, "hooks": [], "sla": { "failure_rate": { "max": 0 } } } ] }
2019-11-08 00:53:23.371 8497 RALLYDEBUG rally_openstack.contexts.keystone.users [-] Creating 3 tenants using 20 threads
2019-11-08 00:53:24.448 8497 RALLYDEBUG rally_openstack.contexts.keystone.users [-] Creating 6 users using 20 threads
2019-11-08 00:53:25.919 8497 INFO rally.task.context [-] Task 6fdbfbb8-07d3-466e-8e98-1aacb5ba7231 | Context users@openstack setup() finished in 2.55 sec
2019-11-08 00:53:26.668 8497 RALLYDEBUG rally_openstack.contexts.keystone.roles [-] Adding role heat_stack_owner having ID 1ec535b504134a13af3f8294117a30d7 to all users using 30 threads
2019-11-08 00:53:31.809 8497 INFO rally.task.context [-] Task 6fdbfbb8-07d3-466e-8e98-1aacb5ba7231 | Context roles@openstack setup() finished in 5.89 sec
2019-11-08 00:53:31.810 8497 INFO rally.task.context [-] Task 6fdbfbb8-07d3-466e-8e98-1aacb5ba7231 | Context cleanup@openstack setup() finished in 0.03 msec
2019-11-08 00:53:31.820 8497 RALLYDEBUG rally.task.runner [-] Starting the constant runner (task UUID: 6fdbfbb8-07d3-466e-8e98-1aacb5ba7231). times: 10 concurrency: 4 timeout: 0 max_cpu_used: 16 processes_to_start: 4 concurrency_per_worker: 1 concurrency_overhead: 0
2019-11-08 00:53:31.831 11395 RALLYDEBUG rally.task.runner [-] Starting a worker. times: 10 duration: None concurrency: 1 timeout: 0 cls: method_name: run args: {"template_path": "heat_template_version: 2014-10-16\n\ndescription: Test template for rally create-update-delete scenario\n\nresources:\n test_string_one:\n type: OS::Heat::RandomString\n properties:\n length: 20\n test_string_two:\n type: OS::Heat::RandomString\n properties:\n length: 20"}
2019-11-08 00:53:31.835 11396 RALLYDEBUG rally.task.runner [-] Starting a worker. times: 10 duration: None concurrency: 1 timeout: 0 cls: method_name: run args: {"template_path": "heat_template_version: 2014-10-16\n\ndescription: Test template for rally create-update-delete scenario\n\nresources:\n test_string_one:\n type: OS::Heat::RandomString\n properties:\n length: 20\n test_string_two:\n type: OS::Heat::RandomString\n properties:\n length: 20"}
2019-11-08 00:53:31.838 11397 RALLYDEBUG rally.task.runner [-] Starting a worker. times: 10 duration: None concurrency: 1 timeout: 0 cls: method_name: run args: {"template_path": "heat_template_version: 2014-10-16\n\ndescription: Test template for rally create-update-delete scenario\n\nresources:\n test_string_one:\n type: OS::Heat::RandomString\n properties:\n length: 20\n test_string_two:\n type: OS::Heat::RandomString\n properties:\n length: 20"}
2019-11-08 00:53:31.838 11395 INFO rally.task.runner [-] Task 6fdbfbb8-07d3-466e-8e98-1aacb5ba7231 | ITER: 1 START
2019-11-08 00:53:31.842 11399 RALLYDEBUG rally.task.runner [-] Starting a worker. times: 10 duration: None concurrency: 1 timeout: 0 cls: method_name: run args: {"template_path": "heat_template_version: 2014-10-16\n\ndescription: Test template for rally create-update-delete scenario\n\nresources:\n test_string_one:\n type: OS::Heat::RandomString\n properties:\n length: 20\n test_string_two:\n type: OS::Heat::RandomString\n properties:\n length: 20"}
2019-11-08 00:53:31.843 11396 INFO rally.task.runner [-] Task 6fdbfbb8-07d3-466e-8e98-1aacb5ba7231 | ITER: 2 START
2019-11-08 00:53:31.844 11397 INFO rally.task.runner [-] Task 6fdbfbb8-07d3-466e-8e98-1aacb5ba7231 | ITER: 3 START
2019-11-08 00:53:31.848 11399 INFO rally.task.runner [-] Task 6fdbfbb8-07d3-466e-8e98-1aacb5ba7231 | ITER: 4 START
2019-11-08 00:53:35.257 11395 RALLYDEBUG rally.task.utils [-] Waiting for resource . Status changed: CREATE_IN_PROGRESS => CREATE_COMPLETE in 0.07169485092163086
2019-11-08 00:53:35.259 11397 RALLYDEBUG rally.task.utils [-] Waiting for resource . Status changed: CREATE_IN_PROGRESS => CREATE_COMPLETE in 0.0674433708190918
2019-11-08 00:53:35.308 11399 RALLYDEBUG rally.task.utils [-] Waiting for resource . Status changed: CREATE_IN_PROGRESS => CREATE_COMPLETE in 0.0577847957611084
2019-11-08 00:53:35.358 11396 RALLYDEBUG rally.task.utils [-] Waiting for resource . Status changed: CREATE_IN_PROGRESS => CREATE_COMPLETE in 0.07021570205688477
2019-11-08 00:53:35.428 11397 RALLYDEBUG rally.task.utils [-] Waiting for resource . Status changed: CREATE_COMPLETE => SUSPEND_IN_PROGRESS in 0.0528264045715332
2019-11-08 00:53:35.436 11395 RALLYDEBUG rally.task.utils [-] Waiting for resource . Status changed: CREATE_COMPLETE => SUSPEND_IN_PROGRESS in 0.06375741958618164
2019-11-08 00:53:35.466 11399 RALLYDEBUG rally.task.utils [-] Waiting for resource . Status changed: CREATE_COMPLETE => SUSPEND_IN_PROGRESS in 0.05714917182922363
2019-11-08 00:53:35.504 11396 RALLYDEBUG rally.task.utils [-] Waiting for resource . Status changed: CREATE_COMPLETE => SUSPEND_IN_PROGRESS in 0.05658364295959473
2019-11-08 00:53:36.500 11397 RALLYDEBUG rally.task.utils [-] Waiting for resource . Status changed: SUSPEND_IN_PROGRESS => SUSPEND_COMPLETE in 1.072174072265625
2019-11-08 00:53:36.505 11395 RALLYDEBUG rally.task.utils [-] Waiting for resource . Status changed: SUSPEND_IN_PROGRESS => SUSPEND_COMPLETE in 1.0688581466674805
2019-11-08 00:53:36.537 11399 RALLYDEBUG rally.task.utils [-] Waiting for resource . Status changed: SUSPEND_IN_PROGRESS => SUSPEND_COMPLETE in 1.0705468654632568
2019-11-08 00:53:36.567 11396 RALLYDEBUG rally.task.utils [-] Waiting for resource . Status changed: SUSPEND_IN_PROGRESS => SUSPEND_COMPLETE in 1.0634078979492188
2019-11-08 00:53:36.651 11395 RALLYDEBUG rally.task.utils [-] Waiting for resource . Status changed: CREATE_COMPLETE => RESUME_IN_PROGRESS in 0.055509090423583984
2019-11-08 00:53:36.655 11397 RALLYDEBUG rally.task.utils [-] Waiting for resource . Status changed: CREATE_COMPLETE => RESUME_IN_PROGRESS in 0.054924964904785156
2019-11-08 00:53:36.687 11399 RALLYDEBUG rally.task.utils [-] Waiting for resource . Status changed: CREATE_COMPLETE => RESUME_IN_PROGRESS in 0.057528018951416016
2019-11-08 00:53:36.703 11396 RALLYDEBUG rally.task.utils [-] Waiting for resource . Status changed: CREATE_COMPLETE => RESUME_IN_PROGRESS in 0.0550389289855957
2019-11-08 00:53:37.721 11395 RALLYDEBUG rally.task.utils [-] Waiting for resource . Status changed: RESUME_IN_PROGRESS => RESUME_COMPLETE in 1.0704765319824219
2019-11-08 00:53:37.726 11397 RALLYDEBUG rally.task.utils [-] Waiting for resource . Status changed: RESUME_IN_PROGRESS => RESUME_COMPLETE in 1.0710339546203613
2019-11-08 00:53:37.748 11399 RALLYDEBUG rally.task.utils [-] Waiting for resource . Status changed: RESUME_IN_PROGRESS => RESUME_COMPLETE in 1.061464548110962
2019-11-08 00:53:37.764 11396 RALLYDEBUG rally.task.utils [-] Waiting for resource . Status changed: RESUME_IN_PROGRESS => RESUME_COMPLETE in 1.060976505279541
2019-11-08 00:53:37.842 11395 RALLYDEBUG rally.task.utils [-] Waiting for resource . Status changed: CREATE_COMPLETE => DELETE_IN_PROGRESS in 0.06140255928039551
2019-11-08 00:53:37.843 11397 RALLYDEBUG rally.task.utils [-] Waiting for resource . Status changed: CREATE_COMPLETE => DELETE_IN_PROGRESS in 0.053565025329589844
2019-11-08 00:53:37.862 11399 RALLYDEBUG rally.task.utils [-] Waiting for resource . Status changed: CREATE_COMPLETE => DELETE_IN_PROGRESS in 0.047475576400756836
2019-11-08 00:53:37.881 11396 RALLYDEBUG rally.task.utils [-] Waiting for resource . Status changed: CREATE_COMPLETE => DELETE_IN_PROGRESS in 0.04691720008850098
2019-11-08 00:53:38.905 11395 INFO rally.task.runner [-] Task 6fdbfbb8-07d3-466e-8e98-1aacb5ba7231 | ITER: 1 END: OK
2019-11-08 00:53:38.910 11395 INFO rally.task.runner [-] Task 6fdbfbb8-07d3-466e-8e98-1aacb5ba7231 | ITER: 5 START
2019-11-08 00:53:39.958 11397 INFO rally.task.runner [-] Task 6fdbfbb8-07d3-466e-8e98-1aacb5ba7231 | ITER: 3 END: OK
2019-11-08 00:53:39.962 11397 INFO rally.task.runner [-] Task 6fdbfbb8-07d3-466e-8e98-1aacb5ba7231 | ITER: 6 START
2019-11-08 00:53:39.967 11399 INFO rally.task.runner [-] Task 6fdbfbb8-07d3-466e-8e98-1aacb5ba7231 | ITER: 4 END: OK
2019-11-08 00:53:39.971 11399 INFO rally.task.runner [-] Task 6fdbfbb8-07d3-466e-8e98-1aacb5ba7231 | ITER: 7 START
2019-11-08 00:53:39.997 11396 INFO rally.task.runner [-] Task 6fdbfbb8-07d3-466e-8e98-1aacb5ba7231 | ITER: 2 END: OK
2019-11-08 00:53:40.002 11396 INFO rally.task.runner [-] Task 6fdbfbb8-07d3-466e-8e98-1aacb5ba7231 | ITER: 8 START
2019-11-08 00:53:42.295 11395 RALLYDEBUG rally.task.utils [-] Waiting for resource . Status changed: CREATE_IN_PROGRESS => CREATE_COMPLETE in 0.0702810287475586
2019-11-08 00:53:42.475 11395 RALLYDEBUG rally.task.utils [-] Waiting for resource . Status changed: CREATE_COMPLETE => SUSPEND_IN_PROGRESS in 0.0606541633605957
2019-11-08 00:53:43.373 11396 RALLYDEBUG rally.task.utils [-] Waiting for resource . Status changed: CREATE_IN_PROGRESS => CREATE_COMPLETE in 0.06869864463806152
2019-11-08 00:53:43.373 11399 RALLYDEBUG rally.task.utils [-] Waiting for resource . Status changed: CREATE_IN_PROGRESS => CREATE_COMPLETE in 0.07320904731750488
2019-11-08 00:53:43.454 11397 RALLYDEBUG rally.task.utils [-] Waiting for resource . Status changed: CREATE_IN_PROGRESS => CREATE_COMPLETE in 0.06887054443359375
2019-11-08 00:53:43.525 11396 RALLYDEBUG rally.task.utils [-] Waiting for resource . Status changed: CREATE_COMPLETE => SUSPEND_IN_PROGRESS in 0.06336355209350586
2019-11-08 00:53:43.529 11399 RALLYDEBUG rally.task.utils [-] Waiting for resource . Status changed: CREATE_COMPLETE => SUSPEND_IN_PROGRESS in 0.05828380584716797
2019-11-08 00:53:43.534 11395 RALLYDEBUG rally.task.utils [-] Waiting for resource . Status changed: SUSPEND_IN_PROGRESS => SUSPEND_COMPLETE in 1.058469533920288
2019-11-08 00:53:43.597 11397 RALLYDEBUG rally.task.utils [-] Waiting for resource . Status changed: CREATE_COMPLETE => SUSPEND_IN_PROGRESS in 0.05332446098327637
2019-11-08 00:53:43.671 11395 RALLYDEBUG rally.task.utils [-] Waiting for resource . Status changed: CREATE_COMPLETE => RESUME_IN_PROGRESS in 0.05186152458190918
2019-11-08 00:53:44.592 11396 RALLYDEBUG rally.task.utils [-] Waiting for resource . Status changed: SUSPEND_IN_PROGRESS => SUSPEND_COMPLETE in 1.066415786743164
2019-11-08 00:53:44.602 11399 RALLYDEBUG rally.task.utils [-] Waiting for resource . Status changed: SUSPEND_IN_PROGRESS => SUSPEND_COMPLETE in 1.0727012157440186
2019-11-08 00:53:44.663 11397 RALLYDEBUG rally.task.utils [-] Waiting for resource . Status changed: SUSPEND_IN_PROGRESS => SUSPEND_COMPLETE in 1.0652756690979004
2019-11-08 00:53:44.737 11395 RALLYDEBUG rally.task.utils [-] Waiting for resource . Status changed: RESUME_IN_PROGRESS => RESUME_COMPLETE in 1.0659222602844238
2019-11-08 00:53:44.817 11397 RALLYDEBUG rally.task.utils [-] Waiting for resource . Status changed: CREATE_COMPLETE => RESUME_IN_PROGRESS in 0.05698418617248535
2019-11-08 00:53:44.841 11395 RALLYDEBUG rally.task.utils [-] Waiting for resource . Status changed: CREATE_COMPLETE => DELETE_IN_PROGRESS in 0.052887678146362305
2019-11-08 00:53:44.864 11396 RALLYDEBUG rally.task.utils [-] Waiting for resource . Status changed: CREATE_COMPLETE => RESUME_IN_PROGRESS in 0.05389571189880371
2019-11-08 00:53:44.869 11399 RALLYDEBUG rally.task.utils [-] Waiting for resource . Status changed: CREATE_COMPLETE => RESUME_IN_PROGRESS in 0.054863929748535156
2019-11-08 00:53:45.894 11397 RALLYDEBUG rally.task.utils [-] Waiting for resource . Status changed: RESUME_IN_PROGRESS => RESUME_COMPLETE in 1.0764665603637695
2019-11-08 00:53:45.938 11399 RALLYDEBUG rally.task.utils [-] Waiting for resource . Status changed: RESUME_IN_PROGRESS => RESUME_COMPLETE in 1.0682432651519775
2019-11-08 00:53:45.944 11396 RALLYDEBUG rally.task.utils [-] Waiting for resource . Status changed: RESUME_IN_PROGRESS => RESUME_COMPLETE in 1.080101728439331
2019-11-08 00:53:46.009 11397 RALLYDEBUG rally.task.utils [-] Waiting for resource . Status changed: CREATE_COMPLETE => DELETE_IN_PROGRESS in 0.04729890823364258
2019-11-08 00:53:46.058 11399 RALLYDEBUG rally.task.utils [-] Waiting for resource . Status changed: CREATE_COMPLETE => DELETE_IN_PROGRESS in 0.06983065605163574
2019-11-08 00:53:46.066 11396 RALLYDEBUG rally.task.utils [-] Waiting for resource . Status changed: CREATE_COMPLETE => DELETE_IN_PROGRESS in 0.057137250900268555
2019-11-08 00:53:46.978 11395 INFO rally.task.runner [-] Task 6fdbfbb8-07d3-466e-8e98-1aacb5ba7231 | ITER: 5 END: OK
2019-11-08 00:53:46.982 11395 INFO rally.task.runner [-] Task 6fdbfbb8-07d3-466e-8e98-1aacb5ba7231 | ITER: 9 START
2019-11-08 00:53:47.117 11399 INFO rally.task.runner [-] Task 6fdbfbb8-07d3-466e-8e98-1aacb5ba7231 | ITER: 7 END: OK
2019-11-08 00:53:47.121 11399 INFO rally.task.runner [-] Task 6fdbfbb8-07d3-466e-8e98-1aacb5ba7231 | ITER: 10 START
2019-11-08 00:53:48.123 11397 INFO rally.task.runner [-] Task 6fdbfbb8-07d3-466e-8e98-1aacb5ba7231 | ITER: 6 END: OK
2019-11-08 00:53:48.180 11396 INFO rally.task.runner [-] Task 6fdbfbb8-07d3-466e-8e98-1aacb5ba7231 | ITER: 8 END: OK
2019-11-08 00:53:50.558 11395 RALLYDEBUG rally.task.utils [-] Waiting for resource . Status changed: CREATE_IN_PROGRESS => CREATE_COMPLETE in 0.07113480567932129
2019-11-08 00:53:50.561 11399 RALLYDEBUG rally.task.utils [-] Waiting for resource . Status changed: CREATE_IN_PROGRESS => CREATE_COMPLETE in 0.06718564033508301
2019-11-08 00:53:50.717 11395 RALLYDEBUG rally.task.utils [-] Waiting for resource . Status changed: CREATE_COMPLETE => SUSPEND_IN_PROGRESS in 0.06076955795288086
2019-11-08 00:53:50.739 11399 RALLYDEBUG rally.task.utils [-] Waiting for resource . Status changed: CREATE_COMPLETE => SUSPEND_IN_PROGRESS in 0.06116938591003418
2019-11-08 00:53:51.790 11395 RALLYDEBUG rally.task.utils [-] Waiting for resource . Status changed: SUSPEND_IN_PROGRESS => SUSPEND_COMPLETE in 1.072249174118042
2019-11-08 00:53:51.812 11399 RALLYDEBUG rally.task.utils [-] Waiting for resource . Status changed: SUSPEND_IN_PROGRESS => SUSPEND_COMPLETE in 1.0727283954620361
2019-11-08 00:53:51.945 11395 RALLYDEBUG rally.task.utils [-] Waiting for resource . Status changed: CREATE_COMPLETE => RESUME_IN_PROGRESS in 0.059725284576416016
2019-11-08 00:53:51.970 11399 RALLYDEBUG rally.task.utils [-] Waiting for resource . Status changed: CREATE_COMPLETE => RESUME_IN_PROGRESS in 0.06223344802856445
2019-11-08 00:53:53.016 11395 RALLYDEBUG rally.task.utils [-] Waiting for resource . Status changed: RESUME_IN_PROGRESS => RESUME_COMPLETE in 1.0713169574737549
2019-11-08 00:53:53.046 11399 RALLYDEBUG rally.task.utils [-] Waiting for resource . Status changed: RESUME_IN_PROGRESS => RESUME_COMPLETE in 1.0756573677062988
2019-11-08 00:53:53.136 11395 RALLYDEBUG rally.task.utils [-] Waiting for resource . Status changed: CREATE_COMPLETE => DELETE_IN_PROGRESS in 0.059053659439086914
2019-11-08 00:53:53.159 11399 RALLYDEBUG rally.task.utils [-] Waiting for resource . Status changed: CREATE_COMPLETE => DELETE_IN_PROGRESS in 0.055871009826660156
2019-11-08 00:53:54.205 11395 INFO rally.task.runner [-] Task 6fdbfbb8-07d3-466e-8e98-1aacb5ba7231 | ITER: 9 END: OK
2019-11-08 00:53:54.218 11399 INFO rally.task.runner [-] Task 6fdbfbb8-07d3-466e-8e98-1aacb5ba7231 | ITER: 10 END: OK
2019-11-08 00:53:54.246 8497 INFO rally.task.context [-] Task 6fdbfbb8-07d3-466e-8e98-1aacb5ba7231 | Context cleanup@openstack cleanup() started
2019-11-08 00:53:54.250 8497 RALLYDEBUG rally_openstack.cleanup.manager [-] Cleaning up heat stacks objects
2019-11-08 00:53:55.724 8497 INFO rally.task.context [-] Task 6fdbfbb8-07d3-466e-8e98-1aacb5ba7231 | Context cleanup@openstack cleanup() finished in 1.48 sec
2019-11-08 00:53:55.725 8497 INFO rally.task.context [-] Task 6fdbfbb8-07d3-466e-8e98-1aacb5ba7231 | Context roles@openstack cleanup() started
2019-11-08 00:53:55.725 8497 RALLYDEBUG rally_openstack.contexts.keystone.roles [-] Removing assigned role 1ec535b504134a13af3f8294117a30d7 from all users
2019-11-08 00:53:56.731 8497 INFO rally.task.context [-] Task 6fdbfbb8-07d3-466e-8e98-1aacb5ba7231 | Context roles@openstack cleanup() finished in 1.01 sec
2019-11-08 00:53:56.732 8497 INFO rally.task.context [-] Task 6fdbfbb8-07d3-466e-8e98-1aacb5ba7231 | Context users@openstack cleanup() started
2019-11-08 00:54:01.523 8497 INFO rally.task.context [-] Task 6fdbfbb8-07d3-466e-8e98-1aacb5ba7231 | Context users@openstack cleanup() finished in 4.79 sec
2019-11-08 00:54:01.564 8497 INFO rally.task.engine [-] Load duration is: 20.377653
2019-11-08 00:54:01.565 8497 INFO rally.task.engine [-] Full runner duration is: 22.426695
2019-11-08 00:54:01.565 8497 INFO rally.task.engine [-] Full duration is: 38.153607
2019-11-08 00:54:01.927 8497 INFO rally.task.engine [-] Running workload: position = 0 config = { "version": 2, "title": "A cropped version of a bigger task.", "description": "Auto-generated task from a single workload (uuid=a2edcb7a-8b47-44ce-954f-f2aed65dfdfa)", "subtasks": [ { "title": "HeatStacks.list_stacks_and_resources", "description": "List all resources from tenant stacks.", "scenario": { "HeatStacks.list_stacks_and_resources": {} }, "contexts": { "users": { "tenants": 3, "users_per_tenant": 2 }, "roles": [ "heat_stack_owner" ] }, "runner": { "constant": { "concurrency": 4, "times": 10 } }, "hooks": [], "sla": { "failure_rate": { "max": 0 } } } ] }
2019-11-08 00:54:01.952 8497 RALLYDEBUG rally_openstack.contexts.keystone.users [-] Creating 3 tenants using 20 threads
2019-11-08 00:54:02.978 8497 RALLYDEBUG rally_openstack.contexts.keystone.users [-] Creating 6 users using 20 threads
2019-11-08 00:54:04.529 8497 INFO rally.task.context [-] Task 6fdbfbb8-07d3-466e-8e98-1aacb5ba7231 | Context users@openstack setup() finished in 2.58 sec
2019-11-08 00:54:05.225 8497 RALLYDEBUG rally_openstack.contexts.keystone.roles [-] Adding role heat_stack_owner having ID 1ec535b504134a13af3f8294117a30d7 to all users using 30 threads
2019-11-08 00:54:10.454 8497 INFO rally.task.context [-] Task 6fdbfbb8-07d3-466e-8e98-1aacb5ba7231 | Context roles@openstack setup() finished in 5.92 sec
2019-11-08 00:54:10.463 8497 RALLYDEBUG rally.task.runner [-] Starting the constant runner (task UUID: 6fdbfbb8-07d3-466e-8e98-1aacb5ba7231). times: 10 concurrency: 4 timeout: 0 max_cpu_used: 16 processes_to_start: 4 concurrency_per_worker: 1 concurrency_overhead: 0
2019-11-08 00:54:10.475 11579 RALLYDEBUG rally.task.runner [-] Starting a worker. times: 10 duration: None concurrency: 1 timeout: 0 cls: method_name: run args: {}
2019-11-08 00:54:10.478 11580 RALLYDEBUG rally.task.runner [-] Starting a worker. times: 10 duration: None concurrency: 1 timeout: 0 cls: method_name: run args: {}
2019-11-08 00:54:10.482 11579 INFO rally.task.runner [-] Task 6fdbfbb8-07d3-466e-8e98-1aacb5ba7231 | ITER: 1 START
2019-11-08 00:54:10.482 11581 RALLYDEBUG rally.task.runner [-] Starting a worker. times: 10 duration: None concurrency: 1 timeout: 0 cls: method_name: run args: {}
2019-11-08 00:54:10.485 11580 INFO rally.task.runner [-] Task 6fdbfbb8-07d3-466e-8e98-1aacb5ba7231 | ITER: 2 START
2019-11-08 00:54:10.486 11583 RALLYDEBUG rally.task.runner [-] Starting a worker. times: 10 duration: None concurrency: 1 timeout: 0 cls: method_name: run args: {}
2019-11-08 00:54:10.489 11581 INFO rally.task.runner [-] Task 6fdbfbb8-07d3-466e-8e98-1aacb5ba7231 | ITER: 3 START
2019-11-08 00:54:10.492 11583 INFO rally.task.runner [-] Task 6fdbfbb8-07d3-466e-8e98-1aacb5ba7231 | ITER: 4 START
2019-11-08 00:54:11.015 11579 INFO rally.task.runner [-] Task 6fdbfbb8-07d3-466e-8e98-1aacb5ba7231 | ITER: 1 END: OK
2019-11-08 00:54:11.016 11581 INFO rally.task.runner [-] Task 6fdbfbb8-07d3-466e-8e98-1aacb5ba7231 | ITER: 3 END: OK
2019-11-08 00:54:11.016 11580 INFO rally.task.runner [-] Task 6fdbfbb8-07d3-466e-8e98-1aacb5ba7231 | ITER: 2 END: OK
2019-11-08 00:54:11.019 11579 INFO rally.task.runner [-] Task 6fdbfbb8-07d3-466e-8e98-1aacb5ba7231 | ITER: 5 START
2019-11-08 00:54:11.021 11581 INFO rally.task.runner [-] Task 6fdbfbb8-07d3-466e-8e98-1aacb5ba7231 | ITER: 7 START
2019-11-08 00:54:11.020 11580 INFO rally.task.runner [-] Task 6fdbfbb8-07d3-466e-8e98-1aacb5ba7231 | ITER: 6 START
2019-11-08 00:54:11.050 11583 INFO rally.task.runner [-] Task 6fdbfbb8-07d3-466e-8e98-1aacb5ba7231 | ITER: 4 END: OK
2019-11-08 00:54:11.055 11583 INFO rally.task.runner [-] Task 6fdbfbb8-07d3-466e-8e98-1aacb5ba7231 | ITER: 8 START
2019-11-08 00:54:11.428 11583 INFO rally.task.runner [-] Task 6fdbfbb8-07d3-466e-8e98-1aacb5ba7231 | ITER: 8 END: OK
2019-11-08 00:54:11.432 11583 INFO rally.task.runner [-] Task 6fdbfbb8-07d3-466e-8e98-1aacb5ba7231 | ITER: 9 START
2019-11-08 00:54:11.435 11581 INFO rally.task.runner [-] Task 6fdbfbb8-07d3-466e-8e98-1aacb5ba7231 | ITER: 7 END: OK
2019-11-08 00:54:11.438 11581 INFO rally.task.runner [-] Task 6fdbfbb8-07d3-466e-8e98-1aacb5ba7231 | ITER: 10 START
2019-11-08 00:54:11.440 11579 INFO rally.task.runner [-] Task 6fdbfbb8-07d3-466e-8e98-1aacb5ba7231 | ITER: 5 END: OK
2019-11-08 00:54:11.493 11580 INFO rally.task.runner [-] Task 6fdbfbb8-07d3-466e-8e98-1aacb5ba7231 | ITER: 6 END: OK
2019-11-08 00:54:11.907 11583 INFO rally.task.runner [-] Task 6fdbfbb8-07d3-466e-8e98-1aacb5ba7231 | ITER: 9 END: OK
2019-11-08 00:54:11.948 11581 INFO rally.task.runner [-] Task 6fdbfbb8-07d3-466e-8e98-1aacb5ba7231 | ITER: 10 END: OK
2019-11-08 00:54:11.970 8497 INFO rally.task.context [-] Task 6fdbfbb8-07d3-466e-8e98-1aacb5ba7231 | Context roles@openstack cleanup() started
2019-11-08 00:54:11.971 8497 RALLYDEBUG rally_openstack.contexts.keystone.roles [-] Removing assigned role 1ec535b504134a13af3f8294117a30d7 from all users
2019-11-08 00:54:12.957 8497 INFO rally.task.context [-] Task 6fdbfbb8-07d3-466e-8e98-1aacb5ba7231 | Context roles@openstack cleanup() finished in 0.99 sec
2019-11-08 00:54:12.957 8497 INFO rally.task.context [-] Task 6fdbfbb8-07d3-466e-8e98-1aacb5ba7231 | Context users@openstack cleanup() started
2019-11-08 00:54:17.623 8497 INFO rally.task.context [-] Task 6fdbfbb8-07d3-466e-8e98-1aacb5ba7231 | Context users@openstack cleanup() finished in 4.67 sec
2019-11-08 00:54:18.088 8497 INFO rally.task.engine [-] Load duration is: 1.464921
2019-11-08 00:54:18.089 8497 INFO rally.task.engine [-] Full runner duration is: 1.507383
2019-11-08 00:54:18.089 8497 INFO rally.task.engine [-] Full duration is: 15.673335
2019-11-08 00:54:18.347 8497 INFO rally.task.engine [-] Task 6fdbfbb8-07d3-466e-8e98-1aacb5ba7231 | Completed: Running task.
2019-11-08 00:54:19.916 11671 RALLYDEBUG rally.api [-] INFO logs from urllib3 and requests module are hide.
2019-11-08 00:54:19.917 11671 RALLYDEBUG rally.api [-] urllib3 insecure warnings are hidden.
2019-11-08 00:54:19.917 11671 RALLYDEBUG rally.api [-] ERROR log from boto module is hide.
2019-11-08 00:54:21.137 11672 RALLYDEBUG rally.api [-] INFO logs from urllib3 and requests module are hide.
2019-11-08 00:54:21.138 11672 RALLYDEBUG rally.api [-] urllib3 insecure warnings are hidden.
2019-11-08 00:54:21.138 11672 RALLYDEBUG rally.api [-] ERROR log from boto module is hide.
2019-11-08 00:54:22.409 11673 RALLYDEBUG rally.api [-] INFO logs from urllib3 and requests module are hide.
2019-11-08 00:54:22.409 11673 RALLYDEBUG rally.api [-] urllib3 insecure warnings are hidden.
2019-11-08 00:54:22.409 11673 RALLYDEBUG rally.api [-] ERROR log from boto module is hide.
2019-11-08 00:54:23.995 11673 INFO rally.api [-] Building 'json' report for the following task(s): '6fdbfbb8-07d3-466e-8e98-1aacb5ba7231'.
2019-11-08 00:54:24.018 11673 INFO rally.api [-] The report has been successfully built.
2019-11-08 00:54:25.399 11675 RALLYDEBUG rally.api [-] INFO logs from urllib3 and requests module are hide.
2019-11-08 00:54:25.399 11675 RALLYDEBUG rally.api [-] urllib3 insecure warnings are hidden.
2019-11-08 00:54:25.400 11675 RALLYDEBUG rally.api [-] ERROR log from boto module is hide.
2019-11-08 00:54:27.184 11675 INFO rally.task.engine [-] Task edbba601-9c68-4394-be07-4e6488631f8e | Starting: Task validation.
2019-11-08 00:54:27.239 11675 INFO rally.task.engine [-] Task edbba601-9c68-4394-be07-4e6488631f8e | Starting: Task validation of syntax.
2019-11-08 00:54:27.378 11675 INFO rally.task.engine [-] Task edbba601-9c68-4394-be07-4e6488631f8e | Completed: Task validation of syntax.
2019-11-08 00:54:27.378 11675 INFO rally.task.engine [-] Task edbba601-9c68-4394-be07-4e6488631f8e | Starting: Task validation of required platforms.
2019-11-08 00:54:27.436 11675 INFO rally.task.engine [-] Task edbba601-9c68-4394-be07-4e6488631f8e | Completed: Task validation of required platforms.
2019-11-08 00:54:27.436 11675 INFO rally.task.engine [-] Task edbba601-9c68-4394-be07-4e6488631f8e | Starting: Task validation of semantic.
2019-11-08 00:54:27.436 11675 INFO rally.task.engine [-] Check health of the environment '405cb30b-acf7-45dc-81bd-b1a633e51838'.
2019-11-08 00:54:28.391 11675 INFO rally.task.engine [-] Platform existing@openstack (available: True): OK!
2019-11-08 00:54:28.416 11675 RALLYDEBUG rally_openstack.contexts.keystone.users [-] Creating 1 tenants using 20 threads
2019-11-08 00:54:29.240 11675 RALLYDEBUG rally_openstack.contexts.keystone.users [-] Creating 1 users using 20 threads
2019-11-08 00:54:30.528 11675 INFO rally.task.context [-] Task edbba601-9c68-4394-be07-4e6488631f8e | Context users@openstack setup() finished in 2.11 sec
2019-11-08 00:54:30.627 11675 INFO rally.task.context [-] Task edbba601-9c68-4394-be07-4e6488631f8e | Context users@openstack cleanup() started
2019-11-08 00:54:33.504 11675 INFO rally.task.context [-] Task edbba601-9c68-4394-be07-4e6488631f8e | Context users@openstack cleanup() finished in 2.88 sec
2019-11-08 00:54:33.505 11675 INFO rally.task.engine [-] Task edbba601-9c68-4394-be07-4e6488631f8e | Completed: Task validation of semantic.
2019-11-08 00:54:33.505 11675 INFO rally.task.engine [-] Task edbba601-9c68-4394-be07-4e6488631f8e | Completed: Task validation.
2019-11-08 00:54:33.506 11675 INFO rally.api [-] Task edbba601-9c68-4394-be07-4e6488631f8e input file is valid.
2019-11-08 00:54:33.506 11675 INFO rally.api [-] Run Task edbba601-9c68-4394-be07-4e6488631f8e against Deployment 405cb30b-acf7-45dc-81bd-b1a633e51838
2019-11-08 00:54:33.506 11675 INFO rally.task.engine [-] Task edbba601-9c68-4394-be07-4e6488631f8e | Starting: Running task.
2019-11-08 00:54:33.684 11675 INFO rally.task.engine [-] Running workload: position = 0 config = { "version": 2, "title": "A cropped version of a bigger task.", "description": "Auto-generated task from a single workload (uuid=5f1c71e2-8135-435e-940c-80c4de239989)", "subtasks": [ { "title": "KeystoneBasic.add_and_remove_user_role", "description": "Create a user role add to a user and disassociate.", "scenario": { "KeystoneBasic.add_and_remove_user_role": {} }, "contexts": { "users": { "tenants": 3, "users_per_tenant": 2 } }, "runner": { "constant": { "concurrency": 4, "times": 10 } }, "hooks": [], "sla": { "failure_rate": { "max": 0 } } } ] }
2019-11-08 00:54:33.706 11675 RALLYDEBUG rally_openstack.contexts.keystone.users [-] Creating 3 tenants using 20 threads
2019-11-08 00:54:34.640 11675 RALLYDEBUG rally_openstack.contexts.keystone.users [-] Creating 6 users using 20 threads
2019-11-08 00:54:36.233 11675 INFO rally.task.context [-] Task edbba601-9c68-4394-be07-4e6488631f8e | Context users@openstack setup() finished in 2.53 sec
2019-11-08 00:54:36.234 11675 INFO rally.task.context [-] Task edbba601-9c68-4394-be07-4e6488631f8e | Context admin_cleanup@openstack setup() finished in 0.05 msec
2019-11-08 00:54:36.243 11675 RALLYDEBUG rally.task.runner [-] Starting the constant runner (task UUID: edbba601-9c68-4394-be07-4e6488631f8e). times: 10 concurrency: 4 timeout: 0 max_cpu_used: 16 processes_to_start: 4 concurrency_per_worker: 1 concurrency_overhead: 0
2019-11-08 00:54:36.256 11799 RALLYDEBUG rally.task.runner [-] Starting a worker. times: 10 duration: None concurrency: 1 timeout: 0 cls: method_name: run args: {}
2019-11-08 00:54:36.259 11800 RALLYDEBUG rally.task.runner [-] Starting a worker. times: 10 duration: None concurrency: 1 timeout: 0 cls: method_name: run args: {}
2019-11-08 00:54:36.263 11799 INFO rally.task.runner [-] Task edbba601-9c68-4394-be07-4e6488631f8e | ITER: 1 START
2019-11-08 00:54:36.263 11801 RALLYDEBUG rally.task.runner [-] Starting a worker. times: 10 duration: None concurrency: 1 timeout: 0 cls: method_name: run args: {}
2019-11-08 00:54:36.266 11800 INFO rally.task.runner [-] Task edbba601-9c68-4394-be07-4e6488631f8e | ITER: 2 START
2019-11-08 00:54:36.266 11804 RALLYDEBUG rally.task.runner [-] Starting a worker. times: 10 duration: None concurrency: 1 timeout: 0 cls: method_name: run args: {}
2019-11-08 00:54:36.270 11801 INFO rally.task.runner [-] Task edbba601-9c68-4394-be07-4e6488631f8e | ITER: 3 START
2019-11-08 00:54:36.273 11804 INFO rally.task.runner [-] Task edbba601-9c68-4394-be07-4e6488631f8e | ITER: 4 START
2019-11-08 00:54:37.767 11800 INFO rally.task.runner [-] Task edbba601-9c68-4394-be07-4e6488631f8e | ITER: 2 END: OK
2019-11-08 00:54:37.771 11800 INFO rally.task.runner [-] Task edbba601-9c68-4394-be07-4e6488631f8e | ITER: 5 START
2019-11-08 00:54:37.899 11799 INFO rally.task.runner [-] Task edbba601-9c68-4394-be07-4e6488631f8e | ITER: 1 END: OK
2019-11-08 00:54:37.903 11799 INFO rally.task.runner [-] Task edbba601-9c68-4394-be07-4e6488631f8e | ITER: 6 START
2019-11-08 00:54:37.984 11801 INFO rally.task.runner [-] Task edbba601-9c68-4394-be07-4e6488631f8e | ITER: 3 END: OK
2019-11-08 00:54:37.988 11801 INFO rally.task.runner [-] Task edbba601-9c68-4394-be07-4e6488631f8e | ITER: 7 START
2019-11-08 00:54:38.149 11804 INFO rally.task.runner [-] Task edbba601-9c68-4394-be07-4e6488631f8e | ITER: 4 END: OK
2019-11-08 00:54:38.153 11804 INFO rally.task.runner [-] Task edbba601-9c68-4394-be07-4e6488631f8e | ITER: 8 START
2019-11-08 00:54:39.343 11800 INFO rally.task.runner [-] Task edbba601-9c68-4394-be07-4e6488631f8e | ITER: 5 END: OK
2019-11-08 00:54:39.346 11800 INFO rally.task.runner [-] Task edbba601-9c68-4394-be07-4e6488631f8e | ITER: 9 START
2019-11-08 00:54:39.441 11801 INFO rally.task.runner [-] Task edbba601-9c68-4394-be07-4e6488631f8e | ITER: 7 END: OK
2019-11-08 00:54:39.444 11801 INFO rally.task.runner [-] Task edbba601-9c68-4394-be07-4e6488631f8e | ITER: 10 START
2019-11-08 00:54:39.534 11799 INFO rally.task.runner [-] Task edbba601-9c68-4394-be07-4e6488631f8e | ITER: 6 END: OK
2019-11-08 00:54:39.797 11804 INFO rally.task.runner [-] Task edbba601-9c68-4394-be07-4e6488631f8e | ITER: 8 END: OK
2019-11-08 00:54:40.922 11800 INFO rally.task.runner [-] Task edbba601-9c68-4394-be07-4e6488631f8e | ITER: 9 END: OK
2019-11-08 00:54:40.974 11801 INFO rally.task.runner [-] Task edbba601-9c68-4394-be07-4e6488631f8e | ITER: 10 END: OK
2019-11-08 00:54:40.998 11675 INFO rally.task.context [-] Task edbba601-9c68-4394-be07-4e6488631f8e | Context admin_cleanup@openstack cleanup() started
2019-11-08 00:54:41.001 11675 RALLYDEBUG rally_openstack.cleanup.manager [-] Cleaning up keystone user objects
2019-11-08 00:54:41.855 11675 RALLYDEBUG rally_openstack.cleanup.manager [-] Cleaning up keystone project objects
2019-11-08 00:54:42.647 11675 RALLYDEBUG rally_openstack.cleanup.manager [-] Cleaning up keystone service objects
2019-11-08 00:54:43.373 11675 RALLYDEBUG rally_openstack.cleanup.manager [-] Cleaning up keystone role objects
2019-11-08 00:54:44.067 11675 RALLYDEBUG rally_openstack.cleanup.manager [-] Deleting keystone.role object s_rally_5f1c71e2_VPWHP7Lb (8c3e29459ac345d68059f457797ba3fb)
2019-11-08 00:54:44.076 11675 RALLYDEBUG rally_openstack.cleanup.manager [-] Deleting keystone.role object s_rally_5f1c71e2_tE5xZC9C (91cc8439415d49478de4752bf3f180d8)
2019-11-08 00:54:44.084 11675 RALLYDEBUG rally_openstack.cleanup.manager [-] Deleting keystone.role object s_rally_5f1c71e2_N6TNvW6b (9c506bc736ad419781274f0997cb8f05)
2019-11-08 00:54:44.088 11675 RALLYDEBUG rally_openstack.cleanup.manager [-] Deleting keystone.role object s_rally_5f1c71e2_omcIkksU (b0687e8a72a243b0b4e4b28c3e7010d1)
2019-11-08 00:54:44.096 11675 RALLYDEBUG rally_openstack.cleanup.manager [-] Deleting keystone.role object s_rally_5f1c71e2_hPGjIdHz (b84960e85ddb48b8b4f460aa41b18c45)
2019-11-08 00:54:44.100 11675 RALLYDEBUG rally_openstack.cleanup.manager [-] Deleting keystone.role object s_rally_5f1c71e2_61tVIxcg (bdc18a1268a64185a61d9868d9f62658)
2019-11-08 00:54:44.110 11675 RALLYDEBUG rally_openstack.cleanup.manager [-] Deleting keystone.role object s_rally_5f1c71e2_JLjHBqz2 (c00f5b9173b64e5098319a30c38fc0ae)
2019-11-08 00:54:44.151 11675 RALLYDEBUG rally_openstack.cleanup.manager [-] Deleting keystone.role object s_rally_5f1c71e2_l6Lrcj0p (f829c20974dc45f3a4c6c34e99e3265b)
2019-11-08 00:54:44.169 11675 RALLYDEBUG rally_openstack.cleanup.manager [-] Deleting keystone.role object s_rally_5f1c71e2_rGyzuCpz (e486255f3ea943e09c34d5a33d039c29)
2019-11-08 00:54:44.178 11675 RALLYDEBUG rally_openstack.cleanup.manager [-] Deleting keystone.role object s_rally_5f1c71e2_nHjuDZEr (f80dc38be5394fd686797e0a62623d55)
2019-11-08 00:54:46.180 11675 INFO rally.task.context [-] Task edbba601-9c68-4394-be07-4e6488631f8e | Context admin_cleanup@openstack cleanup() finished in 5.18 sec
2019-11-08 00:54:46.181 11675 INFO rally.task.context [-] Task edbba601-9c68-4394-be07-4e6488631f8e | Context users@openstack cleanup() started
2019-11-08 00:54:50.929 11675 INFO rally.task.context [-] Task edbba601-9c68-4394-be07-4e6488631f8e | Context users@openstack cleanup() finished in 4.75 sec
2019-11-08 00:54:51.853 11675 INFO rally.task.engine [-] Load duration is: 3.410622
2019-11-08 00:54:51.854 11675 INFO rally.task.engine [-] Full runner duration is: 4.755294
2019-11-08 00:54:51.854 11675 INFO rally.task.engine [-] Full duration is: 17.225605
2019-11-08 00:54:52.210 11675 INFO rally.task.engine [-] Running workload: position = 0 config = { "version": 2, "title": "A cropped version of a bigger task.", "description": "Auto-generated task from a single workload (uuid=cbbd7476-f4a9-4068-b7f8-50f17b448cd0)", "subtasks": [ { "title": "KeystoneBasic.create_add_and_list_user_roles", "description": "Create user role, add it and list user roles for given user.", "scenario": { "KeystoneBasic.create_add_and_list_user_roles": {} }, "contexts": { "users": { "tenants": 3, "users_per_tenant": 2 } }, "runner": { "constant": { "concurrency": 4, "times": 10 } }, "hooks": [], "sla": { "failure_rate": { "max": 0 } } } ] }
2019-11-08 00:54:52.234 11675 RALLYDEBUG rally_openstack.contexts.keystone.users [-] Creating 3 tenants using 20 threads
2019-11-08 00:54:53.232 11675 RALLYDEBUG rally_openstack.contexts.keystone.users [-] Creating 6 users using 20 threads
2019-11-08 00:54:54.749 11675 INFO rally.task.context [-] Task edbba601-9c68-4394-be07-4e6488631f8e | Context users@openstack setup() finished in 2.51 sec
2019-11-08 00:54:54.749 11675 INFO rally.task.context [-] Task edbba601-9c68-4394-be07-4e6488631f8e | Context admin_cleanup@openstack setup() finished in 0.02 msec
2019-11-08 00:54:54.758 11675 RALLYDEBUG rally.task.runner [-] Starting the constant runner (task UUID: edbba601-9c68-4394-be07-4e6488631f8e). times: 10 concurrency: 4 timeout: 0 max_cpu_used: 16 processes_to_start: 4 concurrency_per_worker: 1 concurrency_overhead: 0
2019-11-08 00:54:54.770 11983 RALLYDEBUG rally.task.runner [-] Starting a worker. times: 10 duration: None concurrency: 1 timeout: 0 cls: method_name: run args: {}
2019-11-08 00:54:54.774 11984 RALLYDEBUG rally.task.runner [-] Starting a worker. times: 10 duration: None concurrency: 1 timeout: 0 cls: method_name: run args: {}
2019-11-08 00:54:54.777 11983 INFO rally.task.runner [-] Task edbba601-9c68-4394-be07-4e6488631f8e | ITER: 1 START
2019-11-08 00:54:54.777 11985 RALLYDEBUG rally.task.runner [-] Starting a worker. times: 10 duration: None concurrency: 1 timeout: 0 cls: method_name: run args: {}
2019-11-08 00:54:54.781 11984 INFO rally.task.runner [-] Task edbba601-9c68-4394-be07-4e6488631f8e | ITER: 2 START
2019-11-08 00:54:54.781 11987 RALLYDEBUG rally.task.runner [-] Starting a worker. times: 10 duration: None concurrency: 1 timeout: 0 cls: method_name: run args: {}
2019-11-08 00:54:54.784 11985 INFO rally.task.runner [-] Task edbba601-9c68-4394-be07-4e6488631f8e | ITER: 3 START
2019-11-08 00:54:54.787 11987 INFO rally.task.runner [-] Task edbba601-9c68-4394-be07-4e6488631f8e | ITER: 4 START
2019-11-08 00:54:56.248 11987 INFO rally.task.runner [-] Task edbba601-9c68-4394-be07-4e6488631f8e | ITER: 4 END: OK
2019-11-08 00:54:56.253 11987 INFO rally.task.runner [-] Task edbba601-9c68-4394-be07-4e6488631f8e | ITER: 5 START
2019-11-08 00:54:56.264 11985 INFO rally.task.runner [-] Task edbba601-9c68-4394-be07-4e6488631f8e | ITER: 3 END: OK
2019-11-08 00:54:56.269 11985 INFO rally.task.runner [-] Task edbba601-9c68-4394-be07-4e6488631f8e | ITER: 6 START
2019-11-08 00:54:56.316 11983 INFO rally.task.runner [-] Task edbba601-9c68-4394-be07-4e6488631f8e | ITER: 1 END: OK
2019-11-08 00:54:56.320 11983 INFO rally.task.runner [-] Task edbba601-9c68-4394-be07-4e6488631f8e | ITER: 7 START
2019-11-08 00:54:56.422 11984 INFO rally.task.runner [-] Task edbba601-9c68-4394-be07-4e6488631f8e | ITER: 2 END: OK
2019-11-08 00:54:56.427 11984 INFO rally.task.runner [-] Task edbba601-9c68-4394-be07-4e6488631f8e | ITER: 8 START
2019-11-08 00:54:57.715 11987 INFO rally.task.runner [-] Task edbba601-9c68-4394-be07-4e6488631f8e | ITER: 5 END: OK
2019-11-08 00:54:57.719 11987 INFO rally.task.runner [-] Task edbba601-9c68-4394-be07-4e6488631f8e | ITER: 9 START
2019-11-08 00:54:57.808 11985 INFO rally.task.runner [-] Task edbba601-9c68-4394-be07-4e6488631f8e | ITER: 6 END: OK
2019-11-08 00:54:57.811 11985 INFO rally.task.runner [-] Task edbba601-9c68-4394-be07-4e6488631f8e | ITER: 10 START
2019-11-08 00:54:57.882 11983 INFO rally.task.runner [-] Task edbba601-9c68-4394-be07-4e6488631f8e | ITER: 7 END: OK
2019-11-08 00:54:58.067 11984 INFO rally.task.runner [-] Task edbba601-9c68-4394-be07-4e6488631f8e | ITER: 8 END: OK
2019-11-08 00:54:59.237 11987 INFO rally.task.runner [-] Task edbba601-9c68-4394-be07-4e6488631f8e | ITER: 9 END: OK
2019-11-08 00:54:59.339 11985 INFO rally.task.runner [-] Task edbba601-9c68-4394-be07-4e6488631f8e | ITER: 10 END: OK
2019-11-08 00:54:59.365 11675 INFO rally.task.context [-] Task edbba601-9c68-4394-be07-4e6488631f8e | Context admin_cleanup@openstack cleanup() started
2019-11-08 00:54:59.368 11675 RALLYDEBUG rally_openstack.cleanup.manager [-] Cleaning up keystone user objects
2019-11-08 00:55:00.244 11675 RALLYDEBUG rally_openstack.cleanup.manager [-] Cleaning up keystone project objects
2019-11-08 00:55:00.981 11675 RALLYDEBUG rally_openstack.cleanup.manager [-] Cleaning up keystone service objects
2019-11-08 00:55:01.730 11675 RALLYDEBUG rally_openstack.cleanup.manager [-] Cleaning up keystone role objects
2019-11-08 00:55:02.424 11675 RALLYDEBUG rally_openstack.cleanup.manager [-] Deleting keystone.role object s_rally_cbbd7476_EryyZnc6 (04d1bce0fafc44af8c147d6ada2c0a6f)
2019-11-08 00:55:02.439 11675 RALLYDEBUG rally_openstack.cleanup.manager [-] Deleting keystone.role object s_rally_cbbd7476_oPaeQ67s (401ff4633f3444ad8f36406bc252cf82)
2019-11-08 00:55:02.450 11675 RALLYDEBUG rally_openstack.cleanup.manager [-] Deleting keystone.role object s_rally_cbbd7476_rCMXCuX1 (48bc58133d004fd1b07e604821374d16)
2019-11-08 00:55:02.453 11675 RALLYDEBUG rally_openstack.cleanup.manager [-] Deleting keystone.role object s_rally_cbbd7476_W7TmUJvi (6407c7f84c6142e8aaade19bb849d784)
2019-11-08 00:55:02.460 11675 RALLYDEBUG rally_openstack.cleanup.manager [-] Deleting keystone.role object s_rally_cbbd7476_NHot0lDN (654a3657053a4dceb49b88a9e1baaa26)
2019-11-08 00:55:02.471 11675 RALLYDEBUG rally_openstack.cleanup.manager [-] Deleting keystone.role object s_rally_cbbd7476_Niw2tEFC (7cec83e67c494776baa59157bd32fcaf)
2019-11-08 00:55:02.481 11675 RALLYDEBUG rally_openstack.cleanup.manager [-] Deleting keystone.role object s_rally_cbbd7476_DOieENkA (80993c0344104e9f8bc8d65ac3bbee50)
2019-11-08 00:55:02.488 11675 RALLYDEBUG rally_openstack.cleanup.manager [-] Deleting keystone.role object s_rally_cbbd7476_pfV6ENZ7 (bec9a32abe5c4cf0b3417de7341a3d1d)
2019-11-08 00:55:02.501 11675 RALLYDEBUG rally_openstack.cleanup.manager [-] Deleting keystone.role object s_rally_cbbd7476_vddOniZI (bf6e1e0b04894a76b9758d51055dc6b0)
2019-11-08 00:55:02.533 11675 RALLYDEBUG rally_openstack.cleanup.manager [-] Deleting keystone.role object s_rally_cbbd7476_XWH9EKyA (c805bfc1f74c42bd9508f697a4eb49ca)
2019-11-08 00:55:04.681 11675 INFO rally.task.context [-] Task edbba601-9c68-4394-be07-4e6488631f8e | Context admin_cleanup@openstack cleanup() finished in 5.32 sec
2019-11-08 00:55:04.682 11675 INFO rally.task.context [-] Task edbba601-9c68-4394-be07-4e6488631f8e | Context users@openstack cleanup() started
2019-11-08 00:55:09.290 11675 INFO rally.task.context [-] Task edbba601-9c68-4394-be07-4e6488631f8e | Context users@openstack cleanup() finished in 4.61 sec
2019-11-08 00:55:10.342 11675 INFO rally.task.engine [-] Load duration is: 3.274118
2019-11-08 00:55:10.342 11675 INFO rally.task.engine [-] Full runner duration is: 4.60668
