2019-11-08 00:27:28.707 2603 INFO rally.task.runner [-] Task 1bf39f48-4c5b-4e41-bff1-b8fa9a34d7d4 | ITER: 9 START
2019-11-08 00:27:28.710 2601 INFO rally.task.runner [-] Task 1bf39f48-4c5b-4e41-bff1-b8fa9a34d7d4 | ITER: 10 START
2019-11-08 00:27:28.751 2602 INFO rally.task.runner [-] Task 1bf39f48-4c5b-4e41-bff1-b8fa9a34d7d4 | ITER: 8 END: OK
2019-11-08 00:27:28.834 2605 INFO rally.task.runner [-] Task 1bf39f48-4c5b-4e41-bff1-b8fa9a34d7d4 | ITER: 5 END: OK
2019-11-08 00:27:31.450 2603 INFO rally.task.runner [-] Task 1bf39f48-4c5b-4e41-bff1-b8fa9a34d7d4 | ITER: 9 END: OK
2019-11-08 00:27:31.463 2601 INFO rally.task.runner [-] Task 1bf39f48-4c5b-4e41-bff1-b8fa9a34d7d4 | ITER: 10 END: OK
2019-11-08 00:27:31.486 1845 INFO rally.task.context [-] Task 1bf39f48-4c5b-4e41-bff1-b8fa9a34d7d4 | Context cleanup@openstack cleanup() started
2019-11-08 00:27:31.489 1845 RALLYDEBUG rally_openstack.cleanup.manager [-] Cleaning up cinder backups objects
2019-11-08 00:27:32.753 1845 RALLYDEBUG rally_openstack.cleanup.manager [-] Cleaning up cinder volume_snapshots objects
2019-11-08 00:27:33.876 1845 RALLYDEBUG rally_openstack.cleanup.manager [-] Cleaning up cinder transfers objects
2019-11-08 00:27:34.987 1845 RALLYDEBUG rally_openstack.cleanup.manager [-] Cleaning up cinder volumes objects
2019-11-08 00:27:36.224 1845 RALLYDEBUG rally_openstack.cleanup.manager [-] Deleting cinder.volumes object s_rally_e391a08c_AM3LwA8f (ff1cc012-a438-4d46-9d91-c4cf7ba8c4c8)
2019-11-08 00:27:36.228 1845 RALLYDEBUG rally_openstack.cleanup.manager [-] Deleting cinder.volumes object s_rally_e391a08c_9AG8wL9b (f55dcedf-339b-4206-b5ae-6406983025f6)
2019-11-08 00:27:36.237 1845 RALLYDEBUG rally_openstack.cleanup.manager [-] Deleting cinder.volumes object s_rally_e391a08c_ojOPA0rH (666056fb-790f-4c84-adaf-4dc4abf3330a)
2019-11-08 00:27:36.251 1845 RALLYDEBUG rally_openstack.cleanup.manager [-] Deleting cinder.volumes object s_rally_e391a08c_7xoYFsTA (ca26690d-85e2-47ad-9a47-a591a4ed8887)
2019-11-08 00:27:36.256 1845 RALLYDEBUG rally_openstack.cleanup.manager [-] Deleting cinder.volumes object s_rally_e391a08c_mNnkd8N2 (b1893686-768e-4974-9edd-47b0b51ac58b)
2019-11-08 00:27:36.281 1845 RALLYDEBUG rally_openstack.cleanup.manager [-] Deleting cinder.volumes object s_rally_e391a08c_EJgTz6kS (6f18d0a8-9afd-4124-bbf3-f20748339596)
2019-11-08 00:27:36.297 1845 RALLYDEBUG rally_openstack.cleanup.manager [-] Deleting cinder.volumes object s_rally_e391a08c_KK9MeWjd (bae7aef1-a5cf-4201-9a0a-b5722ef21f3d)
2019-11-08 00:27:36.303 1845 RALLYDEBUG rally_openstack.cleanup.manager [-] Deleting cinder.volumes object s_rally_e391a08c_u7Rj0tBi (688f575e-b36f-4cd2-a27e-4ea8e9f1d62d)
2019-11-08 00:27:36.320 1845 RALLYDEBUG rally_openstack.cleanup.manager [-] Deleting cinder.volumes object s_rally_e391a08c_VeuYcvjd (7a912bd7-2d54-44a8-9151-919f48159f43)
2019-11-08 00:27:36.331 1845 RALLYDEBUG rally_openstack.cleanup.manager [-] Deleting cinder.volumes object s_rally_e391a08c_4stKWGGf (4a7382f5-e750-4b24-8a59-cf278e116653)
2019-11-08 00:27:39.981 1845 INFO rally.task.context [-] Task 1bf39f48-4c5b-4e41-bff1-b8fa9a34d7d4 | Context cleanup@openstack cleanup() finished in 8.49 sec
2019-11-08 00:27:39.981 1845 INFO rally.task.context [-] Task 1bf39f48-4c5b-4e41-bff1-b8fa9a34d7d4 | Context quotas@openstack cleanup() started
2019-11-08 00:27:40.059 1845 INFO rally.task.context [-] Task 1bf39f48-4c5b-4e41-bff1-b8fa9a34d7d4 | Context quotas@openstack cleanup() finished in 77.40 msec
2019-11-08 00:27:40.059 1845 INFO rally.task.context [-] Task 1bf39f48-4c5b-4e41-bff1-b8fa9a34d7d4 | Context api_versions@openstack cleanup() started
2019-11-08 00:27:40.060 1845 INFO rally.task.context [-] Task 1bf39f48-4c5b-4e41-bff1-b8fa9a34d7d4 | Context api_versions@openstack cleanup() finished in 0.36 msec
2019-11-08 00:27:40.060 1845 INFO rally.task.context [-] Task 1bf39f48-4c5b-4e41-bff1-b8fa9a34d7d4 | Context users@openstack cleanup() started
2019-11-08 00:27:44.312 1845 INFO rally.task.context [-] Task 1bf39f48-4c5b-4e41-bff1-b8fa9a34d7d4 | Context users@openstack cleanup() finished in 4.25 sec
2019-11-08 00:27:45.332 1845 INFO rally.task.engine [-] Load duration is: 8.425801
2019-11-08 00:27:45.332 1845 INFO rally.task.engine [-] Full runner duration is: 8.472124
2019-11-08 00:27:45.333 1845 INFO rally.task.engine [-] Full duration is: 25.127765
2019-11-08 00:27:45.614 1845 INFO rally.task.engine [-] Running workload: position = 0 config = { "version": 2, "title": "A cropped version of a bigger task.", "description": "Auto-generated task from a single workload (uuid=b46112b7-69ed-4fea-95fb-53ddcedc2221)", "subtasks": [ { "title": "CinderVolumes.create_and_upload_volume_to_image", "description": "Create and upload a volume to image.", "scenario": { "CinderVolumes.create_and_upload_volume_to_image": { "container_format": "bare", "disk_format": "raw", "do_delete": true, "force": false, "size": 1 } }, "contexts": { "users": { "tenants": 3, "users_per_tenant": 2 }, "quotas": { "cinder": { "gigabytes": -1, "snapshots": -1, "volumes": -1 } }, "api_versions": { "cinder": { "version": 3, "service_type": "volumev3" } } }, "runner": { "constant": { "concurrency": 4, "times": 10 } }, "hooks": [], "sla": { "failure_rate": { "max": 0 } } } ] }
2019-11-08 00:27:45.641 1845 RALLYDEBUG rally_openstack.contexts.keystone.users [-] Creating 3 tenants using 20 threads
2019-11-08 00:27:46.656 1845 RALLYDEBUG rally_openstack.contexts.keystone.users [-] Creating 6 users using 20 threads
2019-11-08 00:27:48.209 1845 INFO rally.task.context [-] Task 1bf39f48-4c5b-4e41-bff1-b8fa9a34d7d4 | Context users@openstack setup() finished in 2.57 sec
2019-11-08 00:27:48.581 1845 INFO rally.task.context [-] Task 1bf39f48-4c5b-4e41-bff1-b8fa9a34d7d4 | Context api_versions@openstack setup() finished in 0.37 sec
2019-11-08 00:27:49.314 1845 INFO rally.task.context [-] Task 1bf39f48-4c5b-4e41-bff1-b8fa9a34d7d4 | Context quotas@openstack setup() finished in 0.73 sec
2019-11-08 00:27:49.315 1845 INFO rally.task.context [-] Task 1bf39f48-4c5b-4e41-bff1-b8fa9a34d7d4 | Context cleanup@openstack setup() finished in 0.01 msec
2019-11-08 00:27:49.325 1845 RALLYDEBUG rally.task.runner [-] Starting the constant runner (task UUID: 1bf39f48-4c5b-4e41-bff1-b8fa9a34d7d4). times: 10 concurrency: 4 timeout: 0 max_cpu_used: 16 processes_to_start: 4 concurrency_per_worker: 1 concurrency_overhead: 0
2019-11-08 00:27:49.337 2785 RALLYDEBUG rally.task.runner [-] Starting a worker. times: 10 duration: None concurrency: 1 timeout: 0 cls: method_name: run args: {"container_format": "bare", "disk_format": "raw", "do_delete": true, "force": false, "size": 1}
2019-11-08 00:27:49.341 2786 RALLYDEBUG rally.task.runner [-] Starting a worker. times: 10 duration: None concurrency: 1 timeout: 0 cls: method_name: run args: {"container_format": "bare", "disk_format": "raw", "do_delete": true, "force": false, "size": 1}
2019-11-08 00:27:49.344 2785 INFO rally.task.runner [-] Task 1bf39f48-4c5b-4e41-bff1-b8fa9a34d7d4 | ITER: 1 START
2019-11-08 00:27:49.344 2787 RALLYDEBUG rally.task.runner [-] Starting a worker. times: 10 duration: None concurrency: 1 timeout: 0 cls: method_name: run args: {"container_format": "bare", "disk_format": "raw", "do_delete": true, "force": false, "size": 1}
2019-11-08 00:27:49.348 2786 INFO rally.task.runner [-] Task 1bf39f48-4c5b-4e41-bff1-b8fa9a34d7d4 | ITER: 2 START
2019-11-08 00:27:49.348 2789 RALLYDEBUG rally.task.runner [-] Starting a worker. times: 10 duration: None concurrency: 1 timeout: 0 cls: method_name: run args: {"container_format": "bare", "disk_format": "raw", "do_delete": true, "force": false, "size": 1}
2019-11-08 00:27:49.351 2787 INFO rally.task.runner [-] Task 1bf39f48-4c5b-4e41-bff1-b8fa9a34d7d4 | ITER: 3 START
2019-11-08 00:27:49.355 2789 INFO rally.task.runner [-] Task 1bf39f48-4c5b-4e41-bff1-b8fa9a34d7d4 | ITER: 4 START
2019-11-08 00:27:52.622 2785 RALLYDEBUG rally.task.utils [-] Waiting for resource s_rally_b46112b7_KWPYxnmN. Status changed: AVAILABLE => UPLOADING in 0.06409406661987305
2019-11-08 00:27:52.785 2787 RALLYDEBUG rally.task.utils [-] Waiting for resource s_rally_b46112b7_B5OhZL4F. Status changed: AVAILABLE => UPLOADING in 0.05496668815612793
2019-11-08 00:27:52.788 2789 RALLYDEBUG rally.task.utils [-] Waiting for resource s_rally_b46112b7_trVz5qlS. Status changed: AVAILABLE => UPLOADING in 0.057779550552368164
2019-11-08 00:27:53.075 2786 RALLYDEBUG rally.task.utils [-] Waiting for resource s_rally_b46112b7_TkW6cfLV. Status changed: AVAILABLE => UPLOADING in 0.05583500862121582
2019-11-08 00:28:02.925 2785 RALLYDEBUG rally.task.utils [-] Waiting for resource s_rally_b46112b7_KWPYxnmN. Status changed: UPLOADING => AVAILABLE in 10.302474737167358
2019-11-08 00:28:03.104 2785 RALLYDEBUG rally.task.utils [-] Waiting for resource s_rally_b46112b7_KWPYxnmN. Status changed: AVAILABLE => DELETING in 0.062274932861328125
2019-11-08 00:28:03.122 2789 RALLYDEBUG rally.task.utils [-] Waiting for resource s_rally_b46112b7_trVz5qlS. Status changed: UPLOADING => AVAILABLE in 10.334285020828247
2019-11-08 00:28:03.297 2789 RALLYDEBUG rally.task.utils [-] Waiting for resource s_rally_b46112b7_trVz5qlS. Status changed: AVAILABLE => DELETING in 0.0582730770111084
2019-11-08 00:28:05.451 2785 INFO rally.task.runner [-] Task 1bf39f48-4c5b-4e41-bff1-b8fa9a34d7d4 | ITER: 1 END: OK
2019-11-08 00:28:05.456 2785 INFO rally.task.runner [-] Task 1bf39f48-4c5b-4e41-bff1-b8fa9a34d7d4 | ITER: 5 START
2019-11-08 00:28:05.820 2789 INFO rally.task.runner [-] Task 1bf39f48-4c5b-4e41-bff1-b8fa9a34d7d4 | ITER: 4 END: OK
2019-11-08 00:28:05.825 2789 INFO rally.task.runner [-] Task 1bf39f48-4c5b-4e41-bff1-b8fa9a34d7d4 | ITER: 6 START
2019-11-08 00:28:08.844 2785 RALLYDEBUG rally.task.utils [-] Waiting for resource s_rally_b46112b7_dZLNDJSD. Status changed: AVAILABLE => UPLOADING in 0.08965754508972168
2019-11-08 00:28:09.198 2789 RALLYDEBUG rally.task.utils [-] Waiting for resource s_rally_b46112b7_wBbDO6sI. Status changed: AVAILABLE => UPLOADING in 0.058808326721191406
2019-11-08 00:28:11.640 2787 RALLYDEBUG rally.task.utils [-] Waiting for resource s_rally_b46112b7_B5OhZL4F. Status changed: UPLOADING => AVAILABLE in 18.854271173477173
2019-11-08 00:28:11.674 2786 RALLYDEBUG rally.task.utils [-] Waiting for resource s_rally_b46112b7_TkW6cfLV. Status changed: UPLOADING => AVAILABLE in 18.598496198654175
2019-11-08 00:28:11.893 2786 RALLYDEBUG rally.task.utils [-] Waiting for resource s_rally_b46112b7_TkW6cfLV. Status changed: AVAILABLE => DELETING in 0.05931496620178223
2019-11-08 00:28:11.929 2787 RALLYDEBUG rally.task.utils [-] Waiting for resource s_rally_b46112b7_B5OhZL4F. Status changed: AVAILABLE => DELETING in 0.16408991813659668
2019-11-08 00:28:14.108 2786 INFO rally.task.runner [-] Task 1bf39f48-4c5b-4e41-bff1-b8fa9a34d7d4 | ITER: 2 END: OK
2019-11-08 00:28:14.114 2786 INFO rally.task.runner [-] Task 1bf39f48-4c5b-4e41-bff1-b8fa9a34d7d4 | ITER: 7 START
2019-11-08 00:28:14.181 2787 INFO rally.task.runner [-] Task 1bf39f48-4c5b-4e41-bff1-b8fa9a34d7d4 | ITER: 3 END: OK
2019-11-08 00:28:14.187 2787 INFO rally.task.runner [-] Task 1bf39f48-4c5b-4e41-bff1-b8fa9a34d7d4 | ITER: 8 START
2019-11-08 00:28:17.616 2787 RALLYDEBUG rally.task.utils [-] Waiting for resource s_rally_b46112b7_qKJY6sna. Status changed: AVAILABLE => UPLOADING in 0.051436424255371094
2019-11-08 00:28:17.897 2786 RALLYDEBUG rally.task.utils [-] Waiting for resource s_rally_b46112b7_UTnpsaXZ. Status changed: AVAILABLE => UPLOADING in 0.05317211151123047
2019-11-08 00:28:19.332 2785 RALLYDEBUG rally.task.utils [-] Waiting for resource s_rally_b46112b7_dZLNDJSD. Status changed: UPLOADING => AVAILABLE in 10.487372636795044
2019-11-08 00:28:19.519 2785 RALLYDEBUG rally.task.utils [-] Waiting for resource s_rally_b46112b7_dZLNDJSD. Status changed: AVAILABLE => DELETING in 0.06427764892578125
2019-11-08 00:28:19.538 2789 RALLYDEBUG rally.task.utils [-] Waiting for resource s_rally_b46112b7_wBbDO6sI. Status changed: UPLOADING => AVAILABLE in 10.34082579612732
2019-11-08 00:28:19.765 2789 RALLYDEBUG rally.task.utils [-] Waiting for resource s_rally_b46112b7_wBbDO6sI. Status changed: AVAILABLE => DELETING in 0.06182742118835449
2019-11-08 00:28:21.755 2785 INFO rally.task.runner [-] Task 1bf39f48-4c5b-4e41-bff1-b8fa9a34d7d4 | ITER: 5 END: OK
2019-11-08 00:28:21.760 2785 INFO rally.task.runner [-] Task 1bf39f48-4c5b-4e41-bff1-b8fa9a34d7d4 | ITER: 9 START
2019-11-08 00:28:22.009 2789 INFO rally.task.runner [-] Task 1bf39f48-4c5b-4e41-bff1-b8fa9a34d7d4 | ITER: 6 END: OK
2019-11-08 00:28:22.015 2789 INFO rally.task.runner [-] Task 1bf39f48-4c5b-4e41-bff1-b8fa9a34d7d4 | ITER: 10 START
2019-11-08 00:28:25.101 2785 RALLYDEBUG rally.task.utils [-] Waiting for resource s_rally_b46112b7_i9YhV9Hb. Status changed: AVAILABLE => UPLOADING in 0.05478334426879883
2019-11-08 00:28:25.240 2789 RALLYDEBUG rally.task.utils [-] Waiting for resource s_rally_b46112b7_Rpx91FWG. Status changed: AVAILABLE => UPLOADING in 0.05684518814086914
2019-11-08 00:28:27.943 2787 RALLYDEBUG rally.task.utils [-] Waiting for resource s_rally_b46112b7_qKJY6sna. Status changed: UPLOADING => AVAILABLE in 10.327666521072388
2019-11-08 00:28:28.111 2787 RALLYDEBUG rally.task.utils [-] Waiting for resource s_rally_b46112b7_qKJY6sna. Status changed: AVAILABLE => DELETING in 0.05095529556274414
2019-11-08 00:28:28.234 2786 RALLYDEBUG rally.task.utils [-] Waiting for resource s_rally_b46112b7_UTnpsaXZ. Status changed: UPLOADING => AVAILABLE in 10.337419748306274
2019-11-08 00:28:28.405 2786 RALLYDEBUG rally.task.utils [-] Waiting for resource s_rally_b46112b7_UTnpsaXZ. Status changed: AVAILABLE => DELETING in 0.05030512809753418
2019-11-08 00:28:30.399 2787 INFO rally.task.runner [-] Task 1bf39f48-4c5b-4e41-bff1-b8fa9a34d7d4 | ITER: 8 END: OK
2019-11-08 00:28:31.439 2786 INFO rally.task.runner [-] Task 1bf39f48-4c5b-4e41-bff1-b8fa9a34d7d4 | ITER: 7 END: OK
2019-11-08 00:28:35.471 2785 RALLYDEBUG rally.task.utils [-] Waiting for resource s_rally_b46112b7_i9YhV9Hb. Status changed: UPLOADING => AVAILABLE in 10.370457172393799
2019-11-08 00:28:35.576 2789 RALLYDEBUG rally.task.utils [-] Waiting for resource s_rally_b46112b7_Rpx91FWG. Status changed: UPLOADING => AVAILABLE in 10.335553407669067
2019-11-08 00:28:35.684 2785 RALLYDEBUG rally.task.utils [-] Waiting for resource s_rally_b46112b7_i9YhV9Hb. Status changed: AVAILABLE => DELETING in 0.06883096694946289
2019-11-08 00:28:36.016 2789 RALLYDEBUG rally.task.utils [-] Waiting for resource s_rally_b46112b7_Rpx91FWG. Status changed: AVAILABLE => DELETING in 0.06744647026062012
2019-11-08 00:28:37.918 2785 INFO rally.task.runner [-] Task 1bf39f48-4c5b-4e41-bff1-b8fa9a34d7d4 | ITER: 9 END: OK
2019-11-08 00:28:38.274 2789 INFO rally.task.runner [-] Task 1bf39f48-4c5b-4e41-bff1-b8fa9a34d7d4 | ITER: 10 END: OK
2019-11-08 00:28:38.298 1845 INFO rally.task.context [-] Task 1bf39f48-4c5b-4e41-bff1-b8fa9a34d7d4 | Context cleanup@openstack cleanup() started
2019-11-08 00:28:38.301 1845 RALLYDEBUG rally_openstack.cleanup.manager [-] Cleaning up cinder backups objects
2019-11-08 00:28:39.548 1845 RALLYDEBUG rally_openstack.cleanup.manager [-] Cleaning up cinder volume_snapshots objects
2019-11-08 00:28:40.694 1845 RALLYDEBUG rally_openstack.cleanup.manager [-] Cleaning up cinder transfers objects
2019-11-08 00:28:41.832 1845 RALLYDEBUG rally_openstack.cleanup.manager [-] Cleaning up cinder volumes objects
2019-11-08 00:28:43.018 1845 RALLYDEBUG rally_openstack.cleanup.manager [-] Cleaning up glance images objects
2019-11-08 00:28:44.290 1845 INFO rally.task.context [-] Task 1bf39f48-4c5b-4e41-bff1-b8fa9a34d7d4 | Context cleanup@openstack cleanup() finished in 5.99 sec
2019-11-08 00:28:44.291 1845 INFO rally.task.context [-] Task 1bf39f48-4c5b-4e41-bff1-b8fa9a34d7d4 | Context quotas@openstack cleanup() started
2019-11-08 00:28:44.365 1845 INFO rally.task.context [-] Task 1bf39f48-4c5b-4e41-bff1-b8fa9a34d7d4 | Context quotas@openstack cleanup() finished in 73.63 msec
2019-11-08 00:28:44.365 1845 INFO rally.task.context [-] Task 1bf39f48-4c5b-4e41-bff1-b8fa9a34d7d4 | Context api_versions@openstack cleanup() started
2019-11-08 00:28:44.366 1845 INFO rally.task.context [-] Task 1bf39f48-4c5b-4e41-bff1-b8fa9a34d7d4 | Context api_versions@openstack cleanup() finished in 0.35 msec
2019-11-08 00:28:44.366 1845 INFO rally.task.context [-] Task 1bf39f48-4c5b-4e41-bff1-b8fa9a34d7d4 | Context users@openstack cleanup() started
2019-11-08 00:28:48.555 1845 INFO rally.task.context [-] Task 1bf39f48-4c5b-4e41-bff1-b8fa9a34d7d4 | Context users@openstack cleanup() finished in 4.19 sec
2019-11-08 00:28:49.920 1845 INFO rally.task.engine [-] Load duration is: 48.316386
2019-11-08 00:28:49.920 1845 INFO rally.task.engine [-] Full runner duration is: 48.973569
2019-11-08 00:28:49.921 1845 INFO rally.task.engine [-] Full duration is: 62.916291
2019-11-08 00:28:50.221 1845 INFO rally.task.engine [-] Running workload: position = 0 config = { "version": 2, "title": "A cropped version of a bigger task.", "description": "Auto-generated task from a single workload (uuid=60474b38-a3b1-467d-8ac7-04adeeb4f115)", "subtasks": [ { "title": "CinderVolumes.create_nested_snapshots_and_attach_volume", "description": "Create a volume from snapshot and attach/detach the volume", "scenario": { "CinderVolumes.create_nested_snapshots_and_attach_volume": { "flavor": { "name": "rally_full-flavor_6b18c56f-4e53-4e1e-89b8-b9af639463ce" }, "image": { "name": "rally_full-img_6b18c56f-4e53-4e1e-89b8-b9af639463ce" }, "nested_level": 1, "size": { "max": 1, "min": 1 }, "create_vm_params": { "nics": [ { "net-id": "297597d3-e8e7-4f70-bfbc-91b0d6c71147" } ] } } }, "contexts": { "users": { "tenants": 3, "users_per_tenant": 2 }, "quotas": { "cinder": { "gigabytes": -1, "snapshots": -1, "volumes": -1 } }, "api_versions": { "cinder": { "version": 3, "service_type": "volumev3" } } }, "runner": { "constant": { "concurrency": 4, "times": 10 } }, "hooks": [], "sla": { "failure_rate": { "max": 0 } } } ] }
2019-11-08 00:28:50.247 1845 RALLYDEBUG rally_openstack.contexts.keystone.users [-] Creating 3 tenants using 20 threads
2019-11-08 00:28:51.300 1845 RALLYDEBUG rally_openstack.contexts.keystone.users [-] Creating 6 users using 20 threads
2019-11-08 00:28:52.858 1845 INFO rally.task.context [-] Task 1bf39f48-4c5b-4e41-bff1-b8fa9a34d7d4 | Context users@openstack setup() finished in 2.61 sec
2019-11-08 00:28:53.260 1845 INFO rally.task.context [-] Task 1bf39f48-4c5b-4e41-bff1-b8fa9a34d7d4 | Context api_versions@openstack setup() finished in 0.40 sec
2019-11-08 00:28:54.136 1845 INFO rally.task.context [-] Task 1bf39f48-4c5b-4e41-bff1-b8fa9a34d7d4 | Context quotas@openstack setup() finished in 0.88 sec
2019-11-08 00:28:54.137 1845 INFO rally.task.context [-] Task 1bf39f48-4c5b-4e41-bff1-b8fa9a34d7d4 | Context cleanup@openstack setup() finished in 0.01 msec
2019-11-08 00:28:55.112 1845 RALLYDEBUG rally.task.runner [-] Starting the constant runner (task UUID: 1bf39f48-4c5b-4e41-bff1-b8fa9a34d7d4). times: 10 concurrency: 4 timeout: 0 max_cpu_used: 16 processes_to_start: 4 concurrency_per_worker: 1 concurrency_overhead: 0
2019-11-08 00:28:55.125 2989 RALLYDEBUG rally.task.runner [-] Starting a worker. times: 10 duration: None concurrency: 1 timeout: 0 cls: method_name: run args: {"flavor": "acbda7d5-6b6a-491f-b75e-87ac62f6d87a", "image": "bc8acf05-522e-4dfe-b20d-f2ccfa4fb8d8", "nested_level": 1, "size": {"max": 1, "min": 1}, "create_vm_params": {"nics": [{"net-id": "297597d3-e8e7-4f70-bfbc-91b0d6c71147"}]}}
2019-11-08 00:28:55.129 2990 RALLYDEBUG rally.task.runner [-] Starting a worker. times: 10 duration: None concurrency: 1 timeout: 0 cls: method_name: run args: {"flavor": "acbda7d5-6b6a-491f-b75e-87ac62f6d87a", "image": "bc8acf05-522e-4dfe-b20d-f2ccfa4fb8d8", "nested_level": 1, "size": {"max": 1, "min": 1}, "create_vm_params": {"nics": [{"net-id": "297597d3-e8e7-4f70-bfbc-91b0d6c71147"}]}}
2019-11-08 00:28:55.132 2989 INFO rally.task.runner [-] Task 1bf39f48-4c5b-4e41-bff1-b8fa9a34d7d4 | ITER: 1 START
2019-11-08 00:28:55.132 2991 RALLYDEBUG rally.task.runner [-] Starting a worker. times: 10 duration: None concurrency: 1 timeout: 0 cls: method_name: run args: {"flavor": "acbda7d5-6b6a-491f-b75e-87ac62f6d87a", "image": "bc8acf05-522e-4dfe-b20d-f2ccfa4fb8d8", "nested_level": 1, "size": {"max": 1, "min": 1}, "create_vm_params": {"nics": [{"net-id": "297597d3-e8e7-4f70-bfbc-91b0d6c71147"}]}}
2019-11-08 00:28:55.136 2993 RALLYDEBUG rally.task.runner [-] Starting a worker. times: 10 duration: None concurrency: 1 timeout: 0 cls: method_name: run args: {"flavor": "acbda7d5-6b6a-491f-b75e-87ac62f6d87a", "image": "bc8acf05-522e-4dfe-b20d-f2ccfa4fb8d8", "nested_level": 1, "size": {"max": 1, "min": 1}, "create_vm_params": {"nics": [{"net-id": "297597d3-e8e7-4f70-bfbc-91b0d6c71147"}]}}
2019-11-08 00:28:55.136 2990 INFO rally.task.runner [-] Task 1bf39f48-4c5b-4e41-bff1-b8fa9a34d7d4 | ITER: 2 START
2019-11-08 00:28:55.139 2991 INFO rally.task.runner [-] Task 1bf39f48-4c5b-4e41-bff1-b8fa9a34d7d4 | ITER: 3 START
2019-11-08 00:28:55.142 2993 INFO rally.task.runner [-] Task 1bf39f48-4c5b-4e41-bff1-b8fa9a34d7d4 | ITER: 4 START
2019-11-08 00:29:02.264 2993 RALLYDEBUG rally.task.utils [-] Waiting for resource s_rally_60474b38_kOUggmiL. Status changed: BUILD => ACTIVE in 4.704156398773193
2019-11-08 00:29:02.399 2990 RALLYDEBUG rally.task.utils [-] Waiting for resource s_rally_60474b38_VYXNgNYe. Status changed: BUILD => ACTIVE in 4.732971429824829
2019-11-08 00:29:04.608 2989 RALLYDEBUG rally.task.utils [-] Waiting for resource s_rally_60474b38_D0xF4W1j. Status changed: BUILD => ACTIVE in 7.0776495933532715
2019-11-08 00:29:07.106 2991 RALLYDEBUG rally.task.utils [-] Waiting for resource s_rally_60474b38_d0D9AYBx. Status changed: BUILD => ACTIVE in 9.284687280654907
2019-11-08 00:29:07.749 2990 RALLYDEBUG rally.task.utils [-] Waiting for resource s_rally_60474b38_685OXvmC. Status changed: AVAILABLE => RESERVED in 0.41752004623413086
2019-11-08 00:29:07.944 2993 RALLYDEBUG rally.task.utils [-] Waiting for resource s_rally_60474b38_St7YYK9w. Status changed: AVAILABLE => RESERVED in 0.40396738052368164
2019-11-08 00:29:09.873 2989 RALLYDEBUG rally.task.utils [-] Waiting for resource s_rally_60474b38_5ojXjXnv. Status changed: AVAILABLE => RESERVED in 0.4088871479034424
2019-11-08 00:29:10.162 2990 RALLYDEBUG rally.task.utils [-] Waiting for resource s_rally_60474b38_685OXvmC. Status changed: RESERVED => IN-USE in 2.412658214569092
2019-11-08 00:29:10.349 2993 RALLYDEBUG rally.task.utils [-] Waiting for resource s_rally_60474b38_St7YYK9w. Status changed: RESERVED => IN-USE in 2.4059581756591797
2019-11-08 00:29:10.745 2990 RALLYDEBUG rally.task.utils [-] Waiting for resource s_rally_60474b38_685OXvmC. Status changed: AVAILABLE => DETACHING in 0.41192102432250977
2019-11-08 00:29:10.928 2993 RALLYDEBUG rally.task.utils [-] Waiting for resource s_rally_60474b38_St7YYK9w. Status changed: AVAILABLE => DETACHING in 0.4223823547363281
2019-11-08 00:29:12.274 2989 RALLYDEBUG rally.task.utils [-] Waiting for resource s_rally_60474b38_5ojXjXnv. Status changed: RESERVED => IN-USE in 2.400838851928711
2019-11-08 00:29:12.436 2991 RALLYDEBUG rally.task.utils [-] Waiting for resource s_rally_60474b38_1FCCT61W. Status changed: AVAILABLE => RESERVED in 0.4209153652191162
2019-11-08 00:29:12.916 2989 RALLYDEBUG rally.task.utils [-] Waiting for resource s_rally_60474b38_5ojXjXnv. Status changed: AVAILABLE => DETACHING in 0.4169747829437256
2019-11-08 00:29:13.152 2990 RALLYDEBUG rally.task.utils [-] Waiting for resource s_rally_60474b38_685OXvmC. Status changed: DETACHING => AVAILABLE in 2.4063384532928467
2019-11-08 00:29:13.236 2990 RALLYDEBUG rally.task.utils [-] Waiting for resource s_rally_60474b38_ziKE4z4f. Status changed: AVAILABLE => DELETING in 0.02680683135986328
2019-11-08 00:29:13.325 2993 RALLYDEBUG rally.task.utils [-] Waiting for resource s_rally_60474b38_St7YYK9w. Status changed: DETACHING => AVAILABLE in 2.3971140384674072
2019-11-08 00:29:13.432 2993 RALLYDEBUG rally.task.utils [-] Waiting for resource s_rally_60474b38_NKzGXxj7. Status changed: AVAILABLE => DELETING in 0.02945852279663086
2019-11-08 00:29:14.870 2991 RALLYDEBUG rally.task.utils [-] Waiting for resource s_rally_60474b38_1FCCT61W. Status changed: RESERVED => IN-USE in 2.433253526687622
2019-11-08 00:29:15.338 2989 RALLYDEBUG rally.task.utils [-] Waiting for resource s_rally_60474b38_5ojXjXnv. Status changed: DETACHING => AVAILABLE in 2.421806812286377
2019-11-08 00:29:15.381 2990 RALLYDEBUG rally.task.utils [-] Waiting for resource s_rally_60474b38_685OXvmC. Status changed: AVAILABLE => DELETING in 0.05945301055908203
2019-11-08 00:29:15.424 2989 RALLYDEBUG rally.task.utils [-] Waiting for resource s_rally_60474b38_yDmuUUll. Status changed: AVAILABLE => DELETING in 0.024448394775390625
2019-11-08 00:29:15.463 2991 RALLYDEBUG rally.task.utils [-] Waiting for resource s_rally_60474b38_1FCCT61W. Status changed: AVAILABLE => DETACHING in 0.41001033782958984
2019-11-08 00:29:15.584 2993 RALLYDEBUG rally.task.utils [-] Waiting for resource s_rally_60474b38_St7YYK9w. Status changed: AVAILABLE => DELETING in 0.06251931190490723
2019-11-08 00:29:17.584 2989 RALLYDEBUG rally.task.utils [-] Waiting for resource s_rally_60474b38_5ojXjXnv. Status changed: AVAILABLE => DELETING in 0.06279993057250977
2019-11-08 00:29:17.995 2991 RALLYDEBUG rally.task.utils [-] Waiting for resource s_rally_60474b38_1FCCT61W. Status changed: DETACHING => AVAILABLE in 2.532135009765625
2019-11-08 00:29:18.080 2991 RALLYDEBUG rally.task.utils [-] Waiting for resource s_rally_60474b38_Q1s9UoAk. Status changed: AVAILABLE => DELETING in 0.024838685989379883
2019-11-08 00:29:19.909 2990 INFO rally.task.runner [-] Task 1bf39f48-4c5b-4e41-bff1-b8fa9a34d7d4 | ITER: 2 END: OK
2019-11-08 00:29:19.915 2990 INFO rally.task.runner [-] Task 1bf39f48-4c5b-4e41-bff1-b8fa9a34d7d4 | ITER: 5 START
2019-11-08 00:29:20.085 2993 INFO rally.task.runner [-] Task 1bf39f48-4c5b-4e41-bff1-b8fa9a34d7d4 | ITER: 4 END: OK
2019-11-08 00:29:20.092 2993 INFO rally.task.runner [-] Task 1bf39f48-4c5b-4e41-bff1-b8fa9a34d7d4 | ITER: 6 START
2019-11-08 00:29:20.214 2991 RALLYDEBUG rally.task.utils [-] Waiting for resource s_rally_60474b38_1FCCT61W. Status changed: AVAILABLE => DELETING in 0.05157184600830078
2019-11-08 00:29:22.076 2989 INFO rally.task.runner [-] Task 1bf39f48-4c5b-4e41-bff1-b8fa9a34d7d4 | ITER: 1 END: OK
2019-11-08 00:29:22.083 2989 INFO rally.task.runner [-] Task 1bf39f48-4c5b-4e41-bff1-b8fa9a34d7d4 | ITER: 7 START
2019-11-08 00:29:24.616 2991 INFO rally.task.runner [-] Task 1bf39f48-4c5b-4e41-bff1-b8fa9a34d7d4 | ITER: 3 END: OK
2019-11-08 00:29:24.621 2991 INFO rally.task.runner [-] Task 1bf39f48-4c5b-4e41-bff1-b8fa9a34d7d4 | ITER: 8 START
2019-11-08 00:29:26.855 2993 RALLYDEBUG rally.task.utils [-] Waiting for resource s_rally_60474b38_CDR2ZVxA. Status changed: BUILD => ACTIVE in 4.575433015823364
2019-11-08 00:29:26.876 2990 RALLYDEBUG rally.task.utils [-] Waiting for resource s_rally_60474b38_5MvZiTyn. Status changed: BUILD => ACTIVE in 4.726913213729858
2019-11-08 00:29:31.607 2989 RALLYDEBUG rally.task.utils [-] Waiting for resource s_rally_60474b38_eZCyht4Z. Status changed: BUILD => ACTIVE in 7.186145782470703
2019-11-08 00:29:32.093 2990 RALLYDEBUG rally.task.utils [-] Waiting for resource s_rally_60474b38_sA362XaD. Status changed: AVAILABLE => RESERVED in 0.4122331142425537
2019-11-08 00:29:32.096 2993 RALLYDEBUG rally.task.utils [-] Waiting for resource s_rally_60474b38_G4F0KjGm. Status changed: AVAILABLE => RESERVED in 0.4103727340698242
2019-11-08 00:29:33.898 2991 RALLYDEBUG rally.task.utils [-] Waiting for resource s_rally_60474b38_GhsuAnpg. Status changed: BUILD => ACTIVE in 6.888769626617432
2019-11-08 00:29:34.495 2993 RALLYDEBUG rally.task.utils [-] Waiting for resource s_rally_60474b38_G4F0KjGm. Status changed: RESERVED => IN-USE in 2.399873733520508
2019-11-08 00:29:34.501 2990 RALLYDEBUG rally.task.utils [-] Waiting for resource s_rally_60474b38_sA362XaD. Status changed: RESERVED => IN-USE in 2.407770872116089
2019-11-08 00:29:35.070 2990 RALLYDEBUG rally.task.utils [-] Waiting for resource s_rally_60474b38_sA362XaD. Status changed: AVAILABLE => DETACHING in 0.41353511810302734
2019-11-08 00:29:35.124 2993 RALLYDEBUG rally.task.utils [-] Waiting for resource s_rally_60474b38_G4F0KjGm. Status changed: AVAILABLE => DETACHING in 0.4175248146057129
2019-11-08 00:29:36.888 2989 RALLYDEBUG rally.task.utils [-] Waiting for resource s_rally_60474b38_gB17owRZ. Status changed: AVAILABLE => RESERVED in 0.42092251777648926
2019-11-08 00:29:37.501 2990 RALLYDEBUG rally.task.utils [-] Waiting for resource s_rally_60474b38_sA362XaD. Status changed: DETACHING => AVAILABLE in 2.4308595657348633
2019-11-08 00:29:37.545 2993 RALLYDEBUG rally.task.utils [-] Waiting for resource s_rally_60474b38_G4F0KjGm. Status changed: DETACHING => AVAILABLE in 2.4204413890838623
2019-11-08 00:29:37.599 2990 RALLYDEBUG rally.task.utils [-] Waiting for resource s_rally_60474b38_2nQBIgNc. Status changed: AVAILABLE => DELETING in 0.02572917938232422
2019-11-08 00:29:37.630 2993 RALLYDEBUG rally.task.utils [-] Waiting for resource s_rally_60474b38_tNev0D2o. Status changed: AVAILABLE => DELETING in 0.026224374771118164
2019-11-08 00:29:39.185 2991 RALLYDEBUG rally.task.utils [-] Waiting for resource s_rally_60474b38_vEJMDezR. Status changed: AVAILABLE => RESERVED in 0.4300861358642578
2019-11-08 00:29:39.318 2989 RALLYDEBUG rally.task.utils [-] Waiting for resource s_rally_60474b38_gB17owRZ. Status changed: RESERVED => IN-USE in 2.4299795627593994
2019-11-08 00:29:39.741 2990 RALLYDEBUG rally.task.utils [-] Waiting for resource s_rally_60474b38_sA362XaD. Status changed: AVAILABLE => DELETING in 0.0563206672668457
2019-11-08 00:29:39.772 2993 RALLYDEBUG rally.task.utils [-] Waiting for resource s_rally_60474b38_G4F0KjGm. Status changed: AVAILABLE => DELETING in 0.05902695655822754
2019-11-08 00:29:39.900 2989 RALLYDEBUG rally.task.utils [-] Waiting for resource s_rally_60474b38_gB17owRZ. Status changed: AVAILABLE => DETACHING in 0.41855692863464355
2019-11-08 00:29:41.621 2991 RALLYDEBUG rally.task.utils [-] Waiting for resource s_rally_60474b38_vEJMDezR. Status changed: RESERVED => IN-USE in 2.43623685836792
2019-11-08 00:29:42.281 2991 RALLYDEBUG rally.task.utils [-] Waiting for resource s_rally_60474b38_vEJMDezR. Status changed: AVAILABLE => DETACHING in 0.422558069229126
2019-11-08 00:29:42.309 2989 RALLYDEBUG rally.task.utils [-] Waiting for resource s_rally_60474b38_gB17owRZ. Status changed: DETACHING => AVAILABLE in 2.408543348312378
2019-11-08 00:29:42.392 2989 RALLYDEBUG rally.task.utils [-] Waiting for resource s_rally_60474b38_CcHJbLpl. Status changed: AVAILABLE => DELETING in 0.02525472640991211
2019-11-08 00:29:44.167 2993 INFO rally.task.runner [-] Task 1bf39f48-4c5b-4e41-bff1-b8fa9a34d7d4 | ITER: 6 END: OK
2019-11-08 00:29:44.172 2993 INFO rally.task.runner [-] Task 1bf39f48-4c5b-4e41-bff1-b8fa9a34d7d4 | ITER: 9 START
2019-11-08 00:29:44.189 2990 INFO rally.task.runner [-] Task 1bf39f48-4c5b-4e41-bff1-b8fa9a34d7d4 | ITER: 5 END: OK
2019-11-08 00:29:44.193 2990 INFO rally.task.runner [-] Task 1bf39f48-4c5b-4e41-bff1-b8fa9a34d7d4 | ITER: 10 START
2019-11-08 00:29:44.538 2989 RALLYDEBUG rally.task.utils [-] Waiting for resource s_rally_60474b38_gB17owRZ. Status changed: AVAILABLE => DELETING in 0.0533602237701416
2019-11-08 00:29:44.695 2991 RALLYDEBUG rally.task.utils [-] Waiting for resource s_rally_60474b38_vEJMDezR. Status changed: DETACHING => AVAILABLE in 2.414808511734009
2019-11-08 00:29:44.788 2991 RALLYDEBUG rally.task.utils [-] Waiting for resource s_rally_60474b38_yRleyUS3. Status changed: AVAILABLE => DELETING in 0.03238034248352051
2019-11-08 00:29:46.932 2991 RALLYDEBUG rally.task.utils [-] Waiting for resource s_rally_60474b38_vEJMDezR. Status changed: AVAILABLE => DELETING in 0.05252480506896973
2019-11-08 00:29:48.912 2989 INFO rally.task.runner [-] Task 1bf39f48-4c5b-4e41-bff1-b8fa9a34d7d4 | ITER: 7 END: OK
2019-11-08 00:29:50.996 2993 RALLYDEBUG rally.task.utils [-] Waiting for resource s_rally_60474b38_C1sPzvYn. Status changed: BUILD => ACTIVE in 4.590992212295532
2019-11-08 00:29:51.039 2990 RALLYDEBUG rally.task.utils [-] Waiting for resource s_rally_60474b38_vVm16ihF. Status changed: BUILD => ACTIVE in 4.593595266342163
2019-11-08 00:29:51.293 2991 INFO rally.task.runner [-] Task 1bf39f48-4c5b-4e41-bff1-b8fa9a34d7d4 | ITER: 8 END: OK
2019-11-08 00:29:56.230 2993 RALLYDEBUG rally.task.utils [-] Waiting for resource s_rally_60474b38_vjL99rxQ. Status changed: AVAILABLE => RESERVED in 0.4109504222869873
2019-11-08 00:29:56.267 2990 RALLYDEBUG rally.task.utils [-] Waiting for resource s_rally_60474b38_hMP286cF. Status changed: AVAILABLE => RESERVED in 0.4087245464324951
2019-11-08 00:29:58.643 2993 RALLYDEBUG rally.task.utils [-] Waiting for resource s_rally_60474b38_vjL99rxQ. Status changed: RESERVED => IN-USE in 2.41213321685791
2019-11-08 00:29:58.684 2990 RALLYDEBUG rally.task.utils [-] Waiting for resource s_rally_60474b38_hMP286cF. Status changed: RESERVED => IN-USE in 2.4168057441711426
2019-11-08 00:29:59.213 2993 RALLYDEBUG rally.task.utils [-] Waiting for resource s_rally_60474b38_vjL99rxQ. Status changed: AVAILABLE => DETACHING in 0.39614200592041016
2019-11-08 00:29:59.256 2990 RALLYDEBUG rally.task.utils [-] Waiting for resource s_rally_60474b38_hMP286cF. Status changed: AVAILABLE => DETACHING in 0.40064358711242676
2019-11-08 00:30:01.630 2993 RALLYDEBUG rally.task.utils [-] Waiting for resource s_rally_60474b38_vjL99rxQ. Status changed: DETACHING => AVAILABLE in 2.416153907775879
2019-11-08 00:30:01.656 2990 RALLYDEBUG rally.task.utils [-] Waiting for resource s_rally_60474b38_hMP286cF. Status changed: DETACHING => AVAILABLE in 2.4003541469573975
2019-11-08 00:30:01.713 2993 RALLYDEBUG rally.task.utils [-] Waiting for resource s_rally_60474b38_JewU7Zlz. Status changed: AVAILABLE => DELETING in 0.025367021560668945
2019-11-08 00:30:01.753 2990 RALLYDEBUG rally.task.utils [-] Waiting for resource s_rally_60474b38_684IluG6. Status changed: AVAILABLE => DELETING in 0.028882265090942383
2019-11-08 00:30:03.916 2990 RALLYDEBUG rally.task.utils [-] Waiting for resource s_rally_60474b38_hMP286cF. Status changed: AVAILABLE => DELETING in 0.06492996215820312
2019-11-08 00:30:04.042 2993 RALLYDEBUG rally.task.utils [-] Waiting for resource s_rally_60474b38_vjL99rxQ. Status changed: AVAILABLE => DELETING in 0.21999263763427734
2019-11-08 00:30:08.386 2990 INFO rally.task.runner [-] Task 1bf39f48-4c5b-4e41-bff1-b8fa9a34d7d4 | ITER: 10 END: OK
2019-11-08 00:30:08.478 2993 INFO rally.task.runner [-] Task 1bf39f48-4c5b-4e41-bff1-b8fa9a34d7d4 | ITER: 9 END: OK
2019-11-08 00:30:08.507 1845 INFO rally.task.context [-] Task 1bf39f48-4c5b-4e41-bff1-b8fa9a34d7d4 | Context cleanup@openstack cleanup() started
2019-11-08 00:30:08.516 1845 RALLYDEBUG rally_openstack.cleanup.manager [-] Cleaning up nova servers objects
2019-11-08 00:30:09.889 1845 RALLYDEBUG rally_openstack.cleanup.manager [-] Cleaning up nova server_groups objects
2019-11-08 00:30:10.990 1845 RALLYDEBUG rally_openstack.cleanup.manager [-] Cleaning up nova keypairs objects
2019-11-08 00:30:13.436 1845 RALLYDEBUG rally_openstack.cleanup.manager [-] Cleaning up cinder backups objects
2019-11-08 00:30:14.696 1845 RALLYDEBUG rally_openstack.cleanup.manager [-] Cleaning up cinder volume_snapshots objects
2019-11-08 00:30:15.832 1845 RALLYDEBUG rally_openstack.cleanup.manager [-] Cleaning up cinder transfers objects
2019-11-08 00:30:16.933 1845 RALLYDEBUG rally_openstack.cleanup.manager [-] Cleaning up cinder volumes objects
2019-11-08 00:30:18.168 1845 INFO rally.task.context [-] Task 1bf39f48-4c5b-4e41-bff1-b8fa9a34d7d4 | Context cleanup@openstack cleanup() finished in 9.66 sec
2019-11-08 00:30:18.169 1845 INFO rally.task.context [-] Task 1bf39f48-4c5b-4e41-bff1-b8fa9a34d7d4 | Context quotas@openstack cleanup() started
2019-11-08 00:30:18.249 1845 INFO rally.task.context [-] Task 1bf39f48-4c5b-4e41-bff1-b8fa9a34d7d4 | Context quotas@openstack cleanup() finished in 79.63 msec
2019-11-08 00:30:18.249 1845 INFO rally.task.context [-] Task 1bf39f48-4c5b-4e41-bff1-b8fa9a34d7d4 | Context api_versions@openstack cleanup() started
2019-11-08 00:30:18.249 1845 INFO rally.task.context [-] Task 1bf39f48-4c5b-4e41-bff1-b8fa9a34d7d4 | Context api_versions@openstack cleanup() finished in 0.38 msec
2019-11-08 00:30:18.250 1845 INFO rally.task.context [-] Task 1bf39f48-4c5b-4e41-bff1-b8fa9a34d7d4 | Context users@openstack cleanup() started
2019-11-08 00:30:22.350 1845 INFO rally.task.context [-] Task 1bf39f48-4c5b-4e41-bff1-b8fa9a34d7d4 | Context users@openstack cleanup() finished in 4.10 sec
2019-11-08 00:30:22.686 1845 INFO rally.task.engine [-] Load duration is: 72.341413
2019-11-08 00:30:22.686 1845 INFO rally.task.engine [-] Full runner duration is: 73.394824
2019-11-08 00:30:22.687 1845 INFO rally.task.engine [-] Full duration is: 92.106028
2019-11-08 00:30:23.054 1845 INFO rally.task.engine [-] Running workload: position = 0 config = { "version": 2, "title": "A cropped version of a bigger task.", "description": "Auto-generated task from a single workload (uuid=af90f6fb-1b65-4d69-a54d-73402510e1df)", "subtasks": [ { "title": "CinderVolumes.create_snapshot_and_attach_volume", "description": "Create vm, volume, snapshot and attach/detach volume.", "scenario": { "CinderVolumes.create_snapshot_and_attach_volume": { "flavor": { "name": "rally_full-flavor_6b18c56f-4e53-4e1e-89b8-b9af639463ce" }, "image": { "name": "rally_full-img_6b18c56f-4e53-4e1e-89b8-b9af639463ce" }, "size": { "min": 1, "max": 1 }, "create_vm_params": { "nics": [ { "net-id": "297597d3-e8e7-4f70-bfbc-91b0d6c71147" } ] } } }, "contexts": { "users": { "tenants": 3, "users_per_tenant": 2 }, "quotas": { "cinder": { "gigabytes": -1, "snapshots": -1, "volumes": -1 } }, "api_versions": { "cinder": { "version": 3, "service_type": "volumev3" } } }, "runner": { "constant": { "concurrency": 4, "times": 10 } }, "hooks": [], "sla": { "failure_rate": { "max": 0 } } } ] }
2019-11-08 00:30:23.079 1845 RALLYDEBUG rally_openstack.contexts.keystone.users [-] Creating 3 tenants using 20 threads
2019-11-08 00:30:24.070 1845 RALLYDEBUG rally_openstack.contexts.keystone.users [-] Creating 6 users using 20 threads
2019-11-08 00:30:25.566 1845 INFO rally.task.context [-] Task 1bf39f48-4c5b-4e41-bff1-b8fa9a34d7d4 | Context users@openstack setup() finished in 2.49 sec
2019-11-08 00:30:25.966 1845 INFO rally.task.context [-] Task 1bf39f48-4c5b-4e41-bff1-b8fa9a34d7d4 | Context api_versions@openstack setup() finished in 0.40 sec
2019-11-08 00:30:26.804 1845 INFO rally.task.context [-] Task 1bf39f48-4c5b-4e41-bff1-b8fa9a34d7d4 | Context quotas@openstack setup() finished in 0.84 sec
2019-11-08 00:30:26.804 1845 INFO rally.task.context [-] Task 1bf39f48-4c5b-4e41-bff1-b8fa9a34d7d4 | Context cleanup@openstack setup() finished in 0.03 msec
2019-11-08 00:30:27.825 1845 RALLYDEBUG rally.task.runner [-] Starting the constant runner (task UUID: 1bf39f48-4c5b-4e41-bff1-b8fa9a34d7d4). times: 10 concurrency: 4 timeout: 0 max_cpu_used: 16 processes_to_start: 4 concurrency_per_worker: 1 concurrency_overhead: 0
2019-11-08 00:30:27.838 3233 RALLYDEBUG rally.task.runner [-] Starting a worker. times: 10 duration: None concurrency: 1 timeout: 0 cls: method_name: run args: {"flavor": "acbda7d5-6b6a-491f-b75e-87ac62f6d87a", "image": "bc8acf05-522e-4dfe-b20d-f2ccfa4fb8d8", "size": {"min": 1, "max": 1}, "create_vm_params": {"nics": [{"net-id": "297597d3-e8e7-4f70-bfbc-91b0d6c71147"}]}}
2019-11-08 00:30:27.841 3234 RALLYDEBUG rally.task.runner [-] Starting a worker. times: 10 duration: None concurrency: 1 timeout: 0 cls: method_name: run args: {"flavor": "acbda7d5-6b6a-491f-b75e-87ac62f6d87a", "image": "bc8acf05-522e-4dfe-b20d-f2ccfa4fb8d8", "size": {"min": 1, "max": 1}, "create_vm_params": {"nics": [{"net-id": "297597d3-e8e7-4f70-bfbc-91b0d6c71147"}]}}
2019-11-08 00:30:27.845 3233 INFO rally.task.runner [-] Task 1bf39f48-4c5b-4e41-bff1-b8fa9a34d7d4 | ITER: 1 START
2019-11-08 00:30:27.845 3235 RALLYDEBUG rally.task.runner [-] Starting a worker. times: 10 duration: None concurrency: 1 timeout: 0 cls: method_name: run args: {"flavor": "acbda7d5-6b6a-491f-b75e-87ac62f6d87a", "image": "bc8acf05-522e-4dfe-b20d-f2ccfa4fb8d8", "size": {"min": 1, "max": 1}, "create_vm_params": {"nics": [{"net-id": "297597d3-e8e7-4f70-bfbc-91b0d6c71147"}]}}
2019-11-08 00:30:27.849 3234 INFO rally.task.runner [-] Task 1bf39f48-4c5b-4e41-bff1-b8fa9a34d7d4 | ITER: 2 START
2019-11-08 00:30:27.849 3236 RALLYDEBUG rally.task.runner [-] Starting a worker. times: 10 duration: None concurrency: 1 timeout: 0 cls: method_name: run args: {"flavor": "acbda7d5-6b6a-491f-b75e-87ac62f6d87a", "image": "bc8acf05-522e-4dfe-b20d-f2ccfa4fb8d8", "size": {"min": 1, "max": 1}, "create_vm_params": {"nics": [{"net-id": "297597d3-e8e7-4f70-bfbc-91b0d6c71147"}]}}
2019-11-08 00:30:27.852 3235 INFO rally.task.runner [-] Task 1bf39f48-4c5b-4e41-bff1-b8fa9a34d7d4 | ITER: 3 START
2019-11-08 00:30:27.856 3236 INFO rally.task.runner [-] Task 1bf39f48-4c5b-4e41-bff1-b8fa9a34d7d4 | ITER: 4 START
2019-11-08 00:30:39.362 3235 RALLYDEBUG rally.task.utils [-] Waiting for resource s_rally_af90f6fb_strzvlKV. Status changed: BUILD => ACTIVE in 4.470856189727783
2019-11-08 00:30:39.420 3236 RALLYDEBUG rally.task.utils [-] Waiting for resource s_rally_af90f6fb_IknhhwHk. Status changed: BUILD => ACTIVE in 4.570173501968384
2019-11-08 00:30:40.065 3235 RALLYDEBUG rally.task.utils [-] Waiting for resource s_rally_af90f6fb_SYrbflgq. Status changed: AVAILABLE => RESERVED in 0.4220418930053711
2019-11-08 00:30:40.424 3236 RALLYDEBUG rally.task.utils [-] Waiting for resource s_rally_af90f6fb_rEjoyxsC. Status changed: AVAILABLE => RESERVED in 0.4219224452972412
2019-11-08 00:30:41.763 3233 RALLYDEBUG rally.task.utils [-] Waiting for resource s_rally_af90f6fb_56Vm2uYS. Status changed: BUILD => ACTIVE in 6.845185041427612
2019-11-08 00:30:42.141 3234 RALLYDEBUG rally.task.utils [-] Waiting for resource s_rally_af90f6fb_VTkMtyAN. Status changed: BUILD => ACTIVE in 6.85071325302124
2019-11-08 00:30:42.452 3233 RALLYDEBUG rally.task.utils [-] Waiting for resource s_rally_af90f6fb_dJYuR1rW. Status changed: AVAILABLE => RESERVED in 0.4326190948486328
2019-11-08 00:30:42.475 3235 RALLYDEBUG rally.task.utils [-] Waiting for resource s_rally_af90f6fb_SYrbflgq. Status changed: RESERVED => IN-USE in 2.4105265140533447
2019-11-08 00:30:42.830 3236 RALLYDEBUG rally.task.utils [-] Waiting for resource s_rally_af90f6fb_rEjoyxsC. Status changed: RESERVED => IN-USE in 2.4055049419403076
2019-11-08 00:30:42.844 3234 RALLYDEBUG rally.task.utils [-] Waiting for resource s_rally_af90f6fb_E8wYoYQ8. Status changed: AVAILABLE => RESERVED in 0.4043009281158447
2019-11-08 00:30:43.025 3235 RALLYDEBUG rally.task.utils [-] Waiting for resource s_rally_af90f6fb_SYrbflgq. Status changed: AVAILABLE => DETACHING in 0.4026954174041748
2019-11-08 00:30:43.415 3236 RALLYDEBUG rally.task.utils [-] Waiting for resource s_rally_af90f6fb_rEjoyxsC. Status changed: AVAILABLE => DETACHING in 0.40874481201171875
2019-11-08 00:30:44.865 3233 RALLYDEBUG rally.task.utils [-] Waiting for resource s_rally_af90f6fb_dJYuR1rW. Status changed: RESERVED => IN-USE in 2.4132773876190186
2019-11-08 00:30:45.253 3234 RALLYDEBUG rally.task.utils [-] Waiting for resource s_rally_af90f6fb_E8wYoYQ8. Status changed: RESERVED => IN-USE in 2.409374475479126
2019-11-08 00:30:45.419 3233 RALLYDEBUG rally.task.utils [-] Waiting for resource s_rally_af90f6fb_dJYuR1rW. Status changed: AVAILABLE => DETACHING in 0.3906261920928955
2019-11-08 00:30:45.421 3235 RALLYDEBUG rally.task.utils [-] Waiting for resource s_rally_af90f6fb_SYrbflgq. Status changed: DETACHING => AVAILABLE in 2.3958868980407715
2019-11-08 00:30:45.511 3235 RALLYDEBUG rally.task.utils [-] Waiting for resource s_rally_af90f6fb_kcomeY6X. Status changed: AVAILABLE => DELETING in 0.026210308074951172
2019-11-08 00:30:45.811 3236 RALLYDEBUG rally.task.utils [-] Waiting for resource s_rally_af90f6fb_rEjoyxsC. Status changed: DETACHING => AVAILABLE in 2.3958687782287598
2019-11-08 00:30:45.815 3234 RALLYDEBUG rally.task.utils [-] Waiting for resource s_rally_af90f6fb_E8wYoYQ8. Status changed: AVAILABLE => DETACHING in 0.39826440811157227
2019-11-08 00:30:45.898 3236 RALLYDEBUG rally.task.utils [-] Waiting for resource s_rally_af90f6fb_NusKUsUr. Status changed: AVAILABLE => DELETING in 0.02796339988708496
2019-11-08 00:30:47.671 3235 RALLYDEBUG rally.task.utils [-] Waiting for resource s_rally_af90f6fb_SYrbflgq. Status changed: AVAILABLE => DELETING in 0.060773611068725586
2019-11-08 00:30:48.049 3236 RALLYDEBUG rally.task.utils [-] Waiting for resource s_rally_af90f6fb_rEjoyxsC. Status changed: AVAILABLE => DELETING in 0.060759544372558594
2019-11-08 00:30:48.135 3233 RALLYDEBUG rally.task.utils [-] Waiting for resource s_rally_af90f6fb_dJYuR1rW. Status changed: DETACHING => AVAILABLE in 2.7160112857818604
2019-11-08 00:30:48.229 3233 RALLYDEBUG rally.task.utils [-] Waiting for resource s_rally_af90f6fb_7V9GxaHL. Status changed: AVAILABLE => DELETING in 0.025171279907226562
2019-11-08 00:30:48.230 3234 RALLYDEBUG rally.task.utils [-] Waiting for resource s_rally_af90f6fb_E8wYoYQ8. Status changed: DETACHING => AVAILABLE in 2.414884567260742
2019-11-08 00:30:48.320 3234 RALLYDEBUG rally.task.utils [-] Waiting for resource s_rally_af90f6fb_a7S2u2J4. Status changed: AVAILABLE => DELETING in 0.027223825454711914
2019-11-08 00:30:50.366 3233 RALLYDEBUG rally.task.utils [-] Waiting for resource s_rally_af90f6fb_dJYuR1rW. Status changed: AVAILABLE => DELETING in 0.057286977767944336
2019-11-08 00:30:50.476 3234 RALLYDEBUG rally.task.utils [-] Waiting for resource s_rally_af90f6fb_E8wYoYQ8. Status changed: AVAILABLE => DELETING in 0.05958056449890137
2019-11-08 00:30:52.213 3235 INFO rally.task.runner [-] Task 1bf39f48-4c5b-4e41-bff1-b8fa9a34d7d4 | ITER: 3 END: OK
2019-11-08 00:30:52.221 3235 INFO rally.task.runner [-] Task 1bf39f48-4c5b-4e41-bff1-b8fa9a34d7d4 | ITER: 5 START
2019-11-08 00:30:52.499 3236 INFO rally.task.runner [-] Task 1bf39f48-4c5b-4e41-bff1-b8fa9a34d7d4 | ITER: 4 END: OK
2019-11-08 00:30:52.505 3236 INFO rally.task.runner [-] Task 1bf39f48-4c5b-4e41-bff1-b8fa9a34d7d4 | ITER: 6 START
2019-11-08 00:30:54.865 3234 INFO rally.task.runner [-] Task 1bf39f48-4c5b-4e41-bff1-b8fa9a34d7d4 | ITER: 2 END: OK
2019-11-08 00:30:54.869 3234 INFO rally.task.runner [-] Task 1bf39f48-4c5b-4e41-bff1-b8fa9a34d7d4 | ITER: 7 START
2019-11-08 00:30:54.943 3233 INFO rally.task.runner [-] Task 1bf39f48-4c5b-4e41-bff1-b8fa9a34d7d4 | ITER: 1 END: OK
2019-11-08 00:30:54.947 3233 INFO rally.task.runner [-] Task 1bf39f48-4c5b-4e41-bff1-b8fa9a34d7d4 | ITER: 8 START
2019-11-08 00:31:01.717 3236 RALLYDEBUG rally.task.utils [-] Waiting for resource s_rally_af90f6fb_mutu0khv. Status changed: BUILD => ACTIVE in 2.4865469932556152
2019-11-08 00:31:02.665 3236 RALLYDEBUG rally.task.utils [-] Waiting for resource s_rally_af90f6fb_KWR144ui. Status changed: AVAILABLE => ATTACHING in 0.7060339450836182
2019-11-08 00:31:03.958 3235 RALLYDEBUG rally.task.utils [-] Waiting for resource s_rally_af90f6fb_eC5UanrD. Status changed: BUILD => ACTIVE in 4.830479621887207
2019-11-08 00:31:04.665 3235 RALLYDEBUG rally.task.utils [-] Waiting for resource s_rally_af90f6fb_IxaFQ2Hm. Status changed: AVAILABLE => RESERVED in 0.39444470405578613
2019-11-08 00:31:05.078 3236 RALLYDEBUG rally.task.utils [-] Waiting for resource s_rally_af90f6fb_KWR144ui. Status changed: ATTACHING => IN-USE in 2.4132678508758545
2019-11-08 00:31:05.682 3236 RALLYDEBUG rally.task.utils [-] Waiting for resource s_rally_af90f6fb_KWR144ui. Status changed: AVAILABLE => DETACHING in 0.42406749725341797
2019-11-08 00:31:06.223 3234 RALLYDEBUG rally.task.utils [-] Waiting for resource s_rally_af90f6fb_6EoVIw9b. Status changed: BUILD => ACTIVE in 4.6653101444244385
2019-11-08 00:31:07.015 3234 RALLYDEBUG rally.task.utils [-] Waiting for resource s_rally_af90f6fb_2kRJNtAT. Status changed: AVAILABLE => RESERVED in 0.5270297527313232
2019-11-08 00:31:07.063 3235 RALLYDEBUG rally.task.utils [-] Waiting for resource s_rally_af90f6fb_IxaFQ2Hm. Status changed: RESERVED => IN-USE in 2.397448778152466
2019-11-08 00:31:07.646 3235 RALLYDEBUG rally.task.utils [-] Waiting for resource s_rally_af90f6fb_IxaFQ2Hm. Status changed: AVAILABLE => DETACHING in 0.4324357509613037
2019-11-08 00:31:08.086 3236 RALLYDEBUG rally.task.utils [-] Waiting for resource s_rally_af90f6fb_KWR144ui. Status changed: DETACHING => AVAILABLE in 2.403109550476074
2019-11-08 00:31:08.209 3236 RALLYDEBUG rally.task.utils [-] Waiting for resource s_rally_af90f6fb_jJyBFvCw. Status changed: AVAILABLE => DELETING in 0.029323339462280273
2019-11-08 00:31:08.820 3233 RALLYDEBUG rally.task.utils [-] Waiting for resource s_rally_af90f6fb_tWqPT4zg. Status changed: BUILD => ACTIVE in 6.911480903625488
2019-11-08 00:31:09.431 3234 RALLYDEBUG rally.task.utils [-] Waiting for resource s_rally_af90f6fb_2kRJNtAT. Status changed: RESERVED => IN-USE in 2.415658950805664
2019-11-08 00:31:09.526 3233 RALLYDEBUG rally.task.utils [-] Waiting for resource s_rally_af90f6fb_WRLmk3nG. Status changed: AVAILABLE => RESERVED in 0.43779516220092773
2019-11-08 00:31:10.008 3234 RALLYDEBUG rally.task.utils [-] Waiting for resource s_rally_af90f6fb_2kRJNtAT. Status changed: AVAILABLE => DETACHING in 0.4044051170349121
2019-11-08 00:31:10.088 3235 RALLYDEBUG rally.task.utils [-] Waiting for resource s_rally_af90f6fb_IxaFQ2Hm. Status changed: DETACHING => AVAILABLE in 2.441716432571411
2019-11-08 00:31:10.191 3235 RALLYDEBUG rally.task.utils [-] Waiting for resource s_rally_af90f6fb_7DrrBS8G. Status changed: AVAILABLE => DELETING in 0.026201248168945312
