2019-11-08 00:34:39.353 1845 INFO rally.task.context [-] Task 1bf39f48-4c5b-4e41-bff1-b8fa9a34d7d4 | Context api_versions@openstack cleanup() started
2019-11-08 00:34:39.354 1845 INFO rally.task.context [-] Task 1bf39f48-4c5b-4e41-bff1-b8fa9a34d7d4 | Context api_versions@openstack cleanup() finished in 0.32 msec
2019-11-08 00:34:39.354 1845 INFO rally.task.context [-] Task 1bf39f48-4c5b-4e41-bff1-b8fa9a34d7d4 | Context users@openstack cleanup() started
2019-11-08 00:34:43.666 1845 INFO rally.task.context [-] Task 1bf39f48-4c5b-4e41-bff1-b8fa9a34d7d4 | Context users@openstack cleanup() finished in 4.31 sec
2019-11-08 00:34:44.245 1845 INFO rally.task.engine [-] Load duration is: 14.751974
2019-11-08 00:34:44.245 1845 INFO rally.task.engine [-] Full runner duration is: 14.797876
2019-11-08 00:34:44.246 1845 INFO rally.task.engine [-] Full duration is: 27.575337
2019-11-08 00:34:44.463 1845 INFO rally.task.engine [-] Running workload: position = 1 config = { "version": 2, "title": "A cropped version of a bigger task.", "description": "Auto-generated task from a single workload (uuid=a42b2766-9ed4-499a-a127-dae52e6ece19)", "subtasks": [ { "title": "CinderVolumes.create_and_delete_volume", "description": "Create and then delete a volume.", "scenario": { "CinderVolumes.create_and_delete_volume": { "image": { "name": "rally_full-img_6b18c56f-4e53-4e1e-89b8-b9af639463ce" }, "size": 1 } }, "contexts": { "users": { "tenants": 3, "users_per_tenant": 2 }, "quotas": { "cinder": { "gigabytes": -1, "snapshots": -1, "volumes": -1 } }, "api_versions": { "cinder": { "version": 3, "service_type": "volumev3" } } }, "runner": { "constant": { "concurrency": 4, "times": 10 } }, "hooks": [], "sla": { "failure_rate": { "max": 0 } } } ] }
2019-11-08 00:34:44.489 1845 RALLYDEBUG rally_openstack.contexts.keystone.users [-] Creating 3 tenants using 20 threads
2019-11-08 00:34:45.541 1845 RALLYDEBUG rally_openstack.contexts.keystone.users [-] Creating 6 users using 20 threads
2019-11-08 00:34:47.020 1845 INFO rally.task.context [-] Task 1bf39f48-4c5b-4e41-bff1-b8fa9a34d7d4 | Context users@openstack setup() finished in 2.53 sec
2019-11-08 00:34:47.403 1845 INFO rally.task.context [-] Task 1bf39f48-4c5b-4e41-bff1-b8fa9a34d7d4 | Context api_versions@openstack setup() finished in 0.38 sec
2019-11-08 00:34:48.253 1845 INFO rally.task.context [-] Task 1bf39f48-4c5b-4e41-bff1-b8fa9a34d7d4 | Context quotas@openstack setup() finished in 0.85 sec
2019-11-08 00:34:48.253 1845 INFO rally.task.context [-] Task 1bf39f48-4c5b-4e41-bff1-b8fa9a34d7d4 | Context cleanup@openstack setup() finished in 0.01 msec
2019-11-08 00:34:48.717 1845 RALLYDEBUG rally.task.runner [-] Starting the constant runner (task UUID: 1bf39f48-4c5b-4e41-bff1-b8fa9a34d7d4). times: 10 concurrency: 4 timeout: 0 max_cpu_used: 16 processes_to_start: 4 concurrency_per_worker: 1 concurrency_overhead: 0
2019-11-08 00:34:48.729 4357 RALLYDEBUG rally.task.runner [-] Starting a worker. times: 10 duration: None concurrency: 1 timeout: 0 cls: method_name: run args: {"image": "bc8acf05-522e-4dfe-b20d-f2ccfa4fb8d8", "size": 1}
2019-11-08 00:34:48.732 4358 RALLYDEBUG rally.task.runner [-] Starting a worker. times: 10 duration: None concurrency: 1 timeout: 0 cls: method_name: run args: {"image": "bc8acf05-522e-4dfe-b20d-f2ccfa4fb8d8", "size": 1}
2019-11-08 00:34:48.736 4357 INFO rally.task.runner [-] Task 1bf39f48-4c5b-4e41-bff1-b8fa9a34d7d4 | ITER: 1 START
2019-11-08 00:34:48.736 4359 RALLYDEBUG rally.task.runner [-] Starting a worker. times: 10 duration: None concurrency: 1 timeout: 0 cls: method_name: run args: {"image": "bc8acf05-522e-4dfe-b20d-f2ccfa4fb8d8", "size": 1}
2019-11-08 00:34:48.739 4358 INFO rally.task.runner [-] Task 1bf39f48-4c5b-4e41-bff1-b8fa9a34d7d4 | ITER: 2 START
2019-11-08 00:34:48.740 4361 RALLYDEBUG rally.task.runner [-] Starting a worker. times: 10 duration: None concurrency: 1 timeout: 0 cls: method_name: run args: {"image": "bc8acf05-522e-4dfe-b20d-f2ccfa4fb8d8", "size": 1}
2019-11-08 00:34:48.744 4359 INFO rally.task.runner [-] Task 1bf39f48-4c5b-4e41-bff1-b8fa9a34d7d4 | ITER: 3 START
2019-11-08 00:34:48.746 4361 INFO rally.task.runner [-] Task 1bf39f48-4c5b-4e41-bff1-b8fa9a34d7d4 | ITER: 4 START
2019-11-08 00:35:04.318 4358 RALLYDEBUG rally.task.utils [-] Waiting for resource s_rally_a42b2766_2tZmWW43. Status changed: DOWNLOADING => AVAILABLE in 12.517638444900513
2019-11-08 00:35:04.448 4358 RALLYDEBUG rally.task.utils [-] Waiting for resource s_rally_a42b2766_2tZmWW43. Status changed: AVAILABLE => DELETING in 0.06269264221191406
2019-11-08 00:35:06.489 4358 INFO rally.task.runner [-] Task 1bf39f48-4c5b-4e41-bff1-b8fa9a34d7d4 | ITER: 2 END: OK
2019-11-08 00:35:06.494 4358 INFO rally.task.runner [-] Task 1bf39f48-4c5b-4e41-bff1-b8fa9a34d7d4 | ITER: 5 START
2019-11-08 00:35:12.666 4361 RALLYDEBUG rally.task.utils [-] Waiting for resource s_rally_a42b2766_aMtXONBi. Status changed: DOWNLOADING => AVAILABLE in 20.947500467300415
2019-11-08 00:35:12.802 4361 RALLYDEBUG rally.task.utils [-] Waiting for resource s_rally_a42b2766_aMtXONBi. Status changed: AVAILABLE => DELETING in 0.06560468673706055
2019-11-08 00:35:14.850 4361 INFO rally.task.runner [-] Task 1bf39f48-4c5b-4e41-bff1-b8fa9a34d7d4 | ITER: 4 END: OK
2019-11-08 00:35:14.858 4361 INFO rally.task.runner [-] Task 1bf39f48-4c5b-4e41-bff1-b8fa9a34d7d4 | ITER: 6 START
2019-11-08 00:35:21.790 4361 RALLYDEBUG rally.task.utils [-] Waiting for resource s_rally_a42b2766_JurGvXro. Status changed: CREATING => DOWNLOADING in 4.268376350402832
2019-11-08 00:35:21.796 4358 RALLYDEBUG rally.task.utils [-] Waiting for resource s_rally_a42b2766_HwjFoyDg. Status changed: DOWNLOADING => AVAILABLE in 12.506879329681396
2019-11-08 00:35:21.928 4358 RALLYDEBUG rally.task.utils [-] Waiting for resource s_rally_a42b2766_HwjFoyDg. Status changed: AVAILABLE => DELETING in 0.06420707702636719
2019-11-08 00:35:28.107 4358 INFO rally.task.runner [-] Task 1bf39f48-4c5b-4e41-bff1-b8fa9a34d7d4 | ITER: 5 END: OK
2019-11-08 00:35:28.112 4358 INFO rally.task.runner [-] Task 1bf39f48-4c5b-4e41-bff1-b8fa9a34d7d4 | ITER: 7 START
2019-11-08 00:35:33.213 4358 RALLYDEBUG rally.task.utils [-] Waiting for resource s_rally_a42b2766_xCHb2Tjs. Status changed: CREATING => DOWNLOADING in 2.19770884513855
2019-11-08 00:35:34.313 4361 RALLYDEBUG rally.task.utils [-] Waiting for resource s_rally_a42b2766_JurGvXro. Status changed: DOWNLOADING => AVAILABLE in 12.522321224212646
2019-11-08 00:35:34.442 4361 RALLYDEBUG rally.task.utils [-] Waiting for resource s_rally_a42b2766_JurGvXro. Status changed: AVAILABLE => DELETING in 0.06418633460998535
2019-11-08 00:35:38.557 4361 INFO rally.task.runner [-] Task 1bf39f48-4c5b-4e41-bff1-b8fa9a34d7d4 | ITER: 6 END: OK
2019-11-08 00:35:38.562 4361 INFO rally.task.runner [-] Task 1bf39f48-4c5b-4e41-bff1-b8fa9a34d7d4 | ITER: 8 START
2019-11-08 00:35:43.337 4359 RALLYDEBUG rally.task.utils [-] Waiting for resource s_rally_a42b2766_gzxQ64n8. Status changed: DOWNLOADING => AVAILABLE in 51.80040097236633
2019-11-08 00:35:43.404 4357 RALLYDEBUG rally.task.utils [-] Waiting for resource s_rally_a42b2766_I3tFaZjk. Status changed: DOWNLOADING => AVAILABLE in 51.748841285705566
2019-11-08 00:35:43.466 4359 RALLYDEBUG rally.task.utils [-] Waiting for resource s_rally_a42b2766_gzxQ64n8. Status changed: AVAILABLE => DELETING in 0.0612177848815918
2019-11-08 00:35:43.529 4357 RALLYDEBUG rally.task.utils [-] Waiting for resource s_rally_a42b2766_I3tFaZjk. Status changed: AVAILABLE => DELETING in 0.06103944778442383
2019-11-08 00:35:45.469 4361 RALLYDEBUG rally.task.utils [-] Waiting for resource s_rally_a42b2766_E3AqTgsN. Status changed: CREATING => DOWNLOADING in 4.255034923553467
2019-11-08 00:35:45.506 4359 INFO rally.task.runner [-] Task 1bf39f48-4c5b-4e41-bff1-b8fa9a34d7d4 | ITER: 3 END: OK
2019-11-08 00:35:45.512 4359 INFO rally.task.runner [-] Task 1bf39f48-4c5b-4e41-bff1-b8fa9a34d7d4 | ITER: 9 START
2019-11-08 00:35:45.566 4357 INFO rally.task.runner [-] Task 1bf39f48-4c5b-4e41-bff1-b8fa9a34d7d4 | ITER: 1 END: OK
2019-11-08 00:35:45.573 4357 INFO rally.task.runner [-] Task 1bf39f48-4c5b-4e41-bff1-b8fa9a34d7d4 | ITER: 10 START
2019-11-08 00:35:45.605 4358 RALLYDEBUG rally.task.utils [-] Waiting for resource s_rally_a42b2766_xCHb2Tjs. Status changed: DOWNLOADING => AVAILABLE in 12.391621589660645
2019-11-08 00:35:45.720 4358 RALLYDEBUG rally.task.utils [-] Waiting for resource s_rally_a42b2766_xCHb2Tjs. Status changed: AVAILABLE => DELETING in 0.05738711357116699
2019-11-08 00:35:51.892 4358 INFO rally.task.runner [-] Task 1bf39f48-4c5b-4e41-bff1-b8fa9a34d7d4 | ITER: 7 END: OK
2019-11-08 00:35:57.989 4361 RALLYDEBUG rally.task.utils [-] Waiting for resource s_rally_a42b2766_E3AqTgsN. Status changed: DOWNLOADING => AVAILABLE in 12.520122766494751
2019-11-08 00:35:58.105 4361 RALLYDEBUG rally.task.utils [-] Waiting for resource s_rally_a42b2766_E3AqTgsN. Status changed: AVAILABLE => DELETING in 0.051366567611694336
2019-11-08 00:36:00.145 4361 INFO rally.task.runner [-] Task 1bf39f48-4c5b-4e41-bff1-b8fa9a34d7d4 | ITER: 8 END: OK
2019-11-08 00:36:11.106 4359 RALLYDEBUG rally.task.utils [-] Waiting for resource s_rally_a42b2766_nm61NN83. Status changed: DOWNLOADING => AVAILABLE in 22.871193885803223
2019-11-08 00:36:11.247 4359 RALLYDEBUG rally.task.utils [-] Waiting for resource s_rally_a42b2766_nm61NN83. Status changed: AVAILABLE => DELETING in 0.06889128684997559
2019-11-08 00:36:13.289 4359 INFO rally.task.runner [-] Task 1bf39f48-4c5b-4e41-bff1-b8fa9a34d7d4 | ITER: 9 END: OK
2019-11-08 00:36:25.592 4357 RALLYDEBUG rally.task.utils [-] Waiting for resource s_rally_a42b2766_V5w2YB39. Status changed: DOWNLOADING => AVAILABLE in 37.32225728034973
2019-11-08 00:36:25.723 4357 RALLYDEBUG rally.task.utils [-] Waiting for resource s_rally_a42b2766_V5w2YB39. Status changed: AVAILABLE => DELETING in 0.06075763702392578
2019-11-08 00:36:27.765 4357 INFO rally.task.runner [-] Task 1bf39f48-4c5b-4e41-bff1-b8fa9a34d7d4 | ITER: 10 END: OK
2019-11-08 00:36:27.791 1845 INFO rally.task.context [-] Task 1bf39f48-4c5b-4e41-bff1-b8fa9a34d7d4 | Context cleanup@openstack cleanup() started
2019-11-08 00:36:27.797 1845 RALLYDEBUG rally_openstack.cleanup.manager [-] Cleaning up cinder backups objects
2019-11-08 00:36:29.047 1845 RALLYDEBUG rally_openstack.cleanup.manager [-] Cleaning up cinder volume_snapshots objects
2019-11-08 00:36:30.161 1845 RALLYDEBUG rally_openstack.cleanup.manager [-] Cleaning up cinder transfers objects
2019-11-08 00:36:31.269 1845 RALLYDEBUG rally_openstack.cleanup.manager [-] Cleaning up cinder volumes objects
2019-11-08 00:36:32.767 1845 INFO rally.task.context [-] Task 1bf39f48-4c5b-4e41-bff1-b8fa9a34d7d4 | Context cleanup@openstack cleanup() finished in 4.98 sec
2019-11-08 00:36:32.767 1845 INFO rally.task.context [-] Task 1bf39f48-4c5b-4e41-bff1-b8fa9a34d7d4 | Context quotas@openstack cleanup() started
2019-11-08 00:36:32.839 1845 INFO rally.task.context [-] Task 1bf39f48-4c5b-4e41-bff1-b8fa9a34d7d4 | Context quotas@openstack cleanup() finished in 72.08 msec
2019-11-08 00:36:32.840 1845 INFO rally.task.context [-] Task 1bf39f48-4c5b-4e41-bff1-b8fa9a34d7d4 | Context api_versions@openstack cleanup() started
2019-11-08 00:36:32.840 1845 INFO rally.task.context [-] Task 1bf39f48-4c5b-4e41-bff1-b8fa9a34d7d4 | Context api_versions@openstack cleanup() finished in 0.37 msec
2019-11-08 00:36:32.841 1845 INFO rally.task.context [-] Task 1bf39f48-4c5b-4e41-bff1-b8fa9a34d7d4 | Context users@openstack cleanup() started
2019-11-08 00:36:37.015 1845 INFO rally.task.context [-] Task 1bf39f48-4c5b-4e41-bff1-b8fa9a34d7d4 | Context users@openstack cleanup() finished in 4.17 sec
2019-11-08 00:36:38.989 1845 INFO rally.task.engine [-] Load duration is: 99.024722
2019-11-08 00:36:38.989 1845 INFO rally.task.engine [-] Full runner duration is: 99.074085
2019-11-08 00:36:38.990 1845 INFO rally.task.engine [-] Full duration is: 112.527949
2019-11-08 00:36:39.225 1845 INFO rally.task.engine [-] Running workload: position = 2 config = { "version": 2, "title": "A cropped version of a bigger task.", "description": "Auto-generated task from a single workload (uuid=152a660d-c2fc-43f0-8491-ca2d4af262e2)", "subtasks": [ { "title": "CinderVolumes.create_and_delete_volume", "description": "Create and then delete a volume.", "scenario": { "CinderVolumes.create_and_delete_volume": { "size": 1 } }, "contexts": { "users": { "tenants": 3, "users_per_tenant": 2 }, "quotas": { "cinder": { "gigabytes": -1, "snapshots": -1, "volumes": -1 } }, "api_versions": { "cinder": { "version": 3, "service_type": "volumev3" } } }, "runner": { "constant": { "concurrency": 4, "times": 10 } }, "hooks": [], "sla": { "failure_rate": { "max": 0 } } } ] }
2019-11-08 00:36:39.250 1845 RALLYDEBUG rally_openstack.contexts.keystone.users [-] Creating 3 tenants using 20 threads
2019-11-08 00:36:40.185 1845 RALLYDEBUG rally_openstack.contexts.keystone.users [-] Creating 6 users using 20 threads
2019-11-08 00:36:41.740 1845 INFO rally.task.context [-] Task 1bf39f48-4c5b-4e41-bff1-b8fa9a34d7d4 | Context users@openstack setup() finished in 2.49 sec
2019-11-08 00:36:42.131 1845 INFO rally.task.context [-] Task 1bf39f48-4c5b-4e41-bff1-b8fa9a34d7d4 | Context api_versions@openstack setup() finished in 0.39 sec
2019-11-08 00:36:42.935 1845 INFO rally.task.context [-] Task 1bf39f48-4c5b-4e41-bff1-b8fa9a34d7d4 | Context quotas@openstack setup() finished in 0.80 sec
2019-11-08 00:36:42.935 1845 INFO rally.task.context [-] Task 1bf39f48-4c5b-4e41-bff1-b8fa9a34d7d4 | Context cleanup@openstack setup() finished in 0.02 msec
2019-11-08 00:36:42.945 1845 RALLYDEBUG rally.task.runner [-] Starting the constant runner (task UUID: 1bf39f48-4c5b-4e41-bff1-b8fa9a34d7d4). times: 10 concurrency: 4 timeout: 0 max_cpu_used: 16 processes_to_start: 4 concurrency_per_worker: 1 concurrency_overhead: 0
2019-11-08 00:36:42.958 4541 RALLYDEBUG rally.task.runner [-] Starting a worker. times: 10 duration: None concurrency: 1 timeout: 0 cls: method_name: run args: {"size": 1}
2019-11-08 00:36:42.961 4542 RALLYDEBUG rally.task.runner [-] Starting a worker. times: 10 duration: None concurrency: 1 timeout: 0 cls: method_name: run args: {"size": 1}
2019-11-08 00:36:42.965 4541 INFO rally.task.runner [-] Task 1bf39f48-4c5b-4e41-bff1-b8fa9a34d7d4 | ITER: 1 START
2019-11-08 00:36:42.965 4543 RALLYDEBUG rally.task.runner [-] Starting a worker. times: 10 duration: None concurrency: 1 timeout: 0 cls: method_name: run args: {"size": 1}
2019-11-08 00:36:42.967 4542 INFO rally.task.runner [-] Task 1bf39f48-4c5b-4e41-bff1-b8fa9a34d7d4 | ITER: 2 START
2019-11-08 00:36:42.968 4544 RALLYDEBUG rally.task.runner [-] Starting a worker. times: 10 duration: None concurrency: 1 timeout: 0 cls: method_name: run args: {"size": 1}
2019-11-08 00:36:42.971 4543 INFO rally.task.runner [-] Task 1bf39f48-4c5b-4e41-bff1-b8fa9a34d7d4 | ITER: 3 START
2019-11-08 00:36:42.975 4544 INFO rally.task.runner [-] Task 1bf39f48-4c5b-4e41-bff1-b8fa9a34d7d4 | ITER: 4 START
2019-11-08 00:36:45.789 4541 RALLYDEBUG rally.task.utils [-] Waiting for resource s_rally_152a660d_9GgF0cOe. Status changed: AVAILABLE => DELETING in 0.06429123878479004
2019-11-08 00:36:45.870 4542 RALLYDEBUG rally.task.utils [-] Waiting for resource s_rally_152a660d_lwYraAiV. Status changed: AVAILABLE => DELETING in 0.051203012466430664
2019-11-08 00:36:45.873 4544 RALLYDEBUG rally.task.utils [-] Waiting for resource s_rally_152a660d_K9FoZa1M. Status changed: AVAILABLE => DELETING in 0.05594325065612793
2019-11-08 00:36:45.881 4543 RALLYDEBUG rally.task.utils [-] Waiting for resource s_rally_152a660d_4KOhhsn9. Status changed: AVAILABLE => DELETING in 0.05223250389099121
2019-11-08 00:36:47.913 4544 INFO rally.task.runner [-] Task 1bf39f48-4c5b-4e41-bff1-b8fa9a34d7d4 | ITER: 4 END: OK
2019-11-08 00:36:47.914 4542 INFO rally.task.runner [-] Task 1bf39f48-4c5b-4e41-bff1-b8fa9a34d7d4 | ITER: 2 END: OK
2019-11-08 00:36:47.918 4544 INFO rally.task.runner [-] Task 1bf39f48-4c5b-4e41-bff1-b8fa9a34d7d4 | ITER: 5 START
2019-11-08 00:36:47.919 4542 INFO rally.task.runner [-] Task 1bf39f48-4c5b-4e41-bff1-b8fa9a34d7d4 | ITER: 6 START
2019-11-08 00:36:47.921 4543 INFO rally.task.runner [-] Task 1bf39f48-4c5b-4e41-bff1-b8fa9a34d7d4 | ITER: 3 END: OK
2019-11-08 00:36:47.926 4543 INFO rally.task.runner [-] Task 1bf39f48-4c5b-4e41-bff1-b8fa9a34d7d4 | ITER: 7 START
2019-11-08 00:36:47.982 4541 INFO rally.task.runner [-] Task 1bf39f48-4c5b-4e41-bff1-b8fa9a34d7d4 | ITER: 1 END: OK
2019-11-08 00:36:47.986 4541 INFO rally.task.runner [-] Task 1bf39f48-4c5b-4e41-bff1-b8fa9a34d7d4 | ITER: 8 START
2019-11-08 00:36:50.716 4544 RALLYDEBUG rally.task.utils [-] Waiting for resource s_rally_152a660d_8pltfA73. Status changed: AVAILABLE => DELETING in 0.05394864082336426
2019-11-08 00:36:50.762 4542 RALLYDEBUG rally.task.utils [-] Waiting for resource s_rally_152a660d_jO1tS4aH. Status changed: AVAILABLE => DELETING in 0.054880619049072266
2019-11-08 00:36:50.762 4543 RALLYDEBUG rally.task.utils [-] Waiting for resource s_rally_152a660d_o55xH89N. Status changed: AVAILABLE => DELETING in 0.0514979362487793
2019-11-08 00:36:50.833 4541 RALLYDEBUG rally.task.utils [-] Waiting for resource s_rally_152a660d_8phS3KdP. Status changed: AVAILABLE => DELETING in 0.05245780944824219
2019-11-08 00:36:52.758 4544 INFO rally.task.runner [-] Task 1bf39f48-4c5b-4e41-bff1-b8fa9a34d7d4 | ITER: 5 END: OK
2019-11-08 00:36:52.762 4544 INFO rally.task.runner [-] Task 1bf39f48-4c5b-4e41-bff1-b8fa9a34d7d4 | ITER: 9 START
2019-11-08 00:36:52.803 4543 INFO rally.task.runner [-] Task 1bf39f48-4c5b-4e41-bff1-b8fa9a34d7d4 | ITER: 7 END: OK
2019-11-08 00:36:52.804 4542 INFO rally.task.runner [-] Task 1bf39f48-4c5b-4e41-bff1-b8fa9a34d7d4 | ITER: 6 END: OK
2019-11-08 00:36:52.807 4543 INFO rally.task.runner [-] Task 1bf39f48-4c5b-4e41-bff1-b8fa9a34d7d4 | ITER: 10 START
2019-11-08 00:36:52.874 4541 INFO rally.task.runner [-] Task 1bf39f48-4c5b-4e41-bff1-b8fa9a34d7d4 | ITER: 8 END: OK
2019-11-08 00:36:55.575 4544 RALLYDEBUG rally.task.utils [-] Waiting for resource s_rally_152a660d_tikWudfj. Status changed: AVAILABLE => DELETING in 0.05474853515625
2019-11-08 00:36:55.610 4543 RALLYDEBUG rally.task.utils [-] Waiting for resource s_rally_152a660d_P6fKEwmY. Status changed: AVAILABLE => DELETING in 0.0628671646118164
2019-11-08 00:36:57.615 4544 INFO rally.task.runner [-] Task 1bf39f48-4c5b-4e41-bff1-b8fa9a34d7d4 | ITER: 9 END: OK
2019-11-08 00:36:57.654 4543 INFO rally.task.runner [-] Task 1bf39f48-4c5b-4e41-bff1-b8fa9a34d7d4 | ITER: 10 END: OK
2019-11-08 00:36:57.682 1845 INFO rally.task.context [-] Task 1bf39f48-4c5b-4e41-bff1-b8fa9a34d7d4 | Context cleanup@openstack cleanup() started
2019-11-08 00:36:57.685 1845 RALLYDEBUG rally_openstack.cleanup.manager [-] Cleaning up cinder backups objects
2019-11-08 00:36:58.952 1845 RALLYDEBUG rally_openstack.cleanup.manager [-] Cleaning up cinder volume_snapshots objects
2019-11-08 00:37:00.107 1845 RALLYDEBUG rally_openstack.cleanup.manager [-] Cleaning up cinder transfers objects
2019-11-08 00:37:01.328 1845 RALLYDEBUG rally_openstack.cleanup.manager [-] Cleaning up cinder volumes objects
2019-11-08 00:37:02.527 1845 INFO rally.task.context [-] Task 1bf39f48-4c5b-4e41-bff1-b8fa9a34d7d4 | Context cleanup@openstack cleanup() finished in 4.85 sec
2019-11-08 00:37:02.528 1845 INFO rally.task.context [-] Task 1bf39f48-4c5b-4e41-bff1-b8fa9a34d7d4 | Context quotas@openstack cleanup() started
2019-11-08 00:37:02.606 1845 INFO rally.task.context [-] Task 1bf39f48-4c5b-4e41-bff1-b8fa9a34d7d4 | Context quotas@openstack cleanup() finished in 78.58 msec
2019-11-08 00:37:02.607 1845 INFO rally.task.context [-] Task 1bf39f48-4c5b-4e41-bff1-b8fa9a34d7d4 | Context api_versions@openstack cleanup() started
2019-11-08 00:37:02.607 1845 INFO rally.task.context [-] Task 1bf39f48-4c5b-4e41-bff1-b8fa9a34d7d4 | Context api_versions@openstack cleanup() finished in 0.34 msec
2019-11-08 00:37:02.607 1845 INFO rally.task.context [-] Task 1bf39f48-4c5b-4e41-bff1-b8fa9a34d7d4 | Context users@openstack cleanup() started
2019-11-08 00:37:06.938 1845 INFO rally.task.context [-] Task 1bf39f48-4c5b-4e41-bff1-b8fa9a34d7d4 | Context users@openstack cleanup() finished in 4.33 sec
2019-11-08 00:37:07.424 1845 INFO rally.task.engine [-] Load duration is: 14.685088
2019-11-08 00:37:07.424 1845 INFO rally.task.engine [-] Full runner duration is: 14.737381
2019-11-08 00:37:07.424 1845 INFO rally.task.engine [-] Full duration is: 27.690773
2019-11-08 00:37:07.770 1845 INFO rally.task.engine [-] Running workload: position = 0 config = { "version": 2, "title": "A cropped version of a bigger task.", "description": "Auto-generated task from a single workload (uuid=a34ead63-50c6-40c2-90f4-1c0a93cfd926)", "subtasks": [ { "title": "CinderVolumes.create_and_extend_volume", "description": "Create and extend a volume and then delete it.", "scenario": { "CinderVolumes.create_and_extend_volume": { "new_size": 2, "size": 1 } }, "contexts": { "users": { "tenants": 3, "users_per_tenant": 2 }, "quotas": { "cinder": { "gigabytes": -1, "snapshots": -1, "volumes": -1 } }, "api_versions": { "cinder": { "version": 3, "service_type": "volumev3" } } }, "runner": { "constant": { "concurrency": 4, "times": 10 } }, "hooks": [], "sla": { "failure_rate": { "max": 0 } } } ] }
2019-11-08 00:37:07.797 1845 RALLYDEBUG rally_openstack.contexts.keystone.users [-] Creating 3 tenants using 20 threads
2019-11-08 00:37:08.805 1845 RALLYDEBUG rally_openstack.contexts.keystone.users [-] Creating 6 users using 20 threads
2019-11-08 00:37:10.388 1845 INFO rally.task.context [-] Task 1bf39f48-4c5b-4e41-bff1-b8fa9a34d7d4 | Context users@openstack setup() finished in 2.59 sec
2019-11-08 00:37:10.854 1845 INFO rally.task.context [-] Task 1bf39f48-4c5b-4e41-bff1-b8fa9a34d7d4 | Context api_versions@openstack setup() finished in 0.47 sec
2019-11-08 00:37:11.652 1845 INFO rally.task.context [-] Task 1bf39f48-4c5b-4e41-bff1-b8fa9a34d7d4 | Context quotas@openstack setup() finished in 0.80 sec
2019-11-08 00:37:11.653 1845 INFO rally.task.context [-] Task 1bf39f48-4c5b-4e41-bff1-b8fa9a34d7d4 | Context cleanup@openstack setup() finished in 0.01 msec
2019-11-08 00:37:11.662 1845 RALLYDEBUG rally.task.runner [-] Starting the constant runner (task UUID: 1bf39f48-4c5b-4e41-bff1-b8fa9a34d7d4). times: 10 concurrency: 4 timeout: 0 max_cpu_used: 16 processes_to_start: 4 concurrency_per_worker: 1 concurrency_overhead: 0
2019-11-08 00:37:11.675 4725 RALLYDEBUG rally.task.runner [-] Starting a worker. times: 10 duration: None concurrency: 1 timeout: 0 cls: method_name: run args: {"new_size": 2, "size": 1}
2019-11-08 00:37:11.678 4726 RALLYDEBUG rally.task.runner [-] Starting a worker. times: 10 duration: None concurrency: 1 timeout: 0 cls: method_name: run args: {"new_size": 2, "size": 1}
2019-11-08 00:37:11.682 4725 INFO rally.task.runner [-] Task 1bf39f48-4c5b-4e41-bff1-b8fa9a34d7d4 | ITER: 1 START
2019-11-08 00:37:11.682 4727 RALLYDEBUG rally.task.runner [-] Starting a worker. times: 10 duration: None concurrency: 1 timeout: 0 cls: method_name: run args: {"new_size": 2, "size": 1}
2019-11-08 00:37:11.685 4726 INFO rally.task.runner [-] Task 1bf39f48-4c5b-4e41-bff1-b8fa9a34d7d4 | ITER: 2 START
2019-11-08 00:37:11.685 4728 RALLYDEBUG rally.task.runner [-] Starting a worker. times: 10 duration: None concurrency: 1 timeout: 0 cls: method_name: run args: {"new_size": 2, "size": 1}
2019-11-08 00:37:11.689 4727 INFO rally.task.runner [-] Task 1bf39f48-4c5b-4e41-bff1-b8fa9a34d7d4 | ITER: 3 START
2019-11-08 00:37:11.692 4728 INFO rally.task.runner [-] Task 1bf39f48-4c5b-4e41-bff1-b8fa9a34d7d4 | ITER: 4 START
2019-11-08 00:37:14.608 4728 RALLYDEBUG rally.task.utils [-] Waiting for resource s_rally_a34ead63_76zA7xq0. Status changed: AVAILABLE => EXTENDING in 0.0533595085144043
2019-11-08 00:37:14.612 4727 RALLYDEBUG rally.task.utils [-] Waiting for resource s_rally_a34ead63_1BeYIsFX. Status changed: AVAILABLE => EXTENDING in 0.05713057518005371
2019-11-08 00:37:14.642 4726 RALLYDEBUG rally.task.utils [-] Waiting for resource s_rally_a34ead63_iCjwsU5G. Status changed: AVAILABLE => EXTENDING in 0.05931878089904785
2019-11-08 00:37:14.705 4725 RALLYDEBUG rally.task.utils [-] Waiting for resource s_rally_a34ead63_SMneMzNr. Status changed: AVAILABLE => EXTENDING in 0.05399751663208008
2019-11-08 00:37:16.677 4728 RALLYDEBUG rally.task.utils [-] Waiting for resource s_rally_a34ead63_76zA7xq0. Status changed: EXTENDING => AVAILABLE in 2.0690464973449707
2019-11-08 00:37:16.683 4727 RALLYDEBUG rally.task.utils [-] Waiting for resource s_rally_a34ead63_1BeYIsFX. Status changed: EXTENDING => AVAILABLE in 2.0712146759033203
2019-11-08 00:37:16.712 4726 RALLYDEBUG rally.task.utils [-] Waiting for resource s_rally_a34ead63_iCjwsU5G. Status changed: EXTENDING => AVAILABLE in 2.0693862438201904
2019-11-08 00:37:16.769 4725 RALLYDEBUG rally.task.utils [-] Waiting for resource s_rally_a34ead63_SMneMzNr. Status changed: EXTENDING => AVAILABLE in 2.0635385513305664
2019-11-08 00:37:16.791 4728 RALLYDEBUG rally.task.utils [-] Waiting for resource s_rally_a34ead63_76zA7xq0. Status changed: AVAILABLE => DELETING in 0.054273128509521484
2019-11-08 00:37:16.804 4727 RALLYDEBUG rally.task.utils [-] Waiting for resource s_rally_a34ead63_1BeYIsFX. Status changed: AVAILABLE => DELETING in 0.0571751594543457
2019-11-08 00:37:16.823 4726 RALLYDEBUG rally.task.utils [-] Waiting for resource s_rally_a34ead63_iCjwsU5G. Status changed: AVAILABLE => DELETING in 0.05414533615112305
2019-11-08 00:37:16.884 4725 RALLYDEBUG rally.task.utils [-] Waiting for resource s_rally_a34ead63_SMneMzNr. Status changed: AVAILABLE => DELETING in 0.055890798568725586
2019-11-08 00:37:18.835 4728 INFO rally.task.runner [-] Task 1bf39f48-4c5b-4e41-bff1-b8fa9a34d7d4 | ITER: 4 END: OK
2019-11-08 00:37:18.840 4728 INFO rally.task.runner [-] Task 1bf39f48-4c5b-4e41-bff1-b8fa9a34d7d4 | ITER: 5 START
2019-11-08 00:37:18.845 4727 INFO rally.task.runner [-] Task 1bf39f48-4c5b-4e41-bff1-b8fa9a34d7d4 | ITER: 3 END: OK
2019-11-08 00:37:18.850 4727 INFO rally.task.runner [-] Task 1bf39f48-4c5b-4e41-bff1-b8fa9a34d7d4 | ITER: 6 START
2019-11-08 00:37:18.866 4726 INFO rally.task.runner [-] Task 1bf39f48-4c5b-4e41-bff1-b8fa9a34d7d4 | ITER: 2 END: OK
2019-11-08 00:37:18.870 4726 INFO rally.task.runner [-] Task 1bf39f48-4c5b-4e41-bff1-b8fa9a34d7d4 | ITER: 7 START
2019-11-08 00:37:18.923 4725 INFO rally.task.runner [-] Task 1bf39f48-4c5b-4e41-bff1-b8fa9a34d7d4 | ITER: 1 END: OK
2019-11-08 00:37:18.927 4725 INFO rally.task.runner [-] Task 1bf39f48-4c5b-4e41-bff1-b8fa9a34d7d4 | ITER: 8 START
2019-11-08 00:37:21.706 4727 RALLYDEBUG rally.task.utils [-] Waiting for resource s_rally_a34ead63_X1FmLBDc. Status changed: AVAILABLE => EXTENDING in 0.05381178855895996
2019-11-08 00:37:21.740 4725 RALLYDEBUG rally.task.utils [-] Waiting for resource s_rally_a34ead63_y1bnvfBv. Status changed: AVAILABLE => EXTENDING in 0.05713224411010742
2019-11-08 00:37:21.763 4728 RALLYDEBUG rally.task.utils [-] Waiting for resource s_rally_a34ead63_v53PRglH. Status changed: AVAILABLE => EXTENDING in 0.05379199981689453
2019-11-08 00:37:21.782 4726 RALLYDEBUG rally.task.utils [-] Waiting for resource s_rally_a34ead63_KNziuCRA. Status changed: AVAILABLE => EXTENDING in 0.05387735366821289
2019-11-08 00:37:23.775 4727 RALLYDEBUG rally.task.utils [-] Waiting for resource s_rally_a34ead63_X1FmLBDc. Status changed: EXTENDING => AVAILABLE in 2.0689361095428467
2019-11-08 00:37:23.810 4725 RALLYDEBUG rally.task.utils [-] Waiting for resource s_rally_a34ead63_y1bnvfBv. Status changed: EXTENDING => AVAILABLE in 2.0696988105773926
2019-11-08 00:37:23.833 4728 RALLYDEBUG rally.task.utils [-] Waiting for resource s_rally_a34ead63_v53PRglH. Status changed: EXTENDING => AVAILABLE in 2.0696706771850586
2019-11-08 00:37:23.847 4726 RALLYDEBUG rally.task.utils [-] Waiting for resource s_rally_a34ead63_KNziuCRA. Status changed: EXTENDING => AVAILABLE in 2.0656321048736572
2019-11-08 00:37:23.900 4727 RALLYDEBUG rally.task.utils [-] Waiting for resource s_rally_a34ead63_X1FmLBDc. Status changed: AVAILABLE => DELETING in 0.05612587928771973
2019-11-08 00:37:23.955 4728 RALLYDEBUG rally.task.utils [-] Waiting for resource s_rally_a34ead63_v53PRglH. Status changed: AVAILABLE => DELETING in 0.053872108459472656
2019-11-08 00:37:23.956 4725 RALLYDEBUG rally.task.utils [-] Waiting for resource s_rally_a34ead63_y1bnvfBv. Status changed: AVAILABLE => DELETING in 0.05589723587036133
2019-11-08 00:37:23.958 4726 RALLYDEBUG rally.task.utils [-] Waiting for resource s_rally_a34ead63_KNziuCRA. Status changed: AVAILABLE => DELETING in 0.05183124542236328
2019-11-08 00:37:25.943 4727 INFO rally.task.runner [-] Task 1bf39f48-4c5b-4e41-bff1-b8fa9a34d7d4 | ITER: 6 END: OK
2019-11-08 00:37:25.948 4727 INFO rally.task.runner [-] Task 1bf39f48-4c5b-4e41-bff1-b8fa9a34d7d4 | ITER: 9 START
2019-11-08 00:37:25.999 4728 INFO rally.task.runner [-] Task 1bf39f48-4c5b-4e41-bff1-b8fa9a34d7d4 | ITER: 5 END: OK
2019-11-08 00:37:26.000 4726 INFO rally.task.runner [-] Task 1bf39f48-4c5b-4e41-bff1-b8fa9a34d7d4 | ITER: 7 END: OK
2019-11-08 00:37:26.003 4728 INFO rally.task.runner [-] Task 1bf39f48-4c5b-4e41-bff1-b8fa9a34d7d4 | ITER: 10 START
2019-11-08 00:37:26.009 4725 INFO rally.task.runner [-] Task 1bf39f48-4c5b-4e41-bff1-b8fa9a34d7d4 | ITER: 8 END: OK
2019-11-08 00:37:28.893 4727 RALLYDEBUG rally.task.utils [-] Waiting for resource s_rally_a34ead63_9Y6Ngp2F. Status changed: AVAILABLE => EXTENDING in 0.0608823299407959
2019-11-08 00:37:28.963 4728 RALLYDEBUG rally.task.utils [-] Waiting for resource s_rally_a34ead63_tcqSnUI3. Status changed: AVAILABLE => EXTENDING in 0.17935800552368164
2019-11-08 00:37:30.966 4727 RALLYDEBUG rally.task.utils [-] Waiting for resource s_rally_a34ead63_9Y6Ngp2F. Status changed: EXTENDING => AVAILABLE in 2.0717949867248535
2019-11-08 00:37:31.034 4728 RALLYDEBUG rally.task.utils [-] Waiting for resource s_rally_a34ead63_tcqSnUI3. Status changed: EXTENDING => AVAILABLE in 2.070762872695923
2019-11-08 00:37:31.103 4727 RALLYDEBUG rally.task.utils [-] Waiting for resource s_rally_a34ead63_9Y6Ngp2F. Status changed: AVAILABLE => DELETING in 0.059908151626586914
2019-11-08 00:37:31.162 4728 RALLYDEBUG rally.task.utils [-] Waiting for resource s_rally_a34ead63_tcqSnUI3. Status changed: AVAILABLE => DELETING in 0.06526422500610352
2019-11-08 00:37:33.146 4727 INFO rally.task.runner [-] Task 1bf39f48-4c5b-4e41-bff1-b8fa9a34d7d4 | ITER: 9 END: OK
2019-11-08 00:37:33.207 4728 INFO rally.task.runner [-] Task 1bf39f48-4c5b-4e41-bff1-b8fa9a34d7d4 | ITER: 10 END: OK
2019-11-08 00:37:33.238 1845 INFO rally.task.context [-] Task 1bf39f48-4c5b-4e41-bff1-b8fa9a34d7d4 | Context cleanup@openstack cleanup() started
2019-11-08 00:37:33.242 1845 RALLYDEBUG rally_openstack.cleanup.manager [-] Cleaning up cinder backups objects
2019-11-08 00:37:34.442 1845 RALLYDEBUG rally_openstack.cleanup.manager [-] Cleaning up cinder volume_snapshots objects
2019-11-08 00:37:35.696 1845 RALLYDEBUG rally_openstack.cleanup.manager [-] Cleaning up cinder transfers objects
2019-11-08 00:37:36.809 1845 RALLYDEBUG rally_openstack.cleanup.manager [-] Cleaning up cinder volumes objects
2019-11-08 00:37:38.029 1845 INFO rally.task.context [-] Task 1bf39f48-4c5b-4e41-bff1-b8fa9a34d7d4 | Context cleanup@openstack cleanup() finished in 4.79 sec
2019-11-08 00:37:38.030 1845 INFO rally.task.context [-] Task 1bf39f48-4c5b-4e41-bff1-b8fa9a34d7d4 | Context quotas@openstack cleanup() started
2019-11-08 00:37:38.097 1845 INFO rally.task.context [-] Task 1bf39f48-4c5b-4e41-bff1-b8fa9a34d7d4 | Context quotas@openstack cleanup() finished in 67.14 msec
2019-11-08 00:37:38.097 1845 INFO rally.task.context [-] Task 1bf39f48-4c5b-4e41-bff1-b8fa9a34d7d4 | Context api_versions@openstack cleanup() started
2019-11-08 00:37:38.098 1845 INFO rally.task.context [-] Task 1bf39f48-4c5b-4e41-bff1-b8fa9a34d7d4 | Context api_versions@openstack cleanup() finished in 0.34 msec
2019-11-08 00:37:38.098 1845 INFO rally.task.context [-] Task 1bf39f48-4c5b-4e41-bff1-b8fa9a34d7d4 | Context users@openstack cleanup() started
2019-11-08 00:37:42.539 1845 INFO rally.task.context [-] Task 1bf39f48-4c5b-4e41-bff1-b8fa9a34d7d4 | Context users@openstack cleanup() finished in 4.44 sec
2019-11-08 00:37:44.001 1845 INFO rally.task.engine [-] Load duration is: 21.520429
2019-11-08 00:37:44.002 1845 INFO rally.task.engine [-] Full runner duration is: 21.576046
2019-11-08 00:37:44.002 1845 INFO rally.task.engine [-] Full duration is: 34.744352
2019-11-08 00:37:44.321 1845 INFO rally.task.engine [-] Running workload: position = 0 config = { "version": 2, "title": "A cropped version of a bigger task.", "description": "Auto-generated task from a single workload (uuid=99ac561f-8e58-4a73-b76c-94f41d422af9)", "subtasks": [ { "title": "CinderVolumes.create_from_volume_and_delete_volume", "description": "Create volume from volume and then delete it.", "scenario": { "CinderVolumes.create_from_volume_and_delete_volume": { "size": 1 } }, "contexts": { "users": { "tenants": 3, "users_per_tenant": 2 }, "quotas": { "cinder": { "gigabytes": -1, "snapshots": -1, "volumes": -1 } }, "api_versions": { "cinder": { "version": 3, "service_type": "volumev3" } }, "volumes": { "size": 1, "volumes_per_tenant": 1 } }, "runner": { "constant": { "concurrency": 4, "times": 10 } }, "hooks": [], "sla": { "failure_rate": { "max": 0 } } } ] }
2019-11-08 00:37:44.348 1845 RALLYDEBUG rally_openstack.contexts.keystone.users [-] Creating 3 tenants using 20 threads
2019-11-08 00:37:45.437 1845 RALLYDEBUG rally_openstack.contexts.keystone.users [-] Creating 6 users using 20 threads
2019-11-08 00:37:46.943 1845 INFO rally.task.context [-] Task 1bf39f48-4c5b-4e41-bff1-b8fa9a34d7d4 | Context users@openstack setup() finished in 2.60 sec
2019-11-08 00:37:47.346 1845 INFO rally.task.context [-] Task 1bf39f48-4c5b-4e41-bff1-b8fa9a34d7d4 | Context api_versions@openstack setup() finished in 0.40 sec
2019-11-08 00:37:48.150 1845 INFO rally.task.context [-] Task 1bf39f48-4c5b-4e41-bff1-b8fa9a34d7d4 | Context quotas@openstack setup() finished in 0.80 sec
2019-11-08 00:37:56.546 1845 INFO rally.task.context [-] Task 1bf39f48-4c5b-4e41-bff1-b8fa9a34d7d4 | Context volumes@openstack setup() finished in 8.39 sec
2019-11-08 00:37:56.546 1845 INFO rally.task.context [-] Task 1bf39f48-4c5b-4e41-bff1-b8fa9a34d7d4 | Context cleanup@openstack setup() finished in 0.00 msec
2019-11-08 00:37:56.555 1845 RALLYDEBUG rally.task.runner [-] Starting the constant runner (task UUID: 1bf39f48-4c5b-4e41-bff1-b8fa9a34d7d4). times: 10 concurrency: 4 timeout: 0 max_cpu_used: 16 processes_to_start: 4 concurrency_per_worker: 1 concurrency_overhead: 0
2019-11-08 00:37:56.566 4909 RALLYDEBUG rally.task.runner [-] Starting a worker. times: 10 duration: None concurrency: 1 timeout: 0 cls: method_name: run args: {"size": 1}
2019-11-08 00:37:56.570 4910 RALLYDEBUG rally.task.runner [-] Starting a worker. times: 10 duration: None concurrency: 1 timeout: 0 cls: method_name: run args: {"size": 1}
2019-11-08 00:37:56.574 4909 INFO rally.task.runner [-] Task 1bf39f48-4c5b-4e41-bff1-b8fa9a34d7d4 | ITER: 1 START
2019-11-08 00:37:56.573 4911 RALLYDEBUG rally.task.runner [-] Starting a worker. times: 10 duration: None concurrency: 1 timeout: 0 cls: method_name: run args: {"size": 1}
2019-11-08 00:37:56.577 4912 RALLYDEBUG rally.task.runner [-] Starting a worker. times: 10 duration: None concurrency: 1 timeout: 0 cls: method_name: run args: {"size": 1}
2019-11-08 00:37:56.578 4910 INFO rally.task.runner [-] Task 1bf39f48-4c5b-4e41-bff1-b8fa9a34d7d4 | ITER: 2 START
2019-11-08 00:37:56.580 4911 INFO rally.task.runner [-] Task 1bf39f48-4c5b-4e41-bff1-b8fa9a34d7d4 | ITER: 3 START
2019-11-08 00:37:56.584 4912 INFO rally.task.runner [-] Task 1bf39f48-4c5b-4e41-bff1-b8fa9a34d7d4 | ITER: 4 START
2019-11-08 00:37:59.438 4909 RALLYDEBUG rally.task.utils [-] Waiting for resource s_rally_99ac561f_68cXpWaz. Status changed: AVAILABLE => DELETING in 0.0581204891204834
2019-11-08 00:37:59.446 4911 RALLYDEBUG rally.task.utils [-] Waiting for resource s_rally_99ac561f_8EZaxsm5. Status changed: AVAILABLE => DELETING in 0.057230472564697266
2019-11-08 00:37:59.537 4910 RALLYDEBUG rally.task.utils [-] Waiting for resource s_rally_99ac561f_0XbUsHlq. Status changed: AVAILABLE => DELETING in 0.05754208564758301
2019-11-08 00:38:01.484 4909 INFO rally.task.runner [-] Task 1bf39f48-4c5b-4e41-bff1-b8fa9a34d7d4 | ITER: 1 END: OK
2019-11-08 00:38:01.489 4911 INFO rally.task.runner [-] Task 1bf39f48-4c5b-4e41-bff1-b8fa9a34d7d4 | ITER: 3 END: OK
2019-11-08 00:38:01.490 4909 INFO rally.task.runner [-] Task 1bf39f48-4c5b-4e41-bff1-b8fa9a34d7d4 | ITER: 5 START
2019-11-08 00:38:01.494 4911 INFO rally.task.runner [-] Task 1bf39f48-4c5b-4e41-bff1-b8fa9a34d7d4 | ITER: 6 START
2019-11-08 00:38:01.511 4912 RALLYDEBUG rally.task.utils [-] Waiting for resource s_rally_99ac561f_MM8Z4RRA. Status changed: CREATING => AVAILABLE in 2.194575548171997
2019-11-08 00:38:01.576 4910 INFO rally.task.runner [-] Task 1bf39f48-4c5b-4e41-bff1-b8fa9a34d7d4 | ITER: 2 END: OK
2019-11-08 00:38:01.581 4910 INFO rally.task.runner [-] Task 1bf39f48-4c5b-4e41-bff1-b8fa9a34d7d4 | ITER: 7 START
2019-11-08 00:38:01.670 4912 RALLYDEBUG rally.task.utils [-] Waiting for resource s_rally_99ac561f_MM8Z4RRA. Status changed: AVAILABLE => DELETING in 0.09711813926696777
2019-11-08 00:38:03.712 4912 INFO rally.task.runner [-] Task 1bf39f48-4c5b-4e41-bff1-b8fa9a34d7d4 | ITER: 4 END: OK
2019-11-08 00:38:03.717 4912 INFO rally.task.runner [-] Task 1bf39f48-4c5b-4e41-bff1-b8fa9a34d7d4 | ITER: 8 START
2019-11-08 00:38:04.355 4909 RALLYDEBUG rally.task.utils [-] Waiting for resource s_rally_99ac561f_NPubwqeS. Status changed: AVAILABLE => DELETING in 0.05123257637023926
2019-11-08 00:38:04.411 4910 RALLYDEBUG rally.task.utils [-] Waiting for resource s_rally_99ac561f_7leCFrSG. Status changed: AVAILABLE => DELETING in 0.04946112632751465
2019-11-08 00:38:04.439 4911 RALLYDEBUG rally.task.utils [-] Waiting for resource s_rally_99ac561f_Axcc9GGU. Status changed: AVAILABLE => DELETING in 0.050045013427734375
2019-11-08 00:38:06.395 4909 INFO rally.task.runner [-] Task 1bf39f48-4c5b-4e41-bff1-b8fa9a34d7d4 | ITER: 5 END: OK
2019-11-08 00:38:06.399 4909 INFO rally.task.runner [-] Task 1bf39f48-4c5b-4e41-bff1-b8fa9a34d7d4 | ITER: 9 START
2019-11-08 00:38:06.451 4910 INFO rally.task.runner [-] Task 1bf39f48-4c5b-4e41-bff1-b8fa9a34d7d4 | ITER: 7 END: OK
2019-11-08 00:38:06.455 4910 INFO rally.task.runner [-] Task 1bf39f48-4c5b-4e41-bff1-b8fa9a34d7d4 | ITER: 10 START
2019-11-08 00:38:06.479 4911 INFO rally.task.runner [-] Task 1bf39f48-4c5b-4e41-bff1-b8fa9a34d7d4 | ITER: 6 END: OK
2019-11-08 00:38:06.665 4912 RALLYDEBUG rally.task.utils [-] Waiting for resource s_rally_99ac561f_JWWiU7jO. Status changed: AVAILABLE => DELETING in 0.05410575866699219
2019-11-08 00:38:08.705 4912 INFO rally.task.runner [-] Task 1bf39f48-4c5b-4e41-bff1-b8fa9a34d7d4 | ITER: 8 END: OK
2019-11-08 00:38:09.464 4909 RALLYDEBUG rally.task.utils [-] Waiting for resource s_rally_99ac561f_KHxxzobr. Status changed: AVAILABLE => DELETING in 0.05804705619812012
2019-11-08 00:38:09.572 4910 RALLYDEBUG rally.task.utils [-] Waiting for resource s_rally_99ac561f_5BdNxqgE. Status changed: AVAILABLE => DELETING in 0.05601143836975098
2019-11-08 00:38:11.508 4909 INFO rally.task.runner [-] Task 1bf39f48-4c5b-4e41-bff1-b8fa9a34d7d4 | ITER: 9 END: OK
2019-11-08 00:38:11.618 4910 INFO rally.task.runner [-] Task 1bf39f48-4c5b-4e41-bff1-b8fa9a34d7d4 | ITER: 10 END: OK
2019-11-08 00:38:11.648 1845 INFO rally.task.context [-] Task 1bf39f48-4c5b-4e41-bff1-b8fa9a34d7d4 | Context cleanup@openstack cleanup() started
2019-11-08 00:38:11.652 1845 RALLYDEBUG rally_openstack.cleanup.manager [-] Cleaning up cinder backups objects
2019-11-08 00:38:12.809 1845 RALLYDEBUG rally_openstack.cleanup.manager [-] Cleaning up cinder volume_snapshots objects
2019-11-08 00:38:13.954 1845 RALLYDEBUG rally_openstack.cleanup.manager [-] Cleaning up cinder transfers objects
2019-11-08 00:38:15.068 1845 RALLYDEBUG rally_openstack.cleanup.manager [-] Cleaning up cinder volumes objects
2019-11-08 00:38:16.329 1845 INFO rally.task.context [-] Task 1bf39f48-4c5b-4e41-bff1-b8fa9a34d7d4 | Context cleanup@openstack cleanup() finished in 4.68 sec
2019-11-08 00:38:16.330 1845 INFO rally.task.context [-] Task 1bf39f48-4c5b-4e41-bff1-b8fa9a34d7d4 | Context volumes@openstack cleanup() started
2019-11-08 00:38:16.331 1845 RALLYDEBUG rally_openstack.cleanup.manager [-] Cleaning up cinder volumes objects
2019-11-08 00:38:17.561 1845 RALLYDEBUG rally_openstack.cleanup.manager [-] Deleting cinder.volumes object c_rally_99ac561f_2p65MEmk (5d7b8ef5-cbd6-4b6f-bc6f-ed72199a06a3)
2019-11-08 00:38:17.568 1845 RALLYDEBUG rally_openstack.cleanup.manager [-] Deleting cinder.volumes object c_rally_99ac561f_6wYsaaAk (91d34dc8-50ec-4368-baa6-f3dd5eff2bee)
2019-11-08 00:38:17.574 1845 RALLYDEBUG rally_openstack.cleanup.manager [-] Deleting cinder.volumes object c_rally_99ac561f_uDj9PoOf (de25d174-b9e9-4c65-a34a-dd1ebf1fc0dd)
2019-11-08 00:38:20.118 1845 INFO rally.task.context [-] Task 1bf39f48-4c5b-4e41-bff1-b8fa9a34d7d4 | Context volumes@openstack cleanup() finished in 3.79 sec
2019-11-08 00:38:20.119 1845 INFO rally.task.context [-] Task 1bf39f48-4c5b-4e41-bff1-b8fa9a34d7d4 | Context quotas@openstack cleanup() started
2019-11-08 00:38:20.193 1845 INFO rally.task.context [-] Task 1bf39f48-4c5b-4e41-bff1-b8fa9a34d7d4 | Context quotas@openstack cleanup() finished in 74.03 msec
2019-11-08 00:38:20.193 1845 INFO rally.task.context [-] Task 1bf39f48-4c5b-4e41-bff1-b8fa9a34d7d4 | Context api_versions@openstack cleanup() started
2019-11-08 00:38:20.194 1845 INFO rally.task.context [-] Task 1bf39f48-4c5b-4e41-bff1-b8fa9a34d7d4 | Context api_versions@openstack cleanup() finished in 0.34 msec
2019-11-08 00:38:20.194 1845 INFO rally.task.context [-] Task 1bf39f48-4c5b-4e41-bff1-b8fa9a34d7d4 | Context users@openstack cleanup() started
2019-11-08 00:38:24.405 1845 INFO rally.task.context [-] Task 1bf39f48-4c5b-4e41-bff1-b8fa9a34d7d4 | Context users@openstack cleanup() finished in 4.21 sec
2019-11-08 00:38:24.564 1845 INFO rally.task.engine [-] Load duration is: 15.040158
2019-11-08 00:38:24.564 1845 INFO rally.task.engine [-] Full runner duration is: 15.093779
2019-11-08 00:38:24.565 1845 INFO rally.task.engine [-] Full duration is: 40.059859
2019-11-08 00:38:24.909 1845 INFO rally.task.engine [-] Running workload: position = 0 config = { "version": 2, "title": "A cropped version of a bigger task.", "description": "Auto-generated task from a single workload (uuid=51170ac0-22c7-4b47-b154-19761841414d)", "subtasks": [ { "title": "CinderQos.create_and_get_qos", "description": "Create a qos, then get details of the qos.", "scenario": { "CinderQos.create_and_get_qos": { "consumer": "both", "write_iops_sec": "10", "read_iops_sec": "1000" } }, "contexts": { "users": { "tenants": 3, "users_per_tenant": 2 }, "api_versions": { "cinder": { "version": 3, "service_type": "volumev3" } } }, "runner": { "constant": { "concurrency": 4, "times": 10 } }, "hooks": [], "sla": { "failure_rate": { "max": 0 } } } ] }
2019-11-08 00:38:24.934 1845 RALLYDEBUG rally_openstack.contexts.keystone.users [-] Creating 3 tenants using 20 threads
2019-11-08 00:38:25.882 1845 RALLYDEBUG rally_openstack.contexts.keystone.users [-] Creating 6 users using 20 threads
2019-11-08 00:38:27.389 1845 INFO rally.task.context [-] Task 1bf39f48-4c5b-4e41-bff1-b8fa9a34d7d4 | Context users@openstack setup() finished in 2.46 sec
2019-11-08 00:38:27.783 1845 INFO rally.task.context [-] Task 1bf39f48-4c5b-4e41-bff1-b8fa9a34d7d4 | Context api_versions@openstack setup() finished in 0.39 sec
2019-11-08 00:38:27.784 1845 INFO rally.task.context [-] Task 1bf39f48-4c5b-4e41-bff1-b8fa9a34d7d4 | Context admin_cleanup@openstack setup() finished in 0.01 msec
2019-11-08 00:38:27.793 1845 RALLYDEBUG rally.task.runner [-] Starting the constant runner (task UUID: 1bf39f48-4c5b-4e41-bff1-b8fa9a34d7d4). times: 10 concurrency: 4 timeout: 0 max_cpu_used: 16 processes_to_start: 4 concurrency_per_worker: 1 concurrency_overhead: 0
2019-11-08 00:38:27.805 5113 RALLYDEBUG rally.task.runner [-] Starting a worker. times: 10 duration: None concurrency: 1 timeout: 0 cls: method_name: run args: {"consumer": "both", "write_iops_sec": "10", "read_iops_sec": "1000"}
2019-11-08 00:38:27.808 5114 RALLYDEBUG rally.task.runner [-] Starting a worker. times: 10 duration: None concurrency: 1 timeout: 0 cls: method_name: run args: {"consumer": "both", "write_iops_sec": "10", "read_iops_sec": "1000"}
2019-11-08 00:38:27.812 5113 INFO rally.task.runner [-] Task 1bf39f48-4c5b-4e41-bff1-b8fa9a34d7d4 | ITER: 1 START
2019-11-08 00:38:27.811 5115 RALLYDEBUG rally.task.runner [-] Starting a worker. times: 10 duration: None concurrency: 1 timeout: 0 cls: method_name: run args: {"consumer": "both", "write_iops_sec": "10", "read_iops_sec": "1000"}
2019-11-08 00:38:27.815 5114 INFO rally.task.runner [-] Task 1bf39f48-4c5b-4e41-bff1-b8fa9a34d7d4 | ITER: 2 START
2019-11-08 00:38:27.815 5116 RALLYDEBUG rally.task.runner [-] Starting a worker. times: 10 duration: None concurrency: 1 timeout: 0 cls: method_name: run args: {"consumer": "both", "write_iops_sec": "10", "read_iops_sec": "1000"}
2019-11-08 00:38:27.818 5115 INFO rally.task.runner [-] Task 1bf39f48-4c5b-4e41-bff1-b8fa9a34d7d4 | ITER: 3 START
2019-11-08 00:38:27.821 5116 INFO rally.task.runner [-] Task 1bf39f48-4c5b-4e41-bff1-b8fa9a34d7d4 | ITER: 4 START
2019-11-08 00:38:28.247 5114 INFO rally.task.runner [-] Task 1bf39f48-4c5b-4e41-bff1-b8fa9a34d7d4 | ITER: 2 END: OK
2019-11-08 00:38:28.249 5115 INFO rally.task.runner [-] Task 1bf39f48-4c5b-4e41-bff1-b8fa9a34d7d4 | ITER: 3 END: OK
2019-11-08 00:38:28.249 5113 INFO rally.task.runner [-] Task 1bf39f48-4c5b-4e41-bff1-b8fa9a34d7d4 | ITER: 1 END: OK
2019-11-08 00:38:28.252 5116 INFO rally.task.runner [-] Task 1bf39f48-4c5b-4e41-bff1-b8fa9a34d7d4 | ITER: 4 END: OK
2019-11-08 00:38:28.253 5114 INFO rally.task.runner [-] Task 1bf39f48-4c5b-4e41-bff1-b8fa9a34d7d4 | ITER: 5 START
2019-11-08 00:38:28.253 5115 INFO rally.task.runner [-] Task 1bf39f48-4c5b-4e41-bff1-b8fa9a34d7d4 | ITER: 6 START
2019-11-08 00:38:28.254 5113 INFO rally.task.runner [-] Task 1bf39f48-4c5b-4e41-bff1-b8fa9a34d7d4 | ITER: 7 START
2019-11-08 00:38:28.259 5116 INFO rally.task.runner [-] Task 1bf39f48-4c5b-4e41-bff1-b8fa9a34d7d4 | ITER: 8 START
2019-11-08 00:38:28.636 5116 INFO rally.task.runner [-] Task 1bf39f48-4c5b-4e41-bff1-b8fa9a34d7d4 | ITER: 8 END: OK
2019-11-08 00:38:28.636 5115 INFO rally.task.runner [-] Task 1bf39f48-4c5b-4e41-bff1-b8fa9a34d7d4 | ITER: 6 END: OK
2019-11-08 00:38:28.639 5116 INFO rally.task.runner [-] Task 1bf39f48-4c5b-4e41-bff1-b8fa9a34d7d4 | ITER: 9 START
2019-11-08 00:38:28.639 5115 INFO rally.task.runner [-] Task 1bf39f48-4c5b-4e41-bff1-b8fa9a34d7d4 | ITER: 10 START
2019-11-08 00:38:28.642 5113 INFO rally.task.runner [-] Task 1bf39f48-4c5b-4e41-bff1-b8fa9a34d7d4 | ITER: 7 END: OK
2019-11-08 00:38:28.683 5114 INFO rally.task.runner [-] Task 1bf39f48-4c5b-4e41-bff1-b8fa9a34d7d4 | ITER: 5 END: OK
2019-11-08 00:38:29.016 5116 INFO rally.task.runner [-] Task 1bf39f48-4c5b-4e41-bff1-b8fa9a34d7d4 | ITER: 9 END: OK
2019-11-08 00:38:29.334 5115 INFO rally.task.runner [-] Task 1bf39f48-4c5b-4e41-bff1-b8fa9a34d7d4 | ITER: 10 END: OK
2019-11-08 00:38:29.362 1845 INFO rally.task.context [-] Task 1bf39f48-4c5b-4e41-bff1-b8fa9a34d7d4 | Context admin_cleanup@openstack cleanup() started
2019-11-08 00:38:29.366 1845 RALLYDEBUG rally_openstack.cleanup.manager [-] Cleaning up cinder volume_types objects
2019-11-08 00:38:29.765 1845 RALLYDEBUG rally_openstack.cleanup.manager [-] Cleaning up cinder image_volumes_cache objects
2019-11-08 00:38:30.290 1845 RALLYDEBUG rally_openstack.cleanup.manager [-] Cleaning up cinder quotas objects
2019-11-08 00:38:31.044 1845 RALLYDEBUG rally_openstack.cleanup.manager [-] Cleaning up cinder qos_specs objects
2019-11-08 00:38:31.434 1845 RALLYDEBUG rally_openstack.cleanup.manager [-] Deleting cinder.qos_specs object s_rally_51170ac0_I4CLyhB5 (f056da76-c77b-4d73-9020-0f96a05a274e)
2019-11-08 00:38:31.443 1845 RALLYDEBUG rally_openstack.cleanup.manager [-] Deleting cinder.qos_specs object s_rally_51170ac0_8P5P6Yev (d91a3c04-af33-48f9-aff1-e94c86e42c7a)
2019-11-08 00:38:31.452 1845 RALLYDEBUG rally_openstack.cleanup.manager [-] Deleting cinder.qos_specs object s_rally_51170ac0_roWGyfFt (adba8944-3559-4d35-b38b-8f571b915b4a)
2019-11-08 00:38:31.462 1845 RALLYDEBUG rally_openstack.cleanup.manager [-] Deleting cinder.qos_specs object s_rally_51170ac0_IYutSb38 (8a0d59a8-e239-4f0f-ae3b-697d72124189)
2019-11-08 00:38:31.470 1845 RALLYDEBUG rally_openstack.cleanup.manager [-] Deleting cinder.qos_specs object s_rally_51170ac0_27YIHkKy (79a4400c-501c-42a6-a328-d90a3a9fecd5)
2019-11-08 00:38:31.479 1845 RALLYDEBUG rally_openstack.cleanup.manager [-] Deleting cinder.qos_specs object s_rally_51170ac0_glGosdwp (3cdf9751-d509-4a3d-8a0d-df29564ab34b)
2019-11-08 00:38:31.483 1845 RALLYDEBUG rally_openstack.cleanup.manager [-] Deleting cinder.qos_specs object s_rally_51170ac0_2ujsFLYC (dc0b6a31-9a83-4e14-8d5b-6958e2d3e3ad)
2019-11-08 00:38:31.490 1845 RALLYDEBUG rally_openstack.cleanup.manager [-] Deleting cinder.qos_specs object s_rally_51170ac0_QrPfj4n4 (db5577fd-9c70-404f-bf47-74f4088f6a45)
2019-11-08 00:38:31.498 1845 RALLYDEBUG rally_openstack.cleanup.manager [-] Deleting cinder.qos_specs object s_rally_51170ac0_siMRbze2 (da33d65d-e962-4c7c-9be8-f40c19f03c1d)
2019-11-08 00:38:31.516 1845 RALLYDEBUG rally_openstack.cleanup.manager [-] Deleting cinder.qos_specs object s_rally_51170ac0_c8WTkpzw (1a410765-e40b-4772-a565-49e2dd21f53b)
2019-11-08 00:38:33.057 1845 INFO rally.task.context [-] Task 1bf39f48-4c5b-4e41-bff1-b8fa9a34d7d4 | Context admin_cleanup@openstack cleanup() finished in 3.69 sec
