2019-11-08 01:10:44.893 20127 INFO rally.task.runner [-] Task 8b34eb2b-eac8-446b-8286-419dc735db84 | ITER: 3 END: OK
2019-11-08 01:10:44.898 20127 INFO rally.task.runner [-] Task 8b34eb2b-eac8-446b-8286-419dc735db84 | ITER: 6 START
2019-11-08 01:10:44.899 20127 RALLYDEBUG rally_openstack.wrappers.network [-] CIDR generated: 10.2.107.0/24
2019-11-08 01:10:45.250 20125 INFO rally.task.runner [-] Task 8b34eb2b-eac8-446b-8286-419dc735db84 | ITER: 1 END: OK
2019-11-08 01:10:45.255 20125 INFO rally.task.runner [-] Task 8b34eb2b-eac8-446b-8286-419dc735db84 | ITER: 7 START
2019-11-08 01:10:45.256 20125 RALLYDEBUG rally_openstack.wrappers.network [-] CIDR generated: 10.2.108.0/24
2019-11-08 01:10:45.419 20129 INFO rally.task.runner [-] Task 8b34eb2b-eac8-446b-8286-419dc735db84 | ITER: 4 END: OK
2019-11-08 01:10:45.423 20129 INFO rally.task.runner [-] Task 8b34eb2b-eac8-446b-8286-419dc735db84 | ITER: 8 START
2019-11-08 01:10:45.424 20129 RALLYDEBUG rally_openstack.wrappers.network [-] CIDR generated: 10.2.109.0/24
2019-11-08 01:10:45.504 20126 RALLYDEBUG rally_openstack.wrappers.network [-] CIDR generated: 10.2.110.0/24
2019-11-08 01:10:45.818 20127 RALLYDEBUG rally_openstack.wrappers.network [-] CIDR generated: 10.2.111.0/24
2019-11-08 01:10:46.142 20125 RALLYDEBUG rally_openstack.wrappers.network [-] CIDR generated: 10.2.112.0/24
2019-11-08 01:10:46.222 20126 INFO rally.task.runner [-] Task 8b34eb2b-eac8-446b-8286-419dc735db84 | ITER: 5 END: OK
2019-11-08 01:10:46.226 20126 INFO rally.task.runner [-] Task 8b34eb2b-eac8-446b-8286-419dc735db84 | ITER: 9 START
2019-11-08 01:10:46.227 20126 RALLYDEBUG rally_openstack.wrappers.network [-] CIDR generated: 10.2.113.0/24
2019-11-08 01:10:46.626 20127 INFO rally.task.runner [-] Task 8b34eb2b-eac8-446b-8286-419dc735db84 | ITER: 6 END: OK
2019-11-08 01:10:46.630 20127 INFO rally.task.runner [-] Task 8b34eb2b-eac8-446b-8286-419dc735db84 | ITER: 10 START
2019-11-08 01:10:46.631 20127 RALLYDEBUG rally_openstack.wrappers.network [-] CIDR generated: 10.2.114.0/24
2019-11-08 01:10:46.815 20129 RALLYDEBUG rally_openstack.wrappers.network [-] CIDR generated: 10.2.115.0/24
2019-11-08 01:10:46.901 20125 INFO rally.task.runner [-] Task 8b34eb2b-eac8-446b-8286-419dc735db84 | ITER: 7 END: OK
2019-11-08 01:10:47.091 20126 RALLYDEBUG rally_openstack.wrappers.network [-] CIDR generated: 10.2.116.0/24
2019-11-08 01:10:47.574 20127 RALLYDEBUG rally_openstack.wrappers.network [-] CIDR generated: 10.2.117.0/24
2019-11-08 01:10:47.656 20129 INFO rally.task.runner [-] Task 8b34eb2b-eac8-446b-8286-419dc735db84 | ITER: 8 END: OK
2019-11-08 01:10:48.094 20126 INFO rally.task.runner [-] Task 8b34eb2b-eac8-446b-8286-419dc735db84 | ITER: 9 END: OK
2019-11-08 01:10:48.269 20127 INFO rally.task.runner [-] Task 8b34eb2b-eac8-446b-8286-419dc735db84 | ITER: 10 END: OK
2019-11-08 01:10:48.301 13785 INFO rally.task.context [-] Task 8b34eb2b-eac8-446b-8286-419dc735db84 | Context cleanup@openstack cleanup() started
2019-11-08 01:10:48.304 13785 RALLYDEBUG rally_openstack.cleanup.manager [-] Cleaning up neutron vip objects
2019-11-08 01:10:49.391 13785 RALLYDEBUG rally_openstack.cleanup.manager [-] Cleaning up neutron health_monitor objects
2019-11-08 01:10:50.491 13785 RALLYDEBUG rally_openstack.cleanup.manager [-] Cleaning up neutron pool objects
2019-11-08 01:10:51.574 13785 RALLYDEBUG rally_openstack.cleanup.manager [-] Cleaning up neutron loadbalancer objects
2019-11-08 01:10:52.693 13785 RALLYDEBUG rally_openstack.cleanup.manager [-] Cleaning up neutron floatingip objects
2019-11-08 01:10:53.888 13785 RALLYDEBUG rally_openstack.cleanup.manager [-] Cleaning up neutron trunk objects
2019-11-08 01:10:55.021 13785 RALLYDEBUG rally_openstack.cleanup.manager [-] Cleaning up neutron port objects
2019-11-08 01:10:56.338 13785 RALLYDEBUG rally_openstack.cleanup.manager [-] Cleaning up neutron subnet objects
2019-11-08 01:10:57.580 13785 RALLYDEBUG rally_openstack.cleanup.manager [-] Deleting neutron.subnet object s_rally_ca760552_iW1GbNlw (37268222-cf25-41ef-a34f-412fbaca9290)
2019-11-08 01:10:57.590 13785 RALLYDEBUG rally_openstack.cleanup.manager [-] Deleting neutron.subnet object s_rally_ca760552_ZYtrAjxw (bebc0806-a34a-47b3-bf06-5426fb1986e2)
2019-11-08 01:10:57.603 13785 RALLYDEBUG rally_openstack.cleanup.manager [-] Deleting neutron.subnet object s_rally_ca760552_4vaQmkJL (3817c308-987b-4b5e-b7b9-53e46394a1e6)
2019-11-08 01:10:57.611 13785 RALLYDEBUG rally_openstack.cleanup.manager [-] Deleting neutron.subnet object s_rally_ca760552_h7lgzIvB (3b3be76a-94a2-4ac4-9a26-0a97d7fb941c)
2019-11-08 01:10:57.621 13785 RALLYDEBUG rally_openstack.cleanup.manager [-] Deleting neutron.subnet object s_rally_ca760552_FAkAVr08 (3f41f324-f56c-409b-a43a-bdec67d496ec)
2019-11-08 01:10:57.625 13785 RALLYDEBUG rally_openstack.cleanup.manager [-] Deleting neutron.subnet object s_rally_ca760552_dLoMwd00 (45a39058-02cb-4335-a4a1-5199058e962b)
2019-11-08 01:10:57.634 13785 RALLYDEBUG rally_openstack.cleanup.manager [-] Deleting neutron.subnet object s_rally_ca760552_HZczQ6bM (7dd3aa69-3011-494f-84bb-6c8b84c3c327)
2019-11-08 01:10:57.648 13785 RALLYDEBUG rally_openstack.cleanup.manager [-] Deleting neutron.subnet object s_rally_ca760552_Rc0dPp4I (88ac3831-a1f8-488d-9e85-2e0cf9f5ec64)
2019-11-08 01:10:57.670 13785 RALLYDEBUG rally_openstack.cleanup.manager [-] Deleting neutron.subnet object s_rally_ca760552_T6I5MTwT (8ddf5953-1215-4e63-ad71-be7793bbcf3e)
2019-11-08 01:10:57.686 13785 RALLYDEBUG rally_openstack.cleanup.manager [-] Deleting neutron.subnet object s_rally_ca760552_ynQGY5oy (9501fe18-007b-4479-8862-658603eaa853)
2019-11-08 01:10:57.689 13785 RALLYDEBUG rally_openstack.cleanup.manager [-] Deleting neutron.subnet object s_rally_ca760552_0bFCu0nk (a34cea89-ab04-4213-96cd-e1cd79699594)
2019-11-08 01:10:57.704 13785 RALLYDEBUG rally_openstack.cleanup.manager [-] Deleting neutron.subnet object s_rally_ca760552_Gp0cG4wO (ba28555c-4bc3-4fd4-a7eb-9ce621af922b)
2019-11-08 01:10:57.713 13785 RALLYDEBUG rally_openstack.cleanup.manager [-] Deleting neutron.subnet object s_rally_ca760552_ZNYBl39h (cc46509e-c40d-4736-9d03-e85010f5d955)
2019-11-08 01:10:57.728 13785 RALLYDEBUG rally_openstack.cleanup.manager [-] Deleting neutron.subnet object s_rally_ca760552_3HXZjlMV (e72b5bcd-dbea-40ad-8cb0-19c198b72e37)
2019-11-08 01:10:57.745 13785 RALLYDEBUG rally_openstack.cleanup.manager [-] Deleting neutron.subnet object s_rally_ca760552_tssfIhwy (5e0d176a-05c9-48e0-bb34-c2f38588d650)
2019-11-08 01:10:57.757 13785 RALLYDEBUG rally_openstack.cleanup.manager [-] Deleting neutron.subnet object s_rally_ca760552_zBTVGNvT (3be1a5cc-2d8f-4033-84df-aa323e8f7851)
2019-11-08 01:10:57.760 13785 RALLYDEBUG rally_openstack.cleanup.manager [-] Deleting neutron.subnet object s_rally_ca760552_0Ge5emEZ (6f68bbbc-a959-40dd-aca8-a8e3a8a985df)
2019-11-08 01:10:57.772 13785 RALLYDEBUG rally_openstack.cleanup.manager [-] Deleting neutron.subnet object s_rally_ca760552_fiBbx9Fj (74639841-8414-4f78-8196-9c25fc145d3c)
2019-11-08 01:10:57.792 13785 RALLYDEBUG rally_openstack.cleanup.manager [-] Deleting neutron.subnet object s_rally_ca760552_5R6mCAeq (ac02a97a-607d-4e42-92c4-2a36cf70465d)
2019-11-08 01:10:57.825 13785 RALLYDEBUG rally_openstack.cleanup.manager [-] Deleting neutron.subnet object s_rally_ca760552_AKjoFN3D (ff297e89-b5d0-489e-b3e7-0bb4f6d27c4f)
2019-11-08 01:11:08.773 13785 RALLYDEBUG rally_openstack.cleanup.manager [-] Cleaning up neutron network objects
2019-11-08 01:11:10.700 13785 RALLYDEBUG rally_openstack.cleanup.manager [-] Cleaning up neutron router objects
2019-11-08 01:11:11.899 13785 RALLYDEBUG rally_openstack.cleanup.manager [-] Cleaning up neutron security_group objects
2019-11-08 01:11:13.596 13785 INFO rally.task.context [-] Task 8b34eb2b-eac8-446b-8286-419dc735db84 | Context cleanup@openstack cleanup() finished in 25.30 sec
2019-11-08 01:11:13.597 13785 INFO rally.task.context [-] Task 8b34eb2b-eac8-446b-8286-419dc735db84 | Context network@openstack cleanup() started
2019-11-08 01:11:28.232 13785 INFO rally.task.context [-] Task 8b34eb2b-eac8-446b-8286-419dc735db84 | Context network@openstack cleanup() finished in 14.63 sec
2019-11-08 01:11:28.232 13785 INFO rally.task.context [-] Task 8b34eb2b-eac8-446b-8286-419dc735db84 | Context quotas@openstack cleanup() started
2019-11-08 01:11:28.447 13785 INFO rally.task.context [-] Task 8b34eb2b-eac8-446b-8286-419dc735db84 | Context quotas@openstack cleanup() finished in 0.22 sec
2019-11-08 01:11:28.448 13785 INFO rally.task.context [-] Task 8b34eb2b-eac8-446b-8286-419dc735db84 | Context users@openstack cleanup() started
2019-11-08 01:11:32.364 13785 INFO rally.task.context [-] Task 8b34eb2b-eac8-446b-8286-419dc735db84 | Context users@openstack cleanup() finished in 3.92 sec
2019-11-08 01:11:34.349 13785 INFO rally.task.engine [-] Load duration is: 5.488351
2019-11-08 01:11:34.349 13785 INFO rally.task.engine [-] Full runner duration is: 5.540942
2019-11-08 01:11:34.349 13785 INFO rally.task.engine [-] Full duration is: 56.31828
2019-11-08 01:11:34.601 13785 INFO rally.task.engine [-] Task 8b34eb2b-eac8-446b-8286-419dc735db84 | Completed: Running task.
2019-11-08 01:11:36.017 20407 RALLYDEBUG rally.api [-] INFO logs from urllib3 and requests module are hide.
2019-11-08 01:11:36.017 20407 RALLYDEBUG rally.api [-] urllib3 insecure warnings are hidden.
2019-11-08 01:11:36.018 20407 RALLYDEBUG rally.api [-] ERROR log from boto module is hide.
2019-11-08 01:11:37.245 20408 RALLYDEBUG rally.api [-] INFO logs from urllib3 and requests module are hide.
2019-11-08 01:11:37.245 20408 RALLYDEBUG rally.api [-] urllib3 insecure warnings are hidden.
2019-11-08 01:11:37.245 20408 RALLYDEBUG rally.api [-] ERROR log from boto module is hide.
2019-11-08 01:11:38.574 20409 RALLYDEBUG rally.api [-] INFO logs from urllib3 and requests module are hide.
2019-11-08 01:11:38.574 20409 RALLYDEBUG rally.api [-] urllib3 insecure warnings are hidden.
2019-11-08 01:11:38.575 20409 RALLYDEBUG rally.api [-] ERROR log from boto module is hide.
2019-11-08 01:11:40.254 20409 INFO rally.api [-] Building 'json' report for the following task(s): '8b34eb2b-eac8-446b-8286-419dc735db84'.
2019-11-08 01:11:40.293 20409 INFO rally.api [-] The report has been successfully built.
2019-11-08 01:11:41.719 20411 RALLYDEBUG rally.api [-] INFO logs from urllib3 and requests module are hide.
2019-11-08 01:11:41.719 20411 RALLYDEBUG rally.api [-] urllib3 insecure warnings are hidden.
2019-11-08 01:11:41.719 20411 RALLYDEBUG rally.api [-] ERROR log from boto module is hide.
2019-11-08 01:11:43.689 20411 INFO rally.task.engine [-] Task ffd7f283-6e8d-4c75-9648-a8d3aa68790a | Starting: Task validation.
2019-11-08 01:11:43.739 20411 INFO rally.task.engine [-] Task ffd7f283-6e8d-4c75-9648-a8d3aa68790a | Starting: Task validation of syntax.
2019-11-08 01:11:44.058 20411 INFO rally.task.engine [-] Task ffd7f283-6e8d-4c75-9648-a8d3aa68790a | Completed: Task validation of syntax.
2019-11-08 01:11:44.059 20411 INFO rally.task.engine [-] Task ffd7f283-6e8d-4c75-9648-a8d3aa68790a | Starting: Task validation of required platforms.
2019-11-08 01:11:44.200 20411 INFO rally.task.engine [-] Task ffd7f283-6e8d-4c75-9648-a8d3aa68790a | Completed: Task validation of required platforms.
2019-11-08 01:11:44.201 20411 INFO rally.task.engine [-] Task ffd7f283-6e8d-4c75-9648-a8d3aa68790a | Starting: Task validation of semantic.
2019-11-08 01:11:44.201 20411 INFO rally.task.engine [-] Check health of the environment '405cb30b-acf7-45dc-81bd-b1a633e51838'.
2019-11-08 01:11:45.174 20411 INFO rally.task.engine [-] Platform existing@openstack (available: True): OK!
2019-11-08 01:11:45.193 20411 RALLYDEBUG rally_openstack.contexts.keystone.users [-] Creating 1 tenants using 20 threads
2019-11-08 01:11:46.045 20411 RALLYDEBUG rally_openstack.contexts.keystone.users [-] Creating 1 users using 20 threads
2019-11-08 01:11:47.372 20411 INFO rally.task.context [-] Task ffd7f283-6e8d-4c75-9648-a8d3aa68790a | Context users@openstack setup() finished in 2.18 sec
2019-11-08 01:12:26.263 20411 INFO rally.task.context [-] Task ffd7f283-6e8d-4c75-9648-a8d3aa68790a | Context users@openstack cleanup() started
2019-11-08 01:12:28.925 20411 INFO rally.task.context [-] Task ffd7f283-6e8d-4c75-9648-a8d3aa68790a | Context users@openstack cleanup() finished in 2.66 sec
2019-11-08 01:12:28.925 20411 INFO rally.task.engine [-] Task ffd7f283-6e8d-4c75-9648-a8d3aa68790a | Completed: Task validation of semantic.
2019-11-08 01:12:28.926 20411 INFO rally.task.engine [-] Task ffd7f283-6e8d-4c75-9648-a8d3aa68790a | Completed: Task validation.
2019-11-08 01:12:28.926 20411 INFO rally.api [-] Task ffd7f283-6e8d-4c75-9648-a8d3aa68790a input file is valid.
2019-11-08 01:12:28.927 20411 INFO rally.api [-] Run Task ffd7f283-6e8d-4c75-9648-a8d3aa68790a against Deployment 405cb30b-acf7-45dc-81bd-b1a633e51838
2019-11-08 01:12:28.927 20411 INFO rally.task.engine [-] Task ffd7f283-6e8d-4c75-9648-a8d3aa68790a | Starting: Running task.
2019-11-08 01:12:29.139 20411 INFO rally.task.engine [-] Running workload: position = 0 config = { "version": 2, "title": "A cropped version of a bigger task.", "description": "Auto-generated task from a single workload (uuid=826beb4c-a5b3-4dfd-9bc3-e20964039292)", "subtasks": [ { "title": "NovaKeypair.create_and_delete_keypair", "description": "Create a keypair with random name and delete keypair.", "scenario": { "NovaKeypair.create_and_delete_keypair": {} }, "contexts": { "users": { "tenants": 3, "users_per_tenant": 2 }, "quotas": { "nova": { "cores": -1, "floating_ips": -1, "instances": -1, "key_pairs": -1, "ram": -1, "security_group_rules": -1, "security_groups": -1 } } }, "runner": { "constant": { "concurrency": 4, "times": 10 } }, "hooks": [], "sla": { "failure_rate": { "max": 0 } } } ] }
2019-11-08 01:12:29.164 20411 RALLYDEBUG rally_openstack.contexts.keystone.users [-] Creating 3 tenants using 20 threads
2019-11-08 01:12:30.055 20411 RALLYDEBUG rally_openstack.contexts.keystone.users [-] Creating 6 users using 20 threads
2019-11-08 01:12:31.619 20411 INFO rally.task.context [-] Task ffd7f283-6e8d-4c75-9648-a8d3aa68790a | Context users@openstack setup() finished in 2.45 sec
2019-11-08 01:12:32.778 20411 INFO rally.task.context [-] Task ffd7f283-6e8d-4c75-9648-a8d3aa68790a | Context quotas@openstack setup() finished in 1.16 sec
2019-11-08 01:12:32.779 20411 INFO rally.task.context [-] Task ffd7f283-6e8d-4c75-9648-a8d3aa68790a | Context cleanup@openstack setup() finished in 0.04 msec
2019-11-08 01:12:32.788 20411 RALLYDEBUG rally.task.runner [-] Starting the constant runner (task UUID: ffd7f283-6e8d-4c75-9648-a8d3aa68790a). times: 10 concurrency: 4 timeout: 0 max_cpu_used: 16 processes_to_start: 4 concurrency_per_worker: 1 concurrency_overhead: 0
2019-11-08 01:12:32.802 20535 RALLYDEBUG rally.task.runner [-] Starting a worker. times: 10 duration: None concurrency: 1 timeout: 0 cls: method_name: run args: {}
2019-11-08 01:12:32.806 20536 RALLYDEBUG rally.task.runner [-] Starting a worker. times: 10 duration: None concurrency: 1 timeout: 0 cls: method_name: run args: {}
2019-11-08 01:12:32.808 20535 INFO rally.task.runner [-] Task ffd7f283-6e8d-4c75-9648-a8d3aa68790a | ITER: 1 START
2019-11-08 01:12:32.809 20537 RALLYDEBUG rally.task.runner [-] Starting a worker. times: 10 duration: None concurrency: 1 timeout: 0 cls: method_name: run args: {}
2019-11-08 01:12:32.812 20540 RALLYDEBUG rally.task.runner [-] Starting a worker. times: 10 duration: None concurrency: 1 timeout: 0 cls: method_name: run args: {}
2019-11-08 01:12:32.812 20536 INFO rally.task.runner [-] Task ffd7f283-6e8d-4c75-9648-a8d3aa68790a | ITER: 2 START
2019-11-08 01:12:32.815 20537 INFO rally.task.runner [-] Task ffd7f283-6e8d-4c75-9648-a8d3aa68790a | ITER: 3 START
2019-11-08 01:12:32.818 20540 INFO rally.task.runner [-] Task ffd7f283-6e8d-4c75-9648-a8d3aa68790a | ITER: 4 START
2019-11-08 01:12:33.515 20535 INFO rally.task.runner [-] Task ffd7f283-6e8d-4c75-9648-a8d3aa68790a | ITER: 1 END: OK
2019-11-08 01:12:33.519 20535 INFO rally.task.runner [-] Task ffd7f283-6e8d-4c75-9648-a8d3aa68790a | ITER: 5 START
2019-11-08 01:12:33.562 20537 INFO rally.task.runner [-] Task ffd7f283-6e8d-4c75-9648-a8d3aa68790a | ITER: 3 END: OK
2019-11-08 01:12:33.566 20537 INFO rally.task.runner [-] Task ffd7f283-6e8d-4c75-9648-a8d3aa68790a | ITER: 6 START
2019-11-08 01:12:33.873 20536 INFO rally.task.runner [-] Task ffd7f283-6e8d-4c75-9648-a8d3aa68790a | ITER: 2 END: OK
2019-11-08 01:12:33.878 20536 INFO rally.task.runner [-] Task ffd7f283-6e8d-4c75-9648-a8d3aa68790a | ITER: 7 START
2019-11-08 01:12:33.893 20540 INFO rally.task.runner [-] Task ffd7f283-6e8d-4c75-9648-a8d3aa68790a | ITER: 4 END: OK
2019-11-08 01:12:33.897 20540 INFO rally.task.runner [-] Task ffd7f283-6e8d-4c75-9648-a8d3aa68790a | ITER: 8 START
2019-11-08 01:12:34.078 20535 INFO rally.task.runner [-] Task ffd7f283-6e8d-4c75-9648-a8d3aa68790a | ITER: 5 END: OK
2019-11-08 01:12:34.081 20535 INFO rally.task.runner [-] Task ffd7f283-6e8d-4c75-9648-a8d3aa68790a | ITER: 9 START
2019-11-08 01:12:34.211 20537 INFO rally.task.runner [-] Task ffd7f283-6e8d-4c75-9648-a8d3aa68790a | ITER: 6 END: OK
2019-11-08 01:12:34.214 20537 INFO rally.task.runner [-] Task ffd7f283-6e8d-4c75-9648-a8d3aa68790a | ITER: 10 START
2019-11-08 01:12:34.438 20540 INFO rally.task.runner [-] Task ffd7f283-6e8d-4c75-9648-a8d3aa68790a | ITER: 8 END: OK
2019-11-08 01:12:34.570 20535 INFO rally.task.runner [-] Task ffd7f283-6e8d-4c75-9648-a8d3aa68790a | ITER: 9 END: OK
2019-11-08 01:12:34.571 20536 INFO rally.task.runner [-] Task ffd7f283-6e8d-4c75-9648-a8d3aa68790a | ITER: 7 END: OK
2019-11-08 01:12:34.759 20537 INFO rally.task.runner [-] Task ffd7f283-6e8d-4c75-9648-a8d3aa68790a | ITER: 10 END: OK
2019-11-08 01:12:34.786 20411 INFO rally.task.context [-] Task ffd7f283-6e8d-4c75-9648-a8d3aa68790a | Context cleanup@openstack cleanup() started
2019-11-08 01:12:34.790 20411 RALLYDEBUG rally_openstack.cleanup.manager [-] Cleaning up nova servers objects
2019-11-08 01:12:36.221 20411 RALLYDEBUG rally_openstack.cleanup.manager [-] Cleaning up nova server_groups objects
2019-11-08 01:12:37.363 20411 RALLYDEBUG rally_openstack.cleanup.manager [-] Cleaning up nova keypairs objects
2019-11-08 01:12:39.599 20411 INFO rally.task.context [-] Task ffd7f283-6e8d-4c75-9648-a8d3aa68790a | Context cleanup@openstack cleanup() finished in 4.81 sec
2019-11-08 01:12:39.600 20411 INFO rally.task.context [-] Task ffd7f283-6e8d-4c75-9648-a8d3aa68790a | Context quotas@openstack cleanup() started
2019-11-08 01:12:39.652 20411 INFO rally.task.context [-] Task ffd7f283-6e8d-4c75-9648-a8d3aa68790a | Context quotas@openstack cleanup() finished in 52.27 msec
2019-11-08 01:12:39.653 20411 INFO rally.task.context [-] Task ffd7f283-6e8d-4c75-9648-a8d3aa68790a | Context users@openstack cleanup() started
2019-11-08 01:12:44.054 20411 INFO rally.task.context [-] Task ffd7f283-6e8d-4c75-9648-a8d3aa68790a | Context users@openstack cleanup() finished in 4.40 sec
2019-11-08 01:12:45.276 20411 INFO rally.task.engine [-] Load duration is: 1.950107
2019-11-08 01:12:45.276 20411 INFO rally.task.engine [-] Full runner duration is: 1.998429
2019-11-08 01:12:45.276 20411 INFO rally.task.engine [-] Full duration is: 14.892606
2019-11-08 01:12:45.609 20411 INFO rally.task.engine [-] Running workload: position = 0 config = { "version": 2, "title": "A cropped version of a bigger task.", "description": "Auto-generated task from a single workload (uuid=36705ab9-c6d0-460e-8214-bf281f3adc35)", "subtasks": [ { "title": "NovaKeypair.create_and_list_keypairs", "description": "Create a keypair with random name and list keypairs.", "scenario": { "NovaKeypair.create_and_list_keypairs": {} }, "contexts": { "users": { "tenants": 3, "users_per_tenant": 2 }, "quotas": { "nova": { "cores": -1, "floating_ips": -1, "instances": -1, "key_pairs": -1, "ram": -1, "security_group_rules": -1, "security_groups": -1 } } }, "runner": { "constant": { "concurrency": 4, "times": 10 } }, "hooks": [], "sla": { "failure_rate": { "max": 0 } } } ] }
2019-11-08 01:12:45.634 20411 RALLYDEBUG rally_openstack.contexts.keystone.users [-] Creating 3 tenants using 20 threads
2019-11-08 01:12:46.648 20411 RALLYDEBUG rally_openstack.contexts.keystone.users [-] Creating 6 users using 20 threads
2019-11-08 01:12:48.201 20411 INFO rally.task.context [-] Task ffd7f283-6e8d-4c75-9648-a8d3aa68790a | Context users@openstack setup() finished in 2.57 sec
2019-11-08 01:12:49.462 20411 INFO rally.task.context [-] Task ffd7f283-6e8d-4c75-9648-a8d3aa68790a | Context quotas@openstack setup() finished in 1.26 sec
2019-11-08 01:12:49.462 20411 INFO rally.task.context [-] Task ffd7f283-6e8d-4c75-9648-a8d3aa68790a | Context cleanup@openstack setup() finished in 0.01 msec
2019-11-08 01:12:49.472 20411 RALLYDEBUG rally.task.runner [-] Starting the constant runner (task UUID: ffd7f283-6e8d-4c75-9648-a8d3aa68790a). times: 10 concurrency: 4 timeout: 0 max_cpu_used: 16 processes_to_start: 4 concurrency_per_worker: 1 concurrency_overhead: 0
2019-11-08 01:12:49.483 20699 RALLYDEBUG rally.task.runner [-] Starting a worker. times: 10 duration: None concurrency: 1 timeout: 0 cls: method_name: run args: {}
2019-11-08 01:12:49.486 20700 RALLYDEBUG rally.task.runner [-] Starting a worker. times: 10 duration: None concurrency: 1 timeout: 0 cls: method_name: run args: {}
2019-11-08 01:12:49.490 20699 INFO rally.task.runner [-] Task ffd7f283-6e8d-4c75-9648-a8d3aa68790a | ITER: 1 START
2019-11-08 01:12:49.490 20701 RALLYDEBUG rally.task.runner [-] Starting a worker. times: 10 duration: None concurrency: 1 timeout: 0 cls: method_name: run args: {}
2019-11-08 01:12:49.492 20700 INFO rally.task.runner [-] Task ffd7f283-6e8d-4c75-9648-a8d3aa68790a | ITER: 2 START
2019-11-08 01:12:49.494 20704 RALLYDEBUG rally.task.runner [-] Starting a worker. times: 10 duration: None concurrency: 1 timeout: 0 cls: method_name: run args: {}
2019-11-08 01:12:49.496 20701 INFO rally.task.runner [-] Task ffd7f283-6e8d-4c75-9648-a8d3aa68790a | ITER: 3 START
2019-11-08 01:12:49.500 20704 INFO rally.task.runner [-] Task ffd7f283-6e8d-4c75-9648-a8d3aa68790a | ITER: 4 START
2019-11-08 01:12:50.156 20704 INFO rally.task.runner [-] Task ffd7f283-6e8d-4c75-9648-a8d3aa68790a | ITER: 4 END: OK
2019-11-08 01:12:50.157 20701 INFO rally.task.runner [-] Task ffd7f283-6e8d-4c75-9648-a8d3aa68790a | ITER: 3 END: OK
2019-11-08 01:12:50.161 20704 INFO rally.task.runner [-] Task ffd7f283-6e8d-4c75-9648-a8d3aa68790a | ITER: 5 START
2019-11-08 01:12:50.161 20701 INFO rally.task.runner [-] Task ffd7f283-6e8d-4c75-9648-a8d3aa68790a | ITER: 6 START
2019-11-08 01:12:50.236 20700 INFO rally.task.runner [-] Task ffd7f283-6e8d-4c75-9648-a8d3aa68790a | ITER: 2 END: OK
2019-11-08 01:12:50.240 20700 INFO rally.task.runner [-] Task ffd7f283-6e8d-4c75-9648-a8d3aa68790a | ITER: 7 START
2019-11-08 01:12:50.251 20699 INFO rally.task.runner [-] Task ffd7f283-6e8d-4c75-9648-a8d3aa68790a | ITER: 1 END: OK
2019-11-08 01:12:50.256 20699 INFO rally.task.runner [-] Task ffd7f283-6e8d-4c75-9648-a8d3aa68790a | ITER: 8 START
2019-11-08 01:12:50.660 20704 INFO rally.task.runner [-] Task ffd7f283-6e8d-4c75-9648-a8d3aa68790a | ITER: 5 END: OK
2019-11-08 01:12:50.663 20704 INFO rally.task.runner [-] Task ffd7f283-6e8d-4c75-9648-a8d3aa68790a | ITER: 9 START
2019-11-08 01:12:50.712 20700 INFO rally.task.runner [-] Task ffd7f283-6e8d-4c75-9648-a8d3aa68790a | ITER: 7 END: OK
2019-11-08 01:12:50.716 20700 INFO rally.task.runner [-] Task ffd7f283-6e8d-4c75-9648-a8d3aa68790a | ITER: 10 START
2019-11-08 01:12:50.726 20699 INFO rally.task.runner [-] Task ffd7f283-6e8d-4c75-9648-a8d3aa68790a | ITER: 8 END: OK
2019-11-08 01:12:50.747 20701 INFO rally.task.runner [-] Task ffd7f283-6e8d-4c75-9648-a8d3aa68790a | ITER: 6 END: OK
2019-11-08 01:12:51.243 20704 INFO rally.task.runner [-] Task ffd7f283-6e8d-4c75-9648-a8d3aa68790a | ITER: 9 END: OK
2019-11-08 01:12:51.248 20700 INFO rally.task.runner [-] Task ffd7f283-6e8d-4c75-9648-a8d3aa68790a | ITER: 10 END: OK
2019-11-08 01:12:51.270 20411 INFO rally.task.context [-] Task ffd7f283-6e8d-4c75-9648-a8d3aa68790a | Context cleanup@openstack cleanup() started
2019-11-08 01:12:51.274 20411 RALLYDEBUG rally_openstack.cleanup.manager [-] Cleaning up nova servers objects
2019-11-08 01:12:52.677 20411 RALLYDEBUG rally_openstack.cleanup.manager [-] Cleaning up nova server_groups objects
2019-11-08 01:12:53.799 20411 RALLYDEBUG rally_openstack.cleanup.manager [-] Cleaning up nova keypairs objects
2019-11-08 01:12:56.194 20411 RALLYDEBUG rally_openstack.cleanup.manager [-] Deleting nova.keypairs object s_rally_36705ab9_D1CKLBDH (s_rally_36705ab9_D1CKLBDH)
2019-11-08 01:12:56.203 20411 RALLYDEBUG rally_openstack.cleanup.manager [-] Deleting nova.keypairs object s_rally_36705ab9_seqRAZ9F (s_rally_36705ab9_seqRAZ9F)
2019-11-08 01:12:56.213 20411 RALLYDEBUG rally_openstack.cleanup.manager [-] Deleting nova.keypairs object s_rally_36705ab9_FmDzW7MW (s_rally_36705ab9_FmDzW7MW)
2019-11-08 01:12:56.217 20411 RALLYDEBUG rally_openstack.cleanup.manager [-] Deleting nova.keypairs object s_rally_36705ab9_MboVShGA (s_rally_36705ab9_MboVShGA)
2019-11-08 01:12:56.226 20411 RALLYDEBUG rally_openstack.cleanup.manager [-] Deleting nova.keypairs object s_rally_36705ab9_TPUfih4Z (s_rally_36705ab9_TPUfih4Z)
2019-11-08 01:12:56.235 20411 RALLYDEBUG rally_openstack.cleanup.manager [-] Deleting nova.keypairs object s_rally_36705ab9_YTg23Uyt (s_rally_36705ab9_YTg23Uyt)
2019-11-08 01:12:56.241 20411 RALLYDEBUG rally_openstack.cleanup.manager [-] Deleting nova.keypairs object s_rally_36705ab9_P36VxKCS (s_rally_36705ab9_P36VxKCS)
2019-11-08 01:12:56.260 20411 RALLYDEBUG rally_openstack.cleanup.manager [-] Deleting nova.keypairs object s_rally_36705ab9_DZonVYbN (s_rally_36705ab9_DZonVYbN)
2019-11-08 01:12:56.273 20411 RALLYDEBUG rally_openstack.cleanup.manager [-] Deleting nova.keypairs object s_rally_36705ab9_HPObpoW3 (s_rally_36705ab9_HPObpoW3)
2019-11-08 01:12:56.293 20411 RALLYDEBUG rally_openstack.cleanup.manager [-] Deleting nova.keypairs object s_rally_36705ab9_MqhHo33A (s_rally_36705ab9_MqhHo33A)
2019-11-08 01:12:58.030 20411 INFO rally.task.context [-] Task ffd7f283-6e8d-4c75-9648-a8d3aa68790a | Context cleanup@openstack cleanup() finished in 6.76 sec
2019-11-08 01:12:58.031 20411 INFO rally.task.context [-] Task ffd7f283-6e8d-4c75-9648-a8d3aa68790a | Context quotas@openstack cleanup() started
2019-11-08 01:12:58.090 20411 INFO rally.task.context [-] Task ffd7f283-6e8d-4c75-9648-a8d3aa68790a | Context quotas@openstack cleanup() finished in 59.48 msec
2019-11-08 01:12:58.091 20411 INFO rally.task.context [-] Task ffd7f283-6e8d-4c75-9648-a8d3aa68790a | Context users@openstack cleanup() started
2019-11-08 01:13:02.365 20411 INFO rally.task.context [-] Task ffd7f283-6e8d-4c75-9648-a8d3aa68790a | Context users@openstack cleanup() finished in 4.27 sec
2019-11-08 01:13:03.755 20411 INFO rally.task.engine [-] Load duration is: 1.756247
2019-11-08 01:13:03.755 20411 INFO rally.task.engine [-] Full runner duration is: 1.79895
2019-11-08 01:13:03.756 20411 INFO rally.task.engine [-] Full duration is: 16.733757
2019-11-08 01:13:04.080 20411 INFO rally.task.engine [-] Running workload: position = 0 config = { "version": 2, "title": "A cropped version of a bigger task.", "description": "Auto-generated task from a single workload (uuid=8a573f75-44e4-4a42-bafc-f36311634209)", "subtasks": [ { "title": "NovaServers.boot_and_bounce_server", "description": "Boot a server and run specified actions against it.", "scenario": { "NovaServers.boot_and_bounce_server": { "actions": [ { "hard_reboot": 1 }, { "soft_reboot": 1 }, { "stop_start": 1 }, { "rescue_unrescue": 1 } ], "flavor": { "name": "rally_full-flavor_6b18c56f-4e53-4e1e-89b8-b9af639463ce" }, "image": { "name": "rally_full-img_6b18c56f-4e53-4e1e-89b8-b9af639463ce" }, "nics": [ { "net-id": "297597d3-e8e7-4f70-bfbc-91b0d6c71147" } ] } }, "contexts": { "users": { "tenants": 3, "users_per_tenant": 2 }, "network": { "networks_per_tenant": 1, "start_cidr": "100.1.0.0/25" }, "quotas": { "neutron": { "network": -1, "port": -1, "subnet": -1 }, "nova": { "cores": -1, "floating_ips": -1, "instances": -1, "ram": -1, "security_group_rules": -1, "security_groups": -1 } } }, "runner": { "constant": { "concurrency": 4, "times": 10 } }, "hooks": [], "sla": { "failure_rate": { "max": 0 } } } ] }
2019-11-08 01:13:04.108 20411 RALLYDEBUG rally_openstack.contexts.keystone.users [-] Creating 3 tenants using 20 threads
2019-11-08 01:13:05.163 20411 RALLYDEBUG rally_openstack.contexts.keystone.users [-] Creating 6 users using 20 threads
2019-11-08 01:13:06.654 20411 INFO rally.task.context [-] Task ffd7f283-6e8d-4c75-9648-a8d3aa68790a | Context users@openstack setup() finished in 2.55 sec
2019-11-08 01:13:08.204 20411 INFO rally.task.context [-] Task ffd7f283-6e8d-4c75-9648-a8d3aa68790a | Context quotas@openstack setup() finished in 1.55 sec
2019-11-08 01:13:10.533 20411 RALLYDEBUG rally_openstack.wrappers.network [-] CIDR generated: 100.1.0.0/25
2019-11-08 01:13:14.422 20411 RALLYDEBUG rally_openstack.wrappers.network [-] CIDR generated: 100.1.0.128/25
2019-11-08 01:13:18.301 20411 RALLYDEBUG rally_openstack.wrappers.network [-] CIDR generated: 100.1.1.0/25
2019-11-08 01:13:20.815 20411 INFO rally.task.context [-] Task ffd7f283-6e8d-4c75-9648-a8d3aa68790a | Context network@openstack setup() finished in 12.61 sec
2019-11-08 01:13:20.816 20411 INFO rally.task.context [-] Task ffd7f283-6e8d-4c75-9648-a8d3aa68790a | Context cleanup@openstack setup() finished in 0.02 msec
2019-11-08 01:13:21.920 20411 RALLYDEBUG rally.task.runner [-] Starting the constant runner (task UUID: ffd7f283-6e8d-4c75-9648-a8d3aa68790a). times: 10 concurrency: 4 timeout: 0 max_cpu_used: 16 processes_to_start: 4 concurrency_per_worker: 1 concurrency_overhead: 0
2019-11-08 01:13:21.933 20863 RALLYDEBUG rally.task.runner [-] Starting a worker. times: 10 duration: None concurrency: 1 timeout: 0 cls: method_name: run args: {"actions": [{"hard_reboot": 1}, {"soft_reboot": 1}, {"stop_start": 1}, {"rescue_unrescue": 1}], "flavor": "acbda7d5-6b6a-491f-b75e-87ac62f6d87a", "image": "bc8acf05-522e-4dfe-b20d-f2ccfa4fb8d8", "nics": [{"net-id": "297597d3-e8e7-4f70-bfbc-91b0d6c71147"}]}
2019-11-08 01:13:21.936 20864 RALLYDEBUG rally.task.runner [-] Starting a worker. times: 10 duration: None concurrency: 1 timeout: 0 cls: method_name: run args: {"actions": [{"hard_reboot": 1}, {"soft_reboot": 1}, {"stop_start": 1}, {"rescue_unrescue": 1}], "flavor": "acbda7d5-6b6a-491f-b75e-87ac62f6d87a", "image": "bc8acf05-522e-4dfe-b20d-f2ccfa4fb8d8", "nics": [{"net-id": "297597d3-e8e7-4f70-bfbc-91b0d6c71147"}]}
2019-11-08 01:13:21.941 20863 INFO rally.task.runner [-] Task ffd7f283-6e8d-4c75-9648-a8d3aa68790a | ITER: 1 START
2019-11-08 01:13:21.940 20865 RALLYDEBUG rally.task.runner [-] Starting a worker. times: 10 duration: None concurrency: 1 timeout: 0 cls: method_name: run args: {"actions": [{"hard_reboot": 1}, {"soft_reboot": 1}, {"stop_start": 1}, {"rescue_unrescue": 1}], "flavor": "acbda7d5-6b6a-491f-b75e-87ac62f6d87a", "image": "bc8acf05-522e-4dfe-b20d-f2ccfa4fb8d8", "nics": [{"net-id": "297597d3-e8e7-4f70-bfbc-91b0d6c71147"}]}
2019-11-08 01:13:21.944 20864 INFO rally.task.runner [-] Task ffd7f283-6e8d-4c75-9648-a8d3aa68790a | ITER: 2 START
2019-11-08 01:13:21.943 20866 RALLYDEBUG rally.task.runner [-] Starting a worker. times: 10 duration: None concurrency: 1 timeout: 0 cls: method_name: run args: {"actions": [{"hard_reboot": 1}, {"soft_reboot": 1}, {"stop_start": 1}, {"rescue_unrescue": 1}], "flavor": "acbda7d5-6b6a-491f-b75e-87ac62f6d87a", "image": "bc8acf05-522e-4dfe-b20d-f2ccfa4fb8d8", "nics": [{"net-id": "297597d3-e8e7-4f70-bfbc-91b0d6c71147"}]}
2019-11-08 01:13:21.947 20865 INFO rally.task.runner [-] Task ffd7f283-6e8d-4c75-9648-a8d3aa68790a | ITER: 3 START
2019-11-08 01:13:21.950 20866 INFO rally.task.runner [-] Task ffd7f283-6e8d-4c75-9648-a8d3aa68790a | ITER: 4 START
2019-11-08 01:13:29.955 20863 RALLYDEBUG rally.task.utils [-] Waiting for resource s_rally_8a573f75_btVPIarv. Status changed: BUILD => ACTIVE in 5.30298924446106
2019-11-08 01:13:31.710 20866 RALLYDEBUG rally.task.utils [-] Waiting for resource s_rally_8a573f75_dFz0F7P3. Status changed: BUILD => ACTIVE in 7.1324639320373535
2019-11-08 01:13:32.066 20864 RALLYDEBUG rally.task.utils [-] Waiting for resource s_rally_8a573f75_MsVKWW21. Status changed: BUILD => ACTIVE in 7.306104898452759
2019-11-08 01:13:32.291 20865 RALLYDEBUG rally.task.utils [-] Waiting for resource s_rally_8a573f75_0VOnwxB6. Status changed: BUILD => ACTIVE in 7.293718338012695
2019-11-08 01:13:33.973 20866 RALLYDEBUG rally.task.utils [-] Waiting for resource s_rally_8a573f75_dFz0F7P3. Status changed: ACTIVE => HARD_REBOOT in 0.1553802490234375
2019-11-08 01:13:34.540 20863 RALLYDEBUG rally.task.utils [-] Waiting for resource s_rally_8a573f75_btVPIarv. Status changed: ACTIVE => REBOOT in 0.2178053855895996
2019-11-08 01:13:36.290 20866 RALLYDEBUG rally.task.utils [-] Waiting for resource s_rally_8a573f75_dFz0F7P3. Status changed: HARD_REBOOT => ACTIVE in 2.3173880577087402
2019-11-08 01:13:37.263 20865 RALLYDEBUG rally.task.utils [-] Waiting for resource s_rally_8a573f75_0VOnwxB6. Status changed: ACTIVE => REBOOT in 0.27320170402526855
2019-11-08 01:13:37.486 20864 RALLYDEBUG rally.task.utils [-] Waiting for resource s_rally_8a573f75_MsVKWW21. Status changed: ACTIVE => REBOOT in 0.8447027206420898
2019-11-08 01:13:38.797 20866 RALLYDEBUG rally.task.utils [-] Waiting for resource s_rally_8a573f75_dFz0F7P3. Status changed: ACTIVE => REBOOT in 0.4027559757232666
2019-11-08 01:15:35.551 20863 RALLYDEBUG rally.task.utils [-] Waiting for resource s_rally_8a573f75_btVPIarv. Status changed: REBOOT => ACTIVE in 121.00997185707092
2019-11-08 01:15:37.839 20864 RALLYDEBUG rally.task.utils [-] Waiting for resource s_rally_8a573f75_MsVKWW21. Status changed: REBOOT => ACTIVE in 120.35187888145447
2019-11-08 01:15:38.107 20865 RALLYDEBUG rally.task.utils [-] Waiting for resource s_rally_8a573f75_0VOnwxB6. Status changed: REBOOT => ACTIVE in 120.84335398674011
2019-11-08 01:15:39.353 20866 RALLYDEBUG rally.task.utils [-] Waiting for resource s_rally_8a573f75_dFz0F7P3. Status changed: REBOOT => ACTIVE in 120.55605912208557
2019-11-08 01:15:42.446 20864 RALLYDEBUG rally.task.utils [-] Waiting for resource s_rally_8a573f75_MsVKWW21. Status changed: ACTIVE => SHUTOFF in 4.464276552200317
2019-11-08 01:15:42.757 20864 RALLYDEBUG rally.task.utils [-] Waiting for resource s_rally_8a573f75_MsVKWW21. Status changed: ACTIVE => SHUTOFF in 0.16286182403564453
2019-11-08 01:15:45.092 20864 RALLYDEBUG rally.task.utils [-] Waiting for resource s_rally_8a573f75_MsVKWW21. Status changed: SHUTOFF => ACTIVE in 2.3350391387939453
2019-11-08 01:15:51.722 20864 RALLYDEBUG rally.task.utils [-] Waiting for resource s_rally_8a573f75_MsVKWW21. Status changed: ACTIVE => RESCUE in 4.494691610336304
2019-11-08 01:15:56.331 20864 INFO rally.task.runner [-] Task ffd7f283-6e8d-4c75-9648-a8d3aa68790a | ITER: 2 END: OK
2019-11-08 01:15:56.337 20864 INFO rally.task.runner [-] Task ffd7f283-6e8d-4c75-9648-a8d3aa68790a | ITER: 5 START
2019-11-08 01:16:03.106 20864 RALLYDEBUG rally.task.utils [-] Waiting for resource s_rally_8a573f75_RGS2dn85. Status changed: BUILD => ACTIVE in 4.526783227920532
2019-11-08 01:16:07.791 20864 RALLYDEBUG rally.task.utils [-] Waiting for resource s_rally_8a573f75_RGS2dn85. Status changed: ACTIVE => REBOOT in 0.21206116676330566
2019-11-08 01:16:37.173 20863 RALLYDEBUG rally.task.utils [-] Waiting for resource s_rally_8a573f75_btVPIarv. Status changed: ACTIVE => SHUTOFF in 61.47739791870117
2019-11-08 01:16:37.511 20863 RALLYDEBUG rally.task.utils [-] Waiting for resource s_rally_8a573f75_btVPIarv. Status changed: ACTIVE => SHUTOFF in 0.16998505592346191
2019-11-08 01:16:38.668 20863 RALLYDEBUG rally.task.utils [-] Waiting for resource s_rally_8a573f75_btVPIarv. Status changed: SHUTOFF => ACTIVE in 1.1566689014434814
2019-11-08 01:16:39.348 20865 RALLYDEBUG rally.task.utils [-] Waiting for resource s_rally_8a573f75_0VOnwxB6. Status changed: ACTIVE => SHUTOFF in 61.11026954650879
2019-11-08 01:16:39.667 20865 RALLYDEBUG rally.task.utils [-] Waiting for resource s_rally_8a573f75_0VOnwxB6. Status changed: ACTIVE => SHUTOFF in 0.16288042068481445
2019-11-08 01:16:40.857 20865 RALLYDEBUG rally.task.utils [-] Waiting for resource s_rally_8a573f75_0VOnwxB6. Status changed: SHUTOFF => ACTIVE in 1.1897780895233154
2019-11-08 01:16:41.013 20866 RALLYDEBUG rally.task.utils [-] Waiting for resource s_rally_8a573f75_dFz0F7P3. Status changed: ACTIVE => SHUTOFF in 61.52909803390503
2019-11-08 01:16:41.292 20866 RALLYDEBUG rally.task.utils [-] Waiting for resource s_rally_8a573f75_dFz0F7P3. Status changed: ACTIVE => SHUTOFF in 0.14501953125
2019-11-08 01:16:43.607 20866 RALLYDEBUG rally.task.utils [-] Waiting for resource s_rally_8a573f75_dFz0F7P3. Status changed: SHUTOFF => ACTIVE in 2.3146750926971436
2019-11-08 01:16:50.238 20866 RALLYDEBUG rally.task.utils [-] Waiting for resource s_rally_8a573f75_dFz0F7P3. Status changed: ACTIVE => RESCUE in 4.495543956756592
2019-11-08 01:16:53.920 20863 RALLYDEBUG rally.task.utils [-] Waiting for resource s_rally_8a573f75_btVPIarv. Status changed: ACTIVE => RESCUE in 13.12768006324768
2019-11-08 01:16:54.843 20866 INFO rally.task.runner [-] Task ffd7f283-6e8d-4c75-9648-a8d3aa68790a | ITER: 4 END: OK
2019-11-08 01:16:54.849 20866 INFO rally.task.runner [-] Task ffd7f283-6e8d-4c75-9648-a8d3aa68790a | ITER: 6 START
2019-11-08 01:16:56.100 20865 RALLYDEBUG rally.task.utils [-] Waiting for resource s_rally_8a573f75_0VOnwxB6. Status changed: ACTIVE => RESCUE in 13.11374282836914
2019-11-08 01:16:58.473 20863 INFO rally.task.runner [-] Task ffd7f283-6e8d-4c75-9648-a8d3aa68790a | ITER: 1 END: OK
2019-11-08 01:16:58.479 20863 INFO rally.task.runner [-] Task ffd7f283-6e8d-4c75-9648-a8d3aa68790a | ITER: 7 START
2019-11-08 01:17:00.846 20865 INFO rally.task.runner [-] Task ffd7f283-6e8d-4c75-9648-a8d3aa68790a | ITER: 3 END: OK
2019-11-08 01:17:00.852 20865 INFO rally.task.runner [-] Task ffd7f283-6e8d-4c75-9648-a8d3aa68790a | ITER: 8 START
2019-11-08 01:17:03.964 20866 RALLYDEBUG rally.task.utils [-] Waiting for resource s_rally_8a573f75_Ub9XhAND. Status changed: BUILD => ACTIVE in 6.772350788116455
2019-11-08 01:17:05.219 20863 RALLYDEBUG rally.task.utils [-] Waiting for resource s_rally_8a573f75_m8tWzzWg. Status changed: BUILD => ACTIVE in 4.435704708099365
2019-11-08 01:17:08.581 20866 RALLYDEBUG rally.task.utils [-] Waiting for resource s_rally_8a573f75_Ub9XhAND. Status changed: ACTIVE => REBOOT in 0.16171050071716309
2019-11-08 01:17:09.811 20865 RALLYDEBUG rally.task.utils [-] Waiting for resource s_rally_8a573f75_pfihdyhK. Status changed: BUILD => ACTIVE in 6.680843353271484
2019-11-08 01:17:09.985 20863 RALLYDEBUG rally.task.utils [-] Waiting for resource s_rally_8a573f75_m8tWzzWg. Status changed: ACTIVE => REBOOT in 0.18241286277770996
2019-11-08 01:17:14.538 20865 RALLYDEBUG rally.task.utils [-] Waiting for resource s_rally_8a573f75_pfihdyhK. Status changed: ACTIVE => REBOOT in 0.3637840747833252
2019-11-08 01:18:10.184 20864 RALLYDEBUG rally.task.utils [-] Waiting for resource s_rally_8a573f75_RGS2dn85. Status changed: REBOOT => ACTIVE in 122.39223766326904
2019-11-08 01:19:09.609 20866 RALLYDEBUG rally.task.utils [-] Waiting for resource s_rally_8a573f75_Ub9XhAND. Status changed: REBOOT => ACTIVE in 121.0278742313385
2019-11-08 01:19:09.983 20863 RALLYDEBUG rally.task.utils [-] Waiting for resource s_rally_8a573f75_m8tWzzWg. Status changed: REBOOT => ACTIVE in 119.99713253974915
2019-11-08 01:19:11.723 20864 RALLYDEBUG rally.task.utils [-] Waiting for resource s_rally_8a573f75_RGS2dn85. Status changed: ACTIVE => SHUTOFF in 61.40308237075806
2019-11-08 01:19:12.021 20864 RALLYDEBUG rally.task.utils [-] Waiting for resource s_rally_8a573f75_RGS2dn85. Status changed: ACTIVE => SHUTOFF in 0.1515216827392578
2019-11-08 01:19:13.174 20864 RALLYDEBUG rally.task.utils [-] Waiting for resource s_rally_8a573f75_RGS2dn85. Status changed: SHUTOFF => ACTIVE in 1.1531782150268555
2019-11-08 01:19:15.792 20865 RALLYDEBUG rally.task.utils [-] Waiting for resource s_rally_8a573f75_pfihdyhK. Status changed: REBOOT => ACTIVE in 121.25319457054138
2019-11-08 01:20:11.409 20866 RALLYDEBUG rally.task.utils [-] Waiting for resource s_rally_8a573f75_Ub9XhAND. Status changed: ACTIVE => SHUTOFF in 61.66545605659485
2019-11-08 01:20:11.809 20866 RALLYDEBUG rally.task.utils [-] Waiting for resource s_rally_8a573f75_Ub9XhAND. Status changed: ACTIVE => SHUTOFF in 0.2293245792388916
2019-11-08 01:20:12.084 20863 RALLYDEBUG rally.task.utils [-] Waiting for resource s_rally_8a573f75_m8tWzzWg. Status changed: ACTIVE => SHUTOFF in 61.96747922897339
2019-11-08 01:20:12.372 20863 RALLYDEBUG rally.task.utils [-] Waiting for resource s_rally_8a573f75_m8tWzzWg. Status changed: ACTIVE => SHUTOFF in 0.15309619903564453
2019-11-08 01:20:12.950 20866 RALLYDEBUG rally.task.utils [-] Waiting for resource s_rally_8a573f75_Ub9XhAND. Status changed: SHUTOFF => ACTIVE in 1.1406586170196533
2019-11-08 01:20:14.787 20863 RALLYDEBUG rally.task.utils [-] Waiting for resource s_rally_8a573f75_m8tWzzWg. Status changed: SHUTOFF => ACTIVE in 2.4144198894500732
2019-11-08 01:20:17.580 20865 RALLYDEBUG rally.task.utils [-] Waiting for resource s_rally_8a573f75_pfihdyhK. Status changed: ACTIVE => SHUTOFF in 61.64431571960449
2019-11-08 01:20:17.713 20864 RALLYDEBUG rally.task.utils [-] Waiting for resource s_rally_8a573f75_RGS2dn85. Status changed: ACTIVE => RESCUE in 62.414578914642334
2019-11-08 01:20:17.869 20865 RALLYDEBUG rally.task.utils [-] Waiting for resource s_rally_8a573f75_pfihdyhK. Status changed: ACTIVE => SHUTOFF in 0.15142488479614258
2019-11-08 01:20:19.016 20865 RALLYDEBUG rally.task.utils [-] Waiting for resource s_rally_8a573f75_pfihdyhK. Status changed: SHUTOFF => ACTIVE in 1.1466000080108643
2019-11-08 01:20:21.591 20863 RALLYDEBUG rally.task.utils [-] Waiting for resource s_rally_8a573f75_m8tWzzWg. Status changed: ACTIVE => RESCUE in 4.530825138092041
2019-11-08 01:20:22.295 20864 INFO rally.task.runner [-] Task ffd7f283-6e8d-4c75-9648-a8d3aa68790a | ITER: 5 END: OK
2019-11-08 01:20:22.301 20864 INFO rally.task.runner [-] Task ffd7f283-6e8d-4c75-9648-a8d3aa68790a | ITER: 9 START
2019-11-08 01:20:26.220 20863 INFO rally.task.runner [-] Task ffd7f283-6e8d-4c75-9648-a8d3aa68790a | ITER: 7 END: OK
2019-11-08 01:20:26.226 20863 INFO rally.task.runner [-] Task ffd7f283-6e8d-4c75-9648-a8d3aa68790a | ITER: 10 START
2019-11-08 01:20:28.188 20866 RALLYDEBUG rally.task.utils [-] Waiting for resource s_rally_8a573f75_Ub9XhAND. Status changed: ACTIVE => RESCUE in 13.094741106033325
2019-11-08 01:20:32.251 20864 RALLYDEBUG rally.task.utils [-] Waiting for resource s_rally_8a573f75_13dkxSX2. Status changed: BUILD => ACTIVE in 6.971691608428955
2019-11-08 01:20:33.026 20866 INFO rally.task.runner [-] Task ffd7f283-6e8d-4c75-9648-a8d3aa68790a | ITER: 6 END: OK
2019-11-08 01:20:34.322 20865 RALLYDEBUG rally.task.utils [-] Waiting for resource s_rally_8a573f75_pfihdyhK. Status changed: ACTIVE => RESCUE in 13.188377857208252
2019-11-08 01:20:35.643 20863 RALLYDEBUG rally.task.utils [-] Waiting for resource s_rally_8a573f75_6tQ6bq67. Status changed: BUILD => ACTIVE in 6.741686105728149
2019-11-08 01:20:36.905 20864 RALLYDEBUG rally.task.utils [-] Waiting for resource s_rally_8a573f75_13dkxSX2. Status changed: ACTIVE => REBOOT in 0.22255730628967285
2019-11-08 01:20:38.982 20865 INFO rally.task.runner [-] Task ffd7f283-6e8d-4c75-9648-a8d3aa68790a | ITER: 8 END: OK
2019-11-08 01:20:40.315 20863 RALLYDEBUG rally.task.utils [-] Waiting for resource s_rally_8a573f75_6tQ6bq67. Status changed: ACTIVE => REBOOT in 0.19517278671264648
2019-11-08 01:22:37.947 20864 RALLYDEBUG rally.task.utils [-] Waiting for resource s_rally_8a573f75_13dkxSX2. Status changed: REBOOT => ACTIVE in 121.04122400283813
2019-11-08 01:22:41.447 20863 RALLYDEBUG rally.task.utils [-] Waiting for resource s_rally_8a573f75_6tQ6bq67. Status changed: REBOOT => ACTIVE in 121.13121676445007
2019-11-08 01:23:40.636 20864 RALLYDEBUG rally.task.utils [-] Waiting for resource s_rally_8a573f75_13dkxSX2. Status changed: ACTIVE => SHUTOFF in 62.542972564697266
2019-11-08 01:23:40.980 20864 RALLYDEBUG rally.task.utils [-] Waiting for resource s_rally_8a573f75_13dkxSX2. Status changed: ACTIVE => SHUTOFF in 0.20535635948181152
2019-11-08 01:23:43.018 20863 RALLYDEBUG rally.task.utils [-] Waiting for resource s_rally_8a573f75_6tQ6bq67. Status changed: ACTIVE => SHUTOFF in 61.42486834526062
2019-11-08 01:23:43.325 20864 RALLYDEBUG rally.task.utils [-] Waiting for resource s_rally_8a573f75_13dkxSX2. Status changed: SHUTOFF => ACTIVE in 2.3447959423065186
2019-11-08 01:23:43.363 20863 RALLYDEBUG rally.task.utils [-] Waiting for resource s_rally_8a573f75_6tQ6bq67. Status changed: ACTIVE => SHUTOFF in 0.19074368476867676
2019-11-08 01:23:45.750 20863 RALLYDEBUG rally.task.utils [-] Waiting for resource s_rally_8a573f75_6tQ6bq67. Status changed: SHUTOFF => ACTIVE in 2.386979818344116
2019-11-08 01:23:50.013 20864 RALLYDEBUG rally.task.utils [-] Waiting for resource s_rally_8a573f75_13dkxSX2. Status changed: ACTIVE => RESCUE in 4.564951419830322
2019-11-08 01:23:52.655 20863 RALLYDEBUG rally.task.utils [-] Waiting for resource s_rally_8a573f75_6tQ6bq67. Status changed: ACTIVE => RESCUE in 4.7867326736450195
2019-11-08 01:23:54.610 20864 INFO rally.task.runner [-] Task ffd7f283-6e8d-4c75-9648-a8d3aa68790a | ITER: 9 END: OK
2019-11-08 01:23:57.357 20863 INFO rally.task.runner [-] Task ffd7f283-6e8d-4c75-9648-a8d3aa68790a | ITER: 10 END: OK
2019-11-08 01:23:57.388 20411 INFO rally.task.context [-] Task ffd7f283-6e8d-4c75-9648-a8d3aa68790a | Context cleanup@openstack cleanup() started
2019-11-08 01:23:57.396 20411 RALLYDEBUG rally_openstack.cleanup.manager [-] Cleaning up nova servers objects
2019-11-08 01:23:58.964 20411 RALLYDEBUG rally_openstack.cleanup.manager [-] Cleaning up nova server_groups objects
2019-11-08 01:24:00.090 20411 RALLYDEBUG rally_openstack.cleanup.manager [-] Cleaning up nova keypairs objects
2019-11-08 01:24:02.581 20411 INFO rally.task.context [-] Task ffd7f283-6e8d-4c75-9648-a8d3aa68790a | Context cleanup@openstack cleanup() finished in 5.19 sec
2019-11-08 01:24:02.582 20411 INFO rally.task.context [-] Task ffd7f283-6e8d-4c75-9648-a8d3aa68790a | Context network@openstack cleanup() started
2019-11-08 01:24:23.635 20411 INFO rally.task.context [-] Task ffd7f283-6e8d-4c75-9648-a8d3aa68790a | Context network@openstack cleanup() finished in 21.05 sec
2019-11-08 01:24:23.636 20411 INFO rally.task.context [-] Task ffd7f283-6e8d-4c75-9648-a8d3aa68790a | Context quotas@openstack cleanup() started
2019-11-08 01:24:24.018 20411 INFO rally.task.context [-] Task ffd7f283-6e8d-4c75-9648-a8d3aa68790a | Context quotas@openstack cleanup() finished in 0.38 sec
2019-11-08 01:24:24.019 20411 INFO rally.task.context [-] Task ffd7f283-6e8d-4c75-9648-a8d3aa68790a | Context users@openstack cleanup() started
2019-11-08 01:24:28.201 20411 INFO rally.task.context [-] Task ffd7f283-6e8d-4c75-9648-a8d3aa68790a | Context users@openstack cleanup() finished in 4.18 sec
2019-11-08 01:24:28.772 20411 INFO rally.task.engine [-] Load duration is: 626.415269
2019-11-08 01:24:28.773 20411 INFO rally.task.engine [-] Full runner duration is: 635.467638
2019-11-08 01:24:28.773 20411 INFO rally.task.engine [-] Full duration is: 684.095925
2019-11-08 01:24:29.103 20411 INFO rally.task.engine [-] Running workload: position = 0 config = { "version": 2, "title": "A cropped version of a bigger task.", "description": "Auto-generated task from a single workload (uuid=f1a18dfc-8f52-48e2-8d3d-a6c23fb5a2e7)", "subtasks": [ { "title": "NovaServers.boot_and_delete_server", "description": "Boot and delete a server.", "scenario": { "NovaServers.boot_and_delete_server": { "flavor": { "name": "rally_full-flavor_6b18c56f-4e53-4e1e-89b8-b9af639463ce" }, "image": { "name": "rally_full-img_6b18c56f-4e53-4e1e-89b8-b9af639463ce" }, "nics": [ { "net-id": "297597d3-e8e7-4f70-bfbc-91b0d6c71147" } ] } }, "contexts": { "users": { "tenants": 3, "users_per_tenant": 2 }, "network": { "networks_per_tenant": 1, "start_cidr": "100.1.0.0/25" }, "quotas": { "neutron": { "network": -1, "port": -1, "subnet": -1 }, "nova": { "cores": -1, "floating_ips": -1, "instances": -1, "ram": -1, "security_group_rules": -1, "security_groups": -1 } } }, "runner": { "constant": { "concurrency": 4, "times": 10 } }, "hooks": [], "sla": { "failure_rate": { "max": 0 } } } ] }
2019-11-08 01:24:29.132 20411 RALLYDEBUG rally_openstack.contexts.keystone.users [-] Creating 3 tenants using 20 threads
2019-11-08 01:24:30.147 20411 RALLYDEBUG rally_openstack.contexts.keystone.users [-] Creating 6 users using 20 threads
2019-11-08 01:24:31.717 20411 INFO rally.task.context [-] Task ffd7f283-6e8d-4c75-9648-a8d3aa68790a | Context users@openstack setup() finished in 2.59 sec
2019-11-08 01:24:33.373 20411 INFO rally.task.context [-] Task ffd7f283-6e8d-4c75-9648-a8d3aa68790a | Context quotas@openstack setup() finished in 1.65 sec
2019-11-08 01:24:35.433 20411 RALLYDEBUG rally_openstack.wrappers.network [-] CIDR generated: 100.1.1.128/25
2019-11-08 01:24:39.502 20411 RALLYDEBUG rally_openstack.wrappers.network [-] CIDR generated: 100.1.2.0/25
2019-11-08 01:24:43.546 20411 RALLYDEBUG rally_openstack.wrappers.network [-] CIDR generated: 100.1.2.128/25
2019-11-08 01:24:45.716 20411 INFO rally.task.context [-] Task ffd7f283-6e8d-4c75-9648-a8d3aa68790a | Context network@openstack setup() finished in 12.34 sec
2019-11-08 01:24:45.717 20411 INFO rally.task.context [-] Task ffd7f283-6e8d-4c75-9648-a8d3aa68790a | Context cleanup@openstack setup() finished in 0.05 msec
