2019-11-08 00:19:26.650 727 RALLYDEBUG rally.task.runner [-] Starting the constant runner (task UUID: a4978e4c-bf26-4940-9c8a-89da1a782c97). times: 10 concurrency: 4 timeout: 0 max_cpu_used: 16 processes_to_start: 4 concurrency_per_worker: 1 concurrency_overhead: 0
2019-11-08 00:19:26.661 975 RALLYDEBUG rally.task.runner [-] Starting a worker. times: 10 duration: None concurrency: 1 timeout: 0 cls: method_name: run args: {"container_format": "bare", "disk_format": "qcow2", "image_location": "/home/opnfv/functest/images/cirros-0.4.0-x86_64-disk.img"}
2019-11-08 00:19:26.665 976 RALLYDEBUG rally.task.runner [-] Starting a worker. times: 10 duration: None concurrency: 1 timeout: 0 cls: method_name: run args: {"container_format": "bare", "disk_format": "qcow2", "image_location": "/home/opnfv/functest/images/cirros-0.4.0-x86_64-disk.img"}
2019-11-08 00:19:26.669 975 INFO rally.task.runner [-] Task a4978e4c-bf26-4940-9c8a-89da1a782c97 | ITER: 1 START
2019-11-08 00:19:26.668 977 RALLYDEBUG rally.task.runner [-] Starting a worker. times: 10 duration: None concurrency: 1 timeout: 0 cls: method_name: run args: {"container_format": "bare", "disk_format": "qcow2", "image_location": "/home/opnfv/functest/images/cirros-0.4.0-x86_64-disk.img"}
2019-11-08 00:19:26.671 976 INFO rally.task.runner [-] Task a4978e4c-bf26-4940-9c8a-89da1a782c97 | ITER: 2 START
2019-11-08 00:19:26.672 979 RALLYDEBUG rally.task.runner [-] Starting a worker. times: 10 duration: None concurrency: 1 timeout: 0 cls: method_name: run args: {"container_format": "bare", "disk_format": "qcow2", "image_location": "/home/opnfv/functest/images/cirros-0.4.0-x86_64-disk.img"}
2019-11-08 00:19:26.675 977 INFO rally.task.runner [-] Task a4978e4c-bf26-4940-9c8a-89da1a782c97 | ITER: 3 START
2019-11-08 00:19:26.678 979 INFO rally.task.runner [-] Task a4978e4c-bf26-4940-9c8a-89da1a782c97 | ITER: 4 START
2019-11-08 00:19:29.610 976 RALLYDEBUG rally.task.utils [-] Waiting for resource '6f572611-79a2-4d73-825d-fb4f3fa03385'. Status changed: NONE => QUEUED in 0.04014730453491211
2019-11-08 00:19:29.641 979 RALLYDEBUG rally.task.utils [-] Waiting for resource 'dd024f4d-e2c9-40b1-af3c-59152834a458'. Status changed: NONE => QUEUED in 0.0376894474029541
2019-11-08 00:19:29.642 975 RALLYDEBUG rally.task.utils [-] Waiting for resource '6afd2ef5-cf49-4bdd-84f0-20568e2acea7'. Status changed: NONE => QUEUED in 0.03157973289489746
2019-11-08 00:19:29.853 975 RALLYDEBUG rally.task.utils [-] Waiting for resource s_rally_30016c13_A6yNb3jr. Status changed: QUEUED => ACTIVE in 0.02199864387512207
2019-11-08 00:19:29.862 977 RALLYDEBUG rally.task.utils [-] Waiting for resource 'ef821066-4aab-4bbb-85da-c5508872b407'. Status changed: NONE => QUEUED in 0.03494143486022949
2019-11-08 00:19:29.882 979 RALLYDEBUG rally.task.utils [-] Waiting for resource s_rally_30016c13_a0781Ab5. Status changed: QUEUED => ACTIVE in 0.022824764251708984
2019-11-08 00:19:29.884 975 INFO rally.task.runner [-] Task a4978e4c-bf26-4940-9c8a-89da1a782c97 | ITER: 1 END: OK
2019-11-08 00:19:29.889 975 INFO rally.task.runner [-] Task a4978e4c-bf26-4940-9c8a-89da1a782c97 | ITER: 5 START
2019-11-08 00:19:29.907 976 RALLYDEBUG rally.task.utils [-] Waiting for resource s_rally_30016c13_ecPVkGfC. Status changed: QUEUED => ACTIVE in 0.018909692764282227
2019-11-08 00:19:29.914 979 INFO rally.task.runner [-] Task a4978e4c-bf26-4940-9c8a-89da1a782c97 | ITER: 4 END: OK
2019-11-08 00:19:29.918 979 INFO rally.task.runner [-] Task a4978e4c-bf26-4940-9c8a-89da1a782c97 | ITER: 6 START
2019-11-08 00:19:29.955 976 INFO rally.task.runner [-] Task a4978e4c-bf26-4940-9c8a-89da1a782c97 | ITER: 2 END: OK
2019-11-08 00:19:29.959 976 INFO rally.task.runner [-] Task a4978e4c-bf26-4940-9c8a-89da1a782c97 | ITER: 7 START
2019-11-08 00:19:30.078 977 RALLYDEBUG rally.task.utils [-] Waiting for resource s_rally_30016c13_dzRWzvge. Status changed: QUEUED => ACTIVE in 0.019606590270996094
2019-11-08 00:19:30.110 977 INFO rally.task.runner [-] Task a4978e4c-bf26-4940-9c8a-89da1a782c97 | ITER: 3 END: OK
2019-11-08 00:19:30.114 977 INFO rally.task.runner [-] Task a4978e4c-bf26-4940-9c8a-89da1a782c97 | ITER: 8 START
2019-11-08 00:19:32.735 975 RALLYDEBUG rally.task.utils [-] Waiting for resource '905cfcab-a12b-4092-abc1-2e0d98c71a5d'. Status changed: NONE => QUEUED in 0.038527488708496094
2019-11-08 00:19:32.736 979 RALLYDEBUG rally.task.utils [-] Waiting for resource 'df1f0a84-dd05-4000-9166-cfc6577755d0'. Status changed: NONE => QUEUED in 0.03702950477600098
2019-11-08 00:19:32.835 976 RALLYDEBUG rally.task.utils [-] Waiting for resource '69302882-93e9-4e03-9ae0-e91901f07a17'. Status changed: NONE => QUEUED in 0.03905367851257324
2019-11-08 00:19:32.966 975 RALLYDEBUG rally.task.utils [-] Waiting for resource s_rally_30016c13_EI9uwKVW. Status changed: QUEUED => ACTIVE in 0.02173638343811035
2019-11-08 00:19:32.981 979 RALLYDEBUG rally.task.utils [-] Waiting for resource s_rally_30016c13_4VqAvzBK. Status changed: QUEUED => ACTIVE in 0.02192068099975586
2019-11-08 00:19:32.983 977 RALLYDEBUG rally.task.utils [-] Waiting for resource '41826aac-1ad7-47b0-8a55-b7a3b570ef4f'. Status changed: NONE => QUEUED in 0.02860879898071289
2019-11-08 00:19:33.015 979 INFO rally.task.runner [-] Task a4978e4c-bf26-4940-9c8a-89da1a782c97 | ITER: 6 END: OK
2019-11-08 00:19:33.017 975 INFO rally.task.runner [-] Task a4978e4c-bf26-4940-9c8a-89da1a782c97 | ITER: 5 END: OK
2019-11-08 00:19:33.018 979 INFO rally.task.runner [-] Task a4978e4c-bf26-4940-9c8a-89da1a782c97 | ITER: 9 START
2019-11-08 00:19:33.021 975 INFO rally.task.runner [-] Task a4978e4c-bf26-4940-9c8a-89da1a782c97 | ITER: 10 START
2019-11-08 00:19:33.070 976 RALLYDEBUG rally.task.utils [-] Waiting for resource s_rally_30016c13_mffGHbLC. Status changed: QUEUED => ACTIVE in 0.021915197372436523
2019-11-08 00:19:33.105 976 INFO rally.task.runner [-] Task a4978e4c-bf26-4940-9c8a-89da1a782c97 | ITER: 7 END: OK
2019-11-08 00:19:33.196 977 RALLYDEBUG rally.task.utils [-] Waiting for resource s_rally_30016c13_yOg8OSCq. Status changed: QUEUED => ACTIVE in 0.01685500144958496
2019-11-08 00:19:33.230 977 INFO rally.task.runner [-] Task a4978e4c-bf26-4940-9c8a-89da1a782c97 | ITER: 8 END: OK
2019-11-08 00:19:35.805 975 RALLYDEBUG rally.task.utils [-] Waiting for resource '98293809-f3ea-4164-af96-cac7210fa6d7'. Status changed: NONE => QUEUED in 0.036025047302246094
2019-11-08 00:19:35.884 979 RALLYDEBUG rally.task.utils [-] Waiting for resource 'cd562b14-beff-41c3-b5ff-bc1a30f01d59'. Status changed: NONE => QUEUED in 0.038107872009277344
2019-11-08 00:19:36.049 975 RALLYDEBUG rally.task.utils [-] Waiting for resource s_rally_30016c13_o9Rv7fZy. Status changed: QUEUED => ACTIVE in 0.022279977798461914
2019-11-08 00:19:36.082 975 INFO rally.task.runner [-] Task a4978e4c-bf26-4940-9c8a-89da1a782c97 | ITER: 10 END: OK
2019-11-08 00:19:36.102 979 RALLYDEBUG rally.task.utils [-] Waiting for resource s_rally_30016c13_3XHl6GT3. Status changed: QUEUED => ACTIVE in 0.01728057861328125
2019-11-08 00:19:36.135 979 INFO rally.task.runner [-] Task a4978e4c-bf26-4940-9c8a-89da1a782c97 | ITER: 9 END: OK
2019-11-08 00:19:36.158 727 INFO rally.task.context [-] Task a4978e4c-bf26-4940-9c8a-89da1a782c97 | Context cleanup@openstack cleanup() started
2019-11-08 00:19:36.162 727 RALLYDEBUG rally_openstack.cleanup.manager [-] Cleaning up glance images objects
2019-11-08 00:19:37.468 727 RALLYDEBUG rally_openstack.cleanup.manager [-] Deleting glance.images object s_rally_30016c13_o9Rv7fZy (98293809-f3ea-4164-af96-cac7210fa6d7)
2019-11-08 00:19:37.472 727 RALLYDEBUG rally_openstack.cleanup.manager [-] Deleting glance.images object s_rally_30016c13_mffGHbLC (69302882-93e9-4e03-9ae0-e91901f07a17)
2019-11-08 00:19:37.488 727 RALLYDEBUG rally_openstack.cleanup.manager [-] Deleting glance.images object s_rally_30016c13_dzRWzvge (ef821066-4aab-4bbb-85da-c5508872b407)
2019-11-08 00:19:37.497 727 RALLYDEBUG rally_openstack.cleanup.manager [-] Deleting glance.images object s_rally_30016c13_3XHl6GT3 (cd562b14-beff-41c3-b5ff-bc1a30f01d59)
2019-11-08 00:19:37.502 727 RALLYDEBUG rally_openstack.cleanup.manager [-] Deleting glance.images object s_rally_30016c13_yOg8OSCq (41826aac-1ad7-47b0-8a55-b7a3b570ef4f)
2019-11-08 00:19:37.506 727 RALLYDEBUG rally_openstack.cleanup.manager [-] Deleting glance.images object s_rally_30016c13_4VqAvzBK (df1f0a84-dd05-4000-9166-cfc6577755d0)
2019-11-08 00:19:37.514 727 RALLYDEBUG rally_openstack.cleanup.manager [-] Deleting glance.images object s_rally_30016c13_EI9uwKVW (905cfcab-a12b-4092-abc1-2e0d98c71a5d)
2019-11-08 00:19:37.534 727 RALLYDEBUG rally_openstack.cleanup.manager [-] Deleting glance.images object s_rally_30016c13_a0781Ab5 (dd024f4d-e2c9-40b1-af3c-59152834a458)
2019-11-08 00:19:37.553 727 RALLYDEBUG rally_openstack.cleanup.manager [-] Deleting glance.images object s_rally_30016c13_ecPVkGfC (6f572611-79a2-4d73-825d-fb4f3fa03385)
2019-11-08 00:19:37.557 727 RALLYDEBUG rally_openstack.cleanup.manager [-] Deleting glance.images object s_rally_30016c13_A6yNb3jr (6afd2ef5-cf49-4bdd-84f0-20568e2acea7)
2019-11-08 00:19:37.970 727 DEBUG glanceclient.common.http [-] Request returned failure status 404. _handle_response /usr/lib/python3.6/site-packages/glanceclient/common/http.py:125
2019-11-08 00:19:37.988 727 DEBUG glanceclient.common.http [-] Request returned failure status 404. _handle_response /usr/lib/python3.6/site-packages/glanceclient/common/http.py:125
2019-11-08 00:19:37.990 727 DEBUG glanceclient.common.http [-] Request returned failure status 404. _handle_response /usr/lib/python3.6/site-packages/glanceclient/common/http.py:125
2019-11-08 00:19:38.014 727 DEBUG glanceclient.common.http [-] Request returned failure status 404. _handle_response /usr/lib/python3.6/site-packages/glanceclient/common/http.py:125
2019-11-08 00:19:38.023 727 DEBUG glanceclient.common.http [-] Request returned failure status 404. _handle_response /usr/lib/python3.6/site-packages/glanceclient/common/http.py:125
2019-11-08 00:19:38.034 727 DEBUG glanceclient.common.http [-] Request returned failure status 404. _handle_response /usr/lib/python3.6/site-packages/glanceclient/common/http.py:125
2019-11-08 00:19:38.042 727 DEBUG glanceclient.common.http [-] Request returned failure status 404. _handle_response /usr/lib/python3.6/site-packages/glanceclient/common/http.py:125
2019-11-08 00:19:38.048 727 DEBUG glanceclient.common.http [-] Request returned failure status 404. _handle_response /usr/lib/python3.6/site-packages/glanceclient/common/http.py:125
2019-11-08 00:19:38.083 727 DEBUG glanceclient.common.http [-] Request returned failure status 404. _handle_response /usr/lib/python3.6/site-packages/glanceclient/common/http.py:125
2019-11-08 00:19:38.097 727 DEBUG glanceclient.common.http [-] Request returned failure status 404. _handle_response /usr/lib/python3.6/site-packages/glanceclient/common/http.py:125
2019-11-08 00:19:38.252 727 DEBUG glanceclient.common.http [-] Request returned failure status 404. _handle_response /usr/lib/python3.6/site-packages/glanceclient/common/http.py:125
2019-11-08 00:19:38.261 727 DEBUG glanceclient.common.http [-] Request returned failure status 404. _handle_response /usr/lib/python3.6/site-packages/glanceclient/common/http.py:125
2019-11-08 00:19:38.267 727 DEBUG glanceclient.common.http [-] Request returned failure status 404. _handle_response /usr/lib/python3.6/site-packages/glanceclient/common/http.py:125
2019-11-08 00:19:38.275 727 DEBUG glanceclient.common.http [-] Request returned failure status 404. _handle_response /usr/lib/python3.6/site-packages/glanceclient/common/http.py:125
2019-11-08 00:19:38.392 727 DEBUG glanceclient.common.http [-] Request returned failure status 404. _handle_response /usr/lib/python3.6/site-packages/glanceclient/common/http.py:125
2019-11-08 00:19:38.403 727 DEBUG glanceclient.common.http [-] Request returned failure status 404. _handle_response /usr/lib/python3.6/site-packages/glanceclient/common/http.py:125
2019-11-08 00:19:38.409 727 DEBUG glanceclient.common.http [-] Request returned failure status 404. _handle_response /usr/lib/python3.6/site-packages/glanceclient/common/http.py:125
2019-11-08 00:19:38.411 727 DEBUG glanceclient.common.http [-] Request returned failure status 404. _handle_response /usr/lib/python3.6/site-packages/glanceclient/common/http.py:125
2019-11-08 00:19:38.420 727 DEBUG glanceclient.common.http [-] Request returned failure status 404. _handle_response /usr/lib/python3.6/site-packages/glanceclient/common/http.py:125
2019-11-08 00:19:38.430 727 DEBUG glanceclient.common.http [-] Request returned failure status 404. _handle_response /usr/lib/python3.6/site-packages/glanceclient/common/http.py:125
2019-11-08 00:19:39.433 727 INFO rally.task.context [-] Task a4978e4c-bf26-4940-9c8a-89da1a782c97 | Context cleanup@openstack cleanup() finished in 3.27 sec
2019-11-08 00:19:39.433 727 INFO rally.task.context [-] Task a4978e4c-bf26-4940-9c8a-89da1a782c97 | Context users@openstack cleanup() started
2019-11-08 00:19:43.692 727 INFO rally.task.context [-] Task a4978e4c-bf26-4940-9c8a-89da1a782c97 | Context users@openstack cleanup() finished in 4.26 sec
2019-11-08 00:19:44.233 727 INFO rally.task.engine [-] Load duration is: 8.775306
2019-11-08 00:19:44.233 727 INFO rally.task.engine [-] Full runner duration is: 9.508275
2019-11-08 00:19:44.233 727 INFO rally.task.engine [-] Full duration is: 19.603507
2019-11-08 00:19:44.864 727 INFO rally.task.engine [-] Running workload: position = 0 config = { "version": 2, "title": "A cropped version of a bigger task.", "description": "Auto-generated task from a single workload (uuid=136b733c-ca2a-409b-b45e-5ae1e1e72fe2)", "subtasks": [ { "title": "GlanceImages.list_images", "description": "List all images.", "scenario": { "GlanceImages.list_images": {} }, "contexts": { "users": { "tenants": 3, "users_per_tenant": 2 } }, "runner": { "constant": { "concurrency": 4, "times": 10 } }, "hooks": [], "sla": { "failure_rate": { "max": 0 } } } ] }
2019-11-08 00:19:44.887 727 RALLYDEBUG rally_openstack.contexts.keystone.users [-] Creating 3 tenants using 20 threads
2019-11-08 00:19:45.910 727 RALLYDEBUG rally_openstack.contexts.keystone.users [-] Creating 6 users using 20 threads
2019-11-08 00:19:47.398 727 INFO rally.task.context [-] Task a4978e4c-bf26-4940-9c8a-89da1a782c97 | Context users@openstack setup() finished in 2.51 sec
2019-11-08 00:19:47.407 727 RALLYDEBUG rally.task.runner [-] Starting the constant runner (task UUID: a4978e4c-bf26-4940-9c8a-89da1a782c97). times: 10 concurrency: 4 timeout: 0 max_cpu_used: 16 processes_to_start: 4 concurrency_per_worker: 1 concurrency_overhead: 0
2019-11-08 00:19:47.418 1099 RALLYDEBUG rally.task.runner [-] Starting a worker. times: 10 duration: None concurrency: 1 timeout: 0 cls: method_name: run args: {}
2019-11-08 00:19:47.422 1100 RALLYDEBUG rally.task.runner [-] Starting a worker. times: 10 duration: None concurrency: 1 timeout: 0 cls: method_name: run args: {}
2019-11-08 00:19:47.425 1099 INFO rally.task.runner [-] Task a4978e4c-bf26-4940-9c8a-89da1a782c97 | ITER: 1 START
2019-11-08 00:19:47.425 1101 RALLYDEBUG rally.task.runner [-] Starting a worker. times: 10 duration: None concurrency: 1 timeout: 0 cls: method_name: run args: {}
2019-11-08 00:19:47.428 1100 INFO rally.task.runner [-] Task a4978e4c-bf26-4940-9c8a-89da1a782c97 | ITER: 2 START
2019-11-08 00:19:47.428 1103 RALLYDEBUG rally.task.runner [-] Starting a worker. times: 10 duration: None concurrency: 1 timeout: 0 cls: method_name: run args: {}
2019-11-08 00:19:47.432 1101 INFO rally.task.runner [-] Task a4978e4c-bf26-4940-9c8a-89da1a782c97 | ITER: 3 START
2019-11-08 00:19:47.434 1103 INFO rally.task.runner [-] Task a4978e4c-bf26-4940-9c8a-89da1a782c97 | ITER: 4 START
2019-11-08 00:19:48.243 1103 INFO rally.task.runner [-] Task a4978e4c-bf26-4940-9c8a-89da1a782c97 | ITER: 4 END: OK
2019-11-08 00:19:48.244 1101 INFO rally.task.runner [-] Task a4978e4c-bf26-4940-9c8a-89da1a782c97 | ITER: 3 END: OK
2019-11-08 00:19:48.248 1103 INFO rally.task.runner [-] Task a4978e4c-bf26-4940-9c8a-89da1a782c97 | ITER: 5 START
2019-11-08 00:19:48.248 1101 INFO rally.task.runner [-] Task a4978e4c-bf26-4940-9c8a-89da1a782c97 | ITER: 6 START
2019-11-08 00:19:48.257 1100 INFO rally.task.runner [-] Task a4978e4c-bf26-4940-9c8a-89da1a782c97 | ITER: 2 END: OK
2019-11-08 00:19:48.261 1100 INFO rally.task.runner [-] Task a4978e4c-bf26-4940-9c8a-89da1a782c97 | ITER: 7 START
2019-11-08 00:19:48.263 1099 INFO rally.task.runner [-] Task a4978e4c-bf26-4940-9c8a-89da1a782c97 | ITER: 1 END: OK
2019-11-08 00:19:48.267 1099 INFO rally.task.runner [-] Task a4978e4c-bf26-4940-9c8a-89da1a782c97 | ITER: 8 START
2019-11-08 00:19:48.935 1103 INFO rally.task.runner [-] Task a4978e4c-bf26-4940-9c8a-89da1a782c97 | ITER: 5 END: OK
2019-11-08 00:19:48.939 1103 INFO rally.task.runner [-] Task a4978e4c-bf26-4940-9c8a-89da1a782c97 | ITER: 9 START
2019-11-08 00:19:48.940 1099 INFO rally.task.runner [-] Task a4978e4c-bf26-4940-9c8a-89da1a782c97 | ITER: 8 END: OK
2019-11-08 00:19:48.944 1099 INFO rally.task.runner [-] Task a4978e4c-bf26-4940-9c8a-89da1a782c97 | ITER: 10 START
2019-11-08 00:19:49.014 1101 INFO rally.task.runner [-] Task a4978e4c-bf26-4940-9c8a-89da1a782c97 | ITER: 6 END: OK
2019-11-08 00:19:49.049 1100 INFO rally.task.runner [-] Task a4978e4c-bf26-4940-9c8a-89da1a782c97 | ITER: 7 END: OK
2019-11-08 00:19:49.634 1099 INFO rally.task.runner [-] Task a4978e4c-bf26-4940-9c8a-89da1a782c97 | ITER: 10 END: OK
2019-11-08 00:19:49.718 1103 INFO rally.task.runner [-] Task a4978e4c-bf26-4940-9c8a-89da1a782c97 | ITER: 9 END: OK
2019-11-08 00:19:49.738 727 INFO rally.task.context [-] Task a4978e4c-bf26-4940-9c8a-89da1a782c97 | Context users@openstack cleanup() started
2019-11-08 00:19:53.906 727 INFO rally.task.context [-] Task a4978e4c-bf26-4940-9c8a-89da1a782c97 | Context users@openstack cleanup() finished in 4.17 sec
2019-11-08 00:19:54.960 727 INFO rally.task.engine [-] Load duration is: 1.606427
2019-11-08 00:19:54.960 727 INFO rally.task.engine [-] Full runner duration is: 2.331214
2019-11-08 00:19:54.961 727 INFO rally.task.engine [-] Full duration is: 9.020834
2019-11-08 00:19:55.619 727 INFO rally.task.engine [-] Running workload: position = 0 config = { "version": 2, "title": "A cropped version of a bigger task.", "description": "Auto-generated task from a single workload (uuid=a91f1e6e-c173-4559-90fc-0a13901c4ce9)", "subtasks": [ { "title": "GlanceImages.create_image_and_boot_instances", "description": "Create an image and boot several instances from it.", "scenario": { "GlanceImages.create_image_and_boot_instances": { "container_format": "bare", "disk_format": "qcow2", "image_location": "/home/opnfv/functest/images/cirros-0.4.0-x86_64-disk.img", "flavor": { "name": "rally_full-flavor_6b18c56f-4e53-4e1e-89b8-b9af639463ce" }, "number_instances": 2, "nics": [ { "net-id": "297597d3-e8e7-4f70-bfbc-91b0d6c71147" } ] } }, "contexts": { "users": { "tenants": 3, "users_per_tenant": 2 }, "quotas": { "nova": { "cores": -1, "floating_ips": -1, "instances": -1, "ram": -1, "security_group_rules": -1, "security_groups": -1 } } }, "runner": { "constant": { "concurrency": 4, "times": 10 } }, "hooks": [], "sla": { "failure_rate": { "max": 0 } } } ] }
2019-11-08 00:19:55.646 727 RALLYDEBUG rally_openstack.contexts.keystone.users [-] Creating 3 tenants using 20 threads
2019-11-08 00:19:56.663 727 RALLYDEBUG rally_openstack.contexts.keystone.users [-] Creating 6 users using 20 threads
2019-11-08 00:19:58.348 727 INFO rally.task.context [-] Task a4978e4c-bf26-4940-9c8a-89da1a782c97 | Context users@openstack setup() finished in 2.70 sec
2019-11-08 00:19:59.595 727 INFO rally.task.context [-] Task a4978e4c-bf26-4940-9c8a-89da1a782c97 | Context quotas@openstack setup() finished in 1.25 sec
2019-11-08 00:19:59.595 727 INFO rally.task.context [-] Task a4978e4c-bf26-4940-9c8a-89da1a782c97 | Context cleanup@openstack setup() finished in 0.01 msec
2019-11-08 00:19:59.982 727 RALLYDEBUG rally.task.runner [-] Starting the constant runner (task UUID: a4978e4c-bf26-4940-9c8a-89da1a782c97). times: 10 concurrency: 4 timeout: 0 max_cpu_used: 16 processes_to_start: 4 concurrency_per_worker: 1 concurrency_overhead: 0
2019-11-08 00:19:59.994 1203 RALLYDEBUG rally.task.runner [-] Starting a worker. times: 10 duration: None concurrency: 1 timeout: 0 cls: method_name: run args: {"container_format": "bare", "disk_format": "qcow2", "image_location": "/home/opnfv/functest/images/cirros-0.4.0-x86_64-disk.img", "flavor": "acbda7d5-6b6a-491f-b75e-87ac62f6d87a", "number_instances": 2, "nics": [{"net-id": "297597d3-e8e7-4f70-bfbc-91b0d6c71147"}]}
2019-11-08 00:19:59.997 1204 RALLYDEBUG rally.task.runner [-] Starting a worker. times: 10 duration: None concurrency: 1 timeout: 0 cls: method_name: run args: {"container_format": "bare", "disk_format": "qcow2", "image_location": "/home/opnfv/functest/images/cirros-0.4.0-x86_64-disk.img", "flavor": "acbda7d5-6b6a-491f-b75e-87ac62f6d87a", "number_instances": 2, "nics": [{"net-id": "297597d3-e8e7-4f70-bfbc-91b0d6c71147"}]}
2019-11-08 00:20:00.001 1203 INFO rally.task.runner [-] Task a4978e4c-bf26-4940-9c8a-89da1a782c97 | ITER: 1 START
2019-11-08 00:20:00.001 1205 RALLYDEBUG rally.task.runner [-] Starting a worker. times: 10 duration: None concurrency: 1 timeout: 0 cls: method_name: run args: {"container_format": "bare", "disk_format": "qcow2", "image_location": "/home/opnfv/functest/images/cirros-0.4.0-x86_64-disk.img", "flavor": "acbda7d5-6b6a-491f-b75e-87ac62f6d87a", "number_instances": 2, "nics": [{"net-id": "297597d3-e8e7-4f70-bfbc-91b0d6c71147"}]}
2019-11-08 00:20:00.004 1204 INFO rally.task.runner [-] Task a4978e4c-bf26-4940-9c8a-89da1a782c97 | ITER: 2 START
2019-11-08 00:20:00.005 1206 RALLYDEBUG rally.task.runner [-] Starting a worker. times: 10 duration: None concurrency: 1 timeout: 0 cls: method_name: run args: {"container_format": "bare", "disk_format": "qcow2", "image_location": "/home/opnfv/functest/images/cirros-0.4.0-x86_64-disk.img", "flavor": "acbda7d5-6b6a-491f-b75e-87ac62f6d87a", "number_instances": 2, "nics": [{"net-id": "297597d3-e8e7-4f70-bfbc-91b0d6c71147"}]}
2019-11-08 00:20:00.007 1205 INFO rally.task.runner [-] Task a4978e4c-bf26-4940-9c8a-89da1a782c97 | ITER: 3 START
2019-11-08 00:20:00.011 1206 INFO rally.task.runner [-] Task a4978e4c-bf26-4940-9c8a-89da1a782c97 | ITER: 4 START
2019-11-08 00:20:00.687 1203 WARNING rally_openstack.scenarios.glance.images [-] 'kwargs' is deprecated in Rally v0.8.0: Use 'boot_server_kwargs' for additional parameters when booting servers.
2019-11-08 00:20:00.689 1204 WARNING rally_openstack.scenarios.glance.images [-] 'kwargs' is deprecated in Rally v0.8.0: Use 'boot_server_kwargs' for additional parameters when booting servers.
2019-11-08 00:20:00.700 1205 WARNING rally_openstack.scenarios.glance.images [-] 'kwargs' is deprecated in Rally v0.8.0: Use 'boot_server_kwargs' for additional parameters when booting servers.
2019-11-08 00:20:00.706 1206 WARNING rally_openstack.scenarios.glance.images [-] 'kwargs' is deprecated in Rally v0.8.0: Use 'boot_server_kwargs' for additional parameters when booting servers.
2019-11-08 00:20:02.920 1204 RALLYDEBUG rally.task.utils [-] Waiting for resource '305d9384-1129-4519-ae0c-88c15d6152c8'. Status changed: NONE => QUEUED in 0.03780221939086914
2019-11-08 00:20:02.922 1206 RALLYDEBUG rally.task.utils [-] Waiting for resource 'ae06a31b-6c88-45c4-b30a-1332bc9e5e18'. Status changed: NONE => QUEUED in 0.03720378875732422
2019-11-08 00:20:02.927 1203 RALLYDEBUG rally.task.utils [-] Waiting for resource '764c067c-94f8-410b-9a6b-65d591f700d6'. Status changed: NONE => QUEUED in 0.0381624698638916
2019-11-08 00:20:02.928 1205 RALLYDEBUG rally.task.utils [-] Waiting for resource '9bee7771-ef45-42be-8358-9318a8c451b6'. Status changed: NONE => QUEUED in 0.039995670318603516
2019-11-08 00:20:03.136 1206 RALLYDEBUG rally.task.utils [-] Waiting for resource s_rally_a91f1e6e_7yPfrcmy. Status changed: QUEUED => ACTIVE in 0.01945662498474121
2019-11-08 00:20:03.153 1203 RALLYDEBUG rally.task.utils [-] Waiting for resource s_rally_a91f1e6e_w2VXjV0H. Status changed: QUEUED => ACTIVE in 0.019525766372680664
2019-11-08 00:20:03.168 1204 RALLYDEBUG rally.task.utils [-] Waiting for resource s_rally_a91f1e6e_ltC2aw65. Status changed: QUEUED => ACTIVE in 0.01630234718322754
2019-11-08 00:20:03.184 1205 RALLYDEBUG rally.task.utils [-] Waiting for resource s_rally_a91f1e6e_BETYvf9R. Status changed: QUEUED => ACTIVE in 0.02029895782470703
2019-11-08 00:20:14.567 1205 RALLYDEBUG rally.task.utils [-] Waiting for resource s_rally_a91f1e6e_3r9htj5Q_1. Status changed: BUILD => ACTIVE in 6.929933547973633
2019-11-08 00:20:14.784 1205 RALLYDEBUG rally.task.utils [-] Waiting for resource s_rally_a91f1e6e_3r9htj5Q_0. Status changed: BUILD => ACTIVE in 0.2161238193511963
2019-11-08 00:20:14.785 1205 INFO rally.task.runner [-] Task a4978e4c-bf26-4940-9c8a-89da1a782c97 | ITER: 3 END: OK
2019-11-08 00:20:14.789 1205 INFO rally.task.runner [-] Task a4978e4c-bf26-4940-9c8a-89da1a782c97 | ITER: 5 START
2019-11-08 00:20:15.275 1203 RALLYDEBUG rally.task.utils [-] Waiting for resource s_rally_a91f1e6e_OXNoxe35_1. Status changed: BUILD => ACTIVE in 9.13000774383545
2019-11-08 00:20:15.479 1205 WARNING rally_openstack.scenarios.glance.images [-] 'kwargs' is deprecated in Rally v0.8.0: Use 'boot_server_kwargs' for additional parameters when booting servers.
2019-11-08 00:20:15.514 1203 RALLYDEBUG rally.task.utils [-] Waiting for resource s_rally_a91f1e6e_OXNoxe35_0. Status changed: BUILD => ACTIVE in 0.23819828033447266
2019-11-08 00:20:15.515 1203 INFO rally.task.runner [-] Task a4978e4c-bf26-4940-9c8a-89da1a782c97 | ITER: 1 END: OK
2019-11-08 00:20:15.519 1203 INFO rally.task.runner [-] Task a4978e4c-bf26-4940-9c8a-89da1a782c97 | ITER: 6 START
2019-11-08 00:20:16.120 1203 WARNING rally_openstack.scenarios.glance.images [-] 'kwargs' is deprecated in Rally v0.8.0: Use 'boot_server_kwargs' for additional parameters when booting servers.
2019-11-08 00:20:16.548 1204 RALLYDEBUG rally.task.utils [-] Waiting for resource s_rally_a91f1e6e_OIOHuY2c_1. Status changed: BUILD => ACTIVE in 9.233926773071289
2019-11-08 00:20:16.595 1206 RALLYDEBUG rally.task.utils [-] Waiting for resource s_rally_a91f1e6e_hpmj2PnG_1. Status changed: BUILD => ACTIVE in 8.866772174835205
2019-11-08 00:20:16.706 1204 RALLYDEBUG rally.task.utils [-] Waiting for resource s_rally_a91f1e6e_OIOHuY2c_0. Status changed: BUILD => ACTIVE in 0.15738487243652344
2019-11-08 00:20:16.706 1204 INFO rally.task.runner [-] Task a4978e4c-bf26-4940-9c8a-89da1a782c97 | ITER: 2 END: OK
2019-11-08 00:20:16.711 1204 INFO rally.task.runner [-] Task a4978e4c-bf26-4940-9c8a-89da1a782c97 | ITER: 7 START
2019-11-08 00:20:16.803 1206 RALLYDEBUG rally.task.utils [-] Waiting for resource s_rally_a91f1e6e_hpmj2PnG_0. Status changed: BUILD => ACTIVE in 0.20760273933410645
2019-11-08 00:20:16.803 1206 INFO rally.task.runner [-] Task a4978e4c-bf26-4940-9c8a-89da1a782c97 | ITER: 4 END: OK
2019-11-08 00:20:16.807 1206 INFO rally.task.runner [-] Task a4978e4c-bf26-4940-9c8a-89da1a782c97 | ITER: 8 START
2019-11-08 00:20:17.325 1204 WARNING rally_openstack.scenarios.glance.images [-] 'kwargs' is deprecated in Rally v0.8.0: Use 'boot_server_kwargs' for additional parameters when booting servers.
2019-11-08 00:20:17.406 1206 WARNING rally_openstack.scenarios.glance.images [-] 'kwargs' is deprecated in Rally v0.8.0: Use 'boot_server_kwargs' for additional parameters when booting servers.
2019-11-08 00:20:17.649 1205 RALLYDEBUG rally.task.utils [-] Waiting for resource 'be936f0b-9dc9-4916-b1b7-36a347252580'. Status changed: NONE => QUEUED in 0.03369474411010742
2019-11-08 00:20:17.952 1205 RALLYDEBUG rally.task.utils [-] Waiting for resource s_rally_a91f1e6e_WqGOrIOT. Status changed: QUEUED => ACTIVE in 0.021471261978149414
2019-11-08 00:20:18.309 1203 RALLYDEBUG rally.task.utils [-] Waiting for resource '2a3aca1b-0944-4585-843d-baed3ae9b961'. Status changed: NONE => QUEUED in 0.034799814224243164
2019-11-08 00:20:18.549 1203 RALLYDEBUG rally.task.utils [-] Waiting for resource s_rally_a91f1e6e_p0LjeNLH. Status changed: QUEUED => ACTIVE in 0.018995046615600586
2019-11-08 00:20:19.501 1204 RALLYDEBUG rally.task.utils [-] Waiting for resource 'f153e36e-c649-4a5d-a7e9-c470dd8cf265'. Status changed: NONE => QUEUED in 0.03454780578613281
2019-11-08 00:20:19.583 1206 RALLYDEBUG rally.task.utils [-] Waiting for resource '17bb12eb-8fe7-47fc-aa48-c60dde0644b1'. Status changed: NONE => QUEUED in 0.030479907989501953
2019-11-08 00:20:19.821 1204 RALLYDEBUG rally.task.utils [-] Waiting for resource s_rally_a91f1e6e_ZIKKiqZ7. Status changed: QUEUED => ACTIVE in 0.030674219131469727
2019-11-08 00:20:19.991 1206 RALLYDEBUG rally.task.utils [-] Waiting for resource s_rally_a91f1e6e_67HP6J1y. Status changed: QUEUED => ACTIVE in 0.02160811424255371
2019-11-08 00:20:29.856 1206 RALLYDEBUG rally.task.utils [-] Waiting for resource s_rally_a91f1e6e_YyZ6OQrY_1. Status changed: BUILD => ACTIVE in 6.705041170120239
2019-11-08 00:20:32.145 1204 RALLYDEBUG rally.task.utils [-] Waiting for resource s_rally_a91f1e6e_lPWIB1gU_1. Status changed: BUILD => ACTIVE in 9.1316659450531
2019-11-08 00:20:32.336 1204 RALLYDEBUG rally.task.utils [-] Waiting for resource s_rally_a91f1e6e_lPWIB1gU_0. Status changed: BUILD => ACTIVE in 0.1894237995147705
2019-11-08 00:20:32.336 1204 INFO rally.task.runner [-] Task a4978e4c-bf26-4940-9c8a-89da1a782c97 | ITER: 7 END: OK
2019-11-08 00:20:32.343 1204 INFO rally.task.runner [-] Task a4978e4c-bf26-4940-9c8a-89da1a782c97 | ITER: 9 START
2019-11-08 00:20:32.947 1204 WARNING rally_openstack.scenarios.glance.images [-] 'kwargs' is deprecated in Rally v0.8.0: Use 'boot_server_kwargs' for additional parameters when booting servers.
2019-11-08 00:20:34.001 1205 RALLYDEBUG rally.task.utils [-] Waiting for resource s_rally_a91f1e6e_9TjWvFcb_1. Status changed: BUILD => ACTIVE in 13.156657218933105
2019-11-08 00:20:35.119 1204 RALLYDEBUG rally.task.utils [-] Waiting for resource 'e142ba43-d161-4a55-bda1-a544203eb8c9'. Status changed: NONE => QUEUED in 0.03064417839050293
2019-11-08 00:20:35.576 1204 RALLYDEBUG rally.task.utils [-] Waiting for resource s_rally_a91f1e6e_9oGwAM2A. Status changed: QUEUED => ACTIVE in 0.01949930191040039
2019-11-08 00:20:35.722 1203 RALLYDEBUG rally.task.utils [-] Waiting for resource s_rally_a91f1e6e_2HHJSuhg_1. Status changed: BUILD => ACTIVE in 13.71199631690979
2019-11-08 00:20:35.866 1203 RALLYDEBUG rally.task.utils [-] Waiting for resource s_rally_a91f1e6e_2HHJSuhg_0. Status changed: BUILD => ACTIVE in 0.14189791679382324
2019-11-08 00:20:35.867 1203 INFO rally.task.runner [-] Task a4978e4c-bf26-4940-9c8a-89da1a782c97 | ITER: 6 END: OK
2019-11-08 00:20:35.873 1203 INFO rally.task.runner [-] Task a4978e4c-bf26-4940-9c8a-89da1a782c97 | ITER: 10 START
2019-11-08 00:20:36.278 1205 RALLYDEBUG rally.task.utils [-] Waiting for resource s_rally_a91f1e6e_9TjWvFcb_0. Status changed: BUILD => ACTIVE in 2.2752203941345215
2019-11-08 00:20:36.280 1205 INFO rally.task.runner [-] Task a4978e4c-bf26-4940-9c8a-89da1a782c97 | ITER: 5 END: OK
2019-11-08 00:20:36.553 1203 WARNING rally_openstack.scenarios.glance.images [-] 'kwargs' is deprecated in Rally v0.8.0: Use 'boot_server_kwargs' for additional parameters when booting servers.
2019-11-08 00:20:36.744 1206 RALLYDEBUG rally.task.utils [-] Waiting for resource s_rally_a91f1e6e_YyZ6OQrY_0. Status changed: BUILD => ACTIVE in 6.8863677978515625
2019-11-08 00:20:36.745 1206 INFO rally.task.runner [-] Task a4978e4c-bf26-4940-9c8a-89da1a782c97 | ITER: 8 END: OK
2019-11-08 00:20:38.741 1203 RALLYDEBUG rally.task.utils [-] Waiting for resource 'a2b11521-60de-4f35-a452-e345ee1a2819'. Status changed: NONE => QUEUED in 0.034067630767822266
2019-11-08 00:20:38.998 1203 RALLYDEBUG rally.task.utils [-] Waiting for resource s_rally_a91f1e6e_sk4l0yfS. Status changed: QUEUED => ACTIVE in 0.018036603927612305
2019-11-08 00:20:45.232 1204 RALLYDEBUG rally.task.utils [-] Waiting for resource s_rally_a91f1e6e_73iVMtoW_1. Status changed: BUILD => ACTIVE in 6.786045789718628
2019-11-08 00:20:48.410 1203 RALLYDEBUG rally.task.utils [-] Waiting for resource s_rally_a91f1e6e_GplVWJhu_1. Status changed: BUILD => ACTIVE in 6.8115553855896
2019-11-08 00:20:49.743 1204 RALLYDEBUG rally.task.utils [-] Waiting for resource s_rally_a91f1e6e_73iVMtoW_0. Status changed: BUILD => ACTIVE in 4.5102219581604
2019-11-08 00:20:49.744 1204 INFO rally.task.runner [-] Task a4978e4c-bf26-4940-9c8a-89da1a782c97 | ITER: 9 END: OK
2019-11-08 00:20:50.707 1203 RALLYDEBUG rally.task.utils [-] Waiting for resource s_rally_a91f1e6e_GplVWJhu_0. Status changed: BUILD => ACTIVE in 2.296308755874634
2019-11-08 00:20:50.707 1203 INFO rally.task.runner [-] Task a4978e4c-bf26-4940-9c8a-89da1a782c97 | ITER: 10 END: OK
2019-11-08 00:20:50.737 727 INFO rally.task.context [-] Task a4978e4c-bf26-4940-9c8a-89da1a782c97 | Context cleanup@openstack cleanup() started
2019-11-08 00:20:50.740 727 RALLYDEBUG rally_openstack.cleanup.manager [-] Cleaning up nova servers objects
2019-11-08 00:20:53.058 727 RALLYDEBUG rally_openstack.cleanup.manager [-] Deleting nova.servers object s_rally_a91f1e6e_lPWIB1gU_1 (f500edeb-4d59-451b-8074-4b21e7560ca4)
2019-11-08 00:20:53.062 727 RALLYDEBUG rally_openstack.cleanup.manager [-] Deleting nova.servers object s_rally_a91f1e6e_lPWIB1gU_0 (15332fbc-aa05-4985-939a-8094c484beb3)
2019-11-08 00:20:53.071 727 RALLYDEBUG rally_openstack.cleanup.manager [-] Deleting nova.servers object s_rally_a91f1e6e_hpmj2PnG_1 (113374fd-d5e6-45a5-a92d-a4d1fae63bb9)
2019-11-08 00:20:53.075 727 RALLYDEBUG rally_openstack.cleanup.manager [-] Deleting nova.servers object s_rally_a91f1e6e_OIOHuY2c_1 (6100751f-ad32-4b92-80f4-5fcfcdcf0b57)
2019-11-08 00:20:53.084 727 RALLYDEBUG rally_openstack.cleanup.manager [-] Deleting nova.servers object s_rally_a91f1e6e_OIOHuY2c_0 (204756d6-d417-413d-acc8-8ac0ba5591d6)
2019-11-08 00:20:53.093 727 RALLYDEBUG rally_openstack.cleanup.manager [-] Deleting nova.servers object s_rally_a91f1e6e_hpmj2PnG_0 (86d52152-55b9-4dfb-877a-4affdc6b0e43)
2019-11-08 00:20:53.103 727 RALLYDEBUG rally_openstack.cleanup.manager [-] Deleting nova.servers object s_rally_a91f1e6e_GplVWJhu_1 (3bd97a4b-7442-426f-abe2-6cf7e2eb1122)
2019-11-08 00:20:53.117 727 RALLYDEBUG rally_openstack.cleanup.manager [-] Deleting nova.servers object s_rally_a91f1e6e_GplVWJhu_0 (949cd1aa-23bd-4f15-849f-6c6f7f0ed959)
2019-11-08 00:20:53.122 727 RALLYDEBUG rally_openstack.cleanup.manager [-] Deleting nova.servers object s_rally_a91f1e6e_YyZ6OQrY_1 (7f983252-f74f-4cf8-8578-8061dbe287be)
2019-11-08 00:20:53.131 727 RALLYDEBUG rally_openstack.cleanup.manager [-] Deleting nova.servers object s_rally_a91f1e6e_YyZ6OQrY_0 (caea6943-09d4-4cee-a691-081b2bcb0970)
2019-11-08 00:20:53.144 727 RALLYDEBUG rally_openstack.cleanup.manager [-] Deleting nova.servers object s_rally_a91f1e6e_9TjWvFcb_1 (e1f278e8-2509-4f0f-b6e3-bf1647efc669)
2019-11-08 00:20:53.149 727 RALLYDEBUG rally_openstack.cleanup.manager [-] Deleting nova.servers object s_rally_a91f1e6e_9TjWvFcb_0 (a9c71fe8-fc4a-4cb4-b902-4c849326c365)
2019-11-08 00:20:53.188 727 RALLYDEBUG rally_openstack.cleanup.manager [-] Deleting nova.servers object s_rally_a91f1e6e_73iVMtoW_1 (11f5b124-c25f-4931-a937-472102170230)
2019-11-08 00:20:53.195 727 RALLYDEBUG rally_openstack.cleanup.manager [-] Deleting nova.servers object s_rally_a91f1e6e_73iVMtoW_0 (c7176c29-b895-41f3-b435-90db125ced2c)
2019-11-08 00:20:53.213 727 RALLYDEBUG rally_openstack.cleanup.manager [-] Deleting nova.servers object s_rally_a91f1e6e_2HHJSuhg_1 (b1eee6ec-ff4d-4e04-a2bd-d02e15f68209)
2019-11-08 00:20:53.230 727 RALLYDEBUG rally_openstack.cleanup.manager [-] Deleting nova.servers object s_rally_a91f1e6e_2HHJSuhg_0 (bd322dfd-bc41-4338-88bd-23ffa3ff6caa)
2019-11-08 00:20:53.241 727 RALLYDEBUG rally_openstack.cleanup.manager [-] Deleting nova.servers object s_rally_a91f1e6e_3r9htj5Q_1 (49ad76c6-1611-41f5-b641-603ddd281042)
2019-11-08 00:20:53.249 727 RALLYDEBUG rally_openstack.cleanup.manager [-] Deleting nova.servers object s_rally_a91f1e6e_OXNoxe35_1 (17ea4b76-1ea0-44a7-94f1-3a0ef7500b78)
2019-11-08 00:20:53.262 727 RALLYDEBUG rally_openstack.cleanup.manager [-] Deleting nova.servers object s_rally_a91f1e6e_3r9htj5Q_0 (73d47068-e2d8-4872-96ab-dfec2486a0e3)
2019-11-08 00:20:53.274 727 RALLYDEBUG rally_openstack.cleanup.manager [-] Deleting nova.servers object s_rally_a91f1e6e_OXNoxe35_0 (ebaf6ed7-cfaa-4332-b917-fc1f441c1eb4)
2019-11-08 00:21:01.968 727 RALLYDEBUG rally_openstack.cleanup.manager [-] Cleaning up nova server_groups objects
2019-11-08 00:21:03.085 727 RALLYDEBUG rally_openstack.cleanup.manager [-] Cleaning up nova keypairs objects
2019-11-08 00:21:05.341 727 RALLYDEBUG rally_openstack.cleanup.manager [-] Cleaning up glance images objects
2019-11-08 00:21:06.639 727 RALLYDEBUG rally_openstack.cleanup.manager [-] Deleting glance.images object s_rally_a91f1e6e_ZIKKiqZ7 (f153e36e-c649-4a5d-a7e9-c470dd8cf265)
2019-11-08 00:21:06.649 727 RALLYDEBUG rally_openstack.cleanup.manager [-] Deleting glance.images object s_rally_a91f1e6e_7yPfrcmy (ae06a31b-6c88-45c4-b30a-1332bc9e5e18)
2019-11-08 00:21:06.658 727 RALLYDEBUG rally_openstack.cleanup.manager [-] Deleting glance.images object s_rally_a91f1e6e_ltC2aw65 (305d9384-1129-4519-ae0c-88c15d6152c8)
2019-11-08 00:21:06.663 727 RALLYDEBUG rally_openstack.cleanup.manager [-] Deleting glance.images object s_rally_a91f1e6e_sk4l0yfS (a2b11521-60de-4f35-a452-e345ee1a2819)
2019-11-08 00:21:06.673 727 RALLYDEBUG rally_openstack.cleanup.manager [-] Deleting glance.images object s_rally_a91f1e6e_67HP6J1y (17bb12eb-8fe7-47fc-aa48-c60dde0644b1)
2019-11-08 00:21:06.685 727 RALLYDEBUG rally_openstack.cleanup.manager [-] Deleting glance.images object s_rally_a91f1e6e_WqGOrIOT (be936f0b-9dc9-4916-b1b7-36a347252580)
2019-11-08 00:21:06.692 727 RALLYDEBUG rally_openstack.cleanup.manager [-] Deleting glance.images object s_rally_a91f1e6e_9oGwAM2A (e142ba43-d161-4a55-bda1-a544203eb8c9)
2019-11-08 00:21:06.697 727 RALLYDEBUG rally_openstack.cleanup.manager [-] Deleting glance.images object s_rally_a91f1e6e_p0LjeNLH (2a3aca1b-0944-4585-843d-baed3ae9b961)
2019-11-08 00:21:06.720 727 RALLYDEBUG rally_openstack.cleanup.manager [-] Deleting glance.images object s_rally_a91f1e6e_BETYvf9R (9bee7771-ef45-42be-8358-9318a8c451b6)
2019-11-08 00:21:06.736 727 RALLYDEBUG rally_openstack.cleanup.manager [-] Deleting glance.images object s_rally_a91f1e6e_w2VXjV0H (764c067c-94f8-410b-9a6b-65d591f700d6)
2019-11-08 00:21:07.364 727 DEBUG glanceclient.common.http [-] Request returned failure status 404. _handle_response /usr/lib/python3.6/site-packages/glanceclient/common/http.py:125
2019-11-08 00:21:07.365 727 DEBUG glanceclient.common.http [-] Request returned failure status 404. _handle_response /usr/lib/python3.6/site-packages/glanceclient/common/http.py:125
2019-11-08 00:21:07.379 727 DEBUG glanceclient.common.http [-] Request returned failure status 404. _handle_response /usr/lib/python3.6/site-packages/glanceclient/common/http.py:125
2019-11-08 00:21:07.395 727 DEBUG glanceclient.common.http [-] Request returned failure status 404. _handle_response /usr/lib/python3.6/site-packages/glanceclient/common/http.py:125
2019-11-08 00:21:07.398 727 DEBUG glanceclient.common.http [-] Request returned failure status 404. _handle_response /usr/lib/python3.6/site-packages/glanceclient/common/http.py:125
2019-11-08 00:21:07.405 727 DEBUG glanceclient.common.http [-] Request returned failure status 404. _handle_response /usr/lib/python3.6/site-packages/glanceclient/common/http.py:125
2019-11-08 00:21:07.406 727 DEBUG glanceclient.common.http [-] Request returned failure status 404. _handle_response /usr/lib/python3.6/site-packages/glanceclient/common/http.py:125
2019-11-08 00:21:07.413 727 DEBUG glanceclient.common.http [-] Request returned failure status 404. _handle_response /usr/lib/python3.6/site-packages/glanceclient/common/http.py:125
2019-11-08 00:21:07.414 727 DEBUG glanceclient.common.http [-] Request returned failure status 404. _handle_response /usr/lib/python3.6/site-packages/glanceclient/common/http.py:125
2019-11-08 00:21:07.439 727 DEBUG glanceclient.common.http [-] Request returned failure status 404. _handle_response /usr/lib/python3.6/site-packages/glanceclient/common/http.py:125
2019-11-08 00:21:07.440 727 DEBUG glanceclient.common.http [-] Request returned failure status 404. _handle_response /usr/lib/python3.6/site-packages/glanceclient/common/http.py:125
2019-11-08 00:21:07.445 727 DEBUG glanceclient.common.http [-] Request returned failure status 404. _handle_response /usr/lib/python3.6/site-packages/glanceclient/common/http.py:125
2019-11-08 00:21:07.447 727 DEBUG glanceclient.common.http [-] Request returned failure status 404. _handle_response /usr/lib/python3.6/site-packages/glanceclient/common/http.py:125
2019-11-08 00:21:07.448 727 DEBUG glanceclient.common.http [-] Request returned failure status 404. _handle_response /usr/lib/python3.6/site-packages/glanceclient/common/http.py:125
2019-11-08 00:21:07.457 727 DEBUG glanceclient.common.http [-] Request returned failure status 404. _handle_response /usr/lib/python3.6/site-packages/glanceclient/common/http.py:125
2019-11-08 00:21:07.469 727 DEBUG glanceclient.common.http [-] Request returned failure status 404. _handle_response /usr/lib/python3.6/site-packages/glanceclient/common/http.py:125
2019-11-08 00:21:07.564 727 DEBUG glanceclient.common.http [-] Request returned failure status 404. _handle_response /usr/lib/python3.6/site-packages/glanceclient/common/http.py:125
2019-11-08 00:21:07.583 727 DEBUG glanceclient.common.http [-] Request returned failure status 404. _handle_response /usr/lib/python3.6/site-packages/glanceclient/common/http.py:125
2019-11-08 00:21:07.585 727 DEBUG glanceclient.common.http [-] Request returned failure status 404. _handle_response /usr/lib/python3.6/site-packages/glanceclient/common/http.py:125
2019-11-08 00:21:07.601 727 DEBUG glanceclient.common.http [-] Request returned failure status 404. _handle_response /usr/lib/python3.6/site-packages/glanceclient/common/http.py:125
2019-11-08 00:21:08.604 727 INFO rally.task.context [-] Task a4978e4c-bf26-4940-9c8a-89da1a782c97 | Context cleanup@openstack cleanup() finished in 17.87 sec
2019-11-08 00:21:08.604 727 INFO rally.task.context [-] Task a4978e4c-bf26-4940-9c8a-89da1a782c97 | Context quotas@openstack cleanup() started
2019-11-08 00:21:08.666 727 INFO rally.task.context [-] Task a4978e4c-bf26-4940-9c8a-89da1a782c97 | Context quotas@openstack cleanup() finished in 61.76 msec
2019-11-08 00:21:08.667 727 INFO rally.task.context [-] Task a4978e4c-bf26-4940-9c8a-89da1a782c97 | Context users@openstack cleanup() started
2019-11-08 00:21:12.666 727 INFO rally.task.context [-] Task a4978e4c-bf26-4940-9c8a-89da1a782c97 | Context users@openstack cleanup() finished in 4.00 sec
2019-11-08 00:21:14.005 727 INFO rally.task.engine [-] Load duration is: 49.020288
2019-11-08 00:21:14.005 727 INFO rally.task.engine [-] Full runner duration is: 50.754499
2019-11-08 00:21:14.006 727 INFO rally.task.engine [-] Full duration is: 77.021861
2019-11-08 00:21:14.582 727 INFO rally.task.engine [-] Running workload: position = 0 config = { "version": 2, "title": "A cropped version of a bigger task.", "description": "Auto-generated task from a single workload (uuid=1ec45a4d-7941-4158-a654-010930feb93d)", "subtasks": [ { "title": "GlanceImages.create_and_deactivate_image", "description": "Create an image, then deactivate it.", "scenario": { "GlanceImages.create_and_deactivate_image": { "container_format": "bare", "disk_format": "qcow2", "image_location": "/home/opnfv/functest/images/cirros-0.4.0-x86_64-disk.img" } }, "contexts": { "users": { "tenants": 3, "users_per_tenant": 2 } }, "runner": { "constant": { "concurrency": 4, "times": 10 } }, "hooks": [], "sla": { "failure_rate": { "max": 0 } } } ] }
2019-11-08 00:21:14.606 727 RALLYDEBUG rally_openstack.contexts.keystone.users [-] Creating 3 tenants using 20 threads
2019-11-08 00:21:15.598 727 RALLYDEBUG rally_openstack.contexts.keystone.users [-] Creating 6 users using 20 threads
2019-11-08 00:21:17.194 727 INFO rally.task.context [-] Task a4978e4c-bf26-4940-9c8a-89da1a782c97 | Context users@openstack setup() finished in 2.59 sec
2019-11-08 00:21:17.194 727 INFO rally.task.context [-] Task a4978e4c-bf26-4940-9c8a-89da1a782c97 | Context cleanup@openstack setup() finished in 0.01 msec
2019-11-08 00:21:17.202 727 RALLYDEBUG rally.task.runner [-] Starting the constant runner (task UUID: a4978e4c-bf26-4940-9c8a-89da1a782c97). times: 10 concurrency: 4 timeout: 0 max_cpu_used: 16 processes_to_start: 4 concurrency_per_worker: 1 concurrency_overhead: 0
2019-11-08 00:21:17.211 1387 RALLYDEBUG rally.task.runner [-] Starting a worker. times: 10 duration: None concurrency: 1 timeout: 0 cls: method_name: run args: {"container_format": "bare", "disk_format": "qcow2", "image_location": "/home/opnfv/functest/images/cirros-0.4.0-x86_64-disk.img"}
2019-11-08 00:21:17.213 1388 RALLYDEBUG rally.task.runner [-] Starting a worker. times: 10 duration: None concurrency: 1 timeout: 0 cls: method_name: run args: {"container_format": "bare", "disk_format": "qcow2", "image_location": "/home/opnfv/functest/images/cirros-0.4.0-x86_64-disk.img"}
2019-11-08 00:21:17.216 1387 INFO rally.task.runner [-] Task a4978e4c-bf26-4940-9c8a-89da1a782c97 | ITER: 1 START
2019-11-08 00:21:17.216 1389 RALLYDEBUG rally.task.runner [-] Starting a worker. times: 10 duration: None concurrency: 1 timeout: 0 cls: method_name: run args: {"container_format": "bare", "disk_format": "qcow2", "image_location": "/home/opnfv/functest/images/cirros-0.4.0-x86_64-disk.img"}
2019-11-08 00:21:17.219 1388 INFO rally.task.runner [-] Task a4978e4c-bf26-4940-9c8a-89da1a782c97 | ITER: 2 START
2019-11-08 00:21:17.220 1390 RALLYDEBUG rally.task.runner [-] Starting a worker. times: 10 duration: None concurrency: 1 timeout: 0 cls: method_name: run args: {"container_format": "bare", "disk_format": "qcow2", "image_location": "/home/opnfv/functest/images/cirros-0.4.0-x86_64-disk.img"}
2019-11-08 00:21:17.222 1389 INFO rally.task.runner [-] Task a4978e4c-bf26-4940-9c8a-89da1a782c97 | ITER: 3 START
2019-11-08 00:21:17.226 1390 INFO rally.task.runner [-] Task a4978e4c-bf26-4940-9c8a-89da1a782c97 | ITER: 4 START
2019-11-08 00:21:20.132 1389 RALLYDEBUG rally.task.utils [-] Waiting for resource '0b623fa4-72c1-4ae0-98bb-eb16878e487a'. Status changed: NONE => QUEUED in 0.03895878791809082
2019-11-08 00:21:20.142 1390 RALLYDEBUG rally.task.utils [-] Waiting for resource '58e71588-e848-4582-951a-fd2d5eaaab93'. Status changed: NONE => QUEUED in 0.040657758712768555
2019-11-08 00:21:20.164 1387 RALLYDEBUG rally.task.utils [-] Waiting for resource 'af475d74-7d1c-49c3-9403-4ad2d209608a'. Status changed: NONE => QUEUED in 0.037584781646728516
2019-11-08 00:21:20.164 1388 RALLYDEBUG rally.task.utils [-] Waiting for resource 'b97fdf45-2783-4444-a3c5-d616454eae17'. Status changed: NONE => QUEUED in 0.03537297248840332
2019-11-08 00:21:20.358 1389 RALLYDEBUG rally.task.utils [-] Waiting for resource s_rally_1ec45a4d_3kEjKAU8. Status changed: QUEUED => ACTIVE in 0.023670673370361328
2019-11-08 00:21:20.375 1388 RALLYDEBUG rally.task.utils [-] Waiting for resource s_rally_1ec45a4d_2vFlMgfz. Status changed: QUEUED => ACTIVE in 0.026347875595092773
2019-11-08 00:21:20.404 1389 INFO rally.task.runner [-] Task a4978e4c-bf26-4940-9c8a-89da1a782c97 | ITER: 3 END: OK
2019-11-08 00:21:20.409 1389 INFO rally.task.runner [-] Task a4978e4c-bf26-4940-9c8a-89da1a782c97 | ITER: 5 START
2019-11-08 00:21:20.420 1390 RALLYDEBUG rally.task.utils [-] Waiting for resource s_rally_1ec45a4d_dDbA64FO. Status changed: QUEUED => ACTIVE in 0.021387577056884766
2019-11-08 00:21:20.424 1388 INFO rally.task.runner [-] Task a4978e4c-bf26-4940-9c8a-89da1a782c97 | ITER: 2 END: OK
2019-11-08 00:21:20.428 1387 RALLYDEBUG rally.task.utils [-] Waiting for resource s_rally_1ec45a4d_gCrHbrro. Status changed: QUEUED => ACTIVE in 0.01993274688720703
2019-11-08 00:21:20.430 1388 INFO rally.task.runner [-] Task a4978e4c-bf26-4940-9c8a-89da1a782c97 | ITER: 6 START
2019-11-08 00:21:20.473 1387 INFO rally.task.runner [-] Task a4978e4c-bf26-4940-9c8a-89da1a782c97 | ITER: 1 END: OK
2019-11-08 00:21:20.478 1387 INFO rally.task.runner [-] Task a4978e4c-bf26-4940-9c8a-89da1a782c97 | ITER: 7 START
2019-11-08 00:21:20.490 1390 INFO rally.task.runner [-] Task a4978e4c-bf26-4940-9c8a-89da1a782c97 | ITER: 4 END: OK
2019-11-08 00:21:20.494 1390 INFO rally.task.runner [-] Task a4978e4c-bf26-4940-9c8a-89da1a782c97 | ITER: 8 START
2019-11-08 00:21:23.190 1388 RALLYDEBUG rally.task.utils [-] Waiting for resource 'ce9c15f5-9197-4b58-ab83-70eeeb2794f5'. Status changed: NONE => QUEUED in 0.03659367561340332
2019-11-08 00:21:23.209 1389 RALLYDEBUG rally.task.utils [-] Waiting for resource '1e18ecf0-7319-4b6a-a256-1e753a65006e'. Status changed: NONE => QUEUED in 0.03307294845581055
2019-11-08 00:21:23.230 1387 RALLYDEBUG rally.task.utils [-] Waiting for resource 'd0df6dc8-ae7d-46bd-aea0-91f983ce5c23'. Status changed: NONE => QUEUED in 0.0313265323638916
2019-11-08 00:21:23.353 1390 RALLYDEBUG rally.task.utils [-] Waiting for resource 'b343cd33-c9d7-4445-bf1a-eb8a54481444'. Status changed: NONE => QUEUED in 0.03805398941040039
2019-11-08 00:21:23.434 1388 RALLYDEBUG rally.task.utils [-] Waiting for resource s_rally_1ec45a4d_Q7XUGEmG. Status changed: QUEUED => ACTIVE in 0.023207902908325195
2019-11-08 00:21:23.438 1387 RALLYDEBUG rally.task.utils [-] Waiting for resource s_rally_1ec45a4d_oiIn0vJ6. Status changed: QUEUED => ACTIVE in 0.0178375244140625
2019-11-08 00:21:23.471 1389 RALLYDEBUG rally.task.utils [-] Waiting for resource s_rally_1ec45a4d_SCohDAgH. Status changed: QUEUED => ACTIVE in 0.01874089241027832
