2019-11-08 00:57:11.499 11675 INFO rally.task.context [-] Task edbba601-9c68-4394-be07-4e6488631f8e | Context users@openstack cleanup() started
2019-11-08 00:57:14.509 11675 INFO rally.task.context [-] Task edbba601-9c68-4394-be07-4e6488631f8e | Context users@openstack cleanup() finished in 3.01 sec
2019-11-08 00:57:15.574 11675 INFO rally.task.engine [-] Load duration is: 3.125796
2019-11-08 00:57:15.575 11675 INFO rally.task.engine [-] Full runner duration is: 4.478895
2019-11-08 00:57:15.575 11675 INFO rally.task.engine [-] Full duration is: 15.024522
2019-11-08 00:57:15.912 11675 INFO rally.task.engine [-] Running workload: position = 0 config = { "version": 2, "title": "A cropped version of a bigger task.", "description": "Auto-generated task from a single workload (uuid=7ea1e327-7037-4b14-9d9b-8b44033da54d)", "subtasks": [ { "title": "KeystoneBasic.create_and_list_users", "description": "Create a keystone user with random name and list all users.", "scenario": { "KeystoneBasic.create_and_list_users": {} }, "contexts": {}, "runner": { "constant": { "concurrency": 4, "times": 10 } }, "hooks": [], "sla": { "failure_rate": { "max": 0 } } } ] }
2019-11-08 00:57:15.938 11675 RALLYDEBUG rally_openstack.contexts.keystone.users [-] Creating 1 tenants using 20 threads
2019-11-08 00:57:16.832 11675 RALLYDEBUG rally_openstack.contexts.keystone.users [-] Creating 1 users using 20 threads
2019-11-08 00:57:18.139 11675 INFO rally.task.context [-] Task edbba601-9c68-4394-be07-4e6488631f8e | Context users@openstack setup() finished in 2.20 sec
2019-11-08 00:57:18.140 11675 INFO rally.task.context [-] Task edbba601-9c68-4394-be07-4e6488631f8e | Context admin_cleanup@openstack setup() finished in 0.01 msec
2019-11-08 00:57:18.149 11675 RALLYDEBUG rally.task.runner [-] Starting the constant runner (task UUID: edbba601-9c68-4394-be07-4e6488631f8e). times: 10 concurrency: 4 timeout: 0 max_cpu_used: 16 processes_to_start: 4 concurrency_per_worker: 1 concurrency_overhead: 0
2019-11-08 00:57:18.160 13455 RALLYDEBUG rally.task.runner [-] Starting a worker. times: 10 duration: None concurrency: 1 timeout: 0 cls: method_name: run args: {}
2019-11-08 00:57:18.164 13456 RALLYDEBUG rally.task.runner [-] Starting a worker. times: 10 duration: None concurrency: 1 timeout: 0 cls: method_name: run args: {}
2019-11-08 00:57:18.166 13455 INFO rally.task.runner [-] Task edbba601-9c68-4394-be07-4e6488631f8e | ITER: 1 START
2019-11-08 00:57:18.168 13457 RALLYDEBUG rally.task.runner [-] Starting a worker. times: 10 duration: None concurrency: 1 timeout: 0 cls: method_name: run args: {}
2019-11-08 00:57:18.170 13456 INFO rally.task.runner [-] Task edbba601-9c68-4394-be07-4e6488631f8e | ITER: 2 START
2019-11-08 00:57:18.171 13460 RALLYDEBUG rally.task.runner [-] Starting a worker. times: 10 duration: None concurrency: 1 timeout: 0 cls: method_name: run args: {}
2019-11-08 00:57:18.173 13457 INFO rally.task.runner [-] Task edbba601-9c68-4394-be07-4e6488631f8e | ITER: 3 START
2019-11-08 00:57:18.177 13460 INFO rally.task.runner [-] Task edbba601-9c68-4394-be07-4e6488631f8e | ITER: 4 START
2019-11-08 00:57:19.716 13456 INFO rally.task.runner [-] Task edbba601-9c68-4394-be07-4e6488631f8e | ITER: 2 END: OK
2019-11-08 00:57:19.716 13460 INFO rally.task.runner [-] Task edbba601-9c68-4394-be07-4e6488631f8e | ITER: 4 END: OK
2019-11-08 00:57:19.720 13456 INFO rally.task.runner [-] Task edbba601-9c68-4394-be07-4e6488631f8e | ITER: 6 START
2019-11-08 00:57:19.720 13460 INFO rally.task.runner [-] Task edbba601-9c68-4394-be07-4e6488631f8e | ITER: 5 START
2019-11-08 00:57:19.721 13455 INFO rally.task.runner [-] Task edbba601-9c68-4394-be07-4e6488631f8e | ITER: 1 END: OK
2019-11-08 00:57:19.725 13455 INFO rally.task.runner [-] Task edbba601-9c68-4394-be07-4e6488631f8e | ITER: 7 START
2019-11-08 00:57:19.729 13457 INFO rally.task.runner [-] Task edbba601-9c68-4394-be07-4e6488631f8e | ITER: 3 END: OK
2019-11-08 00:57:19.731 13457 INFO rally.task.runner [-] Task edbba601-9c68-4394-be07-4e6488631f8e | ITER: 8 START
2019-11-08 00:57:21.171 13456 INFO rally.task.runner [-] Task edbba601-9c68-4394-be07-4e6488631f8e | ITER: 6 END: OK
2019-11-08 00:57:21.174 13456 INFO rally.task.runner [-] Task edbba601-9c68-4394-be07-4e6488631f8e | ITER: 9 START
2019-11-08 00:57:21.175 13460 INFO rally.task.runner [-] Task edbba601-9c68-4394-be07-4e6488631f8e | ITER: 5 END: OK
2019-11-08 00:57:21.179 13460 INFO rally.task.runner [-] Task edbba601-9c68-4394-be07-4e6488631f8e | ITER: 10 START
2019-11-08 00:57:21.179 13455 INFO rally.task.runner [-] Task edbba601-9c68-4394-be07-4e6488631f8e | ITER: 7 END: OK
2019-11-08 00:57:21.193 13457 INFO rally.task.runner [-] Task edbba601-9c68-4394-be07-4e6488631f8e | ITER: 8 END: OK
2019-11-08 00:57:22.661 13456 INFO rally.task.runner [-] Task edbba601-9c68-4394-be07-4e6488631f8e | ITER: 9 END: OK
2019-11-08 00:57:22.684 13460 INFO rally.task.runner [-] Task edbba601-9c68-4394-be07-4e6488631f8e | ITER: 10 END: OK
2019-11-08 00:57:22.714 11675 INFO rally.task.context [-] Task edbba601-9c68-4394-be07-4e6488631f8e | Context admin_cleanup@openstack cleanup() started
2019-11-08 00:57:22.717 11675 RALLYDEBUG rally_openstack.cleanup.manager [-] Cleaning up keystone user objects
2019-11-08 00:57:23.451 11675 RALLYDEBUG rally_openstack.cleanup.manager [-] Deleting keystone.user object s_rally_7ea1e327_R7RkRMfa (0194e03f0c7546dcbbdc781d7a103d11)
2019-11-08 00:57:23.461 11675 RALLYDEBUG rally_openstack.cleanup.manager [-] Deleting keystone.user object s_rally_7ea1e327_qUtm4wNw (02e2f106fc6944be9e7ee2df3790b469)
2019-11-08 00:57:23.478 11675 RALLYDEBUG rally_openstack.cleanup.manager [-] Deleting keystone.user object s_rally_7ea1e327_AB4v2Keo (2137e3534cfd41b994c97a53112c639c)
2019-11-08 00:57:23.513 11675 RALLYDEBUG rally_openstack.cleanup.manager [-] Deleting keystone.user object s_rally_7ea1e327_ZYQZxq0a (6ec2ec4528d149eca94ec32f9ca40554)
2019-11-08 00:57:23.519 11675 RALLYDEBUG rally_openstack.cleanup.manager [-] Deleting keystone.user object s_rally_7ea1e327_s0Fn5vcu (7d2c260d8dab4f62955435e19f8f8ce8)
2019-11-08 00:57:23.524 11675 RALLYDEBUG rally_openstack.cleanup.manager [-] Deleting keystone.user object s_rally_7ea1e327_r41jgguI (cf7eb5aa52ce498d964c5623d46122e8)
2019-11-08 00:57:23.532 11675 RALLYDEBUG rally_openstack.cleanup.manager [-] Deleting keystone.user object s_rally_7ea1e327_CSHnxeN4 (9affb5c123704167919da4bfb1e0818c)
2019-11-08 00:57:23.547 11675 RALLYDEBUG rally_openstack.cleanup.manager [-] Deleting keystone.user object s_rally_7ea1e327_yYxDGiim (df40ef2e0fad46e8ab9009e6db861459)
2019-11-08 00:57:23.552 11675 RALLYDEBUG rally_openstack.cleanup.manager [-] Deleting keystone.user object s_rally_7ea1e327_lSp3n4o8 (e6a3533affc44ba1ae737037b16c9167)
2019-11-08 00:57:23.561 11675 RALLYDEBUG rally_openstack.cleanup.manager [-] Deleting keystone.user object s_rally_7ea1e327_k7TfZN5g (ea7cda6dc3cb40d9a964b9dd6feb4269)
2019-11-08 00:57:25.636 11675 RALLYDEBUG rally_openstack.cleanup.manager [-] Cleaning up keystone project objects
2019-11-08 00:57:26.540 11675 RALLYDEBUG rally_openstack.cleanup.manager [-] Cleaning up keystone service objects
2019-11-08 00:57:27.303 11675 RALLYDEBUG rally_openstack.cleanup.manager [-] Cleaning up keystone role objects
2019-11-08 00:57:28.041 11675 INFO rally.task.context [-] Task edbba601-9c68-4394-be07-4e6488631f8e | Context admin_cleanup@openstack cleanup() finished in 5.33 sec
2019-11-08 00:57:28.042 11675 INFO rally.task.context [-] Task edbba601-9c68-4394-be07-4e6488631f8e | Context users@openstack cleanup() started
2019-11-08 00:57:30.853 11675 INFO rally.task.context [-] Task edbba601-9c68-4394-be07-4e6488631f8e | Context users@openstack cleanup() finished in 2.81 sec
2019-11-08 00:57:32.057 11675 INFO rally.task.engine [-] Load duration is: 3.215416
2019-11-08 00:57:32.057 11675 INFO rally.task.engine [-] Full runner duration is: 4.565392
2019-11-08 00:57:32.058 11675 INFO rally.task.engine [-] Full duration is: 14.917428
2019-11-08 00:57:32.314 11675 INFO rally.task.engine [-] Running workload: position = 0 config = { "version": 2, "title": "A cropped version of a bigger task.", "description": "Auto-generated task from a single workload (uuid=a1536ab5-3bea-4dbe-bd30-6a834496f8f0)", "subtasks": [ { "title": "KeystoneBasic.create_tenant_with_users", "description": "Create a keystone tenant and several users belonging to it.", "scenario": { "KeystoneBasic.create_tenant_with_users": { "users_per_tenant": 10 } }, "contexts": {}, "runner": { "constant": { "concurrency": 4, "times": 10 } }, "hooks": [], "sla": { "failure_rate": { "max": 0 } } } ] }
2019-11-08 00:57:32.338 11675 RALLYDEBUG rally_openstack.contexts.keystone.users [-] Creating 1 tenants using 20 threads
2019-11-08 00:57:33.215 11675 RALLYDEBUG rally_openstack.contexts.keystone.users [-] Creating 1 users using 20 threads
2019-11-08 00:57:34.538 11675 INFO rally.task.context [-] Task edbba601-9c68-4394-be07-4e6488631f8e | Context users@openstack setup() finished in 2.20 sec
2019-11-08 00:57:34.539 11675 INFO rally.task.context [-] Task edbba601-9c68-4394-be07-4e6488631f8e | Context admin_cleanup@openstack setup() finished in 0.01 msec
2019-11-08 00:57:34.548 11675 RALLYDEBUG rally.task.runner [-] Starting the constant runner (task UUID: edbba601-9c68-4394-be07-4e6488631f8e). times: 10 concurrency: 4 timeout: 0 max_cpu_used: 16 processes_to_start: 4 concurrency_per_worker: 1 concurrency_overhead: 0
2019-11-08 00:57:34.559 13639 RALLYDEBUG rally.task.runner [-] Starting a worker. times: 10 duration: None concurrency: 1 timeout: 0 cls: method_name: run args: {"users_per_tenant": 10}
2019-11-08 00:57:34.563 13640 RALLYDEBUG rally.task.runner [-] Starting a worker. times: 10 duration: None concurrency: 1 timeout: 0 cls: method_name: run args: {"users_per_tenant": 10}
2019-11-08 00:57:34.564 13639 INFO rally.task.runner [-] Task edbba601-9c68-4394-be07-4e6488631f8e | ITER: 1 START
2019-11-08 00:57:34.566 13641 RALLYDEBUG rally.task.runner [-] Starting a worker. times: 10 duration: None concurrency: 1 timeout: 0 cls: method_name: run args: {"users_per_tenant": 10}
2019-11-08 00:57:34.568 13640 INFO rally.task.runner [-] Task edbba601-9c68-4394-be07-4e6488631f8e | ITER: 2 START
2019-11-08 00:57:34.570 13644 RALLYDEBUG rally.task.runner [-] Starting a worker. times: 10 duration: None concurrency: 1 timeout: 0 cls: method_name: run args: {"users_per_tenant": 10}
2019-11-08 00:57:34.572 13641 INFO rally.task.runner [-] Task edbba601-9c68-4394-be07-4e6488631f8e | ITER: 3 START
2019-11-08 00:57:34.575 13644 INFO rally.task.runner [-] Task edbba601-9c68-4394-be07-4e6488631f8e | ITER: 4 START
2019-11-08 00:57:39.490 13640 INFO rally.task.runner [-] Task edbba601-9c68-4394-be07-4e6488631f8e | ITER: 2 END: OK
2019-11-08 00:57:39.492 13640 INFO rally.task.runner [-] Task edbba601-9c68-4394-be07-4e6488631f8e | ITER: 5 START
2019-11-08 00:57:39.515 13644 INFO rally.task.runner [-] Task edbba601-9c68-4394-be07-4e6488631f8e | ITER: 4 END: OK
2019-11-08 00:57:39.518 13644 INFO rally.task.runner [-] Task edbba601-9c68-4394-be07-4e6488631f8e | ITER: 6 START
2019-11-08 00:57:39.667 13641 INFO rally.task.runner [-] Task edbba601-9c68-4394-be07-4e6488631f8e | ITER: 3 END: OK
2019-11-08 00:57:39.670 13641 INFO rally.task.runner [-] Task edbba601-9c68-4394-be07-4e6488631f8e | ITER: 7 START
2019-11-08 00:57:39.673 13639 INFO rally.task.runner [-] Task edbba601-9c68-4394-be07-4e6488631f8e | ITER: 1 END: OK
2019-11-08 00:57:39.676 13639 INFO rally.task.runner [-] Task edbba601-9c68-4394-be07-4e6488631f8e | ITER: 8 START
2019-11-08 00:57:44.308 13644 INFO rally.task.runner [-] Task edbba601-9c68-4394-be07-4e6488631f8e | ITER: 6 END: OK
2019-11-08 00:57:44.311 13644 INFO rally.task.runner [-] Task edbba601-9c68-4394-be07-4e6488631f8e | ITER: 9 START
2019-11-08 00:57:44.419 13640 INFO rally.task.runner [-] Task edbba601-9c68-4394-be07-4e6488631f8e | ITER: 5 END: OK
2019-11-08 00:57:44.421 13640 INFO rally.task.runner [-] Task edbba601-9c68-4394-be07-4e6488631f8e | ITER: 10 START
2019-11-08 00:57:44.515 13641 INFO rally.task.runner [-] Task edbba601-9c68-4394-be07-4e6488631f8e | ITER: 7 END: OK
2019-11-08 00:57:44.644 13639 INFO rally.task.runner [-] Task edbba601-9c68-4394-be07-4e6488631f8e | ITER: 8 END: OK
2019-11-08 00:57:49.284 13644 INFO rally.task.runner [-] Task edbba601-9c68-4394-be07-4e6488631f8e | ITER: 9 END: OK
2019-11-08 00:57:49.377 13640 INFO rally.task.runner [-] Task edbba601-9c68-4394-be07-4e6488631f8e | ITER: 10 END: OK
2019-11-08 00:57:49.405 11675 INFO rally.task.context [-] Task edbba601-9c68-4394-be07-4e6488631f8e | Context admin_cleanup@openstack cleanup() started
2019-11-08 00:57:49.412 11675 RALLYDEBUG rally_openstack.cleanup.manager [-] Cleaning up keystone user objects
2019-11-08 00:57:50.189 11675 RALLYDEBUG rally_openstack.cleanup.manager [-] Deleting keystone.user object s_rally_a1536ab5_aSmpcZWn (03649a0695ef425aa3612599f2f7b834)
2019-11-08 00:57:50.198 11675 RALLYDEBUG rally_openstack.cleanup.manager [-] Deleting keystone.user object s_rally_a1536ab5_HoLXzLXr (04752390410f4c7e85346ed86783c86e)
2019-11-08 00:57:50.208 11675 RALLYDEBUG rally_openstack.cleanup.manager [-] Deleting keystone.user object s_rally_a1536ab5_DeSpo1fb (06be9f08d2a14ff88da2e508eb867f79)
2019-11-08 00:57:50.218 11675 RALLYDEBUG rally_openstack.cleanup.manager [-] Deleting keystone.user object s_rally_a1536ab5_LlKCimAi (0746c15451614f60b378413dfe5f0202)
2019-11-08 00:57:50.228 11675 RALLYDEBUG rally_openstack.cleanup.manager [-] Deleting keystone.user object s_rally_a1536ab5_lNBnhrZI (0d0c515a95dd497cb8becb8e86beebc6)
2019-11-08 00:57:50.238 11675 RALLYDEBUG rally_openstack.cleanup.manager [-] Deleting keystone.user object s_rally_a1536ab5_HxBcdiCf (0dcbcaa0cade4c23aa23b1ebf8e9e36c)
2019-11-08 00:57:50.248 11675 RALLYDEBUG rally_openstack.cleanup.manager [-] Deleting keystone.user object s_rally_a1536ab5_PAAemSbK (1571130def734b3498c6d11ae71dc4c2)
2019-11-08 00:57:50.262 11675 RALLYDEBUG rally_openstack.cleanup.manager [-] Deleting keystone.user object s_rally_a1536ab5_AsKtlfOT (1401da2becd74db38ce8d9a9ae86623b)
2019-11-08 00:57:50.295 11675 RALLYDEBUG rally_openstack.cleanup.manager [-] Deleting keystone.user object s_rally_a1536ab5_5tTwK2OU (1a7d14a46143420b838a798d549db999)
2019-11-08 00:57:50.302 11675 RALLYDEBUG rally_openstack.cleanup.manager [-] Deleting keystone.user object s_rally_a1536ab5_sqOCQsGI (1986e1d54e804b42aba2597a8f8ac27a)
2019-11-08 00:57:50.306 11675 RALLYDEBUG rally_openstack.cleanup.manager [-] Deleting keystone.user object s_rally_a1536ab5_SGNrlNLY (1a8b864714fe4219a0edd9de73ceb783)
2019-11-08 00:57:50.330 11675 RALLYDEBUG rally_openstack.cleanup.manager [-] Deleting keystone.user object s_rally_a1536ab5_csbYmGO7 (1b98dfd938e847a2bcf1e09a164eb56b)
2019-11-08 00:57:50.359 11675 RALLYDEBUG rally_openstack.cleanup.manager [-] Deleting keystone.user object s_rally_a1536ab5_NJPYNPO1 (1f70fe926a594f9790e1bd1c20d50f3b)
2019-11-08 00:57:50.378 11675 RALLYDEBUG rally_openstack.cleanup.manager [-] Deleting keystone.user object s_rally_a1536ab5_QDWC1QVL (23a63fcf4e4b4b02a6fac95a7848e74e)
2019-11-08 00:57:50.387 11675 RALLYDEBUG rally_openstack.cleanup.manager [-] Deleting keystone.user object s_rally_a1536ab5_fdkEPqP4 (25f306a6933641a7b0b0501b32c4f624)
2019-11-08 00:57:50.395 11675 RALLYDEBUG rally_openstack.cleanup.manager [-] Deleting keystone.user object s_rally_a1536ab5_MtwrzYUs (260429d998fd4c248c4700e451d3c7fd)
2019-11-08 00:57:50.403 11675 RALLYDEBUG rally_openstack.cleanup.manager [-] Deleting keystone.user object s_rally_a1536ab5_WPsiFRz5 (287d7ab683564940998bee79d64aca38)
2019-11-08 00:57:50.424 11675 RALLYDEBUG rally_openstack.cleanup.manager [-] Deleting keystone.user object s_rally_a1536ab5_44gQloU4 (28f3f2a8e1164272870a9ec56a1275f3)
2019-11-08 00:57:50.448 11675 RALLYDEBUG rally_openstack.cleanup.manager [-] Deleting keystone.user object s_rally_a1536ab5_SFNnKn1q (30de0b66479642748dbc89a8f6c40b16)
2019-11-08 00:57:50.463 11675 RALLYDEBUG rally_openstack.cleanup.manager [-] Deleting keystone.user object s_rally_a1536ab5_ipPpDk2K (2b662d68a8da419d845742f63479c7de)
2019-11-08 00:57:52.550 11675 RALLYDEBUG rally_openstack.cleanup.manager [-] Deleting keystone.user object s_rally_a1536ab5_bM8dF5RB (32b9ec26cab2498d8d0c3407aec0621c)
2019-11-08 00:57:52.562 11675 RALLYDEBUG rally_openstack.cleanup.manager [-] Deleting keystone.user object s_rally_a1536ab5_oNmgRzHy (37d45c5f716f41e59c2e9e20f0e8da75)
2019-11-08 00:57:52.609 11675 RALLYDEBUG rally_openstack.cleanup.manager [-] Deleting keystone.user object s_rally_a1536ab5_CF5U9Cox (3cd6487634f944da86486d2d8f419778)
2019-11-08 00:57:52.708 11675 RALLYDEBUG rally_openstack.cleanup.manager [-] Deleting keystone.user object s_rally_a1536ab5_tyoKdNkP (409eb2f3455048198cde7209cc2a4d24)
2019-11-08 00:57:52.734 11675 RALLYDEBUG rally_openstack.cleanup.manager [-] Deleting keystone.user object s_rally_a1536ab5_ekJ6fsrv (417a1fe0c239456bb2391ad76a1a50d2)
2019-11-08 00:57:52.737 11675 RALLYDEBUG rally_openstack.cleanup.manager [-] Deleting keystone.user object s_rally_a1536ab5_YAB39WY0 (42c6d0c16b45401693b101ca7bc98fdb)
2019-11-08 00:57:52.741 11675 RALLYDEBUG rally_openstack.cleanup.manager [-] Deleting keystone.user object s_rally_a1536ab5_gC9kmILF (437519c355034aa398be88902b38fb3b)
2019-11-08 00:57:52.754 11675 RALLYDEBUG rally_openstack.cleanup.manager [-] Deleting keystone.user object s_rally_a1536ab5_tGgCEgD1 (445b1b7963d64300bbf7c014a07740bc)
2019-11-08 00:57:52.774 11675 RALLYDEBUG rally_openstack.cleanup.manager [-] Deleting keystone.user object s_rally_a1536ab5_rgRsilUY (458984d6e86d4ae1b44d6ffeb6346419)
2019-11-08 00:57:52.787 11675 RALLYDEBUG rally_openstack.cleanup.manager [-] Deleting keystone.user object s_rally_a1536ab5_2bBPq4zp (48529ac391e046a99bb7afb728f1108f)
2019-11-08 00:57:52.793 11675 RALLYDEBUG rally_openstack.cleanup.manager [-] Deleting keystone.user object s_rally_a1536ab5_IuQEJide (486f603a02af4981920ed5225827db4f)
2019-11-08 00:57:52.797 11675 RALLYDEBUG rally_openstack.cleanup.manager [-] Deleting keystone.user object s_rally_a1536ab5_IOq7RUUK (48eb2aa71fec400cb0f6778e340425de)
2019-11-08 00:57:52.804 11675 RALLYDEBUG rally_openstack.cleanup.manager [-] Deleting keystone.user object s_rally_a1536ab5_p1xOHfsg (4dea6cb3457246daa73a6c9140c18627)
2019-11-08 00:57:52.811 11675 RALLYDEBUG rally_openstack.cleanup.manager [-] Deleting keystone.user object s_rally_a1536ab5_oCfi8SJk (55527be5c4f440d3acbef79b1326fa28)
2019-11-08 00:57:52.897 11675 RALLYDEBUG rally_openstack.cleanup.manager [-] Deleting keystone.user object s_rally_a1536ab5_zm7DYt0f (563e094be42e414abdf34872c0945872)
2019-11-08 00:57:52.914 11675 RALLYDEBUG rally_openstack.cleanup.manager [-] Deleting keystone.user object s_rally_a1536ab5_GYmXEBKz (59b3e490b5994d6faa56a4d54e579948)
2019-11-08 00:57:52.939 11675 RALLYDEBUG rally_openstack.cleanup.manager [-] Deleting keystone.user object s_rally_a1536ab5_JtWf4BrT (5fa0e8f65ac8447baa80bf5563ad204c)
2019-11-08 00:57:52.946 11675 RALLYDEBUG rally_openstack.cleanup.manager [-] Deleting keystone.user object s_rally_a1536ab5_a7Y52av2 (6119f2ad061f404f9a16aec9703cc0cc)
2019-11-08 00:57:52.965 11675 RALLYDEBUG rally_openstack.cleanup.manager [-] Deleting keystone.user object s_rally_a1536ab5_sEYAHfel (61d4165825204d51be57e9c3e80f94dd)
2019-11-08 00:57:53.002 11675 RALLYDEBUG rally_openstack.cleanup.manager [-] Deleting keystone.user object s_rally_a1536ab5_eJTC46Uu (629a09b726ae4fc991bcce4118c39c95)
2019-11-08 00:57:54.747 11675 RALLYDEBUG rally_openstack.cleanup.manager [-] Deleting keystone.user object s_rally_a1536ab5_r1bRvFD4 (662d4d18634c4a388b48358189c34768)
2019-11-08 00:57:54.776 11675 RALLYDEBUG rally_openstack.cleanup.manager [-] Deleting keystone.user object s_rally_a1536ab5_ujBjXubC (68de75df62534a4c807185cc8de54726)
2019-11-08 00:57:54.913 11675 RALLYDEBUG rally_openstack.cleanup.manager [-] Deleting keystone.user object s_rally_a1536ab5_YOHcaw8L (6e2541e1405246c98b7b76c5fb563079)
2019-11-08 00:57:54.922 11675 RALLYDEBUG rally_openstack.cleanup.manager [-] Deleting keystone.user object s_rally_a1536ab5_ozVe5Stq (6f64b21a549f4a7b903a15e019f12248)
2019-11-08 00:57:55.022 11675 RALLYDEBUG rally_openstack.cleanup.manager [-] Deleting keystone.user object s_rally_a1536ab5_NilATYit (6f9f1a89886a48e1b3b425e03fe48353)
2019-11-08 00:57:55.056 11675 RALLYDEBUG rally_openstack.cleanup.manager [-] Deleting keystone.user object s_rally_a1536ab5_tGZcfkUR (70b542e336924895b554d39ef793ba11)
2019-11-08 00:57:55.076 11675 RALLYDEBUG rally_openstack.cleanup.manager [-] Deleting keystone.user object s_rally_a1536ab5_q1Mkz3Jb (7748b54fd54b4f54bd0162fefb71779d)
2019-11-08 00:57:55.078 11675 RALLYDEBUG rally_openstack.cleanup.manager [-] Deleting keystone.user object s_rally_a1536ab5_Q6lAmeNE (7273103d4a41458daf519a65c7660bbc)
2019-11-08 00:57:55.094 11675 RALLYDEBUG rally_openstack.cleanup.manager [-] Deleting keystone.user object s_rally_a1536ab5_6hR1q5ec (7a85f43973104a79ab5ff2ce83daeadf)
2019-11-08 00:57:55.106 11675 RALLYDEBUG rally_openstack.cleanup.manager [-] Deleting keystone.user object s_rally_a1536ab5_P1irurZf (7b14962f8668492c9a80de56d18ca8da)
2019-11-08 00:57:55.143 11675 RALLYDEBUG rally_openstack.cleanup.manager [-] Deleting keystone.user object s_rally_a1536ab5_DaqNtr6i (7c7deb57c9ce4bbb971506ff219884a7)
2019-11-08 00:57:55.176 11675 RALLYDEBUG rally_openstack.cleanup.manager [-] Deleting keystone.user object s_rally_a1536ab5_ZO2Zm7Uk (80cf41abf1d74122ba07f47ad869d02d)
2019-11-08 00:57:55.185 11675 RALLYDEBUG rally_openstack.cleanup.manager [-] Deleting keystone.user object s_rally_a1536ab5_GR5Noa36 (810cd8a57a634665a246a7f06526e118)
2019-11-08 00:57:55.196 11675 RALLYDEBUG rally_openstack.cleanup.manager [-] Deleting keystone.user object s_rally_a1536ab5_RvSlFJcE (856721de8d6144f2bffaa293bb71a6ba)
2019-11-08 00:57:55.200 11675 RALLYDEBUG rally_openstack.cleanup.manager [-] Deleting keystone.user object s_rally_a1536ab5_J6UXzwBq (860402324da84a1188c0cc960065b06e)
2019-11-08 00:57:55.202 11675 RALLYDEBUG rally_openstack.cleanup.manager [-] Deleting keystone.user object s_rally_a1536ab5_Q6uWHzNY (88f30c88b03045a6a8a0b9daa600c091)
2019-11-08 00:57:55.233 11675 RALLYDEBUG rally_openstack.cleanup.manager [-] Deleting keystone.user object s_rally_a1536ab5_6NEh4rn3 (890075bad1b44be6b66ec70b050b029f)
2019-11-08 00:57:55.297 11675 RALLYDEBUG rally_openstack.cleanup.manager [-] Deleting keystone.user object s_rally_a1536ab5_ZTeLXIng (8b1ebf93f0da431d8a770e06e8ded2ad)
2019-11-08 00:57:55.324 11675 RALLYDEBUG rally_openstack.cleanup.manager [-] Deleting keystone.user object s_rally_a1536ab5_VqKHTp5u (8d076882dace41d9989e84f10cd90414)
2019-11-08 00:57:55.433 11675 RALLYDEBUG rally_openstack.cleanup.manager [-] Deleting keystone.user object s_rally_a1536ab5_jfOH6wcl (8f1586b6689541f488525e38ae710c9e)
2019-11-08 00:57:56.741 11675 RALLYDEBUG rally_openstack.cleanup.manager [-] Deleting keystone.user object s_rally_a1536ab5_ZazBfnCi (8f666c57188a4549b395ecc21e18331b)
2019-11-08 00:57:56.986 11675 RALLYDEBUG rally_openstack.cleanup.manager [-] Deleting keystone.user object s_rally_a1536ab5_zGtugFtp (9033795bf66a4e109b722ff3e92d23ae)
2019-11-08 00:57:57.003 11675 RALLYDEBUG rally_openstack.cleanup.manager [-] Deleting keystone.user object s_rally_a1536ab5_QHDTy7BJ (913cd19dbbdf43a08fd44cb306420d75)
2019-11-08 00:57:57.035 11675 RALLYDEBUG rally_openstack.cleanup.manager [-] Deleting keystone.user object s_rally_a1536ab5_dAdLJ7iA (947a2f36928d48dca26b8624c918fd74)
2019-11-08 00:57:57.041 11675 RALLYDEBUG rally_openstack.cleanup.manager [-] Deleting keystone.user object s_rally_a1536ab5_pqB3oFZv (953baa296b2544c4b274c2a0b63b2eef)
2019-11-08 00:57:57.056 11675 RALLYDEBUG rally_openstack.cleanup.manager [-] Deleting keystone.user object s_rally_a1536ab5_136X0Yjp (9e4e6b1bb6574aa3860b9e5bcd7be7f6)
2019-11-08 00:57:57.270 11675 RALLYDEBUG rally_openstack.cleanup.manager [-] Deleting keystone.user object s_rally_a1536ab5_ImuoCpcd (a15a4566c9bf45d3bdd8b1a88bc054e4)
2019-11-08 00:57:57.284 11675 RALLYDEBUG rally_openstack.cleanup.manager [-] Deleting keystone.user object s_rally_a1536ab5_ZZIs0pGp (a88482aeb8b047e0ae9ab2ce5b81f93f)
2019-11-08 00:57:57.297 11675 RALLYDEBUG rally_openstack.cleanup.manager [-] Deleting keystone.user object s_rally_a1536ab5_3nBvfCHH (a9c448624415481093c050a2877530af)
2019-11-08 00:57:57.316 11675 RALLYDEBUG rally_openstack.cleanup.manager [-] Deleting keystone.user object s_rally_a1536ab5_58Bi4kco (ac2657fe315e47159be2ee9488018736)
2019-11-08 00:57:57.322 11675 RALLYDEBUG rally_openstack.cleanup.manager [-] Deleting keystone.user object s_rally_a1536ab5_syaRZFMj (acb2e552fe444bb8a98daa6c216553f5)
2019-11-08 00:57:57.340 11675 RALLYDEBUG rally_openstack.cleanup.manager [-] Deleting keystone.user object s_rally_a1536ab5_XNCIlg3q (b052ab1999c44e4da39e08846300a2d2)
2019-11-08 00:57:57.407 11675 RALLYDEBUG rally_openstack.cleanup.manager [-] Deleting keystone.user object s_rally_a1536ab5_JDGyoQdt (b1aea671f69c4898917c389f2c08fdd7)
2019-11-08 00:57:57.599 11675 RALLYDEBUG rally_openstack.cleanup.manager [-] Deleting keystone.user object s_rally_a1536ab5_5BXChYlR (b4946e3ca40f407a90e4ab1feb25979b)
2019-11-08 00:57:57.624 11675 RALLYDEBUG rally_openstack.cleanup.manager [-] Deleting keystone.user object s_rally_a1536ab5_F1l2qfSi (baadaf55dbf349158728ca710bc8486d)
2019-11-08 00:57:57.675 11675 RALLYDEBUG rally_openstack.cleanup.manager [-] Deleting keystone.user object s_rally_a1536ab5_uXdRk94J (c4d614bf4aaa42dc9dd5dd637f2b785f)
2019-11-08 00:57:57.681 11675 RALLYDEBUG rally_openstack.cleanup.manager [-] Deleting keystone.user object s_rally_a1536ab5_CEKyoAZR (c47d7bec16654a949dad74a60bf64fad)
2019-11-08 00:57:57.686 11675 RALLYDEBUG rally_openstack.cleanup.manager [-] Deleting keystone.user object s_rally_a1536ab5_kLg5YpsA (c5a341bf89ae43d79595cf9f64cd2df4)
2019-11-08 00:57:57.786 11675 RALLYDEBUG rally_openstack.cleanup.manager [-] Deleting keystone.user object s_rally_a1536ab5_n7LV7fQ7 (c5eccce345e24f39a682689c143cc7a7)
2019-11-08 00:57:58.006 11675 RALLYDEBUG rally_openstack.cleanup.manager [-] Deleting keystone.user object s_rally_a1536ab5_ZhUQ2Ygp (cebfdf756c64403c9673ac58dbf69c4f)
2019-11-08 00:57:58.896 11675 RALLYDEBUG rally_openstack.cleanup.manager [-] Deleting keystone.user object s_rally_a1536ab5_eN0pdfh2 (d5fb7f48a30943749b4c5423b6a6f012)
2019-11-08 00:57:58.927 11675 RALLYDEBUG rally_openstack.cleanup.manager [-] Deleting keystone.user object s_rally_a1536ab5_EZAx7lWi (dc60a6fcb3194cb88a9fcd5eb0ce924c)
2019-11-08 00:57:58.953 11675 RALLYDEBUG rally_openstack.cleanup.manager [-] Deleting keystone.user object s_rally_a1536ab5_43y4L1Ow (ddcf8bd2d2ae4c6a8c9931916bed8cdc)
2019-11-08 00:57:58.956 11675 RALLYDEBUG rally_openstack.cleanup.manager [-] Deleting keystone.user object s_rally_a1536ab5_SnJ3ijqV (e08cf1347bf8425db124421462b7fa50)
2019-11-08 00:57:58.963 11675 RALLYDEBUG rally_openstack.cleanup.manager [-] Deleting keystone.user object s_rally_a1536ab5_nULcldlZ (e215d252169d4cadb12bd99a1924ea6f)
2019-11-08 00:57:58.981 11675 RALLYDEBUG rally_openstack.cleanup.manager [-] Deleting keystone.user object s_rally_a1536ab5_nIXVR20Q (e239dc5dca63492c8d7fcfeaa7bdd4ab)
2019-11-08 00:57:59.233 11675 RALLYDEBUG rally_openstack.cleanup.manager [-] Deleting keystone.user object s_rally_a1536ab5_EV0XJKYH (e24af03e607c4a088d5d940e85ae3e41)
2019-11-08 00:57:59.370 11675 RALLYDEBUG rally_openstack.cleanup.manager [-] Deleting keystone.user object s_rally_a1536ab5_kxzLO591 (e31a10a7c70645838e995e64f6c4046c)
2019-11-08 00:57:59.415 11675 RALLYDEBUG rally_openstack.cleanup.manager [-] Deleting keystone.user object s_rally_a1536ab5_9WnsCx0s (e66f5818dbd04182bf6799d1abe89d73)
2019-11-08 00:57:59.448 11675 RALLYDEBUG rally_openstack.cleanup.manager [-] Deleting keystone.user object s_rally_a1536ab5_u3xzv4KN (ed7977f51bc04e8baf297e0c47bf2b49)
2019-11-08 00:57:59.453 11675 RALLYDEBUG rally_openstack.cleanup.manager [-] Deleting keystone.user object s_rally_a1536ab5_IxyidJdh (f0194d6c15b44dd180f4906529b5c03d)
2019-11-08 00:57:59.653 11675 RALLYDEBUG rally_openstack.cleanup.manager [-] Deleting keystone.user object s_rally_a1536ab5_V1gtfwVv (f56677a45fbc44568339213ce0ca14ab)
2019-11-08 00:57:59.661 11675 RALLYDEBUG rally_openstack.cleanup.manager [-] Deleting keystone.user object s_rally_a1536ab5_xZZlH1Wu (f365a540302b41f5909ec28f25c2da8e)
2019-11-08 00:57:59.721 11675 RALLYDEBUG rally_openstack.cleanup.manager [-] Deleting keystone.user object s_rally_a1536ab5_KbzDdUaH (f728fe1932a943bc937e8d2494a633e7)
2019-11-08 00:57:59.785 11675 RALLYDEBUG rally_openstack.cleanup.manager [-] Deleting keystone.user object s_rally_a1536ab5_KnGiFzfR (f87096c1fba84affbdaa41064bfac1fc)
2019-11-08 00:57:59.792 11675 RALLYDEBUG rally_openstack.cleanup.manager [-] Deleting keystone.user object s_rally_a1536ab5_SEguM7GK (f8e2a81f8b754d48a60cafac2cac6a8f)
2019-11-08 00:57:59.851 11675 RALLYDEBUG rally_openstack.cleanup.manager [-] Deleting keystone.user object s_rally_a1536ab5_4ZDgLvUx (f95f67a2e40e4a86a7773b6a5a10f5b4)
2019-11-08 00:57:59.911 11675 RALLYDEBUG rally_openstack.cleanup.manager [-] Deleting keystone.user object s_rally_a1536ab5_lJQdnZFQ (f99cbd7b3d4f4e2db8a4d4fbcf6d53df)
2019-11-08 00:58:00.084 11675 RALLYDEBUG rally_openstack.cleanup.manager [-] Deleting keystone.user object s_rally_a1536ab5_2Ht2OTaH (f9fcc97ffdcc45ad833f82467df2f841)
2019-11-08 00:58:00.098 11675 RALLYDEBUG rally_openstack.cleanup.manager [-] Deleting keystone.user object s_rally_a1536ab5_EnmcxfvM (fae705950dc345cabeaf3de21407b8ca)
2019-11-08 00:58:02.015 11675 RALLYDEBUG rally_openstack.cleanup.manager [-] Cleaning up keystone project objects
2019-11-08 00:58:02.799 11675 RALLYDEBUG rally_openstack.cleanup.manager [-] Deleting keystone.project object s_rally_a1536ab5_S8zKueKm (0b53de457efb483a8e26849e5cad8877)
2019-11-08 00:58:02.817 11675 RALLYDEBUG rally_openstack.cleanup.manager [-] Deleting keystone.project object s_rally_a1536ab5_s7LxGCUK (2c59440ac5384bb8b286eba195e118ce)
2019-11-08 00:58:02.825 11675 RALLYDEBUG rally_openstack.cleanup.manager [-] Deleting keystone.project object s_rally_a1536ab5_qgMnT9Xz (4759a01af9534d1d99b29864710e7e20)
2019-11-08 00:58:02.828 11675 RALLYDEBUG rally_openstack.cleanup.manager [-] Deleting keystone.project object s_rally_a1536ab5_qboUlFJZ (45c21f5d94354a74b5609919781b0ac1)
2019-11-08 00:58:02.846 11675 RALLYDEBUG rally_openstack.cleanup.manager [-] Deleting keystone.project object s_rally_a1536ab5_AANI4el6 (5d5f1537f46c4ec39bf32e155a646500)
2019-11-08 00:58:02.854 11675 RALLYDEBUG rally_openstack.cleanup.manager [-] Deleting keystone.project object s_rally_a1536ab5_Cn8qSJId (65ab055a55604539bf28ceb16d1b9daa)
2019-11-08 00:58:02.859 11675 RALLYDEBUG rally_openstack.cleanup.manager [-] Deleting keystone.project object s_rally_a1536ab5_YVyAX9cT (5447657cb08047bcab8db0e35d8c6d31)
2019-11-08 00:58:02.867 11675 RALLYDEBUG rally_openstack.cleanup.manager [-] Deleting keystone.project object s_rally_a1536ab5_sv6NoXwe (8ccb16398eb543c4b306de3d9832ba0d)
2019-11-08 00:58:02.902 11675 RALLYDEBUG rally_openstack.cleanup.manager [-] Deleting keystone.project object s_rally_a1536ab5_G8Vjhkc7 (ba732fc8606f4fbebf67cfb1d528b1ee)
2019-11-08 00:58:02.920 11675 RALLYDEBUG rally_openstack.cleanup.manager [-] Deleting keystone.project object s_rally_a1536ab5_0fV2GREz (fdfed817658241efab6c44fba0033b5e)
2019-11-08 00:58:05.070 11675 RALLYDEBUG rally_openstack.cleanup.manager [-] Cleaning up keystone service objects
2019-11-08 00:58:05.895 11675 RALLYDEBUG rally_openstack.cleanup.manager [-] Cleaning up keystone role objects
2019-11-08 00:58:06.679 11675 INFO rally.task.context [-] Task edbba601-9c68-4394-be07-4e6488631f8e | Context admin_cleanup@openstack cleanup() finished in 17.27 sec
2019-11-08 00:58:06.679 11675 INFO rally.task.context [-] Task edbba601-9c68-4394-be07-4e6488631f8e | Context users@openstack cleanup() started
2019-11-08 00:58:09.453 11675 INFO rally.task.context [-] Task edbba601-9c68-4394-be07-4e6488631f8e | Context users@openstack cleanup() finished in 2.77 sec
2019-11-08 00:58:10.596 11675 INFO rally.task.engine [-] Load duration is: 13.491416
2019-11-08 00:58:10.597 11675 INFO rally.task.engine [-] Full runner duration is: 14.857409
2019-11-08 00:58:10.597 11675 INFO rally.task.engine [-] Full duration is: 37.116765
2019-11-08 00:58:10.864 11675 INFO rally.task.engine [-] Task edbba601-9c68-4394-be07-4e6488631f8e | Completed: Running task.
2019-11-08 00:58:12.420 13781 RALLYDEBUG rally.api [-] INFO logs from urllib3 and requests module are hide.
2019-11-08 00:58:12.420 13781 RALLYDEBUG rally.api [-] urllib3 insecure warnings are hidden.
2019-11-08 00:58:12.420 13781 RALLYDEBUG rally.api [-] ERROR log from boto module is hide.
2019-11-08 00:58:13.626 13782 RALLYDEBUG rally.api [-] INFO logs from urllib3 and requests module are hide.
2019-11-08 00:58:13.627 13782 RALLYDEBUG rally.api [-] urllib3 insecure warnings are hidden.
2019-11-08 00:58:13.627 13782 RALLYDEBUG rally.api [-] ERROR log from boto module is hide.
2019-11-08 00:58:14.886 13783 RALLYDEBUG rally.api [-] INFO logs from urllib3 and requests module are hide.
2019-11-08 00:58:14.887 13783 RALLYDEBUG rally.api [-] urllib3 insecure warnings are hidden.
2019-11-08 00:58:14.887 13783 RALLYDEBUG rally.api [-] ERROR log from boto module is hide.
2019-11-08 00:58:16.635 13783 INFO rally.api [-] Building 'json' report for the following task(s): 'edbba601-9c68-4394-be07-4e6488631f8e'.
2019-11-08 00:58:16.662 13783 INFO rally.api [-] The report has been successfully built.
2019-11-08 00:58:17.924 13785 RALLYDEBUG rally.api [-] INFO logs from urllib3 and requests module are hide.
2019-11-08 00:58:17.925 13785 RALLYDEBUG rally.api [-] urllib3 insecure warnings are hidden.
2019-11-08 00:58:17.925 13785 RALLYDEBUG rally.api [-] ERROR log from boto module is hide.
2019-11-08 00:58:19.879 13785 INFO rally.task.engine [-] Task 8b34eb2b-eac8-446b-8286-419dc735db84 | Starting: Task validation.
2019-11-08 00:58:19.924 13785 INFO rally.task.engine [-] Task 8b34eb2b-eac8-446b-8286-419dc735db84 | Starting: Task validation of syntax.
2019-11-08 00:58:20.231 13785 INFO rally.task.engine [-] Task 8b34eb2b-eac8-446b-8286-419dc735db84 | Completed: Task validation of syntax.
2019-11-08 00:58:20.233 13785 INFO rally.task.engine [-] Task 8b34eb2b-eac8-446b-8286-419dc735db84 | Starting: Task validation of required platforms.
2019-11-08 00:58:20.340 13785 INFO rally.task.engine [-] Task 8b34eb2b-eac8-446b-8286-419dc735db84 | Completed: Task validation of required platforms.
2019-11-08 00:58:20.340 13785 INFO rally.task.engine [-] Task 8b34eb2b-eac8-446b-8286-419dc735db84 | Starting: Task validation of semantic.
2019-11-08 00:58:20.341 13785 INFO rally.task.engine [-] Check health of the environment '405cb30b-acf7-45dc-81bd-b1a633e51838'.
2019-11-08 00:58:21.312 13785 INFO rally.task.engine [-] Platform existing@openstack (available: True): OK!
2019-11-08 00:58:21.331 13785 RALLYDEBUG rally_openstack.contexts.keystone.users [-] Creating 1 tenants using 20 threads
2019-11-08 00:58:22.165 13785 RALLYDEBUG rally_openstack.contexts.keystone.users [-] Creating 1 users using 20 threads
2019-11-08 00:58:23.480 13785 INFO rally.task.context [-] Task 8b34eb2b-eac8-446b-8286-419dc735db84 | Context users@openstack setup() finished in 2.15 sec
2019-11-08 00:58:29.870 13785 INFO rally.task.context [-] Task 8b34eb2b-eac8-446b-8286-419dc735db84 | Context users@openstack cleanup() started
2019-11-08 00:58:32.770 13785 INFO rally.task.context [-] Task 8b34eb2b-eac8-446b-8286-419dc735db84 | Context users@openstack cleanup() finished in 2.90 sec
2019-11-08 00:58:32.770 13785 INFO rally.task.engine [-] Task 8b34eb2b-eac8-446b-8286-419dc735db84 | Completed: Task validation of semantic.
2019-11-08 00:58:32.771 13785 INFO rally.task.engine [-] Task 8b34eb2b-eac8-446b-8286-419dc735db84 | Completed: Task validation.
2019-11-08 00:58:32.771 13785 INFO rally.api [-] Task 8b34eb2b-eac8-446b-8286-419dc735db84 input file is valid.
2019-11-08 00:58:32.772 13785 INFO rally.api [-] Run Task 8b34eb2b-eac8-446b-8286-419dc735db84 against Deployment 405cb30b-acf7-45dc-81bd-b1a633e51838
2019-11-08 00:58:32.772 13785 INFO rally.task.engine [-] Task 8b34eb2b-eac8-446b-8286-419dc735db84 | Starting: Running task.
2019-11-08 00:58:32.937 13785 INFO rally.task.engine [-] Running workload: position = 0 config = { "version": 2, "title": "A cropped version of a bigger task.", "description": "Auto-generated task from a single workload (uuid=c7782fb3-0949-45d8-b3aa-01003d9b7c3b)", "subtasks": [ { "title": "NeutronNetworks.create_and_update_networks", "description": "Create and update a network.", "scenario": { "NeutronNetworks.create_and_update_networks": { "network_create_args": {}, "network_update_args": { "admin_state_up": false } } }, "contexts": { "users": { "tenants": 3, "users_per_tenant": 2 }, "quotas": { "neutron": { "network": -1 } } }, "runner": { "constant": { "concurrency": 4, "times": 10 } }, "hooks": [], "sla": { "failure_rate": { "max": 0 } } } ] }
2019-11-08 00:58:32.962 13785 RALLYDEBUG rally_openstack.contexts.keystone.users [-] Creating 3 tenants using 20 threads
2019-11-08 00:58:33.886 13785 RALLYDEBUG rally_openstack.contexts.keystone.users [-] Creating 6 users using 20 threads
2019-11-08 00:58:35.489 13785 INFO rally.task.context [-] Task 8b34eb2b-eac8-446b-8286-419dc735db84 | Context users@openstack setup() finished in 2.53 sec
2019-11-08 00:58:36.183 13785 INFO rally.task.context [-] Task 8b34eb2b-eac8-446b-8286-419dc735db84 | Context quotas@openstack setup() finished in 0.69 sec
2019-11-08 00:58:36.183 13785 INFO rally.task.context [-] Task 8b34eb2b-eac8-446b-8286-419dc735db84 | Context cleanup@openstack setup() finished in 0.01 msec
2019-11-08 00:58:36.193 13785 RALLYDEBUG rally.task.runner [-] Starting the constant runner (task UUID: 8b34eb2b-eac8-446b-8286-419dc735db84). times: 10 concurrency: 4 timeout: 0 max_cpu_used: 16 processes_to_start: 4 concurrency_per_worker: 1 concurrency_overhead: 0
2019-11-08 00:58:36.206 13909 RALLYDEBUG rally.task.runner [-] Starting a worker. times: 10 duration: None concurrency: 1 timeout: 0 cls: method_name: run args: {"network_create_args": {}, "network_update_args": {"admin_state_up": false}}
2019-11-08 00:58:36.210 13910 RALLYDEBUG rally.task.runner [-] Starting a worker. times: 10 duration: None concurrency: 1 timeout: 0 cls: method_name: run args: {"network_create_args": {}, "network_update_args": {"admin_state_up": false}}
2019-11-08 00:58:36.212 13909 INFO rally.task.runner [-] Task 8b34eb2b-eac8-446b-8286-419dc735db84 | ITER: 1 START
2019-11-08 00:58:36.213 13911 RALLYDEBUG rally.task.runner [-] Starting a worker. times: 10 duration: None concurrency: 1 timeout: 0 cls: method_name: run args: {"network_create_args": {}, "network_update_args": {"admin_state_up": false}}
2019-11-08 00:58:36.216 13910 INFO rally.task.runner [-] Task 8b34eb2b-eac8-446b-8286-419dc735db84 | ITER: 2 START
2019-11-08 00:58:36.216 13914 RALLYDEBUG rally.task.runner [-] Starting a worker. times: 10 duration: None concurrency: 1 timeout: 0 cls: method_name: run args: {"network_create_args": {}, "network_update_args": {"admin_state_up": false}}
2019-11-08 00:58:36.219 13911 INFO rally.task.runner [-] Task 8b34eb2b-eac8-446b-8286-419dc735db84 | ITER: 3 START
2019-11-08 00:58:36.222 13914 INFO rally.task.runner [-] Task 8b34eb2b-eac8-446b-8286-419dc735db84 | ITER: 4 START
2019-11-08 00:58:37.302 13911 INFO rally.task.runner [-] Task 8b34eb2b-eac8-446b-8286-419dc735db84 | ITER: 3 END: OK
2019-11-08 00:58:37.306 13911 INFO rally.task.runner [-] Task 8b34eb2b-eac8-446b-8286-419dc735db84 | ITER: 5 START
2019-11-08 00:58:37.309 13910 INFO rally.task.runner [-] Task 8b34eb2b-eac8-446b-8286-419dc735db84 | ITER: 2 END: OK
2019-11-08 00:58:37.313 13910 INFO rally.task.runner [-] Task 8b34eb2b-eac8-446b-8286-419dc735db84 | ITER: 6 START
2019-11-08 00:58:37.759 13909 INFO rally.task.runner [-] Task 8b34eb2b-eac8-446b-8286-419dc735db84 | ITER: 1 END: OK
2019-11-08 00:58:37.763 13909 INFO rally.task.runner [-] Task 8b34eb2b-eac8-446b-8286-419dc735db84 | ITER: 7 START
2019-11-08 00:58:38.003 13914 INFO rally.task.runner [-] Task 8b34eb2b-eac8-446b-8286-419dc735db84 | ITER: 4 END: OK
2019-11-08 00:58:38.008 13914 INFO rally.task.runner [-] Task 8b34eb2b-eac8-446b-8286-419dc735db84 | ITER: 8 START
2019-11-08 00:58:38.372 13911 INFO rally.task.runner [-] Task 8b34eb2b-eac8-446b-8286-419dc735db84 | ITER: 5 END: OK
2019-11-08 00:58:38.376 13911 INFO rally.task.runner [-] Task 8b34eb2b-eac8-446b-8286-419dc735db84 | ITER: 9 START
2019-11-08 00:58:38.394 13910 INFO rally.task.runner [-] Task 8b34eb2b-eac8-446b-8286-419dc735db84 | ITER: 6 END: OK
2019-11-08 00:58:38.397 13910 INFO rally.task.runner [-] Task 8b34eb2b-eac8-446b-8286-419dc735db84 | ITER: 10 START
2019-11-08 00:58:38.625 13909 INFO rally.task.runner [-] Task 8b34eb2b-eac8-446b-8286-419dc735db84 | ITER: 7 END: OK
2019-11-08 00:58:39.081 13914 INFO rally.task.runner [-] Task 8b34eb2b-eac8-446b-8286-419dc735db84 | ITER: 8 END: OK
2019-11-08 00:58:39.253 13910 INFO rally.task.runner [-] Task 8b34eb2b-eac8-446b-8286-419dc735db84 | ITER: 10 END: OK
2019-11-08 00:58:39.275 13911 INFO rally.task.runner [-] Task 8b34eb2b-eac8-446b-8286-419dc735db84 | ITER: 9 END: OK
2019-11-08 00:58:39.298 13785 INFO rally.task.context [-] Task 8b34eb2b-eac8-446b-8286-419dc735db84 | Context cleanup@openstack cleanup() started
2019-11-08 00:58:39.301 13785 RALLYDEBUG rally_openstack.cleanup.manager [-] Cleaning up neutron vip objects
2019-11-08 00:58:40.504 13785 RALLYDEBUG rally_openstack.cleanup.manager [-] Cleaning up neutron health_monitor objects
2019-11-08 00:58:41.600 13785 RALLYDEBUG rally_openstack.cleanup.manager [-] Cleaning up neutron pool objects
2019-11-08 00:58:42.709 13785 RALLYDEBUG rally_openstack.cleanup.manager [-] Cleaning up neutron loadbalancer objects
2019-11-08 00:58:43.799 13785 RALLYDEBUG rally_openstack.cleanup.manager [-] Cleaning up neutron floatingip objects
2019-11-08 00:58:45.015 13785 RALLYDEBUG rally_openstack.cleanup.manager [-] Cleaning up neutron trunk objects
2019-11-08 00:58:46.138 13785 RALLYDEBUG rally_openstack.cleanup.manager [-] Cleaning up neutron port objects
2019-11-08 00:58:47.318 13785 RALLYDEBUG rally_openstack.cleanup.manager [-] Cleaning up neutron subnet objects
2019-11-08 00:58:48.494 13785 RALLYDEBUG rally_openstack.cleanup.manager [-] Cleaning up neutron network objects
2019-11-08 00:58:49.814 13785 RALLYDEBUG rally_openstack.cleanup.manager [-] Deleting neutron.network object s_rally_c7782fb3_XbvWScOp (114a490b-3840-4c5e-bde8-c9a506b40af9)
2019-11-08 00:58:49.823 13785 RALLYDEBUG rally_openstack.cleanup.manager [-] Deleting neutron.network object s_rally_c7782fb3_tSwEVuSo (31611ee5-6bdf-477f-a379-5a6e199dcde6)
2019-11-08 00:58:49.832 13785 RALLYDEBUG rally_openstack.cleanup.manager [-] Deleting neutron.network object s_rally_c7782fb3_8oSuw3Ru (5d6bb21b-1930-462e-8fdf-7cd1904f1c8c)
2019-11-08 00:58:49.841 13785 RALLYDEBUG rally_openstack.cleanup.manager [-] Deleting neutron.network object s_rally_c7782fb3_189eEBTv (7c7076ff-58f6-4d5e-8f5b-c5cab9244f1a)
2019-11-08 00:58:49.851 13785 RALLYDEBUG rally_openstack.cleanup.manager [-] Deleting neutron.network object s_rally_c7782fb3_npAYRB8w (8a13b4ae-69f8-45ec-a6a7-b26a3bd2e970)
2019-11-08 00:58:49.854 13785 RALLYDEBUG rally_openstack.cleanup.manager [-] Deleting neutron.network object s_rally_c7782fb3_A6wwV067 (9b8a420c-b8fc-41f5-9a3e-630b89577a08)
2019-11-08 00:58:49.870 13785 RALLYDEBUG rally_openstack.cleanup.manager [-] Deleting neutron.network object s_rally_c7782fb3_6DwNMnxL (41203ed8-b1cc-43fe-82b5-8b9393809918)
2019-11-08 00:58:49.873 13785 RALLYDEBUG rally_openstack.cleanup.manager [-] Deleting neutron.network object s_rally_c7782fb3_cED3nHQs (4453d851-36f2-44c0-9686-383929aab4ff)
2019-11-08 00:58:49.901 13785 RALLYDEBUG rally_openstack.cleanup.manager [-] Deleting neutron.network object s_rally_c7782fb3_JNpSJoy0 (dee516ae-909e-48b1-94e2-c7b9d32ef484)
2019-11-08 00:58:49.906 13785 RALLYDEBUG rally_openstack.cleanup.manager [-] Deleting neutron.network object s_rally_c7782fb3_g9lybrMa (f830f1a7-ffca-49b4-892c-5fa74690f4ba)
2019-11-08 00:58:52.485 13785 RALLYDEBUG rally_openstack.cleanup.manager [-] Cleaning up neutron router objects
2019-11-08 00:58:53.938 13785 RALLYDEBUG rally_openstack.cleanup.manager [-] Cleaning up neutron security_group objects
2019-11-08 00:58:55.540 13785 INFO rally.task.context [-] Task 8b34eb2b-eac8-446b-8286-419dc735db84 | Context cleanup@openstack cleanup() finished in 16.24 sec
2019-11-08 00:58:55.541 13785 INFO rally.task.context [-] Task 8b34eb2b-eac8-446b-8286-419dc735db84 | Context quotas@openstack cleanup() started
2019-11-08 00:58:55.659 13785 INFO rally.task.context [-] Task 8b34eb2b-eac8-446b-8286-419dc735db84 | Context quotas@openstack cleanup() finished in 0.12 sec
2019-11-08 00:58:55.660 13785 INFO rally.task.context [-] Task 8b34eb2b-eac8-446b-8286-419dc735db84 | Context users@openstack cleanup() started
2019-11-08 00:58:59.778 13785 INFO rally.task.context [-] Task 8b34eb2b-eac8-446b-8286-419dc735db84 | Context users@openstack cleanup() finished in 4.12 sec
2019-11-08 00:59:01.110 13785 INFO rally.task.engine [-] Load duration is: 3.06178
2019-11-08 00:59:01.111 13785 INFO rally.task.engine [-] Full runner duration is: 3.10564
2019-11-08 00:59:01.111 13785 INFO rally.task.engine [-] Full duration is: 26.818454
2019-11-08 00:59:01.441 13785 INFO rally.task.engine [-] Running workload: position = 0 config = { "version": 2, "title": "A cropped version of a bigger task.", "description": "Auto-generated task from a single workload (uuid=0335c772-2445-4b20-b112-cb9fb6a927c6)", "subtasks": [ { "title": "NeutronNetworks.create_and_update_ports", "description": "Create and update a given number of ports.", "scenario": { "NeutronNetworks.create_and_update_ports": { "network_create_args": {}, "port_create_args": {}, "port_update_args": { "admin_state_up": false, "device_id": "dummy_id", "device_owner": "dummy_owner" }, "ports_per_network": 1 } }, "contexts": { "users": { "tenants": 3, "users_per_tenant": 2 }, "network": { "router": {} }, "quotas": { "neutron": { "network": -1, "port": -1 } } }, "runner": { "constant": { "concurrency": 4, "times": 10 } }, "hooks": [], "sla": { "failure_rate": { "max": 0 } } } ] }
2019-11-08 00:59:01.467 13785 RALLYDEBUG rally_openstack.contexts.keystone.users [-] Creating 3 tenants using 20 threads
2019-11-08 00:59:02.389 13785 RALLYDEBUG rally_openstack.contexts.keystone.users [-] Creating 6 users using 20 threads
2019-11-08 00:59:03.914 13785 INFO rally.task.context [-] Task 8b34eb2b-eac8-446b-8286-419dc735db84 | Context users@openstack setup() finished in 2.45 sec
2019-11-08 00:59:04.721 13785 INFO rally.task.context [-] Task 8b34eb2b-eac8-446b-8286-419dc735db84 | Context quotas@openstack setup() finished in 0.81 sec
2019-11-08 00:59:05.288 13785 RALLYDEBUG rally_openstack.wrappers.network [-] CIDR generated: 10.2.0.0/24
2019-11-08 00:59:06.099 13785 RALLYDEBUG rally_openstack.wrappers.network [-] CIDR generated: 10.2.1.0/24
2019-11-08 00:59:07.020 13785 RALLYDEBUG rally_openstack.wrappers.network [-] CIDR generated: 10.2.2.0/24
2019-11-08 00:59:07.501 13785 INFO rally.task.context [-] Task 8b34eb2b-eac8-446b-8286-419dc735db84 | Context network@openstack setup() finished in 2.78 sec
2019-11-08 00:59:07.502 13785 INFO rally.task.context [-] Task 8b34eb2b-eac8-446b-8286-419dc735db84 | Context cleanup@openstack setup() finished in 0.02 msec
2019-11-08 00:59:07.512 13785 RALLYDEBUG rally.task.runner [-] Starting the constant runner (task UUID: 8b34eb2b-eac8-446b-8286-419dc735db84). times: 10 concurrency: 4 timeout: 0 max_cpu_used: 16 processes_to_start: 4 concurrency_per_worker: 1 concurrency_overhead: 0
2019-11-08 00:59:07.526 14233 RALLYDEBUG rally.task.runner [-] Starting a worker. times: 10 duration: None concurrency: 1 timeout: 0 cls: method_name: run args: {"network_create_args": {}, "port_create_args": {}, "port_update_args": {"admin_state_up": false, "device_id": "dummy_id", "device_owner": "dummy_owner"}, "ports_per_network": 1}
2019-11-08 00:59:07.532 14233 INFO rally.task.runner [-] Task 8b34eb2b-eac8-446b-8286-419dc735db84 | ITER: 1 START
2019-11-08 00:59:07.534 14234 RALLYDEBUG rally.task.runner [-] Starting a worker. times: 10 duration: None concurrency: 1 timeout: 0 cls: method_name: run args: {"network_create_args": {}, "port_create_args": {}, "port_update_args": {"admin_state_up": false, "device_id": "dummy_id", "device_owner": "dummy_owner"}, "ports_per_network": 1}
2019-11-08 00:59:07.537 14237 RALLYDEBUG rally.task.runner [-] Starting a worker. times: 10 duration: None concurrency: 1 timeout: 0 cls: method_name: run args: {"network_create_args": {}, "port_create_args": {}, "port_update_args": {"admin_state_up": false, "device_id": "dummy_id", "device_owner": "dummy_owner"}, "ports_per_network": 1}
2019-11-08 00:59:07.541 14234 INFO rally.task.runner [-] Task 8b34eb2b-eac8-446b-8286-419dc735db84 | ITER: 2 START
2019-11-08 00:59:07.542 14238 RALLYDEBUG rally.task.runner [-] Starting a worker. times: 10 duration: None concurrency: 1 timeout: 0 cls: method_name: run args: {"network_create_args": {}, "port_create_args": {}, "port_update_args": {"admin_state_up": false, "device_id": "dummy_id", "device_owner": "dummy_owner"}, "ports_per_network": 1}
2019-11-08 00:59:07.544 14237 INFO rally.task.runner [-] Task 8b34eb2b-eac8-446b-8286-419dc735db84 | ITER: 3 START
2019-11-08 00:59:07.548 14238 INFO rally.task.runner [-] Task 8b34eb2b-eac8-446b-8286-419dc735db84 | ITER: 4 START
2019-11-08 00:59:08.953 14238 INFO rally.task.runner [-] Task 8b34eb2b-eac8-446b-8286-419dc735db84 | ITER: 4 END: OK
2019-11-08 00:59:08.958 14238 INFO rally.task.runner [-] Task 8b34eb2b-eac8-446b-8286-419dc735db84 | ITER: 5 START
