2019-11-08 01:02:20.311 13785 INFO rally.task.engine [-] Running workload: position = 0 config = { "version": 2, "title": "A cropped version of a bigger task.", "description": "Auto-generated task from a single workload (uuid=1364adfc-abc5-4e6d-917c-5379cf6dec37)", "subtasks": [ { "title": "NeutronNetworks.create_and_delete_routers", "description": "Create and delete a given number of routers.", "scenario": { "NeutronNetworks.create_and_delete_routers": { "network_create_args": {}, "router_create_args": {}, "subnet_cidr_start": "1.1.0.0/30", "subnet_create_args": {}, "subnets_per_network": 1 } }, "contexts": { "users": { "tenants": 3, "users_per_tenant": 2 }, "quotas": { "neutron": { "network": -1, "subnet": -1, "port": -1, "router": -1 } } }, "runner": { "constant": { "concurrency": 4, "times": 10 } }, "hooks": [], "sla": { "failure_rate": { "max": 0 } } } ] }
2019-11-08 01:02:20.338 13785 RALLYDEBUG rally_openstack.contexts.keystone.users [-] Creating 3 tenants using 20 threads
2019-11-08 01:02:21.225 13785 RALLYDEBUG rally_openstack.contexts.keystone.users [-] Creating 6 users using 20 threads
2019-11-08 01:02:22.787 13785 INFO rally.task.context [-] Task 8b34eb2b-eac8-446b-8286-419dc735db84 | Context users@openstack setup() finished in 2.45 sec
2019-11-08 01:02:23.793 13785 INFO rally.task.context [-] Task 8b34eb2b-eac8-446b-8286-419dc735db84 | Context quotas@openstack setup() finished in 1.01 sec
2019-11-08 01:02:23.794 13785 INFO rally.task.context [-] Task 8b34eb2b-eac8-446b-8286-419dc735db84 | Context cleanup@openstack setup() finished in 0.02 msec
2019-11-08 01:02:23.804 13785 RALLYDEBUG rally.task.runner [-] Starting the constant runner (task UUID: 8b34eb2b-eac8-446b-8286-419dc735db84). times: 10 concurrency: 4 timeout: 0 max_cpu_used: 16 processes_to_start: 4 concurrency_per_worker: 1 concurrency_overhead: 0
2019-11-08 01:02:23.816 15853 RALLYDEBUG rally.task.runner [-] Starting a worker. times: 10 duration: None concurrency: 1 timeout: 0 cls: method_name: run args: {"network_create_args": {}, "router_create_args": {}, "subnet_cidr_start": "1.1.0.0/30", "subnet_create_args": {}, "subnets_per_network": 1}
2019-11-08 01:02:23.820 15854 RALLYDEBUG rally.task.runner [-] Starting a worker. times: 10 duration: None concurrency: 1 timeout: 0 cls: method_name: run args: {"network_create_args": {}, "router_create_args": {}, "subnet_cidr_start": "1.1.0.0/30", "subnet_create_args": {}, "subnets_per_network": 1}
2019-11-08 01:02:23.823 15853 INFO rally.task.runner [-] Task 8b34eb2b-eac8-446b-8286-419dc735db84 | ITER: 1 START
2019-11-08 01:02:23.823 15855 RALLYDEBUG rally.task.runner [-] Starting a worker. times: 10 duration: None concurrency: 1 timeout: 0 cls: method_name: run args: {"network_create_args": {}, "router_create_args": {}, "subnet_cidr_start": "1.1.0.0/30", "subnet_create_args": {}, "subnets_per_network": 1}
2019-11-08 01:02:23.826 15857 RALLYDEBUG rally.task.runner [-] Starting a worker. times: 10 duration: None concurrency: 1 timeout: 0 cls: method_name: run args: {"network_create_args": {}, "router_create_args": {}, "subnet_cidr_start": "1.1.0.0/30", "subnet_create_args": {}, "subnets_per_network": 1}
2019-11-08 01:02:23.827 15854 INFO rally.task.runner [-] Task 8b34eb2b-eac8-446b-8286-419dc735db84 | ITER: 2 START
2019-11-08 01:02:23.830 15855 INFO rally.task.runner [-] Task 8b34eb2b-eac8-446b-8286-419dc735db84 | ITER: 3 START
2019-11-08 01:02:23.832 15857 INFO rally.task.runner [-] Task 8b34eb2b-eac8-446b-8286-419dc735db84 | ITER: 4 START
2019-11-08 01:02:24.503 15855 RALLYDEBUG rally_openstack.wrappers.network [-] CIDR generated: 1.1.0.104/30
2019-11-08 01:02:24.549 15854 RALLYDEBUG rally_openstack.wrappers.network [-] CIDR generated: 1.1.0.108/30
2019-11-08 01:02:24.627 15857 RALLYDEBUG rally_openstack.wrappers.network [-] CIDR generated: 1.1.0.112/30
2019-11-08 01:02:25.035 15853 RALLYDEBUG rally_openstack.wrappers.network [-] CIDR generated: 1.1.0.116/30
2019-11-08 01:02:29.601 15857 INFO rally.task.runner [-] Task 8b34eb2b-eac8-446b-8286-419dc735db84 | ITER: 4 END: OK
2019-11-08 01:02:29.606 15857 INFO rally.task.runner [-] Task 8b34eb2b-eac8-446b-8286-419dc735db84 | ITER: 5 START
2019-11-08 01:02:29.607 15853 INFO rally.task.runner [-] Task 8b34eb2b-eac8-446b-8286-419dc735db84 | ITER: 1 END: OK
2019-11-08 01:02:29.612 15853 INFO rally.task.runner [-] Task 8b34eb2b-eac8-446b-8286-419dc735db84 | ITER: 6 START
2019-11-08 01:02:29.782 15855 INFO rally.task.runner [-] Task 8b34eb2b-eac8-446b-8286-419dc735db84 | ITER: 3 END: OK
2019-11-08 01:02:29.786 15855 INFO rally.task.runner [-] Task 8b34eb2b-eac8-446b-8286-419dc735db84 | ITER: 7 START
2019-11-08 01:02:30.117 15854 INFO rally.task.runner [-] Task 8b34eb2b-eac8-446b-8286-419dc735db84 | ITER: 2 END: OK
2019-11-08 01:02:30.122 15854 INFO rally.task.runner [-] Task 8b34eb2b-eac8-446b-8286-419dc735db84 | ITER: 8 START
2019-11-08 01:02:30.265 15853 RALLYDEBUG rally_openstack.wrappers.network [-] CIDR generated: 1.1.0.120/30
2019-11-08 01:02:30.386 15855 RALLYDEBUG rally_openstack.wrappers.network [-] CIDR generated: 1.1.0.124/30
2019-11-08 01:02:30.622 15854 RALLYDEBUG rally_openstack.wrappers.network [-] CIDR generated: 1.1.0.128/30
2019-11-08 01:02:30.922 15857 RALLYDEBUG rally_openstack.wrappers.network [-] CIDR generated: 1.1.0.132/30
2019-11-08 01:02:35.348 15853 INFO rally.task.runner [-] Task 8b34eb2b-eac8-446b-8286-419dc735db84 | ITER: 6 END: OK
2019-11-08 01:02:35.352 15853 INFO rally.task.runner [-] Task 8b34eb2b-eac8-446b-8286-419dc735db84 | ITER: 9 START
2019-11-08 01:02:35.853 15853 RALLYDEBUG rally_openstack.wrappers.network [-] CIDR generated: 1.1.0.136/30
2019-11-08 01:02:35.862 15857 INFO rally.task.runner [-] Task 8b34eb2b-eac8-446b-8286-419dc735db84 | ITER: 5 END: OK
2019-11-08 01:02:35.866 15857 INFO rally.task.runner [-] Task 8b34eb2b-eac8-446b-8286-419dc735db84 | ITER: 10 START
2019-11-08 01:02:35.983 15855 INFO rally.task.runner [-] Task 8b34eb2b-eac8-446b-8286-419dc735db84 | ITER: 7 END: OK
2019-11-08 01:02:36.020 15854 INFO rally.task.runner [-] Task 8b34eb2b-eac8-446b-8286-419dc735db84 | ITER: 8 END: OK
2019-11-08 01:02:36.342 15857 RALLYDEBUG rally_openstack.wrappers.network [-] CIDR generated: 1.1.0.140/30
2019-11-08 01:02:40.057 15853 INFO rally.task.runner [-] Task 8b34eb2b-eac8-446b-8286-419dc735db84 | ITER: 9 END: OK
2019-11-08 01:02:42.420 15857 INFO rally.task.runner [-] Task 8b34eb2b-eac8-446b-8286-419dc735db84 | ITER: 10 END: OK
2019-11-08 01:02:42.450 13785 INFO rally.task.context [-] Task 8b34eb2b-eac8-446b-8286-419dc735db84 | Context cleanup@openstack cleanup() started
2019-11-08 01:02:42.454 13785 RALLYDEBUG rally_openstack.cleanup.manager [-] Cleaning up neutron vip objects
2019-11-08 01:02:43.659 13785 RALLYDEBUG rally_openstack.cleanup.manager [-] Cleaning up neutron health_monitor objects
2019-11-08 01:02:44.764 13785 RALLYDEBUG rally_openstack.cleanup.manager [-] Cleaning up neutron pool objects
2019-11-08 01:02:45.877 13785 RALLYDEBUG rally_openstack.cleanup.manager [-] Cleaning up neutron loadbalancer objects
2019-11-08 01:02:46.982 13785 RALLYDEBUG rally_openstack.cleanup.manager [-] Cleaning up neutron floatingip objects
2019-11-08 01:02:48.170 13785 RALLYDEBUG rally_openstack.cleanup.manager [-] Cleaning up neutron trunk objects
2019-11-08 01:02:49.292 13785 RALLYDEBUG rally_openstack.cleanup.manager [-] Cleaning up neutron port objects
2019-11-08 01:02:50.595 13785 RALLYDEBUG rally_openstack.cleanup.manager [-] Cleaning up neutron subnet objects
2019-11-08 01:02:51.827 13785 RALLYDEBUG rally_openstack.cleanup.manager [-] Deleting neutron.subnet object s_rally_1364adfc_7VGiLrOX (0ad2b7f1-0fdc-4041-8bb8-04389b6c6979)
2019-11-08 01:02:51.837 13785 RALLYDEBUG rally_openstack.cleanup.manager [-] Deleting neutron.subnet object s_rally_1364adfc_qLRz4ZUu (496dc989-d7e6-404f-86f4-980221a832e3)
2019-11-08 01:02:51.846 13785 RALLYDEBUG rally_openstack.cleanup.manager [-] Deleting neutron.subnet object s_rally_1364adfc_BL0wDq2K (637d9b81-185b-490c-906d-1c8b6d8af982)
2019-11-08 01:02:51.850 13785 RALLYDEBUG rally_openstack.cleanup.manager [-] Deleting neutron.subnet object s_rally_1364adfc_RE5ntmrh (73284f08-dfa6-479b-8d10-e4e731448479)
2019-11-08 01:02:51.860 13785 RALLYDEBUG rally_openstack.cleanup.manager [-] Deleting neutron.subnet object s_rally_1364adfc_ky94vCDp (2e3bda37-febe-4504-a739-c7fe6779de36)
2019-11-08 01:02:51.882 13785 RALLYDEBUG rally_openstack.cleanup.manager [-] Deleting neutron.subnet object s_rally_1364adfc_QaUkL89x (31baf75e-d8a5-4b00-82c6-58bba9379d9f)
2019-11-08 01:02:51.890 13785 RALLYDEBUG rally_openstack.cleanup.manager [-] Deleting neutron.subnet object s_rally_1364adfc_Icpg36bn (72584b39-3156-4472-bc40-6d31b6362568)
2019-11-08 01:02:51.911 13785 RALLYDEBUG rally_openstack.cleanup.manager [-] Deleting neutron.subnet object s_rally_1364adfc_O8tFURil (6016c91f-6a46-40f8-9d7d-319dd11958b8)
2019-11-08 01:02:51.915 13785 RALLYDEBUG rally_openstack.cleanup.manager [-] Deleting neutron.subnet object s_rally_1364adfc_wDi5zg8O (9ba28fac-1948-4db6-babe-2c7072786203)
2019-11-08 01:02:51.926 13785 RALLYDEBUG rally_openstack.cleanup.manager [-] Deleting neutron.subnet object s_rally_1364adfc_uBkd5CZv (c0cab789-5551-4a15-af92-7315352a6de3)
2019-11-08 01:02:56.111 13785 RALLYDEBUG rally_openstack.cleanup.manager [-] Cleaning up neutron network objects
2019-11-08 01:02:57.428 13785 RALLYDEBUG rally_openstack.cleanup.manager [-] Deleting neutron.network object s_rally_1364adfc_LKfZSTuK (1ac1b0b9-0880-436e-bf2d-626c89e210a1)
2019-11-08 01:02:57.437 13785 RALLYDEBUG rally_openstack.cleanup.manager [-] Deleting neutron.network object s_rally_1364adfc_gg4c2Vzh (788ab22e-65dd-4d3c-ab89-adabd754e336)
2019-11-08 01:02:57.446 13785 RALLYDEBUG rally_openstack.cleanup.manager [-] Deleting neutron.network object s_rally_1364adfc_XhjY4KwH (b566944c-4863-4b00-8417-95d815393ecd)
2019-11-08 01:02:57.452 13785 RALLYDEBUG rally_openstack.cleanup.manager [-] Deleting neutron.network object s_rally_1364adfc_TPz3pEi1 (e0f184a5-06d5-4e3b-b0da-d83007fe02bc)
2019-11-08 01:02:57.467 13785 RALLYDEBUG rally_openstack.cleanup.manager [-] Deleting neutron.network object s_rally_1364adfc_HhUNsDgO (567d5249-ee68-4455-b706-7091272b4bbf)
2019-11-08 01:02:57.477 13785 RALLYDEBUG rally_openstack.cleanup.manager [-] Deleting neutron.network object s_rally_1364adfc_cuhAscXp (5b70ab63-d15a-407f-84d9-ba4e1c92e972)
2019-11-08 01:02:57.489 13785 RALLYDEBUG rally_openstack.cleanup.manager [-] Deleting neutron.network object s_rally_1364adfc_5ArRDZbE (ea9c07e4-6bdd-4a83-8760-1424629053e8)
2019-11-08 01:02:57.506 13785 RALLYDEBUG rally_openstack.cleanup.manager [-] Deleting neutron.network object s_rally_1364adfc_XA87p4ap (58c0bccd-4b17-4e2f-b0c6-ed5aadb30a3f)
2019-11-08 01:02:57.512 13785 RALLYDEBUG rally_openstack.cleanup.manager [-] Deleting neutron.network object s_rally_1364adfc_GnL4Rq04 (739afc78-5919-470a-88fb-9867d4a98206)
2019-11-08 01:02:57.520 13785 RALLYDEBUG rally_openstack.cleanup.manager [-] Deleting neutron.network object s_rally_1364adfc_ph3fQGde (8ffa7770-636d-469d-94ad-f6a84d772651)
2019-11-08 01:03:01.017 13785 RALLYDEBUG rally_openstack.cleanup.manager [-] Cleaning up neutron router objects
2019-11-08 01:03:02.231 13785 RALLYDEBUG rally_openstack.cleanup.manager [-] Cleaning up neutron security_group objects
2019-11-08 01:03:03.464 13785 INFO rally.task.context [-] Task 8b34eb2b-eac8-446b-8286-419dc735db84 | Context cleanup@openstack cleanup() finished in 21.01 sec
2019-11-08 01:03:03.464 13785 INFO rally.task.context [-] Task 8b34eb2b-eac8-446b-8286-419dc735db84 | Context quotas@openstack cleanup() started
2019-11-08 01:03:03.650 13785 INFO rally.task.context [-] Task 8b34eb2b-eac8-446b-8286-419dc735db84 | Context quotas@openstack cleanup() finished in 0.19 sec
2019-11-08 01:03:03.650 13785 INFO rally.task.context [-] Task 8b34eb2b-eac8-446b-8286-419dc735db84 | Context users@openstack cleanup() started
2019-11-08 01:03:07.696 13785 INFO rally.task.context [-] Task 8b34eb2b-eac8-446b-8286-419dc735db84 | Context users@openstack cleanup() finished in 4.05 sec
2019-11-08 01:03:08.587 13785 INFO rally.task.engine [-] Load duration is: 18.595783
2019-11-08 01:03:08.587 13785 INFO rally.task.engine [-] Full runner duration is: 18.647855
2019-11-08 01:03:08.588 13785 INFO rally.task.engine [-] Full duration is: 47.360708
2019-11-08 01:03:08.977 13785 INFO rally.task.engine [-] Running workload: position = 0 config = { "version": 2, "title": "A cropped version of a bigger task.", "description": "Auto-generated task from a single workload (uuid=4f90fb1a-49d3-4469-b9c9-0d9cc62f47de)", "subtasks": [ { "title": "NeutronNetworks.create_and_delete_subnets", "description": "Create and delete a given number of subnets.", "scenario": { "NeutronNetworks.create_and_delete_subnets": { "network_create_args": {}, "subnet_cidr_start": "1.1.0.0/30", "subnet_create_args": {}, "subnets_per_network": 1 } }, "contexts": { "users": { "tenants": 3, "users_per_tenant": 2 }, "network": { "router": {} }, "quotas": { "neutron": { "network": -1, "subnet": -1 } } }, "runner": { "constant": { "concurrency": 4, "times": 10 } }, "hooks": [], "sla": { "failure_rate": { "max": 0 } } } ] }
2019-11-08 01:03:09.003 13785 RALLYDEBUG rally_openstack.contexts.keystone.users [-] Creating 3 tenants using 20 threads
2019-11-08 01:03:10.043 13785 RALLYDEBUG rally_openstack.contexts.keystone.users [-] Creating 6 users using 20 threads
2019-11-08 01:03:11.628 13785 INFO rally.task.context [-] Task 8b34eb2b-eac8-446b-8286-419dc735db84 | Context users@openstack setup() finished in 2.63 sec
2019-11-08 01:03:12.552 13785 INFO rally.task.context [-] Task 8b34eb2b-eac8-446b-8286-419dc735db84 | Context quotas@openstack setup() finished in 0.92 sec
2019-11-08 01:03:13.165 13785 RALLYDEBUG rally_openstack.wrappers.network [-] CIDR generated: 10.2.36.0/24
2019-11-08 01:03:14.028 13785 RALLYDEBUG rally_openstack.wrappers.network [-] CIDR generated: 10.2.37.0/24
2019-11-08 01:03:14.810 13785 RALLYDEBUG rally_openstack.wrappers.network [-] CIDR generated: 10.2.38.0/24
2019-11-08 01:03:15.486 13785 INFO rally.task.context [-] Task 8b34eb2b-eac8-446b-8286-419dc735db84 | Context network@openstack setup() finished in 2.93 sec
2019-11-08 01:03:15.487 13785 INFO rally.task.context [-] Task 8b34eb2b-eac8-446b-8286-419dc735db84 | Context cleanup@openstack setup() finished in 0.01 msec
2019-11-08 01:03:15.496 13785 RALLYDEBUG rally.task.runner [-] Starting the constant runner (task UUID: 8b34eb2b-eac8-446b-8286-419dc735db84). times: 10 concurrency: 4 timeout: 0 max_cpu_used: 16 processes_to_start: 4 concurrency_per_worker: 1 concurrency_overhead: 0
2019-11-08 01:03:15.508 16177 RALLYDEBUG rally.task.runner [-] Starting a worker. times: 10 duration: None concurrency: 1 timeout: 0 cls: method_name: run args: {"network_create_args": {}, "subnet_cidr_start": "1.1.0.0/30", "subnet_create_args": {}, "subnets_per_network": 1}
2019-11-08 01:03:15.511 16178 RALLYDEBUG rally.task.runner [-] Starting a worker. times: 10 duration: None concurrency: 1 timeout: 0 cls: method_name: run args: {"network_create_args": {}, "subnet_cidr_start": "1.1.0.0/30", "subnet_create_args": {}, "subnets_per_network": 1}
2019-11-08 01:03:15.515 16177 INFO rally.task.runner [-] Task 8b34eb2b-eac8-446b-8286-419dc735db84 | ITER: 1 START
2019-11-08 01:03:15.515 16179 RALLYDEBUG rally.task.runner [-] Starting a worker. times: 10 duration: None concurrency: 1 timeout: 0 cls: method_name: run args: {"network_create_args": {}, "subnet_cidr_start": "1.1.0.0/30", "subnet_create_args": {}, "subnets_per_network": 1}
2019-11-08 01:03:15.518 16177 RALLYDEBUG rally_openstack.wrappers.network [-] CIDR generated: 1.1.0.156/30
2019-11-08 01:03:15.518 16178 INFO rally.task.runner [-] Task 8b34eb2b-eac8-446b-8286-419dc735db84 | ITER: 2 START
2019-11-08 01:03:15.518 16181 RALLYDEBUG rally.task.runner [-] Starting a worker. times: 10 duration: None concurrency: 1 timeout: 0 cls: method_name: run args: {"network_create_args": {}, "subnet_cidr_start": "1.1.0.0/30", "subnet_create_args": {}, "subnets_per_network": 1}
2019-11-08 01:03:15.521 16178 RALLYDEBUG rally_openstack.wrappers.network [-] CIDR generated: 1.1.0.160/30
2019-11-08 01:03:15.522 16179 INFO rally.task.runner [-] Task 8b34eb2b-eac8-446b-8286-419dc735db84 | ITER: 3 START
2019-11-08 01:03:15.524 16181 INFO rally.task.runner [-] Task 8b34eb2b-eac8-446b-8286-419dc735db84 | ITER: 4 START
2019-11-08 01:03:15.524 16179 RALLYDEBUG rally_openstack.wrappers.network [-] CIDR generated: 1.1.0.164/30
2019-11-08 01:03:15.527 16181 RALLYDEBUG rally_openstack.wrappers.network [-] CIDR generated: 1.1.0.168/30
2019-11-08 01:03:17.017 16177 INFO rally.task.runner [-] Task 8b34eb2b-eac8-446b-8286-419dc735db84 | ITER: 1 END: OK
2019-11-08 01:03:17.022 16177 INFO rally.task.runner [-] Task 8b34eb2b-eac8-446b-8286-419dc735db84 | ITER: 5 START
2019-11-08 01:03:17.023 16177 RALLYDEBUG rally_openstack.wrappers.network [-] CIDR generated: 1.1.0.172/30
2019-11-08 01:03:17.185 16178 INFO rally.task.runner [-] Task 8b34eb2b-eac8-446b-8286-419dc735db84 | ITER: 2 END: OK
2019-11-08 01:03:17.190 16178 INFO rally.task.runner [-] Task 8b34eb2b-eac8-446b-8286-419dc735db84 | ITER: 6 START
2019-11-08 01:03:17.191 16178 RALLYDEBUG rally_openstack.wrappers.network [-] CIDR generated: 1.1.0.176/30
2019-11-08 01:03:17.228 16179 INFO rally.task.runner [-] Task 8b34eb2b-eac8-446b-8286-419dc735db84 | ITER: 3 END: OK
2019-11-08 01:03:17.234 16179 INFO rally.task.runner [-] Task 8b34eb2b-eac8-446b-8286-419dc735db84 | ITER: 7 START
2019-11-08 01:03:17.235 16179 RALLYDEBUG rally_openstack.wrappers.network [-] CIDR generated: 1.1.0.180/30
2019-11-08 01:03:17.241 16181 INFO rally.task.runner [-] Task 8b34eb2b-eac8-446b-8286-419dc735db84 | ITER: 4 END: OK
2019-11-08 01:03:17.246 16181 INFO rally.task.runner [-] Task 8b34eb2b-eac8-446b-8286-419dc735db84 | ITER: 8 START
2019-11-08 01:03:17.247 16181 RALLYDEBUG rally_openstack.wrappers.network [-] CIDR generated: 1.1.0.184/30
2019-11-08 01:03:18.540 16178 INFO rally.task.runner [-] Task 8b34eb2b-eac8-446b-8286-419dc735db84 | ITER: 6 END: OK
2019-11-08 01:03:18.544 16178 INFO rally.task.runner [-] Task 8b34eb2b-eac8-446b-8286-419dc735db84 | ITER: 9 START
2019-11-08 01:03:18.545 16178 RALLYDEBUG rally_openstack.wrappers.network [-] CIDR generated: 1.1.0.188/30
2019-11-08 01:03:18.594 16181 INFO rally.task.runner [-] Task 8b34eb2b-eac8-446b-8286-419dc735db84 | ITER: 8 END: OK
2019-11-08 01:03:18.598 16181 INFO rally.task.runner [-] Task 8b34eb2b-eac8-446b-8286-419dc735db84 | ITER: 10 START
2019-11-08 01:03:18.599 16181 RALLYDEBUG rally_openstack.wrappers.network [-] CIDR generated: 1.1.0.192/30
2019-11-08 01:03:18.693 16177 INFO rally.task.runner [-] Task 8b34eb2b-eac8-446b-8286-419dc735db84 | ITER: 5 END: OK
2019-11-08 01:03:18.794 16179 INFO rally.task.runner [-] Task 8b34eb2b-eac8-446b-8286-419dc735db84 | ITER: 7 END: OK
2019-11-08 01:03:19.967 16178 INFO rally.task.runner [-] Task 8b34eb2b-eac8-446b-8286-419dc735db84 | ITER: 9 END: OK
2019-11-08 01:03:20.053 16181 INFO rally.task.runner [-] Task 8b34eb2b-eac8-446b-8286-419dc735db84 | ITER: 10 END: OK
2019-11-08 01:03:20.085 13785 INFO rally.task.context [-] Task 8b34eb2b-eac8-446b-8286-419dc735db84 | Context cleanup@openstack cleanup() started
2019-11-08 01:03:20.088 13785 RALLYDEBUG rally_openstack.cleanup.manager [-] Cleaning up neutron vip objects
2019-11-08 01:03:21.177 13785 RALLYDEBUG rally_openstack.cleanup.manager [-] Cleaning up neutron health_monitor objects
2019-11-08 01:03:22.291 13785 RALLYDEBUG rally_openstack.cleanup.manager [-] Cleaning up neutron pool objects
2019-11-08 01:03:23.369 13785 RALLYDEBUG rally_openstack.cleanup.manager [-] Cleaning up neutron loadbalancer objects
2019-11-08 01:03:24.452 13785 RALLYDEBUG rally_openstack.cleanup.manager [-] Cleaning up neutron floatingip objects
2019-11-08 01:03:25.935 13785 RALLYDEBUG rally_openstack.cleanup.manager [-] Cleaning up neutron trunk objects
2019-11-08 01:03:27.080 13785 RALLYDEBUG rally_openstack.cleanup.manager [-] Cleaning up neutron port objects
2019-11-08 01:03:28.378 13785 RALLYDEBUG rally_openstack.cleanup.manager [-] Cleaning up neutron subnet objects
2019-11-08 01:03:29.661 13785 RALLYDEBUG rally_openstack.cleanup.manager [-] Cleaning up neutron network objects
2019-11-08 01:03:31.335 13785 RALLYDEBUG rally_openstack.cleanup.manager [-] Cleaning up neutron router objects
2019-11-08 01:03:32.561 13785 RALLYDEBUG rally_openstack.cleanup.manager [-] Cleaning up neutron security_group objects
2019-11-08 01:03:33.799 13785 INFO rally.task.context [-] Task 8b34eb2b-eac8-446b-8286-419dc735db84 | Context cleanup@openstack cleanup() finished in 13.71 sec
2019-11-08 01:03:33.799 13785 INFO rally.task.context [-] Task 8b34eb2b-eac8-446b-8286-419dc735db84 | Context network@openstack cleanup() started
2019-11-08 01:03:44.660 13785 INFO rally.task.context [-] Task 8b34eb2b-eac8-446b-8286-419dc735db84 | Context network@openstack cleanup() finished in 10.86 sec
2019-11-08 01:03:44.661 13785 INFO rally.task.context [-] Task 8b34eb2b-eac8-446b-8286-419dc735db84 | Context quotas@openstack cleanup() started
2019-11-08 01:03:44.792 13785 INFO rally.task.context [-] Task 8b34eb2b-eac8-446b-8286-419dc735db84 | Context quotas@openstack cleanup() finished in 0.13 sec
2019-11-08 01:03:44.792 13785 INFO rally.task.context [-] Task 8b34eb2b-eac8-446b-8286-419dc735db84 | Context users@openstack cleanup() started
2019-11-08 01:03:49.007 13785 INFO rally.task.context [-] Task 8b34eb2b-eac8-446b-8286-419dc735db84 | Context users@openstack cleanup() finished in 4.21 sec
2019-11-08 01:03:49.233 13785 INFO rally.task.engine [-] Load duration is: 4.536656
2019-11-08 01:03:49.233 13785 INFO rally.task.engine [-] Full runner duration is: 4.589191
2019-11-08 01:03:49.234 13785 INFO rally.task.engine [-] Full duration is: 40.006538
2019-11-08 01:03:49.569 13785 INFO rally.task.engine [-] Running workload: position = 0 config = { "version": 2, "title": "A cropped version of a bigger task.", "description": "Auto-generated task from a single workload (uuid=cb71e411-4f37-4182-9c6e-9a77da238c76)", "subtasks": [ { "title": "NeutronNetworks.create_and_list_networks", "description": "Create a network and then list all networks.", "scenario": { "NeutronNetworks.create_and_list_networks": { "network_create_args": {} } }, "contexts": { "users": { "tenants": 3, "users_per_tenant": 2 }, "quotas": { "neutron": { "network": -1 } } }, "runner": { "constant": { "concurrency": 4, "times": 10 } }, "hooks": [], "sla": { "failure_rate": { "max": 0 } } } ] }
2019-11-08 01:03:49.594 13785 RALLYDEBUG rally_openstack.contexts.keystone.users [-] Creating 3 tenants using 20 threads
2019-11-08 01:03:50.733 13785 RALLYDEBUG rally_openstack.contexts.keystone.users [-] Creating 6 users using 20 threads
2019-11-08 01:03:52.217 13785 INFO rally.task.context [-] Task 8b34eb2b-eac8-446b-8286-419dc735db84 | Context users@openstack setup() finished in 2.62 sec
2019-11-08 01:03:52.887 13785 INFO rally.task.context [-] Task 8b34eb2b-eac8-446b-8286-419dc735db84 | Context quotas@openstack setup() finished in 0.67 sec
2019-11-08 01:03:52.888 13785 INFO rally.task.context [-] Task 8b34eb2b-eac8-446b-8286-419dc735db84 | Context cleanup@openstack setup() finished in 0.01 msec
2019-11-08 01:03:52.897 13785 RALLYDEBUG rally.task.runner [-] Starting the constant runner (task UUID: 8b34eb2b-eac8-446b-8286-419dc735db84). times: 10 concurrency: 4 timeout: 0 max_cpu_used: 16 processes_to_start: 4 concurrency_per_worker: 1 concurrency_overhead: 0
2019-11-08 01:03:52.909 16501 RALLYDEBUG rally.task.runner [-] Starting a worker. times: 10 duration: None concurrency: 1 timeout: 0 cls: method_name: run args: {"network_create_args": {}}
2019-11-08 01:03:52.912 16502 RALLYDEBUG rally.task.runner [-] Starting a worker. times: 10 duration: None concurrency: 1 timeout: 0 cls: method_name: run args: {"network_create_args": {}}
2019-11-08 01:03:52.916 16501 INFO rally.task.runner [-] Task 8b34eb2b-eac8-446b-8286-419dc735db84 | ITER: 1 START
2019-11-08 01:03:52.916 16503 RALLYDEBUG rally.task.runner [-] Starting a worker. times: 10 duration: None concurrency: 1 timeout: 0 cls: method_name: run args: {"network_create_args": {}}
2019-11-08 01:03:52.918 16502 INFO rally.task.runner [-] Task 8b34eb2b-eac8-446b-8286-419dc735db84 | ITER: 2 START
2019-11-08 01:03:52.919 16505 RALLYDEBUG rally.task.runner [-] Starting a worker. times: 10 duration: None concurrency: 1 timeout: 0 cls: method_name: run args: {"network_create_args": {}}
2019-11-08 01:03:52.922 16503 INFO rally.task.runner [-] Task 8b34eb2b-eac8-446b-8286-419dc735db84 | ITER: 3 START
2019-11-08 01:03:52.926 16505 INFO rally.task.runner [-] Task 8b34eb2b-eac8-446b-8286-419dc735db84 | ITER: 4 START
2019-11-08 01:03:53.675 16501 INFO rally.task.runner [-] Task 8b34eb2b-eac8-446b-8286-419dc735db84 | ITER: 1 END: OK
2019-11-08 01:03:53.680 16501 INFO rally.task.runner [-] Task 8b34eb2b-eac8-446b-8286-419dc735db84 | ITER: 5 START
2019-11-08 01:03:53.727 16503 INFO rally.task.runner [-] Task 8b34eb2b-eac8-446b-8286-419dc735db84 | ITER: 3 END: OK
2019-11-08 01:03:53.732 16503 INFO rally.task.runner [-] Task 8b34eb2b-eac8-446b-8286-419dc735db84 | ITER: 6 START
2019-11-08 01:03:53.902 16505 INFO rally.task.runner [-] Task 8b34eb2b-eac8-446b-8286-419dc735db84 | ITER: 4 END: OK
2019-11-08 01:03:53.906 16505 INFO rally.task.runner [-] Task 8b34eb2b-eac8-446b-8286-419dc735db84 | ITER: 7 START
2019-11-08 01:03:54.266 16502 INFO rally.task.runner [-] Task 8b34eb2b-eac8-446b-8286-419dc735db84 | ITER: 2 END: OK
2019-11-08 01:03:54.271 16502 INFO rally.task.runner [-] Task 8b34eb2b-eac8-446b-8286-419dc735db84 | ITER: 8 START
2019-11-08 01:03:54.547 16505 INFO rally.task.runner [-] Task 8b34eb2b-eac8-446b-8286-419dc735db84 | ITER: 7 END: OK
2019-11-08 01:03:54.551 16505 INFO rally.task.runner [-] Task 8b34eb2b-eac8-446b-8286-419dc735db84 | ITER: 9 START
2019-11-08 01:03:54.629 16503 INFO rally.task.runner [-] Task 8b34eb2b-eac8-446b-8286-419dc735db84 | ITER: 6 END: OK
2019-11-08 01:03:54.633 16503 INFO rally.task.runner [-] Task 8b34eb2b-eac8-446b-8286-419dc735db84 | ITER: 10 START
2019-11-08 01:03:54.711 16501 INFO rally.task.runner [-] Task 8b34eb2b-eac8-446b-8286-419dc735db84 | ITER: 5 END: OK
2019-11-08 01:03:54.915 16502 INFO rally.task.runner [-] Task 8b34eb2b-eac8-446b-8286-419dc735db84 | ITER: 8 END: OK
2019-11-08 01:03:55.208 16505 INFO rally.task.runner [-] Task 8b34eb2b-eac8-446b-8286-419dc735db84 | ITER: 9 END: OK
2019-11-08 01:03:55.296 16503 INFO rally.task.runner [-] Task 8b34eb2b-eac8-446b-8286-419dc735db84 | ITER: 10 END: OK
2019-11-08 01:03:55.319 13785 INFO rally.task.context [-] Task 8b34eb2b-eac8-446b-8286-419dc735db84 | Context cleanup@openstack cleanup() started
2019-11-08 01:03:55.323 13785 RALLYDEBUG rally_openstack.cleanup.manager [-] Cleaning up neutron vip objects
2019-11-08 01:03:56.676 13785 RALLYDEBUG rally_openstack.cleanup.manager [-] Cleaning up neutron health_monitor objects
2019-11-08 01:03:57.793 13785 RALLYDEBUG rally_openstack.cleanup.manager [-] Cleaning up neutron pool objects
2019-11-08 01:03:58.901 13785 RALLYDEBUG rally_openstack.cleanup.manager [-] Cleaning up neutron loadbalancer objects
2019-11-08 01:04:00.002 13785 RALLYDEBUG rally_openstack.cleanup.manager [-] Cleaning up neutron floatingip objects
2019-11-08 01:04:01.213 13785 RALLYDEBUG rally_openstack.cleanup.manager [-] Cleaning up neutron trunk objects
2019-11-08 01:04:02.360 13785 RALLYDEBUG rally_openstack.cleanup.manager [-] Cleaning up neutron port objects
2019-11-08 01:04:03.549 13785 RALLYDEBUG rally_openstack.cleanup.manager [-] Cleaning up neutron subnet objects
2019-11-08 01:04:04.735 13785 RALLYDEBUG rally_openstack.cleanup.manager [-] Cleaning up neutron network objects
2019-11-08 01:04:06.083 13785 RALLYDEBUG rally_openstack.cleanup.manager [-] Deleting neutron.network object s_rally_cb71e411_gI9rIACv (d2f9bdfe-7f64-4657-8131-34f4931069ef)
2019-11-08 01:04:06.095 13785 RALLYDEBUG rally_openstack.cleanup.manager [-] Deleting neutron.network object s_rally_cb71e411_BQuqsMLR (ddd44c13-ae16-4ba2-b11e-d1c106c39e20)
2019-11-08 01:04:06.100 13785 RALLYDEBUG rally_openstack.cleanup.manager [-] Deleting neutron.network object s_rally_cb71e411_pUa7FFC6 (d894c9e6-b2f7-4fec-a2ff-853173fb29ab)
2019-11-08 01:04:06.102 13785 RALLYDEBUG rally_openstack.cleanup.manager [-] Deleting neutron.network object s_rally_cb71e411_ilMmPkjD (3d85cd8d-c863-43ec-9f2e-d6529f67f29e)
2019-11-08 01:04:06.115 13785 RALLYDEBUG rally_openstack.cleanup.manager [-] Deleting neutron.network object s_rally_cb71e411_RJlPhnCI (0c64bf76-1f4e-4ffb-9484-9e37392f9bf3)
2019-11-08 01:04:06.127 13785 RALLYDEBUG rally_openstack.cleanup.manager [-] Deleting neutron.network object s_rally_cb71e411_vrvyeLFR (110e832b-eb14-4d77-8571-d9958543167f)
2019-11-08 01:04:06.137 13785 RALLYDEBUG rally_openstack.cleanup.manager [-] Deleting neutron.network object s_rally_cb71e411_pDe3vUyo (4038d5ad-e756-4431-b2ac-98b690205520)
2019-11-08 01:04:06.153 13785 RALLYDEBUG rally_openstack.cleanup.manager [-] Deleting neutron.network object s_rally_cb71e411_UZIRC1Up (5ecb06ce-af28-4928-9a6d-09c68fcf2888)
2019-11-08 01:04:06.170 13785 RALLYDEBUG rally_openstack.cleanup.manager [-] Deleting neutron.network object s_rally_cb71e411_qXBwYpmP (dbc49700-6c21-472c-92e3-784500f1879c)
2019-11-08 01:04:06.174 13785 RALLYDEBUG rally_openstack.cleanup.manager [-] Deleting neutron.network object s_rally_cb71e411_ZixUGGiG (ee191faf-a72f-43b9-ab4d-386658861e53)
2019-11-08 01:04:08.622 13785 RALLYDEBUG rally_openstack.cleanup.manager [-] Cleaning up neutron router objects
2019-11-08 01:04:09.850 13785 RALLYDEBUG rally_openstack.cleanup.manager [-] Cleaning up neutron security_group objects
2019-11-08 01:04:11.089 13785 INFO rally.task.context [-] Task 8b34eb2b-eac8-446b-8286-419dc735db84 | Context cleanup@openstack cleanup() finished in 15.77 sec
2019-11-08 01:04:11.089 13785 INFO rally.task.context [-] Task 8b34eb2b-eac8-446b-8286-419dc735db84 | Context quotas@openstack cleanup() started
2019-11-08 01:04:11.339 13785 INFO rally.task.context [-] Task 8b34eb2b-eac8-446b-8286-419dc735db84 | Context quotas@openstack cleanup() finished in 0.25 sec
2019-11-08 01:04:11.339 13785 INFO rally.task.context [-] Task 8b34eb2b-eac8-446b-8286-419dc735db84 | Context users@openstack cleanup() started
2019-11-08 01:04:15.368 13785 INFO rally.task.context [-] Task 8b34eb2b-eac8-446b-8286-419dc735db84 | Context users@openstack cleanup() finished in 4.03 sec
2019-11-08 01:04:15.776 13785 INFO rally.task.engine [-] Load duration is: 2.378759
2019-11-08 01:04:15.777 13785 INFO rally.task.engine [-] Full runner duration is: 2.422729
2019-11-08 01:04:15.777 13785 INFO rally.task.engine [-] Full duration is: 25.77593
2019-11-08 01:04:16.078 13785 INFO rally.task.engine [-] Running workload: position = 0 config = { "version": 2, "title": "A cropped version of a bigger task.", "description": "Auto-generated task from a single workload (uuid=003aa85f-ee27-4825-8cf4-7251c19fb936)", "subtasks": [ { "title": "NeutronNetworks.create_and_list_ports", "description": "Create and a given number of ports and list all ports.", "scenario": { "NeutronNetworks.create_and_list_ports": { "network_create_args": {}, "port_create_args": {}, "ports_per_network": 1 } }, "contexts": { "users": { "tenants": 3, "users_per_tenant": 2 }, "network": { "router": {} }, "quotas": { "neutron": { "network": -1, "port": -1 } } }, "runner": { "constant": { "concurrency": 4, "times": 10 } }, "hooks": [], "sla": { "failure_rate": { "max": 0 } } } ] }
2019-11-08 01:04:16.103 13785 RALLYDEBUG rally_openstack.contexts.keystone.users [-] Creating 3 tenants using 20 threads
2019-11-08 01:04:17.112 13785 RALLYDEBUG rally_openstack.contexts.keystone.users [-] Creating 6 users using 20 threads
2019-11-08 01:04:18.773 13785 INFO rally.task.context [-] Task 8b34eb2b-eac8-446b-8286-419dc735db84 | Context users@openstack setup() finished in 2.67 sec
2019-11-08 01:04:19.563 13785 INFO rally.task.context [-] Task 8b34eb2b-eac8-446b-8286-419dc735db84 | Context quotas@openstack setup() finished in 0.79 sec
2019-11-08 01:04:20.141 13785 RALLYDEBUG rally_openstack.wrappers.network [-] CIDR generated: 10.2.49.0/24
2019-11-08 01:04:21.215 13785 RALLYDEBUG rally_openstack.wrappers.network [-] CIDR generated: 10.2.50.0/24
2019-11-08 01:04:21.978 13785 RALLYDEBUG rally_openstack.wrappers.network [-] CIDR generated: 10.2.51.0/24
2019-11-08 01:04:22.464 13785 INFO rally.task.context [-] Task 8b34eb2b-eac8-446b-8286-419dc735db84 | Context network@openstack setup() finished in 2.90 sec
2019-11-08 01:04:22.464 13785 INFO rally.task.context [-] Task 8b34eb2b-eac8-446b-8286-419dc735db84 | Context cleanup@openstack setup() finished in 0.01 msec
2019-11-08 01:04:22.473 13785 RALLYDEBUG rally.task.runner [-] Starting the constant runner (task UUID: 8b34eb2b-eac8-446b-8286-419dc735db84). times: 10 concurrency: 4 timeout: 0 max_cpu_used: 16 processes_to_start: 4 concurrency_per_worker: 1 concurrency_overhead: 0
2019-11-08 01:04:22.485 16825 RALLYDEBUG rally.task.runner [-] Starting a worker. times: 10 duration: None concurrency: 1 timeout: 0 cls: method_name: run args: {"network_create_args": {}, "port_create_args": {}, "ports_per_network": 1}
2019-11-08 01:04:22.489 16826 RALLYDEBUG rally.task.runner [-] Starting a worker. times: 10 duration: None concurrency: 1 timeout: 0 cls: method_name: run args: {"network_create_args": {}, "port_create_args": {}, "ports_per_network": 1}
2019-11-08 01:04:22.492 16825 INFO rally.task.runner [-] Task 8b34eb2b-eac8-446b-8286-419dc735db84 | ITER: 1 START
2019-11-08 01:04:22.492 16827 RALLYDEBUG rally.task.runner [-] Starting a worker. times: 10 duration: None concurrency: 1 timeout: 0 cls: method_name: run args: {"network_create_args": {}, "port_create_args": {}, "ports_per_network": 1}
2019-11-08 01:04:22.495 16826 INFO rally.task.runner [-] Task 8b34eb2b-eac8-446b-8286-419dc735db84 | ITER: 2 START
2019-11-08 01:04:22.495 16828 RALLYDEBUG rally.task.runner [-] Starting a worker. times: 10 duration: None concurrency: 1 timeout: 0 cls: method_name: run args: {"network_create_args": {}, "port_create_args": {}, "ports_per_network": 1}
2019-11-08 01:04:22.499 16827 INFO rally.task.runner [-] Task 8b34eb2b-eac8-446b-8286-419dc735db84 | ITER: 3 START
2019-11-08 01:04:22.502 16828 INFO rally.task.runner [-] Task 8b34eb2b-eac8-446b-8286-419dc735db84 | ITER: 4 START
2019-11-08 01:04:23.598 16827 INFO rally.task.runner [-] Task 8b34eb2b-eac8-446b-8286-419dc735db84 | ITER: 3 END: OK
2019-11-08 01:04:23.604 16827 INFO rally.task.runner [-] Task 8b34eb2b-eac8-446b-8286-419dc735db84 | ITER: 5 START
2019-11-08 01:04:23.676 16826 INFO rally.task.runner [-] Task 8b34eb2b-eac8-446b-8286-419dc735db84 | ITER: 2 END: OK
2019-11-08 01:04:23.680 16826 INFO rally.task.runner [-] Task 8b34eb2b-eac8-446b-8286-419dc735db84 | ITER: 6 START
2019-11-08 01:04:23.817 16828 INFO rally.task.runner [-] Task 8b34eb2b-eac8-446b-8286-419dc735db84 | ITER: 4 END: OK
2019-11-08 01:04:23.821 16828 INFO rally.task.runner [-] Task 8b34eb2b-eac8-446b-8286-419dc735db84 | ITER: 7 START
2019-11-08 01:04:23.836 16825 INFO rally.task.runner [-] Task 8b34eb2b-eac8-446b-8286-419dc735db84 | ITER: 1 END: OK
2019-11-08 01:04:23.841 16825 INFO rally.task.runner [-] Task 8b34eb2b-eac8-446b-8286-419dc735db84 | ITER: 8 START
2019-11-08 01:04:24.661 16827 INFO rally.task.runner [-] Task 8b34eb2b-eac8-446b-8286-419dc735db84 | ITER: 5 END: OK
2019-11-08 01:04:24.665 16827 INFO rally.task.runner [-] Task 8b34eb2b-eac8-446b-8286-419dc735db84 | ITER: 9 START
2019-11-08 01:04:24.824 16825 INFO rally.task.runner [-] Task 8b34eb2b-eac8-446b-8286-419dc735db84 | ITER: 8 END: OK
2019-11-08 01:04:24.825 16828 INFO rally.task.runner [-] Task 8b34eb2b-eac8-446b-8286-419dc735db84 | ITER: 7 END: OK
2019-11-08 01:04:24.829 16825 INFO rally.task.runner [-] Task 8b34eb2b-eac8-446b-8286-419dc735db84 | ITER: 10 START
2019-11-08 01:04:24.950 16826 INFO rally.task.runner [-] Task 8b34eb2b-eac8-446b-8286-419dc735db84 | ITER: 6 END: OK
2019-11-08 01:04:25.870 16825 INFO rally.task.runner [-] Task 8b34eb2b-eac8-446b-8286-419dc735db84 | ITER: 10 END: OK
2019-11-08 01:04:25.895 16827 INFO rally.task.runner [-] Task 8b34eb2b-eac8-446b-8286-419dc735db84 | ITER: 9 END: OK
2019-11-08 01:04:25.917 13785 INFO rally.task.context [-] Task 8b34eb2b-eac8-446b-8286-419dc735db84 | Context cleanup@openstack cleanup() started
2019-11-08 01:04:25.921 13785 RALLYDEBUG rally_openstack.cleanup.manager [-] Cleaning up neutron vip objects
2019-11-08 01:04:26.992 13785 RALLYDEBUG rally_openstack.cleanup.manager [-] Cleaning up neutron health_monitor objects
2019-11-08 01:04:28.099 13785 RALLYDEBUG rally_openstack.cleanup.manager [-] Cleaning up neutron pool objects
2019-11-08 01:04:29.165 13785 RALLYDEBUG rally_openstack.cleanup.manager [-] Cleaning up neutron loadbalancer objects
2019-11-08 01:04:30.260 13785 RALLYDEBUG rally_openstack.cleanup.manager [-] Cleaning up neutron floatingip objects
2019-11-08 01:04:31.486 13785 RALLYDEBUG rally_openstack.cleanup.manager [-] Cleaning up neutron trunk objects
2019-11-08 01:04:32.613 13785 RALLYDEBUG rally_openstack.cleanup.manager [-] Cleaning up neutron port objects
2019-11-08 01:04:33.895 13785 RALLYDEBUG rally_openstack.cleanup.manager [-] Deleting neutron.port object s_rally_003aa85f_bt03zt7f (46526dd0-3eef-4519-97ea-db6cee9ca794)
2019-11-08 01:04:33.910 13785 RALLYDEBUG rally_openstack.cleanup.manager [-] Deleting neutron.port object s_rally_003aa85f_nu0EUi0Q (a7e9524c-2a03-486e-9aff-33c18d37d0d4)
2019-11-08 01:04:33.914 13785 RALLYDEBUG rally_openstack.cleanup.manager [-] Deleting neutron.port object s_rally_003aa85f_T3alAwRf (76149c29-a996-4efd-aed7-030bac767a19)
2019-11-08 01:04:33.936 13785 RALLYDEBUG rally_openstack.cleanup.manager [-] Deleting neutron.port object s_rally_003aa85f_g7t7niXk (425735ee-22a3-4b9a-9a44-c0f07b67fbf0)
2019-11-08 01:04:33.944 13785 RALLYDEBUG rally_openstack.cleanup.manager [-] Deleting neutron.port object s_rally_003aa85f_64T6PB7L (5b90c44f-a486-4faa-be13-d0b7f07779a0)
2019-11-08 01:04:33.947 13785 RALLYDEBUG rally_openstack.cleanup.manager [-] Deleting neutron.port object s_rally_003aa85f_vsHu4pAW (cb1cfc33-dc61-4fb6-8507-686dd64be422)
2019-11-08 01:04:33.962 13785 RALLYDEBUG rally_openstack.cleanup.manager [-] Deleting neutron.port object s_rally_003aa85f_jwLQUwy2 (15d335de-b4a8-405a-829a-95a8ec7b343a)
2019-11-08 01:04:33.966 13785 RALLYDEBUG rally_openstack.cleanup.manager [-] Deleting neutron.port object s_rally_003aa85f_WAMBkLzi (e5c78708-3c3b-4599-8a4b-9d008a3d2454)
2019-11-08 01:04:33.988 13785 RALLYDEBUG rally_openstack.cleanup.manager [-] Deleting neutron.port object s_rally_003aa85f_QFbcMrhM (1aa2a73f-0f05-4203-a65d-02992a677f72)
2019-11-08 01:04:33.996 13785 RALLYDEBUG rally_openstack.cleanup.manager [-] Deleting neutron.port object s_rally_003aa85f_45LLOI3L (3069dcce-9a09-4d2b-a95a-85a63b6d55d3)
2019-11-08 01:04:36.461 13785 RALLYDEBUG rally_openstack.cleanup.manager [-] Cleaning up neutron subnet objects
2019-11-08 01:04:37.701 13785 RALLYDEBUG rally_openstack.cleanup.manager [-] Cleaning up neutron network objects
2019-11-08 01:04:39.057 13785 RALLYDEBUG rally_openstack.cleanup.manager [-] Cleaning up neutron router objects
2019-11-08 01:04:40.263 13785 RALLYDEBUG rally_openstack.cleanup.manager [-] Cleaning up neutron security_group objects
2019-11-08 01:04:41.480 13785 INFO rally.task.context [-] Task 8b34eb2b-eac8-446b-8286-419dc735db84 | Context cleanup@openstack cleanup() finished in 15.56 sec
2019-11-08 01:04:41.480 13785 INFO rally.task.context [-] Task 8b34eb2b-eac8-446b-8286-419dc735db84 | Context network@openstack cleanup() started
2019-11-08 01:04:52.181 13785 INFO rally.task.context [-] Task 8b34eb2b-eac8-446b-8286-419dc735db84 | Context network@openstack cleanup() finished in 10.70 sec
2019-11-08 01:04:52.182 13785 INFO rally.task.context [-] Task 8b34eb2b-eac8-446b-8286-419dc735db84 | Context quotas@openstack cleanup() started
2019-11-08 01:04:52.296 13785 INFO rally.task.context [-] Task 8b34eb2b-eac8-446b-8286-419dc735db84 | Context quotas@openstack cleanup() finished in 0.11 sec
2019-11-08 01:04:52.297 13785 INFO rally.task.context [-] Task 8b34eb2b-eac8-446b-8286-419dc735db84 | Context users@openstack cleanup() started
2019-11-08 01:04:56.268 13785 INFO rally.task.context [-] Task 8b34eb2b-eac8-446b-8286-419dc735db84 | Context users@openstack cleanup() finished in 3.97 sec
2019-11-08 01:04:56.361 13785 INFO rally.task.engine [-] Load duration is: 3.402064
2019-11-08 01:04:56.361 13785 INFO rally.task.engine [-] Full runner duration is: 3.444504
2019-11-08 01:04:56.362 13785 INFO rally.task.engine [-] Full duration is: 40.166951
2019-11-08 01:04:56.721 13785 INFO rally.task.engine [-] Running workload: position = 0 config = { "version": 2, "title": "A cropped version of a bigger task.", "description": "Auto-generated task from a single workload (uuid=033c0d34-ee0d-423c-bc71-45d0304e658e)", "subtasks": [ { "title": "NeutronNetworks.create_and_list_routers", "description": "Create and a given number of routers and list all routers.", "scenario": { "NeutronNetworks.create_and_list_routers": { "network_create_args": {}, "router_create_args": {}, "subnet_cidr_start": "1.1.0.0/30", "subnet_create_args": {}, "subnets_per_network": 1 } }, "contexts": { "users": { "tenants": 3, "users_per_tenant": 2 }, "quotas": { "neutron": { "network": -1, "subnet": -1, "router": -1 } } }, "runner": { "constant": { "concurrency": 4, "times": 10 } }, "hooks": [], "sla": { "failure_rate": { "max": 0 } } } ] }
2019-11-08 01:04:56.746 13785 RALLYDEBUG rally_openstack.contexts.keystone.users [-] Creating 3 tenants using 20 threads
2019-11-08 01:04:57.678 13785 RALLYDEBUG rally_openstack.contexts.keystone.users [-] Creating 6 users using 20 threads
2019-11-08 01:04:59.181 13785 INFO rally.task.context [-] Task 8b34eb2b-eac8-446b-8286-419dc735db84 | Context users@openstack setup() finished in 2.44 sec
2019-11-08 01:05:00.033 13785 INFO rally.task.context [-] Task 8b34eb2b-eac8-446b-8286-419dc735db84 | Context quotas@openstack setup() finished in 0.85 sec
2019-11-08 01:05:00.033 13785 INFO rally.task.context [-] Task 8b34eb2b-eac8-446b-8286-419dc735db84 | Context cleanup@openstack setup() finished in 0.01 msec
2019-11-08 01:05:00.042 13785 RALLYDEBUG rally.task.runner [-] Starting the constant runner (task UUID: 8b34eb2b-eac8-446b-8286-419dc735db84). times: 10 concurrency: 4 timeout: 0 max_cpu_used: 16 processes_to_start: 4 concurrency_per_worker: 1 concurrency_overhead: 0
2019-11-08 01:05:00.054 17149 RALLYDEBUG rally.task.runner [-] Starting a worker. times: 10 duration: None concurrency: 1 timeout: 0 cls: method_name: run args: {"network_create_args": {}, "router_create_args": {}, "subnet_cidr_start": "1.1.0.0/30", "subnet_create_args": {}, "subnets_per_network": 1}
2019-11-08 01:05:00.058 17150 RALLYDEBUG rally.task.runner [-] Starting a worker. times: 10 duration: None concurrency: 1 timeout: 0 cls: method_name: run args: {"network_create_args": {}, "router_create_args": {}, "subnet_cidr_start": "1.1.0.0/30", "subnet_create_args": {}, "subnets_per_network": 1}
2019-11-08 01:05:00.061 17149 INFO rally.task.runner [-] Task 8b34eb2b-eac8-446b-8286-419dc735db84 | ITER: 1 START
2019-11-08 01:05:00.061 17151 RALLYDEBUG rally.task.runner [-] Starting a worker. times: 10 duration: None concurrency: 1 timeout: 0 cls: method_name: run args: {"network_create_args": {}, "router_create_args": {}, "subnet_cidr_start": "1.1.0.0/30", "subnet_create_args": {}, "subnets_per_network": 1}
2019-11-08 01:05:00.064 17150 INFO rally.task.runner [-] Task 8b34eb2b-eac8-446b-8286-419dc735db84 | ITER: 2 START
2019-11-08 01:05:00.064 17153 RALLYDEBUG rally.task.runner [-] Starting a worker. times: 10 duration: None concurrency: 1 timeout: 0 cls: method_name: run args: {"network_create_args": {}, "router_create_args": {}, "subnet_cidr_start": "1.1.0.0/30", "subnet_create_args": {}, "subnets_per_network": 1}
2019-11-08 01:05:00.067 17151 INFO rally.task.runner [-] Task 8b34eb2b-eac8-446b-8286-419dc735db84 | ITER: 3 START
2019-11-08 01:05:00.070 17153 INFO rally.task.runner [-] Task 8b34eb2b-eac8-446b-8286-419dc735db84 | ITER: 4 START
2019-11-08 01:05:00.715 17151 RALLYDEBUG rally_openstack.wrappers.network [-] CIDR generated: 1.1.0.208/30
2019-11-08 01:05:00.809 17149 RALLYDEBUG rally_openstack.wrappers.network [-] CIDR generated: 1.1.0.212/30
2019-11-08 01:05:00.858 17150 RALLYDEBUG rally_openstack.wrappers.network [-] CIDR generated: 1.1.0.216/30
2019-11-08 01:05:01.542 17153 RALLYDEBUG rally_openstack.wrappers.network [-] CIDR generated: 1.1.0.220/30
2019-11-08 01:05:03.293 17151 INFO rally.task.runner [-] Task 8b34eb2b-eac8-446b-8286-419dc735db84 | ITER: 3 END: OK
2019-11-08 01:05:03.299 17151 INFO rally.task.runner [-] Task 8b34eb2b-eac8-446b-8286-419dc735db84 | ITER: 5 START
2019-11-08 01:05:03.608 17149 INFO rally.task.runner [-] Task 8b34eb2b-eac8-446b-8286-419dc735db84 | ITER: 1 END: OK
2019-11-08 01:05:03.613 17149 INFO rally.task.runner [-] Task 8b34eb2b-eac8-446b-8286-419dc735db84 | ITER: 6 START
2019-11-08 01:05:03.682 17150 INFO rally.task.runner [-] Task 8b34eb2b-eac8-446b-8286-419dc735db84 | ITER: 2 END: OK
2019-11-08 01:05:03.686 17150 INFO rally.task.runner [-] Task 8b34eb2b-eac8-446b-8286-419dc735db84 | ITER: 7 START
2019-11-08 01:05:03.774 17151 RALLYDEBUG rally_openstack.wrappers.network [-] CIDR generated: 1.1.0.224/30
2019-11-08 01:05:04.099 17149 RALLYDEBUG rally_openstack.wrappers.network [-] CIDR generated: 1.1.0.228/30
2019-11-08 01:05:04.169 17150 RALLYDEBUG rally_openstack.wrappers.network [-] CIDR generated: 1.1.0.232/30
2019-11-08 01:05:04.234 17153 INFO rally.task.runner [-] Task 8b34eb2b-eac8-446b-8286-419dc735db84 | ITER: 4 END: OK
2019-11-08 01:05:04.238 17153 INFO rally.task.runner [-] Task 8b34eb2b-eac8-446b-8286-419dc735db84 | ITER: 8 START
2019-11-08 01:05:04.808 17153 RALLYDEBUG rally_openstack.wrappers.network [-] CIDR generated: 1.1.0.236/30
2019-11-08 01:05:06.828 17149 INFO rally.task.runner [-] Task 8b34eb2b-eac8-446b-8286-419dc735db84 | ITER: 6 END: OK
2019-11-08 01:05:06.832 17149 INFO rally.task.runner [-] Task 8b34eb2b-eac8-446b-8286-419dc735db84 | ITER: 9 START
2019-11-08 01:05:06.897 17150 INFO rally.task.runner [-] Task 8b34eb2b-eac8-446b-8286-419dc735db84 | ITER: 7 END: OK
2019-11-08 01:05:06.901 17150 INFO rally.task.runner [-] Task 8b34eb2b-eac8-446b-8286-419dc735db84 | ITER: 10 START
2019-11-08 01:05:06.950 17151 INFO rally.task.runner [-] Task 8b34eb2b-eac8-446b-8286-419dc735db84 | ITER: 5 END: OK
2019-11-08 01:05:07.395 17149 RALLYDEBUG rally_openstack.wrappers.network [-] CIDR generated: 1.1.0.240/30
2019-11-08 01:05:07.400 17150 RALLYDEBUG rally_openstack.wrappers.network [-] CIDR generated: 1.1.0.244/30
2019-11-08 01:05:08.126 17153 INFO rally.task.runner [-] Task 8b34eb2b-eac8-446b-8286-419dc735db84 | ITER: 8 END: OK
2019-11-08 01:05:10.040 17150 INFO rally.task.runner [-] Task 8b34eb2b-eac8-446b-8286-419dc735db84 | ITER: 10 END: OK
2019-11-08 01:05:10.073 17149 INFO rally.task.runner [-] Task 8b34eb2b-eac8-446b-8286-419dc735db84 | ITER: 9 END: OK
2019-11-08 01:05:10.100 13785 INFO rally.task.context [-] Task 8b34eb2b-eac8-446b-8286-419dc735db84 | Context cleanup@openstack cleanup() started
2019-11-08 01:05:10.103 13785 RALLYDEBUG rally_openstack.cleanup.manager [-] Cleaning up neutron vip objects
2019-11-08 01:05:11.170 13785 RALLYDEBUG rally_openstack.cleanup.manager [-] Cleaning up neutron health_monitor objects
2019-11-08 01:05:12.234 13785 RALLYDEBUG rally_openstack.cleanup.manager [-] Cleaning up neutron pool objects
2019-11-08 01:05:13.321 13785 RALLYDEBUG rally_openstack.cleanup.manager [-] Cleaning up neutron loadbalancer objects
2019-11-08 01:05:14.417 13785 RALLYDEBUG rally_openstack.cleanup.manager [-] Cleaning up neutron floatingip objects
2019-11-08 01:05:15.591 13785 RALLYDEBUG rally_openstack.cleanup.manager [-] Cleaning up neutron trunk objects
2019-11-08 01:05:16.686 13785 RALLYDEBUG rally_openstack.cleanup.manager [-] Cleaning up neutron port objects
2019-11-08 01:05:18.946 13785 RALLYDEBUG rally_openstack.cleanup.manager [-] Deleting neutron.port object s_rally_033c0d34_4njlZwu5 (05587ed5-90b0-483e-af50-4df89f75874c)
2019-11-08 01:05:18.957 13785 RALLYDEBUG rally_openstack.cleanup.manager [-] Deleting neutron.port object s_rally_033c0d34_0Z02iRtW (54be376a-b2c4-4647-be07-0fd6b5471c5b)
2019-11-08 01:05:18.976 13785 RALLYDEBUG rally_openstack.cleanup.manager [-] Deleting neutron.port object s_rally_033c0d34_SEf2JM9R (0c6ae1c4-5197-4aeb-918e-62319761f3ec)
2019-11-08 01:05:18.980 13785 RALLYDEBUG rally_openstack.cleanup.manager [-] Deleting neutron.port object s_rally_033c0d34_J6U3sKV2 (1dd22e47-cf4d-479c-b70e-3aba35465d49)
2019-11-08 01:05:18.993 13785 RALLYDEBUG rally_openstack.cleanup.manager [-] Deleting neutron.port object s_rally_033c0d34_Hk8ZRrvG (33d5d4a0-2bb8-407b-ba79-102e370eb6be)
2019-11-08 01:05:19.008 13785 RALLYDEBUG rally_openstack.cleanup.manager [-] Deleting neutron.port object s_rally_033c0d34_6TbR0J5R (5a939b7d-8a1c-40dd-a8e0-423daf378aae)
2019-11-08 01:05:19.038 13785 RALLYDEBUG rally_openstack.cleanup.manager [-] Deleting neutron.port object s_rally_033c0d34_SRMYbvj6 (f39b7c03-28fa-489b-b08e-d62ea5da2c9e)
2019-11-08 01:05:19.064 13785 RALLYDEBUG rally_openstack.cleanup.manager [-] Deleting neutron.port object s_rally_033c0d34_6o8rEolB (774d9839-a1f7-4953-bddd-7927c3876200)
2019-11-08 01:05:19.070 13785 RALLYDEBUG rally_openstack.cleanup.manager [-] Deleting neutron.port object s_rally_033c0d34_os6nopRC (3f11c1a0-521a-477b-a75a-a8a27619c9a2)
2019-11-08 01:05:19.094 13785 RALLYDEBUG rally_openstack.cleanup.manager [-] Deleting neutron.port object s_rally_033c0d34_7wSx8V2N (f2c69afe-b192-4338-90e3-eae53140df06)
2019-11-08 01:05:23.566 13785 RALLYDEBUG rally_openstack.cleanup.manager [-] Cleaning up neutron subnet objects
