2019-11-08 00:31:10.350 3236 RALLYDEBUG rally.task.utils [-] Waiting for resource s_rally_af90f6fb_KWR144ui. Status changed: AVAILABLE => DELETING in 0.05408644676208496
2019-11-08 00:31:11.934 3233 RALLYDEBUG rally.task.utils [-] Waiting for resource s_rally_af90f6fb_WRLmk3nG. Status changed: RESERVED => IN-USE in 2.4085071086883545
2019-11-08 00:31:12.328 3235 RALLYDEBUG rally.task.utils [-] Waiting for resource s_rally_af90f6fb_IxaFQ2Hm. Status changed: AVAILABLE => DELETING in 0.05372309684753418
2019-11-08 00:31:12.407 3234 RALLYDEBUG rally.task.utils [-] Waiting for resource s_rally_af90f6fb_2kRJNtAT. Status changed: DETACHING => AVAILABLE in 2.3989505767822266
2019-11-08 00:31:12.506 3234 RALLYDEBUG rally.task.utils [-] Waiting for resource s_rally_af90f6fb_lSN2o7sz. Status changed: AVAILABLE => DELETING in 0.024086952209472656
2019-11-08 00:31:12.529 3233 RALLYDEBUG rally.task.utils [-] Waiting for resource s_rally_af90f6fb_WRLmk3nG. Status changed: AVAILABLE => DETACHING in 0.43131494522094727
2019-11-08 00:31:14.653 3234 RALLYDEBUG rally.task.utils [-] Waiting for resource s_rally_af90f6fb_2kRJNtAT. Status changed: AVAILABLE => DELETING in 0.05799746513366699
2019-11-08 00:31:14.781 3236 INFO rally.task.runner [-] Task 1bf39f48-4c5b-4e41-bff1-b8fa9a34d7d4 | ITER: 6 END: OK
2019-11-08 00:31:14.786 3236 INFO rally.task.runner [-] Task 1bf39f48-4c5b-4e41-bff1-b8fa9a34d7d4 | ITER: 9 START
2019-11-08 00:31:14.938 3233 RALLYDEBUG rally.task.utils [-] Waiting for resource s_rally_af90f6fb_WRLmk3nG. Status changed: DETACHING => AVAILABLE in 2.409191608428955
2019-11-08 00:31:15.025 3233 RALLYDEBUG rally.task.utils [-] Waiting for resource s_rally_af90f6fb_3YH0se3q. Status changed: AVAILABLE => DELETING in 0.02541947364807129
2019-11-08 00:31:16.751 3235 INFO rally.task.runner [-] Task 1bf39f48-4c5b-4e41-bff1-b8fa9a34d7d4 | ITER: 5 END: OK
2019-11-08 00:31:16.755 3235 INFO rally.task.runner [-] Task 1bf39f48-4c5b-4e41-bff1-b8fa9a34d7d4 | ITER: 10 START
2019-11-08 00:31:17.173 3233 RALLYDEBUG rally.task.utils [-] Waiting for resource s_rally_af90f6fb_WRLmk3nG. Status changed: AVAILABLE => DELETING in 0.05554962158203125
2019-11-08 00:31:19.071 3234 INFO rally.task.runner [-] Task 1bf39f48-4c5b-4e41-bff1-b8fa9a34d7d4 | ITER: 7 END: OK
2019-11-08 00:31:21.669 3233 INFO rally.task.runner [-] Task 1bf39f48-4c5b-4e41-bff1-b8fa9a34d7d4 | ITER: 8 END: OK
2019-11-08 00:31:26.139 3236 RALLYDEBUG rally.task.utils [-] Waiting for resource s_rally_af90f6fb_Td9OrMkX. Status changed: BUILD => ACTIVE in 4.597945690155029
2019-11-08 00:31:26.827 3236 RALLYDEBUG rally.task.utils [-] Waiting for resource s_rally_af90f6fb_amEwXB4R. Status changed: AVAILABLE => RESERVED in 0.41366052627563477
2019-11-08 00:31:29.237 3236 RALLYDEBUG rally.task.utils [-] Waiting for resource s_rally_af90f6fb_amEwXB4R. Status changed: RESERVED => IN-USE in 2.4103591442108154
2019-11-08 00:31:29.814 3236 RALLYDEBUG rally.task.utils [-] Waiting for resource s_rally_af90f6fb_amEwXB4R. Status changed: AVAILABLE => DETACHING in 0.4137136936187744
2019-11-08 00:31:30.525 3235 RALLYDEBUG rally.task.utils [-] Waiting for resource s_rally_af90f6fb_tsDVXNa7. Status changed: BUILD => ACTIVE in 7.080854177474976
2019-11-08 00:31:31.200 3235 RALLYDEBUG rally.task.utils [-] Waiting for resource s_rally_af90f6fb_UGTLhsyF. Status changed: AVAILABLE => RESERVED in 0.40651965141296387
2019-11-08 00:31:32.232 3236 RALLYDEBUG rally.task.utils [-] Waiting for resource s_rally_af90f6fb_amEwXB4R. Status changed: DETACHING => AVAILABLE in 2.4183921813964844
2019-11-08 00:31:32.319 3236 RALLYDEBUG rally.task.utils [-] Waiting for resource s_rally_af90f6fb_M3b2YF9d. Status changed: AVAILABLE => DELETING in 0.02773427963256836
2019-11-08 00:31:33.618 3235 RALLYDEBUG rally.task.utils [-] Waiting for resource s_rally_af90f6fb_UGTLhsyF. Status changed: RESERVED => IN-USE in 2.4174818992614746
2019-11-08 00:31:34.230 3235 RALLYDEBUG rally.task.utils [-] Waiting for resource s_rally_af90f6fb_UGTLhsyF. Status changed: AVAILABLE => DETACHING in 0.43222880363464355
2019-11-08 00:31:34.465 3236 RALLYDEBUG rally.task.utils [-] Waiting for resource s_rally_af90f6fb_amEwXB4R. Status changed: AVAILABLE => DELETING in 0.06196427345275879
2019-11-08 00:31:36.665 3235 RALLYDEBUG rally.task.utils [-] Waiting for resource s_rally_af90f6fb_UGTLhsyF. Status changed: DETACHING => AVAILABLE in 2.435349464416504
2019-11-08 00:31:36.760 3235 RALLYDEBUG rally.task.utils [-] Waiting for resource s_rally_af90f6fb_YtlW8jf8. Status changed: AVAILABLE => DELETING in 0.025213956832885742
2019-11-08 00:31:38.917 3236 INFO rally.task.runner [-] Task 1bf39f48-4c5b-4e41-bff1-b8fa9a34d7d4 | ITER: 9 END: OK
2019-11-08 00:31:38.923 3235 RALLYDEBUG rally.task.utils [-] Waiting for resource s_rally_af90f6fb_UGTLhsyF. Status changed: AVAILABLE => DELETING in 0.06283807754516602
2019-11-08 00:31:43.396 3235 INFO rally.task.runner [-] Task 1bf39f48-4c5b-4e41-bff1-b8fa9a34d7d4 | ITER: 10 END: OK
2019-11-08 00:31:43.424 1845 INFO rally.task.context [-] Task 1bf39f48-4c5b-4e41-bff1-b8fa9a34d7d4 | Context cleanup@openstack cleanup() started
2019-11-08 00:31:43.427 1845 RALLYDEBUG rally_openstack.cleanup.manager [-] Cleaning up nova servers objects
2019-11-08 00:31:44.867 1845 RALLYDEBUG rally_openstack.cleanup.manager [-] Cleaning up nova server_groups objects
2019-11-08 00:31:45.996 1845 RALLYDEBUG rally_openstack.cleanup.manager [-] Cleaning up nova keypairs objects
2019-11-08 00:31:48.344 1845 RALLYDEBUG rally_openstack.cleanup.manager [-] Cleaning up cinder backups objects
2019-11-08 00:31:49.479 1845 RALLYDEBUG rally_openstack.cleanup.manager [-] Cleaning up cinder volume_snapshots objects
2019-11-08 00:31:50.611 1845 RALLYDEBUG rally_openstack.cleanup.manager [-] Cleaning up cinder transfers objects
2019-11-08 00:31:51.714 1845 RALLYDEBUG rally_openstack.cleanup.manager [-] Cleaning up cinder volumes objects
2019-11-08 00:31:52.908 1845 INFO rally.task.context [-] Task 1bf39f48-4c5b-4e41-bff1-b8fa9a34d7d4 | Context cleanup@openstack cleanup() finished in 9.48 sec
2019-11-08 00:31:52.909 1845 INFO rally.task.context [-] Task 1bf39f48-4c5b-4e41-bff1-b8fa9a34d7d4 | Context quotas@openstack cleanup() started
2019-11-08 00:31:52.982 1845 INFO rally.task.context [-] Task 1bf39f48-4c5b-4e41-bff1-b8fa9a34d7d4 | Context quotas@openstack cleanup() finished in 72.95 msec
2019-11-08 00:31:52.982 1845 INFO rally.task.context [-] Task 1bf39f48-4c5b-4e41-bff1-b8fa9a34d7d4 | Context api_versions@openstack cleanup() started
2019-11-08 00:31:52.983 1845 INFO rally.task.context [-] Task 1bf39f48-4c5b-4e41-bff1-b8fa9a34d7d4 | Context api_versions@openstack cleanup() finished in 0.34 msec
2019-11-08 00:31:52.983 1845 INFO rally.task.context [-] Task 1bf39f48-4c5b-4e41-bff1-b8fa9a34d7d4 | Context users@openstack cleanup() started
2019-11-08 00:31:56.919 1845 INFO rally.task.context [-] Task 1bf39f48-4c5b-4e41-bff1-b8fa9a34d7d4 | Context users@openstack cleanup() finished in 3.94 sec
2019-11-08 00:31:57.495 1845 INFO rally.task.engine [-] Load duration is: 74.546726
2019-11-08 00:31:57.496 1845 INFO rally.task.engine [-] Full runner duration is: 75.598657
2019-11-08 00:31:57.496 1845 INFO rally.task.engine [-] Full duration is: 93.84298
2019-11-08 00:31:57.851 1845 INFO rally.task.engine [-] Running workload: position = 0 config = { "version": 2, "title": "A cropped version of a bigger task.", "description": "Auto-generated task from a single workload (uuid=22451c22-fbd2-4c7e-875e-c6734aff5c17)", "subtasks": [ { "title": "CinderVolumes.create_volume", "description": "Create a volume.", "scenario": { "CinderVolumes.create_volume": { "size": 1 } }, "contexts": { "users": { "tenants": 3, "users_per_tenant": 2 }, "api_versions": { "cinder": { "version": 3, "service_type": "volumev3" } } }, "runner": { "constant": { "concurrency": 4, "times": 10 } }, "hooks": [], "sla": { "failure_rate": { "max": 0 } } } ] }
2019-11-08 00:31:57.875 1845 RALLYDEBUG rally_openstack.contexts.keystone.users [-] Creating 3 tenants using 20 threads
2019-11-08 00:31:58.765 1845 RALLYDEBUG rally_openstack.contexts.keystone.users [-] Creating 6 users using 20 threads
2019-11-08 00:32:00.193 1845 INFO rally.task.context [-] Task 1bf39f48-4c5b-4e41-bff1-b8fa9a34d7d4 | Context users@openstack setup() finished in 2.32 sec
2019-11-08 00:32:00.586 1845 INFO rally.task.context [-] Task 1bf39f48-4c5b-4e41-bff1-b8fa9a34d7d4 | Context api_versions@openstack setup() finished in 0.39 sec
2019-11-08 00:32:00.586 1845 INFO rally.task.context [-] Task 1bf39f48-4c5b-4e41-bff1-b8fa9a34d7d4 | Context cleanup@openstack setup() finished in 0.02 msec
2019-11-08 00:32:00.595 1845 RALLYDEBUG rally.task.runner [-] Starting the constant runner (task UUID: 1bf39f48-4c5b-4e41-bff1-b8fa9a34d7d4). times: 10 concurrency: 4 timeout: 0 max_cpu_used: 16 processes_to_start: 4 concurrency_per_worker: 1 concurrency_overhead: 0
2019-11-08 00:32:00.607 3477 RALLYDEBUG rally.task.runner [-] Starting a worker. times: 10 duration: None concurrency: 1 timeout: 0 cls: method_name: run args: {"size": 1}
2019-11-08 00:32:00.610 3478 RALLYDEBUG rally.task.runner [-] Starting a worker. times: 10 duration: None concurrency: 1 timeout: 0 cls: method_name: run args: {"size": 1}
2019-11-08 00:32:00.614 3477 INFO rally.task.runner [-] Task 1bf39f48-4c5b-4e41-bff1-b8fa9a34d7d4 | ITER: 1 START
2019-11-08 00:32:00.614 3479 RALLYDEBUG rally.task.runner [-] Starting a worker. times: 10 duration: None concurrency: 1 timeout: 0 cls: method_name: run args: {"size": 1}
2019-11-08 00:32:00.617 3478 INFO rally.task.runner [-] Task 1bf39f48-4c5b-4e41-bff1-b8fa9a34d7d4 | ITER: 2 START
2019-11-08 00:32:00.617 3480 RALLYDEBUG rally.task.runner [-] Starting a worker. times: 10 duration: None concurrency: 1 timeout: 0 cls: method_name: run args: {"size": 1}
2019-11-08 00:32:00.621 3479 INFO rally.task.runner [-] Task 1bf39f48-4c5b-4e41-bff1-b8fa9a34d7d4 | ITER: 3 START
2019-11-08 00:32:00.625 3480 INFO rally.task.runner [-] Task 1bf39f48-4c5b-4e41-bff1-b8fa9a34d7d4 | ITER: 4 START
2019-11-08 00:32:03.439 3479 INFO rally.task.runner [-] Task 1bf39f48-4c5b-4e41-bff1-b8fa9a34d7d4 | ITER: 3 END: OK
2019-11-08 00:32:03.441 3480 INFO rally.task.runner [-] Task 1bf39f48-4c5b-4e41-bff1-b8fa9a34d7d4 | ITER: 4 END: OK
2019-11-08 00:32:03.443 3479 INFO rally.task.runner [-] Task 1bf39f48-4c5b-4e41-bff1-b8fa9a34d7d4 | ITER: 5 START
2019-11-08 00:32:03.446 3480 INFO rally.task.runner [-] Task 1bf39f48-4c5b-4e41-bff1-b8fa9a34d7d4 | ITER: 6 START
2019-11-08 00:32:03.447 3478 INFO rally.task.runner [-] Task 1bf39f48-4c5b-4e41-bff1-b8fa9a34d7d4 | ITER: 2 END: OK
2019-11-08 00:32:03.450 3477 INFO rally.task.runner [-] Task 1bf39f48-4c5b-4e41-bff1-b8fa9a34d7d4 | ITER: 1 END: OK
2019-11-08 00:32:03.452 3478 INFO rally.task.runner [-] Task 1bf39f48-4c5b-4e41-bff1-b8fa9a34d7d4 | ITER: 7 START
2019-11-08 00:32:03.454 3477 INFO rally.task.runner [-] Task 1bf39f48-4c5b-4e41-bff1-b8fa9a34d7d4 | ITER: 8 START
2019-11-08 00:32:06.133 3477 INFO rally.task.runner [-] Task 1bf39f48-4c5b-4e41-bff1-b8fa9a34d7d4 | ITER: 8 END: OK
2019-11-08 00:32:06.136 3478 INFO rally.task.runner [-] Task 1bf39f48-4c5b-4e41-bff1-b8fa9a34d7d4 | ITER: 7 END: OK
2019-11-08 00:32:06.138 3477 INFO rally.task.runner [-] Task 1bf39f48-4c5b-4e41-bff1-b8fa9a34d7d4 | ITER: 9 START
2019-11-08 00:32:06.139 3478 INFO rally.task.runner [-] Task 1bf39f48-4c5b-4e41-bff1-b8fa9a34d7d4 | ITER: 10 START
2019-11-08 00:32:06.199 3480 INFO rally.task.runner [-] Task 1bf39f48-4c5b-4e41-bff1-b8fa9a34d7d4 | ITER: 6 END: OK
2019-11-08 00:32:06.347 3479 INFO rally.task.runner [-] Task 1bf39f48-4c5b-4e41-bff1-b8fa9a34d7d4 | ITER: 5 END: OK
2019-11-08 00:32:08.805 3478 INFO rally.task.runner [-] Task 1bf39f48-4c5b-4e41-bff1-b8fa9a34d7d4 | ITER: 10 END: OK
2019-11-08 00:32:08.917 3477 INFO rally.task.runner [-] Task 1bf39f48-4c5b-4e41-bff1-b8fa9a34d7d4 | ITER: 9 END: OK
2019-11-08 00:32:08.941 1845 INFO rally.task.context [-] Task 1bf39f48-4c5b-4e41-bff1-b8fa9a34d7d4 | Context cleanup@openstack cleanup() started
2019-11-08 00:32:08.945 1845 RALLYDEBUG rally_openstack.cleanup.manager [-] Cleaning up cinder backups objects
2019-11-08 00:32:10.127 1845 RALLYDEBUG rally_openstack.cleanup.manager [-] Cleaning up cinder volume_snapshots objects
2019-11-08 00:32:11.282 1845 RALLYDEBUG rally_openstack.cleanup.manager [-] Cleaning up cinder transfers objects
2019-11-08 00:32:12.432 1845 RALLYDEBUG rally_openstack.cleanup.manager [-] Cleaning up cinder volumes objects
2019-11-08 00:32:13.655 1845 RALLYDEBUG rally_openstack.cleanup.manager [-] Deleting cinder.volumes object s_rally_22451c22_7pqx5phU (cee5ee72-4c31-45fa-bb4f-ef349aecd3b6)
2019-11-08 00:32:13.664 1845 RALLYDEBUG rally_openstack.cleanup.manager [-] Deleting cinder.volumes object s_rally_22451c22_qDGLToHz (4fe4b5ad-56fc-4916-b9cd-49506842a93f)
2019-11-08 00:32:13.674 1845 RALLYDEBUG rally_openstack.cleanup.manager [-] Deleting cinder.volumes object s_rally_22451c22_ljmdQQK0 (e1dea0e0-d38b-452f-bf15-ade416bff459)
2019-11-08 00:32:13.679 1845 RALLYDEBUG rally_openstack.cleanup.manager [-] Deleting cinder.volumes object s_rally_22451c22_pQ53uPeX (578e5d33-a3ed-46c7-9c9d-3d9edc679937)
2019-11-08 00:32:13.692 1845 RALLYDEBUG rally_openstack.cleanup.manager [-] Deleting cinder.volumes object s_rally_22451c22_UqOzhrWz (09cf175b-6fcb-448f-8fab-39f1e960d710)
2019-11-08 00:32:13.699 1845 RALLYDEBUG rally_openstack.cleanup.manager [-] Deleting cinder.volumes object s_rally_22451c22_xBQFtLql (6061a39f-c0e0-4fce-bd7a-e46ee77b8326)
2019-11-08 00:32:13.715 1845 RALLYDEBUG rally_openstack.cleanup.manager [-] Deleting cinder.volumes object s_rally_22451c22_FVRLmcZ4 (59ce63f0-ab68-454c-a516-219482c25030)
2019-11-08 00:32:13.729 1845 RALLYDEBUG rally_openstack.cleanup.manager [-] Deleting cinder.volumes object s_rally_22451c22_8f3VUUnG (8121bfaf-0ce1-4677-87ac-295a7754ee27)
2019-11-08 00:32:13.739 1845 RALLYDEBUG rally_openstack.cleanup.manager [-] Deleting cinder.volumes object s_rally_22451c22_PL095XoH (18cbdbcd-05d8-4101-b366-18dfad8a0bd7)
2019-11-08 00:32:13.752 1845 RALLYDEBUG rally_openstack.cleanup.manager [-] Deleting cinder.volumes object s_rally_22451c22_z9LKavC3 (0b20d684-15ac-4544-ab5c-75b424d38012)
2019-11-08 00:32:17.447 1845 INFO rally.task.context [-] Task 1bf39f48-4c5b-4e41-bff1-b8fa9a34d7d4 | Context cleanup@openstack cleanup() finished in 8.51 sec
2019-11-08 00:32:17.448 1845 INFO rally.task.context [-] Task 1bf39f48-4c5b-4e41-bff1-b8fa9a34d7d4 | Context api_versions@openstack cleanup() started
2019-11-08 00:32:17.448 1845 INFO rally.task.context [-] Task 1bf39f48-4c5b-4e41-bff1-b8fa9a34d7d4 | Context api_versions@openstack cleanup() finished in 0.39 msec
2019-11-08 00:32:17.448 1845 INFO rally.task.context [-] Task 1bf39f48-4c5b-4e41-bff1-b8fa9a34d7d4 | Context users@openstack cleanup() started
2019-11-08 00:32:21.689 1845 INFO rally.task.context [-] Task 1bf39f48-4c5b-4e41-bff1-b8fa9a34d7d4 | Context users@openstack cleanup() finished in 4.24 sec
2019-11-08 00:32:22.005 1845 INFO rally.task.engine [-] Load duration is: 8.29866
2019-11-08 00:32:22.006 1845 INFO rally.task.engine [-] Full runner duration is: 8.346427
2019-11-08 00:32:22.006 1845 INFO rally.task.engine [-] Full duration is: 23.815943
2019-11-08 00:32:22.247 1845 INFO rally.task.engine [-] Running workload: position = 1 config = { "version": 2, "title": "A cropped version of a bigger task.", "description": "Auto-generated task from a single workload (uuid=a1a27e31-39ec-44e4-9248-1106d0633160)", "subtasks": [ { "title": "CinderVolumes.create_volume", "description": "Create a volume.", "scenario": { "CinderVolumes.create_volume": { "size": { "min": 1, "max": 1 } } }, "contexts": { "users": { "tenants": 3, "users_per_tenant": 2 }, "quotas": { "cinder": { "gigabytes": -1, "snapshots": -1, "volumes": -1 } }, "api_versions": { "cinder": { "version": 3, "service_type": "volumev3" } } }, "runner": { "constant": { "concurrency": 4, "times": 10 } }, "hooks": [], "sla": { "failure_rate": { "max": 0 } } } ] }
2019-11-08 00:32:22.271 1845 RALLYDEBUG rally_openstack.contexts.keystone.users [-] Creating 3 tenants using 20 threads
2019-11-08 00:32:23.296 1845 RALLYDEBUG rally_openstack.contexts.keystone.users [-] Creating 6 users using 20 threads
2019-11-08 00:32:24.867 1845 INFO rally.task.context [-] Task 1bf39f48-4c5b-4e41-bff1-b8fa9a34d7d4 | Context users@openstack setup() finished in 2.60 sec
2019-11-08 00:32:25.262 1845 INFO rally.task.context [-] Task 1bf39f48-4c5b-4e41-bff1-b8fa9a34d7d4 | Context api_versions@openstack setup() finished in 0.39 sec
2019-11-08 00:32:26.020 1845 INFO rally.task.context [-] Task 1bf39f48-4c5b-4e41-bff1-b8fa9a34d7d4 | Context quotas@openstack setup() finished in 0.76 sec
2019-11-08 00:32:26.021 1845 INFO rally.task.context [-] Task 1bf39f48-4c5b-4e41-bff1-b8fa9a34d7d4 | Context cleanup@openstack setup() finished in 0.01 msec
2019-11-08 00:32:26.031 1845 RALLYDEBUG rally.task.runner [-] Starting the constant runner (task UUID: 1bf39f48-4c5b-4e41-bff1-b8fa9a34d7d4). times: 10 concurrency: 4 timeout: 0 max_cpu_used: 16 processes_to_start: 4 concurrency_per_worker: 1 concurrency_overhead: 0
2019-11-08 00:32:26.042 3661 RALLYDEBUG rally.task.runner [-] Starting a worker. times: 10 duration: None concurrency: 1 timeout: 0 cls: method_name: run args: {"size": {"min": 1, "max": 1}}
2019-11-08 00:32:26.046 3662 RALLYDEBUG rally.task.runner [-] Starting a worker. times: 10 duration: None concurrency: 1 timeout: 0 cls: method_name: run args: {"size": {"min": 1, "max": 1}}
2019-11-08 00:32:26.049 3661 INFO rally.task.runner [-] Task 1bf39f48-4c5b-4e41-bff1-b8fa9a34d7d4 | ITER: 1 START
2019-11-08 00:32:26.050 3663 RALLYDEBUG rally.task.runner [-] Starting a worker. times: 10 duration: None concurrency: 1 timeout: 0 cls: method_name: run args: {"size": {"min": 1, "max": 1}}
2019-11-08 00:32:26.053 3662 INFO rally.task.runner [-] Task 1bf39f48-4c5b-4e41-bff1-b8fa9a34d7d4 | ITER: 2 START
2019-11-08 00:32:26.053 3665 RALLYDEBUG rally.task.runner [-] Starting a worker. times: 10 duration: None concurrency: 1 timeout: 0 cls: method_name: run args: {"size": {"min": 1, "max": 1}}
2019-11-08 00:32:26.056 3663 INFO rally.task.runner [-] Task 1bf39f48-4c5b-4e41-bff1-b8fa9a34d7d4 | ITER: 3 START
2019-11-08 00:32:26.059 3665 INFO rally.task.runner [-] Task 1bf39f48-4c5b-4e41-bff1-b8fa9a34d7d4 | ITER: 4 START
2019-11-08 00:32:28.847 3663 INFO rally.task.runner [-] Task 1bf39f48-4c5b-4e41-bff1-b8fa9a34d7d4 | ITER: 3 END: OK
2019-11-08 00:32:28.852 3663 INFO rally.task.runner [-] Task 1bf39f48-4c5b-4e41-bff1-b8fa9a34d7d4 | ITER: 5 START
2019-11-08 00:32:28.868 3665 INFO rally.task.runner [-] Task 1bf39f48-4c5b-4e41-bff1-b8fa9a34d7d4 | ITER: 4 END: OK
2019-11-08 00:32:28.873 3665 INFO rally.task.runner [-] Task 1bf39f48-4c5b-4e41-bff1-b8fa9a34d7d4 | ITER: 6 START
2019-11-08 00:32:28.882 3661 INFO rally.task.runner [-] Task 1bf39f48-4c5b-4e41-bff1-b8fa9a34d7d4 | ITER: 1 END: OK
2019-11-08 00:32:28.887 3661 INFO rally.task.runner [-] Task 1bf39f48-4c5b-4e41-bff1-b8fa9a34d7d4 | ITER: 7 START
2019-11-08 00:32:29.120 3662 INFO rally.task.runner [-] Task 1bf39f48-4c5b-4e41-bff1-b8fa9a34d7d4 | ITER: 2 END: OK
2019-11-08 00:32:29.125 3662 INFO rally.task.runner [-] Task 1bf39f48-4c5b-4e41-bff1-b8fa9a34d7d4 | ITER: 8 START
2019-11-08 00:32:31.526 3665 INFO rally.task.runner [-] Task 1bf39f48-4c5b-4e41-bff1-b8fa9a34d7d4 | ITER: 6 END: OK
2019-11-08 00:32:31.531 3665 INFO rally.task.runner [-] Task 1bf39f48-4c5b-4e41-bff1-b8fa9a34d7d4 | ITER: 9 START
2019-11-08 00:32:31.540 3661 INFO rally.task.runner [-] Task 1bf39f48-4c5b-4e41-bff1-b8fa9a34d7d4 | ITER: 7 END: OK
2019-11-08 00:32:31.543 3661 INFO rally.task.runner [-] Task 1bf39f48-4c5b-4e41-bff1-b8fa9a34d7d4 | ITER: 10 START
2019-11-08 00:32:31.769 3662 INFO rally.task.runner [-] Task 1bf39f48-4c5b-4e41-bff1-b8fa9a34d7d4 | ITER: 8 END: OK
2019-11-08 00:32:31.823 3663 INFO rally.task.runner [-] Task 1bf39f48-4c5b-4e41-bff1-b8fa9a34d7d4 | ITER: 5 END: OK
2019-11-08 00:32:34.210 3665 INFO rally.task.runner [-] Task 1bf39f48-4c5b-4e41-bff1-b8fa9a34d7d4 | ITER: 9 END: OK
2019-11-08 00:32:34.222 3661 INFO rally.task.runner [-] Task 1bf39f48-4c5b-4e41-bff1-b8fa9a34d7d4 | ITER: 10 END: OK
2019-11-08 00:32:34.245 1845 INFO rally.task.context [-] Task 1bf39f48-4c5b-4e41-bff1-b8fa9a34d7d4 | Context cleanup@openstack cleanup() started
2019-11-08 00:32:34.248 1845 RALLYDEBUG rally_openstack.cleanup.manager [-] Cleaning up cinder backups objects
2019-11-08 00:32:35.433 1845 RALLYDEBUG rally_openstack.cleanup.manager [-] Cleaning up cinder volume_snapshots objects
2019-11-08 00:32:36.583 1845 RALLYDEBUG rally_openstack.cleanup.manager [-] Cleaning up cinder transfers objects
2019-11-08 00:32:37.695 1845 RALLYDEBUG rally_openstack.cleanup.manager [-] Cleaning up cinder volumes objects
2019-11-08 00:32:39.196 1845 RALLYDEBUG rally_openstack.cleanup.manager [-] Deleting cinder.volumes object s_rally_a1a27e31_Ng2Eq7jc (dc724a17-f17d-4a09-8266-103185fdb8f4)
2019-11-08 00:32:39.206 1845 RALLYDEBUG rally_openstack.cleanup.manager [-] Deleting cinder.volumes object s_rally_a1a27e31_ZROaxmLh (dacd4872-7204-416e-bafb-b7270e3b58d0)
2019-11-08 00:32:39.215 1845 RALLYDEBUG rally_openstack.cleanup.manager [-] Deleting cinder.volumes object s_rally_a1a27e31_X9DAjYJ2 (43d242f2-9d45-4914-8688-bd40eeddae38)
2019-11-08 00:32:39.219 1845 RALLYDEBUG rally_openstack.cleanup.manager [-] Deleting cinder.volumes object s_rally_a1a27e31_lGzNqmmB (5beba395-372b-4781-95dc-a855856bef88)
2019-11-08 00:32:39.234 1845 RALLYDEBUG rally_openstack.cleanup.manager [-] Deleting cinder.volumes object s_rally_a1a27e31_qiY5LuoM (58c8670d-c5f6-484a-aec4-dde4e8166fe4)
2019-11-08 00:32:39.238 1845 RALLYDEBUG rally_openstack.cleanup.manager [-] Deleting cinder.volumes object s_rally_a1a27e31_3mWAhaf4 (22bc39cf-7357-40f9-bd99-ec014f640e2a)
2019-11-08 00:32:39.252 1845 RALLYDEBUG rally_openstack.cleanup.manager [-] Deleting cinder.volumes object s_rally_a1a27e31_063Qb24D (95d1fbef-1d2f-464c-91b0-a047e8f6c99e)
2019-11-08 00:32:39.256 1845 RALLYDEBUG rally_openstack.cleanup.manager [-] Deleting cinder.volumes object s_rally_a1a27e31_IfLKMkBl (bc827793-c0d3-45e7-be8d-1c70f35004ad)
2019-11-08 00:32:39.278 1845 RALLYDEBUG rally_openstack.cleanup.manager [-] Deleting cinder.volumes object s_rally_a1a27e31_Uv45Bu76 (7ccc4b2e-18c5-48b9-a8d7-768496590300)
2019-11-08 00:32:39.293 1845 RALLYDEBUG rally_openstack.cleanup.manager [-] Deleting cinder.volumes object s_rally_a1a27e31_WG0ffxhV (6c506413-2701-4538-95ec-ba51348ac1d6)
2019-11-08 00:32:43.002 1845 INFO rally.task.context [-] Task 1bf39f48-4c5b-4e41-bff1-b8fa9a34d7d4 | Context cleanup@openstack cleanup() finished in 8.76 sec
2019-11-08 00:32:43.002 1845 INFO rally.task.context [-] Task 1bf39f48-4c5b-4e41-bff1-b8fa9a34d7d4 | Context quotas@openstack cleanup() started
2019-11-08 00:32:43.074 1845 INFO rally.task.context [-] Task 1bf39f48-4c5b-4e41-bff1-b8fa9a34d7d4 | Context quotas@openstack cleanup() finished in 71.86 msec
2019-11-08 00:32:43.075 1845 INFO rally.task.context [-] Task 1bf39f48-4c5b-4e41-bff1-b8fa9a34d7d4 | Context api_versions@openstack cleanup() started
2019-11-08 00:32:43.075 1845 INFO rally.task.context [-] Task 1bf39f48-4c5b-4e41-bff1-b8fa9a34d7d4 | Context api_versions@openstack cleanup() finished in 0.40 msec
2019-11-08 00:32:43.076 1845 INFO rally.task.context [-] Task 1bf39f48-4c5b-4e41-bff1-b8fa9a34d7d4 | Context users@openstack cleanup() started
2019-11-08 00:32:47.517 1845 INFO rally.task.context [-] Task 1bf39f48-4c5b-4e41-bff1-b8fa9a34d7d4 | Context users@openstack cleanup() finished in 4.44 sec
2019-11-08 00:32:48.461 1845 INFO rally.task.engine [-] Load duration is: 8.168837
2019-11-08 00:32:48.461 1845 INFO rally.task.engine [-] Full runner duration is: 8.214555
2019-11-08 00:32:48.462 1845 INFO rally.task.engine [-] Full duration is: 25.248646
2019-11-08 00:32:48.804 1845 INFO rally.task.engine [-] Running workload: position = 0 config = { "version": 2, "title": "A cropped version of a bigger task.", "description": "Auto-generated task from a single workload (uuid=e8ecc22b-a133-4506-8f6e-de2692baca2c)", "subtasks": [ { "title": "CinderVolumes.list_volumes", "description": "List all volumes.", "scenario": { "CinderVolumes.list_volumes": { "detailed": true } }, "contexts": { "users": { "tenants": 3, "users_per_tenant": 2 }, "quotas": { "cinder": { "gigabytes": -1, "snapshots": -1, "volumes": -1 } }, "api_versions": { "cinder": { "version": 3, "service_type": "volumev3" } }, "volumes": { "size": 1, "volumes_per_tenant": 4 } }, "runner": { "constant": { "concurrency": 4, "times": 10 } }, "hooks": [], "sla": { "failure_rate": { "max": 0 } } } ] }
2019-11-08 00:32:48.830 1845 RALLYDEBUG rally_openstack.contexts.keystone.users [-] Creating 3 tenants using 20 threads
2019-11-08 00:32:49.840 1845 RALLYDEBUG rally_openstack.contexts.keystone.users [-] Creating 6 users using 20 threads
2019-11-08 00:32:51.335 1845 INFO rally.task.context [-] Task 1bf39f48-4c5b-4e41-bff1-b8fa9a34d7d4 | Context users@openstack setup() finished in 2.51 sec
2019-11-08 00:32:51.732 1845 INFO rally.task.context [-] Task 1bf39f48-4c5b-4e41-bff1-b8fa9a34d7d4 | Context api_versions@openstack setup() finished in 0.40 sec
2019-11-08 00:32:52.563 1845 INFO rally.task.context [-] Task 1bf39f48-4c5b-4e41-bff1-b8fa9a34d7d4 | Context quotas@openstack setup() finished in 0.83 sec
2019-11-08 00:33:22.529 1845 INFO rally.task.context [-] Task 1bf39f48-4c5b-4e41-bff1-b8fa9a34d7d4 | Context volumes@openstack setup() finished in 29.97 sec
2019-11-08 00:33:22.539 1845 RALLYDEBUG rally.task.runner [-] Starting the constant runner (task UUID: 1bf39f48-4c5b-4e41-bff1-b8fa9a34d7d4). times: 10 concurrency: 4 timeout: 0 max_cpu_used: 16 processes_to_start: 4 concurrency_per_worker: 1 concurrency_overhead: 0
2019-11-08 00:33:22.551 3845 RALLYDEBUG rally.task.runner [-] Starting a worker. times: 10 duration: None concurrency: 1 timeout: 0 cls: method_name: run args: {"detailed": true}
2019-11-08 00:33:22.554 3846 RALLYDEBUG rally.task.runner [-] Starting a worker. times: 10 duration: None concurrency: 1 timeout: 0 cls: method_name: run args: {"detailed": true}
2019-11-08 00:33:22.559 3845 INFO rally.task.runner [-] Task 1bf39f48-4c5b-4e41-bff1-b8fa9a34d7d4 | ITER: 1 START
2019-11-08 00:33:22.558 3847 RALLYDEBUG rally.task.runner [-] Starting a worker. times: 10 duration: None concurrency: 1 timeout: 0 cls: method_name: run args: {"detailed": true}
2019-11-08 00:33:22.562 3846 INFO rally.task.runner [-] Task 1bf39f48-4c5b-4e41-bff1-b8fa9a34d7d4 | ITER: 2 START
2019-11-08 00:33:22.562 3848 RALLYDEBUG rally.task.runner [-] Starting a worker. times: 10 duration: None concurrency: 1 timeout: 0 cls: method_name: run args: {"detailed": true}
2019-11-08 00:33:22.566 3847 INFO rally.task.runner [-] Task 1bf39f48-4c5b-4e41-bff1-b8fa9a34d7d4 | ITER: 3 START
2019-11-08 00:33:22.569 3848 INFO rally.task.runner [-] Task 1bf39f48-4c5b-4e41-bff1-b8fa9a34d7d4 | ITER: 4 START
2019-11-08 00:33:22.966 3846 INFO rally.task.runner [-] Task 1bf39f48-4c5b-4e41-bff1-b8fa9a34d7d4 | ITER: 2 END: OK
2019-11-08 00:33:22.971 3847 INFO rally.task.runner [-] Task 1bf39f48-4c5b-4e41-bff1-b8fa9a34d7d4 | ITER: 3 END: OK
2019-11-08 00:33:22.971 3846 INFO rally.task.runner [-] Task 1bf39f48-4c5b-4e41-bff1-b8fa9a34d7d4 | ITER: 5 START
2019-11-08 00:33:22.976 3847 INFO rally.task.runner [-] Task 1bf39f48-4c5b-4e41-bff1-b8fa9a34d7d4 | ITER: 6 START
2019-11-08 00:33:22.983 3848 INFO rally.task.runner [-] Task 1bf39f48-4c5b-4e41-bff1-b8fa9a34d7d4 | ITER: 4 END: OK
2019-11-08 00:33:22.984 3845 INFO rally.task.runner [-] Task 1bf39f48-4c5b-4e41-bff1-b8fa9a34d7d4 | ITER: 1 END: OK
2019-11-08 00:33:22.988 3848 INFO rally.task.runner [-] Task 1bf39f48-4c5b-4e41-bff1-b8fa9a34d7d4 | ITER: 7 START
2019-11-08 00:33:22.991 3845 INFO rally.task.runner [-] Task 1bf39f48-4c5b-4e41-bff1-b8fa9a34d7d4 | ITER: 8 START
2019-11-08 00:33:23.361 3846 INFO rally.task.runner [-] Task 1bf39f48-4c5b-4e41-bff1-b8fa9a34d7d4 | ITER: 5 END: OK
2019-11-08 00:33:23.363 3847 INFO rally.task.runner [-] Task 1bf39f48-4c5b-4e41-bff1-b8fa9a34d7d4 | ITER: 6 END: OK
2019-11-08 00:33:23.364 3846 INFO rally.task.runner [-] Task 1bf39f48-4c5b-4e41-bff1-b8fa9a34d7d4 | ITER: 9 START
2019-11-08 00:33:23.367 3847 INFO rally.task.runner [-] Task 1bf39f48-4c5b-4e41-bff1-b8fa9a34d7d4 | ITER: 10 START
2019-11-08 00:33:23.378 3845 INFO rally.task.runner [-] Task 1bf39f48-4c5b-4e41-bff1-b8fa9a34d7d4 | ITER: 8 END: OK
2019-11-08 00:33:23.471 3848 INFO rally.task.runner [-] Task 1bf39f48-4c5b-4e41-bff1-b8fa9a34d7d4 | ITER: 7 END: OK
2019-11-08 00:33:23.760 3847 INFO rally.task.runner [-] Task 1bf39f48-4c5b-4e41-bff1-b8fa9a34d7d4 | ITER: 10 END: OK
2019-11-08 00:33:23.852 3846 INFO rally.task.runner [-] Task 1bf39f48-4c5b-4e41-bff1-b8fa9a34d7d4 | ITER: 9 END: OK
2019-11-08 00:33:23.882 1845 INFO rally.task.context [-] Task 1bf39f48-4c5b-4e41-bff1-b8fa9a34d7d4 | Context volumes@openstack cleanup() started
2019-11-08 00:33:23.883 1845 RALLYDEBUG rally_openstack.cleanup.manager [-] Cleaning up cinder volumes objects
2019-11-08 00:33:25.199 1845 RALLYDEBUG rally_openstack.cleanup.manager [-] Deleting cinder.volumes object c_rally_e8ecc22b_ZVVZb86h (7318529f-5125-45f5-87ba-236be9608f42)
2019-11-08 00:33:25.205 1845 RALLYDEBUG rally_openstack.cleanup.manager [-] Deleting cinder.volumes object c_rally_e8ecc22b_dksdrvcZ (36c91d92-e214-41a8-897d-ab39b4fc3cc9)
2019-11-08 00:33:25.211 1845 RALLYDEBUG rally_openstack.cleanup.manager [-] Deleting cinder.volumes object c_rally_e8ecc22b_fBABvh8y (624cac69-5722-4f84-98a2-2ed211ed1ace)
2019-11-08 00:33:25.213 1845 RALLYDEBUG rally_openstack.cleanup.manager [-] Deleting cinder.volumes object c_rally_e8ecc22b_SdPHPcPV (bc5ddd7b-8cc3-49cd-ae06-9a2a0787d2dd)
2019-11-08 00:33:25.224 1845 RALLYDEBUG rally_openstack.cleanup.manager [-] Deleting cinder.volumes object c_rally_e8ecc22b_X7U9xVOc (daf38d7f-6466-4de7-a2a7-ddfaa28493a7)
2019-11-08 00:33:25.245 1845 RALLYDEBUG rally_openstack.cleanup.manager [-] Deleting cinder.volumes object c_rally_e8ecc22b_1M60IdB6 (6f2f5a20-4da0-46d3-b2db-438b9bfe862e)
2019-11-08 00:33:25.257 1845 RALLYDEBUG rally_openstack.cleanup.manager [-] Deleting cinder.volumes object c_rally_e8ecc22b_OZcVKP1Z (17898f3e-6d8b-4255-a229-a7a3d6e3db23)
2019-11-08 00:33:25.264 1845 RALLYDEBUG rally_openstack.cleanup.manager [-] Deleting cinder.volumes object c_rally_e8ecc22b_GNVMBZLo (b7110a3b-723f-44d2-9155-5127dce8a21f)
2019-11-08 00:33:25.270 1845 RALLYDEBUG rally_openstack.cleanup.manager [-] Deleting cinder.volumes object c_rally_e8ecc22b_VT4x12Cu (dc1ab83b-de0a-44ce-b4cf-1a5bf8460797)
2019-11-08 00:33:25.271 1845 RALLYDEBUG rally_openstack.cleanup.manager [-] Deleting cinder.volumes object c_rally_e8ecc22b_qLIhUTXt (bb7ee0fb-d22e-4fd5-8768-abd7b37466f2)
2019-11-08 00:33:25.282 1845 RALLYDEBUG rally_openstack.cleanup.manager [-] Deleting cinder.volumes object c_rally_e8ecc22b_ZsZn3c1i (dd3cc606-e991-4cfe-ab6e-c6597666bc88)
2019-11-08 00:33:25.288 1845 RALLYDEBUG rally_openstack.cleanup.manager [-] Deleting cinder.volumes object c_rally_e8ecc22b_tqpFX2T2 (6eb87c1f-7333-4c37-b4d1-52c9f955976e)
2019-11-08 00:33:29.155 1845 INFO rally.task.context [-] Task 1bf39f48-4c5b-4e41-bff1-b8fa9a34d7d4 | Context volumes@openstack cleanup() finished in 5.27 sec
2019-11-08 00:33:29.156 1845 INFO rally.task.context [-] Task 1bf39f48-4c5b-4e41-bff1-b8fa9a34d7d4 | Context quotas@openstack cleanup() started
2019-11-08 00:33:29.235 1845 INFO rally.task.context [-] Task 1bf39f48-4c5b-4e41-bff1-b8fa9a34d7d4 | Context quotas@openstack cleanup() finished in 79.16 msec
2019-11-08 00:33:29.235 1845 INFO rally.task.context [-] Task 1bf39f48-4c5b-4e41-bff1-b8fa9a34d7d4 | Context api_versions@openstack cleanup() started
2019-11-08 00:33:29.236 1845 INFO rally.task.context [-] Task 1bf39f48-4c5b-4e41-bff1-b8fa9a34d7d4 | Context api_versions@openstack cleanup() finished in 0.34 msec
2019-11-08 00:33:29.236 1845 INFO rally.task.context [-] Task 1bf39f48-4c5b-4e41-bff1-b8fa9a34d7d4 | Context users@openstack cleanup() started
2019-11-08 00:33:33.388 1845 INFO rally.task.context [-] Task 1bf39f48-4c5b-4e41-bff1-b8fa9a34d7d4 | Context users@openstack cleanup() finished in 4.15 sec
2019-11-08 00:33:35.061 1845 INFO rally.task.engine [-] Load duration is: 1.289425
2019-11-08 00:33:35.062 1845 INFO rally.task.engine [-] Full runner duration is: 1.343387
2019-11-08 00:33:35.062 1845 INFO rally.task.engine [-] Full duration is: 44.56074
2019-11-08 00:33:35.433 1845 INFO rally.task.engine [-] Running workload: position = 0 config = { "version": 2, "title": "A cropped version of a bigger task.", "description": "Auto-generated task from a single workload (uuid=a1c7979f-9579-4b8b-81cb-f3c57e23269b)", "subtasks": [ { "title": "CinderVolumes.create_and_delete_snapshot", "description": "Create and then delete a volume-snapshot.", "scenario": { "CinderVolumes.create_and_delete_snapshot": { "force": false } }, "contexts": { "users": { "tenants": 3, "users_per_tenant": 2 }, "quotas": { "cinder": { "gigabytes": -1, "snapshots": -1, "volumes": -1 } }, "api_versions": { "cinder": { "version": 3, "service_type": "volumev3" } }, "volumes": { "size": 1, "volumes_per_tenant": 1 } }, "runner": { "constant": { "concurrency": 4, "times": 10 } }, "hooks": [], "sla": { "failure_rate": { "max": 0 } } } ] }
2019-11-08 00:33:35.460 1845 RALLYDEBUG rally_openstack.contexts.keystone.users [-] Creating 3 tenants using 20 threads
2019-11-08 00:33:36.520 1845 RALLYDEBUG rally_openstack.contexts.keystone.users [-] Creating 6 users using 20 threads
2019-11-08 00:33:38.118 1845 INFO rally.task.context [-] Task 1bf39f48-4c5b-4e41-bff1-b8fa9a34d7d4 | Context users@openstack setup() finished in 2.66 sec
2019-11-08 00:33:38.522 1845 INFO rally.task.context [-] Task 1bf39f48-4c5b-4e41-bff1-b8fa9a34d7d4 | Context api_versions@openstack setup() finished in 0.40 sec
2019-11-08 00:33:39.295 1845 INFO rally.task.context [-] Task 1bf39f48-4c5b-4e41-bff1-b8fa9a34d7d4 | Context quotas@openstack setup() finished in 0.77 sec
2019-11-08 00:33:47.843 1845 INFO rally.task.context [-] Task 1bf39f48-4c5b-4e41-bff1-b8fa9a34d7d4 | Context volumes@openstack setup() finished in 8.55 sec
2019-11-08 00:33:47.844 1845 INFO rally.task.context [-] Task 1bf39f48-4c5b-4e41-bff1-b8fa9a34d7d4 | Context cleanup@openstack setup() finished in 0.00 msec
2019-11-08 00:33:47.853 1845 RALLYDEBUG rally.task.runner [-] Starting the constant runner (task UUID: 1bf39f48-4c5b-4e41-bff1-b8fa9a34d7d4). times: 10 concurrency: 4 timeout: 0 max_cpu_used: 16 processes_to_start: 4 concurrency_per_worker: 1 concurrency_overhead: 0
2019-11-08 00:33:47.864 3969 RALLYDEBUG rally.task.runner [-] Starting a worker. times: 10 duration: None concurrency: 1 timeout: 0 cls: method_name: run args: {"force": false}
2019-11-08 00:33:47.869 3970 RALLYDEBUG rally.task.runner [-] Starting a worker. times: 10 duration: None concurrency: 1 timeout: 0 cls: method_name: run args: {"force": false}
2019-11-08 00:33:47.871 3969 INFO rally.task.runner [-] Task 1bf39f48-4c5b-4e41-bff1-b8fa9a34d7d4 | ITER: 1 START
2019-11-08 00:33:47.872 3971 RALLYDEBUG rally.task.runner [-] Starting a worker. times: 10 duration: None concurrency: 1 timeout: 0 cls: method_name: run args: {"force": false}
2019-11-08 00:33:47.876 3970 INFO rally.task.runner [-] Task 1bf39f48-4c5b-4e41-bff1-b8fa9a34d7d4 | ITER: 2 START
2019-11-08 00:33:47.876 3974 RALLYDEBUG rally.task.runner [-] Starting a worker. times: 10 duration: None concurrency: 1 timeout: 0 cls: method_name: run args: {"force": false}
2019-11-08 00:33:47.879 3971 INFO rally.task.runner [-] Task 1bf39f48-4c5b-4e41-bff1-b8fa9a34d7d4 | ITER: 3 START
2019-11-08 00:33:47.882 3974 INFO rally.task.runner [-] Task 1bf39f48-4c5b-4e41-bff1-b8fa9a34d7d4 | ITER: 4 START
2019-11-08 00:33:50.543 3969 RALLYDEBUG rally.task.utils [-] Waiting for resource s_rally_a1c7979f_TYgLctKt. Status changed: AVAILABLE => DELETING in 0.02798628807067871
2019-11-08 00:33:50.559 3974 RALLYDEBUG rally.task.utils [-] Waiting for resource s_rally_a1c7979f_LfKVv0No. Status changed: AVAILABLE => DELETING in 0.02500772476196289
2019-11-08 00:33:50.600 3971 RALLYDEBUG rally.task.utils [-] Waiting for resource s_rally_a1c7979f_2vMz9Xlg. Status changed: AVAILABLE => DELETING in 0.025323152542114258
2019-11-08 00:33:50.606 3970 RALLYDEBUG rally.task.utils [-] Waiting for resource s_rally_a1c7979f_SdeeUN0Y. Status changed: AVAILABLE => DELETING in 0.025621891021728516
2019-11-08 00:33:52.574 3969 INFO rally.task.runner [-] Task 1bf39f48-4c5b-4e41-bff1-b8fa9a34d7d4 | ITER: 1 END: OK
2019-11-08 00:33:52.579 3969 INFO rally.task.runner [-] Task 1bf39f48-4c5b-4e41-bff1-b8fa9a34d7d4 | ITER: 5 START
2019-11-08 00:33:52.592 3974 INFO rally.task.runner [-] Task 1bf39f48-4c5b-4e41-bff1-b8fa9a34d7d4 | ITER: 4 END: OK
2019-11-08 00:33:52.597 3974 INFO rally.task.runner [-] Task 1bf39f48-4c5b-4e41-bff1-b8fa9a34d7d4 | ITER: 6 START
2019-11-08 00:33:52.628 3971 INFO rally.task.runner [-] Task 1bf39f48-4c5b-4e41-bff1-b8fa9a34d7d4 | ITER: 3 END: OK
2019-11-08 00:33:52.633 3971 INFO rally.task.runner [-] Task 1bf39f48-4c5b-4e41-bff1-b8fa9a34d7d4 | ITER: 7 START
2019-11-08 00:33:52.636 3970 INFO rally.task.runner [-] Task 1bf39f48-4c5b-4e41-bff1-b8fa9a34d7d4 | ITER: 2 END: OK
2019-11-08 00:33:52.641 3970 INFO rally.task.runner [-] Task 1bf39f48-4c5b-4e41-bff1-b8fa9a34d7d4 | ITER: 8 START
2019-11-08 00:33:55.234 3974 RALLYDEBUG rally.task.utils [-] Waiting for resource s_rally_a1c7979f_3gLmkeIw. Status changed: AVAILABLE => DELETING in 0.026419639587402344
2019-11-08 00:33:55.234 3969 RALLYDEBUG rally.task.utils [-] Waiting for resource s_rally_a1c7979f_FysY6BEH. Status changed: AVAILABLE => DELETING in 0.02661585807800293
2019-11-08 00:33:55.261 3970 RALLYDEBUG rally.task.utils [-] Waiting for resource s_rally_a1c7979f_SMO64piP. Status changed: AVAILABLE => DELETING in 0.027161836624145508
2019-11-08 00:33:55.265 3971 RALLYDEBUG rally.task.utils [-] Waiting for resource s_rally_a1c7979f_l9kh8dc3. Status changed: AVAILABLE => DELETING in 0.026690006256103516
2019-11-08 00:33:57.264 3974 INFO rally.task.runner [-] Task 1bf39f48-4c5b-4e41-bff1-b8fa9a34d7d4 | ITER: 6 END: OK
2019-11-08 00:33:57.264 3969 INFO rally.task.runner [-] Task 1bf39f48-4c5b-4e41-bff1-b8fa9a34d7d4 | ITER: 5 END: OK
2019-11-08 00:33:57.270 3974 INFO rally.task.runner [-] Task 1bf39f48-4c5b-4e41-bff1-b8fa9a34d7d4 | ITER: 9 START
2019-11-08 00:33:57.270 3969 INFO rally.task.runner [-] Task 1bf39f48-4c5b-4e41-bff1-b8fa9a34d7d4 | ITER: 10 START
2019-11-08 00:33:57.292 3970 INFO rally.task.runner [-] Task 1bf39f48-4c5b-4e41-bff1-b8fa9a34d7d4 | ITER: 8 END: OK
2019-11-08 00:33:57.298 3971 INFO rally.task.runner [-] Task 1bf39f48-4c5b-4e41-bff1-b8fa9a34d7d4 | ITER: 7 END: OK
2019-11-08 00:33:59.908 3974 RALLYDEBUG rally.task.utils [-] Waiting for resource s_rally_a1c7979f_jBfnr9nu. Status changed: AVAILABLE => DELETING in 0.024443864822387695
2019-11-08 00:33:59.961 3969 RALLYDEBUG rally.task.utils [-] Waiting for resource s_rally_a1c7979f_5Dmb0sl4. Status changed: AVAILABLE => DELETING in 0.027814388275146484
2019-11-08 00:34:01.940 3974 INFO rally.task.runner [-] Task 1bf39f48-4c5b-4e41-bff1-b8fa9a34d7d4 | ITER: 9 END: OK
2019-11-08 00:34:01.994 3969 INFO rally.task.runner [-] Task 1bf39f48-4c5b-4e41-bff1-b8fa9a34d7d4 | ITER: 10 END: OK
2019-11-08 00:34:02.016 1845 INFO rally.task.context [-] Task 1bf39f48-4c5b-4e41-bff1-b8fa9a34d7d4 | Context cleanup@openstack cleanup() started
2019-11-08 00:34:02.020 1845 RALLYDEBUG rally_openstack.cleanup.manager [-] Cleaning up cinder backups objects
2019-11-08 00:34:03.192 1845 RALLYDEBUG rally_openstack.cleanup.manager [-] Cleaning up cinder volume_snapshots objects
2019-11-08 00:34:04.351 1845 RALLYDEBUG rally_openstack.cleanup.manager [-] Cleaning up cinder transfers objects
2019-11-08 00:34:05.494 1845 RALLYDEBUG rally_openstack.cleanup.manager [-] Cleaning up cinder volumes objects
2019-11-08 00:34:06.715 1845 INFO rally.task.context [-] Task 1bf39f48-4c5b-4e41-bff1-b8fa9a34d7d4 | Context cleanup@openstack cleanup() finished in 4.70 sec
2019-11-08 00:34:06.716 1845 INFO rally.task.context [-] Task 1bf39f48-4c5b-4e41-bff1-b8fa9a34d7d4 | Context volumes@openstack cleanup() started
2019-11-08 00:34:06.717 1845 RALLYDEBUG rally_openstack.cleanup.manager [-] Cleaning up cinder volumes objects
2019-11-08 00:34:07.893 1845 RALLYDEBUG rally_openstack.cleanup.manager [-] Deleting cinder.volumes object c_rally_a1c7979f_no3mwiIT (e1b50444-c367-4b03-ac9d-79306b353a2e)
2019-11-08 00:34:07.900 1845 RALLYDEBUG rally_openstack.cleanup.manager [-] Deleting cinder.volumes object c_rally_a1c7979f_21fN9RJf (533f92a6-01b7-4033-ac4f-6ef1578eafe7)
2019-11-08 00:34:07.905 1845 RALLYDEBUG rally_openstack.cleanup.manager [-] Deleting cinder.volumes object c_rally_a1c7979f_v9JOGTRy (1c6e53ad-f1e1-4423-bb82-cbfe2b7d55d0)
2019-11-08 00:34:10.439 1845 INFO rally.task.context [-] Task 1bf39f48-4c5b-4e41-bff1-b8fa9a34d7d4 | Context volumes@openstack cleanup() finished in 3.72 sec
2019-11-08 00:34:10.440 1845 INFO rally.task.context [-] Task 1bf39f48-4c5b-4e41-bff1-b8fa9a34d7d4 | Context quotas@openstack cleanup() started
2019-11-08 00:34:10.521 1845 INFO rally.task.context [-] Task 1bf39f48-4c5b-4e41-bff1-b8fa9a34d7d4 | Context quotas@openstack cleanup() finished in 81.60 msec
2019-11-08 00:34:10.522 1845 INFO rally.task.context [-] Task 1bf39f48-4c5b-4e41-bff1-b8fa9a34d7d4 | Context api_versions@openstack cleanup() started
2019-11-08 00:34:10.522 1845 INFO rally.task.context [-] Task 1bf39f48-4c5b-4e41-bff1-b8fa9a34d7d4 | Context api_versions@openstack cleanup() finished in 0.41 msec
2019-11-08 00:34:10.523 1845 INFO rally.task.context [-] Task 1bf39f48-4c5b-4e41-bff1-b8fa9a34d7d4 | Context users@openstack cleanup() started
2019-11-08 00:34:14.756 1845 INFO rally.task.context [-] Task 1bf39f48-4c5b-4e41-bff1-b8fa9a34d7d4 | Context users@openstack cleanup() finished in 4.23 sec
2019-11-08 00:34:15.702 1845 INFO rally.task.engine [-] Load duration is: 14.118615
2019-11-08 00:34:15.703 1845 INFO rally.task.engine [-] Full runner duration is: 14.163327
2019-11-08 00:34:15.703 1845 INFO rally.task.engine [-] Full duration is: 39.299375
2019-11-08 00:34:16.068 1845 INFO rally.task.engine [-] Running workload: position = 0 config = { "version": 2, "title": "A cropped version of a bigger task.", "description": "Auto-generated task from a single workload (uuid=ea2cbbe3-5c77-450a-9fde-1e3b9cee91d4)", "subtasks": [ { "title": "CinderVolumes.create_and_delete_volume", "description": "Create and then delete a volume.", "scenario": { "CinderVolumes.create_and_delete_volume": { "size": { "max": 1, "min": 1 } } }, "contexts": { "users": { "tenants": 3, "users_per_tenant": 2 }, "quotas": { "cinder": { "gigabytes": -1, "snapshots": -1, "volumes": -1 } }, "api_versions": { "cinder": { "version": 3, "service_type": "volumev3" } } }, "runner": { "constant": { "concurrency": 4, "times": 10 } }, "hooks": [], "sla": { "failure_rate": { "max": 0 } } } ] }
2019-11-08 00:34:16.093 1845 RALLYDEBUG rally_openstack.contexts.keystone.users [-] Creating 3 tenants using 20 threads
2019-11-08 00:34:17.112 1845 RALLYDEBUG rally_openstack.contexts.keystone.users [-] Creating 6 users using 20 threads
2019-11-08 00:34:18.625 1845 INFO rally.task.context [-] Task 1bf39f48-4c5b-4e41-bff1-b8fa9a34d7d4 | Context users@openstack setup() finished in 2.53 sec
2019-11-08 00:34:19.020 1845 INFO rally.task.context [-] Task 1bf39f48-4c5b-4e41-bff1-b8fa9a34d7d4 | Context api_versions@openstack setup() finished in 0.39 sec
2019-11-08 00:34:19.849 1845 INFO rally.task.context [-] Task 1bf39f48-4c5b-4e41-bff1-b8fa9a34d7d4 | Context quotas@openstack setup() finished in 0.83 sec
2019-11-08 00:34:19.850 1845 INFO rally.task.context [-] Task 1bf39f48-4c5b-4e41-bff1-b8fa9a34d7d4 | Context cleanup@openstack setup() finished in 0.01 msec
2019-11-08 00:34:19.859 1845 RALLYDEBUG rally.task.runner [-] Starting the constant runner (task UUID: 1bf39f48-4c5b-4e41-bff1-b8fa9a34d7d4). times: 10 concurrency: 4 timeout: 0 max_cpu_used: 16 processes_to_start: 4 concurrency_per_worker: 1 concurrency_overhead: 0
2019-11-08 00:34:19.871 4173 RALLYDEBUG rally.task.runner [-] Starting a worker. times: 10 duration: None concurrency: 1 timeout: 0 cls: method_name: run args: {"size": {"max": 1, "min": 1}}
2019-11-08 00:34:19.875 4174 RALLYDEBUG rally.task.runner [-] Starting a worker. times: 10 duration: None concurrency: 1 timeout: 0 cls: method_name: run args: {"size": {"max": 1, "min": 1}}
2019-11-08 00:34:19.878 4173 INFO rally.task.runner [-] Task 1bf39f48-4c5b-4e41-bff1-b8fa9a34d7d4 | ITER: 1 START
2019-11-08 00:34:19.878 4175 RALLYDEBUG rally.task.runner [-] Starting a worker. times: 10 duration: None concurrency: 1 timeout: 0 cls: method_name: run args: {"size": {"max": 1, "min": 1}}
2019-11-08 00:34:19.882 4174 INFO rally.task.runner [-] Task 1bf39f48-4c5b-4e41-bff1-b8fa9a34d7d4 | ITER: 2 START
2019-11-08 00:34:19.882 4178 RALLYDEBUG rally.task.runner [-] Starting a worker. times: 10 duration: None concurrency: 1 timeout: 0 cls: method_name: run args: {"size": {"max": 1, "min": 1}}
2019-11-08 00:34:19.885 4175 INFO rally.task.runner [-] Task 1bf39f48-4c5b-4e41-bff1-b8fa9a34d7d4 | ITER: 3 START
2019-11-08 00:34:19.889 4178 INFO rally.task.runner [-] Task 1bf39f48-4c5b-4e41-bff1-b8fa9a34d7d4 | ITER: 4 START
2019-11-08 00:34:22.767 4174 RALLYDEBUG rally.task.utils [-] Waiting for resource s_rally_ea2cbbe3_Emgkbvwr. Status changed: AVAILABLE => DELETING in 0.05735039710998535
2019-11-08 00:34:22.890 4178 RALLYDEBUG rally.task.utils [-] Waiting for resource s_rally_ea2cbbe3_mIIk1F2Z. Status changed: AVAILABLE => DELETING in 0.05206871032714844
2019-11-08 00:34:22.896 4173 RALLYDEBUG rally.task.utils [-] Waiting for resource s_rally_ea2cbbe3_XsadMhBq. Status changed: AVAILABLE => DELETING in 0.05413246154785156
2019-11-08 00:34:22.913 4175 RALLYDEBUG rally.task.utils [-] Waiting for resource s_rally_ea2cbbe3_p8tbpy9g. Status changed: AVAILABLE => DELETING in 0.060224294662475586
2019-11-08 00:34:24.809 4174 INFO rally.task.runner [-] Task 1bf39f48-4c5b-4e41-bff1-b8fa9a34d7d4 | ITER: 2 END: OK
2019-11-08 00:34:24.814 4174 INFO rally.task.runner [-] Task 1bf39f48-4c5b-4e41-bff1-b8fa9a34d7d4 | ITER: 5 START
2019-11-08 00:34:24.932 4178 INFO rally.task.runner [-] Task 1bf39f48-4c5b-4e41-bff1-b8fa9a34d7d4 | ITER: 4 END: OK
2019-11-08 00:34:24.937 4178 INFO rally.task.runner [-] Task 1bf39f48-4c5b-4e41-bff1-b8fa9a34d7d4 | ITER: 6 START
2019-11-08 00:34:24.937 4173 INFO rally.task.runner [-] Task 1bf39f48-4c5b-4e41-bff1-b8fa9a34d7d4 | ITER: 1 END: OK
2019-11-08 00:34:24.943 4173 INFO rally.task.runner [-] Task 1bf39f48-4c5b-4e41-bff1-b8fa9a34d7d4 | ITER: 7 START
2019-11-08 00:34:24.960 4175 INFO rally.task.runner [-] Task 1bf39f48-4c5b-4e41-bff1-b8fa9a34d7d4 | ITER: 3 END: OK
2019-11-08 00:34:24.965 4175 INFO rally.task.runner [-] Task 1bf39f48-4c5b-4e41-bff1-b8fa9a34d7d4 | ITER: 8 START
2019-11-08 00:34:27.716 4174 RALLYDEBUG rally.task.utils [-] Waiting for resource s_rally_ea2cbbe3_drJoniQN. Status changed: AVAILABLE => DELETING in 0.051543474197387695
2019-11-08 00:34:27.758 4173 RALLYDEBUG rally.task.utils [-] Waiting for resource s_rally_ea2cbbe3_6KyLtoz1. Status changed: AVAILABLE => DELETING in 0.058309078216552734
2019-11-08 00:34:27.774 4175 RALLYDEBUG rally.task.utils [-] Waiting for resource s_rally_ea2cbbe3_7IUDJAvx. Status changed: AVAILABLE => DELETING in 0.05294632911682129
2019-11-08 00:34:27.935 4178 RALLYDEBUG rally.task.utils [-] Waiting for resource s_rally_ea2cbbe3_ofiecg2o. Status changed: AVAILABLE => DELETING in 0.05653262138366699
2019-11-08 00:34:29.757 4174 INFO rally.task.runner [-] Task 1bf39f48-4c5b-4e41-bff1-b8fa9a34d7d4 | ITER: 5 END: OK
2019-11-08 00:34:29.760 4174 INFO rally.task.runner [-] Task 1bf39f48-4c5b-4e41-bff1-b8fa9a34d7d4 | ITER: 9 START
2019-11-08 00:34:29.800 4173 INFO rally.task.runner [-] Task 1bf39f48-4c5b-4e41-bff1-b8fa9a34d7d4 | ITER: 7 END: OK
2019-11-08 00:34:29.803 4173 INFO rally.task.runner [-] Task 1bf39f48-4c5b-4e41-bff1-b8fa9a34d7d4 | ITER: 10 START
2019-11-08 00:34:29.824 4175 INFO rally.task.runner [-] Task 1bf39f48-4c5b-4e41-bff1-b8fa9a34d7d4 | ITER: 8 END: OK
2019-11-08 00:34:29.971 4178 INFO rally.task.runner [-] Task 1bf39f48-4c5b-4e41-bff1-b8fa9a34d7d4 | ITER: 6 END: OK
2019-11-08 00:34:32.583 4173 RALLYDEBUG rally.task.utils [-] Waiting for resource s_rally_ea2cbbe3_7hLnHqiF. Status changed: AVAILABLE => DELETING in 0.05489468574523926
2019-11-08 00:34:32.593 4174 RALLYDEBUG rally.task.utils [-] Waiting for resource s_rally_ea2cbbe3_xnyZ8lrt. Status changed: AVAILABLE => DELETING in 0.06336092948913574
2019-11-08 00:34:34.623 4173 INFO rally.task.runner [-] Task 1bf39f48-4c5b-4e41-bff1-b8fa9a34d7d4 | ITER: 10 END: OK
2019-11-08 00:34:34.634 4174 INFO rally.task.runner [-] Task 1bf39f48-4c5b-4e41-bff1-b8fa9a34d7d4 | ITER: 9 END: OK
2019-11-08 00:34:34.657 1845 INFO rally.task.context [-] Task 1bf39f48-4c5b-4e41-bff1-b8fa9a34d7d4 | Context cleanup@openstack cleanup() started
2019-11-08 00:34:34.660 1845 RALLYDEBUG rally_openstack.cleanup.manager [-] Cleaning up cinder backups objects
2019-11-08 00:34:35.825 1845 RALLYDEBUG rally_openstack.cleanup.manager [-] Cleaning up cinder volume_snapshots objects
2019-11-08 00:34:36.962 1845 RALLYDEBUG rally_openstack.cleanup.manager [-] Cleaning up cinder transfers objects
2019-11-08 00:34:38.110 1845 RALLYDEBUG rally_openstack.cleanup.manager [-] Cleaning up cinder volumes objects
2019-11-08 00:34:39.283 1845 INFO rally.task.context [-] Task 1bf39f48-4c5b-4e41-bff1-b8fa9a34d7d4 | Context cleanup@openstack cleanup() finished in 4.63 sec
2019-11-08 00:34:39.284 1845 INFO rally.task.context [-] Task 1bf39f48-4c5b-4e41-bff1-b8fa9a34d7d4 | Context quotas@openstack cleanup() started
2019-11-08 00:34:39.353 1845 INFO rally.task.context [-] Task 1bf39f48-4c5b-4e41-bff1-b8fa9a34d7d4 | Context quotas@openstack cleanup() finished in 68.75 msec
