2019-11-08 00:38:33.058 1845 INFO rally.task.context [-] Task 1bf39f48-4c5b-4e41-bff1-b8fa9a34d7d4 | Context api_versions@openstack cleanup() started
2019-11-08 00:38:33.058 1845 INFO rally.task.context [-] Task 1bf39f48-4c5b-4e41-bff1-b8fa9a34d7d4 | Context api_versions@openstack cleanup() finished in 0.39 msec
2019-11-08 00:38:33.059 1845 INFO rally.task.context [-] Task 1bf39f48-4c5b-4e41-bff1-b8fa9a34d7d4 | Context users@openstack cleanup() started
2019-11-08 00:38:37.612 1845 INFO rally.task.context [-] Task 1bf39f48-4c5b-4e41-bff1-b8fa9a34d7d4 | Context users@openstack cleanup() finished in 4.55 sec
2019-11-08 00:38:39.023 1845 INFO rally.task.engine [-] Load duration is: 1.51809
2019-11-08 00:38:39.023 1845 INFO rally.task.engine [-] Full runner duration is: 1.570005
2019-11-08 00:38:39.024 1845 INFO rally.task.engine [-] Full duration is: 12.680712
2019-11-08 00:38:39.334 1845 INFO rally.task.engine [-] Running workload: position = 0 config = { "version": 2, "title": "A cropped version of a bigger task.", "description": "Auto-generated task from a single workload (uuid=a003afbc-2a63-41b7-9279-a83cfc603b86)", "subtasks": [ { "title": "CinderQos.create_and_list_qos", "description": "Create a qos, then list all qos.", "scenario": { "CinderQos.create_and_list_qos": { "consumer": "both", "write_iops_sec": "10", "read_iops_sec": "1000" } }, "contexts": { "users": { "tenants": 3, "users_per_tenant": 2 }, "api_versions": { "cinder": { "version": 3, "service_type": "volumev3" } } }, "runner": { "constant": { "concurrency": 4, "times": 10 } }, "hooks": [], "sla": { "failure_rate": { "max": 0 } } } ] }
2019-11-08 00:38:39.360 1845 RALLYDEBUG rally_openstack.contexts.keystone.users [-] Creating 3 tenants using 20 threads
2019-11-08 00:38:40.442 1845 RALLYDEBUG rally_openstack.contexts.keystone.users [-] Creating 6 users using 20 threads
2019-11-08 00:38:42.074 1845 INFO rally.task.context [-] Task 1bf39f48-4c5b-4e41-bff1-b8fa9a34d7d4 | Context users@openstack setup() finished in 2.71 sec
2019-11-08 00:38:42.486 1845 INFO rally.task.context [-] Task 1bf39f48-4c5b-4e41-bff1-b8fa9a34d7d4 | Context api_versions@openstack setup() finished in 0.41 sec
2019-11-08 00:38:42.487 1845 INFO rally.task.context [-] Task 1bf39f48-4c5b-4e41-bff1-b8fa9a34d7d4 | Context admin_cleanup@openstack setup() finished in 0.02 msec
2019-11-08 00:38:42.496 1845 RALLYDEBUG rally.task.runner [-] Starting the constant runner (task UUID: 1bf39f48-4c5b-4e41-bff1-b8fa9a34d7d4). times: 10 concurrency: 4 timeout: 0 max_cpu_used: 16 processes_to_start: 4 concurrency_per_worker: 1 concurrency_overhead: 0
2019-11-08 00:38:42.509 5297 RALLYDEBUG rally.task.runner [-] Starting a worker. times: 10 duration: None concurrency: 1 timeout: 0 cls: method_name: run args: {"consumer": "both", "write_iops_sec": "10", "read_iops_sec": "1000"}
2019-11-08 00:38:42.513 5298 RALLYDEBUG rally.task.runner [-] Starting a worker. times: 10 duration: None concurrency: 1 timeout: 0 cls: method_name: run args: {"consumer": "both", "write_iops_sec": "10", "read_iops_sec": "1000"}
2019-11-08 00:38:42.516 5297 INFO rally.task.runner [-] Task 1bf39f48-4c5b-4e41-bff1-b8fa9a34d7d4 | ITER: 1 START
2019-11-08 00:38:42.517 5299 RALLYDEBUG rally.task.runner [-] Starting a worker. times: 10 duration: None concurrency: 1 timeout: 0 cls: method_name: run args: {"consumer": "both", "write_iops_sec": "10", "read_iops_sec": "1000"}
2019-11-08 00:38:42.520 5298 INFO rally.task.runner [-] Task 1bf39f48-4c5b-4e41-bff1-b8fa9a34d7d4 | ITER: 2 START
2019-11-08 00:38:42.521 5302 RALLYDEBUG rally.task.runner [-] Starting a worker. times: 10 duration: None concurrency: 1 timeout: 0 cls: method_name: run args: {"consumer": "both", "write_iops_sec": "10", "read_iops_sec": "1000"}
2019-11-08 00:38:42.523 5299 INFO rally.task.runner [-] Task 1bf39f48-4c5b-4e41-bff1-b8fa9a34d7d4 | ITER: 3 START
2019-11-08 00:38:42.528 5302 INFO rally.task.runner [-] Task 1bf39f48-4c5b-4e41-bff1-b8fa9a34d7d4 | ITER: 4 START
2019-11-08 00:38:43.014 5298 INFO rally.task.runner [-] Task 1bf39f48-4c5b-4e41-bff1-b8fa9a34d7d4 | ITER: 2 END: OK
2019-11-08 00:38:43.014 5297 INFO rally.task.runner [-] Task 1bf39f48-4c5b-4e41-bff1-b8fa9a34d7d4 | ITER: 1 END: OK
2019-11-08 00:38:43.018 5297 INFO rally.task.runner [-] Task 1bf39f48-4c5b-4e41-bff1-b8fa9a34d7d4 | ITER: 5 START
2019-11-08 00:38:43.019 5298 INFO rally.task.runner [-] Task 1bf39f48-4c5b-4e41-bff1-b8fa9a34d7d4 | ITER: 6 START
2019-11-08 00:38:43.026 5299 INFO rally.task.runner [-] Task 1bf39f48-4c5b-4e41-bff1-b8fa9a34d7d4 | ITER: 3 END: OK
2019-11-08 00:38:43.027 5302 INFO rally.task.runner [-] Task 1bf39f48-4c5b-4e41-bff1-b8fa9a34d7d4 | ITER: 4 END: OK
2019-11-08 00:38:43.030 5299 INFO rally.task.runner [-] Task 1bf39f48-4c5b-4e41-bff1-b8fa9a34d7d4 | ITER: 7 START
2019-11-08 00:38:43.031 5302 INFO rally.task.runner [-] Task 1bf39f48-4c5b-4e41-bff1-b8fa9a34d7d4 | ITER: 8 START
2019-11-08 00:38:43.408 5297 INFO rally.task.runner [-] Task 1bf39f48-4c5b-4e41-bff1-b8fa9a34d7d4 | ITER: 5 END: OK
2019-11-08 00:38:43.408 5298 INFO rally.task.runner [-] Task 1bf39f48-4c5b-4e41-bff1-b8fa9a34d7d4 | ITER: 6 END: OK
2019-11-08 00:38:43.412 5298 INFO rally.task.runner [-] Task 1bf39f48-4c5b-4e41-bff1-b8fa9a34d7d4 | ITER: 9 START
2019-11-08 00:38:43.412 5297 INFO rally.task.runner [-] Task 1bf39f48-4c5b-4e41-bff1-b8fa9a34d7d4 | ITER: 10 START
2019-11-08 00:38:43.417 5299 INFO rally.task.runner [-] Task 1bf39f48-4c5b-4e41-bff1-b8fa9a34d7d4 | ITER: 7 END: OK
2019-11-08 00:38:43.425 5302 INFO rally.task.runner [-] Task 1bf39f48-4c5b-4e41-bff1-b8fa9a34d7d4 | ITER: 8 END: OK
2019-11-08 00:38:43.809 5297 INFO rally.task.runner [-] Task 1bf39f48-4c5b-4e41-bff1-b8fa9a34d7d4 | ITER: 10 END: OK
2019-11-08 00:38:43.818 5298 INFO rally.task.runner [-] Task 1bf39f48-4c5b-4e41-bff1-b8fa9a34d7d4 | ITER: 9 END: OK
2019-11-08 00:38:43.847 1845 INFO rally.task.context [-] Task 1bf39f48-4c5b-4e41-bff1-b8fa9a34d7d4 | Context admin_cleanup@openstack cleanup() started
2019-11-08 00:38:43.850 1845 RALLYDEBUG rally_openstack.cleanup.manager [-] Cleaning up cinder volume_types objects
2019-11-08 00:38:44.231 1845 RALLYDEBUG rally_openstack.cleanup.manager [-] Cleaning up cinder image_volumes_cache objects
2019-11-08 00:38:44.752 1845 RALLYDEBUG rally_openstack.cleanup.manager [-] Cleaning up cinder quotas objects
2019-11-08 00:38:45.529 1845 RALLYDEBUG rally_openstack.cleanup.manager [-] Cleaning up cinder qos_specs objects
2019-11-08 00:38:45.908 1845 RALLYDEBUG rally_openstack.cleanup.manager [-] Deleting cinder.qos_specs object s_rally_a003afbc_YbjKvSgE (8b15bca2-974c-4e3e-8d5f-fc0da9c3c4c1)
2019-11-08 00:38:45.918 1845 RALLYDEBUG rally_openstack.cleanup.manager [-] Deleting cinder.qos_specs object s_rally_a003afbc_cXCCx5G8 (4204e561-5693-47fc-a3d3-2745f4f113ea)
2019-11-08 00:38:45.932 1845 RALLYDEBUG rally_openstack.cleanup.manager [-] Deleting cinder.qos_specs object s_rally_a003afbc_4QjQzDle (e656cc3c-86e6-423e-896e-b93136387a66)
2019-11-08 00:38:45.943 1845 RALLYDEBUG rally_openstack.cleanup.manager [-] Deleting cinder.qos_specs object s_rally_a003afbc_2z9wBHcE (bd530ce0-033b-4ca7-b4a2-91f193149863)
2019-11-08 00:38:45.948 1845 RALLYDEBUG rally_openstack.cleanup.manager [-] Deleting cinder.qos_specs object s_rally_a003afbc_IrRmiAq3 (b560fee6-9ddd-4afe-8c69-9f6e78c9e836)
2019-11-08 00:38:45.954 1845 RALLYDEBUG rally_openstack.cleanup.manager [-] Deleting cinder.qos_specs object s_rally_a003afbc_KEgY1b6J (b21790f1-d7f5-46a8-a01a-30d96bbfa39c)
2019-11-08 00:38:45.972 1845 RALLYDEBUG rally_openstack.cleanup.manager [-] Deleting cinder.qos_specs object s_rally_a003afbc_SjIEwXIj (79def4e6-b6e5-435d-b71d-4aaea51d7c89)
2019-11-08 00:38:45.983 1845 RALLYDEBUG rally_openstack.cleanup.manager [-] Deleting cinder.qos_specs object s_rally_a003afbc_ZEQpUU57 (6c80c137-21ce-4fab-be27-456e0057f26a)
2019-11-08 00:38:45.988 1845 RALLYDEBUG rally_openstack.cleanup.manager [-] Deleting cinder.qos_specs object s_rally_a003afbc_Ns7GT4iK (3e43195e-168b-4ae6-9a65-e53b13221eed)
2019-11-08 00:38:46.008 1845 RALLYDEBUG rally_openstack.cleanup.manager [-] Deleting cinder.qos_specs object s_rally_a003afbc_sEMxA4Mf (15626153-785d-432c-b4eb-e4c01081c3bd)
2019-11-08 00:38:47.531 1845 INFO rally.task.context [-] Task 1bf39f48-4c5b-4e41-bff1-b8fa9a34d7d4 | Context admin_cleanup@openstack cleanup() finished in 3.68 sec
2019-11-08 00:38:47.532 1845 INFO rally.task.context [-] Task 1bf39f48-4c5b-4e41-bff1-b8fa9a34d7d4 | Context api_versions@openstack cleanup() started
2019-11-08 00:38:47.532 1845 INFO rally.task.context [-] Task 1bf39f48-4c5b-4e41-bff1-b8fa9a34d7d4 | Context api_versions@openstack cleanup() finished in 0.39 msec
2019-11-08 00:38:47.532 1845 INFO rally.task.context [-] Task 1bf39f48-4c5b-4e41-bff1-b8fa9a34d7d4 | Context users@openstack cleanup() started
2019-11-08 00:38:51.933 1845 INFO rally.task.context [-] Task 1bf39f48-4c5b-4e41-bff1-b8fa9a34d7d4 | Context users@openstack cleanup() finished in 4.40 sec
2019-11-08 00:38:53.468 1845 INFO rally.task.engine [-] Load duration is: 1.298052
2019-11-08 00:38:53.469 1845 INFO rally.task.engine [-] Full runner duration is: 1.350967
2019-11-08 00:38:53.469 1845 INFO rally.task.engine [-] Full duration is: 12.575077
2019-11-08 00:38:53.818 1845 INFO rally.task.engine [-] Running workload: position = 0 config = { "version": 2, "title": "A cropped version of a bigger task.", "description": "Auto-generated task from a single workload (uuid=ae01e5ac-401b-4a51-9b04-aa48c5331f1d)", "subtasks": [ { "title": "CinderQos.create_and_set_qos", "description": "Create a qos, then Add/Update keys in qos specs.", "scenario": { "CinderQos.create_and_set_qos": { "consumer": "back-end", "write_iops_sec": "10", "read_iops_sec": "1000", "set_consumer": "both", "set_write_iops_sec": "11", "set_read_iops_sec": "1001" } }, "contexts": { "users": { "tenants": 3, "users_per_tenant": 2 }, "api_versions": { "cinder": { "version": 3, "service_type": "volumev3" } } }, "runner": { "constant": { "concurrency": 4, "times": 10 } }, "hooks": [], "sla": { "failure_rate": { "max": 0 } } } ] }
2019-11-08 00:38:53.843 1845 RALLYDEBUG rally_openstack.contexts.keystone.users [-] Creating 3 tenants using 20 threads
2019-11-08 00:38:54.779 1845 RALLYDEBUG rally_openstack.contexts.keystone.users [-] Creating 6 users using 20 threads
2019-11-08 00:38:56.317 1845 INFO rally.task.context [-] Task 1bf39f48-4c5b-4e41-bff1-b8fa9a34d7d4 | Context users@openstack setup() finished in 2.47 sec
2019-11-08 00:38:56.718 1845 INFO rally.task.context [-] Task 1bf39f48-4c5b-4e41-bff1-b8fa9a34d7d4 | Context api_versions@openstack setup() finished in 0.40 sec
2019-11-08 00:38:56.719 1845 INFO rally.task.context [-] Task 1bf39f48-4c5b-4e41-bff1-b8fa9a34d7d4 | Context admin_cleanup@openstack setup() finished in 0.01 msec
2019-11-08 00:38:56.728 1845 RALLYDEBUG rally.task.runner [-] Starting the constant runner (task UUID: 1bf39f48-4c5b-4e41-bff1-b8fa9a34d7d4). times: 10 concurrency: 4 timeout: 0 max_cpu_used: 16 processes_to_start: 4 concurrency_per_worker: 1 concurrency_overhead: 0
2019-11-08 00:38:56.739 5481 RALLYDEBUG rally.task.runner [-] Starting a worker. times: 10 duration: None concurrency: 1 timeout: 0 cls: method_name: run args: {"consumer": "back-end", "write_iops_sec": "10", "read_iops_sec": "1000", "set_consumer": "both", "set_write_iops_sec": "11", "set_read_iops_sec": "1001"}
2019-11-08 00:38:56.743 5482 RALLYDEBUG rally.task.runner [-] Starting a worker. times: 10 duration: None concurrency: 1 timeout: 0 cls: method_name: run args: {"consumer": "back-end", "write_iops_sec": "10", "read_iops_sec": "1000", "set_consumer": "both", "set_write_iops_sec": "11", "set_read_iops_sec": "1001"}
2019-11-08 00:38:56.747 5481 INFO rally.task.runner [-] Task 1bf39f48-4c5b-4e41-bff1-b8fa9a34d7d4 | ITER: 1 START
2019-11-08 00:38:56.746 5483 RALLYDEBUG rally.task.runner [-] Starting a worker. times: 10 duration: None concurrency: 1 timeout: 0 cls: method_name: run args: {"consumer": "back-end", "write_iops_sec": "10", "read_iops_sec": "1000", "set_consumer": "both", "set_write_iops_sec": "11", "set_read_iops_sec": "1001"}
2019-11-08 00:38:56.750 5482 INFO rally.task.runner [-] Task 1bf39f48-4c5b-4e41-bff1-b8fa9a34d7d4 | ITER: 2 START
2019-11-08 00:38:56.750 5484 RALLYDEBUG rally.task.runner [-] Starting a worker. times: 10 duration: None concurrency: 1 timeout: 0 cls: method_name: run args: {"consumer": "back-end", "write_iops_sec": "10", "read_iops_sec": "1000", "set_consumer": "both", "set_write_iops_sec": "11", "set_read_iops_sec": "1001"}
2019-11-08 00:38:56.753 5483 INFO rally.task.runner [-] Task 1bf39f48-4c5b-4e41-bff1-b8fa9a34d7d4 | ITER: 3 START
2019-11-08 00:38:56.757 5484 INFO rally.task.runner [-] Task 1bf39f48-4c5b-4e41-bff1-b8fa9a34d7d4 | ITER: 4 START
2019-11-08 00:38:57.215 5482 INFO rally.task.runner [-] Task 1bf39f48-4c5b-4e41-bff1-b8fa9a34d7d4 | ITER: 2 END: OK
2019-11-08 00:38:57.215 5484 INFO rally.task.runner [-] Task 1bf39f48-4c5b-4e41-bff1-b8fa9a34d7d4 | ITER: 4 END: OK
2019-11-08 00:38:57.220 5482 INFO rally.task.runner [-] Task 1bf39f48-4c5b-4e41-bff1-b8fa9a34d7d4 | ITER: 5 START
2019-11-08 00:38:57.221 5481 INFO rally.task.runner [-] Task 1bf39f48-4c5b-4e41-bff1-b8fa9a34d7d4 | ITER: 1 END: OK
2019-11-08 00:38:57.221 5483 INFO rally.task.runner [-] Task 1bf39f48-4c5b-4e41-bff1-b8fa9a34d7d4 | ITER: 3 END: OK
2019-11-08 00:38:57.221 5484 INFO rally.task.runner [-] Task 1bf39f48-4c5b-4e41-bff1-b8fa9a34d7d4 | ITER: 6 START
2019-11-08 00:38:57.226 5483 INFO rally.task.runner [-] Task 1bf39f48-4c5b-4e41-bff1-b8fa9a34d7d4 | ITER: 8 START
2019-11-08 00:38:57.227 5481 INFO rally.task.runner [-] Task 1bf39f48-4c5b-4e41-bff1-b8fa9a34d7d4 | ITER: 7 START
2019-11-08 00:38:57.620 5483 INFO rally.task.runner [-] Task 1bf39f48-4c5b-4e41-bff1-b8fa9a34d7d4 | ITER: 8 END: OK
2019-11-08 00:38:57.624 5483 INFO rally.task.runner [-] Task 1bf39f48-4c5b-4e41-bff1-b8fa9a34d7d4 | ITER: 9 START
2019-11-08 00:38:57.643 5482 INFO rally.task.runner [-] Task 1bf39f48-4c5b-4e41-bff1-b8fa9a34d7d4 | ITER: 5 END: OK
2019-11-08 00:38:57.646 5482 INFO rally.task.runner [-] Task 1bf39f48-4c5b-4e41-bff1-b8fa9a34d7d4 | ITER: 10 START
2019-11-08 00:38:57.688 5481 INFO rally.task.runner [-] Task 1bf39f48-4c5b-4e41-bff1-b8fa9a34d7d4 | ITER: 7 END: OK
2019-11-08 00:38:57.779 5484 INFO rally.task.runner [-] Task 1bf39f48-4c5b-4e41-bff1-b8fa9a34d7d4 | ITER: 6 END: OK
2019-11-08 00:38:58.057 5482 INFO rally.task.runner [-] Task 1bf39f48-4c5b-4e41-bff1-b8fa9a34d7d4 | ITER: 10 END: OK
2019-11-08 00:38:58.114 5483 INFO rally.task.runner [-] Task 1bf39f48-4c5b-4e41-bff1-b8fa9a34d7d4 | ITER: 9 END: OK
2019-11-08 00:38:58.144 1845 INFO rally.task.context [-] Task 1bf39f48-4c5b-4e41-bff1-b8fa9a34d7d4 | Context admin_cleanup@openstack cleanup() started
2019-11-08 00:38:58.148 1845 RALLYDEBUG rally_openstack.cleanup.manager [-] Cleaning up cinder volume_types objects
2019-11-08 00:38:58.541 1845 RALLYDEBUG rally_openstack.cleanup.manager [-] Cleaning up cinder image_volumes_cache objects
2019-11-08 00:38:59.070 1845 RALLYDEBUG rally_openstack.cleanup.manager [-] Cleaning up cinder quotas objects
2019-11-08 00:38:59.852 1845 RALLYDEBUG rally_openstack.cleanup.manager [-] Cleaning up cinder qos_specs objects
2019-11-08 00:39:00.245 1845 RALLYDEBUG rally_openstack.cleanup.manager [-] Deleting cinder.qos_specs object s_rally_ae01e5ac_gLz9FrFr (e6c208c7-bc36-4b9e-a024-d20156aadc4f)
2019-11-08 00:39:00.254 1845 RALLYDEBUG rally_openstack.cleanup.manager [-] Deleting cinder.qos_specs object s_rally_ae01e5ac_qr0oRk03 (cd3b5bc5-bbb4-463a-af88-b01a67684334)
2019-11-08 00:39:00.263 1845 RALLYDEBUG rally_openstack.cleanup.manager [-] Deleting cinder.qos_specs object s_rally_ae01e5ac_JxnD4iR3 (b31f24cc-dc04-402d-91f9-0a08a6b79f1f)
2019-11-08 00:39:00.267 1845 RALLYDEBUG rally_openstack.cleanup.manager [-] Deleting cinder.qos_specs object s_rally_ae01e5ac_Whl7uopp (adc2d354-f428-4a35-bcf4-77fa8f80757b)
2019-11-08 00:39:00.276 1845 RALLYDEBUG rally_openstack.cleanup.manager [-] Deleting cinder.qos_specs object s_rally_ae01e5ac_9BIKQscj (7d49497f-98cd-472e-bad4-30e8661519df)
2019-11-08 00:39:00.297 1845 RALLYDEBUG rally_openstack.cleanup.manager [-] Deleting cinder.qos_specs object s_rally_ae01e5ac_XKjt2kEK (276613f6-d379-432e-a90f-22566ee91936)
2019-11-08 00:39:00.314 1845 RALLYDEBUG rally_openstack.cleanup.manager [-] Deleting cinder.qos_specs object s_rally_ae01e5ac_01NlrYmV (bfd3ee35-3cc7-4eee-9586-2b054ff827e5)
2019-11-08 00:39:00.328 1845 RALLYDEBUG rally_openstack.cleanup.manager [-] Deleting cinder.qos_specs object s_rally_ae01e5ac_Vf7SO94q (a6727a04-b9ec-4ab3-b923-2928c41229d2)
2019-11-08 00:39:00.339 1845 RALLYDEBUG rally_openstack.cleanup.manager [-] Deleting cinder.qos_specs object s_rally_ae01e5ac_qQM282Ul (40a714b5-1e4b-414c-9d44-c68fa429d3a9)
2019-11-08 00:39:00.356 1845 RALLYDEBUG rally_openstack.cleanup.manager [-] Deleting cinder.qos_specs object s_rally_ae01e5ac_cSa8Fpfc (3c64aba9-3bfc-4b69-9a7c-45acf9b06f62)
2019-11-08 00:39:01.846 1845 INFO rally.task.context [-] Task 1bf39f48-4c5b-4e41-bff1-b8fa9a34d7d4 | Context admin_cleanup@openstack cleanup() finished in 3.70 sec
2019-11-08 00:39:01.847 1845 INFO rally.task.context [-] Task 1bf39f48-4c5b-4e41-bff1-b8fa9a34d7d4 | Context api_versions@openstack cleanup() started
2019-11-08 00:39:01.847 1845 INFO rally.task.context [-] Task 1bf39f48-4c5b-4e41-bff1-b8fa9a34d7d4 | Context api_versions@openstack cleanup() finished in 0.40 msec
2019-11-08 00:39:01.848 1845 INFO rally.task.context [-] Task 1bf39f48-4c5b-4e41-bff1-b8fa9a34d7d4 | Context users@openstack cleanup() started
2019-11-08 00:39:06.281 1845 INFO rally.task.context [-] Task 1bf39f48-4c5b-4e41-bff1-b8fa9a34d7d4 | Context users@openstack cleanup() finished in 4.43 sec
2019-11-08 00:39:07.933 1845 INFO rally.task.engine [-] Load duration is: 1.364143
2019-11-08 00:39:07.934 1845 INFO rally.task.engine [-] Full runner duration is: 1.416899
2019-11-08 00:39:07.934 1845 INFO rally.task.engine [-] Full duration is: 12.440009
2019-11-08 00:39:08.317 1845 INFO rally.task.engine [-] Running workload: position = 0 config = { "version": 2, "title": "A cropped version of a bigger task.", "description": "Auto-generated task from a single workload (uuid=47b666bc-a179-45c3-af2b-d7b5b0d09fce)", "subtasks": [ { "title": "CinderVolumeTypes.create_and_get_volume_type", "description": "Create a volume Type, then get the details of the type.", "scenario": { "CinderVolumeTypes.create_and_get_volume_type": { "description": "rally tests creating types" } }, "contexts": { "users": { "tenants": 3, "users_per_tenant": 2 }, "api_versions": { "cinder": { "version": 3, "service_type": "volumev3" } } }, "runner": { "constant": { "concurrency": 4, "times": 10 } }, "hooks": [], "sla": { "failure_rate": { "max": 0 } } } ] }
2019-11-08 00:39:08.343 1845 RALLYDEBUG rally_openstack.contexts.keystone.users [-] Creating 3 tenants using 20 threads
2019-11-08 00:39:09.372 1845 RALLYDEBUG rally_openstack.contexts.keystone.users [-] Creating 6 users using 20 threads
2019-11-08 00:39:10.885 1845 INFO rally.task.context [-] Task 1bf39f48-4c5b-4e41-bff1-b8fa9a34d7d4 | Context users@openstack setup() finished in 2.54 sec
2019-11-08 00:39:11.274 1845 INFO rally.task.context [-] Task 1bf39f48-4c5b-4e41-bff1-b8fa9a34d7d4 | Context api_versions@openstack setup() finished in 0.39 sec
2019-11-08 00:39:11.275 1845 INFO rally.task.context [-] Task 1bf39f48-4c5b-4e41-bff1-b8fa9a34d7d4 | Context admin_cleanup@openstack setup() finished in 0.02 msec
2019-11-08 00:39:11.284 1845 RALLYDEBUG rally.task.runner [-] Starting the constant runner (task UUID: 1bf39f48-4c5b-4e41-bff1-b8fa9a34d7d4). times: 10 concurrency: 4 timeout: 0 max_cpu_used: 16 processes_to_start: 4 concurrency_per_worker: 1 concurrency_overhead: 0
2019-11-08 00:39:11.296 5665 RALLYDEBUG rally.task.runner [-] Starting a worker. times: 10 duration: None concurrency: 1 timeout: 0 cls: method_name: run args: {"description": "rally tests creating types"}
2019-11-08 00:39:11.299 5666 RALLYDEBUG rally.task.runner [-] Starting a worker. times: 10 duration: None concurrency: 1 timeout: 0 cls: method_name: run args: {"description": "rally tests creating types"}
2019-11-08 00:39:11.303 5665 INFO rally.task.runner [-] Task 1bf39f48-4c5b-4e41-bff1-b8fa9a34d7d4 | ITER: 1 START
2019-11-08 00:39:11.303 5667 RALLYDEBUG rally.task.runner [-] Starting a worker. times: 10 duration: None concurrency: 1 timeout: 0 cls: method_name: run args: {"description": "rally tests creating types"}
2019-11-08 00:39:11.306 5666 INFO rally.task.runner [-] Task 1bf39f48-4c5b-4e41-bff1-b8fa9a34d7d4 | ITER: 2 START
2019-11-08 00:39:11.306 5668 RALLYDEBUG rally.task.runner [-] Starting a worker. times: 10 duration: None concurrency: 1 timeout: 0 cls: method_name: run args: {"description": "rally tests creating types"}
2019-11-08 00:39:11.310 5667 INFO rally.task.runner [-] Task 1bf39f48-4c5b-4e41-bff1-b8fa9a34d7d4 | ITER: 3 START
2019-11-08 00:39:11.313 5668 INFO rally.task.runner [-] Task 1bf39f48-4c5b-4e41-bff1-b8fa9a34d7d4 | ITER: 4 START
2019-11-08 00:39:11.757 5666 INFO rally.task.runner [-] Task 1bf39f48-4c5b-4e41-bff1-b8fa9a34d7d4 | ITER: 2 END: OK
2019-11-08 00:39:11.760 5665 INFO rally.task.runner [-] Task 1bf39f48-4c5b-4e41-bff1-b8fa9a34d7d4 | ITER: 1 END: OK
2019-11-08 00:39:11.761 5668 INFO rally.task.runner [-] Task 1bf39f48-4c5b-4e41-bff1-b8fa9a34d7d4 | ITER: 4 END: OK
2019-11-08 00:39:11.762 5666 INFO rally.task.runner [-] Task 1bf39f48-4c5b-4e41-bff1-b8fa9a34d7d4 | ITER: 5 START
2019-11-08 00:39:11.762 5667 INFO rally.task.runner [-] Task 1bf39f48-4c5b-4e41-bff1-b8fa9a34d7d4 | ITER: 3 END: OK
2019-11-08 00:39:11.766 5668 INFO rally.task.runner [-] Task 1bf39f48-4c5b-4e41-bff1-b8fa9a34d7d4 | ITER: 7 START
2019-11-08 00:39:11.767 5665 INFO rally.task.runner [-] Task 1bf39f48-4c5b-4e41-bff1-b8fa9a34d7d4 | ITER: 6 START
2019-11-08 00:39:11.767 5667 INFO rally.task.runner [-] Task 1bf39f48-4c5b-4e41-bff1-b8fa9a34d7d4 | ITER: 8 START
2019-11-08 00:39:12.156 5666 INFO rally.task.runner [-] Task 1bf39f48-4c5b-4e41-bff1-b8fa9a34d7d4 | ITER: 5 END: OK
2019-11-08 00:39:12.156 5668 INFO rally.task.runner [-] Task 1bf39f48-4c5b-4e41-bff1-b8fa9a34d7d4 | ITER: 7 END: OK
2019-11-08 00:39:12.160 5666 INFO rally.task.runner [-] Task 1bf39f48-4c5b-4e41-bff1-b8fa9a34d7d4 | ITER: 9 START
2019-11-08 00:39:12.160 5668 INFO rally.task.runner [-] Task 1bf39f48-4c5b-4e41-bff1-b8fa9a34d7d4 | ITER: 10 START
2019-11-08 00:39:12.170 5667 INFO rally.task.runner [-] Task 1bf39f48-4c5b-4e41-bff1-b8fa9a34d7d4 | ITER: 8 END: OK
2019-11-08 00:39:12.209 5665 INFO rally.task.runner [-] Task 1bf39f48-4c5b-4e41-bff1-b8fa9a34d7d4 | ITER: 6 END: OK
2019-11-08 00:39:12.563 5668 INFO rally.task.runner [-] Task 1bf39f48-4c5b-4e41-bff1-b8fa9a34d7d4 | ITER: 10 END: OK
2019-11-08 00:39:12.565 5666 INFO rally.task.runner [-] Task 1bf39f48-4c5b-4e41-bff1-b8fa9a34d7d4 | ITER: 9 END: OK
2019-11-08 00:39:12.587 1845 INFO rally.task.context [-] Task 1bf39f48-4c5b-4e41-bff1-b8fa9a34d7d4 | Context admin_cleanup@openstack cleanup() started
2019-11-08 00:39:12.590 1845 RALLYDEBUG rally_openstack.cleanup.manager [-] Cleaning up cinder volume_types objects
2019-11-08 00:39:13.048 1845 RALLYDEBUG rally_openstack.cleanup.manager [-] Deleting cinder.volume_types object s_rally_47b666bc_HfkJer1H (b66173ea-b3c0-491f-b621-a3f27e2ffb2b)
2019-11-08 00:39:13.058 1845 RALLYDEBUG rally_openstack.cleanup.manager [-] Deleting cinder.volume_types object s_rally_47b666bc_OIKpdz0y (7acc612d-eaa5-403d-93bf-804bbec9b941)
2019-11-08 00:39:13.068 1845 RALLYDEBUG rally_openstack.cleanup.manager [-] Deleting cinder.volume_types object s_rally_47b666bc_SVcgNtF4 (d025da52-d332-4bb5-aa50-746e481d333c)
2019-11-08 00:39:13.077 1845 RALLYDEBUG rally_openstack.cleanup.manager [-] Deleting cinder.volume_types object s_rally_47b666bc_a3s1ppVD (ba222276-7bb7-4760-a5f0-fb2cfffc95f6)
2019-11-08 00:39:13.083 1845 RALLYDEBUG rally_openstack.cleanup.manager [-] Deleting cinder.volume_types object s_rally_47b666bc_4qjDiLn9 (9e70d550-f761-4bf3-a8f0-02b7228a517e)
2019-11-08 00:39:13.106 1845 RALLYDEBUG rally_openstack.cleanup.manager [-] Deleting cinder.volume_types object s_rally_47b666bc_zOkOgzE6 (99e02071-8670-429a-a8f1-b997a6b3f7c2)
2019-11-08 00:39:13.115 1845 RALLYDEBUG rally_openstack.cleanup.manager [-] Deleting cinder.volume_types object s_rally_47b666bc_BJQ9Mydd (8ee63ceb-2dff-4de2-8e51-b73e6271e0b6)
2019-11-08 00:39:13.119 1845 RALLYDEBUG rally_openstack.cleanup.manager [-] Deleting cinder.volume_types object s_rally_47b666bc_NV2mkudP (3c73588f-dcb3-4ce6-917b-b2a322430a28)
2019-11-08 00:39:13.135 1845 RALLYDEBUG rally_openstack.cleanup.manager [-] Deleting cinder.volume_types object s_rally_47b666bc_peQBHuLU (1ce9c317-dc25-4caa-b5af-6bdcbf6d57cc)
2019-11-08 00:39:13.168 1845 RALLYDEBUG rally_openstack.cleanup.manager [-] Deleting cinder.volume_types object s_rally_47b666bc_QLo8cRqi (0563c821-03f1-46a4-90fe-e75331574bf4)
2019-11-08 00:39:14.662 1845 RALLYDEBUG rally_openstack.cleanup.manager [-] Cleaning up cinder image_volumes_cache objects
2019-11-08 00:39:15.168 1845 RALLYDEBUG rally_openstack.cleanup.manager [-] Cleaning up cinder quotas objects
2019-11-08 00:39:15.948 1845 RALLYDEBUG rally_openstack.cleanup.manager [-] Cleaning up cinder qos_specs objects
2019-11-08 00:39:16.325 1845 INFO rally.task.context [-] Task 1bf39f48-4c5b-4e41-bff1-b8fa9a34d7d4 | Context admin_cleanup@openstack cleanup() finished in 3.74 sec
2019-11-08 00:39:16.326 1845 INFO rally.task.context [-] Task 1bf39f48-4c5b-4e41-bff1-b8fa9a34d7d4 | Context api_versions@openstack cleanup() started
2019-11-08 00:39:16.326 1845 INFO rally.task.context [-] Task 1bf39f48-4c5b-4e41-bff1-b8fa9a34d7d4 | Context api_versions@openstack cleanup() finished in 0.39 msec
2019-11-08 00:39:16.327 1845 INFO rally.task.context [-] Task 1bf39f48-4c5b-4e41-bff1-b8fa9a34d7d4 | Context users@openstack cleanup() started
2019-11-08 00:39:20.695 1845 INFO rally.task.context [-] Task 1bf39f48-4c5b-4e41-bff1-b8fa9a34d7d4 | Context users@openstack cleanup() finished in 4.37 sec
2019-11-08 00:39:22.454 1845 INFO rally.task.engine [-] Load duration is: 1.258346
2019-11-08 00:39:22.454 1845 INFO rally.task.engine [-] Full runner duration is: 1.303239
2019-11-08 00:39:22.454 1845 INFO rally.task.engine [-] Full duration is: 12.354298
2019-11-08 00:39:22.790 1845 INFO rally.task.engine [-] Running workload: position = 0 config = { "version": 2, "title": "A cropped version of a bigger task.", "description": "Auto-generated task from a single workload (uuid=9c95d330-666a-4339-b258-45ff019a048c)", "subtasks": [ { "title": "CinderVolumeTypes.create_and_list_volume_types", "description": "Create a volume Type, then list all types.", "scenario": { "CinderVolumeTypes.create_and_list_volume_types": { "description": "rally tests creating types" } }, "contexts": { "users": { "tenants": 3, "users_per_tenant": 2 }, "api_versions": { "cinder": { "version": 3, "service_type": "volumev3" } } }, "runner": { "constant": { "concurrency": 4, "times": 10 } }, "hooks": [], "sla": { "failure_rate": { "max": 0 } } } ] }
2019-11-08 00:39:22.815 1845 RALLYDEBUG rally_openstack.contexts.keystone.users [-] Creating 3 tenants using 20 threads
2019-11-08 00:39:23.740 1845 RALLYDEBUG rally_openstack.contexts.keystone.users [-] Creating 6 users using 20 threads
2019-11-08 00:39:25.317 1845 INFO rally.task.context [-] Task 1bf39f48-4c5b-4e41-bff1-b8fa9a34d7d4 | Context users@openstack setup() finished in 2.50 sec
2019-11-08 00:39:25.707 1845 INFO rally.task.context [-] Task 1bf39f48-4c5b-4e41-bff1-b8fa9a34d7d4 | Context api_versions@openstack setup() finished in 0.39 sec
2019-11-08 00:39:25.707 1845 INFO rally.task.context [-] Task 1bf39f48-4c5b-4e41-bff1-b8fa9a34d7d4 | Context admin_cleanup@openstack setup() finished in 0.02 msec
2019-11-08 00:39:25.716 1845 RALLYDEBUG rally.task.runner [-] Starting the constant runner (task UUID: 1bf39f48-4c5b-4e41-bff1-b8fa9a34d7d4). times: 10 concurrency: 4 timeout: 0 max_cpu_used: 16 processes_to_start: 4 concurrency_per_worker: 1 concurrency_overhead: 0
2019-11-08 00:39:25.728 5849 RALLYDEBUG rally.task.runner [-] Starting a worker. times: 10 duration: None concurrency: 1 timeout: 0 cls: method_name: run args: {"description": "rally tests creating types"}
2019-11-08 00:39:25.732 5850 RALLYDEBUG rally.task.runner [-] Starting a worker. times: 10 duration: None concurrency: 1 timeout: 0 cls: method_name: run args: {"description": "rally tests creating types"}
2019-11-08 00:39:25.736 5849 INFO rally.task.runner [-] Task 1bf39f48-4c5b-4e41-bff1-b8fa9a34d7d4 | ITER: 1 START
2019-11-08 00:39:25.735 5851 RALLYDEBUG rally.task.runner [-] Starting a worker. times: 10 duration: None concurrency: 1 timeout: 0 cls: method_name: run args: {"description": "rally tests creating types"}
2019-11-08 00:39:25.739 5850 INFO rally.task.runner [-] Task 1bf39f48-4c5b-4e41-bff1-b8fa9a34d7d4 | ITER: 2 START
2019-11-08 00:39:25.739 5852 RALLYDEBUG rally.task.runner [-] Starting a worker. times: 10 duration: None concurrency: 1 timeout: 0 cls: method_name: run args: {"description": "rally tests creating types"}
2019-11-08 00:39:25.742 5851 INFO rally.task.runner [-] Task 1bf39f48-4c5b-4e41-bff1-b8fa9a34d7d4 | ITER: 3 START
2019-11-08 00:39:25.745 5852 INFO rally.task.runner [-] Task 1bf39f48-4c5b-4e41-bff1-b8fa9a34d7d4 | ITER: 4 START
2019-11-08 00:39:26.234 5850 INFO rally.task.runner [-] Task 1bf39f48-4c5b-4e41-bff1-b8fa9a34d7d4 | ITER: 2 END: OK
2019-11-08 00:39:26.238 5850 INFO rally.task.runner [-] Task 1bf39f48-4c5b-4e41-bff1-b8fa9a34d7d4 | ITER: 5 START
2019-11-08 00:39:26.245 5851 INFO rally.task.runner [-] Task 1bf39f48-4c5b-4e41-bff1-b8fa9a34d7d4 | ITER: 3 END: OK
2019-11-08 00:39:26.247 5849 INFO rally.task.runner [-] Task 1bf39f48-4c5b-4e41-bff1-b8fa9a34d7d4 | ITER: 1 END: OK
2019-11-08 00:39:26.250 5851 INFO rally.task.runner [-] Task 1bf39f48-4c5b-4e41-bff1-b8fa9a34d7d4 | ITER: 6 START
2019-11-08 00:39:26.252 5849 INFO rally.task.runner [-] Task 1bf39f48-4c5b-4e41-bff1-b8fa9a34d7d4 | ITER: 7 START
2019-11-08 00:39:26.256 5852 INFO rally.task.runner [-] Task 1bf39f48-4c5b-4e41-bff1-b8fa9a34d7d4 | ITER: 4 END: OK
2019-11-08 00:39:26.260 5852 INFO rally.task.runner [-] Task 1bf39f48-4c5b-4e41-bff1-b8fa9a34d7d4 | ITER: 8 START
2019-11-08 00:39:26.649 5850 INFO rally.task.runner [-] Task 1bf39f48-4c5b-4e41-bff1-b8fa9a34d7d4 | ITER: 5 END: OK
2019-11-08 00:39:26.652 5849 INFO rally.task.runner [-] Task 1bf39f48-4c5b-4e41-bff1-b8fa9a34d7d4 | ITER: 7 END: OK
2019-11-08 00:39:26.653 5850 INFO rally.task.runner [-] Task 1bf39f48-4c5b-4e41-bff1-b8fa9a34d7d4 | ITER: 9 START
2019-11-08 00:39:26.654 5851 INFO rally.task.runner [-] Task 1bf39f48-4c5b-4e41-bff1-b8fa9a34d7d4 | ITER: 6 END: OK
2019-11-08 00:39:26.655 5849 INFO rally.task.runner [-] Task 1bf39f48-4c5b-4e41-bff1-b8fa9a34d7d4 | ITER: 10 START
2019-11-08 00:39:26.663 5852 INFO rally.task.runner [-] Task 1bf39f48-4c5b-4e41-bff1-b8fa9a34d7d4 | ITER: 8 END: OK
2019-11-08 00:39:27.059 5850 INFO rally.task.runner [-] Task 1bf39f48-4c5b-4e41-bff1-b8fa9a34d7d4 | ITER: 9 END: OK
2019-11-08 00:39:27.120 5849 INFO rally.task.runner [-] Task 1bf39f48-4c5b-4e41-bff1-b8fa9a34d7d4 | ITER: 10 END: OK
2019-11-08 00:39:27.148 1845 INFO rally.task.context [-] Task 1bf39f48-4c5b-4e41-bff1-b8fa9a34d7d4 | Context admin_cleanup@openstack cleanup() started
2019-11-08 00:39:27.151 1845 RALLYDEBUG rally_openstack.cleanup.manager [-] Cleaning up cinder volume_types objects
2019-11-08 00:39:27.530 1845 RALLYDEBUG rally_openstack.cleanup.manager [-] Deleting cinder.volume_types object s_rally_9c95d330_MUv2u8ux (fe2ea935-a705-436c-bb9c-23bca9905f02)
2019-11-08 00:39:27.539 1845 RALLYDEBUG rally_openstack.cleanup.manager [-] Deleting cinder.volume_types object s_rally_9c95d330_gdtO9mUC (f7e202f6-8654-4c72-aacd-c7c6e6e3c7ed)
2019-11-08 00:39:27.549 1845 RALLYDEBUG rally_openstack.cleanup.manager [-] Deleting cinder.volume_types object s_rally_9c95d330_6kEblDrH (d8866b22-210a-4306-b38a-2fc9a973a109)
2019-11-08 00:39:27.553 1845 RALLYDEBUG rally_openstack.cleanup.manager [-] Deleting cinder.volume_types object s_rally_9c95d330_EAdFvaaQ (7262821f-e358-44b3-b687-71d66cf0a12d)
2019-11-08 00:39:27.567 1845 RALLYDEBUG rally_openstack.cleanup.manager [-] Deleting cinder.volume_types object s_rally_9c95d330_MEnE4X6j (1e3fab29-1ae8-4041-a39a-bfcbcab883fd)
2019-11-08 00:39:27.572 1845 RALLYDEBUG rally_openstack.cleanup.manager [-] Deleting cinder.volume_types object s_rally_9c95d330_wVRG8T81 (084fd446-86cc-4be1-95cd-e9a6c5cf8577)
2019-11-08 00:39:27.590 1845 RALLYDEBUG rally_openstack.cleanup.manager [-] Deleting cinder.volume_types object s_rally_9c95d330_xcn3WnD6 (c9ab1caa-bec2-4e9a-b266-d95979b15248)
2019-11-08 00:39:27.599 1845 RALLYDEBUG rally_openstack.cleanup.manager [-] Deleting cinder.volume_types object s_rally_9c95d330_E5ZLQG70 (6c0649be-9223-4dbe-974e-20383554abb3)
2019-11-08 00:39:27.630 1845 RALLYDEBUG rally_openstack.cleanup.manager [-] Deleting cinder.volume_types object s_rally_9c95d330_06WAHQdw (65ea6b66-db81-454e-a3da-11934b9dc64e)
2019-11-08 00:39:27.639 1845 RALLYDEBUG rally_openstack.cleanup.manager [-] Deleting cinder.volume_types object s_rally_9c95d330_MXsL6dAE (4c678cce-acd2-41a5-82f1-d295457a50dd)
2019-11-08 00:39:29.300 1845 RALLYDEBUG rally_openstack.cleanup.manager [-] Cleaning up cinder image_volumes_cache objects
2019-11-08 00:39:29.818 1845 RALLYDEBUG rally_openstack.cleanup.manager [-] Cleaning up cinder quotas objects
2019-11-08 00:39:30.750 1845 RALLYDEBUG rally_openstack.cleanup.manager [-] Cleaning up cinder qos_specs objects
2019-11-08 00:39:31.117 1845 INFO rally.task.context [-] Task 1bf39f48-4c5b-4e41-bff1-b8fa9a34d7d4 | Context admin_cleanup@openstack cleanup() finished in 3.97 sec
2019-11-08 00:39:31.118 1845 INFO rally.task.context [-] Task 1bf39f48-4c5b-4e41-bff1-b8fa9a34d7d4 | Context api_versions@openstack cleanup() started
2019-11-08 00:39:31.118 1845 INFO rally.task.context [-] Task 1bf39f48-4c5b-4e41-bff1-b8fa9a34d7d4 | Context api_versions@openstack cleanup() finished in 0.39 msec
2019-11-08 00:39:31.119 1845 INFO rally.task.context [-] Task 1bf39f48-4c5b-4e41-bff1-b8fa9a34d7d4 | Context users@openstack cleanup() started
2019-11-08 00:39:35.687 1845 INFO rally.task.context [-] Task 1bf39f48-4c5b-4e41-bff1-b8fa9a34d7d4 | Context users@openstack cleanup() finished in 4.57 sec
2019-11-08 00:39:36.915 1845 INFO rally.task.engine [-] Load duration is: 1.379698
2019-11-08 00:39:36.916 1845 INFO rally.task.engine [-] Full runner duration is: 1.432821
2019-11-08 00:39:36.916 1845 INFO rally.task.engine [-] Full duration is: 12.874192
2019-11-08 00:39:37.262 1845 INFO rally.task.engine [-] Running workload: position = 0 config = { "version": 2, "title": "A cropped version of a bigger task.", "description": "Auto-generated task from a single workload (uuid=d234b015-6d37-494b-b97b-53410737aaf0)", "subtasks": [ { "title": "CinderVolumeTypes.create_and_update_volume_type", "description": "create a volume type, then update the type.", "scenario": { "CinderVolumeTypes.create_and_update_volume_type": { "description": "test", "update_description": "test update" } }, "contexts": { "users": { "tenants": 3, "users_per_tenant": 2 }, "api_versions": { "cinder": { "version": 3, "service_type": "volumev3" } } }, "runner": { "constant": { "concurrency": 4, "times": 10 } }, "hooks": [], "sla": { "failure_rate": { "max": 0 } } } ] }
2019-11-08 00:39:37.287 1845 RALLYDEBUG rally_openstack.contexts.keystone.users [-] Creating 3 tenants using 20 threads
2019-11-08 00:39:38.321 1845 RALLYDEBUG rally_openstack.contexts.keystone.users [-] Creating 6 users using 20 threads
2019-11-08 00:39:39.834 1845 INFO rally.task.context [-] Task 1bf39f48-4c5b-4e41-bff1-b8fa9a34d7d4 | Context users@openstack setup() finished in 2.55 sec
2019-11-08 00:39:40.231 1845 INFO rally.task.context [-] Task 1bf39f48-4c5b-4e41-bff1-b8fa9a34d7d4 | Context api_versions@openstack setup() finished in 0.40 sec
2019-11-08 00:39:40.231 1845 INFO rally.task.context [-] Task 1bf39f48-4c5b-4e41-bff1-b8fa9a34d7d4 | Context admin_cleanup@openstack setup() finished in 0.01 msec
2019-11-08 00:39:40.240 1845 RALLYDEBUG rally.task.runner [-] Starting the constant runner (task UUID: 1bf39f48-4c5b-4e41-bff1-b8fa9a34d7d4). times: 10 concurrency: 4 timeout: 0 max_cpu_used: 16 processes_to_start: 4 concurrency_per_worker: 1 concurrency_overhead: 0
2019-11-08 00:39:40.252 6033 RALLYDEBUG rally.task.runner [-] Starting a worker. times: 10 duration: None concurrency: 1 timeout: 0 cls: method_name: run args: {"description": "test", "update_description": "test update"}
2019-11-08 00:39:40.256 6034 RALLYDEBUG rally.task.runner [-] Starting a worker. times: 10 duration: None concurrency: 1 timeout: 0 cls: method_name: run args: {"description": "test", "update_description": "test update"}
2019-11-08 00:39:40.259 6033 INFO rally.task.runner [-] Task 1bf39f48-4c5b-4e41-bff1-b8fa9a34d7d4 | ITER: 1 START
2019-11-08 00:39:40.259 6035 RALLYDEBUG rally.task.runner [-] Starting a worker. times: 10 duration: None concurrency: 1 timeout: 0 cls: method_name: run args: {"description": "test", "update_description": "test update"}
2019-11-08 00:39:40.263 6034 INFO rally.task.runner [-] Task 1bf39f48-4c5b-4e41-bff1-b8fa9a34d7d4 | ITER: 2 START
2019-11-08 00:39:40.262 6037 RALLYDEBUG rally.task.runner [-] Starting a worker. times: 10 duration: None concurrency: 1 timeout: 0 cls: method_name: run args: {"description": "test", "update_description": "test update"}
2019-11-08 00:39:40.266 6035 INFO rally.task.runner [-] Task 1bf39f48-4c5b-4e41-bff1-b8fa9a34d7d4 | ITER: 3 START
2019-11-08 00:39:40.269 6037 INFO rally.task.runner [-] Task 1bf39f48-4c5b-4e41-bff1-b8fa9a34d7d4 | ITER: 4 START
2019-11-08 00:39:40.566 6034 DEBUG cinderclient.v2.client [-] REQ: curl -g -i --cacert "/etc/ssl/certs/mcp_os_cacert" -X POST http://10.167.4.35:8776/v3/b1ff01b222c8482f8a898349408d4eef/types -H "Accept: application/json" -H "Content-Type: application/json" -H "User-Agent: python-cinderclient" -H "X-Auth-Token: {SHA256}050b542da9507b64b61dd5d1a2992aa3df0653210c40a9b90020a22c208efa37" -d '{"volume_type": {"name": "s_rally_d234b015_vIa6b9jC", "description": "test", "os-volume-type-access:is_public": true}}' _http_log_request /usr/lib/python3.6/site-packages/keystoneauth1/session.py:464
2019-11-08 00:39:40.576 6037 DEBUG cinderclient.v2.client [-] REQ: curl -g -i --cacert "/etc/ssl/certs/mcp_os_cacert" -X POST http://10.167.4.35:8776/v3/b1ff01b222c8482f8a898349408d4eef/types -H "Accept: application/json" -H "Content-Type: application/json" -H "User-Agent: python-cinderclient" -H "X-Auth-Token: {SHA256}c2f4ea9464ac9a8ffa81f69696b2afab34f367ef8222a0b57e05e8823726c86e" -d '{"volume_type": {"name": "s_rally_d234b015_TnD54Kow", "description": "test", "os-volume-type-access:is_public": true}}' _http_log_request /usr/lib/python3.6/site-packages/keystoneauth1/session.py:464
2019-11-08 00:39:40.576 6035 DEBUG cinderclient.v2.client [-] REQ: curl -g -i --cacert "/etc/ssl/certs/mcp_os_cacert" -X POST http://10.167.4.35:8776/v3/b1ff01b222c8482f8a898349408d4eef/types -H "Accept: application/json" -H "Content-Type: application/json" -H "User-Agent: python-cinderclient" -H "X-Auth-Token: {SHA256}c3d5a795f300d6ebc536357290ff8fd3d91520680848b493efe269ed986212b6" -d '{"volume_type": {"name": "s_rally_d234b015_djMMm0PC", "description": "test", "os-volume-type-access:is_public": true}}' _http_log_request /usr/lib/python3.6/site-packages/keystoneauth1/session.py:464
2019-11-08 00:39:40.577 6033 DEBUG cinderclient.v2.client [-] REQ: curl -g -i --cacert "/etc/ssl/certs/mcp_os_cacert" -X POST http://10.167.4.35:8776/v3/b1ff01b222c8482f8a898349408d4eef/types -H "Accept: application/json" -H "Content-Type: application/json" -H "User-Agent: python-cinderclient" -H "X-Auth-Token: {SHA256}99be1eaf400bbcb7a5d5913713a8531c21b0d023ac071d272e81db7d7d8da8e3" -d '{"volume_type": {"name": "s_rally_d234b015_fpHvdYBJ", "description": "test", "os-volume-type-access:is_public": true}}' _http_log_request /usr/lib/python3.6/site-packages/keystoneauth1/session.py:464
2019-11-08 00:39:40.692 6035 DEBUG cinderclient.v2.client [-] RESP: [200] Connection: close Content-Length: 202 Content-Type: application/json Date: Fri, 08 Nov 2019 00:39:40 GMT OpenStack-API-Version: volume 3.0 Server: Apache Vary: OpenStack-API-Version x-compute-request-id: req-bb9fc546-19d4-4efe-902d-a05cd9fcdfb7 x-openstack-request-id: req-bb9fc546-19d4-4efe-902d-a05cd9fcdfb7 _http_log_response /usr/lib/python3.6/site-packages/keystoneauth1/session.py:495
2019-11-08 00:39:40.692 6037 DEBUG cinderclient.v2.client [-] RESP: [200] Connection: close Content-Length: 202 Content-Type: application/json Date: Fri, 08 Nov 2019 00:39:40 GMT OpenStack-API-Version: volume 3.0 Server: Apache Vary: OpenStack-API-Version x-compute-request-id: req-50266234-4256-4d62-b517-925dae0598d8 x-openstack-request-id: req-50266234-4256-4d62-b517-925dae0598d8 _http_log_response /usr/lib/python3.6/site-packages/keystoneauth1/session.py:495
2019-11-08 00:39:40.693 6035 DEBUG cinderclient.v2.client [-] RESP BODY: {"volume_type": {"id": "6fe4cb13-fd79-4128-90c1-640c39b31944", "name": "s_rally_d234b015_djMMm0PC", "is_public": true, "extra_specs": {}, "description": "test", "os-volume-type-access:is_public": true}} _http_log_response /usr/lib/python3.6/site-packages/keystoneauth1/session.py:527
2019-11-08 00:39:40.693 6037 DEBUG cinderclient.v2.client [-] RESP BODY: {"volume_type": {"id": "ed85d4bb-ddb4-454d-bdc2-7efc77186a42", "name": "s_rally_d234b015_TnD54Kow", "is_public": true, "extra_specs": {}, "description": "test", "os-volume-type-access:is_public": true}} _http_log_response /usr/lib/python3.6/site-packages/keystoneauth1/session.py:527
2019-11-08 00:39:40.693 6035 DEBUG cinderclient.v2.client [-] POST call to volumev2 for http://10.167.4.35:8776/v3/b1ff01b222c8482f8a898349408d4eef/types used request id req-bb9fc546-19d4-4efe-902d-a05cd9fcdfb7 request /usr/lib/python3.6/site-packages/keystoneauth1/session.py:865
2019-11-08 00:39:40.693 6037 DEBUG cinderclient.v2.client [-] POST call to volumev2 for http://10.167.4.35:8776/v3/b1ff01b222c8482f8a898349408d4eef/types used request id req-50266234-4256-4d62-b517-925dae0598d8 request /usr/lib/python3.6/site-packages/keystoneauth1/session.py:865
2019-11-08 00:39:40.694 6034 DEBUG cinderclient.v2.client [-] RESP: [200] Connection: close Content-Length: 202 Content-Type: application/json Date: Fri, 08 Nov 2019 00:39:40 GMT OpenStack-API-Version: volume 3.0 Server: Apache Vary: OpenStack-API-Version x-compute-request-id: req-055f0048-1172-4c3e-8620-051f1c563781 x-openstack-request-id: req-055f0048-1172-4c3e-8620-051f1c563781 _http_log_response /usr/lib/python3.6/site-packages/keystoneauth1/session.py:495
2019-11-08 00:39:40.695 6034 DEBUG cinderclient.v2.client [-] RESP BODY: {"volume_type": {"id": "bf605199-ca06-4d58-87e6-2d23f31c8560", "name": "s_rally_d234b015_vIa6b9jC", "is_public": true, "extra_specs": {}, "description": "test", "os-volume-type-access:is_public": true}} _http_log_response /usr/lib/python3.6/site-packages/keystoneauth1/session.py:527
2019-11-08 00:39:40.695 6034 DEBUG cinderclient.v2.client [-] POST call to volumev2 for http://10.167.4.35:8776/v3/b1ff01b222c8482f8a898349408d4eef/types used request id req-055f0048-1172-4c3e-8620-051f1c563781 request /usr/lib/python3.6/site-packages/keystoneauth1/session.py:865
2019-11-08 00:39:40.696 6037 DEBUG cinderclient.v2.client [-] REQ: curl -g -i --cacert "/etc/ssl/certs/mcp_os_cacert" -X PUT http://10.167.4.35:8776/v3/b1ff01b222c8482f8a898349408d4eef/types/ed85d4bb-ddb4-454d-bdc2-7efc77186a42 -H "Accept: application/json" -H "Content-Type: application/json" -H "User-Agent: python-cinderclient" -H "X-Auth-Token: {SHA256}c2f4ea9464ac9a8ffa81f69696b2afab34f367ef8222a0b57e05e8823726c86e" -H "X-OpenStack-Request-ID: req-50266234-4256-4d62-b517-925dae0598d8" -d '{"volume_type": {"name": "s_rally_d234b015_TnD54Kow", "description": "test update"}}' _http_log_request /usr/lib/python3.6/site-packages/keystoneauth1/session.py:464
2019-11-08 00:39:40.696 6035 DEBUG cinderclient.v2.client [-] REQ: curl -g -i --cacert "/etc/ssl/certs/mcp_os_cacert" -X PUT http://10.167.4.35:8776/v3/b1ff01b222c8482f8a898349408d4eef/types/6fe4cb13-fd79-4128-90c1-640c39b31944 -H "Accept: application/json" -H "Content-Type: application/json" -H "User-Agent: python-cinderclient" -H "X-Auth-Token: {SHA256}c3d5a795f300d6ebc536357290ff8fd3d91520680848b493efe269ed986212b6" -H "X-OpenStack-Request-ID: req-bb9fc546-19d4-4efe-902d-a05cd9fcdfb7" -d '{"volume_type": {"name": "s_rally_d234b015_djMMm0PC", "description": "test update"}}' _http_log_request /usr/lib/python3.6/site-packages/keystoneauth1/session.py:464
2019-11-08 00:39:40.698 6034 DEBUG cinderclient.v2.client [-] REQ: curl -g -i --cacert "/etc/ssl/certs/mcp_os_cacert" -X PUT http://10.167.4.35:8776/v3/b1ff01b222c8482f8a898349408d4eef/types/bf605199-ca06-4d58-87e6-2d23f31c8560 -H "Accept: application/json" -H "Content-Type: application/json" -H "User-Agent: python-cinderclient" -H "X-Auth-Token: {SHA256}050b542da9507b64b61dd5d1a2992aa3df0653210c40a9b90020a22c208efa37" -H "X-OpenStack-Request-ID: req-055f0048-1172-4c3e-8620-051f1c563781" -d '{"volume_type": {"name": "s_rally_d234b015_vIa6b9jC", "description": "test update"}}' _http_log_request /usr/lib/python3.6/site-packages/keystoneauth1/session.py:464
2019-11-08 00:39:40.701 6033 DEBUG cinderclient.v2.client [-] RESP: [200] Connection: close Content-Length: 202 Content-Type: application/json Date: Fri, 08 Nov 2019 00:39:40 GMT OpenStack-API-Version: volume 3.0 Server: Apache Vary: OpenStack-API-Version x-compute-request-id: req-d074c852-2938-4eb2-b112-c81b03b2c282 x-openstack-request-id: req-d074c852-2938-4eb2-b112-c81b03b2c282 _http_log_response /usr/lib/python3.6/site-packages/keystoneauth1/session.py:495
2019-11-08 00:39:40.702 6033 DEBUG cinderclient.v2.client [-] RESP BODY: {"volume_type": {"id": "674a8c0c-0fbc-48c4-8030-6993e69ba038", "name": "s_rally_d234b015_fpHvdYBJ", "is_public": true, "extra_specs": {}, "description": "test", "os-volume-type-access:is_public": true}} _http_log_response /usr/lib/python3.6/site-packages/keystoneauth1/session.py:527
2019-11-08 00:39:40.703 6033 DEBUG cinderclient.v2.client [-] POST call to volumev2 for http://10.167.4.35:8776/v3/b1ff01b222c8482f8a898349408d4eef/types used request id req-d074c852-2938-4eb2-b112-c81b03b2c282 request /usr/lib/python3.6/site-packages/keystoneauth1/session.py:865
2019-11-08 00:39:40.705 6033 DEBUG cinderclient.v2.client [-] REQ: curl -g -i --cacert "/etc/ssl/certs/mcp_os_cacert" -X PUT http://10.167.4.35:8776/v3/b1ff01b222c8482f8a898349408d4eef/types/674a8c0c-0fbc-48c4-8030-6993e69ba038 -H "Accept: application/json" -H "Content-Type: application/json" -H "User-Agent: python-cinderclient" -H "X-Auth-Token: {SHA256}99be1eaf400bbcb7a5d5913713a8531c21b0d023ac071d272e81db7d7d8da8e3" -H "X-OpenStack-Request-ID: req-d074c852-2938-4eb2-b112-c81b03b2c282" -d '{"volume_type": {"name": "s_rally_d234b015_fpHvdYBJ", "description": "test update"}}' _http_log_request /usr/lib/python3.6/site-packages/keystoneauth1/session.py:464
2019-11-08 00:39:40.729 6037 DEBUG cinderclient.v2.client [-] RESP: [200] Connection: close Content-Length: 168 Content-Type: application/json Date: Fri, 08 Nov 2019 00:39:40 GMT OpenStack-API-Version: volume 3.0 Server: Apache Vary: OpenStack-API-Version x-compute-request-id: req-93eae86b-ccbe-4a0c-9cdb-8201c6f96f58 x-openstack-request-id: req-93eae86b-ccbe-4a0c-9cdb-8201c6f96f58 _http_log_response /usr/lib/python3.6/site-packages/keystoneauth1/session.py:495
2019-11-08 00:39:40.730 6037 DEBUG cinderclient.v2.client [-] RESP BODY: {"volume_type": {"id": "ed85d4bb-ddb4-454d-bdc2-7efc77186a42", "name": "s_rally_d234b015_TnD54Kow", "is_public": true, "extra_specs": {}, "description": "test update"}} _http_log_response /usr/lib/python3.6/site-packages/keystoneauth1/session.py:527
2019-11-08 00:39:40.730 6034 DEBUG cinderclient.v2.client [-] RESP: [200] Connection: close Content-Length: 168 Content-Type: application/json Date: Fri, 08 Nov 2019 00:39:40 GMT OpenStack-API-Version: volume 3.0 Server: Apache Vary: OpenStack-API-Version x-compute-request-id: req-9ca7c57d-e791-458b-93c6-9352d224e21c x-openstack-request-id: req-9ca7c57d-e791-458b-93c6-9352d224e21c _http_log_response /usr/lib/python3.6/site-packages/keystoneauth1/session.py:495
2019-11-08 00:39:40.731 6037 DEBUG cinderclient.v2.client [-] PUT call to volumev2 for http://10.167.4.35:8776/v3/b1ff01b222c8482f8a898349408d4eef/types/ed85d4bb-ddb4-454d-bdc2-7efc77186a42 used request id req-93eae86b-ccbe-4a0c-9cdb-8201c6f96f58 request /usr/lib/python3.6/site-packages/keystoneauth1/session.py:865
2019-11-08 00:39:40.731 6034 DEBUG cinderclient.v2.client [-] RESP BODY: {"volume_type": {"id": "bf605199-ca06-4d58-87e6-2d23f31c8560", "name": "s_rally_d234b015_vIa6b9jC", "is_public": true, "extra_specs": {}, "description": "test update"}} _http_log_response /usr/lib/python3.6/site-packages/keystoneauth1/session.py:527
2019-11-08 00:39:40.731 6034 DEBUG cinderclient.v2.client [-] PUT call to volumev2 for http://10.167.4.35:8776/v3/b1ff01b222c8482f8a898349408d4eef/types/bf605199-ca06-4d58-87e6-2d23f31c8560 used request id req-9ca7c57d-e791-458b-93c6-9352d224e21c request /usr/lib/python3.6/site-packages/keystoneauth1/session.py:865
2019-11-08 00:39:40.731 6037 INFO rally.task.runner [-] Task 1bf39f48-4c5b-4e41-bff1-b8fa9a34d7d4 | ITER: 4 END: OK
2019-11-08 00:39:40.731 6035 DEBUG cinderclient.v2.client [-] RESP: [200] Connection: close Content-Length: 168 Content-Type: application/json Date: Fri, 08 Nov 2019 00:39:40 GMT OpenStack-API-Version: volume 3.0 Server: Apache Vary: OpenStack-API-Version x-compute-request-id: req-de279a80-3fc2-4cb8-9d72-9bfdf65ed1ac x-openstack-request-id: req-de279a80-3fc2-4cb8-9d72-9bfdf65ed1ac _http_log_response /usr/lib/python3.6/site-packages/keystoneauth1/session.py:495
