2019-10-29 03:07:36.370 22837 RALLYDEBUG rally_openstack.cleanup.manager [-] Deleting neutron.port object s_rally_6453cc28_ubqtS15S (5053e2e0-c604-4b96-8cdf-18df99328b39)
2019-10-29 03:07:36.592 22837 RALLYDEBUG rally_openstack.cleanup.manager [-] Deleting neutron.port object s_rally_6453cc28_Bb1OblxY (51692def-f71a-4824-8ebc-cc8bdd23381e)
2019-10-29 03:07:36.641 22837 RALLYDEBUG rally_openstack.cleanup.manager [-] Deleting neutron.port object s_rally_6453cc28_AdFJTee9 (545afaa8-fc3e-430f-8a36-a13110504331)
2019-10-29 03:07:36.728 22837 RALLYDEBUG rally_openstack.cleanup.manager [-] Deleting neutron.port object s_rally_6453cc28_BpsgyK59 (59ccc1ed-8028-4577-af0c-22965abfe333)
2019-10-29 03:07:36.756 22837 RALLYDEBUG rally_openstack.cleanup.manager [-] Deleting neutron.port object s_rally_6453cc28_N1AANccj (5b26c04e-582a-4b03-b51e-746d49c15d52)
2019-10-29 03:07:36.845 22837 RALLYDEBUG rally_openstack.cleanup.manager [-] Deleting neutron.port object s_rally_6453cc28_wwcS8dUs (5f1cacab-5898-40a2-9926-60001e1fd89e)
2019-10-29 03:07:37.009 22837 RALLYDEBUG rally_openstack.cleanup.manager [-] Deleting neutron.port object s_rally_6453cc28_vVFfbtbU (5fa9185f-38db-4184-8e4f-b166914aec77)
2019-10-29 03:07:37.055 22837 RALLYDEBUG rally_openstack.cleanup.manager [-] Deleting neutron.port object s_rally_6453cc28_izMaATFT (5fe5b694-94a0-464c-9d58-25fcf1dbb1d9)
2019-10-29 03:07:37.109 22837 RALLYDEBUG rally_openstack.cleanup.manager [-] Deleting neutron.port object s_rally_6453cc28_UiNSzv86 (6082b72f-e2ef-4e81-a14e-6cdef2a25db2)
2019-10-29 03:07:37.128 22837 RALLYDEBUG rally_openstack.cleanup.manager [-] Deleting neutron.port object s_rally_6453cc28_oVOzfOIv (62446807-de4d-4cc7-acfa-a06df6b268ac)
2019-10-29 03:07:37.165 22837 RALLYDEBUG rally_openstack.cleanup.manager [-] Deleting neutron.port object s_rally_6453cc28_tsMleDmt (634c29cc-41cc-4736-85c1-35299d55b8ff)
2019-10-29 03:07:37.260 22837 RALLYDEBUG rally_openstack.cleanup.manager [-] Deleting neutron.port object s_rally_6453cc28_P7A7ikK5 (6423f5d9-fdf5-449b-a470-8f710674e668)
2019-10-29 03:07:37.297 22837 RALLYDEBUG rally_openstack.cleanup.manager [-] Deleting neutron.port object s_rally_6453cc28_jp1xLeib (65431450-13f9-4dd2-b167-997b5bb6b428)
2019-10-29 03:07:37.319 22837 RALLYDEBUG rally_openstack.cleanup.manager [-] Deleting neutron.port object s_rally_6453cc28_9bqRgbmj (65ef95bc-9230-4d44-a6d7-30efadab11ba)
2019-10-29 03:07:37.324 22837 RALLYDEBUG rally_openstack.cleanup.manager [-] Deleting neutron.port object s_rally_6453cc28_gbRcyxim (668c3c10-1f31-4847-a91c-1a61fa5aa535)
2019-10-29 03:07:37.469 22837 RALLYDEBUG rally_openstack.cleanup.manager [-] Deleting neutron.port object s_rally_6453cc28_0rjcjAiB (67c58274-e554-4155-a91e-4f6bdbf02d52)
2019-10-29 03:07:37.538 22837 RALLYDEBUG rally_openstack.cleanup.manager [-] Deleting neutron.port object s_rally_6453cc28_YmcZkml7 (67ceaa3d-f7a0-42c7-ba15-59511e906642)
2019-10-29 03:07:37.578 22837 RALLYDEBUG rally_openstack.cleanup.manager [-] Deleting neutron.port object s_rally_6453cc28_8DknTi4a (6899c7f3-8f91-4162-9702-721b6375e39a)
2019-10-29 03:07:37.801 22837 RALLYDEBUG rally_openstack.cleanup.manager [-] Deleting neutron.port object s_rally_6453cc28_qdsU5yUx (6b53d07c-ac99-4a8d-bc3f-5b425d55f0d8)
2019-10-29 03:07:38.080 22837 RALLYDEBUG rally_openstack.cleanup.manager [-] Deleting neutron.port object s_rally_6453cc28_6YuxUwvH (6cb9edf7-665c-4e77-abcd-03ffc974eb45)
2019-10-29 03:07:38.098 22837 RALLYDEBUG rally_openstack.cleanup.manager [-] Deleting neutron.port object s_rally_6453cc28_UolWKPVW (6d423a2f-a306-4152-bbcb-3ac369619016)
2019-10-29 03:07:38.345 22837 RALLYDEBUG rally_openstack.cleanup.manager [-] Deleting neutron.port object s_rally_6453cc28_KFHCafZG (6d52a800-b4b5-4daa-8624-e0e4a5a5221b)
2019-10-29 03:07:38.453 22837 RALLYDEBUG rally_openstack.cleanup.manager [-] Deleting neutron.port object s_rally_6453cc28_9hnMt45C (6eb5efc9-2296-454d-8c48-18f3d98f6605)
2019-10-29 03:07:38.484 22837 RALLYDEBUG rally_openstack.cleanup.manager [-] Deleting neutron.port object s_rally_6453cc28_loZfHyYf (6ed06291-8bc9-4cdd-97cb-05213f0b0d9a)
2019-10-29 03:07:38.663 22837 RALLYDEBUG rally_openstack.cleanup.manager [-] Deleting neutron.port object s_rally_6453cc28_fagf1Jze (6fa890ac-7bb2-4f1f-a756-d297ebd9b023)
2019-10-29 03:07:38.896 22837 RALLYDEBUG rally_openstack.cleanup.manager [-] Deleting neutron.port object s_rally_6453cc28_P5Ts79sZ (702a0d8e-6a58-497b-968c-651353ebd5ac)
2019-10-29 03:07:38.969 22837 RALLYDEBUG rally_openstack.cleanup.manager [-] Deleting neutron.port object s_rally_6453cc28_uZLnuVEL (7128576a-714e-4976-85fd-ef8f66b7735b)
2019-10-29 03:07:38.973 22837 RALLYDEBUG rally_openstack.cleanup.manager [-] Deleting neutron.port object s_rally_6453cc28_XDblr5QI (741cb385-540e-4078-92d3-6dea8c84fea1)
2019-10-29 03:07:39.077 22837 RALLYDEBUG rally_openstack.cleanup.manager [-] Deleting neutron.port object s_rally_6453cc28_rrjIcwpT (741d8f0d-8e03-4192-ac4c-b103c262b2f3)
2019-10-29 03:07:39.105 22837 RALLYDEBUG rally_openstack.cleanup.manager [-] Deleting neutron.port object s_rally_6453cc28_E6ZaH9OL (74a60a3b-a70e-4ce6-9437-c5f607b71648)
2019-10-29 03:07:39.109 22837 RALLYDEBUG rally_openstack.cleanup.manager [-] Deleting neutron.port object s_rally_6453cc28_Gf6VovV0 (7605ef70-7bbe-48bb-a23c-170c7c8f261c)
2019-10-29 03:07:39.122 22837 RALLYDEBUG rally_openstack.cleanup.manager [-] Deleting neutron.port object s_rally_6453cc28_gqn5QtMj (7694718b-9688-4287-a6dd-46d7bd690268)
2019-10-29 03:07:39.186 22837 RALLYDEBUG rally_openstack.cleanup.manager [-] Deleting neutron.port object s_rally_6453cc28_whnKADfK (76cde95f-d0b3-4c7c-b1c0-1c34eff74683)
2019-10-29 03:07:39.255 22837 RALLYDEBUG rally_openstack.cleanup.manager [-] Deleting neutron.port object s_rally_6453cc28_FzY2kgAp (771d4bd6-e0cd-4112-9f83-05a6d0dd029d)
2019-10-29 03:07:39.305 22837 RALLYDEBUG rally_openstack.cleanup.manager [-] Deleting neutron.port object s_rally_6453cc28_FO7sV3Q8 (77279456-3f5d-41ff-97c8-1cdc74953ce7)
2019-10-29 03:07:39.354 22837 RALLYDEBUG rally_openstack.cleanup.manager [-] Deleting neutron.port object s_rally_6453cc28_1MkZPGnz (7820216e-b486-4085-a59b-990989b99467)
2019-10-29 03:07:39.391 22837 RALLYDEBUG rally_openstack.cleanup.manager [-] Deleting neutron.port object s_rally_6453cc28_NOFwWX6e (793bfc0f-bbbe-49e8-ac8b-88683f907ca8)
2019-10-29 03:07:39.399 22837 RALLYDEBUG rally_openstack.cleanup.manager [-] Deleting neutron.port object s_rally_6453cc28_I69rQzle (7a26d390-ff5e-4541-a494-e16e70af8373)
2019-10-29 03:07:39.600 22837 RALLYDEBUG rally_openstack.cleanup.manager [-] Deleting neutron.port object s_rally_6453cc28_QVhe5AGg (7a7ae39d-e614-4088-8401-5dc2a5c65a64)
2019-10-29 03:07:39.810 22837 RALLYDEBUG rally_openstack.cleanup.manager [-] Deleting neutron.port object s_rally_6453cc28_rw53lIsm (7ae4c9fc-19f3-4f7a-8f7a-4d76ed080ddd)
2019-10-29 03:07:40.174 22837 RALLYDEBUG rally_openstack.cleanup.manager [-] Deleting neutron.port object s_rally_6453cc28_dQOS2rH9 (7b20ef7f-c38f-45a5-9ef7-d5e509bfffc2)
2019-10-29 03:07:40.210 22837 RALLYDEBUG rally_openstack.cleanup.manager [-] Deleting neutron.port object s_rally_6453cc28_vIoDj0X7 (7e6e3685-ccd8-4224-9b7e-d78dac1f4a16)
2019-10-29 03:07:40.384 22837 RALLYDEBUG rally_openstack.cleanup.manager [-] Deleting neutron.port object s_rally_6453cc28_SwWGWD93 (7f871769-8c49-42b3-b958-51d26799ca7f)
2019-10-29 03:07:40.427 22837 RALLYDEBUG rally_openstack.cleanup.manager [-] Deleting neutron.port object s_rally_6453cc28_2tPe8mPA (8347b52d-7cf8-42e3-bf51-551ef7343ff5)
2019-10-29 03:07:40.479 22837 RALLYDEBUG rally_openstack.cleanup.manager [-] Deleting neutron.port object s_rally_6453cc28_AIBsQdjH (837cde0c-1768-46e2-bd52-0b2fcdf400a6)
2019-10-29 03:07:40.616 22837 RALLYDEBUG rally_openstack.cleanup.manager [-] Deleting neutron.port object s_rally_6453cc28_YyYCvs40 (85029f84-d80c-41bb-9c25-74fa7c6b280e)
2019-10-29 03:07:40.707 22837 RALLYDEBUG rally_openstack.cleanup.manager [-] Deleting neutron.port object s_rally_6453cc28_WiGnzr4N (8795b393-0f85-4534-ac66-cc990fcda030)
2019-10-29 03:07:40.851 22837 RALLYDEBUG rally_openstack.cleanup.manager [-] Deleting neutron.port object s_rally_6453cc28_J6AHaJWG (88509b9e-1c4a-4ef6-b2f6-aaa4917c3197)
2019-10-29 03:07:40.855 22837 RALLYDEBUG rally_openstack.cleanup.manager [-] Deleting neutron.port object s_rally_6453cc28_VYvbgdLo (8b4de0e5-74cc-4111-87f2-044053582ffb)
2019-10-29 03:07:40.969 22837 RALLYDEBUG rally_openstack.cleanup.manager [-] Deleting neutron.port object s_rally_6453cc28_SmtiKAQF (8d647486-f713-41e4-8b7f-879971d9b24b)
2019-10-29 03:07:40.973 22837 RALLYDEBUG rally_openstack.cleanup.manager [-] Deleting neutron.port object s_rally_6453cc28_98XJUIcI (8e635e7d-c342-48d5-8de7-102fd3e6f253)
2019-10-29 03:07:40.981 22837 RALLYDEBUG rally_openstack.cleanup.manager [-] Deleting neutron.port object s_rally_6453cc28_paklOVeb (8fd19222-9154-4f19-8842-f9e6e0605494)
2019-10-29 03:07:41.064 22837 RALLYDEBUG rally_openstack.cleanup.manager [-] Deleting neutron.port object s_rally_6453cc28_CeHVL4iS (901a6892-bedb-49aa-84f4-4a9a009fedc8)
2019-10-29 03:07:41.145 22837 RALLYDEBUG rally_openstack.cleanup.manager [-] Deleting neutron.port object s_rally_6453cc28_vEPH8g9B (926e2e79-9409-4ba6-97d3-bb8beaaff38d)
2019-10-29 03:07:41.277 22837 RALLYDEBUG rally_openstack.cleanup.manager [-] Deleting neutron.port object s_rally_6453cc28_rFEf5qP2 (9271546e-5b61-47aa-9dfc-29ec4d77b7d2)
2019-10-29 03:07:41.324 22837 RALLYDEBUG rally_openstack.cleanup.manager [-] Deleting neutron.port object s_rally_6453cc28_wWpXnCyC (93320e37-8026-4b2d-87c6-d5aee539d68e)
2019-10-29 03:07:41.408 22837 RALLYDEBUG rally_openstack.cleanup.manager [-] Deleting neutron.port object s_rally_6453cc28_4RRb84Qi (939f31c5-e8a0-495c-bce2-20f929134f88)
2019-10-29 03:07:41.440 22837 RALLYDEBUG rally_openstack.cleanup.manager [-] Deleting neutron.port object s_rally_6453cc28_tNp6HrPj (9425ca84-98ea-407f-80e7-3e2664f127c1)
2019-10-29 03:07:41.507 22837 RALLYDEBUG rally_openstack.cleanup.manager [-] Deleting neutron.port object s_rally_6453cc28_3mOM1IbW (94bcca11-bf9e-4ead-ba24-274ac2c118b9)
2019-10-29 03:07:41.533 22837 RALLYDEBUG rally_openstack.cleanup.manager [-] Deleting neutron.port object s_rally_6453cc28_TVCEKXGO (95036598-f82d-4316-9f84-f2cda38ff7fd)
2019-10-29 03:07:41.918 22837 RALLYDEBUG rally_openstack.cleanup.manager [-] Deleting neutron.port object s_rally_6453cc28_7UTmHY0w (9690fa75-8c82-43a2-863c-a65453fe8b1e)
2019-10-29 03:07:41.956 22837 RALLYDEBUG rally_openstack.cleanup.manager [-] Deleting neutron.port object s_rally_6453cc28_Fpdc9rCp (97f014d1-dba8-4f40-b973-1b364be7b5f1)
2019-10-29 03:07:42.151 22837 RALLYDEBUG rally_openstack.cleanup.manager [-] Deleting neutron.port object s_rally_6453cc28_3lSHt9dd (9ce3fe8c-6732-47e2-ba02-59b26b15c432)
2019-10-29 03:07:42.260 22837 RALLYDEBUG rally_openstack.cleanup.manager [-] Deleting neutron.port object s_rally_6453cc28_tTUbEDAl (9ed15003-643f-41f7-bf1d-113f05d1766c)
2019-10-29 03:07:42.378 22837 RALLYDEBUG rally_openstack.cleanup.manager [-] Deleting neutron.port object s_rally_6453cc28_JhyG8bjB (9fb6506c-b665-49fe-b35d-0ac4c3b85a25)
2019-10-29 03:07:42.418 22837 RALLYDEBUG rally_openstack.cleanup.manager [-] Deleting neutron.port object s_rally_6453cc28_E20zxZud (a01f2b1d-744c-4e6c-971b-6ec6582d6679)
2019-10-29 03:07:42.469 22837 RALLYDEBUG rally_openstack.cleanup.manager [-] Deleting neutron.port object s_rally_6453cc28_1T74l8t8 (a0a0ee95-097a-4054-bc3e-b41861afa61b)
2019-10-29 03:07:42.587 22837 RALLYDEBUG rally_openstack.cleanup.manager [-] Deleting neutron.port object s_rally_6453cc28_xnaes0lY (a0e019e3-77a0-422d-9fc1-0a8b097e12ed)
2019-10-29 03:07:42.636 22837 RALLYDEBUG rally_openstack.cleanup.manager [-] Deleting neutron.port object s_rally_6453cc28_d0VZbjsN (a723265d-c60d-4370-8266-439795fb8728)
2019-10-29 03:07:42.762 22837 RALLYDEBUG rally_openstack.cleanup.manager [-] Deleting neutron.port object s_rally_6453cc28_ZBPYEh7D (a7cd9a0e-6599-4b69-a977-ab2c4f4afb7f)
2019-10-29 03:07:42.773 22837 RALLYDEBUG rally_openstack.cleanup.manager [-] Deleting neutron.port object s_rally_6453cc28_HxwRdP2b (a916b67d-740b-4424-8492-ce44609cb8d1)
2019-10-29 03:07:42.782 22837 RALLYDEBUG rally_openstack.cleanup.manager [-] Deleting neutron.port object s_rally_6453cc28_xr5Li9DO (abb9d5ea-ea2e-4988-9e3f-18c00dd6e98d)
2019-10-29 03:07:42.791 22837 RALLYDEBUG rally_openstack.cleanup.manager [-] Deleting neutron.port object s_rally_6453cc28_POifaNbE (ad5c0bcb-0a31-47df-9b8a-1caa33101bc9)
2019-10-29 03:07:42.997 22837 RALLYDEBUG rally_openstack.cleanup.manager [-] Deleting neutron.port object s_rally_6453cc28_pxUUO8Cd (b296bf41-9431-4c51-9790-c74e35d5d09d)
2019-10-29 03:07:43.105 22837 RALLYDEBUG rally_openstack.cleanup.manager [-] Deleting neutron.port object s_rally_6453cc28_NrfhQNUf (b2c2ebc2-c6d0-4ddc-8f21-9ab96ff77336)
2019-10-29 03:07:43.145 22837 RALLYDEBUG rally_openstack.cleanup.manager [-] Deleting neutron.port object s_rally_6453cc28_OEAJvbOD (b3090732-8fc1-47ee-a372-aef6ca44ee37)
2019-10-29 03:07:43.214 22837 RALLYDEBUG rally_openstack.cleanup.manager [-] Deleting neutron.port object s_rally_6453cc28_7Ilj4Pow (b376ccd7-031d-4398-8c37-49ad63f3cf3d)
2019-10-29 03:07:43.239 22837 RALLYDEBUG rally_openstack.cleanup.manager [-] Deleting neutron.port object s_rally_6453cc28_bpw7hO3q (b395725a-2b2d-4220-992c-81ee347738b1)
2019-10-29 03:07:43.291 22837 RALLYDEBUG rally_openstack.cleanup.manager [-] Deleting neutron.port object s_rally_6453cc28_S4wjQKvS (b3d479e5-d03c-4243-b585-784a1f9bfa88)
2019-10-29 03:07:43.339 22837 RALLYDEBUG rally_openstack.cleanup.manager [-] Deleting neutron.port object s_rally_6453cc28_6IkuHr6N (b3e53bd0-fe00-4296-a368-887768d76bf8)
2019-10-29 03:07:43.640 22837 RALLYDEBUG rally_openstack.cleanup.manager [-] Deleting neutron.port object s_rally_6453cc28_AVjZWL5w (b8fa6f98-25ab-4e30-ad2a-06f8939498df)
2019-10-29 03:07:43.915 22837 RALLYDEBUG rally_openstack.cleanup.manager [-] Deleting neutron.port object s_rally_6453cc28_AYXqp65p (bf92cd09-1488-456e-a345-55871becccfc)
2019-10-29 03:07:44.036 22837 RALLYDEBUG rally_openstack.cleanup.manager [-] Deleting neutron.port object s_rally_6453cc28_CB2S40tR (c549f899-304f-4478-947c-7da1e5d12e04)
2019-10-29 03:07:44.189 22837 RALLYDEBUG rally_openstack.cleanup.manager [-] Deleting neutron.port object s_rally_6453cc28_751fXZn0 (c582ac7b-3a20-4c87-b8e3-437e820980f3)
2019-10-29 03:07:44.253 22837 RALLYDEBUG rally_openstack.cleanup.manager [-] Deleting neutron.port object s_rally_6453cc28_7narDFQ9 (c6e89588-256d-4180-801b-5020ece324d3)
2019-10-29 03:07:44.404 22837 RALLYDEBUG rally_openstack.cleanup.manager [-] Deleting neutron.port object s_rally_6453cc28_SRoGshPs (c787a4ea-36ac-4c4c-8d40-8bc4b428c798)
2019-10-29 03:07:44.413 22837 RALLYDEBUG rally_openstack.cleanup.manager [-] Deleting neutron.port object s_rally_6453cc28_WX6CQCkZ (c793cae4-451a-43b6-96f0-a42f19b8c98a)
2019-10-29 03:07:44.567 22837 RALLYDEBUG rally_openstack.cleanup.manager [-] Deleting neutron.port object s_rally_6453cc28_1KXnmaQp (c79bd59d-0ec6-4aef-aac6-982f77857f04)
2019-10-29 03:07:44.600 22837 RALLYDEBUG rally_openstack.cleanup.manager [-] Deleting neutron.port object s_rally_6453cc28_wHpxtWLR (cb09ac2d-3a9b-4805-abe5-5e95b18b2b0f)
2019-10-29 03:07:44.634 22837 RALLYDEBUG rally_openstack.cleanup.manager [-] Deleting neutron.port object s_rally_6453cc28_nrqtY4xg (cc6fef05-d084-4068-8f74-11c07fb536e7)
2019-10-29 03:07:44.642 22837 RALLYDEBUG rally_openstack.cleanup.manager [-] Deleting neutron.port object s_rally_6453cc28_OPwzOmgo (ccacfb82-4f0f-488d-9cb2-79bc1d0d76a6)
2019-10-29 03:07:44.816 22837 RALLYDEBUG rally_openstack.cleanup.manager [-] Deleting neutron.port object s_rally_6453cc28_WBBhPLiw (cd2a2aa4-be55-489c-9c30-7412b8abe4a3)
2019-10-29 03:07:44.905 22837 RALLYDEBUG rally_openstack.cleanup.manager [-] Deleting neutron.port object s_rally_6453cc28_QtL0XDnf (d087f079-c6b8-40ad-96c2-168bd2d83378)
2019-10-29 03:07:44.910 22837 RALLYDEBUG rally_openstack.cleanup.manager [-] Deleting neutron.port object s_rally_6453cc28_PHhtZihc (d0c7dec9-08bf-4d9e-8f88-8dd45141be6c)
2019-10-29 03:07:44.944 22837 RALLYDEBUG rally_openstack.cleanup.manager [-] Deleting neutron.port object s_rally_6453cc28_8KuPoJxH (d1806f1d-aea9-4299-8be1-2226d3ef4325)
2019-10-29 03:07:44.985 22837 RALLYDEBUG rally_openstack.cleanup.manager [-] Deleting neutron.port object s_rally_6453cc28_cC6dHybM (d207292d-e386-4913-a277-f9fa82f502bc)
2019-10-29 03:07:45.048 22837 RALLYDEBUG rally_openstack.cleanup.manager [-] Deleting neutron.port object s_rally_6453cc28_3cgrpTYV (d26a1165-0501-465e-8dfa-838be1206fe7)
2019-10-29 03:07:45.085 22837 RALLYDEBUG rally_openstack.cleanup.manager [-] Deleting neutron.port object s_rally_6453cc28_YeKi4Mn6 (d308312e-df13-4a8f-9eb5-a79bbafac4b8)
2019-10-29 03:07:45.125 22837 RALLYDEBUG rally_openstack.cleanup.manager [-] Deleting neutron.port object s_rally_6453cc28_lZgt3BQy (d33780c0-70bd-44b8-9fff-748aed5a49c6)
2019-10-29 03:07:45.215 22837 RALLYDEBUG rally_openstack.cleanup.manager [-] Deleting neutron.port object s_rally_6453cc28_tiV2K3ix (d3b9047a-0dd8-4289-a08a-27f7038d797b)
2019-10-29 03:07:45.407 22837 RALLYDEBUG rally_openstack.cleanup.manager [-] Deleting neutron.port object s_rally_6453cc28_nxkAb1j6 (d3cb7a27-3076-4cfc-b279-050bd5de2af4)
2019-10-29 03:07:45.663 22837 RALLYDEBUG rally_openstack.cleanup.manager [-] Deleting neutron.port object s_rally_6453cc28_CLjKckLr (d435d873-4f4d-4b2b-b5b1-f368628fbebb)
2019-10-29 03:07:45.763 22837 RALLYDEBUG rally_openstack.cleanup.manager [-] Deleting neutron.port object s_rally_6453cc28_EkD2XWy1 (d4540c6b-c5e6-4df2-86ed-a8c348892f10)
2019-10-29 03:07:45.934 22837 RALLYDEBUG rally_openstack.cleanup.manager [-] Deleting neutron.port object s_rally_6453cc28_ir85kzgE (d6c1244c-4f3f-4572-a9ba-87505ae5683f)
2019-10-29 03:07:46.014 22837 RALLYDEBUG rally_openstack.cleanup.manager [-] Deleting neutron.port object s_rally_6453cc28_t0aTLnO8 (d92dcbdc-2200-46c7-8274-526814ff7838)
2019-10-29 03:07:46.226 22837 RALLYDEBUG rally_openstack.cleanup.manager [-] Deleting neutron.port object s_rally_6453cc28_gD5Fly7e (dd12bd3f-17ab-4283-a700-c2f2231d4ddf)
2019-10-29 03:07:46.292 22837 RALLYDEBUG rally_openstack.cleanup.manager [-] Deleting neutron.port object s_rally_6453cc28_unOJc0sn (dd9cd366-0ee2-4427-94f8-71f410c05a05)
2019-10-29 03:07:46.382 22837 RALLYDEBUG rally_openstack.cleanup.manager [-] Deleting neutron.port object s_rally_6453cc28_XTEigg20 (e08e5259-b32f-4d9d-a801-f4e107e3d3c3)
2019-10-29 03:07:46.461 22837 RALLYDEBUG rally_openstack.cleanup.manager [-] Deleting neutron.port object s_rally_6453cc28_nDBSRrL6 (e4551c31-85d0-4d89-88d2-59957885fd48)
2019-10-29 03:07:46.478 22837 RALLYDEBUG rally_openstack.cleanup.manager [-] Deleting neutron.port object s_rally_6453cc28_vxi287a5 (e4bca490-27c5-481e-8cad-98cbd6a8e29e)
2019-10-29 03:07:46.687 22837 RALLYDEBUG rally_openstack.cleanup.manager [-] Deleting neutron.port object s_rally_6453cc28_6rk3w3Vi (e649bccf-a1b7-4787-9ee9-bce2282042ec)
2019-10-29 03:07:46.697 22837 RALLYDEBUG rally_openstack.cleanup.manager [-] Deleting neutron.port object s_rally_6453cc28_ivPInOy6 (e663ee6a-0853-4846-a0ee-b883f80c32bd)
2019-10-29 03:07:46.701 22837 RALLYDEBUG rally_openstack.cleanup.manager [-] Deleting neutron.port object s_rally_6453cc28_nNFPeSaP (e69cdbaa-4e4d-498e-aa43-1e0061bb8835)
2019-10-29 03:07:46.728 22837 RALLYDEBUG rally_openstack.cleanup.manager [-] Deleting neutron.port object s_rally_6453cc28_fuoCEgMq (e792f39a-b50a-4601-b696-cd714fe6c178)
2019-10-29 03:07:46.746 22837 RALLYDEBUG rally_openstack.cleanup.manager [-] Deleting neutron.port object s_rally_6453cc28_Bh39cytG (e7d606d5-d773-4053-994a-bc491c16f741)
2019-10-29 03:07:46.860 22837 RALLYDEBUG rally_openstack.cleanup.manager [-] Deleting neutron.port object s_rally_6453cc28_aoXHcrcG (ea141a70-b98f-4784-8e4d-ac1651b5033f)
2019-10-29 03:07:46.869 22837 RALLYDEBUG rally_openstack.cleanup.manager [-] Deleting neutron.port object s_rally_6453cc28_6F58lyix (eb7365b7-17f3-4630-8497-07abd5dabcec)
2019-10-29 03:07:46.887 22837 RALLYDEBUG rally_openstack.cleanup.manager [-] Deleting neutron.port object s_rally_6453cc28_YZjel5ez (eca59b0b-0cd6-4bee-86db-39bbdac3a296)
2019-10-29 03:07:46.960 22837 RALLYDEBUG rally_openstack.cleanup.manager [-] Deleting neutron.port object s_rally_6453cc28_D1mHBpbO (ecae1ef1-d097-46b0-8b0c-1e24fc6a3c89)
2019-10-29 03:07:46.978 22837 RALLYDEBUG rally_openstack.cleanup.manager [-] Deleting neutron.port object s_rally_6453cc28_2NmU1EsB (eddef6f6-5806-4760-ae68-415357d615d0)
2019-10-29 03:07:47.142 22837 RALLYDEBUG rally_openstack.cleanup.manager [-] Deleting neutron.port object s_rally_6453cc28_ladplNSY (eec174a3-d391-4865-a647-f2ad80302522)
2019-10-29 03:07:47.446 22837 RALLYDEBUG rally_openstack.cleanup.manager [-] Deleting neutron.port object s_rally_6453cc28_SnhANlEx (ef42b7a6-e701-463f-a34d-4ec44a06f329)
2019-10-29 03:07:47.507 22837 RALLYDEBUG rally_openstack.cleanup.manager [-] Deleting neutron.port object s_rally_6453cc28_Fp3b0wsN (ef81fd62-ad8d-4c2a-9114-a3c921d5812e)
2019-10-29 03:07:47.962 22837 RALLYDEBUG rally_openstack.cleanup.manager [-] Deleting neutron.port object s_rally_6453cc28_hkVgwQXy (efc5ac15-33ac-4930-b77e-b705675ca3b8)
2019-10-29 03:07:48.117 22837 RALLYDEBUG rally_openstack.cleanup.manager [-] Deleting neutron.port object s_rally_6453cc28_HE1FWH2d (f1d48a4b-e263-41b0-8bb7-2eb111ed7e83)
2019-10-29 03:07:48.126 22837 RALLYDEBUG rally_openstack.cleanup.manager [-] Deleting neutron.port object s_rally_6453cc28_C4qlQX9h (f4959da6-9c85-4680-82d1-4bfe1bd34875)
2019-10-29 03:07:48.197 22837 RALLYDEBUG rally_openstack.cleanup.manager [-] Deleting neutron.port object s_rally_6453cc28_8ukwWgkj (f64c93f9-0929-4fd5-b36f-10cbba74dc07)
2019-10-29 03:07:48.326 22837 RALLYDEBUG rally_openstack.cleanup.manager [-] Deleting neutron.port object s_rally_6453cc28_MovQd8Z1 (f7e30693-97e1-43b1-b8c7-898e44ce2fcd)
2019-10-29 03:07:48.494 22837 RALLYDEBUG rally_openstack.cleanup.manager [-] Deleting neutron.port object s_rally_6453cc28_am5KPrjj (f96dc48e-ca08-428e-9047-ec62d0bf5c74)
2019-10-29 03:07:48.573 22837 RALLYDEBUG rally_openstack.cleanup.manager [-] Deleting neutron.port object s_rally_6453cc28_tdiweoAV (fabfb236-116f-49b9-ac66-a92303de3cc5)
2019-10-29 03:07:48.577 22837 RALLYDEBUG rally_openstack.cleanup.manager [-] Deleting neutron.port object s_rally_6453cc28_otWRWqMW (fadc6dd4-06f5-4374-bf55-c82313a861c2)
2019-10-29 03:07:48.613 22837 RALLYDEBUG rally_openstack.cleanup.manager [-] Deleting neutron.port object s_rally_6453cc28_WvNK3JTW (faf145a2-2fbb-4be2-b195-c626eb088eb6)
2019-10-29 03:07:48.622 22837 RALLYDEBUG rally_openstack.cleanup.manager [-] Deleting neutron.port object s_rally_6453cc28_5V20PycB (fbbe9d77-aadd-443b-ba7a-246e26c6de59)
2019-10-29 03:07:48.627 22837 RALLYDEBUG rally_openstack.cleanup.manager [-] Deleting neutron.port object s_rally_6453cc28_mAkQRl1j (fc802a0a-c796-4e1e-9c82-13e064ca03ac)
2019-10-29 03:07:48.686 22837 RALLYDEBUG rally_openstack.cleanup.manager [-] Deleting neutron.port object s_rally_6453cc28_XXXJvsRK (fe3a5971-c1bc-43c1-84d3-4c9aebfba3c5)
2019-10-29 03:07:48.822 22837 RALLYDEBUG rally_openstack.cleanup.manager [-] Deleting neutron.port object s_rally_6453cc28_e6n1tLHG (ff01de1c-1648-48cc-b2e3-f84d17263d45)
2019-10-29 03:07:48.868 22837 RALLYDEBUG rally_openstack.cleanup.manager [-] Deleting neutron.port object s_rally_6453cc28_brPnvNX6 (ff90136e-9726-450b-8542-95dc5120be27)
2019-10-29 03:07:48.876 22837 RALLYDEBUG rally_openstack.cleanup.manager [-] Deleting neutron.port object s_rally_6453cc28_KkZuW2xJ (ffa83274-c145-4823-8942-96e5a02de42b)
2019-10-29 03:07:51.045 22837 RALLYDEBUG rally_openstack.cleanup.manager [-] Cleaning up neutron subnet objects
2019-10-29 03:07:51.448 22837 RALLYDEBUG rally_openstack.cleanup.manager [-] Cleaning up neutron network objects
2019-10-29 03:07:52.012 22837 RALLYDEBUG rally_openstack.cleanup.manager [-] Deleting neutron.network object s_rally_6453cc28_yYMIL5rJ (0e8342e6-59cf-4f8e-8e25-15b15e411939)
2019-10-29 03:07:52.022 22837 RALLYDEBUG rally_openstack.cleanup.manager [-] Deleting neutron.network object s_rally_6453cc28_cVTlDVnK (13562561-1463-495b-a623-9b405cb5d7ba)
2019-10-29 03:07:52.031 22837 RALLYDEBUG rally_openstack.cleanup.manager [-] Deleting neutron.network object s_rally_6453cc28_B934rWJf (1f7cacdd-e344-4b11-8d05-2c382c22ea38)
2019-10-29 03:07:52.035 22837 RALLYDEBUG rally_openstack.cleanup.manager [-] Deleting neutron.network object s_rally_6453cc28_QLxJr0Du (20129c3c-2d36-4a1f-b944-be22f0b0c760)
2019-10-29 03:07:52.044 22837 RALLYDEBUG rally_openstack.cleanup.manager [-] Deleting neutron.network object s_rally_6453cc28_Wkl7r4IC (2502fbcc-c02c-4119-a557-2cb36ced5330)
2019-10-29 03:07:52.063 22837 RALLYDEBUG rally_openstack.cleanup.manager [-] Deleting neutron.network object s_rally_6453cc28_BeIJk7TH (45cdeb93-065f-48a6-921f-cf39148421ea)
2019-10-29 03:07:52.069 22837 RALLYDEBUG rally_openstack.cleanup.manager [-] Deleting neutron.network object s_rally_6453cc28_XPVov5Lv (46fbf211-5064-447c-82dd-7fd93e84735e)
2019-10-29 03:07:52.084 22837 RALLYDEBUG rally_openstack.cleanup.manager [-] Deleting neutron.network object s_rally_6453cc28_7vzGuqbY (507dd363-e14d-4fdb-ba0b-59e5599c0e3b)
2019-10-29 03:07:52.105 22837 RALLYDEBUG rally_openstack.cleanup.manager [-] Deleting neutron.network object s_rally_6453cc28_LHYzdrJH (514f80b1-0bff-4668-aa91-f89482cccc6f)
2019-10-29 03:07:52.121 22837 RALLYDEBUG rally_openstack.cleanup.manager [-] Deleting neutron.network object s_rally_6453cc28_lxNlphOU (5ca9797c-65b3-4f34-b1eb-fd5898bbf6c5)
2019-10-29 03:07:52.135 22837 RALLYDEBUG rally_openstack.cleanup.manager [-] Deleting neutron.network object s_rally_6453cc28_l5jCbCiR (5d072cb2-377f-495a-94ea-642f9cf5dc9d)
2019-10-29 03:07:52.149 22837 RALLYDEBUG rally_openstack.cleanup.manager [-] Deleting neutron.network object s_rally_6453cc28_XpdLmnK8 (5fb294cc-25b5-4b68-b5a1-b02590f54102)
2019-10-29 03:07:52.162 22837 RALLYDEBUG rally_openstack.cleanup.manager [-] Deleting neutron.network object s_rally_6453cc28_yT9diM3D (6e9f469e-70ad-4002-86f9-55d06bf831fc)
2019-10-29 03:07:52.176 22837 RALLYDEBUG rally_openstack.cleanup.manager [-] Deleting neutron.network object s_rally_6453cc28_5c9vx5eh (6ebbb6ec-511e-41bc-a5ce-98d8e51a2ec6)
2019-10-29 03:07:52.184 22837 RALLYDEBUG rally_openstack.cleanup.manager [-] Deleting neutron.network object s_rally_6453cc28_khof5dYG (6f44e8b2-9dcc-4d59-9e7f-8720a3888cbf)
2019-10-29 03:07:52.199 22837 RALLYDEBUG rally_openstack.cleanup.manager [-] Deleting neutron.network object s_rally_6453cc28_Isy6q1sl (707b615d-3100-4439-b76d-f71d085ea9b3)
2019-10-29 03:07:52.212 22837 RALLYDEBUG rally_openstack.cleanup.manager [-] Deleting neutron.network object s_rally_6453cc28_MjsyNyld (73af5a70-deda-45a8-af5a-2d63c426c9e7)
2019-10-29 03:07:52.220 22837 RALLYDEBUG rally_openstack.cleanup.manager [-] Deleting neutron.network object s_rally_6453cc28_bp1urEET (769e2143-2a54-4970-b8f8-9c48dbaed2b6)
2019-10-29 03:07:52.232 22837 RALLYDEBUG rally_openstack.cleanup.manager [-] Deleting neutron.network object s_rally_6453cc28_sKbsq6gA (785a5cc3-1786-4797-a5a0-c72168daeccc)
2019-10-29 03:07:52.242 22837 RALLYDEBUG rally_openstack.cleanup.manager [-] Deleting neutron.network object s_rally_6453cc28_mp4yXLKL (7c204b88-86e6-4313-84c5-c5f926686d1f)
2019-10-29 03:07:54.076 22837 RALLYDEBUG rally_openstack.cleanup.manager [-] Deleting neutron.network object s_rally_6453cc28_SYQRR4AW (7fc00219-bc11-48ca-bed5-9cdc4df8ca28)
2019-10-29 03:07:54.084 22837 RALLYDEBUG rally_openstack.cleanup.manager [-] Deleting neutron.network object s_rally_6453cc28_EjZuUxiU (86bbf126-801e-4c74-b757-c38ebaa8dc30)
2019-10-29 03:07:54.118 22837 RALLYDEBUG rally_openstack.cleanup.manager [-] Deleting neutron.network object s_rally_6453cc28_EdsW53xM (8fc61399-c571-43cd-93f4-0edc3b7d7021)
2019-10-29 03:07:54.208 22837 RALLYDEBUG rally_openstack.cleanup.manager [-] Deleting neutron.network object s_rally_6453cc28_WnJXLc1d (90237367-0907-4b69-aa50-2e21300cd780)
2019-10-29 03:07:54.466 22837 RALLYDEBUG rally_openstack.cleanup.manager [-] Deleting neutron.network object s_rally_6453cc28_c8VTrqyD (90362d91-b2db-4235-9e9d-ad2582f04ee8)
2019-10-29 03:07:54.501 22837 RALLYDEBUG rally_openstack.cleanup.manager [-] Deleting neutron.network object s_rally_6453cc28_ASjAIKXe (99fdb6d2-cd32-4dfe-898c-59356d84cf8f)
2019-10-29 03:07:54.595 22837 RALLYDEBUG rally_openstack.cleanup.manager [-] Deleting neutron.network object s_rally_6453cc28_pbn3bhJ1 (9e0ad062-da24-4b89-b9ff-b40604cb7621)
2019-10-29 03:07:54.643 22837 RALLYDEBUG rally_openstack.cleanup.manager [-] Deleting neutron.network object s_rally_6453cc28_ogJwqnDp (a903abf8-bbbb-4f64-afdb-6a890656034a)
2019-10-29 03:07:54.727 22837 RALLYDEBUG rally_openstack.cleanup.manager [-] Deleting neutron.network object s_rally_6453cc28_KXhwMcwL (b64e5233-e408-49c1-9593-63d67d141c74)
2019-10-29 03:07:54.736 22837 RALLYDEBUG rally_openstack.cleanup.manager [-] Deleting neutron.network object s_rally_6453cc28_U7iAMu2a (c00691e5-49cf-42fc-a94a-5c3e631faa50)
2019-10-29 03:07:54.744 22837 RALLYDEBUG rally_openstack.cleanup.manager [-] Deleting neutron.network object s_rally_6453cc28_ChRmJ5ds (c4a90bac-5fb1-4f61-a1d3-7042da6f2769)
2019-10-29 03:07:54.833 22837 RALLYDEBUG rally_openstack.cleanup.manager [-] Deleting neutron.network object s_rally_6453cc28_PUQUIkaV (c70ef992-e74b-41a6-9dd3-f8aab7b9c1d5)
2019-10-29 03:07:54.871 22837 RALLYDEBUG rally_openstack.cleanup.manager [-] Deleting neutron.network object s_rally_6453cc28_J3yz47oR (d6bcaa33-85e0-4058-b5dd-c5f085b58866)
2019-10-29 03:07:54.899 22837 RALLYDEBUG rally_openstack.cleanup.manager [-] Deleting neutron.network object s_rally_6453cc28_vxiF6gOK (dfbbbf1d-5f43-4d0f-8986-e04f7317f044)
2019-10-29 03:07:54.953 22837 RALLYDEBUG rally_openstack.cleanup.manager [-] Deleting neutron.network object s_rally_6453cc28_D2BOaVO8 (e636f0ba-62cb-4f1f-912e-904089c0f86c)
2019-10-29 03:07:54.959 22837 RALLYDEBUG rally_openstack.cleanup.manager [-] Deleting neutron.network object s_rally_6453cc28_NxWEo7LZ (e680a033-dc9e-4db6-8f13-183dcf07562d)
2019-10-29 03:07:55.034 22837 RALLYDEBUG rally_openstack.cleanup.manager [-] Deleting neutron.network object s_rally_6453cc28_q4QtwFtU (ebf47f0f-62a0-473d-aad6-891a187d41a1)
2019-10-29 03:07:55.823 22837 RALLYDEBUG rally_openstack.cleanup.manager [-] Deleting neutron.network object s_rally_6453cc28_DVPirONS (f62c3633-cb4c-47fa-9860-118ca632595d)
2019-10-29 03:07:55.985 22837 RALLYDEBUG rally_openstack.cleanup.manager [-] Deleting neutron.network object s_rally_6453cc28_ZHcvbn91 (f7562896-ff77-457b-b7df-717cfdedf6e6)
2019-10-29 03:07:56.249 22837 RALLYDEBUG rally_openstack.cleanup.manager [-] Deleting neutron.network object s_rally_6453cc28_Y7ANpyJg (f8876ca8-6d1e-4b29-aa81-a6d6c629ebe9)
2019-10-29 03:07:58.120 22837 RALLYDEBUG rally_openstack.cleanup.manager [-] Cleaning up neutron router objects
2019-10-29 03:07:58.538 22837 RALLYDEBUG rally_openstack.cleanup.manager [-] Cleaning up neutron security_group objects
2019-10-29 03:07:58.985 22837 INFO rally.task.context [-] Task 5a039800-2e53-45bc-ab41-f8317b8c0528 | Context cleanup@openstack cleanup() finished in 31.68 sec
2019-10-29 03:07:58.986 22837 INFO rally.task.context [-] Task 5a039800-2e53-45bc-ab41-f8317b8c0528 | Context quotas@openstack cleanup() started
2019-10-29 03:07:59.057 22837 INFO rally.task.context [-] Task 5a039800-2e53-45bc-ab41-f8317b8c0528 | Context quotas@openstack cleanup() finished in 71.13 msec
2019-10-29 03:07:59.057 22837 INFO rally.task.context [-] Task 5a039800-2e53-45bc-ab41-f8317b8c0528 | Context users@openstack cleanup() started
2019-10-29 03:08:01.730 22837 INFO rally.task.context [-] Task 5a039800-2e53-45bc-ab41-f8317b8c0528 | Context users@openstack cleanup() finished in 2.67 sec
2019-10-29 03:08:03.651 22837 INFO rally.task.engine [-] Load duration is: 19.054477
2019-10-29 03:08:03.652 22837 INFO rally.task.engine [-] Full runner duration is: 19.102004
2019-10-29 03:08:03.652 22837 INFO rally.task.engine [-] Full duration is: 56.357105
2019-10-29 03:08:03.900 22837 INFO rally.task.engine [-] Running workload: position = 2 config = { "version": 2, "title": "A cropped version of a bigger task.", "description": "Auto-generated task from a single workload (uuid=685c0136-7e53-4e49-9403-8dde57e136fe)", "subtasks": [ { "title": "NeutronNetworks.create_and_delete_ports", "description": "Create and delete a port.", "scenario": { "NeutronNetworks.create_and_delete_ports": { "network_create_args": {}, "port_create_args": {}, "ports_per_network": 5 } }, "contexts": { "users": { "tenants": 1, "users_per_tenant": 1 }, "quotas": { "neutron": { "network": -1, "port": -1 } } }, "runner": { "constant": { "times": 40, "concurrency": 20 } }, "hooks": [], "sla": { "failure_rate": { "max": 0 } } } ] }
2019-10-29 03:08:03.925 22837 RALLYDEBUG rally_openstack.contexts.keystone.users [-] Creating 1 tenants using 20 threads
2019-10-29 03:08:04.972 22837 RALLYDEBUG rally_openstack.contexts.keystone.users [-] Creating 1 users using 20 threads
2019-10-29 03:08:06.394 22837 INFO rally.task.context [-] Task 5a039800-2e53-45bc-ab41-f8317b8c0528 | Context users@openstack setup() finished in 2.47 sec
2019-10-29 03:08:06.885 22837 INFO rally.task.context [-] Task 5a039800-2e53-45bc-ab41-f8317b8c0528 | Context quotas@openstack setup() finished in 0.49 sec
2019-10-29 03:08:06.886 22837 INFO rally.task.context [-] Task 5a039800-2e53-45bc-ab41-f8317b8c0528 | Context cleanup@openstack setup() finished in 0.01 msec
2019-10-29 03:08:06.893 22837 RALLYDEBUG rally.task.runner [-] Starting the constant runner (task UUID: 5a039800-2e53-45bc-ab41-f8317b8c0528). times: 40 concurrency: 20 timeout: 0 max_cpu_used: 16 processes_to_start: 16 concurrency_per_worker: 1 concurrency_overhead: 4
2019-10-29 03:08:06.903 27303 RALLYDEBUG rally.task.runner [-] Starting a worker. times: 40 duration: None concurrency: 2 timeout: 0 cls: method_name: run args: {"network_create_args": {}, "port_create_args": {}, "ports_per_network": 5}
2019-10-29 03:08:06.905 27304 RALLYDEBUG rally.task.runner [-] Starting a worker. times: 40 duration: None concurrency: 2 timeout: 0 cls: method_name: run args: {"network_create_args": {}, "port_create_args": {}, "ports_per_network": 5}
2019-10-29 03:08:06.908 27305 RALLYDEBUG rally.task.runner [-] Starting a worker. times: 40 duration: None concurrency: 2 timeout: 0 cls: method_name: run args: {"network_create_args": {}, "port_create_args": {}, "ports_per_network": 5}
2019-10-29 03:08:06.911 27303 INFO rally.task.runner [-] Task 5a039800-2e53-45bc-ab41-f8317b8c0528 | ITER: 3 START
2019-10-29 03:08:06.911 27306 RALLYDEBUG rally.task.runner [-] Starting a worker. times: 40 duration: None concurrency: 2 timeout: 0 cls: method_name: run args: {"network_create_args": {}, "port_create_args": {}, "ports_per_network": 5}
2019-10-29 03:08:06.911 27303 INFO rally.task.runner [-] Task 5a039800-2e53-45bc-ab41-f8317b8c0528 | ITER: 1 START
2019-10-29 03:08:06.911 27304 INFO rally.task.runner [-] Task 5a039800-2e53-45bc-ab41-f8317b8c0528 | ITER: 2 START
2019-10-29 03:08:06.913 27303 WARNING rally_openstack.scenarios.neutron.utils [-] Running this scenario without either the 'network' or 'existing_network' context is deprecated
2019-10-29 03:08:06.914 27308 RALLYDEBUG rally.task.runner [-] Starting a worker. times: 40 duration: None concurrency: 1 timeout: 0 cls: method_name: run args: {"network_create_args": {}, "port_create_args": {}, "ports_per_network": 5}
2019-10-29 03:08:06.915 27305 INFO rally.task.runner [-] Task 5a039800-2e53-45bc-ab41-f8317b8c0528 | ITER: 4 START
2019-10-29 03:08:06.915 27304 INFO rally.task.runner [-] Task 5a039800-2e53-45bc-ab41-f8317b8c0528 | ITER: 5 START
2019-10-29 03:08:06.916 27304 WARNING rally_openstack.scenarios.neutron.utils [-] Running this scenario without either the 'network' or 'existing_network' context is deprecated
2019-10-29 03:08:06.917 27313 RALLYDEBUG rally.task.runner [-] Starting a worker. times: 40 duration: None concurrency: 1 timeout: 0 cls: method_name: run args: {"network_create_args": {}, "port_create_args": {}, "ports_per_network": 5}
2019-10-29 03:08:06.918 27306 INFO rally.task.runner [-] Task 5a039800-2e53-45bc-ab41-f8317b8c0528 | ITER: 6 START
2019-10-29 03:08:06.917 27305 WARNING rally_openstack.scenarios.neutron.utils [-] Running this scenario without either the 'network' or 'existing_network' context is deprecated
2019-10-29 03:08:06.919 27308 INFO rally.task.runner [-] Task 5a039800-2e53-45bc-ab41-f8317b8c0528 | ITER: 9 START
2019-10-29 03:08:06.919 27317 RALLYDEBUG rally.task.runner [-] Starting a worker. times: 40 duration: None concurrency: 1 timeout: 0 cls: method_name: run args: {"network_create_args": {}, "port_create_args": {}, "ports_per_network": 5}
2019-10-29 03:08:06.918 27306 INFO rally.task.runner [-] Task 5a039800-2e53-45bc-ab41-f8317b8c0528 | ITER: 8 START
2019-10-29 03:08:06.921 27308 WARNING rally_openstack.scenarios.neutron.utils [-] Running this scenario without either the 'network' or 'existing_network' context is deprecated
2019-10-29 03:08:06.920 27306 WARNING rally_openstack.scenarios.neutron.utils [-] Running this scenario without either the 'network' or 'existing_network' context is deprecated
2019-10-29 03:08:06.921 27322 RALLYDEBUG rally.task.runner [-] Starting a worker. times: 40 duration: None concurrency: 1 timeout: 0 cls: method_name: run args: {"network_create_args": {}, "port_create_args": {}, "ports_per_network": 5}
2019-10-29 03:08:06.922 27313 INFO rally.task.runner [-] Task 5a039800-2e53-45bc-ab41-f8317b8c0528 | ITER: 10 START
2019-10-29 03:08:06.924 27313 WARNING rally_openstack.scenarios.neutron.utils [-] Running this scenario without either the 'network' or 'existing_network' context is deprecated
2019-10-29 03:08:06.924 27317 INFO rally.task.runner [-] Task 5a039800-2e53-45bc-ab41-f8317b8c0528 | ITER: 11 START
2019-10-29 03:08:06.926 27317 WARNING rally_openstack.scenarios.neutron.utils [-] Running this scenario without either the 'network' or 'existing_network' context is deprecated
2019-10-29 03:08:06.926 27322 INFO rally.task.runner [-] Task 5a039800-2e53-45bc-ab41-f8317b8c0528 | ITER: 12 START
2019-10-29 03:08:06.928 27322 WARNING rally_openstack.scenarios.neutron.utils [-] Running this scenario without either the 'network' or 'existing_network' context is deprecated
2019-10-29 03:08:06.915 27303 WARNING rally_openstack.scenarios.neutron.utils [-] Running this scenario without either the 'network' or 'existing_network' context is deprecated
2019-10-29 03:08:06.917 27304 WARNING rally_openstack.scenarios.neutron.utils [-] Running this scenario without either the 'network' or 'existing_network' context is deprecated
2019-10-29 03:08:06.928 27327 RALLYDEBUG rally.task.runner [-] Starting a worker. times: 40 duration: None concurrency: 1 timeout: 0 cls: method_name: run args: {"network_create_args": {}, "port_create_args": {}, "ports_per_network": 5}
2019-10-29 03:08:06.931 27332 RALLYDEBUG rally.task.runner [-] Starting a worker. times: 40 duration: None concurrency: 1 timeout: 0 cls: method_name: run args: {"network_create_args": {}, "port_create_args": {}, "ports_per_network": 5}
2019-10-29 03:08:06.921 27306 WARNING rally_openstack.scenarios.neutron.utils [-] Running this scenario without either the 'network' or 'existing_network' context is deprecated
2019-10-29 03:08:06.918 27305 INFO rally.task.runner [-] Task 5a039800-2e53-45bc-ab41-f8317b8c0528 | ITER: 7 START
2019-10-29 03:08:06.935 27305 WARNING rally_openstack.scenarios.neutron.utils [-] Running this scenario without either the 'network' or 'existing_network' context is deprecated
2019-10-29 03:08:06.934 27327 INFO rally.task.runner [-] Task 5a039800-2e53-45bc-ab41-f8317b8c0528 | ITER: 13 START
2019-10-29 03:08:06.935 27332 INFO rally.task.runner [-] Task 5a039800-2e53-45bc-ab41-f8317b8c0528 | ITER: 14 START
2019-10-29 03:08:06.937 27327 WARNING rally_openstack.scenarios.neutron.utils [-] Running this scenario without either the 'network' or 'existing_network' context is deprecated
2019-10-29 03:08:06.937 27332 WARNING rally_openstack.scenarios.neutron.utils [-] Running this scenario without either the 'network' or 'existing_network' context is deprecated
2019-10-29 03:08:06.940 27336 RALLYDEBUG rally.task.runner [-] Starting a worker. times: 40 duration: None concurrency: 1 timeout: 0 cls: method_name: run args: {"network_create_args": {}, "port_create_args": {}, "ports_per_network": 5}
2019-10-29 03:08:06.944 27338 RALLYDEBUG rally.task.runner [-] Starting a worker. times: 40 duration: None concurrency: 1 timeout: 0 cls: method_name: run args: {"network_create_args": {}, "port_create_args": {}, "ports_per_network": 5}
2019-10-29 03:08:06.947 27336 INFO rally.task.runner [-] Task 5a039800-2e53-45bc-ab41-f8317b8c0528 | ITER: 15 START
2019-10-29 03:08:06.950 27336 WARNING rally_openstack.scenarios.neutron.utils [-] Running this scenario without either the 'network' or 'existing_network' context is deprecated
2019-10-29 03:08:06.951 27338 INFO rally.task.runner [-] Task 5a039800-2e53-45bc-ab41-f8317b8c0528 | ITER: 16 START
2019-10-29 03:08:06.951 27342 RALLYDEBUG rally.task.runner [-] Starting a worker. times: 40 duration: None concurrency: 1 timeout: 0 cls: method_name: run args: {"network_create_args": {}, "port_create_args": {}, "ports_per_network": 5}
2019-10-29 03:08:06.951 27339 RALLYDEBUG rally.task.runner [-] Starting a worker. times: 40 duration: None concurrency: 1 timeout: 0 cls: method_name: run args: {"network_create_args": {}, "port_create_args": {}, "ports_per_network": 5}
2019-10-29 03:08:06.952 27338 WARNING rally_openstack.scenarios.neutron.utils [-] Running this scenario without either the 'network' or 'existing_network' context is deprecated
2019-10-29 03:08:06.955 27342 INFO rally.task.runner [-] Task 5a039800-2e53-45bc-ab41-f8317b8c0528 | ITER: 17 START
2019-10-29 03:08:06.956 27339 INFO rally.task.runner [-] Task 5a039800-2e53-45bc-ab41-f8317b8c0528 | ITER: 18 START
2019-10-29 03:08:06.957 27342 WARNING rally_openstack.scenarios.neutron.utils [-] Running this scenario without either the 'network' or 'existing_network' context is deprecated
2019-10-29 03:08:06.958 27339 WARNING rally_openstack.scenarios.neutron.utils [-] Running this scenario without either the 'network' or 'existing_network' context is deprecated
2019-10-29 03:08:06.959 27347 RALLYDEBUG rally.task.runner [-] Starting a worker. times: 40 duration: None concurrency: 1 timeout: 0 cls: method_name: run args: {"network_create_args": {}, "port_create_args": {}, "ports_per_network": 5}
2019-10-29 03:08:06.961 27350 RALLYDEBUG rally.task.runner [-] Starting a worker. times: 40 duration: None concurrency: 1 timeout: 0 cls: method_name: run args: {"network_create_args": {}, "port_create_args": {}, "ports_per_network": 5}
2019-10-29 03:08:06.964 27350 INFO rally.task.runner [-] Task 5a039800-2e53-45bc-ab41-f8317b8c0528 | ITER: 20 START
2019-10-29 03:08:06.964 27347 INFO rally.task.runner [-] Task 5a039800-2e53-45bc-ab41-f8317b8c0528 | ITER: 19 START
2019-10-29 03:08:06.965 27350 WARNING rally_openstack.scenarios.neutron.utils [-] Running this scenario without either the 'network' or 'existing_network' context is deprecated
2019-10-29 03:08:06.966 27347 WARNING rally_openstack.scenarios.neutron.utils [-] Running this scenario without either the 'network' or 'existing_network' context is deprecated
2019-10-29 03:08:14.736 27347 INFO rally.task.runner [-] Task 5a039800-2e53-45bc-ab41-f8317b8c0528 | ITER: 19 END: OK
2019-10-29 03:08:14.740 27347 INFO rally.task.runner [-] Task 5a039800-2e53-45bc-ab41-f8317b8c0528 | ITER: 21 START
2019-10-29 03:08:14.740 27347 WARNING rally_openstack.scenarios.neutron.utils [-] Running this scenario without either the 'network' or 'existing_network' context is deprecated
2019-10-29 03:08:15.407 27303 INFO rally.task.runner [-] Task 5a039800-2e53-45bc-ab41-f8317b8c0528 | ITER: 1 END: OK
2019-10-29 03:08:15.411 27303 INFO rally.task.runner [-] Task 5a039800-2e53-45bc-ab41-f8317b8c0528 | ITER: 22 START
2019-10-29 03:08:15.412 27303 WARNING rally_openstack.scenarios.neutron.utils [-] Running this scenario without either the 'network' or 'existing_network' context is deprecated
2019-10-29 03:08:15.554 27305 INFO rally.task.runner [-] Task 5a039800-2e53-45bc-ab41-f8317b8c0528 | ITER: 4 END: OK
2019-10-29 03:08:15.558 27305 INFO rally.task.runner [-] Task 5a039800-2e53-45bc-ab41-f8317b8c0528 | ITER: 23 START
2019-10-29 03:08:15.558 27305 WARNING rally_openstack.scenarios.neutron.utils [-] Running this scenario without either the 'network' or 'existing_network' context is deprecated
2019-10-29 03:08:15.726 27317 INFO rally.task.runner [-] Task 5a039800-2e53-45bc-ab41-f8317b8c0528 | ITER: 11 END: OK
2019-10-29 03:08:15.730 27317 INFO rally.task.runner [-] Task 5a039800-2e53-45bc-ab41-f8317b8c0528 | ITER: 24 START
2019-10-29 03:08:15.731 27317 WARNING rally_openstack.scenarios.neutron.utils [-] Running this scenario without either the 'network' or 'existing_network' context is deprecated
2019-10-29 03:08:15.940 27305 INFO rally.task.runner [-] Task 5a039800-2e53-45bc-ab41-f8317b8c0528 | ITER: 7 END: OK
2019-10-29 03:08:15.942 27305 INFO rally.task.runner [-] Task 5a039800-2e53-45bc-ab41-f8317b8c0528 | ITER: 25 START
2019-10-29 03:08:15.943 27305 WARNING rally_openstack.scenarios.neutron.utils [-] Running this scenario without either the 'network' or 'existing_network' context is deprecated
2019-10-29 03:08:16.256 27308 INFO rally.task.runner [-] Task 5a039800-2e53-45bc-ab41-f8317b8c0528 | ITER: 9 END: OK
2019-10-29 03:08:16.259 27308 INFO rally.task.runner [-] Task 5a039800-2e53-45bc-ab41-f8317b8c0528 | ITER: 26 START
2019-10-29 03:08:16.260 27308 WARNING rally_openstack.scenarios.neutron.utils [-] Running this scenario without either the 'network' or 'existing_network' context is deprecated
2019-10-29 03:08:16.349 27338 INFO rally.task.runner [-] Task 5a039800-2e53-45bc-ab41-f8317b8c0528 | ITER: 16 END: OK
2019-10-29 03:08:16.352 27338 INFO rally.task.runner [-] Task 5a039800-2e53-45bc-ab41-f8317b8c0528 | ITER: 27 START
2019-10-29 03:08:16.353 27338 WARNING rally_openstack.scenarios.neutron.utils [-] Running this scenario without either the 'network' or 'existing_network' context is deprecated
2019-10-29 03:08:16.683 27332 INFO rally.task.runner [-] Task 5a039800-2e53-45bc-ab41-f8317b8c0528 | ITER: 14 END: OK
2019-10-29 03:08:16.688 27332 INFO rally.task.runner [-] Task 5a039800-2e53-45bc-ab41-f8317b8c0528 | ITER: 28 START
2019-10-29 03:08:16.689 27332 WARNING rally_openstack.scenarios.neutron.utils [-] Running this scenario without either the 'network' or 'existing_network' context is deprecated
2019-10-29 03:08:16.718 27304 INFO rally.task.runner [-] Task 5a039800-2e53-45bc-ab41-f8317b8c0528 | ITER: 5 END: OK
2019-10-29 03:08:16.722 27304 INFO rally.task.runner [-] Task 5a039800-2e53-45bc-ab41-f8317b8c0528 | ITER: 29 START
2019-10-29 03:08:16.723 27304 WARNING rally_openstack.scenarios.neutron.utils [-] Running this scenario without either the 'network' or 'existing_network' context is deprecated
2019-10-29 03:08:16.748 27313 INFO rally.task.runner [-] Task 5a039800-2e53-45bc-ab41-f8317b8c0528 | ITER: 10 END: OK
2019-10-29 03:08:16.752 27313 INFO rally.task.runner [-] Task 5a039800-2e53-45bc-ab41-f8317b8c0528 | ITER: 30 START
2019-10-29 03:08:16.752 27313 WARNING rally_openstack.scenarios.neutron.utils [-] Running this scenario without either the 'network' or 'existing_network' context is deprecated
2019-10-29 03:08:16.771 27303 INFO rally.task.runner [-] Task 5a039800-2e53-45bc-ab41-f8317b8c0528 | ITER: 3 END: OK
2019-10-29 03:08:16.774 27303 INFO rally.task.runner [-] Task 5a039800-2e53-45bc-ab41-f8317b8c0528 | ITER: 31 START
2019-10-29 03:08:16.775 27303 WARNING rally_openstack.scenarios.neutron.utils [-] Running this scenario without either the 'network' or 'existing_network' context is deprecated
2019-10-29 03:08:16.876 27342 INFO rally.task.runner [-] Task 5a039800-2e53-45bc-ab41-f8317b8c0528 | ITER: 17 END: OK
2019-10-29 03:08:16.880 27342 INFO rally.task.runner [-] Task 5a039800-2e53-45bc-ab41-f8317b8c0528 | ITER: 32 START
2019-10-29 03:08:16.881 27342 WARNING rally_openstack.scenarios.neutron.utils [-] Running this scenario without either the 'network' or 'existing_network' context is deprecated
2019-10-29 03:08:16.922 27306 INFO rally.task.runner [-] Task 5a039800-2e53-45bc-ab41-f8317b8c0528 | ITER: 8 END: OK
2019-10-29 03:08:16.926 27306 INFO rally.task.runner [-] Task 5a039800-2e53-45bc-ab41-f8317b8c0528 | ITER: 33 START
2019-10-29 03:08:16.927 27306 WARNING rally_openstack.scenarios.neutron.utils [-] Running this scenario without either the 'network' or 'existing_network' context is deprecated
2019-10-29 03:08:17.410 27350 INFO rally.task.runner [-] Task 5a039800-2e53-45bc-ab41-f8317b8c0528 | ITER: 20 END: OK
2019-10-29 03:08:17.414 27350 INFO rally.task.runner [-] Task 5a039800-2e53-45bc-ab41-f8317b8c0528 | ITER: 34 START
2019-10-29 03:08:17.415 27350 WARNING rally_openstack.scenarios.neutron.utils [-] Running this scenario without either the 'network' or 'existing_network' context is deprecated
2019-10-29 03:08:17.477 27322 INFO rally.task.runner [-] Task 5a039800-2e53-45bc-ab41-f8317b8c0528 | ITER: 12 END: OK
2019-10-29 03:08:17.481 27322 INFO rally.task.runner [-] Task 5a039800-2e53-45bc-ab41-f8317b8c0528 | ITER: 35 START
2019-10-29 03:08:17.482 27322 WARNING rally_openstack.scenarios.neutron.utils [-] Running this scenario without either the 'network' or 'existing_network' context is deprecated
2019-10-29 03:08:17.616 27336 INFO rally.task.runner [-] Task 5a039800-2e53-45bc-ab41-f8317b8c0528 | ITER: 15 END: OK
2019-10-29 03:08:17.620 27336 INFO rally.task.runner [-] Task 5a039800-2e53-45bc-ab41-f8317b8c0528 | ITER: 36 START
2019-10-29 03:08:17.621 27336 WARNING rally_openstack.scenarios.neutron.utils [-] Running this scenario without either the 'network' or 'existing_network' context is deprecated
