2019-10-29 02:54:45.510 22828 RALLYDEBUG rally.api [-] INFO logs from urllib3 and requests module are hide.
2019-10-29 02:54:45.511 22828 RALLYDEBUG rally.api [-] urllib3 insecure warnings are hidden.
2019-10-29 02:54:45.511 22828 RALLYDEBUG rally.api [-] ERROR log from boto module is hide.
2019-10-29 02:54:48.551 22830 RALLYDEBUG rally.api [-] INFO logs from urllib3 and requests module are hide.
2019-10-29 02:54:48.551 22830 RALLYDEBUG rally.api [-] urllib3 insecure warnings are hidden.
2019-10-29 02:54:48.551 22830 RALLYDEBUG rally.api [-] ERROR log from boto module is hide.
2019-10-29 02:54:51.899 22832 RALLYDEBUG rally.api [-] INFO logs from urllib3 and requests module are hide.
2019-10-29 02:54:51.899 22832 RALLYDEBUG rally.api [-] urllib3 insecure warnings are hidden.
2019-10-29 02:54:51.899 22832 RALLYDEBUG rally.api [-] ERROR log from boto module is hide.
2019-10-29 02:54:56.065 22835 RALLYDEBUG rally.api [-] INFO logs from urllib3 and requests module are hide.
2019-10-29 02:54:56.066 22835 RALLYDEBUG rally.api [-] urllib3 insecure warnings are hidden.
2019-10-29 02:54:56.066 22835 RALLYDEBUG rally.api [-] ERROR log from boto module is hide.
2019-10-29 02:54:57.820 22837 RALLYDEBUG rally.api [-] INFO logs from urllib3 and requests module are hide.
2019-10-29 02:54:57.820 22837 RALLYDEBUG rally.api [-] urllib3 insecure warnings are hidden.
2019-10-29 02:54:57.820 22837 RALLYDEBUG rally.api [-] ERROR log from boto module is hide.
2019-10-29 02:54:59.201 22837 INFO rally.common.plugin.discover [-] Loading plugins from directories /root/.rally/plugins/*
2019-10-29 02:54:59.202 22837 INFO rally.common.plugin.discover [-] Loaded module with plugins: /root/.rally/plugins/__init__.py
2019-10-29 02:54:59.528 22837 INFO rally.task.engine [-] Task 5a039800-2e53-45bc-ab41-f8317b8c0528 | Starting: Task validation.
2019-10-29 02:54:59.577 22837 INFO rally.task.engine [-] Task 5a039800-2e53-45bc-ab41-f8317b8c0528 | Starting: Task validation of syntax.
2019-10-29 02:54:59.899 22837 INFO rally.task.engine [-] Task 5a039800-2e53-45bc-ab41-f8317b8c0528 | Completed: Task validation of syntax.
2019-10-29 02:54:59.899 22837 INFO rally.task.engine [-] Task 5a039800-2e53-45bc-ab41-f8317b8c0528 | Starting: Task validation of required platforms.
2019-10-29 02:55:00.016 22837 INFO rally.task.engine [-] Task 5a039800-2e53-45bc-ab41-f8317b8c0528 | Completed: Task validation of required platforms.
2019-10-29 02:55:00.017 22837 INFO rally.task.engine [-] Task 5a039800-2e53-45bc-ab41-f8317b8c0528 | Starting: Task validation of semantic.
2019-10-29 02:55:00.017 22837 INFO rally.task.engine [-] Check health of the environment 'c6c7743d-1192-4de3-8364-da83420288cd'.
2019-10-29 02:55:00.941 22837 INFO rally.task.engine [-] Platform existing@openstack (available: True): OK!
2019-10-29 02:55:00.963 22837 RALLYDEBUG rally_openstack.contexts.keystone.users [-] Creating 1 tenants using 20 threads
2019-10-29 02:55:01.810 22837 RALLYDEBUG rally_openstack.contexts.keystone.users [-] Creating 1 users using 20 threads
2019-10-29 02:55:03.230 22837 INFO rally.task.context [-] Task 5a039800-2e53-45bc-ab41-f8317b8c0528 | Context users@openstack setup() finished in 2.27 sec
2019-10-29 02:55:13.025 22837 INFO rally.task.context [-] Task 5a039800-2e53-45bc-ab41-f8317b8c0528 | Context users@openstack cleanup() started
2019-10-29 02:55:16.247 22837 INFO rally.task.context [-] Task 5a039800-2e53-45bc-ab41-f8317b8c0528 | Context users@openstack cleanup() finished in 3.22 sec
2019-10-29 02:55:16.248 22837 INFO rally.task.engine [-] Task 5a039800-2e53-45bc-ab41-f8317b8c0528 | Completed: Task validation of semantic.
2019-10-29 02:55:16.248 22837 INFO rally.task.engine [-] Task 5a039800-2e53-45bc-ab41-f8317b8c0528 | Completed: Task validation.
2019-10-29 02:55:16.249 22837 INFO rally.api [-] Task 5a039800-2e53-45bc-ab41-f8317b8c0528 input file is valid.
2019-10-29 02:55:16.249 22837 INFO rally.api [-] Run Task 5a039800-2e53-45bc-ab41-f8317b8c0528 against Deployment c6c7743d-1192-4de3-8364-da83420288cd
2019-10-29 02:55:16.249 22837 INFO rally.task.engine [-] Task 5a039800-2e53-45bc-ab41-f8317b8c0528 | Starting: Running task.
2019-10-29 02:55:16.466 22837 INFO rally.task.engine [-] Running workload: position = 0 config = { "version": 2, "title": "A cropped version of a bigger task.", "description": "Auto-generated task from a single workload (uuid=f20eb22b-86c0-4b72-a88b-6add7e6a8e34)", "subtasks": [ { "title": "NeutronNetworks.create_and_list_networks", "description": "Check performance of list_networks action and ensure > network quotas are not exceeded", "scenario": { "NeutronNetworks.create_and_list_networks": {} }, "contexts": { "users": { "tenants": 1, "users_per_tenant": 1 }, "quotas": { "neutron": { "network": 119 } } }, "runner": { "constant": { "times": 100, "concurrency": 20 } }, "hooks": [], "sla": { "max_avg_duration_per_atomic": { "neutron.list_networks": 15 }, "failure_rate": { "max": 0 } } } ] }
2019-10-29 02:55:16.492 22837 RALLYDEBUG rally_openstack.contexts.keystone.users [-] Creating 1 tenants using 20 threads
2019-10-29 02:55:17.514 22837 RALLYDEBUG rally_openstack.contexts.keystone.users [-] Creating 1 users using 20 threads
2019-10-29 02:55:18.950 22837 INFO rally.task.context [-] Task 5a039800-2e53-45bc-ab41-f8317b8c0528 | Context users@openstack setup() finished in 2.46 sec
2019-10-29 02:55:19.529 22837 INFO rally.task.context [-] Task 5a039800-2e53-45bc-ab41-f8317b8c0528 | Context quotas@openstack setup() finished in 0.58 sec
2019-10-29 02:55:19.529 22837 INFO rally.task.context [-] Task 5a039800-2e53-45bc-ab41-f8317b8c0528 | Context cleanup@openstack setup() finished in 0.05 msec
2019-10-29 02:55:19.539 22837 RALLYDEBUG rally.task.runner [-] Starting the constant runner (task UUID: 5a039800-2e53-45bc-ab41-f8317b8c0528). times: 100 concurrency: 20 timeout: 0 max_cpu_used: 16 processes_to_start: 16 concurrency_per_worker: 1 concurrency_overhead: 4
2019-10-29 02:55:19.553 22961 RALLYDEBUG rally.task.runner [-] Starting a worker. times: 100 duration: None concurrency: 2 timeout: 0 cls: method_name: run args: {}
2019-10-29 02:55:19.557 22962 RALLYDEBUG rally.task.runner [-] Starting a worker. times: 100 duration: None concurrency: 2 timeout: 0 cls: method_name: run args: {}
2019-10-29 02:55:19.560 22961 INFO rally.task.runner [-] Task 5a039800-2e53-45bc-ab41-f8317b8c0528 | ITER: 1 START
2019-10-29 02:55:19.560 22963 RALLYDEBUG rally.task.runner [-] Starting a worker. times: 100 duration: None concurrency: 2 timeout: 0 cls: method_name: run args: {}
2019-10-29 02:55:19.563 22966 RALLYDEBUG rally.task.runner [-] Starting a worker. times: 100 duration: None concurrency: 2 timeout: 0 cls: method_name: run args: {}
2019-10-29 02:55:19.564 22962 INFO rally.task.runner [-] Task 5a039800-2e53-45bc-ab41-f8317b8c0528 | ITER: 3 START
2019-10-29 02:55:19.567 22961 INFO rally.task.runner [-] Task 5a039800-2e53-45bc-ab41-f8317b8c0528 | ITER: 2 START
2019-10-29 02:55:19.567 22970 RALLYDEBUG rally.task.runner [-] Starting a worker. times: 100 duration: None concurrency: 1 timeout: 0 cls: method_name: run args: {}
2019-10-29 02:55:19.567 22963 INFO rally.task.runner [-] Task 5a039800-2e53-45bc-ab41-f8317b8c0528 | ITER: 4 START
2019-10-29 02:55:19.570 22966 INFO rally.task.runner [-] Task 5a039800-2e53-45bc-ab41-f8317b8c0528 | ITER: 7 START
2019-10-29 02:55:19.572 22970 INFO rally.task.runner [-] Task 5a039800-2e53-45bc-ab41-f8317b8c0528 | ITER: 9 START
2019-10-29 02:55:19.572 22975 RALLYDEBUG rally.task.runner [-] Starting a worker. times: 100 duration: None concurrency: 1 timeout: 0 cls: method_name: run args: {}
2019-10-29 02:55:19.574 22979 RALLYDEBUG rally.task.runner [-] Starting a worker. times: 100 duration: None concurrency: 1 timeout: 0 cls: method_name: run args: {}
2019-10-29 02:55:19.565 22962 INFO rally.task.runner [-] Task 5a039800-2e53-45bc-ab41-f8317b8c0528 | ITER: 5 START
2019-10-29 02:55:19.578 22975 INFO rally.task.runner [-] Task 5a039800-2e53-45bc-ab41-f8317b8c0528 | ITER: 10 START
2019-10-29 02:55:19.578 22982 RALLYDEBUG rally.task.runner [-] Starting a worker. times: 100 duration: None concurrency: 1 timeout: 0 cls: method_name: run args: {}
2019-10-29 02:55:19.568 22963 INFO rally.task.runner [-] Task 5a039800-2e53-45bc-ab41-f8317b8c0528 | ITER: 6 START
2019-10-29 02:55:19.579 22979 INFO rally.task.runner [-] Task 5a039800-2e53-45bc-ab41-f8317b8c0528 | ITER: 11 START
2019-10-29 02:55:19.582 22982 INFO rally.task.runner [-] Task 5a039800-2e53-45bc-ab41-f8317b8c0528 | ITER: 12 START
2019-10-29 02:55:19.583 22986 RALLYDEBUG rally.task.runner [-] Starting a worker. times: 100 duration: None concurrency: 1 timeout: 0 cls: method_name: run args: {}
2019-10-29 02:55:19.571 22966 INFO rally.task.runner [-] Task 5a039800-2e53-45bc-ab41-f8317b8c0528 | ITER: 8 START
2019-10-29 02:55:19.587 22986 INFO rally.task.runner [-] Task 5a039800-2e53-45bc-ab41-f8317b8c0528 | ITER: 13 START
2019-10-29 02:55:19.590 22990 RALLYDEBUG rally.task.runner [-] Starting a worker. times: 100 duration: None concurrency: 1 timeout: 0 cls: method_name: run args: {}
2019-10-29 02:55:19.594 22990 INFO rally.task.runner [-] Task 5a039800-2e53-45bc-ab41-f8317b8c0528 | ITER: 14 START
2019-10-29 02:55:19.599 22995 RALLYDEBUG rally.task.runner [-] Starting a worker. times: 100 duration: None concurrency: 1 timeout: 0 cls: method_name: run args: {}
2019-10-29 02:55:19.604 22995 INFO rally.task.runner [-] Task 5a039800-2e53-45bc-ab41-f8317b8c0528 | ITER: 15 START
2019-10-29 02:55:19.605 22996 RALLYDEBUG rally.task.runner [-] Starting a worker. times: 100 duration: None concurrency: 1 timeout: 0 cls: method_name: run args: {}
2019-10-29 02:55:19.611 22996 INFO rally.task.runner [-] Task 5a039800-2e53-45bc-ab41-f8317b8c0528 | ITER: 16 START
2019-10-29 02:55:19.611 22999 RALLYDEBUG rally.task.runner [-] Starting a worker. times: 100 duration: None concurrency: 1 timeout: 0 cls: method_name: run args: {}
2019-10-29 02:55:19.615 22999 INFO rally.task.runner [-] Task 5a039800-2e53-45bc-ab41-f8317b8c0528 | ITER: 17 START
2019-10-29 02:55:19.619 23003 RALLYDEBUG rally.task.runner [-] Starting a worker. times: 100 duration: None concurrency: 1 timeout: 0 cls: method_name: run args: {}
2019-10-29 02:55:19.623 23003 INFO rally.task.runner [-] Task 5a039800-2e53-45bc-ab41-f8317b8c0528 | ITER: 18 START
2019-10-29 02:55:19.623 23005 RALLYDEBUG rally.task.runner [-] Starting a worker. times: 100 duration: None concurrency: 1 timeout: 0 cls: method_name: run args: {}
2019-10-29 02:55:19.626 23008 RALLYDEBUG rally.task.runner [-] Starting a worker. times: 100 duration: None concurrency: 1 timeout: 0 cls: method_name: run args: {}
2019-10-29 02:55:19.627 23005 INFO rally.task.runner [-] Task 5a039800-2e53-45bc-ab41-f8317b8c0528 | ITER: 19 START
2019-10-29 02:55:19.630 23008 INFO rally.task.runner [-] Task 5a039800-2e53-45bc-ab41-f8317b8c0528 | ITER: 20 START
2019-10-29 02:55:20.455 22966 INFO rally.task.runner [-] Task 5a039800-2e53-45bc-ab41-f8317b8c0528 | ITER: 8 END: OK
2019-10-29 02:55:20.458 22966 INFO rally.task.runner [-] Task 5a039800-2e53-45bc-ab41-f8317b8c0528 | ITER: 21 START
2019-10-29 02:55:20.640 22963 INFO rally.task.runner [-] Task 5a039800-2e53-45bc-ab41-f8317b8c0528 | ITER: 4 END: OK
2019-10-29 02:55:20.644 22963 INFO rally.task.runner [-] Task 5a039800-2e53-45bc-ab41-f8317b8c0528 | ITER: 22 START
2019-10-29 02:55:20.657 22975 INFO rally.task.runner [-] Task 5a039800-2e53-45bc-ab41-f8317b8c0528 | ITER: 10 END: OK
2019-10-29 02:55:20.661 22975 INFO rally.task.runner [-] Task 5a039800-2e53-45bc-ab41-f8317b8c0528 | ITER: 23 START
2019-10-29 02:55:20.786 22962 INFO rally.task.runner [-] Task 5a039800-2e53-45bc-ab41-f8317b8c0528 | ITER: 5 END: OK
2019-10-29 02:55:20.789 22962 INFO rally.task.runner [-] Task 5a039800-2e53-45bc-ab41-f8317b8c0528 | ITER: 24 START
2019-10-29 02:55:20.900 23005 INFO rally.task.runner [-] Task 5a039800-2e53-45bc-ab41-f8317b8c0528 | ITER: 19 END: OK
2019-10-29 02:55:20.904 23005 INFO rally.task.runner [-] Task 5a039800-2e53-45bc-ab41-f8317b8c0528 | ITER: 25 START
2019-10-29 02:55:21.056 22962 INFO rally.task.runner [-] Task 5a039800-2e53-45bc-ab41-f8317b8c0528 | ITER: 3 END: OK
2019-10-29 02:55:21.059 22962 INFO rally.task.runner [-] Task 5a039800-2e53-45bc-ab41-f8317b8c0528 | ITER: 26 START
2019-10-29 02:55:21.195 22966 INFO rally.task.runner [-] Task 5a039800-2e53-45bc-ab41-f8317b8c0528 | ITER: 7 END: OK
2019-10-29 02:55:21.199 22966 INFO rally.task.runner [-] Task 5a039800-2e53-45bc-ab41-f8317b8c0528 | ITER: 27 START
2019-10-29 02:55:21.224 22990 INFO rally.task.runner [-] Task 5a039800-2e53-45bc-ab41-f8317b8c0528 | ITER: 14 END: OK
2019-10-29 02:55:21.227 22990 INFO rally.task.runner [-] Task 5a039800-2e53-45bc-ab41-f8317b8c0528 | ITER: 28 START
2019-10-29 02:55:21.237 22961 INFO rally.task.runner [-] Task 5a039800-2e53-45bc-ab41-f8317b8c0528 | ITER: 2 END: OK
2019-10-29 02:55:21.238 22963 INFO rally.task.runner [-] Task 5a039800-2e53-45bc-ab41-f8317b8c0528 | ITER: 6 END: OK
2019-10-29 02:55:21.240 22961 INFO rally.task.runner [-] Task 5a039800-2e53-45bc-ab41-f8317b8c0528 | ITER: 29 START
2019-10-29 02:55:21.242 22963 INFO rally.task.runner [-] Task 5a039800-2e53-45bc-ab41-f8317b8c0528 | ITER: 30 START
2019-10-29 02:55:21.276 22979 INFO rally.task.runner [-] Task 5a039800-2e53-45bc-ab41-f8317b8c0528 | ITER: 11 END: OK
2019-10-29 02:55:21.277 23008 INFO rally.task.runner [-] Task 5a039800-2e53-45bc-ab41-f8317b8c0528 | ITER: 20 END: OK
2019-10-29 02:55:21.280 22979 INFO rally.task.runner [-] Task 5a039800-2e53-45bc-ab41-f8317b8c0528 | ITER: 31 START
2019-10-29 02:55:21.281 23008 INFO rally.task.runner [-] Task 5a039800-2e53-45bc-ab41-f8317b8c0528 | ITER: 32 START
2019-10-29 02:55:21.292 22995 INFO rally.task.runner [-] Task 5a039800-2e53-45bc-ab41-f8317b8c0528 | ITER: 15 END: OK
2019-10-29 02:55:21.295 22995 INFO rally.task.runner [-] Task 5a039800-2e53-45bc-ab41-f8317b8c0528 | ITER: 33 START
2019-10-29 02:55:21.307 22982 INFO rally.task.runner [-] Task 5a039800-2e53-45bc-ab41-f8317b8c0528 | ITER: 12 END: OK
2019-10-29 02:55:21.311 22982 INFO rally.task.runner [-] Task 5a039800-2e53-45bc-ab41-f8317b8c0528 | ITER: 34 START
2019-10-29 02:55:21.651 22996 INFO rally.task.runner [-] Task 5a039800-2e53-45bc-ab41-f8317b8c0528 | ITER: 16 END: OK
2019-10-29 02:55:21.655 22996 INFO rally.task.runner [-] Task 5a039800-2e53-45bc-ab41-f8317b8c0528 | ITER: 35 START
2019-10-29 02:55:21.671 22961 INFO rally.task.runner [-] Task 5a039800-2e53-45bc-ab41-f8317b8c0528 | ITER: 1 END: OK
2019-10-29 02:55:21.674 22961 INFO rally.task.runner [-] Task 5a039800-2e53-45bc-ab41-f8317b8c0528 | ITER: 36 START
2019-10-29 02:55:21.757 22966 INFO rally.task.runner [-] Task 5a039800-2e53-45bc-ab41-f8317b8c0528 | ITER: 21 END: OK
2019-10-29 02:55:21.761 22966 INFO rally.task.runner [-] Task 5a039800-2e53-45bc-ab41-f8317b8c0528 | ITER: 37 START
2019-10-29 02:55:21.774 22963 INFO rally.task.runner [-] Task 5a039800-2e53-45bc-ab41-f8317b8c0528 | ITER: 22 END: OK
2019-10-29 02:55:21.777 22963 INFO rally.task.runner [-] Task 5a039800-2e53-45bc-ab41-f8317b8c0528 | ITER: 38 START
2019-10-29 02:55:21.782 22999 INFO rally.task.runner [-] Task 5a039800-2e53-45bc-ab41-f8317b8c0528 | ITER: 17 END: OK
2019-10-29 02:55:21.785 22999 INFO rally.task.runner [-] Task 5a039800-2e53-45bc-ab41-f8317b8c0528 | ITER: 39 START
2019-10-29 02:55:21.816 22975 INFO rally.task.runner [-] Task 5a039800-2e53-45bc-ab41-f8317b8c0528 | ITER: 23 END: OK
2019-10-29 02:55:21.819 22975 INFO rally.task.runner [-] Task 5a039800-2e53-45bc-ab41-f8317b8c0528 | ITER: 40 START
2019-10-29 02:55:21.820 22970 INFO rally.task.runner [-] Task 5a039800-2e53-45bc-ab41-f8317b8c0528 | ITER: 9 END: OK
2019-10-29 02:55:21.823 22970 INFO rally.task.runner [-] Task 5a039800-2e53-45bc-ab41-f8317b8c0528 | ITER: 41 START
2019-10-29 02:55:21.857 22962 INFO rally.task.runner [-] Task 5a039800-2e53-45bc-ab41-f8317b8c0528 | ITER: 26 END: OK
2019-10-29 02:55:21.860 22962 INFO rally.task.runner [-] Task 5a039800-2e53-45bc-ab41-f8317b8c0528 | ITER: 42 START
2019-10-29 02:55:21.936 22986 INFO rally.task.runner [-] Task 5a039800-2e53-45bc-ab41-f8317b8c0528 | ITER: 13 END: OK
2019-10-29 02:55:21.939 22986 INFO rally.task.runner [-] Task 5a039800-2e53-45bc-ab41-f8317b8c0528 | ITER: 43 START
2019-10-29 02:55:21.953 23003 INFO rally.task.runner [-] Task 5a039800-2e53-45bc-ab41-f8317b8c0528 | ITER: 18 END: OK
2019-10-29 02:55:21.957 23003 INFO rally.task.runner [-] Task 5a039800-2e53-45bc-ab41-f8317b8c0528 | ITER: 44 START
2019-10-29 02:55:22.430 22995 INFO rally.task.runner [-] Task 5a039800-2e53-45bc-ab41-f8317b8c0528 | ITER: 33 END: OK
2019-10-29 02:55:22.433 22995 INFO rally.task.runner [-] Task 5a039800-2e53-45bc-ab41-f8317b8c0528 | ITER: 45 START
2019-10-29 02:55:22.484 22982 INFO rally.task.runner [-] Task 5a039800-2e53-45bc-ab41-f8317b8c0528 | ITER: 34 END: OK
2019-10-29 02:55:22.487 22982 INFO rally.task.runner [-] Task 5a039800-2e53-45bc-ab41-f8317b8c0528 | ITER: 46 START
2019-10-29 02:55:22.563 23005 INFO rally.task.runner [-] Task 5a039800-2e53-45bc-ab41-f8317b8c0528 | ITER: 25 END: OK
2019-10-29 02:55:22.566 23005 INFO rally.task.runner [-] Task 5a039800-2e53-45bc-ab41-f8317b8c0528 | ITER: 47 START
2019-10-29 02:55:22.577 22961 INFO rally.task.runner [-] Task 5a039800-2e53-45bc-ab41-f8317b8c0528 | ITER: 29 END: OK
2019-10-29 02:55:22.580 22961 INFO rally.task.runner [-] Task 5a039800-2e53-45bc-ab41-f8317b8c0528 | ITER: 48 START
2019-10-29 02:55:22.595 22990 INFO rally.task.runner [-] Task 5a039800-2e53-45bc-ab41-f8317b8c0528 | ITER: 28 END: OK
2019-10-29 02:55:22.598 22990 INFO rally.task.runner [-] Task 5a039800-2e53-45bc-ab41-f8317b8c0528 | ITER: 49 START
2019-10-29 02:55:22.690 23008 INFO rally.task.runner [-] Task 5a039800-2e53-45bc-ab41-f8317b8c0528 | ITER: 32 END: OK
2019-10-29 02:55:22.692 23008 INFO rally.task.runner [-] Task 5a039800-2e53-45bc-ab41-f8317b8c0528 | ITER: 50 START
2019-10-29 02:55:22.714 22961 INFO rally.task.runner [-] Task 5a039800-2e53-45bc-ab41-f8317b8c0528 | ITER: 36 END: OK
2019-10-29 02:55:22.717 22961 INFO rally.task.runner [-] Task 5a039800-2e53-45bc-ab41-f8317b8c0528 | ITER: 51 START
2019-10-29 02:55:22.729 22966 INFO rally.task.runner [-] Task 5a039800-2e53-45bc-ab41-f8317b8c0528 | ITER: 27 END: OK
2019-10-29 02:55:22.733 22966 INFO rally.task.runner [-] Task 5a039800-2e53-45bc-ab41-f8317b8c0528 | ITER: 52 START
2019-10-29 02:55:22.797 22963 INFO rally.task.runner [-] Task 5a039800-2e53-45bc-ab41-f8317b8c0528 | ITER: 30 END: OK
2019-10-29 02:55:22.800 22963 INFO rally.task.runner [-] Task 5a039800-2e53-45bc-ab41-f8317b8c0528 | ITER: 53 START
2019-10-29 02:55:22.922 22966 INFO rally.task.runner [-] Task 5a039800-2e53-45bc-ab41-f8317b8c0528 | ITER: 37 END: OK
2019-10-29 02:55:22.925 22966 INFO rally.task.runner [-] Task 5a039800-2e53-45bc-ab41-f8317b8c0528 | ITER: 54 START
2019-10-29 02:55:23.027 22975 INFO rally.task.runner [-] Task 5a039800-2e53-45bc-ab41-f8317b8c0528 | ITER: 40 END: OK
2019-10-29 02:55:23.030 22975 INFO rally.task.runner [-] Task 5a039800-2e53-45bc-ab41-f8317b8c0528 | ITER: 55 START
2019-10-29 02:55:23.191 22999 INFO rally.task.runner [-] Task 5a039800-2e53-45bc-ab41-f8317b8c0528 | ITER: 39 END: OK
2019-10-29 02:55:23.194 22999 INFO rally.task.runner [-] Task 5a039800-2e53-45bc-ab41-f8317b8c0528 | ITER: 56 START
2019-10-29 02:55:23.233 22986 INFO rally.task.runner [-] Task 5a039800-2e53-45bc-ab41-f8317b8c0528 | ITER: 43 END: OK
2019-10-29 02:55:23.234 22979 INFO rally.task.runner [-] Task 5a039800-2e53-45bc-ab41-f8317b8c0528 | ITER: 31 END: OK
2019-10-29 02:55:23.237 22986 INFO rally.task.runner [-] Task 5a039800-2e53-45bc-ab41-f8317b8c0528 | ITER: 57 START
2019-10-29 02:55:23.237 22979 INFO rally.task.runner [-] Task 5a039800-2e53-45bc-ab41-f8317b8c0528 | ITER: 58 START
2019-10-29 02:55:23.238 22962 INFO rally.task.runner [-] Task 5a039800-2e53-45bc-ab41-f8317b8c0528 | ITER: 24 END: OK
2019-10-29 02:55:23.241 22962 INFO rally.task.runner [-] Task 5a039800-2e53-45bc-ab41-f8317b8c0528 | ITER: 59 START
2019-10-29 02:55:23.262 22996 INFO rally.task.runner [-] Task 5a039800-2e53-45bc-ab41-f8317b8c0528 | ITER: 35 END: OK
2019-10-29 02:55:23.264 22996 INFO rally.task.runner [-] Task 5a039800-2e53-45bc-ab41-f8317b8c0528 | ITER: 60 START
2019-10-29 02:55:23.330 22995 INFO rally.task.runner [-] Task 5a039800-2e53-45bc-ab41-f8317b8c0528 | ITER: 45 END: OK
2019-10-29 02:55:23.333 22995 INFO rally.task.runner [-] Task 5a039800-2e53-45bc-ab41-f8317b8c0528 | ITER: 61 START
2019-10-29 02:55:23.370 22970 INFO rally.task.runner [-] Task 5a039800-2e53-45bc-ab41-f8317b8c0528 | ITER: 41 END: OK
2019-10-29 02:55:23.373 22970 INFO rally.task.runner [-] Task 5a039800-2e53-45bc-ab41-f8317b8c0528 | ITER: 62 START
2019-10-29 02:55:23.388 22982 INFO rally.task.runner [-] Task 5a039800-2e53-45bc-ab41-f8317b8c0528 | ITER: 46 END: OK
2019-10-29 02:55:23.391 22982 INFO rally.task.runner [-] Task 5a039800-2e53-45bc-ab41-f8317b8c0528 | ITER: 63 START
2019-10-29 02:55:23.651 22963 INFO rally.task.runner [-] Task 5a039800-2e53-45bc-ab41-f8317b8c0528 | ITER: 38 END: OK
2019-10-29 02:55:23.654 22963 INFO rally.task.runner [-] Task 5a039800-2e53-45bc-ab41-f8317b8c0528 | ITER: 64 START
2019-10-29 02:55:23.741 23005 INFO rally.task.runner [-] Task 5a039800-2e53-45bc-ab41-f8317b8c0528 | ITER: 47 END: OK
2019-10-29 02:55:23.744 23005 INFO rally.task.runner [-] Task 5a039800-2e53-45bc-ab41-f8317b8c0528 | ITER: 65 START
2019-10-29 02:55:23.759 22961 INFO rally.task.runner [-] Task 5a039800-2e53-45bc-ab41-f8317b8c0528 | ITER: 48 END: OK
2019-10-29 02:55:23.762 22961 INFO rally.task.runner [-] Task 5a039800-2e53-45bc-ab41-f8317b8c0528 | ITER: 66 START
2019-10-29 02:55:23.949 22975 INFO rally.task.runner [-] Task 5a039800-2e53-45bc-ab41-f8317b8c0528 | ITER: 55 END: OK
2019-10-29 02:55:23.953 22975 INFO rally.task.runner [-] Task 5a039800-2e53-45bc-ab41-f8317b8c0528 | ITER: 67 START
2019-10-29 02:55:23.981 22966 INFO rally.task.runner [-] Task 5a039800-2e53-45bc-ab41-f8317b8c0528 | ITER: 54 END: OK
2019-10-29 02:55:23.983 22966 INFO rally.task.runner [-] Task 5a039800-2e53-45bc-ab41-f8317b8c0528 | ITER: 68 START
2019-10-29 02:55:24.097 22979 INFO rally.task.runner [-] Task 5a039800-2e53-45bc-ab41-f8317b8c0528 | ITER: 58 END: OK
2019-10-29 02:55:24.100 22979 INFO rally.task.runner [-] Task 5a039800-2e53-45bc-ab41-f8317b8c0528 | ITER: 69 START
2019-10-29 02:55:24.217 22996 INFO rally.task.runner [-] Task 5a039800-2e53-45bc-ab41-f8317b8c0528 | ITER: 60 END: OK
2019-10-29 02:55:24.220 22996 INFO rally.task.runner [-] Task 5a039800-2e53-45bc-ab41-f8317b8c0528 | ITER: 70 START
2019-10-29 02:55:24.335 22990 INFO rally.task.runner [-] Task 5a039800-2e53-45bc-ab41-f8317b8c0528 | ITER: 49 END: OK
2019-10-29 02:55:24.338 22990 INFO rally.task.runner [-] Task 5a039800-2e53-45bc-ab41-f8317b8c0528 | ITER: 71 START
2019-10-29 02:55:24.348 22966 INFO rally.task.runner [-] Task 5a039800-2e53-45bc-ab41-f8317b8c0528 | ITER: 52 END: OK
2019-10-29 02:55:24.352 22966 INFO rally.task.runner [-] Task 5a039800-2e53-45bc-ab41-f8317b8c0528 | ITER: 72 START
2019-10-29 02:55:24.435 22995 INFO rally.task.runner [-] Task 5a039800-2e53-45bc-ab41-f8317b8c0528 | ITER: 61 END: OK
2019-10-29 02:55:24.438 22995 INFO rally.task.runner [-] Task 5a039800-2e53-45bc-ab41-f8317b8c0528 | ITER: 73 START
2019-10-29 02:55:24.605 22986 INFO rally.task.runner [-] Task 5a039800-2e53-45bc-ab41-f8317b8c0528 | ITER: 57 END: OK
2019-10-29 02:55:24.608 22986 INFO rally.task.runner [-] Task 5a039800-2e53-45bc-ab41-f8317b8c0528 | ITER: 74 START
2019-10-29 02:55:24.716 22999 INFO rally.task.runner [-] Task 5a039800-2e53-45bc-ab41-f8317b8c0528 | ITER: 56 END: OK
2019-10-29 02:55:24.719 22999 INFO rally.task.runner [-] Task 5a039800-2e53-45bc-ab41-f8317b8c0528 | ITER: 75 START
2019-10-29 02:55:24.728 22982 INFO rally.task.runner [-] Task 5a039800-2e53-45bc-ab41-f8317b8c0528 | ITER: 63 END: OK
2019-10-29 02:55:24.730 22982 INFO rally.task.runner [-] Task 5a039800-2e53-45bc-ab41-f8317b8c0528 | ITER: 76 START
2019-10-29 02:55:24.856 22962 INFO rally.task.runner [-] Task 5a039800-2e53-45bc-ab41-f8317b8c0528 | ITER: 59 END: OK
2019-10-29 02:55:24.860 22962 INFO rally.task.runner [-] Task 5a039800-2e53-45bc-ab41-f8317b8c0528 | ITER: 77 START
2019-10-29 02:55:24.909 23003 INFO rally.task.runner [-] Task 5a039800-2e53-45bc-ab41-f8317b8c0528 | ITER: 44 END: OK
2019-10-29 02:55:24.912 23003 INFO rally.task.runner [-] Task 5a039800-2e53-45bc-ab41-f8317b8c0528 | ITER: 78 START
2019-10-29 02:55:24.929 22979 INFO rally.task.runner [-] Task 5a039800-2e53-45bc-ab41-f8317b8c0528 | ITER: 69 END: OK
2019-10-29 02:55:24.933 22979 INFO rally.task.runner [-] Task 5a039800-2e53-45bc-ab41-f8317b8c0528 | ITER: 79 START
2019-10-29 02:55:24.934 23008 INFO rally.task.runner [-] Task 5a039800-2e53-45bc-ab41-f8317b8c0528 | ITER: 50 END: OK
2019-10-29 02:55:24.937 23008 INFO rally.task.runner [-] Task 5a039800-2e53-45bc-ab41-f8317b8c0528 | ITER: 80 START
2019-10-29 02:55:25.064 22996 INFO rally.task.runner [-] Task 5a039800-2e53-45bc-ab41-f8317b8c0528 | ITER: 70 END: OK
2019-10-29 02:55:25.067 22996 INFO rally.task.runner [-] Task 5a039800-2e53-45bc-ab41-f8317b8c0528 | ITER: 81 START
2019-10-29 02:55:25.107 22963 INFO rally.task.runner [-] Task 5a039800-2e53-45bc-ab41-f8317b8c0528 | ITER: 53 END: OK
2019-10-29 02:55:25.110 22963 INFO rally.task.runner [-] Task 5a039800-2e53-45bc-ab41-f8317b8c0528 | ITER: 82 START
2019-10-29 02:55:25.122 22962 INFO rally.task.runner [-] Task 5a039800-2e53-45bc-ab41-f8317b8c0528 | ITER: 42 END: OK
2019-10-29 02:55:25.125 22962 INFO rally.task.runner [-] Task 5a039800-2e53-45bc-ab41-f8317b8c0528 | ITER: 83 START
2019-10-29 02:55:25.196 22966 INFO rally.task.runner [-] Task 5a039800-2e53-45bc-ab41-f8317b8c0528 | ITER: 68 END: OK
2019-10-29 02:55:25.199 22966 INFO rally.task.runner [-] Task 5a039800-2e53-45bc-ab41-f8317b8c0528 | ITER: 84 START
2019-10-29 02:55:25.408 22966 INFO rally.task.runner [-] Task 5a039800-2e53-45bc-ab41-f8317b8c0528 | ITER: 72 END: OK
2019-10-29 02:55:25.412 22966 INFO rally.task.runner [-] Task 5a039800-2e53-45bc-ab41-f8317b8c0528 | ITER: 85 START
2019-10-29 02:55:25.477 22963 INFO rally.task.runner [-] Task 5a039800-2e53-45bc-ab41-f8317b8c0528 | ITER: 64 END: OK
2019-10-29 02:55:25.480 22963 INFO rally.task.runner [-] Task 5a039800-2e53-45bc-ab41-f8317b8c0528 | ITER: 86 START
2019-10-29 02:55:25.710 22961 INFO rally.task.runner [-] Task 5a039800-2e53-45bc-ab41-f8317b8c0528 | ITER: 66 END: OK
2019-10-29 02:55:25.711 23005 INFO rally.task.runner [-] Task 5a039800-2e53-45bc-ab41-f8317b8c0528 | ITER: 65 END: OK
2019-10-29 02:55:25.713 22961 INFO rally.task.runner [-] Task 5a039800-2e53-45bc-ab41-f8317b8c0528 | ITER: 87 START
2019-10-29 02:55:25.714 23005 INFO rally.task.runner [-] Task 5a039800-2e53-45bc-ab41-f8317b8c0528 | ITER: 88 START
2019-10-29 02:55:25.734 22970 INFO rally.task.runner [-] Task 5a039800-2e53-45bc-ab41-f8317b8c0528 | ITER: 62 END: OK
2019-10-29 02:55:25.737 22970 INFO rally.task.runner [-] Task 5a039800-2e53-45bc-ab41-f8317b8c0528 | ITER: 89 START
2019-10-29 02:55:25.768 22986 INFO rally.task.runner [-] Task 5a039800-2e53-45bc-ab41-f8317b8c0528 | ITER: 74 END: OK
2019-10-29 02:55:25.771 22986 INFO rally.task.runner [-] Task 5a039800-2e53-45bc-ab41-f8317b8c0528 | ITER: 90 START
2019-10-29 02:55:25.914 22990 INFO rally.task.runner [-] Task 5a039800-2e53-45bc-ab41-f8317b8c0528 | ITER: 71 END: OK
2019-10-29 02:55:25.916 22990 INFO rally.task.runner [-] Task 5a039800-2e53-45bc-ab41-f8317b8c0528 | ITER: 91 START
2019-10-29 02:55:25.942 22999 INFO rally.task.runner [-] Task 5a039800-2e53-45bc-ab41-f8317b8c0528 | ITER: 75 END: OK
2019-10-29 02:55:25.945 22999 INFO rally.task.runner [-] Task 5a039800-2e53-45bc-ab41-f8317b8c0528 | ITER: 92 START
2019-10-29 02:55:25.949 22995 INFO rally.task.runner [-] Task 5a039800-2e53-45bc-ab41-f8317b8c0528 | ITER: 73 END: OK
2019-10-29 02:55:25.953 22995 INFO rally.task.runner [-] Task 5a039800-2e53-45bc-ab41-f8317b8c0528 | ITER: 93 START
2019-10-29 02:55:25.960 22961 INFO rally.task.runner [-] Task 5a039800-2e53-45bc-ab41-f8317b8c0528 | ITER: 51 END: OK
2019-10-29 02:55:25.962 22975 INFO rally.task.runner [-] Task 5a039800-2e53-45bc-ab41-f8317b8c0528 | ITER: 67 END: OK
2019-10-29 02:55:25.963 22961 INFO rally.task.runner [-] Task 5a039800-2e53-45bc-ab41-f8317b8c0528 | ITER: 94 START
2019-10-29 02:55:25.965 22975 INFO rally.task.runner [-] Task 5a039800-2e53-45bc-ab41-f8317b8c0528 | ITER: 95 START
2019-10-29 02:55:26.099 23008 INFO rally.task.runner [-] Task 5a039800-2e53-45bc-ab41-f8317b8c0528 | ITER: 80 END: OK
2019-10-29 02:55:26.102 23008 INFO rally.task.runner [-] Task 5a039800-2e53-45bc-ab41-f8317b8c0528 | ITER: 96 START
2019-10-29 02:55:26.312 22979 INFO rally.task.runner [-] Task 5a039800-2e53-45bc-ab41-f8317b8c0528 | ITER: 79 END: OK
2019-10-29 02:55:26.315 22979 INFO rally.task.runner [-] Task 5a039800-2e53-45bc-ab41-f8317b8c0528 | ITER: 97 START
2019-10-29 02:55:26.361 22982 INFO rally.task.runner [-] Task 5a039800-2e53-45bc-ab41-f8317b8c0528 | ITER: 76 END: OK
2019-10-29 02:55:26.364 22982 INFO rally.task.runner [-] Task 5a039800-2e53-45bc-ab41-f8317b8c0528 | ITER: 98 START
2019-10-29 02:55:26.371 22996 INFO rally.task.runner [-] Task 5a039800-2e53-45bc-ab41-f8317b8c0528 | ITER: 81 END: OK
2019-10-29 02:55:26.375 22996 INFO rally.task.runner [-] Task 5a039800-2e53-45bc-ab41-f8317b8c0528 | ITER: 99 START
2019-10-29 02:55:26.565 22966 INFO rally.task.runner [-] Task 5a039800-2e53-45bc-ab41-f8317b8c0528 | ITER: 85 END: OK
2019-10-29 02:55:26.569 22966 INFO rally.task.runner [-] Task 5a039800-2e53-45bc-ab41-f8317b8c0528 | ITER: 100 START
2019-10-29 02:55:26.624 22963 INFO rally.task.runner [-] Task 5a039800-2e53-45bc-ab41-f8317b8c0528 | ITER: 82 END: OK
2019-10-29 02:55:26.626 22962 INFO rally.task.runner [-] Task 5a039800-2e53-45bc-ab41-f8317b8c0528 | ITER: 83 END: OK
2019-10-29 02:55:26.779 22966 INFO rally.task.runner [-] Task 5a039800-2e53-45bc-ab41-f8317b8c0528 | ITER: 84 END: OK
2019-10-29 02:55:26.803 22962 INFO rally.task.runner [-] Task 5a039800-2e53-45bc-ab41-f8317b8c0528 | ITER: 77 END: OK
2019-10-29 02:55:26.893 22963 INFO rally.task.runner [-] Task 5a039800-2e53-45bc-ab41-f8317b8c0528 | ITER: 86 END: OK
2019-10-29 02:55:27.032 22999 INFO rally.task.runner [-] Task 5a039800-2e53-45bc-ab41-f8317b8c0528 | ITER: 92 END: OK
2019-10-29 02:55:27.097 22990 INFO rally.task.runner [-] Task 5a039800-2e53-45bc-ab41-f8317b8c0528 | ITER: 91 END: OK
2019-10-29 02:55:27.161 22986 INFO rally.task.runner [-] Task 5a039800-2e53-45bc-ab41-f8317b8c0528 | ITER: 90 END: OK
2019-10-29 02:55:27.266 22995 INFO rally.task.runner [-] Task 5a039800-2e53-45bc-ab41-f8317b8c0528 | ITER: 93 END: OK
2019-10-29 02:55:27.354 23005 INFO rally.task.runner [-] Task 5a039800-2e53-45bc-ab41-f8317b8c0528 | ITER: 88 END: OK
2019-10-29 02:55:27.377 23003 INFO rally.task.runner [-] Task 5a039800-2e53-45bc-ab41-f8317b8c0528 | ITER: 78 END: OK
2019-10-29 02:55:27.423 22996 INFO rally.task.runner [-] Task 5a039800-2e53-45bc-ab41-f8317b8c0528 | ITER: 99 END: OK
2019-10-29 02:55:27.442 23008 INFO rally.task.runner [-] Task 5a039800-2e53-45bc-ab41-f8317b8c0528 | ITER: 96 END: OK
2019-10-29 02:55:27.476 22961 INFO rally.task.runner [-] Task 5a039800-2e53-45bc-ab41-f8317b8c0528 | ITER: 94 END: OK
2019-10-29 02:55:27.520 22966 INFO rally.task.runner [-] Task 5a039800-2e53-45bc-ab41-f8317b8c0528 | ITER: 100 END: OK
2019-10-29 02:55:27.528 22961 INFO rally.task.runner [-] Task 5a039800-2e53-45bc-ab41-f8317b8c0528 | ITER: 87 END: OK
2019-10-29 02:55:27.579 22979 INFO rally.task.runner [-] Task 5a039800-2e53-45bc-ab41-f8317b8c0528 | ITER: 97 END: OK
2019-10-29 02:55:27.615 22970 INFO rally.task.runner [-] Task 5a039800-2e53-45bc-ab41-f8317b8c0528 | ITER: 89 END: OK
2019-10-29 02:55:27.645 22975 INFO rally.task.runner [-] Task 5a039800-2e53-45bc-ab41-f8317b8c0528 | ITER: 95 END: OK
2019-10-29 02:55:27.778 22982 INFO rally.task.runner [-] Task 5a039800-2e53-45bc-ab41-f8317b8c0528 | ITER: 98 END: OK
2019-10-29 02:55:27.804 22837 INFO rally.task.context [-] Task 5a039800-2e53-45bc-ab41-f8317b8c0528 | Context cleanup@openstack cleanup() started
2019-10-29 02:55:27.807 22837 RALLYDEBUG rally_openstack.cleanup.manager [-] Cleaning up neutron vip objects
2019-10-29 02:55:28.185 22837 RALLYDEBUG rally_openstack.cleanup.manager [-] Cleaning up neutron health_monitor objects
2019-10-29 02:55:28.569 22837 RALLYDEBUG rally_openstack.cleanup.manager [-] Cleaning up neutron pool objects
2019-10-29 02:55:28.943 22837 RALLYDEBUG rally_openstack.cleanup.manager [-] Cleaning up neutron loadbalancer objects
2019-10-29 02:55:29.322 22837 RALLYDEBUG rally_openstack.cleanup.manager [-] Cleaning up neutron floatingip objects
2019-10-29 02:55:29.724 22837 RALLYDEBUG rally_openstack.cleanup.manager [-] Cleaning up neutron trunk objects
2019-10-29 02:55:30.104 22837 RALLYDEBUG rally_openstack.cleanup.manager [-] Cleaning up neutron port objects
2019-10-29 02:55:30.504 22837 RALLYDEBUG rally_openstack.cleanup.manager [-] Cleaning up neutron subnet objects
2019-10-29 02:55:30.887 22837 RALLYDEBUG rally_openstack.cleanup.manager [-] Cleaning up neutron network objects
2019-10-29 02:55:31.581 22837 RALLYDEBUG rally_openstack.cleanup.manager [-] Deleting neutron.network object s_rally_f20eb22b_GvzLAgUF (02f89d7d-f53d-444e-a37f-0c9c8cbc9bac)
2019-10-29 02:55:31.589 22837 RALLYDEBUG rally_openstack.cleanup.manager [-] Deleting neutron.network object s_rally_f20eb22b_QNaBIu5M (074c9dd8-aee8-417a-8f00-2464f52e12aa)
2019-10-29 02:55:31.598 22837 RALLYDEBUG rally_openstack.cleanup.manager [-] Deleting neutron.network object s_rally_f20eb22b_ed445gGs (07c43db2-6398-46c8-a6e1-06f101383d78)
2019-10-29 02:55:31.601 22837 RALLYDEBUG rally_openstack.cleanup.manager [-] Deleting neutron.network object s_rally_f20eb22b_ceZdxagz (09ee4035-9060-4c99-a0da-c1af8dea8837)
2019-10-29 02:55:31.610 22837 RALLYDEBUG rally_openstack.cleanup.manager [-] Deleting neutron.network object s_rally_f20eb22b_hgRA4ULE (0ab369c1-2953-40fe-8815-527c0f5c5aca)
2019-10-29 02:55:31.629 22837 RALLYDEBUG rally_openstack.cleanup.manager [-] Deleting neutron.network object s_rally_f20eb22b_SUjHlMdE (0b35a290-be73-42f4-82e1-4b4594ea83f1)
2019-10-29 02:55:31.637 22837 RALLYDEBUG rally_openstack.cleanup.manager [-] Deleting neutron.network object s_rally_f20eb22b_y5hmo9hk (0d86861a-0256-4294-9859-9bb1c94ffeb2)
2019-10-29 02:55:31.653 22837 RALLYDEBUG rally_openstack.cleanup.manager [-] Deleting neutron.network object s_rally_f20eb22b_f6HFWAUT (10debe6c-f47c-443d-9280-c366232e73d4)
2019-10-29 02:55:31.666 22837 RALLYDEBUG rally_openstack.cleanup.manager [-] Deleting neutron.network object s_rally_f20eb22b_4TqWQVHU (118942b8-8c87-4d39-bc2f-dd1aae06b030)
2019-10-29 02:55:31.684 22837 RALLYDEBUG rally_openstack.cleanup.manager [-] Deleting neutron.network object s_rally_f20eb22b_VKui0tuF (1b783455-9c7f-4e77-961f-5c0a6854e97d)
2019-10-29 02:55:31.696 22837 RALLYDEBUG rally_openstack.cleanup.manager [-] Deleting neutron.network object s_rally_f20eb22b_bgZPp0o5 (1c447685-1aad-4ed5-836f-38c76e6be571)
2019-10-29 02:55:31.708 22837 RALLYDEBUG rally_openstack.cleanup.manager [-] Deleting neutron.network object s_rally_f20eb22b_JFFb5t45 (1f42dd02-6426-45a3-b894-22aaf68ab297)
2019-10-29 02:55:31.732 22837 RALLYDEBUG rally_openstack.cleanup.manager [-] Deleting neutron.network object s_rally_f20eb22b_VxW8gUwm (240f3c83-eb93-43c1-b8a5-0b3a1ef1b823)
2019-10-29 02:55:31.737 22837 RALLYDEBUG rally_openstack.cleanup.manager [-] Deleting neutron.network object s_rally_f20eb22b_34PVcHn9 (254805e0-af2e-4b6d-825b-eb65858a520e)
2019-10-29 02:55:31.749 22837 RALLYDEBUG rally_openstack.cleanup.manager [-] Deleting neutron.network object s_rally_f20eb22b_1j1qisx2 (260be32e-4d6a-4f6f-ad34-653899d04007)
2019-10-29 02:55:31.767 22837 RALLYDEBUG rally_openstack.cleanup.manager [-] Deleting neutron.network object s_rally_f20eb22b_htR6YlHa (26989906-72cd-4258-a592-b94b0bd1a21b)
2019-10-29 02:55:31.776 22837 RALLYDEBUG rally_openstack.cleanup.manager [-] Deleting neutron.network object s_rally_f20eb22b_2eZ7HIza (32899c2e-e2bb-441e-97c6-2988fcc4ba0e)
2019-10-29 02:55:31.785 22837 RALLYDEBUG rally_openstack.cleanup.manager [-] Deleting neutron.network object s_rally_f20eb22b_R6Ozbw1F (334c0f1d-1995-4ffa-8a22-5db1e1fc062d)
2019-10-29 02:55:31.789 22837 RALLYDEBUG rally_openstack.cleanup.manager [-] Deleting neutron.network object s_rally_f20eb22b_7rqVU03J (3440bc48-941c-45f9-b081-b9b7fce2c13b)
2019-10-29 02:55:31.793 22837 RALLYDEBUG rally_openstack.cleanup.manager [-] Deleting neutron.network object s_rally_f20eb22b_UHKqJGnS (346ddbbd-13fe-414f-91f7-ed7440312c10)
2019-10-29 02:55:33.749 22837 RALLYDEBUG rally_openstack.cleanup.manager [-] Deleting neutron.network object s_rally_f20eb22b_gI5yHLUA (3b0294a2-64be-4269-8287-fb34d33930e3)
2019-10-29 02:55:33.942 22837 RALLYDEBUG rally_openstack.cleanup.manager [-] Deleting neutron.network object s_rally_f20eb22b_qOSVRHHs (3b4747b7-a93c-426b-9414-185a2dcc6452)
2019-10-29 02:55:33.978 22837 RALLYDEBUG rally_openstack.cleanup.manager [-] Deleting neutron.network object s_rally_f20eb22b_qcAOZpGs (3c2c60e6-d677-4247-bf0b-a3d353ddd8c2)
2019-10-29 02:55:34.001 22837 RALLYDEBUG rally_openstack.cleanup.manager [-] Deleting neutron.network object s_rally_f20eb22b_eF31xxoR (3d0826ae-091f-4ff3-8c3b-99cf01866b8c)
2019-10-29 02:55:34.022 22837 RALLYDEBUG rally_openstack.cleanup.manager [-] Deleting neutron.network object s_rally_f20eb22b_4NGB3x5k (3d323038-3625-4e27-bd57-c7c722c30ce1)
2019-10-29 02:55:34.027 22837 RALLYDEBUG rally_openstack.cleanup.manager [-] Deleting neutron.network object s_rally_f20eb22b_vA1xtti3 (3e032685-6314-429c-a9bb-b0a5eeb0c55a)
2019-10-29 02:55:34.099 22837 RALLYDEBUG rally_openstack.cleanup.manager [-] Deleting neutron.network object s_rally_f20eb22b_D3zM1TIf (3e893176-75d0-45c7-a5f3-386fa0d1d387)
2019-10-29 02:55:34.119 22837 RALLYDEBUG rally_openstack.cleanup.manager [-] Deleting neutron.network object s_rally_f20eb22b_ezY9Xlme (42dc6e13-e85a-4835-b469-0187a5c7cd21)
2019-10-29 02:55:34.123 22837 RALLYDEBUG rally_openstack.cleanup.manager [-] Deleting neutron.network object s_rally_f20eb22b_4gE1R85Z (42fe3c4a-8419-422b-9c31-42868fa374fd)
2019-10-29 02:55:34.219 22837 RALLYDEBUG rally_openstack.cleanup.manager [-] Deleting neutron.network object s_rally_f20eb22b_uq63DFbw (4a98c10f-3ffb-4b7b-a10b-8cc37b55619f)
2019-10-29 02:55:34.246 22837 RALLYDEBUG rally_openstack.cleanup.manager [-] Deleting neutron.network object s_rally_f20eb22b_ele4x7EX (4de0cb18-de21-4454-b213-81fb4b4f4881)
2019-10-29 02:55:34.313 22837 RALLYDEBUG rally_openstack.cleanup.manager [-] Deleting neutron.network object s_rally_f20eb22b_4P6TmZDe (5088eefb-c41f-46c0-b38f-9e48d8099dfb)
2019-10-29 02:55:34.461 22837 RALLYDEBUG rally_openstack.cleanup.manager [-] Deleting neutron.network object s_rally_f20eb22b_yt19WIJ2 (51a0e93e-c6c8-4477-8968-7212e72bd48b)
2019-10-29 02:55:34.484 22837 RALLYDEBUG rally_openstack.cleanup.manager [-] Deleting neutron.network object s_rally_f20eb22b_MaIIrYHx (51fbeda9-d2de-4bc0-ab78-c0e5a6707690)
2019-10-29 02:55:34.539 22837 RALLYDEBUG rally_openstack.cleanup.manager [-] Deleting neutron.network object s_rally_f20eb22b_9FdyRegv (52f7b773-b0c2-4685-a2d4-768d0b9e4e94)
2019-10-29 02:55:34.604 22837 RALLYDEBUG rally_openstack.cleanup.manager [-] Deleting neutron.network object s_rally_f20eb22b_h1nhoOYc (55c658e2-79ca-445a-8842-1e619f264dd1)
2019-10-29 02:55:34.678 22837 RALLYDEBUG rally_openstack.cleanup.manager [-] Deleting neutron.network object s_rally_f20eb22b_GLIGi82a (59afef03-f666-4782-af0d-f0239a6b4b0d)
2019-10-29 02:55:34.739 22837 RALLYDEBUG rally_openstack.cleanup.manager [-] Deleting neutron.network object s_rally_f20eb22b_BLHYaZ73 (5b1c8f9f-641b-4241-b552-bc93ec0acea0)
2019-10-29 02:55:34.746 22837 RALLYDEBUG rally_openstack.cleanup.manager [-] Deleting neutron.network object s_rally_f20eb22b_zanAUhAM (5e0ee8a3-d74d-4563-8a2d-2b91044b2611)
2019-10-29 02:55:34.751 22837 RALLYDEBUG rally_openstack.cleanup.manager [-] Deleting neutron.network object s_rally_f20eb22b_KjKcv1af (6102dad3-c69e-45d4-87cc-203a0e5dacb0)
2019-10-29 02:55:35.905 22837 RALLYDEBUG rally_openstack.cleanup.manager [-] Deleting neutron.network object s_rally_f20eb22b_DRVFyqoz (619cb59f-9c85-455c-8b0b-6138f0bff5ba)
2019-10-29 02:55:36.248 22837 RALLYDEBUG rally_openstack.cleanup.manager [-] Deleting neutron.network object s_rally_f20eb22b_bXVaWdae (641c6e19-af0f-4ee3-8b49-59cd420bd44d)
2019-10-29 02:55:36.386 22837 RALLYDEBUG rally_openstack.cleanup.manager [-] Deleting neutron.network object s_rally_f20eb22b_3WehmmDv (64e40308-fd73-45bc-b82f-a04babf3ac6a)
2019-10-29 02:55:36.428 22837 RALLYDEBUG rally_openstack.cleanup.manager [-] Deleting neutron.network object s_rally_f20eb22b_tQvGGCLj (658d2564-2e9c-469a-9f46-6dfb54548754)
2019-10-29 02:55:36.596 22837 RALLYDEBUG rally_openstack.cleanup.manager [-] Deleting neutron.network object s_rally_f20eb22b_GQjlMO8R (69db7abc-1c14-44ed-8cd5-6c2b2c7ae5b0)
2019-10-29 02:55:36.621 22837 RALLYDEBUG rally_openstack.cleanup.manager [-] Deleting neutron.network object s_rally_f20eb22b_NBuwMzdv (6bfcfeb3-b90c-4c98-bc60-ae3b15f87905)
2019-10-29 02:55:36.640 22837 RALLYDEBUG rally_openstack.cleanup.manager [-] Deleting neutron.network object s_rally_f20eb22b_XW1orobm (6d3fca46-48cd-40c3-bdb7-991f260cf2fe)
2019-10-29 02:55:36.648 22837 RALLYDEBUG rally_openstack.cleanup.manager [-] Deleting neutron.network object s_rally_f20eb22b_orMIELCO (6d56a95e-40b8-4536-8c90-2392bfbb6d1a)
2019-10-29 02:55:36.657 22837 RALLYDEBUG rally_openstack.cleanup.manager [-] Deleting neutron.network object s_rally_f20eb22b_mqKXeoC7 (6ffbf2d5-3135-47bf-86f0-d9c4dc7016bd)
2019-10-29 02:55:36.682 22837 RALLYDEBUG rally_openstack.cleanup.manager [-] Deleting neutron.network object s_rally_f20eb22b_Vrk7yLw7 (725b1f91-bc06-490f-9a5f-b1d3f7309ff9)
2019-10-29 02:55:36.688 22837 RALLYDEBUG rally_openstack.cleanup.manager [-] Deleting neutron.network object s_rally_f20eb22b_crVxr4mh (73e06c84-7054-4436-a8ec-3bf8e8e2bdd6)
2019-10-29 02:55:36.693 22837 RALLYDEBUG rally_openstack.cleanup.manager [-] Deleting neutron.network object s_rally_f20eb22b_MvJu5QUV (75952f31-4b8c-46db-ba9c-f37f46fb7333)
2019-10-29 02:55:36.783 22837 RALLYDEBUG rally_openstack.cleanup.manager [-] Deleting neutron.network object s_rally_f20eb22b_muOJM7ee (759df7ed-9376-4c0a-98c8-fa25e0352d99)
2019-10-29 02:55:36.819 22837 RALLYDEBUG rally_openstack.cleanup.manager [-] Deleting neutron.network object s_rally_f20eb22b_6SWqprYY (78b1d0af-7f9b-4907-b3bb-e3d1a27d4861)
2019-10-29 02:55:37.131 22837 RALLYDEBUG rally_openstack.cleanup.manager [-] Deleting neutron.network object s_rally_f20eb22b_tnchWgId (794334ad-4f36-425f-b349-04aa511d1020)
2019-10-29 02:55:37.212 22837 RALLYDEBUG rally_openstack.cleanup.manager [-] Deleting neutron.network object s_rally_f20eb22b_QwBsddIo (7a3b4e1e-b252-4636-97da-c05b76b62f8e)
2019-10-29 02:55:37.237 22837 RALLYDEBUG rally_openstack.cleanup.manager [-] Deleting neutron.network object s_rally_f20eb22b_fwzhqLHJ (7f7ffc04-e495-496f-824e-69dfef61c18b)
2019-10-29 02:55:37.985 22837 RALLYDEBUG rally_openstack.cleanup.manager [-] Deleting neutron.network object s_rally_f20eb22b_RFb0bO8M (80d4b63f-e89b-41ce-8c8e-b0ccc7896dcf)
2019-10-29 02:55:38.028 22837 RALLYDEBUG rally_openstack.cleanup.manager [-] Deleting neutron.network object s_rally_f20eb22b_joq1hcY5 (823b9701-9f71-4c19-8671-e6736765d498)
2019-10-29 02:55:38.237 22837 RALLYDEBUG rally_openstack.cleanup.manager [-] Deleting neutron.network object s_rally_f20eb22b_lQaYqhlK (864983ac-d94a-4ce7-a585-94a4964c2ebf)
2019-10-29 02:55:38.241 22837 RALLYDEBUG rally_openstack.cleanup.manager [-] Deleting neutron.network object s_rally_f20eb22b_BTbipqk4 (8c4d55f0-5585-43bc-8cec-76a33ac7b4db)
2019-10-29 02:55:38.380 22837 RALLYDEBUG rally_openstack.cleanup.manager [-] Deleting neutron.network object s_rally_f20eb22b_tQfLIRnG (8c8d62f3-5c31-45e3-8a23-7c48a08d486e)
2019-10-29 02:55:38.489 22837 RALLYDEBUG rally_openstack.cleanup.manager [-] Deleting neutron.network object s_rally_f20eb22b_N6dwXlD5 (95a75d96-396c-4c69-97b9-0a4f2c8cf9c9)
2019-10-29 02:55:38.597 22837 RALLYDEBUG rally_openstack.cleanup.manager [-] Deleting neutron.network object s_rally_f20eb22b_c9ERRfF1 (971d5e9d-ee98-4cb5-9f77-bfdeaa504e0b)
2019-10-29 02:55:38.771 22837 RALLYDEBUG rally_openstack.cleanup.manager [-] Deleting neutron.network object s_rally_f20eb22b_C6zbpvJ3 (983e7e5a-6a56-43ae-9c98-3ba891db7f29)
2019-10-29 02:55:38.789 22837 RALLYDEBUG rally_openstack.cleanup.manager [-] Deleting neutron.network object s_rally_f20eb22b_YdLS8C9N (9aafd42f-2d69-4644-b4c0-9660b96b3c5d)
2019-10-29 02:55:38.798 22837 RALLYDEBUG rally_openstack.cleanup.manager [-] Deleting neutron.network object s_rally_f20eb22b_VmFROs4o (9be7a9cf-0430-448a-8771-989a0670ba13)
2019-10-29 02:55:38.820 22837 RALLYDEBUG rally_openstack.cleanup.manager [-] Deleting neutron.network object s_rally_f20eb22b_33uPxE68 (9d0e9d76-4833-498f-a17a-bffcebe6843d)
2019-10-29 02:55:38.854 22837 RALLYDEBUG rally_openstack.cleanup.manager [-] Deleting neutron.network object s_rally_f20eb22b_nbLSz233 (9e90d0b5-1d89-418f-a3d4-4ff8375b2060)
2019-10-29 02:55:38.980 22837 RALLYDEBUG rally_openstack.cleanup.manager [-] Deleting neutron.network object s_rally_f20eb22b_8x2h6Z55 (a20b4fc5-7104-49ca-9920-68d83520598e)
2019-10-29 02:55:38.983 22837 RALLYDEBUG rally_openstack.cleanup.manager [-] Deleting neutron.network object s_rally_f20eb22b_J49C2sID (b225eb2e-6bfe-422d-b3b1-959348efd860)
2019-10-29 02:55:39.096 22837 RALLYDEBUG rally_openstack.cleanup.manager [-] Deleting neutron.network object s_rally_f20eb22b_EKq6Ym55 (b4104a74-8936-43e7-b3aa-246d103ea971)
2019-10-29 02:55:39.105 22837 RALLYDEBUG rally_openstack.cleanup.manager [-] Deleting neutron.network object s_rally_f20eb22b_bfLX4hz8 (b64028c1-7c5f-4028-a166-6dd80c4b855a)
2019-10-29 02:55:39.213 22837 RALLYDEBUG rally_openstack.cleanup.manager [-] Deleting neutron.network object s_rally_f20eb22b_MOnWt1N8 (bbef3fee-e18c-489a-8aed-3c430d28dbe3)
2019-10-29 02:55:39.239 22837 RALLYDEBUG rally_openstack.cleanup.manager [-] Deleting neutron.network object s_rally_f20eb22b_lTWU0zSF (bc77d815-fcbf-471d-8e2e-8daeaa76e950)
2019-10-29 02:55:39.348 22837 RALLYDEBUG rally_openstack.cleanup.manager [-] Deleting neutron.network object s_rally_f20eb22b_TKuzGJJr (bda5f300-14bc-4d08-bd6b-fa5ce165d4dd)
2019-10-29 02:55:39.545 22837 RALLYDEBUG rally_openstack.cleanup.manager [-] Deleting neutron.network object s_rally_f20eb22b_Ql52wubJ (c37b1aed-d217-414e-8f4b-a96d97be61ce)
2019-10-29 02:55:39.877 22837 RALLYDEBUG rally_openstack.cleanup.manager [-] Deleting neutron.network object s_rally_f20eb22b_w9ql2ddE (cd434c1e-f8b1-465f-8a8d-ff0ae755f935)
2019-10-29 02:55:40.142 22837 RALLYDEBUG rally_openstack.cleanup.manager [-] Deleting neutron.network object s_rally_f20eb22b_7huPkUcz (cf0e402f-530a-4aad-8f9e-976b774c7750)
2019-10-29 02:55:40.243 22837 RALLYDEBUG rally_openstack.cleanup.manager [-] Deleting neutron.network object s_rally_f20eb22b_c4HCMwf4 (d0872868-d92b-403a-9bf7-8238eb01e199)
2019-10-29 02:55:40.425 22837 RALLYDEBUG rally_openstack.cleanup.manager [-] Deleting neutron.network object s_rally_f20eb22b_mONYeAFY (d1c1296e-bb56-4c27-902f-5f0c4a58faf7)
2019-10-29 02:55:40.468 22837 RALLYDEBUG rally_openstack.cleanup.manager [-] Deleting neutron.network object s_rally_f20eb22b_xZWozOcR (d37ac552-6d8c-492d-ac46-0e68d478c13d)
2019-10-29 02:55:40.734 22837 RALLYDEBUG rally_openstack.cleanup.manager [-] Deleting neutron.network object s_rally_f20eb22b_klx9VPP1 (d3b3e275-22a0-4a6e-96e9-757bd8739d4a)
2019-10-29 02:55:40.843 22837 RALLYDEBUG rally_openstack.cleanup.manager [-] Deleting neutron.network object s_rally_f20eb22b_N5Zl9IDb (d643300c-eec8-4803-9056-987a365476b2)
2019-10-29 02:55:40.897 22837 RALLYDEBUG rally_openstack.cleanup.manager [-] Deleting neutron.network object s_rally_f20eb22b_AhwFTfuN (d9dcbe19-c3e1-48d8-ba02-bd0bfc85d7df)
2019-10-29 02:55:40.963 22837 RALLYDEBUG rally_openstack.cleanup.manager [-] Deleting neutron.network object s_rally_f20eb22b_btEiU8q6 (de5453bb-0230-465f-865d-7476463b5732)
2019-10-29 02:55:41.063 22837 RALLYDEBUG rally_openstack.cleanup.manager [-] Deleting neutron.network object s_rally_f20eb22b_oojKOUk5 (e2c4cce5-3ed2-4d79-94f5-a56d988e81b7)
2019-10-29 02:55:41.077 22837 RALLYDEBUG rally_openstack.cleanup.manager [-] Deleting neutron.network object s_rally_f20eb22b_zBG0lQQ7 (e385cb36-9c9a-4337-b892-d24524fd57da)
2019-10-29 02:55:41.113 22837 RALLYDEBUG rally_openstack.cleanup.manager [-] Deleting neutron.network object s_rally_f20eb22b_TPlni1hh (e56ca97b-cac5-4583-9c35-a315cf5a2bb1)
2019-10-29 02:55:41.161 22837 RALLYDEBUG rally_openstack.cleanup.manager [-] Deleting neutron.network object s_rally_f20eb22b_KawAI0Hv (e8984e64-9460-49e6-9a75-fb5a662e4343)
2019-10-29 02:55:41.270 22837 RALLYDEBUG rally_openstack.cleanup.manager [-] Deleting neutron.network object s_rally_f20eb22b_kqvPB96y (ea68b883-9e60-402d-8ee7-5c07bdfdf500)
2019-10-29 02:55:41.380 22837 RALLYDEBUG rally_openstack.cleanup.manager [-] Deleting neutron.network object s_rally_f20eb22b_A9JE3Jfb (f00f1da4-7d96-4a47-9c96-109702b06417)
2019-10-29 02:55:41.470 22837 RALLYDEBUG rally_openstack.cleanup.manager [-] Deleting neutron.network object s_rally_f20eb22b_2PMmcPVI (f1878656-4775-4e98-90af-3667c9cf9c1b)
2019-10-29 02:55:41.524 22837 RALLYDEBUG rally_openstack.cleanup.manager [-] Deleting neutron.network object s_rally_f20eb22b_slclO1Jv (f4a5d831-1cf3-41e4-9244-b254571c159a)
2019-10-29 02:55:41.554 22837 RALLYDEBUG rally_openstack.cleanup.manager [-] Deleting neutron.network object s_rally_f20eb22b_1tqt3SCd (f99cc0d7-1725-4c1d-9303-87ef6a30daa5)
2019-10-29 02:55:41.590 22837 RALLYDEBUG rally_openstack.cleanup.manager [-] Deleting neutron.network object s_rally_f20eb22b_lEMg0Olk (fa8d4ca7-b485-4f83-b93b-0b494486a0d6)
2019-10-29 02:55:41.737 22837 RALLYDEBUG rally_openstack.cleanup.manager [-] Deleting neutron.network object s_rally_f20eb22b_LeROrMEy (fb0dc1b4-bc3e-4bad-a32e-5c194f0d1507)
