2019-10-29 02:59:24.529 25036 INFO rally.task.runner [-] Task 5a039800-2e53-45bc-ab41-f8317b8c0528 | ITER: 8 START
2019-10-29 02:59:24.531 25031 WARNING rally_openstack.scenarios.neutron.utils [-] Running this scenario without either the 'network' or 'existing_network' context is deprecated
2019-10-29 02:59:24.531 25040 WARNING rally_openstack.scenarios.neutron.utils [-] Running this scenario without either the 'network' or 'existing_network' context is deprecated
2019-10-29 02:59:24.530 25036 WARNING rally_openstack.scenarios.neutron.utils [-] Running this scenario without either the 'network' or 'existing_network' context is deprecated
2019-10-29 02:59:24.532 25048 RALLYDEBUG rally.task.runner [-] Starting a worker. times: 40 duration: None concurrency: 1 timeout: 0 cls: method_name: run args: {"network_create_args": {}, "subnet_create_args": {}, "subnet_cidr_start": "1.1.0.0/30", "subnets_per_network": 2}
2019-10-29 02:59:24.533 25044 INFO rally.task.runner [-] Task 5a039800-2e53-45bc-ab41-f8317b8c0528 | ITER: 10 START
2019-10-29 02:59:24.534 25044 WARNING rally_openstack.scenarios.neutron.utils [-] Running this scenario without either the 'network' or 'existing_network' context is deprecated
2019-10-29 02:59:24.527 25033 WARNING rally_openstack.scenarios.neutron.utils [-] Running this scenario without either the 'network' or 'existing_network' context is deprecated
2019-10-29 02:59:24.524 25032 WARNING rally_openstack.scenarios.neutron.utils [-] Running this scenario without either the 'network' or 'existing_network' context is deprecated
2019-10-29 02:59:24.537 25052 RALLYDEBUG rally.task.runner [-] Starting a worker. times: 40 duration: None concurrency: 1 timeout: 0 cls: method_name: run args: {"network_create_args": {}, "subnet_create_args": {}, "subnet_cidr_start": "1.1.0.0/30", "subnets_per_network": 2}
2019-10-29 02:59:24.539 25048 INFO rally.task.runner [-] Task 5a039800-2e53-45bc-ab41-f8317b8c0528 | ITER: 11 START
2019-10-29 02:59:24.540 25055 RALLYDEBUG rally.task.runner [-] Starting a worker. times: 40 duration: None concurrency: 1 timeout: 0 cls: method_name: run args: {"network_create_args": {}, "subnet_create_args": {}, "subnet_cidr_start": "1.1.0.0/30", "subnets_per_network": 2}
2019-10-29 02:59:24.541 25048 WARNING rally_openstack.scenarios.neutron.utils [-] Running this scenario without either the 'network' or 'existing_network' context is deprecated
2019-10-29 02:59:24.544 25052 INFO rally.task.runner [-] Task 5a039800-2e53-45bc-ab41-f8317b8c0528 | ITER: 12 START
2019-10-29 02:59:24.531 25036 WARNING rally_openstack.scenarios.neutron.utils [-] Running this scenario without either the 'network' or 'existing_network' context is deprecated
2019-10-29 02:59:24.546 25052 WARNING rally_openstack.scenarios.neutron.utils [-] Running this scenario without either the 'network' or 'existing_network' context is deprecated
2019-10-29 02:59:24.546 25058 RALLYDEBUG rally.task.runner [-] Starting a worker. times: 40 duration: None concurrency: 1 timeout: 0 cls: method_name: run args: {"network_create_args": {}, "subnet_create_args": {}, "subnet_cidr_start": "1.1.0.0/30", "subnets_per_network": 2}
2019-10-29 02:59:24.546 25055 INFO rally.task.runner [-] Task 5a039800-2e53-45bc-ab41-f8317b8c0528 | ITER: 13 START
2019-10-29 02:59:24.548 25055 WARNING rally_openstack.scenarios.neutron.utils [-] Running this scenario without either the 'network' or 'existing_network' context is deprecated
2019-10-29 02:59:24.551 25058 INFO rally.task.runner [-] Task 5a039800-2e53-45bc-ab41-f8317b8c0528 | ITER: 14 START
2019-10-29 02:59:24.551 25063 RALLYDEBUG rally.task.runner [-] Starting a worker. times: 40 duration: None concurrency: 1 timeout: 0 cls: method_name: run args: {"network_create_args": {}, "subnet_create_args": {}, "subnet_cidr_start": "1.1.0.0/30", "subnets_per_network": 2}
2019-10-29 02:59:24.553 25058 WARNING rally_openstack.scenarios.neutron.utils [-] Running this scenario without either the 'network' or 'existing_network' context is deprecated
2019-10-29 02:59:24.556 25063 INFO rally.task.runner [-] Task 5a039800-2e53-45bc-ab41-f8317b8c0528 | ITER: 15 START
2019-10-29 02:59:24.558 25063 WARNING rally_openstack.scenarios.neutron.utils [-] Running this scenario without either the 'network' or 'existing_network' context is deprecated
2019-10-29 02:59:24.560 25066 RALLYDEBUG rally.task.runner [-] Starting a worker. times: 40 duration: None concurrency: 1 timeout: 0 cls: method_name: run args: {"network_create_args": {}, "subnet_create_args": {}, "subnet_cidr_start": "1.1.0.0/30", "subnets_per_network": 2}
2019-10-29 02:59:24.566 25066 INFO rally.task.runner [-] Task 5a039800-2e53-45bc-ab41-f8317b8c0528 | ITER: 16 START
2019-10-29 02:59:24.568 25066 WARNING rally_openstack.scenarios.neutron.utils [-] Running this scenario without either the 'network' or 'existing_network' context is deprecated
2019-10-29 02:59:24.568 25069 RALLYDEBUG rally.task.runner [-] Starting a worker. times: 40 duration: None concurrency: 1 timeout: 0 cls: method_name: run args: {"network_create_args": {}, "subnet_create_args": {}, "subnet_cidr_start": "1.1.0.0/30", "subnets_per_network": 2}
2019-10-29 02:59:24.572 25069 INFO rally.task.runner [-] Task 5a039800-2e53-45bc-ab41-f8317b8c0528 | ITER: 17 START
2019-10-29 02:59:24.574 25069 WARNING rally_openstack.scenarios.neutron.utils [-] Running this scenario without either the 'network' or 'existing_network' context is deprecated
2019-10-29 02:59:24.575 25072 RALLYDEBUG rally.task.runner [-] Starting a worker. times: 40 duration: None concurrency: 1 timeout: 0 cls: method_name: run args: {"network_create_args": {}, "subnet_create_args": {}, "subnet_cidr_start": "1.1.0.0/30", "subnets_per_network": 2}
2019-10-29 02:59:24.579 25072 INFO rally.task.runner [-] Task 5a039800-2e53-45bc-ab41-f8317b8c0528 | ITER: 18 START
2019-10-29 02:59:24.581 25072 WARNING rally_openstack.scenarios.neutron.utils [-] Running this scenario without either the 'network' or 'existing_network' context is deprecated
2019-10-29 02:59:24.582 25075 RALLYDEBUG rally.task.runner [-] Starting a worker. times: 40 duration: None concurrency: 1 timeout: 0 cls: method_name: run args: {"network_create_args": {}, "subnet_create_args": {}, "subnet_cidr_start": "1.1.0.0/30", "subnets_per_network": 2}
2019-10-29 02:59:24.586 25075 INFO rally.task.runner [-] Task 5a039800-2e53-45bc-ab41-f8317b8c0528 | ITER: 19 START
2019-10-29 02:59:24.587 25075 WARNING rally_openstack.scenarios.neutron.utils [-] Running this scenario without either the 'network' or 'existing_network' context is deprecated
2019-10-29 02:59:24.588 25078 RALLYDEBUG rally.task.runner [-] Starting a worker. times: 40 duration: None concurrency: 1 timeout: 0 cls: method_name: run args: {"network_create_args": {}, "subnet_create_args": {}, "subnet_cidr_start": "1.1.0.0/30", "subnets_per_network": 2}
2019-10-29 02:59:24.592 25078 INFO rally.task.runner [-] Task 5a039800-2e53-45bc-ab41-f8317b8c0528 | ITER: 20 START
2019-10-29 02:59:24.593 25078 WARNING rally_openstack.scenarios.neutron.utils [-] Running this scenario without either the 'network' or 'existing_network' context is deprecated
2019-10-29 02:59:25.229 25063 RALLYDEBUG rally_openstack.wrappers.network [-] CIDR generated: 1.1.4.96/30
2019-10-29 02:59:25.231 25048 RALLYDEBUG rally_openstack.wrappers.network [-] CIDR generated: 1.1.4.100/30
2019-10-29 02:59:25.276 25031 RALLYDEBUG rally_openstack.wrappers.network [-] CIDR generated: 1.1.4.104/30
2019-10-29 02:59:25.310 25036 RALLYDEBUG rally_openstack.wrappers.network [-] CIDR generated: 1.1.4.108/30
2019-10-29 02:59:25.444 25072 RALLYDEBUG rally_openstack.wrappers.network [-] CIDR generated: 1.1.4.112/30
2019-10-29 02:59:25.458 25058 RALLYDEBUG rally_openstack.wrappers.network [-] CIDR generated: 1.1.4.116/30
2019-10-29 02:59:25.553 25033 RALLYDEBUG rally_openstack.wrappers.network [-] CIDR generated: 1.1.4.120/30
2019-10-29 02:59:25.571 25066 RALLYDEBUG rally_openstack.wrappers.network [-] CIDR generated: 1.1.4.124/30
2019-10-29 02:59:25.590 25055 RALLYDEBUG rally_openstack.wrappers.network [-] CIDR generated: 1.1.4.128/30
2019-10-29 02:59:25.615 25069 RALLYDEBUG rally_openstack.wrappers.network [-] CIDR generated: 1.1.4.132/30
2019-10-29 02:59:25.706 25075 RALLYDEBUG rally_openstack.wrappers.network [-] CIDR generated: 1.1.4.136/30
2019-10-29 02:59:25.747 25032 RALLYDEBUG rally_openstack.wrappers.network [-] CIDR generated: 1.1.4.140/30
2019-10-29 02:59:25.802 25078 RALLYDEBUG rally_openstack.wrappers.network [-] CIDR generated: 1.1.4.144/30
2019-10-29 02:59:25.878 25040 RALLYDEBUG rally_openstack.wrappers.network [-] CIDR generated: 1.1.4.148/30
2019-10-29 02:59:25.885 25052 RALLYDEBUG rally_openstack.wrappers.network [-] CIDR generated: 1.1.4.152/30
2019-10-29 02:59:25.889 25031 RALLYDEBUG rally_openstack.wrappers.network [-] CIDR generated: 1.1.4.156/30
2019-10-29 02:59:26.018 25031 RALLYDEBUG rally_openstack.wrappers.network [-] CIDR generated: 1.1.4.160/30
2019-10-29 02:59:26.023 25032 RALLYDEBUG rally_openstack.wrappers.network [-] CIDR generated: 1.1.4.164/30
2019-10-29 02:59:26.045 25048 RALLYDEBUG rally_openstack.wrappers.network [-] CIDR generated: 1.1.4.168/30
2019-10-29 02:59:26.138 25063 RALLYDEBUG rally_openstack.wrappers.network [-] CIDR generated: 1.1.4.172/30
2019-10-29 02:59:26.277 25044 RALLYDEBUG rally_openstack.wrappers.network [-] CIDR generated: 1.1.4.176/30
2019-10-29 02:59:26.486 25036 RALLYDEBUG rally_openstack.wrappers.network [-] CIDR generated: 1.1.4.180/30
2019-10-29 02:59:26.622 25072 RALLYDEBUG rally_openstack.wrappers.network [-] CIDR generated: 1.1.4.184/30
2019-10-29 02:59:26.761 25032 RALLYDEBUG rally_openstack.wrappers.network [-] CIDR generated: 1.1.4.188/30
2019-10-29 02:59:26.790 25033 RALLYDEBUG rally_openstack.wrappers.network [-] CIDR generated: 1.1.4.192/30
2019-10-29 02:59:26.815 25036 RALLYDEBUG rally_openstack.wrappers.network [-] CIDR generated: 1.1.4.196/30
2019-10-29 02:59:27.086 25069 RALLYDEBUG rally_openstack.wrappers.network [-] CIDR generated: 1.1.4.200/30
2019-10-29 02:59:27.272 25031 RALLYDEBUG rally_openstack.wrappers.network [-] CIDR generated: 1.1.4.204/30
2019-10-29 02:59:27.298 25055 RALLYDEBUG rally_openstack.wrappers.network [-] CIDR generated: 1.1.4.208/30
2019-10-29 02:59:27.345 25075 RALLYDEBUG rally_openstack.wrappers.network [-] CIDR generated: 1.1.4.212/30
2019-10-29 02:59:27.660 25052 RALLYDEBUG rally_openstack.wrappers.network [-] CIDR generated: 1.1.4.216/30
2019-10-29 02:59:27.780 25033 RALLYDEBUG rally_openstack.wrappers.network [-] CIDR generated: 1.1.4.220/30
2019-10-29 02:59:27.797 25040 RALLYDEBUG rally_openstack.wrappers.network [-] CIDR generated: 1.1.4.224/30
2019-10-29 02:59:27.960 25032 RALLYDEBUG rally_openstack.wrappers.network [-] CIDR generated: 1.1.4.228/30
2019-10-29 02:59:28.044 25058 RALLYDEBUG rally_openstack.wrappers.network [-] CIDR generated: 1.1.4.232/30
2019-10-29 02:59:28.067 25066 RALLYDEBUG rally_openstack.wrappers.network [-] CIDR generated: 1.1.4.236/30
2019-10-29 02:59:28.571 25078 RALLYDEBUG rally_openstack.wrappers.network [-] CIDR generated: 1.1.4.240/30
2019-10-29 02:59:28.647 25036 RALLYDEBUG rally_openstack.wrappers.network [-] CIDR generated: 1.1.4.244/30
2019-10-29 02:59:29.139 25044 RALLYDEBUG rally_openstack.wrappers.network [-] CIDR generated: 1.1.4.248/30
2019-10-29 02:59:29.612 25032 INFO rally.task.runner [-] Task 5a039800-2e53-45bc-ab41-f8317b8c0528 | ITER: 5 END: OK
2019-10-29 02:59:29.615 25032 INFO rally.task.runner [-] Task 5a039800-2e53-45bc-ab41-f8317b8c0528 | ITER: 21 START
2019-10-29 02:59:29.616 25032 WARNING rally_openstack.scenarios.neutron.utils [-] Running this scenario without either the 'network' or 'existing_network' context is deprecated
2019-10-29 02:59:29.661 25033 RALLYDEBUG rally_openstack.wrappers.network [-] CIDR generated: 1.1.4.252/30
2019-10-29 02:59:30.116 25031 INFO rally.task.runner [-] Task 5a039800-2e53-45bc-ab41-f8317b8c0528 | ITER: 1 END: OK
2019-10-29 02:59:30.120 25031 INFO rally.task.runner [-] Task 5a039800-2e53-45bc-ab41-f8317b8c0528 | ITER: 22 START
2019-10-29 02:59:30.121 25031 WARNING rally_openstack.scenarios.neutron.utils [-] Running this scenario without either the 'network' or 'existing_network' context is deprecated
2019-10-29 02:59:30.200 25032 RALLYDEBUG rally_openstack.wrappers.network [-] CIDR generated: 1.1.5.0/30
2019-10-29 02:59:30.474 25052 INFO rally.task.runner [-] Task 5a039800-2e53-45bc-ab41-f8317b8c0528 | ITER: 12 END: OK
2019-10-29 02:59:30.478 25052 INFO rally.task.runner [-] Task 5a039800-2e53-45bc-ab41-f8317b8c0528 | ITER: 23 START
2019-10-29 02:59:30.479 25052 WARNING rally_openstack.scenarios.neutron.utils [-] Running this scenario without either the 'network' or 'existing_network' context is deprecated
2019-10-29 02:59:30.724 25048 INFO rally.task.runner [-] Task 5a039800-2e53-45bc-ab41-f8317b8c0528 | ITER: 11 END: OK
2019-10-29 02:59:30.728 25048 INFO rally.task.runner [-] Task 5a039800-2e53-45bc-ab41-f8317b8c0528 | ITER: 24 START
2019-10-29 02:59:30.729 25048 WARNING rally_openstack.scenarios.neutron.utils [-] Running this scenario without either the 'network' or 'existing_network' context is deprecated
2019-10-29 02:59:30.844 25031 RALLYDEBUG rally_openstack.wrappers.network [-] CIDR generated: 1.1.5.4/30
2019-10-29 02:59:30.861 25078 INFO rally.task.runner [-] Task 5a039800-2e53-45bc-ab41-f8317b8c0528 | ITER: 20 END: OK
2019-10-29 02:59:30.865 25078 INFO rally.task.runner [-] Task 5a039800-2e53-45bc-ab41-f8317b8c0528 | ITER: 25 START
2019-10-29 02:59:30.866 25078 WARNING rally_openstack.scenarios.neutron.utils [-] Running this scenario without either the 'network' or 'existing_network' context is deprecated
2019-10-29 02:59:31.284 25052 RALLYDEBUG rally_openstack.wrappers.network [-] CIDR generated: 1.1.5.8/30
2019-10-29 02:59:31.470 25036 INFO rally.task.runner [-] Task 5a039800-2e53-45bc-ab41-f8317b8c0528 | ITER: 8 END: OK
2019-10-29 02:59:31.475 25036 INFO rally.task.runner [-] Task 5a039800-2e53-45bc-ab41-f8317b8c0528 | ITER: 26 START
2019-10-29 02:59:31.475 25036 WARNING rally_openstack.scenarios.neutron.utils [-] Running this scenario without either the 'network' or 'existing_network' context is deprecated
2019-10-29 02:59:31.498 25078 RALLYDEBUG rally_openstack.wrappers.network [-] CIDR generated: 1.1.5.12/30
2019-10-29 02:59:31.542 25048 RALLYDEBUG rally_openstack.wrappers.network [-] CIDR generated: 1.1.5.16/30
2019-10-29 02:59:31.663 25069 INFO rally.task.runner [-] Task 5a039800-2e53-45bc-ab41-f8317b8c0528 | ITER: 17 END: OK
2019-10-29 02:59:31.667 25069 INFO rally.task.runner [-] Task 5a039800-2e53-45bc-ab41-f8317b8c0528 | ITER: 27 START
2019-10-29 02:59:31.668 25069 WARNING rally_openstack.scenarios.neutron.utils [-] Running this scenario without either the 'network' or 'existing_network' context is deprecated
2019-10-29 02:59:31.815 25063 INFO rally.task.runner [-] Task 5a039800-2e53-45bc-ab41-f8317b8c0528 | ITER: 15 END: OK
2019-10-29 02:59:31.818 25063 INFO rally.task.runner [-] Task 5a039800-2e53-45bc-ab41-f8317b8c0528 | ITER: 28 START
2019-10-29 02:59:31.819 25063 WARNING rally_openstack.scenarios.neutron.utils [-] Running this scenario without either the 'network' or 'existing_network' context is deprecated
2019-10-29 02:59:31.902 25058 INFO rally.task.runner [-] Task 5a039800-2e53-45bc-ab41-f8317b8c0528 | ITER: 14 END: OK
2019-10-29 02:59:31.906 25058 INFO rally.task.runner [-] Task 5a039800-2e53-45bc-ab41-f8317b8c0528 | ITER: 29 START
2019-10-29 02:59:31.907 25058 WARNING rally_openstack.scenarios.neutron.utils [-] Running this scenario without either the 'network' or 'existing_network' context is deprecated
2019-10-29 02:59:32.012 25032 INFO rally.task.runner [-] Task 5a039800-2e53-45bc-ab41-f8317b8c0528 | ITER: 3 END: OK
2019-10-29 02:59:32.015 25032 INFO rally.task.runner [-] Task 5a039800-2e53-45bc-ab41-f8317b8c0528 | ITER: 30 START
2019-10-29 02:59:32.016 25032 WARNING rally_openstack.scenarios.neutron.utils [-] Running this scenario without either the 'network' or 'existing_network' context is deprecated
2019-10-29 02:59:32.133 25031 RALLYDEBUG rally_openstack.wrappers.network [-] CIDR generated: 1.1.5.20/30
2019-10-29 02:59:32.219 25055 INFO rally.task.runner [-] Task 5a039800-2e53-45bc-ab41-f8317b8c0528 | ITER: 13 END: OK
2019-10-29 02:59:32.223 25055 INFO rally.task.runner [-] Task 5a039800-2e53-45bc-ab41-f8317b8c0528 | ITER: 31 START
2019-10-29 02:59:32.224 25055 WARNING rally_openstack.scenarios.neutron.utils [-] Running this scenario without either the 'network' or 'existing_network' context is deprecated
2019-10-29 02:59:32.364 25052 RALLYDEBUG rally_openstack.wrappers.network [-] CIDR generated: 1.1.5.24/30
2019-10-29 02:59:32.585 25063 RALLYDEBUG rally_openstack.wrappers.network [-] CIDR generated: 1.1.5.28/30
2019-10-29 02:59:32.589 25069 RALLYDEBUG rally_openstack.wrappers.network [-] CIDR generated: 1.1.5.32/30
2019-10-29 02:59:32.611 25058 RALLYDEBUG rally_openstack.wrappers.network [-] CIDR generated: 1.1.5.36/30
2019-10-29 02:59:32.749 25031 INFO rally.task.runner [-] Task 5a039800-2e53-45bc-ab41-f8317b8c0528 | ITER: 2 END: OK
2019-10-29 02:59:32.752 25031 INFO rally.task.runner [-] Task 5a039800-2e53-45bc-ab41-f8317b8c0528 | ITER: 32 START
2019-10-29 02:59:32.753 25031 WARNING rally_openstack.scenarios.neutron.utils [-] Running this scenario without either the 'network' or 'existing_network' context is deprecated
2019-10-29 02:59:32.833 25036 RALLYDEBUG rally_openstack.wrappers.network [-] CIDR generated: 1.1.5.40/30
2019-10-29 02:59:32.869 25078 RALLYDEBUG rally_openstack.wrappers.network [-] CIDR generated: 1.1.5.44/30
2019-10-29 02:59:33.209 25048 RALLYDEBUG rally_openstack.wrappers.network [-] CIDR generated: 1.1.5.48/30
2019-10-29 02:59:33.210 25055 RALLYDEBUG rally_openstack.wrappers.network [-] CIDR generated: 1.1.5.52/30
2019-10-29 02:59:33.374 25072 INFO rally.task.runner [-] Task 5a039800-2e53-45bc-ab41-f8317b8c0528 | ITER: 18 END: OK
2019-10-29 02:59:33.378 25072 INFO rally.task.runner [-] Task 5a039800-2e53-45bc-ab41-f8317b8c0528 | ITER: 33 START
2019-10-29 02:59:33.379 25072 WARNING rally_openstack.scenarios.neutron.utils [-] Running this scenario without either the 'network' or 'existing_network' context is deprecated
2019-10-29 02:59:33.693 25032 RALLYDEBUG rally_openstack.wrappers.network [-] CIDR generated: 1.1.5.56/30
2019-10-29 02:59:33.717 25032 RALLYDEBUG rally_openstack.wrappers.network [-] CIDR generated: 1.1.5.60/30
2019-10-29 02:59:33.732 25066 INFO rally.task.runner [-] Task 5a039800-2e53-45bc-ab41-f8317b8c0528 | ITER: 16 END: OK
2019-10-29 02:59:33.736 25066 INFO rally.task.runner [-] Task 5a039800-2e53-45bc-ab41-f8317b8c0528 | ITER: 34 START
2019-10-29 02:59:33.737 25066 WARNING rally_openstack.scenarios.neutron.utils [-] Running this scenario without either the 'network' or 'existing_network' context is deprecated
2019-10-29 02:59:33.960 25072 RALLYDEBUG rally_openstack.wrappers.network [-] CIDR generated: 1.1.5.64/30
2019-10-29 02:59:33.997 25031 RALLYDEBUG rally_openstack.wrappers.network [-] CIDR generated: 1.1.5.68/30
2019-10-29 02:59:33.998 25069 RALLYDEBUG rally_openstack.wrappers.network [-] CIDR generated: 1.1.5.72/30
2019-10-29 02:59:34.002 25036 RALLYDEBUG rally_openstack.wrappers.network [-] CIDR generated: 1.1.5.76/30
2019-10-29 02:59:34.232 25036 INFO rally.task.runner [-] Task 5a039800-2e53-45bc-ab41-f8317b8c0528 | ITER: 7 END: OK
2019-10-29 02:59:34.235 25036 INFO rally.task.runner [-] Task 5a039800-2e53-45bc-ab41-f8317b8c0528 | ITER: 35 START
2019-10-29 02:59:34.236 25036 WARNING rally_openstack.scenarios.neutron.utils [-] Running this scenario without either the 'network' or 'existing_network' context is deprecated
2019-10-29 02:59:34.242 25058 RALLYDEBUG rally_openstack.wrappers.network [-] CIDR generated: 1.1.5.80/30
2019-10-29 02:59:34.381 25055 RALLYDEBUG rally_openstack.wrappers.network [-] CIDR generated: 1.1.5.84/30
2019-10-29 02:59:34.403 25066 RALLYDEBUG rally_openstack.wrappers.network [-] CIDR generated: 1.1.5.88/30
2019-10-29 02:59:34.754 25032 RALLYDEBUG rally_openstack.wrappers.network [-] CIDR generated: 1.1.5.92/30
2019-10-29 02:59:34.981 25040 INFO rally.task.runner [-] Task 5a039800-2e53-45bc-ab41-f8317b8c0528 | ITER: 9 END: OK
2019-10-29 02:59:34.985 25040 INFO rally.task.runner [-] Task 5a039800-2e53-45bc-ab41-f8317b8c0528 | ITER: 36 START
2019-10-29 02:59:34.986 25040 WARNING rally_openstack.scenarios.neutron.utils [-] Running this scenario without either the 'network' or 'existing_network' context is deprecated
2019-10-29 02:59:35.028 25031 RALLYDEBUG rally_openstack.wrappers.network [-] CIDR generated: 1.1.5.96/30
2019-10-29 02:59:35.407 25066 RALLYDEBUG rally_openstack.wrappers.network [-] CIDR generated: 1.1.5.100/30
2019-10-29 02:59:35.412 25036 RALLYDEBUG rally_openstack.wrappers.network [-] CIDR generated: 1.1.5.104/30
2019-10-29 02:59:35.550 25040 RALLYDEBUG rally_openstack.wrappers.network [-] CIDR generated: 1.1.5.108/30
2019-10-29 02:59:35.718 25072 RALLYDEBUG rally_openstack.wrappers.network [-] CIDR generated: 1.1.5.112/30
2019-10-29 02:59:35.833 25033 INFO rally.task.runner [-] Task 5a039800-2e53-45bc-ab41-f8317b8c0528 | ITER: 4 END: OK
2019-10-29 02:59:35.837 25033 INFO rally.task.runner [-] Task 5a039800-2e53-45bc-ab41-f8317b8c0528 | ITER: 37 START
2019-10-29 02:59:35.838 25033 WARNING rally_openstack.scenarios.neutron.utils [-] Running this scenario without either the 'network' or 'existing_network' context is deprecated
2019-10-29 02:59:35.845 25033 INFO rally.task.runner [-] Task 5a039800-2e53-45bc-ab41-f8317b8c0528 | ITER: 6 END: OK
2019-10-29 02:59:35.848 25033 INFO rally.task.runner [-] Task 5a039800-2e53-45bc-ab41-f8317b8c0528 | ITER: 38 START
2019-10-29 02:59:35.849 25033 WARNING rally_openstack.scenarios.neutron.utils [-] Running this scenario without either the 'network' or 'existing_network' context is deprecated
2019-10-29 02:59:35.977 25044 INFO rally.task.runner [-] Task 5a039800-2e53-45bc-ab41-f8317b8c0528 | ITER: 10 END: OK
2019-10-29 02:59:35.981 25044 INFO rally.task.runner [-] Task 5a039800-2e53-45bc-ab41-f8317b8c0528 | ITER: 39 START
2019-10-29 02:59:35.982 25044 WARNING rally_openstack.scenarios.neutron.utils [-] Running this scenario without either the 'network' or 'existing_network' context is deprecated
2019-10-29 02:59:36.182 25063 RALLYDEBUG rally_openstack.wrappers.network [-] CIDR generated: 1.1.5.116/30
2019-10-29 02:59:36.481 25033 RALLYDEBUG rally_openstack.wrappers.network [-] CIDR generated: 1.1.5.120/30
2019-10-29 02:59:36.560 25033 RALLYDEBUG rally_openstack.wrappers.network [-] CIDR generated: 1.1.5.124/30
2019-10-29 02:59:36.569 25031 INFO rally.task.runner [-] Task 5a039800-2e53-45bc-ab41-f8317b8c0528 | ITER: 22 END: OK
2019-10-29 02:59:36.572 25031 INFO rally.task.runner [-] Task 5a039800-2e53-45bc-ab41-f8317b8c0528 | ITER: 40 START
2019-10-29 02:59:36.573 25031 WARNING rally_openstack.scenarios.neutron.utils [-] Running this scenario without either the 'network' or 'existing_network' context is deprecated
2019-10-29 02:59:36.589 25044 RALLYDEBUG rally_openstack.wrappers.network [-] CIDR generated: 1.1.5.128/30
2019-10-29 02:59:36.672 25075 INFO rally.task.runner [-] Task 5a039800-2e53-45bc-ab41-f8317b8c0528 | ITER: 19 END: OK
2019-10-29 02:59:37.102 25031 RALLYDEBUG rally_openstack.wrappers.network [-] CIDR generated: 1.1.5.132/30
2019-10-29 02:59:37.369 25033 RALLYDEBUG rally_openstack.wrappers.network [-] CIDR generated: 1.1.5.136/30
2019-10-29 02:59:37.614 25036 RALLYDEBUG rally_openstack.wrappers.network [-] CIDR generated: 1.1.5.140/30
2019-10-29 02:59:37.747 25048 INFO rally.task.runner [-] Task 5a039800-2e53-45bc-ab41-f8317b8c0528 | ITER: 24 END: OK
2019-10-29 02:59:38.412 25032 INFO rally.task.runner [-] Task 5a039800-2e53-45bc-ab41-f8317b8c0528 | ITER: 30 END: OK
2019-10-29 02:59:38.844 25040 RALLYDEBUG rally_openstack.wrappers.network [-] CIDR generated: 1.1.5.144/30
2019-10-29 02:59:38.906 25058 INFO rally.task.runner [-] Task 5a039800-2e53-45bc-ab41-f8317b8c0528 | ITER: 29 END: OK
2019-10-29 02:59:39.024 25044 RALLYDEBUG rally_openstack.wrappers.network [-] CIDR generated: 1.1.5.148/30
2019-10-29 02:59:39.053 25052 INFO rally.task.runner [-] Task 5a039800-2e53-45bc-ab41-f8317b8c0528 | ITER: 23 END: OK
2019-10-29 02:59:39.117 25036 INFO rally.task.runner [-] Task 5a039800-2e53-45bc-ab41-f8317b8c0528 | ITER: 35 END: OK
2019-10-29 02:59:39.147 25033 RALLYDEBUG rally_openstack.wrappers.network [-] CIDR generated: 1.1.5.152/30
2019-10-29 02:59:39.790 25036 INFO rally.task.runner [-] Task 5a039800-2e53-45bc-ab41-f8317b8c0528 | ITER: 26 END: OK
2019-10-29 02:59:40.020 25078 INFO rally.task.runner [-] Task 5a039800-2e53-45bc-ab41-f8317b8c0528 | ITER: 25 END: OK
2019-10-29 02:59:40.052 25032 INFO rally.task.runner [-] Task 5a039800-2e53-45bc-ab41-f8317b8c0528 | ITER: 21 END: OK
2019-10-29 02:59:40.362 25031 RALLYDEBUG rally_openstack.wrappers.network [-] CIDR generated: 1.1.5.156/30
2019-10-29 02:59:40.365 25055 INFO rally.task.runner [-] Task 5a039800-2e53-45bc-ab41-f8317b8c0528 | ITER: 31 END: OK
2019-10-29 02:59:41.444 25033 INFO rally.task.runner [-] Task 5a039800-2e53-45bc-ab41-f8317b8c0528 | ITER: 37 END: OK
2019-10-29 02:59:41.637 25063 INFO rally.task.runner [-] Task 5a039800-2e53-45bc-ab41-f8317b8c0528 | ITER: 28 END: OK
2019-10-29 02:59:41.705 25066 INFO rally.task.runner [-] Task 5a039800-2e53-45bc-ab41-f8317b8c0528 | ITER: 34 END: OK
2019-10-29 02:59:41.886 25069 INFO rally.task.runner [-] Task 5a039800-2e53-45bc-ab41-f8317b8c0528 | ITER: 27 END: OK
2019-10-29 02:59:41.964 25040 INFO rally.task.runner [-] Task 5a039800-2e53-45bc-ab41-f8317b8c0528 | ITER: 36 END: OK
2019-10-29 02:59:42.114 25072 INFO rally.task.runner [-] Task 5a039800-2e53-45bc-ab41-f8317b8c0528 | ITER: 33 END: OK
2019-10-29 02:59:42.151 25031 INFO rally.task.runner [-] Task 5a039800-2e53-45bc-ab41-f8317b8c0528 | ITER: 32 END: OK
2019-10-29 02:59:42.284 25033 INFO rally.task.runner [-] Task 5a039800-2e53-45bc-ab41-f8317b8c0528 | ITER: 38 END: OK
2019-10-29 02:59:43.005 25044 INFO rally.task.runner [-] Task 5a039800-2e53-45bc-ab41-f8317b8c0528 | ITER: 39 END: OK
2019-10-29 02:59:43.278 25031 INFO rally.task.runner [-] Task 5a039800-2e53-45bc-ab41-f8317b8c0528 | ITER: 40 END: OK
2019-10-29 02:59:43.303 22837 INFO rally.task.context [-] Task 5a039800-2e53-45bc-ab41-f8317b8c0528 | Context cleanup@openstack cleanup() started
2019-10-29 02:59:43.306 22837 RALLYDEBUG rally_openstack.cleanup.manager [-] Cleaning up neutron vip objects
2019-10-29 02:59:43.671 22837 RALLYDEBUG rally_openstack.cleanup.manager [-] Cleaning up neutron health_monitor objects
2019-10-29 02:59:44.035 22837 RALLYDEBUG rally_openstack.cleanup.manager [-] Cleaning up neutron pool objects
2019-10-29 02:59:44.437 22837 RALLYDEBUG rally_openstack.cleanup.manager [-] Cleaning up neutron loadbalancer objects
2019-10-29 02:59:44.803 22837 RALLYDEBUG rally_openstack.cleanup.manager [-] Cleaning up neutron floatingip objects
2019-10-29 02:59:45.193 22837 RALLYDEBUG rally_openstack.cleanup.manager [-] Cleaning up neutron trunk objects
2019-10-29 02:59:45.576 22837 RALLYDEBUG rally_openstack.cleanup.manager [-] Cleaning up neutron port objects
2019-10-29 02:59:46.057 22837 RALLYDEBUG rally_openstack.cleanup.manager [-] Cleaning up neutron subnet objects
2019-10-29 02:59:46.449 22837 RALLYDEBUG rally_openstack.cleanup.manager [-] Cleaning up neutron network objects
2019-10-29 02:59:47.017 22837 RALLYDEBUG rally_openstack.cleanup.manager [-] Deleting neutron.network object s_rally_c336978e_2aC19YX6 (014209f6-b1f4-4cf9-beb3-cfa3caef5169)
2019-10-29 02:59:47.027 22837 RALLYDEBUG rally_openstack.cleanup.manager [-] Deleting neutron.network object s_rally_c336978e_kt1gMM41 (0c57ecd6-78a5-4b67-a706-2bcbdbbede2c)
2019-10-29 02:59:47.035 22837 RALLYDEBUG rally_openstack.cleanup.manager [-] Deleting neutron.network object s_rally_c336978e_I1LkU8dv (16ef48df-9b36-409a-8cec-daf5a1c13124)
2019-10-29 02:59:47.048 22837 RALLYDEBUG rally_openstack.cleanup.manager [-] Deleting neutron.network object s_rally_c336978e_9IFa2BqI (1f95577f-ef8d-44a9-931f-b83720c049aa)
2019-10-29 02:59:47.054 22837 RALLYDEBUG rally_openstack.cleanup.manager [-] Deleting neutron.network object s_rally_c336978e_JCvv4zmw (211b7adf-65d6-498d-9d49-a1e62a4f3965)
2019-10-29 02:59:47.074 22837 RALLYDEBUG rally_openstack.cleanup.manager [-] Deleting neutron.network object s_rally_c336978e_Qkfv8NgF (2b6e9a65-e498-4e24-8276-791078f6a7ca)
2019-10-29 02:59:47.086 22837 RALLYDEBUG rally_openstack.cleanup.manager [-] Deleting neutron.network object s_rally_c336978e_9tzlNuhK (2d7068c1-f1b2-45f3-a21b-562d7d59e09d)
2019-10-29 02:59:47.100 22837 RALLYDEBUG rally_openstack.cleanup.manager [-] Deleting neutron.network object s_rally_c336978e_2jYE4JuX (35d20419-d707-4ea9-ae0d-3a6bbcada55b)
2019-10-29 02:59:47.115 22837 RALLYDEBUG rally_openstack.cleanup.manager [-] Deleting neutron.network object s_rally_c336978e_tZzAJ3nP (3c2862c4-00b3-41f0-9649-d199f6868cbb)
2019-10-29 02:59:47.121 22837 RALLYDEBUG rally_openstack.cleanup.manager [-] Deleting neutron.network object s_rally_c336978e_jAG6OdJZ (3e12e358-4be4-4eb7-a66f-c14d609c8ac5)
2019-10-29 02:59:47.134 22837 RALLYDEBUG rally_openstack.cleanup.manager [-] Deleting neutron.network object s_rally_c336978e_5JDQ8SCd (3e4bbee1-8c73-473c-8b8f-2d2ed4ebfbc9)
2019-10-29 02:59:47.146 22837 RALLYDEBUG rally_openstack.cleanup.manager [-] Deleting neutron.network object s_rally_c336978e_NRjt0O8x (44280c3e-a2ae-4137-99f1-f387c953fd8d)
2019-10-29 02:59:47.163 22837 RALLYDEBUG rally_openstack.cleanup.manager [-] Deleting neutron.network object s_rally_c336978e_NhtwHdjz (469a2dd9-0a01-401e-8a64-cfe431997c39)
2019-10-29 02:59:47.170 22837 RALLYDEBUG rally_openstack.cleanup.manager [-] Deleting neutron.network object s_rally_c336978e_trLI2gKM (472577af-dfc9-43a2-ac51-7325ac289d79)
2019-10-29 02:59:47.176 22837 RALLYDEBUG rally_openstack.cleanup.manager [-] Deleting neutron.network object s_rally_c336978e_EqnFNgde (492a4b89-c7ab-4a9b-8a69-a76f33ef9bd2)
2019-10-29 02:59:47.185 22837 RALLYDEBUG rally_openstack.cleanup.manager [-] Deleting neutron.network object s_rally_c336978e_IZ8BYnJf (4beec246-3ac0-426e-b6e8-45637e73c4c5)
2019-10-29 02:59:47.192 22837 RALLYDEBUG rally_openstack.cleanup.manager [-] Deleting neutron.network object s_rally_c336978e_xI6AOn00 (5770e4ac-9472-4d2c-8639-3e5f74a16df3)
2019-10-29 02:59:47.201 22837 RALLYDEBUG rally_openstack.cleanup.manager [-] Deleting neutron.network object s_rally_c336978e_ON5ef8Q1 (61312fb8-0e9d-42ef-8c11-331a75c82aff)
2019-10-29 02:59:47.208 22837 RALLYDEBUG rally_openstack.cleanup.manager [-] Deleting neutron.network object s_rally_c336978e_HoyPOb9P (61f99286-63c3-4ab3-8412-33357279306c)
2019-10-29 02:59:47.211 22837 RALLYDEBUG rally_openstack.cleanup.manager [-] Deleting neutron.network object s_rally_c336978e_rg9BapjK (6a79632b-7b14-4ac7-8c75-1d58a8cf03c7)
2019-10-29 02:59:49.446 22837 RALLYDEBUG rally_openstack.cleanup.manager [-] Deleting neutron.network object s_rally_c336978e_I1rJNUcA (75958105-1401-4584-9a41-02d15dc4ce27)
2019-10-29 02:59:49.474 22837 RALLYDEBUG rally_openstack.cleanup.manager [-] Deleting neutron.network object s_rally_c336978e_X2AIUx4S (7fe8e7a5-6cf0-408a-9a69-2589bc77722d)
2019-10-29 02:59:49.478 22837 RALLYDEBUG rally_openstack.cleanup.manager [-] Deleting neutron.network object s_rally_c336978e_ivj33mX2 (8a80ae02-6ba3-4415-b12e-fa120371aec2)
2019-10-29 02:59:49.510 22837 RALLYDEBUG rally_openstack.cleanup.manager [-] Deleting neutron.network object s_rally_c336978e_D8wiHJB7 (95db334b-bdf5-4d95-bfeb-9243f6c69390)
2019-10-29 02:59:49.586 22837 RALLYDEBUG rally_openstack.cleanup.manager [-] Deleting neutron.network object s_rally_c336978e_ztzcfK4T (99cdec3d-25ec-4146-a43f-f4706d8c6b1c)
2019-10-29 02:59:49.606 22837 RALLYDEBUG rally_openstack.cleanup.manager [-] Deleting neutron.network object s_rally_c336978e_SmIlAp3D (a67d8437-3e10-48f7-861d-f00897b383f2)
2019-10-29 02:59:49.644 22837 RALLYDEBUG rally_openstack.cleanup.manager [-] Deleting neutron.network object s_rally_c336978e_T6ttEsue (a74821b6-2a32-4124-b5b3-9b0c3d47a1dc)
2019-10-29 02:59:49.656 22837 RALLYDEBUG rally_openstack.cleanup.manager [-] Deleting neutron.network object s_rally_c336978e_M3znGbUd (adc000cb-0cf1-43c8-87e5-42db96837a13)
2019-10-29 02:59:49.888 22837 RALLYDEBUG rally_openstack.cleanup.manager [-] Deleting neutron.network object s_rally_c336978e_Cbbans4b (b4502b17-ba65-4a7a-846c-d9af66465847)
2019-10-29 02:59:49.897 22837 RALLYDEBUG rally_openstack.cleanup.manager [-] Deleting neutron.network object s_rally_c336978e_ylJVen2h (b6fd7518-c563-4e4d-97ca-0565aca61064)
2019-10-29 02:59:49.926 22837 RALLYDEBUG rally_openstack.cleanup.manager [-] Deleting neutron.network object s_rally_c336978e_uyDlX8rG (bbb7f164-41de-466b-9854-abbc33def8c6)
2019-10-29 02:59:50.002 22837 RALLYDEBUG rally_openstack.cleanup.manager [-] Deleting neutron.network object s_rally_c336978e_GlWMiiVm (bcb222b0-59af-436a-9e0d-1db4874d2420)
2019-10-29 02:59:50.031 22837 RALLYDEBUG rally_openstack.cleanup.manager [-] Deleting neutron.network object s_rally_c336978e_PDK4HAG8 (bfca479a-2350-42ca-9aba-1fd6a551ace0)
2019-10-29 02:59:50.376 22837 RALLYDEBUG rally_openstack.cleanup.manager [-] Deleting neutron.network object s_rally_c336978e_iQF3pD9n (c25e2b5c-d940-4d94-9868-964ece19d6ed)
2019-10-29 02:59:50.417 22837 RALLYDEBUG rally_openstack.cleanup.manager [-] Deleting neutron.network object s_rally_c336978e_yJEZw7Du (c2f19c85-78ef-4896-aadd-71746062c5df)
2019-10-29 02:59:50.766 22837 RALLYDEBUG rally_openstack.cleanup.manager [-] Deleting neutron.network object s_rally_c336978e_zhXPZ6IE (ccffd1f9-b095-434c-bc3b-7c08654a2d20)
2019-10-29 02:59:50.787 22837 RALLYDEBUG rally_openstack.cleanup.manager [-] Deleting neutron.network object s_rally_c336978e_mn8Ja75N (e3d18ab4-58d6-4f35-919a-ba23451b776b)
2019-10-29 02:59:50.817 22837 RALLYDEBUG rally_openstack.cleanup.manager [-] Deleting neutron.network object s_rally_c336978e_ldoAWGSB (e8f00a28-716c-4724-9171-c96d64efb9a1)
2019-10-29 02:59:50.832 22837 RALLYDEBUG rally_openstack.cleanup.manager [-] Deleting neutron.network object s_rally_c336978e_mnpfcnvs (f678c0e6-be89-49b6-972f-2be134b8f97a)
2019-10-29 02:59:50.858 22837 RALLYDEBUG rally_openstack.cleanup.manager [-] Deleting neutron.network object s_rally_c336978e_XkM1EKcA (f8da63f6-f68b-490e-a4c6-84db90a81f0c)
2019-10-29 02:59:53.337 22837 RALLYDEBUG rally_openstack.cleanup.manager [-] Cleaning up neutron router objects
2019-10-29 02:59:53.742 22837 RALLYDEBUG rally_openstack.cleanup.manager [-] Cleaning up neutron security_group objects
2019-10-29 02:59:54.476 22837 INFO rally.task.context [-] Task 5a039800-2e53-45bc-ab41-f8317b8c0528 | Context cleanup@openstack cleanup() finished in 11.17 sec
2019-10-29 02:59:54.477 22837 INFO rally.task.context [-] Task 5a039800-2e53-45bc-ab41-f8317b8c0528 | Context quotas@openstack cleanup() started
2019-10-29 02:59:54.561 22837 INFO rally.task.context [-] Task 5a039800-2e53-45bc-ab41-f8317b8c0528 | Context quotas@openstack cleanup() finished in 84.06 msec
2019-10-29 02:59:54.561 22837 INFO rally.task.context [-] Task 5a039800-2e53-45bc-ab41-f8317b8c0528 | Context users@openstack cleanup() started
2019-10-29 02:59:57.239 22837 INFO rally.task.context [-] Task 5a039800-2e53-45bc-ab41-f8317b8c0528 | Context users@openstack cleanup() finished in 2.68 sec
2019-10-29 02:59:57.648 22837 INFO rally.task.engine [-] Load duration is: 18.761049
2019-10-29 02:59:57.649 22837 INFO rally.task.engine [-] Full runner duration is: 18.806383
2019-10-29 02:59:57.649 22837 INFO rally.task.engine [-] Full duration is: 35.771097
2019-10-29 02:59:57.982 22837 INFO rally.task.engine [-] Running workload: position = 0 config = { "version": 2, "title": "A cropped version of a bigger task.", "description": "Auto-generated task from a single workload (uuid=750cc23a-1366-4f92-b300-d067c3a33208)", "subtasks": [ { "title": "NeutronNetworks.create_and_list_routers", "description": "Create and a given number of routers and list all routers.", "scenario": { "NeutronNetworks.create_and_list_routers": { "network_create_args": null, "subnet_create_args": null, "subnet_cidr_start": "1.1.0.0/30", "subnets_per_network": 2, "router_create_args": null } }, "contexts": { "users": { "tenants": 1, "users_per_tenant": 1 }, "quotas": { "neutron": { "network": -1, "subnet": -1, "router": -1 } } }, "runner": { "constant": { "times": 40, "concurrency": 20 } }, "hooks": [], "sla": { "failure_rate": { "max": 0 } } } ] }
2019-10-29 02:59:58.007 22837 RALLYDEBUG rally_openstack.contexts.keystone.users [-] Creating 1 tenants using 20 threads
2019-10-29 02:59:58.922 22837 RALLYDEBUG rally_openstack.contexts.keystone.users [-] Creating 1 users using 20 threads
2019-10-29 03:00:00.403 22837 INFO rally.task.context [-] Task 5a039800-2e53-45bc-ab41-f8317b8c0528 | Context users@openstack setup() finished in 2.40 sec
2019-10-29 03:00:00.897 22837 INFO rally.task.context [-] Task 5a039800-2e53-45bc-ab41-f8317b8c0528 | Context quotas@openstack setup() finished in 0.49 sec
2019-10-29 03:00:00.898 22837 INFO rally.task.context [-] Task 5a039800-2e53-45bc-ab41-f8317b8c0528 | Context cleanup@openstack setup() finished in 0.02 msec
2019-10-29 03:00:00.907 22837 RALLYDEBUG rally.task.runner [-] Starting the constant runner (task UUID: 5a039800-2e53-45bc-ab41-f8317b8c0528). times: 40 concurrency: 20 timeout: 0 max_cpu_used: 16 processes_to_start: 16 concurrency_per_worker: 1 concurrency_overhead: 4
2019-10-29 03:00:00.919 25421 RALLYDEBUG rally.task.runner [-] Starting a worker. times: 40 duration: None concurrency: 2 timeout: 0 cls: method_name: run args: {"network_create_args": null, "subnet_create_args": null, "subnet_cidr_start": "1.1.0.0/30", "subnets_per_network": 2, "router_create_args": null}
2019-10-29 03:00:00.923 25422 RALLYDEBUG rally.task.runner [-] Starting a worker. times: 40 duration: None concurrency: 2 timeout: 0 cls: method_name: run args: {"network_create_args": null, "subnet_create_args": null, "subnet_cidr_start": "1.1.0.0/30", "subnets_per_network": 2, "router_create_args": null}
2019-10-29 03:00:00.925 25421 INFO rally.task.runner [-] Task 5a039800-2e53-45bc-ab41-f8317b8c0528 | ITER: 1 START
2019-10-29 03:00:00.926 25423 RALLYDEBUG rally.task.runner [-] Starting a worker. times: 40 duration: None concurrency: 2 timeout: 0 cls: method_name: run args: {"network_create_args": null, "subnet_create_args": null, "subnet_cidr_start": "1.1.0.0/30", "subnets_per_network": 2, "router_create_args": null}
2019-10-29 03:00:00.929 25422 INFO rally.task.runner [-] Task 5a039800-2e53-45bc-ab41-f8317b8c0528 | ITER: 2 START
2019-10-29 03:00:00.930 25426 RALLYDEBUG rally.task.runner [-] Starting a worker. times: 40 duration: None concurrency: 2 timeout: 0 cls: method_name: run args: {"network_create_args": null, "subnet_create_args": null, "subnet_cidr_start": "1.1.0.0/30", "subnets_per_network": 2, "router_create_args": null}
2019-10-29 03:00:00.934 25429 RALLYDEBUG rally.task.runner [-] Starting a worker. times: 40 duration: None concurrency: 1 timeout: 0 cls: method_name: run args: {"network_create_args": null, "subnet_create_args": null, "subnet_cidr_start": "1.1.0.0/30", "subnets_per_network": 2, "router_create_args": null}
2019-10-29 03:00:00.937 25430 RALLYDEBUG rally.task.runner [-] Starting a worker. times: 40 duration: None concurrency: 1 timeout: 0 cls: method_name: run args: {"network_create_args": null, "subnet_create_args": null, "subnet_cidr_start": "1.1.0.0/30", "subnets_per_network": 2, "router_create_args": null}
2019-10-29 03:00:00.941 25421 INFO rally.task.runner [-] Task 5a039800-2e53-45bc-ab41-f8317b8c0528 | ITER: 3 START
2019-10-29 03:00:00.942 25423 INFO rally.task.runner [-] Task 5a039800-2e53-45bc-ab41-f8317b8c0528 | ITER: 4 START
2019-10-29 03:00:00.941 25431 RALLYDEBUG rally.task.runner [-] Starting a worker. times: 40 duration: None concurrency: 1 timeout: 0 cls: method_name: run args: {"network_create_args": null, "subnet_create_args": null, "subnet_cidr_start": "1.1.0.0/30", "subnets_per_network": 2, "router_create_args": null}
2019-10-29 03:00:00.944 25422 INFO rally.task.runner [-] Task 5a039800-2e53-45bc-ab41-f8317b8c0528 | ITER: 5 START
2019-10-29 03:00:00.946 25432 RALLYDEBUG rally.task.runner [-] Starting a worker. times: 40 duration: None concurrency: 1 timeout: 0 cls: method_name: run args: {"network_create_args": null, "subnet_create_args": null, "subnet_cidr_start": "1.1.0.0/30", "subnets_per_network": 2, "router_create_args": null}
2019-10-29 03:00:00.947 25430 INFO rally.task.runner [-] Task 5a039800-2e53-45bc-ab41-f8317b8c0528 | ITER: 8 START
2019-10-29 03:00:00.948 25429 INFO rally.task.runner [-] Task 5a039800-2e53-45bc-ab41-f8317b8c0528 | ITER: 7 START
2019-10-29 03:00:00.948 25431 INFO rally.task.runner [-] Task 5a039800-2e53-45bc-ab41-f8317b8c0528 | ITER: 10 START
2019-10-29 03:00:00.948 25426 INFO rally.task.runner [-] Task 5a039800-2e53-45bc-ab41-f8317b8c0528 | ITER: 6 START
2019-10-29 03:00:00.949 25437 RALLYDEBUG rally.task.runner [-] Starting a worker. times: 40 duration: None concurrency: 1 timeout: 0 cls: method_name: run args: {"network_create_args": null, "subnet_create_args": null, "subnet_cidr_start": "1.1.0.0/30", "subnets_per_network": 2, "router_create_args": null}
2019-10-29 03:00:00.952 25432 INFO rally.task.runner [-] Task 5a039800-2e53-45bc-ab41-f8317b8c0528 | ITER: 12 START
2019-10-29 03:00:00.954 25448 RALLYDEBUG rally.task.runner [-] Starting a worker. times: 40 duration: None concurrency: 1 timeout: 0 cls: method_name: run args: {"network_create_args": null, "subnet_create_args": null, "subnet_cidr_start": "1.1.0.0/30", "subnets_per_network": 2, "router_create_args": null}
2019-10-29 03:00:00.954 25437 INFO rally.task.runner [-] Task 5a039800-2e53-45bc-ab41-f8317b8c0528 | ITER: 13 START
2019-10-29 03:00:00.949 25426 INFO rally.task.runner [-] Task 5a039800-2e53-45bc-ab41-f8317b8c0528 | ITER: 11 START
2019-10-29 03:00:00.960 25448 INFO rally.task.runner [-] Task 5a039800-2e53-45bc-ab41-f8317b8c0528 | ITER: 14 START
2019-10-29 03:00:00.961 25423 INFO rally.task.runner [-] Task 5a039800-2e53-45bc-ab41-f8317b8c0528 | ITER: 9 START
2019-10-29 03:00:00.965 25454 RALLYDEBUG rally.task.runner [-] Starting a worker. times: 40 duration: None concurrency: 1 timeout: 0 cls: method_name: run args: {"network_create_args": null, "subnet_create_args": null, "subnet_cidr_start": "1.1.0.0/30", "subnets_per_network": 2, "router_create_args": null}
2019-10-29 03:00:00.969 25456 RALLYDEBUG rally.task.runner [-] Starting a worker. times: 40 duration: None concurrency: 1 timeout: 0 cls: method_name: run args: {"network_create_args": null, "subnet_create_args": null, "subnet_cidr_start": "1.1.0.0/30", "subnets_per_network": 2, "router_create_args": null}
2019-10-29 03:00:00.970 25454 INFO rally.task.runner [-] Task 5a039800-2e53-45bc-ab41-f8317b8c0528 | ITER: 15 START
2019-10-29 03:00:00.975 25456 INFO rally.task.runner [-] Task 5a039800-2e53-45bc-ab41-f8317b8c0528 | ITER: 16 START
2019-10-29 03:00:00.977 25459 RALLYDEBUG rally.task.runner [-] Starting a worker. times: 40 duration: None concurrency: 1 timeout: 0 cls: method_name: run args: {"network_create_args": null, "subnet_create_args": null, "subnet_cidr_start": "1.1.0.0/30", "subnets_per_network": 2, "router_create_args": null}
2019-10-29 03:00:00.982 25459 INFO rally.task.runner [-] Task 5a039800-2e53-45bc-ab41-f8317b8c0528 | ITER: 17 START
2019-10-29 03:00:00.985 25463 RALLYDEBUG rally.task.runner [-] Starting a worker. times: 40 duration: None concurrency: 1 timeout: 0 cls: method_name: run args: {"network_create_args": null, "subnet_create_args": null, "subnet_cidr_start": "1.1.0.0/30", "subnets_per_network": 2, "router_create_args": null}
2019-10-29 03:00:00.989 25463 INFO rally.task.runner [-] Task 5a039800-2e53-45bc-ab41-f8317b8c0528 | ITER: 18 START
2019-10-29 03:00:00.990 25465 RALLYDEBUG rally.task.runner [-] Starting a worker. times: 40 duration: None concurrency: 1 timeout: 0 cls: method_name: run args: {"network_create_args": null, "subnet_create_args": null, "subnet_cidr_start": "1.1.0.0/30", "subnets_per_network": 2, "router_create_args": null}
2019-10-29 03:00:00.994 25465 INFO rally.task.runner [-] Task 5a039800-2e53-45bc-ab41-f8317b8c0528 | ITER: 19 START
2019-10-29 03:00:00.994 25468 RALLYDEBUG rally.task.runner [-] Starting a worker. times: 40 duration: None concurrency: 1 timeout: 0 cls: method_name: run args: {"network_create_args": null, "subnet_create_args": null, "subnet_cidr_start": "1.1.0.0/30", "subnets_per_network": 2, "router_create_args": null}
2019-10-29 03:00:00.999 25468 INFO rally.task.runner [-] Task 5a039800-2e53-45bc-ab41-f8317b8c0528 | ITER: 20 START
2019-10-29 03:00:01.675 25422 RALLYDEBUG rally_openstack.wrappers.network [-] CIDR generated: 1.1.5.160/30
2019-10-29 03:00:01.709 25448 RALLYDEBUG rally_openstack.wrappers.network [-] CIDR generated: 1.1.5.164/30
2019-10-29 03:00:01.763 25421 RALLYDEBUG rally_openstack.wrappers.network [-] CIDR generated: 1.1.5.168/30
2019-10-29 03:00:01.806 25429 RALLYDEBUG rally_openstack.wrappers.network [-] CIDR generated: 1.1.5.172/30
2019-10-29 03:00:01.822 25426 RALLYDEBUG rally_openstack.wrappers.network [-] CIDR generated: 1.1.5.176/30
2019-10-29 03:00:01.874 25454 RALLYDEBUG rally_openstack.wrappers.network [-] CIDR generated: 1.1.5.180/30
2019-10-29 03:00:01.889 25431 RALLYDEBUG rally_openstack.wrappers.network [-] CIDR generated: 1.1.5.184/30
2019-10-29 03:00:01.905 25456 RALLYDEBUG rally_openstack.wrappers.network [-] CIDR generated: 1.1.5.188/30
2019-10-29 03:00:02.107 25426 RALLYDEBUG rally_openstack.wrappers.network [-] CIDR generated: 1.1.5.192/30
2019-10-29 03:00:02.191 25459 RALLYDEBUG rally_openstack.wrappers.network [-] CIDR generated: 1.1.5.196/30
2019-10-29 03:00:02.273 25465 RALLYDEBUG rally_openstack.wrappers.network [-] CIDR generated: 1.1.5.200/30
2019-10-29 03:00:02.325 25430 RALLYDEBUG rally_openstack.wrappers.network [-] CIDR generated: 1.1.5.204/30
2019-10-29 03:00:02.340 25463 RALLYDEBUG rally_openstack.wrappers.network [-] CIDR generated: 1.1.5.208/30
2019-10-29 03:00:02.366 25421 RALLYDEBUG rally_openstack.wrappers.network [-] CIDR generated: 1.1.5.212/30
2019-10-29 03:00:02.403 25422 RALLYDEBUG rally_openstack.wrappers.network [-] CIDR generated: 1.1.5.216/30
2019-10-29 03:00:02.421 25423 RALLYDEBUG rally_openstack.wrappers.network [-] CIDR generated: 1.1.5.220/30
2019-10-29 03:00:02.436 25432 RALLYDEBUG rally_openstack.wrappers.network [-] CIDR generated: 1.1.5.224/30
2019-10-29 03:00:02.491 25423 RALLYDEBUG rally_openstack.wrappers.network [-] CIDR generated: 1.1.5.228/30
2019-10-29 03:00:02.498 25429 RALLYDEBUG rally_openstack.wrappers.network [-] CIDR generated: 1.1.5.232/30
2019-10-29 03:00:02.501 25448 RALLYDEBUG rally_openstack.wrappers.network [-] CIDR generated: 1.1.5.236/30
2019-10-29 03:00:02.692 25468 RALLYDEBUG rally_openstack.wrappers.network [-] CIDR generated: 1.1.5.240/30
2019-10-29 03:00:02.693 25431 RALLYDEBUG rally_openstack.wrappers.network [-] CIDR generated: 1.1.5.244/30
2019-10-29 03:00:02.917 25456 RALLYDEBUG rally_openstack.wrappers.network [-] CIDR generated: 1.1.5.248/30
2019-10-29 03:00:02.949 25437 RALLYDEBUG rally_openstack.wrappers.network [-] CIDR generated: 1.1.5.252/30
2019-10-29 03:00:02.970 25454 RALLYDEBUG rally_openstack.wrappers.network [-] CIDR generated: 1.1.6.0/30
2019-10-29 03:00:03.106 25465 RALLYDEBUG rally_openstack.wrappers.network [-] CIDR generated: 1.1.6.4/30
2019-10-29 03:00:03.366 25423 RALLYDEBUG rally_openstack.wrappers.network [-] CIDR generated: 1.1.6.8/30
2019-10-29 03:00:03.449 25430 RALLYDEBUG rally_openstack.wrappers.network [-] CIDR generated: 1.1.6.12/30
2019-10-29 03:00:03.757 25422 RALLYDEBUG rally_openstack.wrappers.network [-] CIDR generated: 1.1.6.16/30
2019-10-29 03:00:03.765 25459 RALLYDEBUG rally_openstack.wrappers.network [-] CIDR generated: 1.1.6.20/30
2019-10-29 03:00:04.031 25426 RALLYDEBUG rally_openstack.wrappers.network [-] CIDR generated: 1.1.6.24/30
2019-10-29 03:00:04.205 25426 RALLYDEBUG rally_openstack.wrappers.network [-] CIDR generated: 1.1.6.28/30
2019-10-29 03:00:04.345 25422 RALLYDEBUG rally_openstack.wrappers.network [-] CIDR generated: 1.1.6.32/30
2019-10-29 03:00:04.445 25463 RALLYDEBUG rally_openstack.wrappers.network [-] CIDR generated: 1.1.6.36/30
2019-10-29 03:00:04.529 25437 RALLYDEBUG rally_openstack.wrappers.network [-] CIDR generated: 1.1.6.40/30
2019-10-29 03:00:04.595 25468 RALLYDEBUG rally_openstack.wrappers.network [-] CIDR generated: 1.1.6.44/30
2019-10-29 03:00:04.850 25421 RALLYDEBUG rally_openstack.wrappers.network [-] CIDR generated: 1.1.6.48/30
2019-10-29 03:00:05.261 25423 RALLYDEBUG rally_openstack.wrappers.network [-] CIDR generated: 1.1.6.52/30
2019-10-29 03:00:05.333 25432 RALLYDEBUG rally_openstack.wrappers.network [-] CIDR generated: 1.1.6.56/30
2019-10-29 03:00:05.362 25421 RALLYDEBUG rally_openstack.wrappers.network [-] CIDR generated: 1.1.6.60/30
2019-10-29 03:00:12.441 25454 INFO rally.task.runner [-] Task 5a039800-2e53-45bc-ab41-f8317b8c0528 | ITER: 15 END: OK
2019-10-29 03:00:12.445 25454 INFO rally.task.runner [-] Task 5a039800-2e53-45bc-ab41-f8317b8c0528 | ITER: 21 START
2019-10-29 03:00:12.596 25456 INFO rally.task.runner [-] Task 5a039800-2e53-45bc-ab41-f8317b8c0528 | ITER: 16 END: OK
2019-10-29 03:00:12.600 25456 INFO rally.task.runner [-] Task 5a039800-2e53-45bc-ab41-f8317b8c0528 | ITER: 22 START
2019-10-29 03:00:13.160 25456 RALLYDEBUG rally_openstack.wrappers.network [-] CIDR generated: 1.1.6.64/30
2019-10-29 03:00:13.968 25454 RALLYDEBUG rally_openstack.wrappers.network [-] CIDR generated: 1.1.6.68/30
2019-10-29 03:00:14.247 25437 INFO rally.task.runner [-] Task 5a039800-2e53-45bc-ab41-f8317b8c0528 | ITER: 13 END: OK
2019-10-29 03:00:14.251 25437 INFO rally.task.runner [-] Task 5a039800-2e53-45bc-ab41-f8317b8c0528 | ITER: 23 START
