2019-10-29 03:06:48.417 22837 RALLYDEBUG rally_openstack.cleanup.manager [-] Deleting neutron.port object s_rally_2ae6f764_IQwNbVOM (d7d15f81-bbb8-4e45-bef2-bf3d9dc4c0dc)
2019-10-29 03:06:48.494 22837 RALLYDEBUG rally_openstack.cleanup.manager [-] Deleting neutron.port object s_rally_2ae6f764_2qo3JtAF (d86f2edd-865f-4256-b061-04d6a79739ac)
2019-10-29 03:06:48.512 22837 RALLYDEBUG rally_openstack.cleanup.manager [-] Deleting neutron.port object s_rally_2ae6f764_7oCVLaVN (d90f5a02-58f2-4ba5-81ba-c801e0a2b9d8)
2019-10-29 03:06:48.616 22837 RALLYDEBUG rally_openstack.cleanup.manager [-] Deleting neutron.port object s_rally_2ae6f764_GxzQi0tw (d93ee4e2-e27b-4a8f-87be-c6153a380a4b)
2019-10-29 03:06:48.668 22837 RALLYDEBUG rally_openstack.cleanup.manager [-] Deleting neutron.port object s_rally_2ae6f764_5Dw2Icql (d96567ea-f0d6-42fd-927a-c66b9d5b54a2)
2019-10-29 03:06:48.804 22837 RALLYDEBUG rally_openstack.cleanup.manager [-] Deleting neutron.port object s_rally_2ae6f764_ectWPF9d (d9fbdda1-09d1-4c81-b209-56efcb299262)
2019-10-29 03:06:48.872 22837 RALLYDEBUG rally_openstack.cleanup.manager [-] Deleting neutron.port object s_rally_2ae6f764_OQm0EtzZ (da150368-0e55-40d4-a7b6-fafbbe26df5d)
2019-10-29 03:06:49.050 22837 RALLYDEBUG rally_openstack.cleanup.manager [-] Deleting neutron.port object s_rally_2ae6f764_UFy4aqTI (dac6e546-d02c-4f10-b60a-33a9d6c05dc8)
2019-10-29 03:06:49.155 22837 RALLYDEBUG rally_openstack.cleanup.manager [-] Deleting neutron.port object s_rally_2ae6f764_4lpo6q14 (dae3199d-e684-483a-8456-688fdc3806ea)
2019-10-29 03:06:49.185 22837 RALLYDEBUG rally_openstack.cleanup.manager [-] Deleting neutron.port object s_rally_2ae6f764_iiwKEZb3 (dc746fd7-2718-40e4-95c1-b8336b52ed1a)
2019-10-29 03:06:49.466 22837 RALLYDEBUG rally_openstack.cleanup.manager [-] Deleting neutron.port object s_rally_2ae6f764_NiZV0hXi (de655613-c03f-4476-bb86-777c0c48b5ab)
2019-10-29 03:06:49.475 22837 RALLYDEBUG rally_openstack.cleanup.manager [-] Deleting neutron.port object s_rally_2ae6f764_3e1ytEdz (deec76f2-10d3-4b5e-9209-560601a33e6a)
2019-10-29 03:06:49.553 22837 RALLYDEBUG rally_openstack.cleanup.manager [-] Deleting neutron.port object s_rally_2ae6f764_NVT6ePH7 (df663013-ea6a-4781-909e-92942bf7a6f6)
2019-10-29 03:06:49.569 22837 RALLYDEBUG rally_openstack.cleanup.manager [-] Deleting neutron.port object s_rally_2ae6f764_54fgv4Qf (e02d165e-282a-4727-b7ce-883c2991e3f0)
2019-10-29 03:06:49.597 22837 RALLYDEBUG rally_openstack.cleanup.manager [-] Deleting neutron.port object s_rally_2ae6f764_HUmwkc84 (e05b6212-d415-40d0-8ca3-c68d9f0b3d30)
2019-10-29 03:06:49.603 22837 RALLYDEBUG rally_openstack.cleanup.manager [-] Deleting neutron.port object s_rally_2ae6f764_89pp0MJ1 (e140736d-cb39-45c2-b898-f7867847de20)
2019-10-29 03:06:49.611 22837 RALLYDEBUG rally_openstack.cleanup.manager [-] Deleting neutron.port object s_rally_2ae6f764_8o2zlort (e19767ce-b58d-4739-a8a0-e206f1fb1bae)
2019-10-29 03:06:49.720 22837 RALLYDEBUG rally_openstack.cleanup.manager [-] Deleting neutron.port object s_rally_2ae6f764_M7PAYfbu (e207d2ff-5d84-46da-a620-54118812e0e3)
2019-10-29 03:06:49.838 22837 RALLYDEBUG rally_openstack.cleanup.manager [-] Deleting neutron.port object s_rally_2ae6f764_lJb5795A (e275c30a-3b44-4100-ba06-ec0b228e0dbf)
2019-10-29 03:06:49.946 22837 RALLYDEBUG rally_openstack.cleanup.manager [-] Deleting neutron.port object s_rally_2ae6f764_ePJQkAzU (e3881cd5-55f3-4790-ae8e-d7f205b97531)
2019-10-29 03:06:50.261 22837 RALLYDEBUG rally_openstack.cleanup.manager [-] Deleting neutron.port object s_rally_2ae6f764_zlp4kk0y (e3b00ffb-119b-4509-bc93-18d7d4e8a02c)
2019-10-29 03:06:50.369 22837 RALLYDEBUG rally_openstack.cleanup.manager [-] Deleting neutron.port object s_rally_2ae6f764_n8WNXZ6r (e3d54197-ffff-4b80-b245-812740c29f85)
2019-10-29 03:06:50.461 22837 RALLYDEBUG rally_openstack.cleanup.manager [-] Deleting neutron.port object s_rally_2ae6f764_Kqm1FWQ9 (e5e2aca1-cb15-47a0-8f51-151c37124d04)
2019-10-29 03:06:50.500 22837 RALLYDEBUG rally_openstack.cleanup.manager [-] Deleting neutron.port object s_rally_2ae6f764_H9ecFK9s (e6778ff9-7a9b-4ce6-9a9c-79593d1597e3)
2019-10-29 03:06:50.570 22837 RALLYDEBUG rally_openstack.cleanup.manager [-] Deleting neutron.port object s_rally_2ae6f764_VadlC85z (e69d8756-ddad-4da2-a9c5-ebc0ac16a111)
2019-10-29 03:06:50.578 22837 RALLYDEBUG rally_openstack.cleanup.manager [-] Deleting neutron.port object s_rally_2ae6f764_Ve6MRLYd (e8c28579-336f-4780-a70c-f37c5190c920)
2019-10-29 03:06:50.634 22837 RALLYDEBUG rally_openstack.cleanup.manager [-] Deleting neutron.port object s_rally_2ae6f764_55C0KLyn (e8e59791-1f9a-4cdf-82b1-a932e3f9853b)
2019-10-29 03:06:50.783 22837 RALLYDEBUG rally_openstack.cleanup.manager [-] Deleting neutron.port object s_rally_2ae6f764_OphrajQe (e9b0dd44-8f1e-4360-bbb7-479fd8c9002e)
2019-10-29 03:06:50.892 22837 RALLYDEBUG rally_openstack.cleanup.manager [-] Deleting neutron.port object s_rally_2ae6f764_mIlzUzm2 (ebb0eaf0-a75b-4527-aaa2-a92c3a8e933f)
2019-10-29 03:06:51.202 22837 RALLYDEBUG rally_openstack.cleanup.manager [-] Deleting neutron.port object s_rally_2ae6f764_41nsjUbQ (ebd0164f-1b64-4936-8f9b-453574eb2438)
2019-10-29 03:06:51.207 22837 RALLYDEBUG rally_openstack.cleanup.manager [-] Deleting neutron.port object s_rally_2ae6f764_v3CVw56z (ecd2529d-48d2-42e4-9224-ffdfd3ceb900)
2019-10-29 03:06:51.212 22837 RALLYDEBUG rally_openstack.cleanup.manager [-] Deleting neutron.port object s_rally_2ae6f764_PpspYVDr (ed135919-73fb-43fa-852c-68b628f572e9)
2019-10-29 03:06:51.299 22837 RALLYDEBUG rally_openstack.cleanup.manager [-] Deleting neutron.port object s_rally_2ae6f764_UrhyYCqJ (ed46f964-e5e6-48fa-8006-ec2fae0875e8)
2019-10-29 03:06:51.312 22837 RALLYDEBUG rally_openstack.cleanup.manager [-] Deleting neutron.port object s_rally_2ae6f764_dOWXWPlr (edd8045c-2eb1-4433-8285-d2bce6e0f724)
2019-10-29 03:06:51.338 22837 RALLYDEBUG rally_openstack.cleanup.manager [-] Deleting neutron.port object s_rally_2ae6f764_kGSfWBFb (ee178514-1693-43a8-a437-e8fd8fd58493)
2019-10-29 03:06:51.342 22837 RALLYDEBUG rally_openstack.cleanup.manager [-] Deleting neutron.port object s_rally_2ae6f764_ogpwduJZ (ee4a5654-678a-4234-8cb9-978bb9bdc4cf)
2019-10-29 03:06:51.429 22837 RALLYDEBUG rally_openstack.cleanup.manager [-] Deleting neutron.port object s_rally_2ae6f764_nr9GB0AP (eefeb960-a43d-4938-9efa-aa83cdaf3d03)
2019-10-29 03:06:51.555 22837 RALLYDEBUG rally_openstack.cleanup.manager [-] Deleting neutron.port object s_rally_2ae6f764_TjNDuYRy (ef3da3f5-e246-467d-95d4-8b40eda055fb)
2019-10-29 03:06:51.655 22837 RALLYDEBUG rally_openstack.cleanup.manager [-] Deleting neutron.port object s_rally_2ae6f764_tnJk4auu (f08781e3-44b1-4ae3-a2ea-4d5b92841f18)
2019-10-29 03:06:51.975 22837 RALLYDEBUG rally_openstack.cleanup.manager [-] Deleting neutron.port object s_rally_2ae6f764_7R5EwnFG (f0a0c8c7-b48a-466d-a739-7eb97425399c)
2019-10-29 03:06:52.006 22837 RALLYDEBUG rally_openstack.cleanup.manager [-] Deleting neutron.port object s_rally_2ae6f764_1hcENmAM (f1267165-c5c1-47a7-add3-01e816072a6e)
2019-10-29 03:06:52.084 22837 RALLYDEBUG rally_openstack.cleanup.manager [-] Deleting neutron.port object s_rally_2ae6f764_7DnTRKCr (f1da0190-793f-4ef2-b012-5a2c71f4091f)
2019-10-29 03:06:52.174 22837 RALLYDEBUG rally_openstack.cleanup.manager [-] Deleting neutron.port object s_rally_2ae6f764_Ik0pVkHb (f22ff391-7cb2-48a5-9fde-10aef8e5e816)
2019-10-29 03:06:52.190 22837 RALLYDEBUG rally_openstack.cleanup.manager [-] Deleting neutron.port object s_rally_2ae6f764_3fUaIRgE (f2301ead-1133-4245-8a73-df2f63b015f2)
2019-10-29 03:06:52.308 22837 RALLYDEBUG rally_openstack.cleanup.manager [-] Deleting neutron.port object s_rally_2ae6f764_QLe1ncpP (f28b1675-ac12-42d0-b116-78dc21c4cefc)
2019-10-29 03:06:52.548 22837 RALLYDEBUG rally_openstack.cleanup.manager [-] Deleting neutron.port object s_rally_2ae6f764_lfEjamo9 (f372e01f-0821-4ce8-b3b3-2fe232dc7817)
2019-10-29 03:06:52.622 22837 RALLYDEBUG rally_openstack.cleanup.manager [-] Deleting neutron.port object s_rally_2ae6f764_WYjuFCf8 (f425f39d-9322-498d-810b-cf045db84fd6)
2019-10-29 03:06:52.690 22837 RALLYDEBUG rally_openstack.cleanup.manager [-] Deleting neutron.port object s_rally_2ae6f764_4yk2uW8q (f457929b-fb23-4d9b-b2c0-ef5ca154b941)
2019-10-29 03:06:52.809 22837 RALLYDEBUG rally_openstack.cleanup.manager [-] Deleting neutron.port object s_rally_2ae6f764_gRGzlJvd (f4789a6b-330a-453f-bba1-a2c6365df2f0)
2019-10-29 03:06:52.999 22837 RALLYDEBUG rally_openstack.cleanup.manager [-] Deleting neutron.port object s_rally_2ae6f764_br7A9PlT (f5406ea1-5107-4307-a876-deb7d34947c4)
2019-10-29 03:06:53.008 22837 RALLYDEBUG rally_openstack.cleanup.manager [-] Deleting neutron.port object s_rally_2ae6f764_F9mGrfmC (f59091f6-4d59-4a4a-a41e-09c3bc29e19c)
2019-10-29 03:06:53.079 22837 RALLYDEBUG rally_openstack.cleanup.manager [-] Deleting neutron.port object s_rally_2ae6f764_T5pRm52E (f59b5504-d2c7-4fbe-908e-d074d314f76e)
2019-10-29 03:06:53.117 22837 RALLYDEBUG rally_openstack.cleanup.manager [-] Deleting neutron.port object s_rally_2ae6f764_K2cDQ0DA (f6611b3e-de7c-476f-b486-84ca87c22383)
2019-10-29 03:06:53.134 22837 RALLYDEBUG rally_openstack.cleanup.manager [-] Deleting neutron.port object s_rally_2ae6f764_lnYm5csl (f6765e11-66be-4ba8-acc2-2eaa5dbb1620)
2019-10-29 03:06:53.258 22837 RALLYDEBUG rally_openstack.cleanup.manager [-] Deleting neutron.port object s_rally_2ae6f764_aRRPe4PM (f6fe4c4e-b6c4-40f6-8ccc-bab444203969)
2019-10-29 03:06:53.261 22837 RALLYDEBUG rally_openstack.cleanup.manager [-] Deleting neutron.port object s_rally_2ae6f764_fx1BWkdd (f8771fde-d51d-41e5-bc7a-7bfdb1a6dc55)
2019-10-29 03:06:53.270 22837 RALLYDEBUG rally_openstack.cleanup.manager [-] Deleting neutron.port object s_rally_2ae6f764_UJhaH2Z1 (f8e7a6fd-4f55-4d3e-b88c-8321341a48c0)
2019-10-29 03:06:53.283 22837 RALLYDEBUG rally_openstack.cleanup.manager [-] Deleting neutron.port object s_rally_2ae6f764_VQrKhK0C (f93dd168-0560-437a-998d-a5e939a23fd9)
2019-10-29 03:06:53.658 22837 RALLYDEBUG rally_openstack.cleanup.manager [-] Deleting neutron.port object s_rally_2ae6f764_mYKVqgpN (fa598d92-9634-47e8-a34d-8b03b98e067b)
2019-10-29 03:06:53.718 22837 RALLYDEBUG rally_openstack.cleanup.manager [-] Deleting neutron.port object s_rally_2ae6f764_6rSnsR6E (fa8035fb-0d79-41ee-bfad-9a9e6fc88203)
2019-10-29 03:06:53.761 22837 RALLYDEBUG rally_openstack.cleanup.manager [-] Deleting neutron.port object s_rally_2ae6f764_hmvuY8iq (fbf3ad0e-8c6c-4b26-89dc-8411218bcc53)
2019-10-29 03:06:53.893 22837 RALLYDEBUG rally_openstack.cleanup.manager [-] Deleting neutron.port object s_rally_2ae6f764_DXLSA2z5 (fc2dfd07-dc33-48a3-aa73-e77424f08177)
2019-10-29 03:06:53.927 22837 RALLYDEBUG rally_openstack.cleanup.manager [-] Deleting neutron.port object s_rally_2ae6f764_Swm6jt6T (fc4f32e1-14eb-4407-a1d2-2e9248ecd3af)
2019-10-29 03:06:54.093 22837 RALLYDEBUG rally_openstack.cleanup.manager [-] Deleting neutron.port object s_rally_2ae6f764_y85yinkG (fcc7dcda-f178-4ec9-b564-4d6b557ab9bf)
2019-10-29 03:06:54.110 22837 RALLYDEBUG rally_openstack.cleanup.manager [-] Deleting neutron.port object s_rally_2ae6f764_yTWj2WaD (fd2f5a64-28e8-45f9-b61c-09130411bb63)
2019-10-29 03:06:54.258 22837 RALLYDEBUG rally_openstack.cleanup.manager [-] Deleting neutron.port object s_rally_2ae6f764_o7bsjd76 (ff630ec7-1a5e-4324-b3c0-457fb1754024)
2019-10-29 03:06:55.974 22837 RALLYDEBUG rally_openstack.cleanup.manager [-] Cleaning up neutron subnet objects
2019-10-29 03:06:56.377 22837 RALLYDEBUG rally_openstack.cleanup.manager [-] Cleaning up neutron network objects
2019-10-29 03:06:56.835 22837 RALLYDEBUG rally_openstack.cleanup.manager [-] Deleting neutron.network object s_rally_2ae6f764_A0n9LSnK (05cf5699-f99d-4a5d-843a-84aea67ee1b8)
2019-10-29 03:06:56.845 22837 RALLYDEBUG rally_openstack.cleanup.manager [-] Deleting neutron.network object s_rally_2ae6f764_ZsmVuuJt (10746ea9-9a09-4545-8690-7cf62d35899b)
2019-10-29 03:06:56.854 22837 RALLYDEBUG rally_openstack.cleanup.manager [-] Deleting neutron.network object s_rally_2ae6f764_4MNlO1WR (2783d769-f414-4333-86bf-379f7d284bd8)
2019-10-29 03:06:56.858 22837 RALLYDEBUG rally_openstack.cleanup.manager [-] Deleting neutron.network object s_rally_2ae6f764_mhvYWpUE (3bab29fe-fce2-4f6e-ba85-80c3f4f94933)
2019-10-29 03:06:56.866 22837 RALLYDEBUG rally_openstack.cleanup.manager [-] Deleting neutron.network object s_rally_2ae6f764_FzBo2q3r (63ce381a-28e9-46a6-b735-033f06e80ecd)
2019-10-29 03:06:56.870 22837 RALLYDEBUG rally_openstack.cleanup.manager [-] Deleting neutron.network object s_rally_2ae6f764_clGB9kHH (9d9a2e9e-3117-49b1-8b66-7f75826f91df)
2019-10-29 03:06:56.897 22837 RALLYDEBUG rally_openstack.cleanup.manager [-] Deleting neutron.network object s_rally_2ae6f764_RaNC87vL (b601a577-7b8e-43fc-94af-4a229106961b)
2019-10-29 03:06:56.905 22837 RALLYDEBUG rally_openstack.cleanup.manager [-] Deleting neutron.network object s_rally_2ae6f764_HxVrY83z (e088f3a2-a82c-4c32-8b45-c5ee1f077814)
2019-10-29 03:06:59.394 22837 RALLYDEBUG rally_openstack.cleanup.manager [-] Cleaning up neutron router objects
2019-10-29 03:06:59.808 22837 RALLYDEBUG rally_openstack.cleanup.manager [-] Cleaning up neutron security_group objects
2019-10-29 03:07:00.224 22837 INFO rally.task.context [-] Task 5a039800-2e53-45bc-ab41-f8317b8c0528 | Context cleanup@openstack cleanup() finished in 46.66 sec
2019-10-29 03:07:00.225 22837 INFO rally.task.context [-] Task 5a039800-2e53-45bc-ab41-f8317b8c0528 | Context quotas@openstack cleanup() started
2019-10-29 03:07:00.313 22837 INFO rally.task.context [-] Task 5a039800-2e53-45bc-ab41-f8317b8c0528 | Context quotas@openstack cleanup() finished in 88.01 msec
2019-10-29 03:07:00.313 22837 INFO rally.task.context [-] Task 5a039800-2e53-45bc-ab41-f8317b8c0528 | Context users@openstack cleanup() started
2019-10-29 03:07:03.288 22837 INFO rally.task.context [-] Task 5a039800-2e53-45bc-ab41-f8317b8c0528 | Context users@openstack cleanup() finished in 2.98 sec
2019-10-29 03:07:05.074 22837 INFO rally.task.engine [-] Load duration is: 58.053533
2019-10-29 03:07:05.075 22837 INFO rally.task.engine [-] Full runner duration is: 58.098879
2019-10-29 03:07:05.075 22837 INFO rally.task.engine [-] Full duration is: 110.696849
2019-10-29 03:07:05.353 22837 INFO rally.task.engine [-] Running workload: position = 1 config = { "version": 2, "title": "A cropped version of a bigger task.", "description": "Auto-generated task from a single workload (uuid=6453cc28-6bfb-4ee1-be51-467dff2136ca)", "subtasks": [ { "title": "NeutronNetworks.create_and_update_ports", "description": "Create and update a given number of ports.", "scenario": { "NeutronNetworks.create_and_update_ports": { "network_create_args": {}, "port_create_args": {}, "ports_per_network": 5, "port_update_args": { "admin_state_up": false, "device_id": "dummy_id", "device_owner": "dummy_owner", "name": "_port_updated" } } }, "contexts": { "users": { "tenants": 1, "users_per_tenant": 1 }, "quotas": { "neutron": { "network": -1, "port": -1 } } }, "runner": { "constant": { "times": 40, "concurrency": 20 } }, "hooks": [], "sla": { "failure_rate": { "max": 0 } } } ] }
2019-10-29 03:07:05.375 22837 RALLYDEBUG rally_openstack.contexts.keystone.users [-] Creating 1 tenants using 20 threads
2019-10-29 03:07:06.321 22837 RALLYDEBUG rally_openstack.contexts.keystone.users [-] Creating 1 users using 20 threads
2019-10-29 03:07:07.691 22837 INFO rally.task.context [-] Task 5a039800-2e53-45bc-ab41-f8317b8c0528 | Context users@openstack setup() finished in 2.32 sec
2019-10-29 03:07:08.198 22837 INFO rally.task.context [-] Task 5a039800-2e53-45bc-ab41-f8317b8c0528 | Context quotas@openstack setup() finished in 0.51 sec
2019-10-29 03:07:08.199 22837 INFO rally.task.context [-] Task 5a039800-2e53-45bc-ab41-f8317b8c0528 | Context cleanup@openstack setup() finished in 0.01 msec
2019-10-29 03:07:08.208 22837 RALLYDEBUG rally.task.runner [-] Starting the constant runner (task UUID: 5a039800-2e53-45bc-ab41-f8317b8c0528). times: 40 concurrency: 20 timeout: 0 max_cpu_used: 16 processes_to_start: 16 concurrency_per_worker: 1 concurrency_overhead: 4
2019-10-29 03:07:08.220 26913 RALLYDEBUG rally.task.runner [-] Starting a worker. times: 40 duration: None concurrency: 2 timeout: 0 cls: method_name: run args: {"network_create_args": {}, "port_create_args": {}, "ports_per_network": 5, "port_update_args": {"admin_state_up": false, "device_id": "dummy_id", "device_owner": "dummy_owner", "name": "_port_updated"}}
2019-10-29 03:07:08.223 26914 RALLYDEBUG rally.task.runner [-] Starting a worker. times: 40 duration: None concurrency: 2 timeout: 0 cls: method_name: run args: {"network_create_args": {}, "port_create_args": {}, "ports_per_network": 5, "port_update_args": {"admin_state_up": false, "device_id": "dummy_id", "device_owner": "dummy_owner", "name": "_port_updated"}}
2019-10-29 03:07:08.226 26913 INFO rally.task.runner [-] Task 5a039800-2e53-45bc-ab41-f8317b8c0528 | ITER: 1 START
2019-10-29 03:07:08.227 26915 RALLYDEBUG rally.task.runner [-] Starting a worker. times: 40 duration: None concurrency: 2 timeout: 0 cls: method_name: run args: {"network_create_args": {}, "port_create_args": {}, "ports_per_network": 5, "port_update_args": {"admin_state_up": false, "device_id": "dummy_id", "device_owner": "dummy_owner", "name": "_port_updated"}}
2019-10-29 03:07:08.229 26913 INFO rally.task.runner [-] Task 5a039800-2e53-45bc-ab41-f8317b8c0528 | ITER: 3 START
2019-10-29 03:07:08.230 26918 RALLYDEBUG rally.task.runner [-] Starting a worker. times: 40 duration: None concurrency: 2 timeout: 0 cls: method_name: run args: {"network_create_args": {}, "port_create_args": {}, "ports_per_network": 5, "port_update_args": {"admin_state_up": false, "device_id": "dummy_id", "device_owner": "dummy_owner", "name": "_port_updated"}}
2019-10-29 03:07:08.231 26913 WARNING rally_openstack.scenarios.neutron.utils [-] Running this scenario without either the 'network' or 'existing_network' context is deprecated
2019-10-29 03:07:08.231 26914 INFO rally.task.runner [-] Task 5a039800-2e53-45bc-ab41-f8317b8c0528 | ITER: 2 START
2019-10-29 03:07:08.232 26914 INFO rally.task.runner [-] Task 5a039800-2e53-45bc-ab41-f8317b8c0528 | ITER: 4 START
2019-10-29 03:07:08.233 26914 WARNING rally_openstack.scenarios.neutron.utils [-] Running this scenario without either the 'network' or 'existing_network' context is deprecated
2019-10-29 03:07:08.234 26915 INFO rally.task.runner [-] Task 5a039800-2e53-45bc-ab41-f8317b8c0528 | ITER: 5 START
2019-10-29 03:07:08.234 26922 RALLYDEBUG rally.task.runner [-] Starting a worker. times: 40 duration: None concurrency: 1 timeout: 0 cls: method_name: run args: {"network_create_args": {}, "port_create_args": {}, "ports_per_network": 5, "port_update_args": {"admin_state_up": false, "device_id": "dummy_id", "device_owner": "dummy_owner", "name": "_port_updated"}}
2019-10-29 03:07:08.236 26915 WARNING rally_openstack.scenarios.neutron.utils [-] Running this scenario without either the 'network' or 'existing_network' context is deprecated
2019-10-29 03:07:08.237 26918 INFO rally.task.runner [-] Task 5a039800-2e53-45bc-ab41-f8317b8c0528 | ITER: 6 START
2019-10-29 03:07:08.238 26926 RALLYDEBUG rally.task.runner [-] Starting a worker. times: 40 duration: None concurrency: 1 timeout: 0 cls: method_name: run args: {"network_create_args": {}, "port_create_args": {}, "ports_per_network": 5, "port_update_args": {"admin_state_up": false, "device_id": "dummy_id", "device_owner": "dummy_owner", "name": "_port_updated"}}
2019-10-29 03:07:08.238 26918 INFO rally.task.runner [-] Task 5a039800-2e53-45bc-ab41-f8317b8c0528 | ITER: 8 START
2019-10-29 03:07:08.240 26922 INFO rally.task.runner [-] Task 5a039800-2e53-45bc-ab41-f8317b8c0528 | ITER: 9 START
2019-10-29 03:07:08.239 26918 WARNING rally_openstack.scenarios.neutron.utils [-] Running this scenario without either the 'network' or 'existing_network' context is deprecated
2019-10-29 03:07:08.234 26914 WARNING rally_openstack.scenarios.neutron.utils [-] Running this scenario without either the 'network' or 'existing_network' context is deprecated
2019-10-29 03:07:08.242 26922 WARNING rally_openstack.scenarios.neutron.utils [-] Running this scenario without either the 'network' or 'existing_network' context is deprecated
2019-10-29 03:07:08.232 26913 WARNING rally_openstack.scenarios.neutron.utils [-] Running this scenario without either the 'network' or 'existing_network' context is deprecated
2019-10-29 03:07:08.243 26931 RALLYDEBUG rally.task.runner [-] Starting a worker. times: 40 duration: None concurrency: 1 timeout: 0 cls: method_name: run args: {"network_create_args": {}, "port_create_args": {}, "ports_per_network": 5, "port_update_args": {"admin_state_up": false, "device_id": "dummy_id", "device_owner": "dummy_owner", "name": "_port_updated"}}
2019-10-29 03:07:08.245 26926 INFO rally.task.runner [-] Task 5a039800-2e53-45bc-ab41-f8317b8c0528 | ITER: 10 START
2019-10-29 03:07:08.247 26926 WARNING rally_openstack.scenarios.neutron.utils [-] Running this scenario without either the 'network' or 'existing_network' context is deprecated
2019-10-29 03:07:08.248 26936 RALLYDEBUG rally.task.runner [-] Starting a worker. times: 40 duration: None concurrency: 1 timeout: 0 cls: method_name: run args: {"network_create_args": {}, "port_create_args": {}, "ports_per_network": 5, "port_update_args": {"admin_state_up": false, "device_id": "dummy_id", "device_owner": "dummy_owner", "name": "_port_updated"}}
2019-10-29 03:07:08.238 26915 INFO rally.task.runner [-] Task 5a039800-2e53-45bc-ab41-f8317b8c0528 | ITER: 7 START
2019-10-29 03:07:08.251 26915 WARNING rally_openstack.scenarios.neutron.utils [-] Running this scenario without either the 'network' or 'existing_network' context is deprecated
2019-10-29 03:07:08.241 26918 WARNING rally_openstack.scenarios.neutron.utils [-] Running this scenario without either the 'network' or 'existing_network' context is deprecated
2019-10-29 03:07:08.251 26931 INFO rally.task.runner [-] Task 5a039800-2e53-45bc-ab41-f8317b8c0528 | ITER: 11 START
2019-10-29 03:07:08.253 26931 WARNING rally_openstack.scenarios.neutron.utils [-] Running this scenario without either the 'network' or 'existing_network' context is deprecated
2019-10-29 03:07:08.254 26936 INFO rally.task.runner [-] Task 5a039800-2e53-45bc-ab41-f8317b8c0528 | ITER: 12 START
2019-10-29 03:07:08.256 26936 WARNING rally_openstack.scenarios.neutron.utils [-] Running this scenario without either the 'network' or 'existing_network' context is deprecated
2019-10-29 03:07:08.257 26938 RALLYDEBUG rally.task.runner [-] Starting a worker. times: 40 duration: None concurrency: 1 timeout: 0 cls: method_name: run args: {"network_create_args": {}, "port_create_args": {}, "ports_per_network": 5, "port_update_args": {"admin_state_up": false, "device_id": "dummy_id", "device_owner": "dummy_owner", "name": "_port_updated"}}
2019-10-29 03:07:08.261 26942 RALLYDEBUG rally.task.runner [-] Starting a worker. times: 40 duration: None concurrency: 1 timeout: 0 cls: method_name: run args: {"network_create_args": {}, "port_create_args": {}, "ports_per_network": 5, "port_update_args": {"admin_state_up": false, "device_id": "dummy_id", "device_owner": "dummy_owner", "name": "_port_updated"}}
2019-10-29 03:07:08.264 26938 INFO rally.task.runner [-] Task 5a039800-2e53-45bc-ab41-f8317b8c0528 | ITER: 13 START
2019-10-29 03:07:08.265 26938 WARNING rally_openstack.scenarios.neutron.utils [-] Running this scenario without either the 'network' or 'existing_network' context is deprecated
2019-10-29 03:07:08.266 26942 INFO rally.task.runner [-] Task 5a039800-2e53-45bc-ab41-f8317b8c0528 | ITER: 14 START
2019-10-29 03:07:08.268 26942 WARNING rally_openstack.scenarios.neutron.utils [-] Running this scenario without either the 'network' or 'existing_network' context is deprecated
2019-10-29 03:07:08.267 26943 RALLYDEBUG rally.task.runner [-] Starting a worker. times: 40 duration: None concurrency: 1 timeout: 0 cls: method_name: run args: {"network_create_args": {}, "port_create_args": {}, "ports_per_network": 5, "port_update_args": {"admin_state_up": false, "device_id": "dummy_id", "device_owner": "dummy_owner", "name": "_port_updated"}}
2019-10-29 03:07:08.272 26943 INFO rally.task.runner [-] Task 5a039800-2e53-45bc-ab41-f8317b8c0528 | ITER: 15 START
2019-10-29 03:07:08.274 26943 WARNING rally_openstack.scenarios.neutron.utils [-] Running this scenario without either the 'network' or 'existing_network' context is deprecated
2019-10-29 03:07:08.274 26948 RALLYDEBUG rally.task.runner [-] Starting a worker. times: 40 duration: None concurrency: 1 timeout: 0 cls: method_name: run args: {"network_create_args": {}, "port_create_args": {}, "ports_per_network": 5, "port_update_args": {"admin_state_up": false, "device_id": "dummy_id", "device_owner": "dummy_owner", "name": "_port_updated"}}
2019-10-29 03:07:08.278 26948 INFO rally.task.runner [-] Task 5a039800-2e53-45bc-ab41-f8317b8c0528 | ITER: 16 START
2019-10-29 03:07:08.280 26948 WARNING rally_openstack.scenarios.neutron.utils [-] Running this scenario without either the 'network' or 'existing_network' context is deprecated
2019-10-29 03:07:08.281 26952 RALLYDEBUG rally.task.runner [-] Starting a worker. times: 40 duration: None concurrency: 1 timeout: 0 cls: method_name: run args: {"network_create_args": {}, "port_create_args": {}, "ports_per_network": 5, "port_update_args": {"admin_state_up": false, "device_id": "dummy_id", "device_owner": "dummy_owner", "name": "_port_updated"}}
2019-10-29 03:07:08.286 26952 INFO rally.task.runner [-] Task 5a039800-2e53-45bc-ab41-f8317b8c0528 | ITER: 17 START
2019-10-29 03:07:08.286 26954 RALLYDEBUG rally.task.runner [-] Starting a worker. times: 40 duration: None concurrency: 1 timeout: 0 cls: method_name: run args: {"network_create_args": {}, "port_create_args": {}, "ports_per_network": 5, "port_update_args": {"admin_state_up": false, "device_id": "dummy_id", "device_owner": "dummy_owner", "name": "_port_updated"}}
2019-10-29 03:07:08.288 26952 WARNING rally_openstack.scenarios.neutron.utils [-] Running this scenario without either the 'network' or 'existing_network' context is deprecated
2019-10-29 03:07:08.290 26954 INFO rally.task.runner [-] Task 5a039800-2e53-45bc-ab41-f8317b8c0528 | ITER: 18 START
2019-10-29 03:07:08.290 26957 RALLYDEBUG rally.task.runner [-] Starting a worker. times: 40 duration: None concurrency: 1 timeout: 0 cls: method_name: run args: {"network_create_args": {}, "port_create_args": {}, "ports_per_network": 5, "port_update_args": {"admin_state_up": false, "device_id": "dummy_id", "device_owner": "dummy_owner", "name": "_port_updated"}}
2019-10-29 03:07:08.292 26954 WARNING rally_openstack.scenarios.neutron.utils [-] Running this scenario without either the 'network' or 'existing_network' context is deprecated
2019-10-29 03:07:08.293 26957 INFO rally.task.runner [-] Task 5a039800-2e53-45bc-ab41-f8317b8c0528 | ITER: 19 START
2019-10-29 03:07:08.293 26959 RALLYDEBUG rally.task.runner [-] Starting a worker. times: 40 duration: None concurrency: 1 timeout: 0 cls: method_name: run args: {"network_create_args": {}, "port_create_args": {}, "ports_per_network": 5, "port_update_args": {"admin_state_up": false, "device_id": "dummy_id", "device_owner": "dummy_owner", "name": "_port_updated"}}
2019-10-29 03:07:08.295 26957 WARNING rally_openstack.scenarios.neutron.utils [-] Running this scenario without either the 'network' or 'existing_network' context is deprecated
2019-10-29 03:07:08.297 26959 INFO rally.task.runner [-] Task 5a039800-2e53-45bc-ab41-f8317b8c0528 | ITER: 20 START
2019-10-29 03:07:08.298 26959 WARNING rally_openstack.scenarios.neutron.utils [-] Running this scenario without either the 'network' or 'existing_network' context is deprecated
2019-10-29 03:07:15.580 26943 INFO rally.task.runner [-] Task 5a039800-2e53-45bc-ab41-f8317b8c0528 | ITER: 15 END: OK
2019-10-29 03:07:15.584 26943 INFO rally.task.runner [-] Task 5a039800-2e53-45bc-ab41-f8317b8c0528 | ITER: 21 START
2019-10-29 03:07:15.585 26943 WARNING rally_openstack.scenarios.neutron.utils [-] Running this scenario without either the 'network' or 'existing_network' context is deprecated
2019-10-29 03:07:15.619 26954 INFO rally.task.runner [-] Task 5a039800-2e53-45bc-ab41-f8317b8c0528 | ITER: 18 END: OK
2019-10-29 03:07:15.622 26954 INFO rally.task.runner [-] Task 5a039800-2e53-45bc-ab41-f8317b8c0528 | ITER: 22 START
2019-10-29 03:07:15.623 26954 WARNING rally_openstack.scenarios.neutron.utils [-] Running this scenario without either the 'network' or 'existing_network' context is deprecated
2019-10-29 03:07:16.460 26918 INFO rally.task.runner [-] Task 5a039800-2e53-45bc-ab41-f8317b8c0528 | ITER: 8 END: OK
2019-10-29 03:07:16.463 26918 INFO rally.task.runner [-] Task 5a039800-2e53-45bc-ab41-f8317b8c0528 | ITER: 23 START
2019-10-29 03:07:16.464 26918 WARNING rally_openstack.scenarios.neutron.utils [-] Running this scenario without either the 'network' or 'existing_network' context is deprecated
2019-10-29 03:07:16.504 26913 INFO rally.task.runner [-] Task 5a039800-2e53-45bc-ab41-f8317b8c0528 | ITER: 3 END: OK
2019-10-29 03:07:16.505 26942 INFO rally.task.runner [-] Task 5a039800-2e53-45bc-ab41-f8317b8c0528 | ITER: 14 END: OK
2019-10-29 03:07:16.508 26913 INFO rally.task.runner [-] Task 5a039800-2e53-45bc-ab41-f8317b8c0528 | ITER: 24 START
2019-10-29 03:07:16.509 26913 WARNING rally_openstack.scenarios.neutron.utils [-] Running this scenario without either the 'network' or 'existing_network' context is deprecated
2019-10-29 03:07:16.509 26942 INFO rally.task.runner [-] Task 5a039800-2e53-45bc-ab41-f8317b8c0528 | ITER: 25 START
2019-10-29 03:07:16.510 26942 WARNING rally_openstack.scenarios.neutron.utils [-] Running this scenario without either the 'network' or 'existing_network' context is deprecated
2019-10-29 03:07:17.326 26938 INFO rally.task.runner [-] Task 5a039800-2e53-45bc-ab41-f8317b8c0528 | ITER: 13 END: OK
2019-10-29 03:07:17.329 26938 INFO rally.task.runner [-] Task 5a039800-2e53-45bc-ab41-f8317b8c0528 | ITER: 26 START
2019-10-29 03:07:17.330 26938 WARNING rally_openstack.scenarios.neutron.utils [-] Running this scenario without either the 'network' or 'existing_network' context is deprecated
2019-10-29 03:07:17.345 26913 INFO rally.task.runner [-] Task 5a039800-2e53-45bc-ab41-f8317b8c0528 | ITER: 1 END: OK
2019-10-29 03:07:17.348 26913 INFO rally.task.runner [-] Task 5a039800-2e53-45bc-ab41-f8317b8c0528 | ITER: 27 START
2019-10-29 03:07:17.348 26913 WARNING rally_openstack.scenarios.neutron.utils [-] Running this scenario without either the 'network' or 'existing_network' context is deprecated
2019-10-29 03:07:17.453 26915 INFO rally.task.runner [-] Task 5a039800-2e53-45bc-ab41-f8317b8c0528 | ITER: 5 END: OK
2019-10-29 03:07:17.457 26915 INFO rally.task.runner [-] Task 5a039800-2e53-45bc-ab41-f8317b8c0528 | ITER: 28 START
2019-10-29 03:07:17.457 26915 WARNING rally_openstack.scenarios.neutron.utils [-] Running this scenario without either the 'network' or 'existing_network' context is deprecated
2019-10-29 03:07:17.560 26931 INFO rally.task.runner [-] Task 5a039800-2e53-45bc-ab41-f8317b8c0528 | ITER: 11 END: OK
2019-10-29 03:07:17.564 26931 INFO rally.task.runner [-] Task 5a039800-2e53-45bc-ab41-f8317b8c0528 | ITER: 29 START
2019-10-29 03:07:17.564 26931 WARNING rally_openstack.scenarios.neutron.utils [-] Running this scenario without either the 'network' or 'existing_network' context is deprecated
2019-10-29 03:07:17.620 26915 INFO rally.task.runner [-] Task 5a039800-2e53-45bc-ab41-f8317b8c0528 | ITER: 7 END: OK
2019-10-29 03:07:17.623 26915 INFO rally.task.runner [-] Task 5a039800-2e53-45bc-ab41-f8317b8c0528 | ITER: 30 START
2019-10-29 03:07:17.623 26915 WARNING rally_openstack.scenarios.neutron.utils [-] Running this scenario without either the 'network' or 'existing_network' context is deprecated
2019-10-29 03:07:17.701 26914 INFO rally.task.runner [-] Task 5a039800-2e53-45bc-ab41-f8317b8c0528 | ITER: 2 END: OK
2019-10-29 03:07:17.704 26914 INFO rally.task.runner [-] Task 5a039800-2e53-45bc-ab41-f8317b8c0528 | ITER: 31 START
2019-10-29 03:07:17.705 26914 WARNING rally_openstack.scenarios.neutron.utils [-] Running this scenario without either the 'network' or 'existing_network' context is deprecated
2019-10-29 03:07:17.713 26914 INFO rally.task.runner [-] Task 5a039800-2e53-45bc-ab41-f8317b8c0528 | ITER: 4 END: OK
2019-10-29 03:07:17.716 26914 INFO rally.task.runner [-] Task 5a039800-2e53-45bc-ab41-f8317b8c0528 | ITER: 32 START
2019-10-29 03:07:17.717 26914 WARNING rally_openstack.scenarios.neutron.utils [-] Running this scenario without either the 'network' or 'existing_network' context is deprecated
2019-10-29 03:07:17.950 26957 INFO rally.task.runner [-] Task 5a039800-2e53-45bc-ab41-f8317b8c0528 | ITER: 19 END: OK
2019-10-29 03:07:17.954 26957 INFO rally.task.runner [-] Task 5a039800-2e53-45bc-ab41-f8317b8c0528 | ITER: 33 START
2019-10-29 03:07:17.955 26957 WARNING rally_openstack.scenarios.neutron.utils [-] Running this scenario without either the 'network' or 'existing_network' context is deprecated
2019-10-29 03:07:18.058 26936 INFO rally.task.runner [-] Task 5a039800-2e53-45bc-ab41-f8317b8c0528 | ITER: 12 END: OK
2019-10-29 03:07:18.061 26936 INFO rally.task.runner [-] Task 5a039800-2e53-45bc-ab41-f8317b8c0528 | ITER: 34 START
2019-10-29 03:07:18.062 26936 WARNING rally_openstack.scenarios.neutron.utils [-] Running this scenario without either the 'network' or 'existing_network' context is deprecated
2019-10-29 03:07:18.172 26959 INFO rally.task.runner [-] Task 5a039800-2e53-45bc-ab41-f8317b8c0528 | ITER: 20 END: OK
2019-10-29 03:07:18.176 26959 INFO rally.task.runner [-] Task 5a039800-2e53-45bc-ab41-f8317b8c0528 | ITER: 35 START
2019-10-29 03:07:18.176 26959 WARNING rally_openstack.scenarios.neutron.utils [-] Running this scenario without either the 'network' or 'existing_network' context is deprecated
2019-10-29 03:07:18.503 26926 INFO rally.task.runner [-] Task 5a039800-2e53-45bc-ab41-f8317b8c0528 | ITER: 10 END: OK
2019-10-29 03:07:18.507 26926 INFO rally.task.runner [-] Task 5a039800-2e53-45bc-ab41-f8317b8c0528 | ITER: 36 START
2019-10-29 03:07:18.508 26926 WARNING rally_openstack.scenarios.neutron.utils [-] Running this scenario without either the 'network' or 'existing_network' context is deprecated
2019-10-29 03:07:18.847 26948 INFO rally.task.runner [-] Task 5a039800-2e53-45bc-ab41-f8317b8c0528 | ITER: 16 END: OK
2019-10-29 03:07:18.850 26948 INFO rally.task.runner [-] Task 5a039800-2e53-45bc-ab41-f8317b8c0528 | ITER: 37 START
2019-10-29 03:07:18.851 26948 WARNING rally_openstack.scenarios.neutron.utils [-] Running this scenario without either the 'network' or 'existing_network' context is deprecated
2019-10-29 03:07:19.075 26918 INFO rally.task.runner [-] Task 5a039800-2e53-45bc-ab41-f8317b8c0528 | ITER: 6 END: OK
2019-10-29 03:07:19.078 26918 INFO rally.task.runner [-] Task 5a039800-2e53-45bc-ab41-f8317b8c0528 | ITER: 38 START
2019-10-29 03:07:19.079 26918 WARNING rally_openstack.scenarios.neutron.utils [-] Running this scenario without either the 'network' or 'existing_network' context is deprecated
2019-10-29 03:07:19.317 26922 INFO rally.task.runner [-] Task 5a039800-2e53-45bc-ab41-f8317b8c0528 | ITER: 9 END: OK
2019-10-29 03:07:19.321 26922 INFO rally.task.runner [-] Task 5a039800-2e53-45bc-ab41-f8317b8c0528 | ITER: 39 START
2019-10-29 03:07:19.322 26922 WARNING rally_openstack.scenarios.neutron.utils [-] Running this scenario without either the 'network' or 'existing_network' context is deprecated
2019-10-29 03:07:19.479 26952 INFO rally.task.runner [-] Task 5a039800-2e53-45bc-ab41-f8317b8c0528 | ITER: 17 END: OK
2019-10-29 03:07:19.483 26952 INFO rally.task.runner [-] Task 5a039800-2e53-45bc-ab41-f8317b8c0528 | ITER: 40 START
2019-10-29 03:07:19.484 26952 WARNING rally_openstack.scenarios.neutron.utils [-] Running this scenario without either the 'network' or 'existing_network' context is deprecated
2019-10-29 03:07:24.263 26943 INFO rally.task.runner [-] Task 5a039800-2e53-45bc-ab41-f8317b8c0528 | ITER: 21 END: OK
2019-10-29 03:07:24.303 26938 INFO rally.task.runner [-] Task 5a039800-2e53-45bc-ab41-f8317b8c0528 | ITER: 26 END: OK
2019-10-29 03:07:25.338 26942 INFO rally.task.runner [-] Task 5a039800-2e53-45bc-ab41-f8317b8c0528 | ITER: 25 END: OK
2019-10-29 03:07:25.382 26954 INFO rally.task.runner [-] Task 5a039800-2e53-45bc-ab41-f8317b8c0528 | ITER: 22 END: OK
2019-10-29 03:07:25.720 26913 INFO rally.task.runner [-] Task 5a039800-2e53-45bc-ab41-f8317b8c0528 | ITER: 24 END: OK
2019-10-29 03:07:26.002 26931 INFO rally.task.runner [-] Task 5a039800-2e53-45bc-ab41-f8317b8c0528 | ITER: 29 END: OK
2019-10-29 03:07:26.016 26913 INFO rally.task.runner [-] Task 5a039800-2e53-45bc-ab41-f8317b8c0528 | ITER: 27 END: OK
2019-10-29 03:07:26.061 26914 INFO rally.task.runner [-] Task 5a039800-2e53-45bc-ab41-f8317b8c0528 | ITER: 32 END: OK
2019-10-29 03:07:26.177 26959 INFO rally.task.runner [-] Task 5a039800-2e53-45bc-ab41-f8317b8c0528 | ITER: 35 END: OK
2019-10-29 03:07:26.197 26918 INFO rally.task.runner [-] Task 5a039800-2e53-45bc-ab41-f8317b8c0528 | ITER: 23 END: OK
2019-10-29 03:07:26.345 26957 INFO rally.task.runner [-] Task 5a039800-2e53-45bc-ab41-f8317b8c0528 | ITER: 33 END: OK
2019-10-29 03:07:26.496 26936 INFO rally.task.runner [-] Task 5a039800-2e53-45bc-ab41-f8317b8c0528 | ITER: 34 END: OK
2019-10-29 03:07:26.527 26918 INFO rally.task.runner [-] Task 5a039800-2e53-45bc-ab41-f8317b8c0528 | ITER: 38 END: OK
2019-10-29 03:07:26.712 26915 INFO rally.task.runner [-] Task 5a039800-2e53-45bc-ab41-f8317b8c0528 | ITER: 28 END: OK
2019-10-29 03:07:26.791 26914 INFO rally.task.runner [-] Task 5a039800-2e53-45bc-ab41-f8317b8c0528 | ITER: 31 END: OK
2019-10-29 03:07:27.070 26948 INFO rally.task.runner [-] Task 5a039800-2e53-45bc-ab41-f8317b8c0528 | ITER: 37 END: OK
2019-10-29 03:07:27.098 26952 INFO rally.task.runner [-] Task 5a039800-2e53-45bc-ab41-f8317b8c0528 | ITER: 40 END: OK
2019-10-29 03:07:27.145 26922 INFO rally.task.runner [-] Task 5a039800-2e53-45bc-ab41-f8317b8c0528 | ITER: 39 END: OK
2019-10-29 03:07:27.199 26926 INFO rally.task.runner [-] Task 5a039800-2e53-45bc-ab41-f8317b8c0528 | ITER: 36 END: OK
2019-10-29 03:07:27.285 26915 INFO rally.task.runner [-] Task 5a039800-2e53-45bc-ab41-f8317b8c0528 | ITER: 30 END: OK
2019-10-29 03:07:27.310 22837 INFO rally.task.context [-] Task 5a039800-2e53-45bc-ab41-f8317b8c0528 | Context cleanup@openstack cleanup() started
2019-10-29 03:07:27.313 22837 RALLYDEBUG rally_openstack.cleanup.manager [-] Cleaning up neutron vip objects
2019-10-29 03:07:27.693 22837 RALLYDEBUG rally_openstack.cleanup.manager [-] Cleaning up neutron health_monitor objects
2019-10-29 03:07:28.076 22837 RALLYDEBUG rally_openstack.cleanup.manager [-] Cleaning up neutron pool objects
2019-10-29 03:07:28.458 22837 RALLYDEBUG rally_openstack.cleanup.manager [-] Cleaning up neutron loadbalancer objects
2019-10-29 03:07:28.826 22837 RALLYDEBUG rally_openstack.cleanup.manager [-] Cleaning up neutron floatingip objects
2019-10-29 03:07:29.241 22837 RALLYDEBUG rally_openstack.cleanup.manager [-] Cleaning up neutron trunk objects
2019-10-29 03:07:29.645 22837 RALLYDEBUG rally_openstack.cleanup.manager [-] Cleaning up neutron port objects
2019-10-29 03:07:30.619 22837 RALLYDEBUG rally_openstack.cleanup.manager [-] Deleting neutron.port object s_rally_6453cc28_OSaoe5Py (00016440-efd6-4077-946e-bc075f2bd542)
2019-10-29 03:07:30.629 22837 RALLYDEBUG rally_openstack.cleanup.manager [-] Deleting neutron.port object s_rally_6453cc28_f2YEyKF9 (04159471-d427-47d6-b8fc-5e5fadee2772)
2019-10-29 03:07:30.634 22837 RALLYDEBUG rally_openstack.cleanup.manager [-] Deleting neutron.port object s_rally_6453cc28_1XMoKd4c (04bf09c7-7ea0-44c3-8778-3573b3c066af)
2019-10-29 03:07:30.643 22837 RALLYDEBUG rally_openstack.cleanup.manager [-] Deleting neutron.port object s_rally_6453cc28_pwIMf8mK (05c19d21-6137-4525-8cb7-7936fdb47e63)
2019-10-29 03:07:30.652 22837 RALLYDEBUG rally_openstack.cleanup.manager [-] Deleting neutron.port object s_rally_6453cc28_85QUAQrI (069799ff-4091-4616-8ad2-42fef33c595d)
2019-10-29 03:07:30.657 22837 RALLYDEBUG rally_openstack.cleanup.manager [-] Deleting neutron.port object s_rally_6453cc28_mG2EWNVS (080b92d8-9b22-4cbc-bf88-37549eb76846)
2019-10-29 03:07:30.675 22837 RALLYDEBUG rally_openstack.cleanup.manager [-] Deleting neutron.port object s_rally_6453cc28_qWcsM3j7 (09c2a870-3364-43b5-b916-95e12a238f74)
2019-10-29 03:07:30.684 22837 RALLYDEBUG rally_openstack.cleanup.manager [-] Deleting neutron.port object s_rally_6453cc28_vraIqTC9 (0a89bc55-08d8-43d6-8865-fdaacf5f7a59)
2019-10-29 03:07:30.687 22837 RALLYDEBUG rally_openstack.cleanup.manager [-] Deleting neutron.port object s_rally_6453cc28_o0DXMX93 (0bec06c2-6e1f-4c5a-bab3-550f821ac3d5)
2019-10-29 03:07:30.700 22837 RALLYDEBUG rally_openstack.cleanup.manager [-] Deleting neutron.port object s_rally_6453cc28_4toMYQjV (0d637edc-2598-4424-9a0f-fe11eca3f299)
2019-10-29 03:07:30.711 22837 RALLYDEBUG rally_openstack.cleanup.manager [-] Deleting neutron.port object s_rally_6453cc28_L2vxj6rs (0e2cd17f-2051-48d8-b24b-300702ab7ae2)
2019-10-29 03:07:30.715 22837 RALLYDEBUG rally_openstack.cleanup.manager [-] Deleting neutron.port object s_rally_6453cc28_kPy9aY9N (0ef3893a-3956-445e-ba8c-1819b85529c8)
2019-10-29 03:07:30.718 22837 RALLYDEBUG rally_openstack.cleanup.manager [-] Deleting neutron.port object s_rally_6453cc28_MjDSd4sU (1090d278-c048-4218-9280-4b0e8a1d008d)
2019-10-29 03:07:30.736 22837 RALLYDEBUG rally_openstack.cleanup.manager [-] Deleting neutron.port object s_rally_6453cc28_RLPHxA9z (12e3bc1b-debb-4377-a494-265372619c61)
2019-10-29 03:07:30.747 22837 RALLYDEBUG rally_openstack.cleanup.manager [-] Deleting neutron.port object s_rally_6453cc28_WZljb5aU (13601bbb-4009-4944-b24a-536814cf9fe7)
2019-10-29 03:07:30.750 22837 RALLYDEBUG rally_openstack.cleanup.manager [-] Deleting neutron.port object s_rally_6453cc28_eSi4M5uH (16065059-1403-4e92-9938-c57f85e62307)
2019-10-29 03:07:30.755 22837 RALLYDEBUG rally_openstack.cleanup.manager [-] Deleting neutron.port object s_rally_6453cc28_MVPtEmKZ (192e73b2-9e0f-4c29-a59e-62bd8f59cca2)
2019-10-29 03:07:30.771 22837 RALLYDEBUG rally_openstack.cleanup.manager [-] Deleting neutron.port object s_rally_6453cc28_gKj4OqoI (1b9e650c-e7f6-449d-b8f5-3a9a83a23423)
2019-10-29 03:07:30.774 22837 RALLYDEBUG rally_openstack.cleanup.manager [-] Deleting neutron.port object s_rally_6453cc28_kFdc0A0e (1cc74a42-6f1c-4838-95cc-75385f9225ea)
2019-10-29 03:07:30.776 22837 RALLYDEBUG rally_openstack.cleanup.manager [-] Deleting neutron.port object s_rally_6453cc28_3S9C8Rjo (1f5dea53-75a2-48c3-b21d-c0896edde18c)
2019-10-29 03:07:32.551 22837 RALLYDEBUG rally_openstack.cleanup.manager [-] Deleting neutron.port object s_rally_6453cc28_1O31KAeA (2138d028-324d-4f42-9ac1-14f0c64ca0e4)
2019-10-29 03:07:32.647 22837 RALLYDEBUG rally_openstack.cleanup.manager [-] Deleting neutron.port object s_rally_6453cc28_RQmpc2Hg (21dd35aa-cf4f-4c41-ac86-c22228fb36bf)
2019-10-29 03:07:32.747 22837 RALLYDEBUG rally_openstack.cleanup.manager [-] Deleting neutron.port object s_rally_6453cc28_bZLH2W2c (25606f65-0bd2-4006-89b4-d3478d4db6b9)
2019-10-29 03:07:32.799 22837 RALLYDEBUG rally_openstack.cleanup.manager [-] Deleting neutron.port object s_rally_6453cc28_To3vAgzA (2691fc42-c311-4d90-95bf-455e683a8bbc)
2019-10-29 03:07:32.826 22837 RALLYDEBUG rally_openstack.cleanup.manager [-] Deleting neutron.port object s_rally_6453cc28_LzIkN1Bv (26fc05d4-8ea0-4d40-8c2a-c5d29f5d74de)
2019-10-29 03:07:32.846 22837 RALLYDEBUG rally_openstack.cleanup.manager [-] Deleting neutron.port object s_rally_6453cc28_4uC1fj1L (27ce1467-6d55-4b93-a166-c4212a59cd36)
2019-10-29 03:07:32.863 22837 RALLYDEBUG rally_openstack.cleanup.manager [-] Deleting neutron.port object s_rally_6453cc28_aGArehQj (29f09600-4be2-46f3-b356-cd3812597689)
2019-10-29 03:07:32.868 22837 RALLYDEBUG rally_openstack.cleanup.manager [-] Deleting neutron.port object s_rally_6453cc28_JP7pJjEu (2a666efb-c8ae-49cb-ab6a-70ff9f909db6)
2019-10-29 03:07:32.871 22837 RALLYDEBUG rally_openstack.cleanup.manager [-] Deleting neutron.port object s_rally_6453cc28_t0WXVTQD (2a68c97c-3464-4a9e-9772-a41f8e0ebd51)
2019-10-29 03:07:32.935 22837 RALLYDEBUG rally_openstack.cleanup.manager [-] Deleting neutron.port object s_rally_6453cc28_WUnxUJHt (2ae258d7-fdec-4837-a426-c1202941f905)
2019-10-29 03:07:33.030 22837 RALLYDEBUG rally_openstack.cleanup.manager [-] Deleting neutron.port object s_rally_6453cc28_L7q6JTxd (2b06cd62-8be5-448d-8adb-9d247fc0b7b4)
2019-10-29 03:07:33.045 22837 RALLYDEBUG rally_openstack.cleanup.manager [-] Deleting neutron.port object s_rally_6453cc28_UWvlD0R4 (2b48f21a-1bf2-46f0-95b0-33444f2f06a7)
2019-10-29 03:07:33.054 22837 RALLYDEBUG rally_openstack.cleanup.manager [-] Deleting neutron.port object s_rally_6453cc28_7J17PQry (2b4c7582-c1ee-47e5-b687-77cf9d1d9ca3)
2019-10-29 03:07:33.083 22837 RALLYDEBUG rally_openstack.cleanup.manager [-] Deleting neutron.port object s_rally_6453cc28_TD9IDJfq (2bb38b13-06c0-4d10-a74d-9d42df2b9cbc)
2019-10-29 03:07:33.126 22837 RALLYDEBUG rally_openstack.cleanup.manager [-] Deleting neutron.port object s_rally_6453cc28_5pBinnDl (2c868a50-096b-4c29-bd7d-ca8904705580)
2019-10-29 03:07:33.178 22837 RALLYDEBUG rally_openstack.cleanup.manager [-] Deleting neutron.port object s_rally_6453cc28_2axig3G2 (2cb03294-d33c-4328-8ef3-799d5eeefd09)
2019-10-29 03:07:33.284 22837 RALLYDEBUG rally_openstack.cleanup.manager [-] Deleting neutron.port object s_rally_6453cc28_aYmMggr2 (2d4f544c-95db-43f8-8c29-52eb11922e69)
2019-10-29 03:07:33.364 22837 RALLYDEBUG rally_openstack.cleanup.manager [-] Deleting neutron.port object s_rally_6453cc28_zADDT8po (2dd7e5fc-581f-4410-930f-bd920d047228)
2019-10-29 03:07:33.385 22837 RALLYDEBUG rally_openstack.cleanup.manager [-] Deleting neutron.port object s_rally_6453cc28_zhH1mvWl (2ef0d805-30be-48ca-b17f-196472ae61e4)
2019-10-29 03:07:33.388 22837 RALLYDEBUG rally_openstack.cleanup.manager [-] Deleting neutron.port object s_rally_6453cc28_XTn7DPxt (2f6f8277-e7e3-4482-9825-6a0d686f39e4)
2019-10-29 03:07:34.319 22837 RALLYDEBUG rally_openstack.cleanup.manager [-] Deleting neutron.port object s_rally_6453cc28_JFkVE5RI (2f82c538-478e-4f08-9b29-9a03217ebf8a)
2019-10-29 03:07:34.571 22837 RALLYDEBUG rally_openstack.cleanup.manager [-] Deleting neutron.port object s_rally_6453cc28_wu3Ez2k4 (30ba933b-cbf5-44f3-8899-313e39a88a0c)
2019-10-29 03:07:34.580 22837 RALLYDEBUG rally_openstack.cleanup.manager [-] Deleting neutron.port object s_rally_6453cc28_stB0BNi8 (389b5317-18d6-4cb9-8bdf-9cec32941f85)
2019-10-29 03:07:34.810 22837 RALLYDEBUG rally_openstack.cleanup.manager [-] Deleting neutron.port object s_rally_6453cc28_avHzy2vc (39c128a6-fa48-40c8-af68-6430d35e150a)
2019-10-29 03:07:34.819 22837 RALLYDEBUG rally_openstack.cleanup.manager [-] Deleting neutron.port object s_rally_6453cc28_NR7WZD2A (3ab19f29-6e59-4efb-9df7-08f498f167da)
2019-10-29 03:07:34.914 22837 RALLYDEBUG rally_openstack.cleanup.manager [-] Deleting neutron.port object s_rally_6453cc28_wqHIMMXY (3b827b6d-a4d8-471f-be26-5e1365a43fda)
2019-10-29 03:07:34.943 22837 RALLYDEBUG rally_openstack.cleanup.manager [-] Deleting neutron.port object s_rally_6453cc28_68U1qu7A (3c46bafb-f407-45d8-9ebc-72cea691be06)
2019-10-29 03:07:35.037 22837 RALLYDEBUG rally_openstack.cleanup.manager [-] Deleting neutron.port object s_rally_6453cc28_i3KQajgo (3ce233df-30ab-41ac-a8b3-18eb02275a8c)
2019-10-29 03:07:35.045 22837 RALLYDEBUG rally_openstack.cleanup.manager [-] Deleting neutron.port object s_rally_6453cc28_wP0b0KkC (3facbeec-fde1-4db8-a5bd-a1dc12c58e82)
2019-10-29 03:07:35.195 22837 RALLYDEBUG rally_openstack.cleanup.manager [-] Deleting neutron.port object s_rally_6453cc28_FQgAyiDW (3fed5ee7-82ed-48ac-9e59-acc46072a632)
2019-10-29 03:07:35.212 22837 RALLYDEBUG rally_openstack.cleanup.manager [-] Deleting neutron.port object s_rally_6453cc28_nm92xJEN (40fe7ce5-fd4d-406e-bb77-d1138f84e37e)
2019-10-29 03:07:35.229 22837 RALLYDEBUG rally_openstack.cleanup.manager [-] Deleting neutron.port object s_rally_6453cc28_F2JHxEGu (427d9f8f-9d0f-4bca-a94f-5a80b7381533)
2019-10-29 03:07:35.246 22837 RALLYDEBUG rally_openstack.cleanup.manager [-] Deleting neutron.port object s_rally_6453cc28_j5ED3hcF (43fc4b3c-ed4d-4c19-8556-ebe6beb52c4c)
2019-10-29 03:07:35.304 22837 RALLYDEBUG rally_openstack.cleanup.manager [-] Deleting neutron.port object s_rally_6453cc28_9eU0aAJg (455dbd83-9d4f-46e7-9467-4cc987b1b680)
2019-10-29 03:07:35.408 22837 RALLYDEBUG rally_openstack.cleanup.manager [-] Deleting neutron.port object s_rally_6453cc28_wrh9zduE (4676b3a1-413b-4ac1-be57-721c5469a43c)
2019-10-29 03:07:35.417 22837 RALLYDEBUG rally_openstack.cleanup.manager [-] Deleting neutron.port object s_rally_6453cc28_KJlRXRMT (4717bed3-c01a-4b3f-b5a5-af84163d2237)
2019-10-29 03:07:35.530 22837 RALLYDEBUG rally_openstack.cleanup.manager [-] Deleting neutron.port object s_rally_6453cc28_yRClaGLp (4718aa81-5757-4612-9826-43c2a180c404)
2019-10-29 03:07:35.660 22837 RALLYDEBUG rally_openstack.cleanup.manager [-] Deleting neutron.port object s_rally_6453cc28_RGRges0j (4854972a-fd42-4d91-b1fc-9445ed48bc92)
2019-10-29 03:07:35.778 22837 RALLYDEBUG rally_openstack.cleanup.manager [-] Deleting neutron.port object s_rally_6453cc28_ZXB5VIZx (4a7114f1-488b-4f9f-af35-a29799ba546b)
2019-10-29 03:07:35.794 22837 RALLYDEBUG rally_openstack.cleanup.manager [-] Deleting neutron.port object s_rally_6453cc28_8kwORIMB (4e2b8991-667d-4174-be52-e69625236612)
2019-10-29 03:07:36.078 22837 RALLYDEBUG rally_openstack.cleanup.manager [-] Deleting neutron.port object s_rally_6453cc28_QBUnlA1p (4e83fcab-2834-4725-8653-a19664668cd0)
2019-10-29 03:07:36.331 22837 RALLYDEBUG rally_openstack.cleanup.manager [-] Deleting neutron.port object s_rally_6453cc28_TlVVQ64n (501588ac-66f7-49e9-991a-4ce3a42e0477)
