2019-10-29 03:08:17.998 27327 INFO rally.task.runner [-] Task 5a039800-2e53-45bc-ab41-f8317b8c0528 | ITER: 13 END: OK
2019-10-29 03:08:18.001 27327 INFO rally.task.runner [-] Task 5a039800-2e53-45bc-ab41-f8317b8c0528 | ITER: 37 START
2019-10-29 03:08:18.002 27327 WARNING rally_openstack.scenarios.neutron.utils [-] Running this scenario without either the 'network' or 'existing_network' context is deprecated
2019-10-29 03:08:18.056 27304 INFO rally.task.runner [-] Task 5a039800-2e53-45bc-ab41-f8317b8c0528 | ITER: 2 END: OK
2019-10-29 03:08:18.058 27304 INFO rally.task.runner [-] Task 5a039800-2e53-45bc-ab41-f8317b8c0528 | ITER: 38 START
2019-10-29 03:08:18.059 27304 WARNING rally_openstack.scenarios.neutron.utils [-] Running this scenario without either the 'network' or 'existing_network' context is deprecated
2019-10-29 03:08:18.922 27339 INFO rally.task.runner [-] Task 5a039800-2e53-45bc-ab41-f8317b8c0528 | ITER: 18 END: OK
2019-10-29 03:08:18.925 27339 INFO rally.task.runner [-] Task 5a039800-2e53-45bc-ab41-f8317b8c0528 | ITER: 39 START
2019-10-29 03:08:18.926 27339 WARNING rally_openstack.scenarios.neutron.utils [-] Running this scenario without either the 'network' or 'existing_network' context is deprecated
2019-10-29 03:08:20.232 27306 INFO rally.task.runner [-] Task 5a039800-2e53-45bc-ab41-f8317b8c0528 | ITER: 6 END: OK
2019-10-29 03:08:20.235 27306 INFO rally.task.runner [-] Task 5a039800-2e53-45bc-ab41-f8317b8c0528 | ITER: 40 START
2019-10-29 03:08:20.236 27306 WARNING rally_openstack.scenarios.neutron.utils [-] Running this scenario without either the 'network' or 'existing_network' context is deprecated
2019-10-29 03:08:23.953 27303 INFO rally.task.runner [-] Task 5a039800-2e53-45bc-ab41-f8317b8c0528 | ITER: 22 END: OK
2019-10-29 03:08:24.004 27303 INFO rally.task.runner [-] Task 5a039800-2e53-45bc-ab41-f8317b8c0528 | ITER: 31 END: OK
2019-10-29 03:08:24.208 27308 INFO rally.task.runner [-] Task 5a039800-2e53-45bc-ab41-f8317b8c0528 | ITER: 26 END: OK
2019-10-29 03:08:24.523 27347 INFO rally.task.runner [-] Task 5a039800-2e53-45bc-ab41-f8317b8c0528 | ITER: 21 END: OK
2019-10-29 03:08:24.999 27304 INFO rally.task.runner [-] Task 5a039800-2e53-45bc-ab41-f8317b8c0528 | ITER: 29 END: OK
2019-10-29 03:08:25.198 27305 INFO rally.task.runner [-] Task 5a039800-2e53-45bc-ab41-f8317b8c0528 | ITER: 23 END: OK
2019-10-29 03:08:25.449 27350 INFO rally.task.runner [-] Task 5a039800-2e53-45bc-ab41-f8317b8c0528 | ITER: 34 END: OK
2019-10-29 03:08:25.507 27336 INFO rally.task.runner [-] Task 5a039800-2e53-45bc-ab41-f8317b8c0528 | ITER: 36 END: OK
2019-10-29 03:08:25.944 27317 INFO rally.task.runner [-] Task 5a039800-2e53-45bc-ab41-f8317b8c0528 | ITER: 24 END: OK
2019-10-29 03:08:25.967 27339 INFO rally.task.runner [-] Task 5a039800-2e53-45bc-ab41-f8317b8c0528 | ITER: 39 END: OK
2019-10-29 03:08:25.970 27342 INFO rally.task.runner [-] Task 5a039800-2e53-45bc-ab41-f8317b8c0528 | ITER: 32 END: OK
2019-10-29 03:08:26.220 27322 INFO rally.task.runner [-] Task 5a039800-2e53-45bc-ab41-f8317b8c0528 | ITER: 35 END: OK
2019-10-29 03:08:26.263 27332 INFO rally.task.runner [-] Task 5a039800-2e53-45bc-ab41-f8317b8c0528 | ITER: 28 END: OK
2019-10-29 03:08:26.575 27338 INFO rally.task.runner [-] Task 5a039800-2e53-45bc-ab41-f8317b8c0528 | ITER: 27 END: OK
2019-10-29 03:08:26.997 27305 INFO rally.task.runner [-] Task 5a039800-2e53-45bc-ab41-f8317b8c0528 | ITER: 25 END: OK
2019-10-29 03:08:27.063 27306 INFO rally.task.runner [-] Task 5a039800-2e53-45bc-ab41-f8317b8c0528 | ITER: 33 END: OK
2019-10-29 03:08:27.066 27313 INFO rally.task.runner [-] Task 5a039800-2e53-45bc-ab41-f8317b8c0528 | ITER: 30 END: OK
2019-10-29 03:08:27.293 27306 INFO rally.task.runner [-] Task 5a039800-2e53-45bc-ab41-f8317b8c0528 | ITER: 40 END: OK
2019-10-29 03:08:27.430 27304 INFO rally.task.runner [-] Task 5a039800-2e53-45bc-ab41-f8317b8c0528 | ITER: 38 END: OK
2019-10-29 03:08:27.612 27327 INFO rally.task.runner [-] Task 5a039800-2e53-45bc-ab41-f8317b8c0528 | ITER: 37 END: OK
2019-10-29 03:08:27.645 22837 INFO rally.task.context [-] Task 5a039800-2e53-45bc-ab41-f8317b8c0528 | Context cleanup@openstack cleanup() started
2019-10-29 03:08:27.648 22837 RALLYDEBUG rally_openstack.cleanup.manager [-] Cleaning up neutron vip objects
2019-10-29 03:08:28.012 22837 RALLYDEBUG rally_openstack.cleanup.manager [-] Cleaning up neutron health_monitor objects
2019-10-29 03:08:28.387 22837 RALLYDEBUG rally_openstack.cleanup.manager [-] Cleaning up neutron pool objects
2019-10-29 03:08:28.767 22837 RALLYDEBUG rally_openstack.cleanup.manager [-] Cleaning up neutron loadbalancer objects
2019-10-29 03:08:29.144 22837 RALLYDEBUG rally_openstack.cleanup.manager [-] Cleaning up neutron floatingip objects
2019-10-29 03:08:29.567 22837 RALLYDEBUG rally_openstack.cleanup.manager [-] Cleaning up neutron trunk objects
2019-10-29 03:08:29.964 22837 RALLYDEBUG rally_openstack.cleanup.manager [-] Cleaning up neutron port objects
2019-10-29 03:08:30.385 22837 RALLYDEBUG rally_openstack.cleanup.manager [-] Cleaning up neutron subnet objects
2019-10-29 03:08:30.792 22837 RALLYDEBUG rally_openstack.cleanup.manager [-] Cleaning up neutron network objects
2019-10-29 03:08:31.372 22837 RALLYDEBUG rally_openstack.cleanup.manager [-] Deleting neutron.network object s_rally_685c0136_OAofgH9U (08d069a8-86dd-4a1f-83d3-e3c264306e00)
2019-10-29 03:08:31.376 22837 RALLYDEBUG rally_openstack.cleanup.manager [-] Deleting neutron.network object s_rally_685c0136_FJuc2IJJ (0a8fa46e-04e0-4d6a-8037-d5fa0169db13)
2019-10-29 03:08:31.390 22837 RALLYDEBUG rally_openstack.cleanup.manager [-] Deleting neutron.network object s_rally_685c0136_X87a9efO (13214936-7df0-4282-895a-1712cae0ea7f)
2019-10-29 03:08:31.399 22837 RALLYDEBUG rally_openstack.cleanup.manager [-] Deleting neutron.network object s_rally_685c0136_CNPrOPJZ (1db40798-ddb7-4348-a474-e0937c098edc)
2019-10-29 03:08:31.415 22837 RALLYDEBUG rally_openstack.cleanup.manager [-] Deleting neutron.network object s_rally_685c0136_5FZzdCTY (23646fff-3b89-46d8-9a58-beab8e12f16c)
2019-10-29 03:08:31.429 22837 RALLYDEBUG rally_openstack.cleanup.manager [-] Deleting neutron.network object s_rally_685c0136_xfAqsz7G (23cf2dd0-8be4-407b-a7d0-0300afbfdb7c)
2019-10-29 03:08:31.437 22837 RALLYDEBUG rally_openstack.cleanup.manager [-] Deleting neutron.network object s_rally_685c0136_m7zR4WQZ (2b008942-b02f-4fb9-a81b-ebd43889d67c)
2019-10-29 03:08:31.449 22837 RALLYDEBUG rally_openstack.cleanup.manager [-] Deleting neutron.network object s_rally_685c0136_iRgycnlC (2e79dad4-1631-440e-aa00-85d85e487c55)
2019-10-29 03:08:31.464 22837 RALLYDEBUG rally_openstack.cleanup.manager [-] Deleting neutron.network object s_rally_685c0136_Go4RwB3F (38151b89-a72b-4de6-bf0a-33bfccb07bcf)
2019-10-29 03:08:31.478 22837 RALLYDEBUG rally_openstack.cleanup.manager [-] Deleting neutron.network object s_rally_685c0136_rmrJcpd8 (3ccaecbe-6cf1-496b-8428-1725564cc634)
2019-10-29 03:08:31.487 22837 RALLYDEBUG rally_openstack.cleanup.manager [-] Deleting neutron.network object s_rally_685c0136_ZOY74aPv (467d10f8-becf-4e5b-a59a-6d6aed265b7b)
2019-10-29 03:08:31.504 22837 RALLYDEBUG rally_openstack.cleanup.manager [-] Deleting neutron.network object s_rally_685c0136_rMYc2dWd (563acb5c-f123-4d1d-8532-d53e60f0ad3b)
2019-10-29 03:08:31.516 22837 RALLYDEBUG rally_openstack.cleanup.manager [-] Deleting neutron.network object s_rally_685c0136_5bpX5ehM (5cc7ff75-66a4-4978-bef4-4fa9d24751c6)
2019-10-29 03:08:31.522 22837 RALLYDEBUG rally_openstack.cleanup.manager [-] Deleting neutron.network object s_rally_685c0136_m6saiC3l (5f6081ec-8946-4547-9b8a-a3a5816d4ab1)
2019-10-29 03:08:31.527 22837 RALLYDEBUG rally_openstack.cleanup.manager [-] Deleting neutron.network object s_rally_685c0136_S1NJeLWQ (620605f0-a8e5-4ef6-a70d-532aae5ad412)
2019-10-29 03:08:31.537 22837 RALLYDEBUG rally_openstack.cleanup.manager [-] Deleting neutron.network object s_rally_685c0136_98LMSS7J (63994e42-33bb-4fbe-ad74-6e57b6829d26)
2019-10-29 03:08:31.542 22837 RALLYDEBUG rally_openstack.cleanup.manager [-] Deleting neutron.network object s_rally_685c0136_vywgYWhd (70223353-1f02-464e-8a70-5f68beefc591)
2019-10-29 03:08:31.559 22837 RALLYDEBUG rally_openstack.cleanup.manager [-] Deleting neutron.network object s_rally_685c0136_u1XLWtui (711aad72-23f2-4eca-98bb-f22af83f2042)
2019-10-29 03:08:31.569 22837 RALLYDEBUG rally_openstack.cleanup.manager [-] Deleting neutron.network object s_rally_685c0136_4jlsHn1K (806a311d-e182-415f-b08a-a526fdd6459a)
2019-10-29 03:08:31.582 22837 RALLYDEBUG rally_openstack.cleanup.manager [-] Deleting neutron.network object s_rally_685c0136_yEQJScki (81981fe8-c516-433a-ae9e-30542631a61e)
2019-10-29 03:08:33.424 22837 RALLYDEBUG rally_openstack.cleanup.manager [-] Deleting neutron.network object s_rally_685c0136_ynxnEN9Y (85d04295-5931-4e72-80db-5d77b638d77e)
2019-10-29 03:08:33.606 22837 RALLYDEBUG rally_openstack.cleanup.manager [-] Deleting neutron.network object s_rally_685c0136_bL8cTjfs (8ed974d3-2015-4dc7-b26e-ba38088f64cc)
2019-10-29 03:08:33.690 22837 RALLYDEBUG rally_openstack.cleanup.manager [-] Deleting neutron.network object s_rally_685c0136_Mr4UYpN5 (9298aba4-beee-4011-8b5d-9fc8881cd777)
2019-10-29 03:08:33.698 22837 RALLYDEBUG rally_openstack.cleanup.manager [-] Deleting neutron.network object s_rally_685c0136_5b2IzbTm (95b78ca7-3f90-46c5-a82f-6d8e663b0e06)
2019-10-29 03:08:33.861 22837 RALLYDEBUG rally_openstack.cleanup.manager [-] Deleting neutron.network object s_rally_685c0136_twAT7Uy8 (97972b40-d2d3-4dca-b260-757856d70794)
2019-10-29 03:08:33.952 22837 RALLYDEBUG rally_openstack.cleanup.manager [-] Deleting neutron.network object s_rally_685c0136_jE1MyKxx (9e6e42e5-d10d-4d39-bc26-30151f133ff5)
2019-10-29 03:08:33.961 22837 RALLYDEBUG rally_openstack.cleanup.manager [-] Deleting neutron.network object s_rally_685c0136_sBqsrsL1 (a45a14a4-1729-4cbf-b766-168d29bdf958)
2019-10-29 03:08:34.026 22837 RALLYDEBUG rally_openstack.cleanup.manager [-] Deleting neutron.network object s_rally_685c0136_mgra0u4x (b458556f-96ed-406c-b5c6-791b5a746406)
2019-10-29 03:08:34.048 22837 RALLYDEBUG rally_openstack.cleanup.manager [-] Deleting neutron.network object s_rally_685c0136_zdnPSKxt (bdab7307-faae-40ca-84b4-8ee927c944a9)
2019-10-29 03:08:34.079 22837 RALLYDEBUG rally_openstack.cleanup.manager [-] Deleting neutron.network object s_rally_685c0136_T28ynZm8 (c08e516b-30e3-4721-a663-c1db37d0558b)
2019-10-29 03:08:34.084 22837 RALLYDEBUG rally_openstack.cleanup.manager [-] Deleting neutron.network object s_rally_685c0136_wJNiP6Rz (c5fec030-406c-450a-a8c9-b60764fd313f)
2019-10-29 03:08:34.120 22837 RALLYDEBUG rally_openstack.cleanup.manager [-] Deleting neutron.network object s_rally_685c0136_3gY56KB2 (c6a48bde-b721-4f19-a555-aa0aa1c767bb)
2019-10-29 03:08:34.137 22837 RALLYDEBUG rally_openstack.cleanup.manager [-] Deleting neutron.network object s_rally_685c0136_mOoJMHIO (c8f58886-33b9-42b2-933b-f8ba0adace25)
2019-10-29 03:08:34.140 22837 RALLYDEBUG rally_openstack.cleanup.manager [-] Deleting neutron.network object s_rally_685c0136_p721aem7 (d3059445-7cb2-425e-a52d-6c5217844eb3)
2019-10-29 03:08:34.196 22837 RALLYDEBUG rally_openstack.cleanup.manager [-] Deleting neutron.network object s_rally_685c0136_TYImNpHR (d775e74a-cad8-407e-ac44-1ddaba4c5b22)
2019-10-29 03:08:34.244 22837 RALLYDEBUG rally_openstack.cleanup.manager [-] Deleting neutron.network object s_rally_685c0136_2qICWLab (de6ba392-8163-4c35-999f-cf4ea74bc508)
2019-10-29 03:08:34.324 22837 RALLYDEBUG rally_openstack.cleanup.manager [-] Deleting neutron.network object s_rally_685c0136_FZxkQyxB (e2b97343-8291-43d0-9c73-67868b83c6b9)
2019-10-29 03:08:34.382 22837 RALLYDEBUG rally_openstack.cleanup.manager [-] Deleting neutron.network object s_rally_685c0136_VeBUhLld (f8449f17-488d-46df-9f01-c7921931d043)
2019-10-29 03:08:34.407 22837 RALLYDEBUG rally_openstack.cleanup.manager [-] Deleting neutron.network object s_rally_685c0136_aEObvQkw (f8dcefd3-d1b3-4e47-abd4-2afd30a618a7)
2019-10-29 03:08:34.553 22837 RALLYDEBUG rally_openstack.cleanup.manager [-] Deleting neutron.network object s_rally_685c0136_uFNRs1En (f8e2792d-994b-4c05-b662-b1b267c3c910)
2019-10-29 03:08:36.997 22837 RALLYDEBUG rally_openstack.cleanup.manager [-] Cleaning up neutron router objects
2019-10-29 03:08:37.427 22837 RALLYDEBUG rally_openstack.cleanup.manager [-] Cleaning up neutron security_group objects
2019-10-29 03:08:37.861 22837 INFO rally.task.context [-] Task 5a039800-2e53-45bc-ab41-f8317b8c0528 | Context cleanup@openstack cleanup() finished in 10.22 sec
2019-10-29 03:08:37.862 22837 INFO rally.task.context [-] Task 5a039800-2e53-45bc-ab41-f8317b8c0528 | Context quotas@openstack cleanup() started
2019-10-29 03:08:37.929 22837 INFO rally.task.context [-] Task 5a039800-2e53-45bc-ab41-f8317b8c0528 | Context quotas@openstack cleanup() finished in 67.25 msec
2019-10-29 03:08:37.930 22837 INFO rally.task.context [-] Task 5a039800-2e53-45bc-ab41-f8317b8c0528 | Context users@openstack cleanup() started
2019-10-29 03:08:40.570 22837 INFO rally.task.context [-] Task 5a039800-2e53-45bc-ab41-f8317b8c0528 | Context users@openstack cleanup() finished in 2.64 sec
2019-10-29 03:08:42.098 22837 INFO rally.task.engine [-] Load duration is: 20.699028
2019-10-29 03:08:42.098 22837 INFO rally.task.engine [-] Full runner duration is: 20.752678
2019-10-29 03:08:42.099 22837 INFO rally.task.engine [-] Full duration is: 36.646719
2019-10-29 03:08:42.463 22837 INFO rally.task.engine [-] Running workload: position = 0 config = { "version": 2, "title": "A cropped version of a bigger task.", "description": "Auto-generated task from a single workload (uuid=4bb1d68a-f293-4e38-b7d6-99d6db53c2cc)", "subtasks": [ { "title": "Quotas.neutron_update", "description": "Update quotas for neutron.", "scenario": { "Quotas.neutron_update": { "max_quota": 1024 } }, "contexts": { "users": { "tenants": 20, "users_per_tenant": 1 } }, "runner": { "constant": { "times": 40, "concurrency": 20 } }, "hooks": [], "sla": { "failure_rate": { "max": 0 } } } ] }
2019-10-29 03:08:42.488 22837 RALLYDEBUG rally_openstack.contexts.keystone.users [-] Creating 20 tenants using 20 threads
2019-10-29 03:08:44.515 22837 RALLYDEBUG rally_openstack.contexts.keystone.users [-] Creating 20 users using 20 threads
2019-10-29 03:08:47.189 22837 INFO rally.task.context [-] Task 5a039800-2e53-45bc-ab41-f8317b8c0528 | Context users@openstack setup() finished in 4.70 sec
2019-10-29 03:08:47.190 22837 INFO rally.task.context [-] Task 5a039800-2e53-45bc-ab41-f8317b8c0528 | Context admin_cleanup@openstack setup() finished in 0.01 msec
2019-10-29 03:08:47.199 22837 RALLYDEBUG rally.task.runner [-] Starting the constant runner (task UUID: 5a039800-2e53-45bc-ab41-f8317b8c0528). times: 40 concurrency: 20 timeout: 0 max_cpu_used: 16 processes_to_start: 16 concurrency_per_worker: 1 concurrency_overhead: 4
2019-10-29 03:08:47.210 27693 RALLYDEBUG rally.task.runner [-] Starting a worker. times: 40 duration: None concurrency: 2 timeout: 0 cls: method_name: run args: {"max_quota": 1024}
2019-10-29 03:08:47.213 27694 RALLYDEBUG rally.task.runner [-] Starting a worker. times: 40 duration: None concurrency: 2 timeout: 0 cls: method_name: run args: {"max_quota": 1024}
2019-10-29 03:08:47.216 27695 RALLYDEBUG rally.task.runner [-] Starting a worker. times: 40 duration: None concurrency: 2 timeout: 0 cls: method_name: run args: {"max_quota": 1024}
2019-10-29 03:08:47.220 27696 RALLYDEBUG rally.task.runner [-] Starting a worker. times: 40 duration: None concurrency: 2 timeout: 0 cls: method_name: run args: {"max_quota": 1024}
2019-10-29 03:08:47.224 27698 RALLYDEBUG rally.task.runner [-] Starting a worker. times: 40 duration: None concurrency: 1 timeout: 0 cls: method_name: run args: {"max_quota": 1024}
2019-10-29 03:08:47.226 27693 INFO rally.task.runner [-] Task 5a039800-2e53-45bc-ab41-f8317b8c0528 | ITER: 1 START
2019-10-29 03:08:47.228 27694 INFO rally.task.runner [-] Task 5a039800-2e53-45bc-ab41-f8317b8c0528 | ITER: 2 START
2019-10-29 03:08:47.228 27695 INFO rally.task.runner [-] Task 5a039800-2e53-45bc-ab41-f8317b8c0528 | ITER: 3 START
2019-10-29 03:08:47.228 27702 RALLYDEBUG rally.task.runner [-] Starting a worker. times: 40 duration: None concurrency: 1 timeout: 0 cls: method_name: run args: {"max_quota": 1024}
2019-10-29 03:08:47.233 27698 INFO rally.task.runner [-] Task 5a039800-2e53-45bc-ab41-f8317b8c0528 | ITER: 8 START
2019-10-29 03:08:47.233 27706 RALLYDEBUG rally.task.runner [-] Starting a worker. times: 40 duration: None concurrency: 1 timeout: 0 cls: method_name: run args: {"max_quota": 1024}
2019-10-29 03:08:47.236 27694 INFO rally.task.runner [-] Task 5a039800-2e53-45bc-ab41-f8317b8c0528 | ITER: 6 START
2019-10-29 03:08:47.235 27711 RALLYDEBUG rally.task.runner [-] Starting a worker. times: 40 duration: None concurrency: 1 timeout: 0 cls: method_name: run args: {"max_quota": 1024}
2019-10-29 03:08:47.235 27696 INFO rally.task.runner [-] Task 5a039800-2e53-45bc-ab41-f8317b8c0528 | ITER: 5 START
2019-10-29 03:08:47.240 27714 RALLYDEBUG rally.task.runner [-] Starting a worker. times: 40 duration: None concurrency: 1 timeout: 0 cls: method_name: run args: {"max_quota": 1024}
2019-10-29 03:08:47.229 27695 INFO rally.task.runner [-] Task 5a039800-2e53-45bc-ab41-f8317b8c0528 | ITER: 7 START
2019-10-29 03:08:47.227 27693 INFO rally.task.runner [-] Task 5a039800-2e53-45bc-ab41-f8317b8c0528 | ITER: 4 START
2019-10-29 03:08:47.241 27702 INFO rally.task.runner [-] Task 5a039800-2e53-45bc-ab41-f8317b8c0528 | ITER: 10 START
2019-10-29 03:08:47.245 27716 RALLYDEBUG rally.task.runner [-] Starting a worker. times: 40 duration: None concurrency: 1 timeout: 0 cls: method_name: run args: {"max_quota": 1024}
2019-10-29 03:08:47.245 27706 INFO rally.task.runner [-] Task 5a039800-2e53-45bc-ab41-f8317b8c0528 | ITER: 11 START
2019-10-29 03:08:47.248 27719 RALLYDEBUG rally.task.runner [-] Starting a worker. times: 40 duration: None concurrency: 1 timeout: 0 cls: method_name: run args: {"max_quota": 1024}
2019-10-29 03:08:47.249 27711 INFO rally.task.runner [-] Task 5a039800-2e53-45bc-ab41-f8317b8c0528 | ITER: 12 START
2019-10-29 03:08:47.250 27714 INFO rally.task.runner [-] Task 5a039800-2e53-45bc-ab41-f8317b8c0528 | ITER: 13 START
2019-10-29 03:08:47.250 27696 INFO rally.task.runner [-] Task 5a039800-2e53-45bc-ab41-f8317b8c0528 | ITER: 9 START
2019-10-29 03:08:47.252 27716 INFO rally.task.runner [-] Task 5a039800-2e53-45bc-ab41-f8317b8c0528 | ITER: 14 START
2019-10-29 03:08:47.257 27728 RALLYDEBUG rally.task.runner [-] Starting a worker. times: 40 duration: None concurrency: 1 timeout: 0 cls: method_name: run args: {"max_quota": 1024}
2019-10-29 03:08:47.258 27719 INFO rally.task.runner [-] Task 5a039800-2e53-45bc-ab41-f8317b8c0528 | ITER: 15 START
2019-10-29 03:08:47.265 27731 RALLYDEBUG rally.task.runner [-] Starting a worker. times: 40 duration: None concurrency: 1 timeout: 0 cls: method_name: run args: {"max_quota": 1024}
2019-10-29 03:08:47.268 27728 INFO rally.task.runner [-] Task 5a039800-2e53-45bc-ab41-f8317b8c0528 | ITER: 16 START
2019-10-29 03:08:47.270 27733 RALLYDEBUG rally.task.runner [-] Starting a worker. times: 40 duration: None concurrency: 1 timeout: 0 cls: method_name: run args: {"max_quota": 1024}
2019-10-29 03:08:47.276 27731 INFO rally.task.runner [-] Task 5a039800-2e53-45bc-ab41-f8317b8c0528 | ITER: 17 START
2019-10-29 03:08:47.278 27735 RALLYDEBUG rally.task.runner [-] Starting a worker. times: 40 duration: None concurrency: 1 timeout: 0 cls: method_name: run args: {"max_quota": 1024}
2019-10-29 03:08:47.280 27733 INFO rally.task.runner [-] Task 5a039800-2e53-45bc-ab41-f8317b8c0528 | ITER: 18 START
2019-10-29 03:08:47.283 27738 RALLYDEBUG rally.task.runner [-] Starting a worker. times: 40 duration: None concurrency: 1 timeout: 0 cls: method_name: run args: {"max_quota": 1024}
2019-10-29 03:08:47.284 27735 INFO rally.task.runner [-] Task 5a039800-2e53-45bc-ab41-f8317b8c0528 | ITER: 19 START
2019-10-29 03:08:47.290 27738 INFO rally.task.runner [-] Task 5a039800-2e53-45bc-ab41-f8317b8c0528 | ITER: 20 START
2019-10-29 03:08:47.765 27716 INFO rally.task.runner [-] Task 5a039800-2e53-45bc-ab41-f8317b8c0528 | ITER: 14 END: OK
2019-10-29 03:08:47.773 27694 INFO rally.task.runner [-] Task 5a039800-2e53-45bc-ab41-f8317b8c0528 | ITER: 2 END: OK
2019-10-29 03:08:47.773 27716 INFO rally.task.runner [-] Task 5a039800-2e53-45bc-ab41-f8317b8c0528 | ITER: 21 START
2019-10-29 03:08:47.777 27711 INFO rally.task.runner [-] Task 5a039800-2e53-45bc-ab41-f8317b8c0528 | ITER: 12 END: OK
2019-10-29 03:08:47.779 27694 INFO rally.task.runner [-] Task 5a039800-2e53-45bc-ab41-f8317b8c0528 | ITER: 22 START
2019-10-29 03:08:47.782 27702 INFO rally.task.runner [-] Task 5a039800-2e53-45bc-ab41-f8317b8c0528 | ITER: 10 END: OK
2019-10-29 03:08:47.783 27711 INFO rally.task.runner [-] Task 5a039800-2e53-45bc-ab41-f8317b8c0528 | ITER: 23 START
2019-10-29 03:08:47.789 27702 INFO rally.task.runner [-] Task 5a039800-2e53-45bc-ab41-f8317b8c0528 | ITER: 24 START
2019-10-29 03:08:47.875 27695 INFO rally.task.runner [-] Task 5a039800-2e53-45bc-ab41-f8317b8c0528 | ITER: 7 END: OK
2019-10-29 03:08:47.877 27706 INFO rally.task.runner [-] Task 5a039800-2e53-45bc-ab41-f8317b8c0528 | ITER: 11 END: OK
2019-10-29 03:08:47.882 27695 INFO rally.task.runner [-] Task 5a039800-2e53-45bc-ab41-f8317b8c0528 | ITER: 25 START
2019-10-29 03:08:47.884 27706 INFO rally.task.runner [-] Task 5a039800-2e53-45bc-ab41-f8317b8c0528 | ITER: 26 START
2019-10-29 03:08:47.892 27698 INFO rally.task.runner [-] Task 5a039800-2e53-45bc-ab41-f8317b8c0528 | ITER: 8 END: OK
2019-10-29 03:08:47.897 27714 INFO rally.task.runner [-] Task 5a039800-2e53-45bc-ab41-f8317b8c0528 | ITER: 13 END: OK
2019-10-29 03:08:47.898 27698 INFO rally.task.runner [-] Task 5a039800-2e53-45bc-ab41-f8317b8c0528 | ITER: 27 START
2019-10-29 03:08:47.905 27714 INFO rally.task.runner [-] Task 5a039800-2e53-45bc-ab41-f8317b8c0528 | ITER: 28 START
2019-10-29 03:08:47.910 27728 INFO rally.task.runner [-] Task 5a039800-2e53-45bc-ab41-f8317b8c0528 | ITER: 16 END: OK
2019-10-29 03:08:47.912 27695 INFO rally.task.runner [-] Task 5a039800-2e53-45bc-ab41-f8317b8c0528 | ITER: 3 END: OK
2019-10-29 03:08:47.916 27728 INFO rally.task.runner [-] Task 5a039800-2e53-45bc-ab41-f8317b8c0528 | ITER: 29 START
2019-10-29 03:08:47.917 27695 INFO rally.task.runner [-] Task 5a039800-2e53-45bc-ab41-f8317b8c0528 | ITER: 30 START
2019-10-29 03:08:47.929 27693 INFO rally.task.runner [-] Task 5a039800-2e53-45bc-ab41-f8317b8c0528 | ITER: 1 END: OK
2019-10-29 03:08:47.934 27693 INFO rally.task.runner [-] Task 5a039800-2e53-45bc-ab41-f8317b8c0528 | ITER: 31 START
2019-10-29 03:08:47.942 27693 INFO rally.task.runner [-] Task 5a039800-2e53-45bc-ab41-f8317b8c0528 | ITER: 4 END: OK
2019-10-29 03:08:47.948 27693 INFO rally.task.runner [-] Task 5a039800-2e53-45bc-ab41-f8317b8c0528 | ITER: 32 START
2019-10-29 03:08:47.999 27738 INFO rally.task.runner [-] Task 5a039800-2e53-45bc-ab41-f8317b8c0528 | ITER: 20 END: OK
2019-10-29 03:08:48.006 27738 INFO rally.task.runner [-] Task 5a039800-2e53-45bc-ab41-f8317b8c0528 | ITER: 33 START
2019-10-29 03:08:48.042 27696 INFO rally.task.runner [-] Task 5a039800-2e53-45bc-ab41-f8317b8c0528 | ITER: 5 END: OK
2019-10-29 03:08:48.049 27696 INFO rally.task.runner [-] Task 5a039800-2e53-45bc-ab41-f8317b8c0528 | ITER: 34 START
2019-10-29 03:08:48.061 27696 INFO rally.task.runner [-] Task 5a039800-2e53-45bc-ab41-f8317b8c0528 | ITER: 9 END: OK
2019-10-29 03:08:48.067 27696 INFO rally.task.runner [-] Task 5a039800-2e53-45bc-ab41-f8317b8c0528 | ITER: 35 START
2019-10-29 03:08:48.067 27735 INFO rally.task.runner [-] Task 5a039800-2e53-45bc-ab41-f8317b8c0528 | ITER: 19 END: OK
2019-10-29 03:08:48.074 27735 INFO rally.task.runner [-] Task 5a039800-2e53-45bc-ab41-f8317b8c0528 | ITER: 36 START
2019-10-29 03:08:48.116 27719 INFO rally.task.runner [-] Task 5a039800-2e53-45bc-ab41-f8317b8c0528 | ITER: 15 END: OK
2019-10-29 03:08:48.123 27719 INFO rally.task.runner [-] Task 5a039800-2e53-45bc-ab41-f8317b8c0528 | ITER: 37 START
2019-10-29 03:08:48.131 27694 INFO rally.task.runner [-] Task 5a039800-2e53-45bc-ab41-f8317b8c0528 | ITER: 6 END: OK
2019-10-29 03:08:48.137 27694 INFO rally.task.runner [-] Task 5a039800-2e53-45bc-ab41-f8317b8c0528 | ITER: 38 START
2019-10-29 03:08:48.181 27731 INFO rally.task.runner [-] Task 5a039800-2e53-45bc-ab41-f8317b8c0528 | ITER: 17 END: OK
2019-10-29 03:08:48.189 27731 INFO rally.task.runner [-] Task 5a039800-2e53-45bc-ab41-f8317b8c0528 | ITER: 39 START
2019-10-29 03:08:48.231 27694 INFO rally.task.runner [-] Task 5a039800-2e53-45bc-ab41-f8317b8c0528 | ITER: 22 END: OK
2019-10-29 03:08:48.237 27694 INFO rally.task.runner [-] Task 5a039800-2e53-45bc-ab41-f8317b8c0528 | ITER: 40 START
2019-10-29 03:08:48.299 27733 INFO rally.task.runner [-] Task 5a039800-2e53-45bc-ab41-f8317b8c0528 | ITER: 18 END: OK
2019-10-29 03:08:48.304 27716 INFO rally.task.runner [-] Task 5a039800-2e53-45bc-ab41-f8317b8c0528 | ITER: 21 END: OK
2019-10-29 03:08:48.387 27702 INFO rally.task.runner [-] Task 5a039800-2e53-45bc-ab41-f8317b8c0528 | ITER: 24 END: OK
2019-10-29 03:08:48.404 27706 INFO rally.task.runner [-] Task 5a039800-2e53-45bc-ab41-f8317b8c0528 | ITER: 26 END: OK
2019-10-29 03:08:48.409 27714 INFO rally.task.runner [-] Task 5a039800-2e53-45bc-ab41-f8317b8c0528 | ITER: 28 END: OK
2019-10-29 03:08:48.440 27698 INFO rally.task.runner [-] Task 5a039800-2e53-45bc-ab41-f8317b8c0528 | ITER: 27 END: OK
2019-10-29 03:08:48.466 27711 INFO rally.task.runner [-] Task 5a039800-2e53-45bc-ab41-f8317b8c0528 | ITER: 23 END: OK
2019-10-29 03:08:48.519 27695 INFO rally.task.runner [-] Task 5a039800-2e53-45bc-ab41-f8317b8c0528 | ITER: 25 END: OK
2019-10-29 03:08:48.537 27738 INFO rally.task.runner [-] Task 5a039800-2e53-45bc-ab41-f8317b8c0528 | ITER: 33 END: OK
2019-10-29 03:08:48.606 27695 INFO rally.task.runner [-] Task 5a039800-2e53-45bc-ab41-f8317b8c0528 | ITER: 30 END: OK
2019-10-29 03:08:48.618 27728 INFO rally.task.runner [-] Task 5a039800-2e53-45bc-ab41-f8317b8c0528 | ITER: 29 END: OK
2019-10-29 03:08:48.672 27693 INFO rally.task.runner [-] Task 5a039800-2e53-45bc-ab41-f8317b8c0528 | ITER: 32 END: OK
2019-10-29 03:08:48.674 27719 INFO rally.task.runner [-] Task 5a039800-2e53-45bc-ab41-f8317b8c0528 | ITER: 37 END: OK
2019-10-29 03:08:48.700 27696 INFO rally.task.runner [-] Task 5a039800-2e53-45bc-ab41-f8317b8c0528 | ITER: 35 END: OK
2019-10-29 03:08:48.763 27731 INFO rally.task.runner [-] Task 5a039800-2e53-45bc-ab41-f8317b8c0528 | ITER: 39 END: OK
2019-10-29 03:08:48.766 27693 INFO rally.task.runner [-] Task 5a039800-2e53-45bc-ab41-f8317b8c0528 | ITER: 31 END: OK
2019-10-29 03:08:48.815 27694 INFO rally.task.runner [-] Task 5a039800-2e53-45bc-ab41-f8317b8c0528 | ITER: 40 END: OK
2019-10-29 03:08:48.826 27696 INFO rally.task.runner [-] Task 5a039800-2e53-45bc-ab41-f8317b8c0528 | ITER: 34 END: OK
2019-10-29 03:08:48.884 27735 INFO rally.task.runner [-] Task 5a039800-2e53-45bc-ab41-f8317b8c0528 | ITER: 36 END: OK
2019-10-29 03:08:48.973 27694 INFO rally.task.runner [-] Task 5a039800-2e53-45bc-ab41-f8317b8c0528 | ITER: 38 END: OK
2019-10-29 03:08:49.006 22837 INFO rally.task.context [-] Task 5a039800-2e53-45bc-ab41-f8317b8c0528 | Context admin_cleanup@openstack cleanup() started
2019-10-29 03:08:49.010 22837 RALLYDEBUG rally_openstack.cleanup.manager [-] Cleaning up neutron quota objects
2019-10-29 03:08:50.516 22837 INFO rally.task.context [-] Task 5a039800-2e53-45bc-ab41-f8317b8c0528 | Context admin_cleanup@openstack cleanup() finished in 1.51 sec
2019-10-29 03:08:50.517 22837 INFO rally.task.context [-] Task 5a039800-2e53-45bc-ab41-f8317b8c0528 | Context users@openstack cleanup() started
2019-10-29 03:09:11.451 22837 INFO rally.task.context [-] Task 5a039800-2e53-45bc-ab41-f8317b8c0528 | Context users@openstack cleanup() finished in 20.93 sec
2019-10-29 03:09:12.822 22837 INFO rally.task.engine [-] Load duration is: 1.745237
2019-10-29 03:09:12.823 22837 INFO rally.task.engine [-] Full runner duration is: 1.808182
2019-10-29 03:09:12.823 22837 INFO rally.task.engine [-] Full duration is: 28.965388
2019-10-29 03:09:13.138 22837 INFO rally.task.engine [-] Running workload: position = 0 config = { "version": 2, "title": "A cropped version of a bigger task.", "description": "Auto-generated task from a single workload (uuid=e03dfe27-afb8-456d-aaed-d0d0be1d72bd)", "subtasks": [ { "title": "NeutronTrunks.create_and_list_trunks", "description": "Create and a given number of trunks with subports and list all trunks", "scenario": { "NeutronTrunks.create_and_list_trunks": { "subport_count": 125 } }, "contexts": { "users": { "tenants": 1, "users_per_tenant": 1 }, "quotas": { "neutron": { "network": -1, "port": 1000 } } }, "runner": { "constant": { "times": 4, "concurrency": 4 } }, "hooks": [], "sla": { "failure_rate": { "max": 0 } } } ] }
2019-10-29 03:09:13.162 22837 RALLYDEBUG rally_openstack.contexts.keystone.users [-] Creating 1 tenants using 20 threads
2019-10-29 03:09:14.049 22837 RALLYDEBUG rally_openstack.contexts.keystone.users [-] Creating 1 users using 20 threads
2019-10-29 03:09:15.430 22837 INFO rally.task.context [-] Task 5a039800-2e53-45bc-ab41-f8317b8c0528 | Context users@openstack setup() finished in 2.27 sec
2019-10-29 03:09:15.994 22837 INFO rally.task.context [-] Task 5a039800-2e53-45bc-ab41-f8317b8c0528 | Context quotas@openstack setup() finished in 0.56 sec
2019-10-29 03:09:15.995 22837 INFO rally.task.context [-] Task 5a039800-2e53-45bc-ab41-f8317b8c0528 | Context cleanup@openstack setup() finished in 0.01 msec
2019-10-29 03:09:16.004 22837 RALLYDEBUG rally.task.runner [-] Starting the constant runner (task UUID: 5a039800-2e53-45bc-ab41-f8317b8c0528). times: 4 concurrency: 4 timeout: 0 max_cpu_used: 16 processes_to_start: 4 concurrency_per_worker: 1 concurrency_overhead: 0
2019-10-29 03:09:16.015 27883 RALLYDEBUG rally.task.runner [-] Starting a worker. times: 4 duration: None concurrency: 1 timeout: 0 cls: method_name: run args: {"subport_count": 125}
2019-10-29 03:09:16.019 27884 RALLYDEBUG rally.task.runner [-] Starting a worker. times: 4 duration: None concurrency: 1 timeout: 0 cls: method_name: run args: {"subport_count": 125}
2019-10-29 03:09:16.022 27883 INFO rally.task.runner [-] Task 5a039800-2e53-45bc-ab41-f8317b8c0528 | ITER: 1 START
2019-10-29 03:09:16.022 27885 RALLYDEBUG rally.task.runner [-] Starting a worker. times: 4 duration: None concurrency: 1 timeout: 0 cls: method_name: run args: {"subport_count": 125}
2019-10-29 03:09:16.025 27884 INFO rally.task.runner [-] Task 5a039800-2e53-45bc-ab41-f8317b8c0528 | ITER: 2 START
2019-10-29 03:09:16.026 27888 RALLYDEBUG rally.task.runner [-] Starting a worker. times: 4 duration: None concurrency: 1 timeout: 0 cls: method_name: run args: {"subport_count": 125}
2019-10-29 03:09:16.028 27885 INFO rally.task.runner [-] Task 5a039800-2e53-45bc-ab41-f8317b8c0528 | ITER: 3 START
2019-10-29 03:09:16.031 27888 INFO rally.task.runner [-] Task 5a039800-2e53-45bc-ab41-f8317b8c0528 | ITER: 4 START
2019-10-29 03:10:30.477 27884 INFO rally.task.runner [-] Task 5a039800-2e53-45bc-ab41-f8317b8c0528 | ITER: 2 END: OK
2019-10-29 03:10:32.376 27888 INFO rally.task.runner [-] Task 5a039800-2e53-45bc-ab41-f8317b8c0528 | ITER: 4 END: OK
2019-10-29 03:10:32.880 27883 INFO rally.task.runner [-] Task 5a039800-2e53-45bc-ab41-f8317b8c0528 | ITER: 1 END: OK
2019-10-29 03:10:33.644 27885 INFO rally.task.runner [-] Task 5a039800-2e53-45bc-ab41-f8317b8c0528 | ITER: 3 END: OK
2019-10-29 03:10:33.674 22837 INFO rally.task.context [-] Task 5a039800-2e53-45bc-ab41-f8317b8c0528 | Context cleanup@openstack cleanup() started
2019-10-29 03:10:33.677 22837 RALLYDEBUG rally_openstack.cleanup.manager [-] Cleaning up neutron vip objects
2019-10-29 03:10:34.091 22837 RALLYDEBUG rally_openstack.cleanup.manager [-] Cleaning up neutron health_monitor objects
2019-10-29 03:10:34.481 22837 RALLYDEBUG rally_openstack.cleanup.manager [-] Cleaning up neutron pool objects
2019-10-29 03:10:34.892 22837 RALLYDEBUG rally_openstack.cleanup.manager [-] Cleaning up neutron loadbalancer objects
2019-10-29 03:10:35.271 22837 RALLYDEBUG rally_openstack.cleanup.manager [-] Cleaning up neutron floatingip objects
2019-10-29 03:10:35.706 22837 RALLYDEBUG rally_openstack.cleanup.manager [-] Cleaning up neutron trunk objects
2019-10-29 03:10:36.148 22837 RALLYDEBUG rally_openstack.cleanup.manager [-] Deleting neutron.trunk object s_rally_e03dfe27_sHoL5GRg (0227b7c4-88d6-4e90-9eba-d457dbba3934)
2019-10-29 03:10:36.154 22837 RALLYDEBUG rally_openstack.cleanup.manager [-] Deleting neutron.trunk object s_rally_e03dfe27_w2E3GLOP (423529a1-36d3-4d6e-be06-f5ffad6d4d39)
2019-10-29 03:10:36.165 22837 RALLYDEBUG rally_openstack.cleanup.manager [-] Deleting neutron.trunk object s_rally_e03dfe27_6vdMuEFp (9b7ba9f6-cd7b-4699-9457-b99d2b2790f7)
2019-10-29 03:10:36.172 22837 RALLYDEBUG rally_openstack.cleanup.manager [-] Deleting neutron.trunk object s_rally_e03dfe27_Vs4O5nmo (f92d90f9-e4fe-42da-9e4e-fffc81262335)
2019-10-29 03:10:38.265 22837 RALLYDEBUG rally_openstack.cleanup.manager [-] Cleaning up neutron port objects
2019-10-29 03:10:40.065 22837 RALLYDEBUG rally_openstack.cleanup.manager [-] Deleting neutron.port object s_rally_e03dfe27_DvDCPI0G (01f81965-fee1-4584-9169-8ea5de6e68f8)
2019-10-29 03:10:40.074 22837 RALLYDEBUG rally_openstack.cleanup.manager [-] Deleting neutron.port object s_rally_e03dfe27_oqq0me6n (025fb5de-8a8c-43ab-a5cf-076f1d1c8fcc)
2019-10-29 03:10:40.083 22837 RALLYDEBUG rally_openstack.cleanup.manager [-] Deleting neutron.port object s_rally_e03dfe27_Bi1pMhGY (02ad8c49-2380-4605-b743-9a5efb2e854c)
2019-10-29 03:10:40.092 22837 RALLYDEBUG rally_openstack.cleanup.manager [-] Deleting neutron.port object s_rally_e03dfe27_C1xLzMdc (02f74ceb-0acc-4e9e-8c6a-a5e88678a921)
2019-10-29 03:10:40.101 22837 RALLYDEBUG rally_openstack.cleanup.manager [-] Deleting neutron.port object s_rally_e03dfe27_k1hDSOxT (0304fa94-9156-45d1-b37b-f6c90d8cee21)
2019-10-29 03:10:40.107 22837 RALLYDEBUG rally_openstack.cleanup.manager [-] Deleting neutron.port object s_rally_e03dfe27_qrMV1yaN (0382353a-8cfe-4d38-9e26-d01ad69d5e79)
2019-10-29 03:10:40.127 22837 RALLYDEBUG rally_openstack.cleanup.manager [-] Deleting neutron.port object s_rally_e03dfe27_LFQ26WlD (0519fb3f-1d14-460e-87e4-aa2091e9a0cd)
2019-10-29 03:10:40.142 22837 RALLYDEBUG rally_openstack.cleanup.manager [-] Deleting neutron.port object s_rally_e03dfe27_FTXJ5mtF (0651205b-3047-4998-a1b3-d69228ee9b3d)
2019-10-29 03:10:40.154 22837 RALLYDEBUG rally_openstack.cleanup.manager [-] Deleting neutron.port object s_rally_e03dfe27_95aVILEN (06702948-2697-4b55-9cab-67ee27d933d0)
2019-10-29 03:10:40.179 22837 RALLYDEBUG rally_openstack.cleanup.manager [-] Deleting neutron.port object s_rally_e03dfe27_WswhXyrq (073da93f-53f5-4e29-b0e0-e92215197dc3)
2019-10-29 03:10:40.193 22837 RALLYDEBUG rally_openstack.cleanup.manager [-] Deleting neutron.port object s_rally_e03dfe27_vR8NuilG (07825cd7-5ca7-4ddc-b13f-2234718ab655)
2019-10-29 03:10:40.204 22837 RALLYDEBUG rally_openstack.cleanup.manager [-] Deleting neutron.port object s_rally_e03dfe27_tZAhdSzr (07855761-5940-452a-b79b-d65f360608ea)
2019-10-29 03:10:40.214 22837 RALLYDEBUG rally_openstack.cleanup.manager [-] Deleting neutron.port object s_rally_e03dfe27_YZ31ksOV (0838a5db-038a-4bd4-b839-115ef717ab15)
2019-10-29 03:10:40.232 22837 RALLYDEBUG rally_openstack.cleanup.manager [-] Deleting neutron.port object s_rally_e03dfe27_WODRrVvq (096d1b03-d04d-473f-9b43-7ad3e6bac549)
2019-10-29 03:10:40.238 22837 RALLYDEBUG rally_openstack.cleanup.manager [-] Deleting neutron.port object s_rally_e03dfe27_zanCtdKT (09b421a7-590c-4f96-a611-fd3136d0d9d8)
2019-10-29 03:10:40.247 22837 RALLYDEBUG rally_openstack.cleanup.manager [-] Deleting neutron.port object s_rally_e03dfe27_TdyDcChZ (09c41557-14fa-4f73-8967-7b0ccef82f36)
2019-10-29 03:10:40.260 22837 RALLYDEBUG rally_openstack.cleanup.manager [-] Deleting neutron.port object s_rally_e03dfe27_fOidXRhJ (0a0a2409-326d-407d-8098-4a8884e2fa4f)
2019-10-29 03:10:40.267 22837 RALLYDEBUG rally_openstack.cleanup.manager [-] Deleting neutron.port object s_rally_e03dfe27_OnmuLWKB (0b050643-6ff0-4958-a575-8b6486599f3e)
2019-10-29 03:10:40.273 22837 RALLYDEBUG rally_openstack.cleanup.manager [-] Deleting neutron.port object s_rally_e03dfe27_ZjeIwU8Z (0b0a6572-86a8-435f-8201-a89fe4455fef)
2019-10-29 03:10:40.281 22837 RALLYDEBUG rally_openstack.cleanup.manager [-] Deleting neutron.port object s_rally_e03dfe27_M8OU2Pcl (0b39453d-0499-4df3-a7fc-9ccd3ace86e8)
2019-10-29 03:10:41.984 22837 RALLYDEBUG rally_openstack.cleanup.manager [-] Deleting neutron.port object s_rally_e03dfe27_tRDzeVwX (0bf572c9-db51-4474-88aa-5e4e9f544946)
2019-10-29 03:10:41.988 22837 RALLYDEBUG rally_openstack.cleanup.manager [-] Deleting neutron.port object s_rally_e03dfe27_ynDmt0vk (0cee2c18-c1d5-4090-9ca7-70f5031541bf)
2019-10-29 03:10:42.026 22837 RALLYDEBUG rally_openstack.cleanup.manager [-] Deleting neutron.port object s_rally_e03dfe27_Ebafb4wX (0d0acbd6-9c29-4136-b410-07def0e853e7)
2019-10-29 03:10:42.161 22837 RALLYDEBUG rally_openstack.cleanup.manager [-] Deleting neutron.port object s_rally_e03dfe27_TWAmd0sW (0dab9925-91c7-434e-84b7-0524924e3725)
2019-10-29 03:10:42.202 22837 RALLYDEBUG rally_openstack.cleanup.manager [-] Deleting neutron.port object s_rally_e03dfe27_QPT0fNfT (0e9e2936-3abb-4cfb-a673-2f09bdf2c3cd)
2019-10-29 03:10:42.206 22837 RALLYDEBUG rally_openstack.cleanup.manager [-] Deleting neutron.port object s_rally_e03dfe27_UNKAtHyC (1253049f-1d9f-4e6c-829a-cb7a0d4bb017)
2019-10-29 03:10:42.380 22837 RALLYDEBUG rally_openstack.cleanup.manager [-] Deleting neutron.port object s_rally_e03dfe27_dZNSyTY7 (12d74dd4-5aab-4f9a-bb69-de403c56f788)
2019-10-29 03:10:42.448 22837 RALLYDEBUG rally_openstack.cleanup.manager [-] Deleting neutron.port object s_rally_e03dfe27_S2y6TFDF (12dbcdea-e76e-41bb-86cd-b1bc538f1ad8)
2019-10-29 03:10:42.457 22837 RALLYDEBUG rally_openstack.cleanup.manager [-] Deleting neutron.port object s_rally_e03dfe27_eEJy5KWw (13256bec-84bc-42e5-a104-ced9456955c1)
2019-10-29 03:10:42.557 22837 RALLYDEBUG rally_openstack.cleanup.manager [-] Deleting neutron.port object s_rally_e03dfe27_8AYvgKqF (13310b76-3d7d-4375-9511-7eeff8ea3340)
2019-10-29 03:10:42.598 22837 RALLYDEBUG rally_openstack.cleanup.manager [-] Deleting neutron.port object s_rally_e03dfe27_dPzXCV8m (134e24ae-5ad7-46d8-bcb3-23e0cae47ce2)
2019-10-29 03:10:42.622 22837 RALLYDEBUG rally_openstack.cleanup.manager [-] Deleting neutron.port object s_rally_e03dfe27_XwS9j23U (1374c7b5-1d4d-4e00-bbda-df0f42ae589a)
2019-10-29 03:10:42.631 22837 RALLYDEBUG rally_openstack.cleanup.manager [-] Deleting neutron.port object s_rally_e03dfe27_HGCyhslk (1377daf3-8ea9-47a0-8c09-8a23d48ac7d6)
2019-10-29 03:10:42.638 22837 RALLYDEBUG rally_openstack.cleanup.manager [-] Deleting neutron.port object s_rally_e03dfe27_7fpsDhMc (148175fd-e34a-46a7-8c5a-0d766101b09d)
2019-10-29 03:10:42.641 22837 RALLYDEBUG rally_openstack.cleanup.manager [-] Deleting neutron.port object s_rally_e03dfe27_3D1sxgYu (15b16f52-057c-4d8b-8a91-4d2ad7c713ab)
2019-10-29 03:10:42.644 22837 RALLYDEBUG rally_openstack.cleanup.manager [-] Deleting neutron.port object s_rally_e03dfe27_Z6a4D7fm (15c5929b-2302-409e-8cb2-4054056316b9)
2019-10-29 03:10:42.648 22837 RALLYDEBUG rally_openstack.cleanup.manager [-] Deleting neutron.port object s_rally_e03dfe27_IWBMIyBH (16658c8b-954f-48c4-89b6-96f8021030ef)
2019-10-29 03:10:42.656 22837 RALLYDEBUG rally_openstack.cleanup.manager [-] Deleting neutron.port object s_rally_e03dfe27_Z5K9F7Yh (16750014-4124-4ea2-b576-e080bc33e149)
2019-10-29 03:10:42.659 22837 RALLYDEBUG rally_openstack.cleanup.manager [-] Deleting neutron.port object s_rally_e03dfe27_awXY6Qcb (16e599a6-7c61-431e-aa16-e95bf5b3fb71)
2019-10-29 03:10:42.663 22837 RALLYDEBUG rally_openstack.cleanup.manager [-] Deleting neutron.port object s_rally_e03dfe27_Hjr5ZSkT (18579f1c-ab22-40d7-ae8a-8b31b2ce36da)
2019-10-29 03:10:43.774 22837 RALLYDEBUG rally_openstack.cleanup.manager [-] Deleting neutron.port object s_rally_e03dfe27_P6C7bkGi (18e6bad8-fb9c-4b75-a576-c95e6cff8c1b)
2019-10-29 03:10:43.777 22837 RALLYDEBUG rally_openstack.cleanup.manager [-] Deleting neutron.port object s_rally_e03dfe27_v13FbS4w (18f0099b-39b8-4ff4-a560-adec2ca86c98)
2019-10-29 03:10:43.904 22837 RALLYDEBUG rally_openstack.cleanup.manager [-] Deleting neutron.port object s_rally_e03dfe27_KCkmhK2Y (199e6503-ec40-48eb-982d-9a4738f75354)
2019-10-29 03:10:44.220 22837 RALLYDEBUG rally_openstack.cleanup.manager [-] Deleting neutron.port object s_rally_e03dfe27_Z40ZPQLk (1a700766-4899-408e-9aef-8cdc57d3047b)
2019-10-29 03:10:44.224 22837 RALLYDEBUG rally_openstack.cleanup.manager [-] Deleting neutron.port object s_rally_e03dfe27_U2MM1ikp (1b2115cf-5c72-4500-9c8f-6c215534f3e8)
2019-10-29 03:10:44.350 22837 RALLYDEBUG rally_openstack.cleanup.manager [-] Deleting neutron.port object s_rally_e03dfe27_gWw6sO3p (1becc977-47e7-48f6-85d9-f9cff1a440d9)
2019-10-29 03:10:44.366 22837 RALLYDEBUG rally_openstack.cleanup.manager [-] Deleting neutron.port object s_rally_e03dfe27_y3CMD4V2 (1c7378a5-bfb9-4941-9b82-584adeab2e9e)
2019-10-29 03:10:44.374 22837 RALLYDEBUG rally_openstack.cleanup.manager [-] Deleting neutron.port object s_rally_e03dfe27_eiiKIm21 (1cb7a464-b038-496f-92e2-b3974dadbada)
2019-10-29 03:10:44.392 22837 RALLYDEBUG rally_openstack.cleanup.manager [-] Deleting neutron.port object s_rally_e03dfe27_Gp2XBD1U (1cdd8294-aae5-4c9a-899e-e74d7db81942)
2019-10-29 03:10:44.428 22837 RALLYDEBUG rally_openstack.cleanup.manager [-] Deleting neutron.port object s_rally_e03dfe27_GZOhVtmN (1d59b2c4-74ca-4529-9e6a-ae5ac5163f9c)
2019-10-29 03:10:44.558 22837 RALLYDEBUG rally_openstack.cleanup.manager [-] Deleting neutron.port object s_rally_e03dfe27_ZADmXKm0 (1e163832-cbbd-4b07-a571-1c4bc5c3d516)
2019-10-29 03:10:44.567 22837 RALLYDEBUG rally_openstack.cleanup.manager [-] Deleting neutron.port object s_rally_e03dfe27_Q28RWD2E (1e913729-9e88-48e1-85eb-4cc32a80c50e)
2019-10-29 03:10:44.644 22837 RALLYDEBUG rally_openstack.cleanup.manager [-] Deleting neutron.port object s_rally_e03dfe27_LYAgODxr (1ef6cd9c-76bb-476b-94d1-0edc626d559f)
2019-10-29 03:10:44.775 22837 RALLYDEBUG rally_openstack.cleanup.manager [-] Deleting neutron.port object s_rally_e03dfe27_eAVWAUEF (1f7f49e6-1996-4609-9d10-b7a6de0a4aa5)
2019-10-29 03:10:44.867 22837 RALLYDEBUG rally_openstack.cleanup.manager [-] Deleting neutron.port object s_rally_e03dfe27_4uaIFUdN (1fec22b1-c8e1-4a67-b3c4-46d8166411a5)
2019-10-29 03:10:44.871 22837 RALLYDEBUG rally_openstack.cleanup.manager [-] Deleting neutron.port object s_rally_e03dfe27_87htl779 (212e950a-8133-4f80-b196-26965c959958)
2019-10-29 03:10:45.013 22837 RALLYDEBUG rally_openstack.cleanup.manager [-] Deleting neutron.port object s_rally_e03dfe27_r2z7wzzA (21efeb6c-7e84-4b27-95a5-1964fed68578)
2019-10-29 03:10:45.080 22837 RALLYDEBUG rally_openstack.cleanup.manager [-] Deleting neutron.port object s_rally_e03dfe27_2gIcAi06 (21f5696c-c424-4172-8e7c-b78116d692c4)
2019-10-29 03:10:45.090 22837 RALLYDEBUG rally_openstack.cleanup.manager [-] Deleting neutron.port object s_rally_e03dfe27_vqxwfGhF (22d67429-1811-4904-9342-c2dac90e3edc)
2019-10-29 03:10:45.119 22837 RALLYDEBUG rally_openstack.cleanup.manager [-] Deleting neutron.port object s_rally_e03dfe27_zw8DbAe1 (236ab1c0-6357-452c-9b71-9d6fb40d3321)
2019-10-29 03:10:45.507 22837 RALLYDEBUG rally_openstack.cleanup.manager [-] Deleting neutron.port object s_rally_e03dfe27_lTEEjwo6 (23a449fd-f583-4e74-acfa-4d7e3435e496)
2019-10-29 03:10:45.636 22837 RALLYDEBUG rally_openstack.cleanup.manager [-] Deleting neutron.port object s_rally_e03dfe27_qVDSYncF (23d0be87-6a99-4ee0-b677-11f114ea66b3)
2019-10-29 03:10:45.790 22837 RALLYDEBUG rally_openstack.cleanup.manager [-] Deleting neutron.port object s_rally_e03dfe27_5DRxiR5I (23dcb1ee-97bf-4e2a-a5e5-f0c4cb9a1e5c)
2019-10-29 03:10:45.960 22837 RALLYDEBUG rally_openstack.cleanup.manager [-] Deleting neutron.port object s_rally_e03dfe27_4FE1n4jO (24f4e80a-6cd8-4812-b0b8-f86f0c5d4021)
2019-10-29 03:10:46.175 22837 RALLYDEBUG rally_openstack.cleanup.manager [-] Deleting neutron.port object s_rally_e03dfe27_LnZZgw4y (25a644b9-1c93-4f6d-a36e-0cb4c0ef8e75)
2019-10-29 03:10:46.284 22837 RALLYDEBUG rally_openstack.cleanup.manager [-] Deleting neutron.port object s_rally_e03dfe27_zgmRB5tc (27085c2f-826c-4856-921b-5cacbcb684b3)
2019-10-29 03:10:46.417 22837 RALLYDEBUG rally_openstack.cleanup.manager [-] Deleting neutron.port object s_rally_e03dfe27_tAtSV6Zy (2773ba81-a413-4b74-888c-e2fad368e748)
2019-10-29 03:10:46.461 22837 RALLYDEBUG rally_openstack.cleanup.manager [-] Deleting neutron.port object s_rally_e03dfe27_iV7lsILI (29334e8d-3cb3-4799-adcb-51d40eaa4875)
2019-10-29 03:10:46.479 22837 RALLYDEBUG rally_openstack.cleanup.manager [-] Deleting neutron.port object s_rally_e03dfe27_B6ih0fQL (29bfcfd1-3f07-415f-a9b5-14f378435296)
2019-10-29 03:10:46.536 22837 RALLYDEBUG rally_openstack.cleanup.manager [-] Deleting neutron.port object s_rally_e03dfe27_qbhXoPUT (29da5a83-6933-4e65-ab7f-d54c59b2b0ce)
2019-10-29 03:10:46.570 22837 RALLYDEBUG rally_openstack.cleanup.manager [-] Deleting neutron.port object s_rally_e03dfe27_bet4x8f0 (2a00d7db-04f1-4bd8-8c05-79db67ab0125)
2019-10-29 03:10:46.630 22837 RALLYDEBUG rally_openstack.cleanup.manager [-] Deleting neutron.port object s_rally_e03dfe27_eo4gav1c (2a4489e7-97b0-458d-8dbe-cd770a8d4d24)
2019-10-29 03:10:46.648 22837 RALLYDEBUG rally_openstack.cleanup.manager [-] Deleting neutron.port object s_rally_e03dfe27_oHc2Tnhg (2a5deda6-113c-40ce-9a5f-083ed6f98254)
2019-10-29 03:10:46.726 22837 RALLYDEBUG rally_openstack.cleanup.manager [-] Deleting neutron.port object s_rally_e03dfe27_s6YBqkuF (2afc80dc-7a4c-4a4b-811b-cc6ae3f3fba1)
2019-10-29 03:10:46.770 22837 RALLYDEBUG rally_openstack.cleanup.manager [-] Deleting neutron.port object s_rally_e03dfe27_qMfEl02K (2b8e2899-07ef-4b39-8d57-b30a28229af5)
2019-10-29 03:10:46.848 22837 RALLYDEBUG rally_openstack.cleanup.manager [-] Deleting neutron.port object s_rally_e03dfe27_ua2AwIyG (2b98da6a-78c5-4368-8992-de017af7054d)
2019-10-29 03:10:46.851 22837 RALLYDEBUG rally_openstack.cleanup.manager [-] Deleting neutron.port object s_rally_e03dfe27_97wCTUD8 (2c242e92-7338-4619-8527-49fb52b750d7)
2019-10-29 03:10:46.902 22837 RALLYDEBUG rally_openstack.cleanup.manager [-] Deleting neutron.port object s_rally_e03dfe27_f4a3Wjh7 (2c2c9b16-2735-4708-9570-24a9699fce42)
2019-10-29 03:10:46.982 22837 RALLYDEBUG rally_openstack.cleanup.manager [-] Deleting neutron.port object s_rally_e03dfe27_uOksc0T1 (2c32c048-961a-4299-80f4-014417299292)
2019-10-29 03:10:47.060 22837 RALLYDEBUG rally_openstack.cleanup.manager [-] Deleting neutron.port object s_rally_e03dfe27_ktDV6qwX (2ca05c4f-5e22-4336-9c5f-93ee87eaf00e)
2019-10-29 03:10:47.250 22837 RALLYDEBUG rally_openstack.cleanup.manager [-] Deleting neutron.port object s_rally_e03dfe27_AATbz18x (2db231cb-cd79-4d9f-bc65-92719b825186)
2019-10-29 03:10:47.401 22837 RALLYDEBUG rally_openstack.cleanup.manager [-] Deleting neutron.port object s_rally_e03dfe27_SPVv2Gru (2db3b08c-daa5-41a8-a783-beccccdc4629)
2019-10-29 03:10:47.557 22837 RALLYDEBUG rally_openstack.cleanup.manager [-] Deleting neutron.port object s_rally_e03dfe27_7Y2p6NC7 (2de2d291-e036-44ce-81da-05a6d2f2690b)
2019-10-29 03:10:47.692 22837 RALLYDEBUG rally_openstack.cleanup.manager [-] Deleting neutron.port object s_rally_e03dfe27_kqTo2slT (2f988f16-2c89-4410-9948-d4eb321bd01c)
2019-10-29 03:10:47.922 22837 RALLYDEBUG rally_openstack.cleanup.manager [-] Deleting neutron.port object s_rally_e03dfe27_LNLot6mt (30b08cb9-0a28-4ff2-85af-aab2316b5c37)
2019-10-29 03:10:48.135 22837 RALLYDEBUG rally_openstack.cleanup.manager [-] Deleting neutron.port object s_rally_e03dfe27_6Mdtj0rC (3130dd3f-2cfa-4ac0-8667-e85b20d08a09)
2019-10-29 03:10:48.239 22837 RALLYDEBUG rally_openstack.cleanup.manager [-] Deleting neutron.port object s_rally_e03dfe27_eY2FDMJO (31e2ec60-b7a6-462b-ba59-2f1c9d907f64)
2019-10-29 03:10:48.274 22837 RALLYDEBUG rally_openstack.cleanup.manager [-] Deleting neutron.port object s_rally_e03dfe27_rFSqTCgn (32b704cb-893d-4d2c-a7a0-508453555b38)
2019-10-29 03:10:48.277 22837 RALLYDEBUG rally_openstack.cleanup.manager [-] Deleting neutron.port object s_rally_e03dfe27_RcJyH4C1 (32c07c2d-6050-4d71-805a-c4752f5194ee)
2019-10-29 03:10:48.424 22837 RALLYDEBUG rally_openstack.cleanup.manager [-] Deleting neutron.port object s_rally_e03dfe27_xjvIQ9eG (32c5a885-f3a5-41bf-add6-95f56b066305)
2019-10-29 03:10:48.563 22837 RALLYDEBUG rally_openstack.cleanup.manager [-] Deleting neutron.port object s_rally_e03dfe27_5iWiOuVh (32c6ab18-2384-4527-acef-4d16afa8f291)
2019-10-29 03:10:48.591 22837 RALLYDEBUG rally_openstack.cleanup.manager [-] Deleting neutron.port object s_rally_e03dfe27_iYBDRizX (33656355-3780-435f-981c-b22d1f748aec)
2019-10-29 03:10:48.630 22837 RALLYDEBUG rally_openstack.cleanup.manager [-] Deleting neutron.port object s_rally_e03dfe27_ZH6BIufG (3400730f-3be8-4267-9934-b8372521451e)
2019-10-29 03:10:48.649 22837 RALLYDEBUG rally_openstack.cleanup.manager [-] Deleting neutron.port object s_rally_e03dfe27_KGWKNhIT (34207263-9807-4d1f-95d4-6990a6ea77c5)
2019-10-29 03:10:48.730 22837 RALLYDEBUG rally_openstack.cleanup.manager [-] Deleting neutron.port object s_rally_e03dfe27_GmxXe7W7 (3451714a-a2a4-4711-a902-a52e4fcb7195)
2019-10-29 03:10:48.739 22837 RALLYDEBUG rally_openstack.cleanup.manager [-] Deleting neutron.port object s_rally_e03dfe27_q1jyDmog (3496e16a-0296-4c59-bca0-da1f1851646c)
2019-10-29 03:10:48.742 22837 RALLYDEBUG rally_openstack.cleanup.manager [-] Deleting neutron.port object s_rally_e03dfe27_gsvubj9U (34a95006-eb25-4244-8ba9-a412b84fb0fa)
2019-10-29 03:10:48.795 22837 RALLYDEBUG rally_openstack.cleanup.manager [-] Deleting neutron.port object s_rally_e03dfe27_653XbS9e (34d2641b-c0fa-4e76-b661-4bff1695472d)
2019-10-29 03:10:48.965 22837 RALLYDEBUG rally_openstack.cleanup.manager [-] Deleting neutron.port object s_rally_e03dfe27_nU1Sh0qy (34eef267-2f6b-40f2-aec6-1839dcd87a8e)
