2019-10-29 03:15:59.435 22837 RALLYDEBUG rally_openstack.cleanup.manager [-] Deleting neutron.security_group object s_rally_ee2e723e_lt4OkuVi (e208ec64-2bce-4936-869f-c853899c981f)
2019-10-29 03:15:59.480 22837 RALLYDEBUG rally_openstack.cleanup.manager [-] Deleting neutron.security_group object s_rally_ee2e723e_CaMpi0rz (e9ce8e6d-825a-47df-ba01-bad91cba82f7)
2019-10-29 03:15:59.483 22837 RALLYDEBUG rally_openstack.cleanup.manager [-] Deleting neutron.security_group object s_rally_ee2e723e_RaCZ5S2d (eea14cdd-a195-4e8b-8ec2-6b2364f90737)
2019-10-29 03:15:59.544 22837 RALLYDEBUG rally_openstack.cleanup.manager [-] Deleting neutron.security_group object s_rally_ee2e723e_AOXLYpGU (eee8c413-a704-467f-95e7-76e3a088e79b)
2019-10-29 03:15:59.554 22837 RALLYDEBUG rally_openstack.cleanup.manager [-] Deleting neutron.security_group object s_rally_ee2e723e_4QSo0Zb3 (fa5e19ae-be6a-45f4-a349-ec416e53de46)
2019-10-29 03:16:01.029 22837 INFO rally.task.context [-] Task 5a039800-2e53-45bc-ab41-f8317b8c0528 | Context cleanup@openstack cleanup() finished in 14.06 sec
2019-10-29 03:16:01.029 22837 INFO rally.task.context [-] Task 5a039800-2e53-45bc-ab41-f8317b8c0528 | Context quotas@openstack cleanup() started
2019-10-29 03:16:01.183 22837 INFO rally.task.context [-] Task 5a039800-2e53-45bc-ab41-f8317b8c0528 | Context quotas@openstack cleanup() finished in 0.15 sec
2019-10-29 03:16:01.184 22837 INFO rally.task.context [-] Task 5a039800-2e53-45bc-ab41-f8317b8c0528 | Context users@openstack cleanup() started
2019-10-29 03:16:04.629 22837 INFO rally.task.context [-] Task 5a039800-2e53-45bc-ab41-f8317b8c0528 | Context users@openstack cleanup() finished in 3.44 sec
2019-10-29 03:16:06.184 22837 INFO rally.task.engine [-] Load duration is: 3.714677
2019-10-29 03:16:06.184 22837 INFO rally.task.engine [-] Full runner duration is: 3.757965
2019-10-29 03:16:06.185 22837 INFO rally.task.engine [-] Full duration is: 24.631505
2019-10-29 03:16:06.407 22837 INFO rally.task.engine [-] Running workload: position = 6 config = { "version": 2, "title": "A cropped version of a bigger task.", "description": "Auto-generated task from a single workload (uuid=c8e9dd0c-4834-4a46-8b49-ab76231f1c15)", "subtasks": [ { "title": "NeutronSecurityGroup.create_and_update_security_groups", "description": "Create and update Neutron security-groups.", "scenario": { "NeutronSecurityGroup.create_and_update_security_groups": { "security_group_create_args": {}, "security_group_update_args": {} } }, "contexts": { "users": { "tenants": 2, "users_per_tenant": 3 }, "quotas": { "neutron": { "security_group": -1 } } }, "runner": { "constant": { "times": 50, "concurrency": 10 } }, "hooks": [], "sla": { "failure_rate": { "max": 0 } } } ] }
2019-10-29 03:16:06.431 22837 RALLYDEBUG rally_openstack.contexts.keystone.users [-] Creating 2 tenants using 20 threads
2019-10-29 03:16:07.510 22837 RALLYDEBUG rally_openstack.contexts.keystone.users [-] Creating 6 users using 20 threads
2019-10-29 03:16:09.082 22837 INFO rally.task.context [-] Task 5a039800-2e53-45bc-ab41-f8317b8c0528 | Context users@openstack setup() finished in 2.65 sec
2019-10-29 03:16:09.794 22837 INFO rally.task.context [-] Task 5a039800-2e53-45bc-ab41-f8317b8c0528 | Context quotas@openstack setup() finished in 0.71 sec
2019-10-29 03:16:09.795 22837 INFO rally.task.context [-] Task 5a039800-2e53-45bc-ab41-f8317b8c0528 | Context cleanup@openstack setup() finished in 0.01 msec
2019-10-29 03:16:09.803 22837 RALLYDEBUG rally.task.runner [-] Starting the constant runner (task UUID: 5a039800-2e53-45bc-ab41-f8317b8c0528). times: 50 concurrency: 10 timeout: 0 max_cpu_used: 16 processes_to_start: 10 concurrency_per_worker: 1 concurrency_overhead: 0
2019-10-29 03:16:09.815 31474 RALLYDEBUG rally.task.runner [-] Starting a worker. times: 50 duration: None concurrency: 1 timeout: 0 cls: method_name: run args: {"security_group_create_args": {}, "security_group_update_args": {}}
2019-10-29 03:16:09.819 31475 RALLYDEBUG rally.task.runner [-] Starting a worker. times: 50 duration: None concurrency: 1 timeout: 0 cls: method_name: run args: {"security_group_create_args": {}, "security_group_update_args": {}}
2019-10-29 03:16:09.822 31474 INFO rally.task.runner [-] Task 5a039800-2e53-45bc-ab41-f8317b8c0528 | ITER: 1 START
2019-10-29 03:16:09.822 31476 RALLYDEBUG rally.task.runner [-] Starting a worker. times: 50 duration: None concurrency: 1 timeout: 0 cls: method_name: run args: {"security_group_create_args": {}, "security_group_update_args": {}}
2019-10-29 03:16:09.825 31475 INFO rally.task.runner [-] Task 5a039800-2e53-45bc-ab41-f8317b8c0528 | ITER: 2 START
2019-10-29 03:16:09.826 31477 RALLYDEBUG rally.task.runner [-] Starting a worker. times: 50 duration: None concurrency: 1 timeout: 0 cls: method_name: run args: {"security_group_create_args": {}, "security_group_update_args": {}}
2019-10-29 03:16:09.829 31476 INFO rally.task.runner [-] Task 5a039800-2e53-45bc-ab41-f8317b8c0528 | ITER: 3 START
2019-10-29 03:16:09.829 31481 RALLYDEBUG rally.task.runner [-] Starting a worker. times: 50 duration: None concurrency: 1 timeout: 0 cls: method_name: run args: {"security_group_create_args": {}, "security_group_update_args": {}}
2019-10-29 03:16:09.833 31477 INFO rally.task.runner [-] Task 5a039800-2e53-45bc-ab41-f8317b8c0528 | ITER: 4 START
2019-10-29 03:16:09.833 31485 RALLYDEBUG rally.task.runner [-] Starting a worker. times: 50 duration: None concurrency: 1 timeout: 0 cls: method_name: run args: {"security_group_create_args": {}, "security_group_update_args": {}}
2019-10-29 03:16:09.835 31481 INFO rally.task.runner [-] Task 5a039800-2e53-45bc-ab41-f8317b8c0528 | ITER: 5 START
2019-10-29 03:16:09.838 31488 RALLYDEBUG rally.task.runner [-] Starting a worker. times: 50 duration: None concurrency: 1 timeout: 0 cls: method_name: run args: {"security_group_create_args": {}, "security_group_update_args": {}}
2019-10-29 03:16:09.839 31485 INFO rally.task.runner [-] Task 5a039800-2e53-45bc-ab41-f8317b8c0528 | ITER: 6 START
2019-10-29 03:16:09.842 31492 RALLYDEBUG rally.task.runner [-] Starting a worker. times: 50 duration: None concurrency: 1 timeout: 0 cls: method_name: run args: {"security_group_create_args": {}, "security_group_update_args": {}}
2019-10-29 03:16:09.844 31488 INFO rally.task.runner [-] Task 5a039800-2e53-45bc-ab41-f8317b8c0528 | ITER: 7 START
2019-10-29 03:16:09.848 31492 INFO rally.task.runner [-] Task 5a039800-2e53-45bc-ab41-f8317b8c0528 | ITER: 8 START
2019-10-29 03:16:09.851 31496 RALLYDEBUG rally.task.runner [-] Starting a worker. times: 50 duration: None concurrency: 1 timeout: 0 cls: method_name: run args: {"security_group_create_args": {}, "security_group_update_args": {}}
2019-10-29 03:16:09.856 31499 RALLYDEBUG rally.task.runner [-] Starting a worker. times: 50 duration: None concurrency: 1 timeout: 0 cls: method_name: run args: {"security_group_create_args": {}, "security_group_update_args": {}}
2019-10-29 03:16:09.858 31496 INFO rally.task.runner [-] Task 5a039800-2e53-45bc-ab41-f8317b8c0528 | ITER: 9 START
2019-10-29 03:16:09.861 31499 INFO rally.task.runner [-] Task 5a039800-2e53-45bc-ab41-f8317b8c0528 | ITER: 10 START
2019-10-29 03:16:10.598 31476 INFO rally.task.runner [-] Task 5a039800-2e53-45bc-ab41-f8317b8c0528 | ITER: 3 END: OK
2019-10-29 03:16:10.603 31476 INFO rally.task.runner [-] Task 5a039800-2e53-45bc-ab41-f8317b8c0528 | ITER: 11 START
2019-10-29 03:16:10.639 31485 INFO rally.task.runner [-] Task 5a039800-2e53-45bc-ab41-f8317b8c0528 | ITER: 6 END: OK
2019-10-29 03:16:10.643 31481 INFO rally.task.runner [-] Task 5a039800-2e53-45bc-ab41-f8317b8c0528 | ITER: 5 END: OK
2019-10-29 03:16:10.643 31485 INFO rally.task.runner [-] Task 5a039800-2e53-45bc-ab41-f8317b8c0528 | ITER: 12 START
2019-10-29 03:16:10.647 31481 INFO rally.task.runner [-] Task 5a039800-2e53-45bc-ab41-f8317b8c0528 | ITER: 13 START
2019-10-29 03:16:11.187 31477 INFO rally.task.runner [-] Task 5a039800-2e53-45bc-ab41-f8317b8c0528 | ITER: 4 END: OK
2019-10-29 03:16:11.191 31477 INFO rally.task.runner [-] Task 5a039800-2e53-45bc-ab41-f8317b8c0528 | ITER: 14 START
2019-10-29 03:16:11.215 31496 INFO rally.task.runner [-] Task 5a039800-2e53-45bc-ab41-f8317b8c0528 | ITER: 9 END: OK
2019-10-29 03:16:11.219 31496 INFO rally.task.runner [-] Task 5a039800-2e53-45bc-ab41-f8317b8c0528 | ITER: 15 START
2019-10-29 03:16:11.231 31499 INFO rally.task.runner [-] Task 5a039800-2e53-45bc-ab41-f8317b8c0528 | ITER: 10 END: OK
2019-10-29 03:16:11.235 31499 INFO rally.task.runner [-] Task 5a039800-2e53-45bc-ab41-f8317b8c0528 | ITER: 16 START
2019-10-29 03:16:11.247 31474 INFO rally.task.runner [-] Task 5a039800-2e53-45bc-ab41-f8317b8c0528 | ITER: 1 END: OK
2019-10-29 03:16:11.249 31492 INFO rally.task.runner [-] Task 5a039800-2e53-45bc-ab41-f8317b8c0528 | ITER: 8 END: OK
2019-10-29 03:16:11.252 31474 INFO rally.task.runner [-] Task 5a039800-2e53-45bc-ab41-f8317b8c0528 | ITER: 17 START
2019-10-29 03:16:11.254 31492 INFO rally.task.runner [-] Task 5a039800-2e53-45bc-ab41-f8317b8c0528 | ITER: 18 START
2019-10-29 03:16:11.269 31485 INFO rally.task.runner [-] Task 5a039800-2e53-45bc-ab41-f8317b8c0528 | ITER: 12 END: OK
2019-10-29 03:16:11.272 31485 INFO rally.task.runner [-] Task 5a039800-2e53-45bc-ab41-f8317b8c0528 | ITER: 19 START
2019-10-29 03:16:11.275 31481 INFO rally.task.runner [-] Task 5a039800-2e53-45bc-ab41-f8317b8c0528 | ITER: 13 END: OK
2019-10-29 03:16:11.279 31481 INFO rally.task.runner [-] Task 5a039800-2e53-45bc-ab41-f8317b8c0528 | ITER: 20 START
2019-10-29 03:16:11.283 31488 INFO rally.task.runner [-] Task 5a039800-2e53-45bc-ab41-f8317b8c0528 | ITER: 7 END: OK
2019-10-29 03:16:11.287 31488 INFO rally.task.runner [-] Task 5a039800-2e53-45bc-ab41-f8317b8c0528 | ITER: 21 START
2019-10-29 03:16:11.295 31476 INFO rally.task.runner [-] Task 5a039800-2e53-45bc-ab41-f8317b8c0528 | ITER: 11 END: OK
2019-10-29 03:16:11.298 31476 INFO rally.task.runner [-] Task 5a039800-2e53-45bc-ab41-f8317b8c0528 | ITER: 22 START
2019-10-29 03:16:11.333 31475 INFO rally.task.runner [-] Task 5a039800-2e53-45bc-ab41-f8317b8c0528 | ITER: 2 END: OK
2019-10-29 03:16:11.338 31475 INFO rally.task.runner [-] Task 5a039800-2e53-45bc-ab41-f8317b8c0528 | ITER: 23 START
2019-10-29 03:16:11.809 31477 INFO rally.task.runner [-] Task 5a039800-2e53-45bc-ab41-f8317b8c0528 | ITER: 14 END: OK
2019-10-29 03:16:11.812 31474 INFO rally.task.runner [-] Task 5a039800-2e53-45bc-ab41-f8317b8c0528 | ITER: 17 END: OK
2019-10-29 03:16:11.814 31477 INFO rally.task.runner [-] Task 5a039800-2e53-45bc-ab41-f8317b8c0528 | ITER: 24 START
2019-10-29 03:16:11.815 31474 INFO rally.task.runner [-] Task 5a039800-2e53-45bc-ab41-f8317b8c0528 | ITER: 25 START
2019-10-29 03:16:11.840 31499 INFO rally.task.runner [-] Task 5a039800-2e53-45bc-ab41-f8317b8c0528 | ITER: 16 END: OK
2019-10-29 03:16:11.844 31499 INFO rally.task.runner [-] Task 5a039800-2e53-45bc-ab41-f8317b8c0528 | ITER: 26 START
2019-10-29 03:16:11.882 31488 INFO rally.task.runner [-] Task 5a039800-2e53-45bc-ab41-f8317b8c0528 | ITER: 21 END: OK
2019-10-29 03:16:11.885 31488 INFO rally.task.runner [-] Task 5a039800-2e53-45bc-ab41-f8317b8c0528 | ITER: 27 START
2019-10-29 03:16:11.886 31496 INFO rally.task.runner [-] Task 5a039800-2e53-45bc-ab41-f8317b8c0528 | ITER: 15 END: OK
2019-10-29 03:16:11.890 31496 INFO rally.task.runner [-] Task 5a039800-2e53-45bc-ab41-f8317b8c0528 | ITER: 28 START
2019-10-29 03:16:11.896 31485 INFO rally.task.runner [-] Task 5a039800-2e53-45bc-ab41-f8317b8c0528 | ITER: 19 END: OK
2019-10-29 03:16:11.899 31485 INFO rally.task.runner [-] Task 5a039800-2e53-45bc-ab41-f8317b8c0528 | ITER: 29 START
2019-10-29 03:16:11.941 31492 INFO rally.task.runner [-] Task 5a039800-2e53-45bc-ab41-f8317b8c0528 | ITER: 18 END: OK
2019-10-29 03:16:11.945 31492 INFO rally.task.runner [-] Task 5a039800-2e53-45bc-ab41-f8317b8c0528 | ITER: 30 START
2019-10-29 03:16:11.973 31476 INFO rally.task.runner [-] Task 5a039800-2e53-45bc-ab41-f8317b8c0528 | ITER: 22 END: OK
2019-10-29 03:16:11.978 31476 INFO rally.task.runner [-] Task 5a039800-2e53-45bc-ab41-f8317b8c0528 | ITER: 31 START
2019-10-29 03:16:12.021 31481 INFO rally.task.runner [-] Task 5a039800-2e53-45bc-ab41-f8317b8c0528 | ITER: 20 END: OK
2019-10-29 03:16:12.026 31481 INFO rally.task.runner [-] Task 5a039800-2e53-45bc-ab41-f8317b8c0528 | ITER: 32 START
2019-10-29 03:16:12.155 31475 INFO rally.task.runner [-] Task 5a039800-2e53-45bc-ab41-f8317b8c0528 | ITER: 23 END: OK
2019-10-29 03:16:12.159 31475 INFO rally.task.runner [-] Task 5a039800-2e53-45bc-ab41-f8317b8c0528 | ITER: 33 START
2019-10-29 03:16:12.428 31477 INFO rally.task.runner [-] Task 5a039800-2e53-45bc-ab41-f8317b8c0528 | ITER: 24 END: OK
2019-10-29 03:16:12.431 31477 INFO rally.task.runner [-] Task 5a039800-2e53-45bc-ab41-f8317b8c0528 | ITER: 34 START
2019-10-29 03:16:12.459 31496 INFO rally.task.runner [-] Task 5a039800-2e53-45bc-ab41-f8317b8c0528 | ITER: 28 END: OK
2019-10-29 03:16:12.463 31496 INFO rally.task.runner [-] Task 5a039800-2e53-45bc-ab41-f8317b8c0528 | ITER: 35 START
2019-10-29 03:16:12.474 31499 INFO rally.task.runner [-] Task 5a039800-2e53-45bc-ab41-f8317b8c0528 | ITER: 26 END: OK
2019-10-29 03:16:12.478 31499 INFO rally.task.runner [-] Task 5a039800-2e53-45bc-ab41-f8317b8c0528 | ITER: 36 START
2019-10-29 03:16:12.516 31474 INFO rally.task.runner [-] Task 5a039800-2e53-45bc-ab41-f8317b8c0528 | ITER: 25 END: OK
2019-10-29 03:16:12.520 31474 INFO rally.task.runner [-] Task 5a039800-2e53-45bc-ab41-f8317b8c0528 | ITER: 37 START
2019-10-29 03:16:12.581 31492 INFO rally.task.runner [-] Task 5a039800-2e53-45bc-ab41-f8317b8c0528 | ITER: 30 END: OK
2019-10-29 03:16:12.585 31492 INFO rally.task.runner [-] Task 5a039800-2e53-45bc-ab41-f8317b8c0528 | ITER: 38 START
2019-10-29 03:16:12.615 31488 INFO rally.task.runner [-] Task 5a039800-2e53-45bc-ab41-f8317b8c0528 | ITER: 27 END: OK
2019-10-29 03:16:12.619 31488 INFO rally.task.runner [-] Task 5a039800-2e53-45bc-ab41-f8317b8c0528 | ITER: 39 START
2019-10-29 03:16:12.640 31481 INFO rally.task.runner [-] Task 5a039800-2e53-45bc-ab41-f8317b8c0528 | ITER: 32 END: OK
2019-10-29 03:16:12.644 31481 INFO rally.task.runner [-] Task 5a039800-2e53-45bc-ab41-f8317b8c0528 | ITER: 40 START
2019-10-29 03:16:12.739 31485 INFO rally.task.runner [-] Task 5a039800-2e53-45bc-ab41-f8317b8c0528 | ITER: 29 END: OK
2019-10-29 03:16:12.743 31485 INFO rally.task.runner [-] Task 5a039800-2e53-45bc-ab41-f8317b8c0528 | ITER: 41 START
2019-10-29 03:16:12.760 31475 INFO rally.task.runner [-] Task 5a039800-2e53-45bc-ab41-f8317b8c0528 | ITER: 33 END: OK
2019-10-29 03:16:12.763 31475 INFO rally.task.runner [-] Task 5a039800-2e53-45bc-ab41-f8317b8c0528 | ITER: 42 START
2019-10-29 03:16:12.797 31476 INFO rally.task.runner [-] Task 5a039800-2e53-45bc-ab41-f8317b8c0528 | ITER: 31 END: OK
2019-10-29 03:16:12.801 31476 INFO rally.task.runner [-] Task 5a039800-2e53-45bc-ab41-f8317b8c0528 | ITER: 43 START
2019-10-29 03:16:13.001 31496 INFO rally.task.runner [-] Task 5a039800-2e53-45bc-ab41-f8317b8c0528 | ITER: 35 END: OK
2019-10-29 03:16:13.005 31496 INFO rally.task.runner [-] Task 5a039800-2e53-45bc-ab41-f8317b8c0528 | ITER: 44 START
2019-10-29 03:16:13.016 31477 INFO rally.task.runner [-] Task 5a039800-2e53-45bc-ab41-f8317b8c0528 | ITER: 34 END: OK
2019-10-29 03:16:13.019 31477 INFO rally.task.runner [-] Task 5a039800-2e53-45bc-ab41-f8317b8c0528 | ITER: 45 START
2019-10-29 03:16:13.046 31499 INFO rally.task.runner [-] Task 5a039800-2e53-45bc-ab41-f8317b8c0528 | ITER: 36 END: OK
2019-10-29 03:16:13.049 31499 INFO rally.task.runner [-] Task 5a039800-2e53-45bc-ab41-f8317b8c0528 | ITER: 46 START
2019-10-29 03:16:13.113 31474 INFO rally.task.runner [-] Task 5a039800-2e53-45bc-ab41-f8317b8c0528 | ITER: 37 END: OK
2019-10-29 03:16:13.117 31474 INFO rally.task.runner [-] Task 5a039800-2e53-45bc-ab41-f8317b8c0528 | ITER: 47 START
2019-10-29 03:16:13.211 31481 INFO rally.task.runner [-] Task 5a039800-2e53-45bc-ab41-f8317b8c0528 | ITER: 40 END: OK
2019-10-29 03:16:13.214 31481 INFO rally.task.runner [-] Task 5a039800-2e53-45bc-ab41-f8317b8c0528 | ITER: 48 START
2019-10-29 03:16:13.275 31492 INFO rally.task.runner [-] Task 5a039800-2e53-45bc-ab41-f8317b8c0528 | ITER: 38 END: OK
2019-10-29 03:16:13.278 31492 INFO rally.task.runner [-] Task 5a039800-2e53-45bc-ab41-f8317b8c0528 | ITER: 49 START
2019-10-29 03:16:13.280 31488 INFO rally.task.runner [-] Task 5a039800-2e53-45bc-ab41-f8317b8c0528 | ITER: 39 END: OK
2019-10-29 03:16:13.284 31488 INFO rally.task.runner [-] Task 5a039800-2e53-45bc-ab41-f8317b8c0528 | ITER: 50 START
2019-10-29 03:16:13.300 31485 INFO rally.task.runner [-] Task 5a039800-2e53-45bc-ab41-f8317b8c0528 | ITER: 41 END: OK
2019-10-29 03:16:13.401 31475 INFO rally.task.runner [-] Task 5a039800-2e53-45bc-ab41-f8317b8c0528 | ITER: 42 END: OK
2019-10-29 03:16:13.435 31476 INFO rally.task.runner [-] Task 5a039800-2e53-45bc-ab41-f8317b8c0528 | ITER: 43 END: OK
2019-10-29 03:16:13.576 31496 INFO rally.task.runner [-] Task 5a039800-2e53-45bc-ab41-f8317b8c0528 | ITER: 44 END: OK
2019-10-29 03:16:13.614 31477 INFO rally.task.runner [-] Task 5a039800-2e53-45bc-ab41-f8317b8c0528 | ITER: 45 END: OK
2019-10-29 03:16:13.615 31499 INFO rally.task.runner [-] Task 5a039800-2e53-45bc-ab41-f8317b8c0528 | ITER: 46 END: OK
2019-10-29 03:16:13.696 31474 INFO rally.task.runner [-] Task 5a039800-2e53-45bc-ab41-f8317b8c0528 | ITER: 47 END: OK
2019-10-29 03:16:13.790 31481 INFO rally.task.runner [-] Task 5a039800-2e53-45bc-ab41-f8317b8c0528 | ITER: 48 END: OK
2019-10-29 03:16:13.828 31492 INFO rally.task.runner [-] Task 5a039800-2e53-45bc-ab41-f8317b8c0528 | ITER: 49 END: OK
2019-10-29 03:16:13.834 31488 INFO rally.task.runner [-] Task 5a039800-2e53-45bc-ab41-f8317b8c0528 | ITER: 50 END: OK
2019-10-29 03:16:13.859 22837 INFO rally.task.context [-] Task 5a039800-2e53-45bc-ab41-f8317b8c0528 | Context cleanup@openstack cleanup() started
2019-10-29 03:16:13.862 22837 RALLYDEBUG rally_openstack.cleanup.manager [-] Cleaning up neutron vip objects
2019-10-29 03:16:14.585 22837 RALLYDEBUG rally_openstack.cleanup.manager [-] Cleaning up neutron health_monitor objects
2019-10-29 03:16:15.311 22837 RALLYDEBUG rally_openstack.cleanup.manager [-] Cleaning up neutron pool objects
2019-10-29 03:16:16.040 22837 RALLYDEBUG rally_openstack.cleanup.manager [-] Cleaning up neutron loadbalancer objects
2019-10-29 03:16:16.792 22837 RALLYDEBUG rally_openstack.cleanup.manager [-] Cleaning up neutron floatingip objects
2019-10-29 03:16:17.617 22837 RALLYDEBUG rally_openstack.cleanup.manager [-] Cleaning up neutron trunk objects
2019-10-29 03:16:18.406 22837 RALLYDEBUG rally_openstack.cleanup.manager [-] Cleaning up neutron port objects
2019-10-29 03:16:19.426 22837 RALLYDEBUG rally_openstack.cleanup.manager [-] Cleaning up neutron subnet objects
2019-10-29 03:16:20.239 22837 RALLYDEBUG rally_openstack.cleanup.manager [-] Cleaning up neutron network objects
2019-10-29 03:16:21.036 22837 RALLYDEBUG rally_openstack.cleanup.manager [-] Cleaning up neutron router objects
2019-10-29 03:16:21.852 22837 RALLYDEBUG rally_openstack.cleanup.manager [-] Cleaning up neutron security_group objects
2019-10-29 03:16:23.466 22837 RALLYDEBUG rally_openstack.cleanup.manager [-] Deleting neutron.security_group object s_rally_c8e9dd0c_vl8QY172 (0c82d9aa-3a33-4058-962b-037f81e76013)
2019-10-29 03:16:23.475 22837 RALLYDEBUG rally_openstack.cleanup.manager [-] Deleting neutron.security_group object s_rally_c8e9dd0c_ByFm4G9b (0d67b78e-8438-4678-b654-91e5b9655848)
2019-10-29 03:16:23.484 22837 RALLYDEBUG rally_openstack.cleanup.manager [-] Deleting neutron.security_group object s_rally_c8e9dd0c_A56fgJSl (0fb1f43a-437e-4635-a202-5fbf22d3fdc0)
2019-10-29 03:16:23.488 22837 RALLYDEBUG rally_openstack.cleanup.manager [-] Deleting neutron.security_group object s_rally_c8e9dd0c_eIG8f5pl (1e0a12c5-98fe-4a20-978d-cec1cab0c3e0)
2019-10-29 03:16:23.500 22837 RALLYDEBUG rally_openstack.cleanup.manager [-] Deleting neutron.security_group object s_rally_c8e9dd0c_JfooQWFR (22ccf674-a6c3-4cc4-8ee7-1d8e86954b88)
2019-10-29 03:16:23.516 22837 RALLYDEBUG rally_openstack.cleanup.manager [-] Deleting neutron.security_group object s_rally_c8e9dd0c_fqf3IIxj (250f562d-f73b-4646-b3fd-711df93ed072)
2019-10-29 03:16:23.540 22837 RALLYDEBUG rally_openstack.cleanup.manager [-] Deleting neutron.security_group object s_rally_c8e9dd0c_arJqTHmk (2b8f2c7d-80f6-4226-9d2b-8746a55748b4)
2019-10-29 03:16:23.557 22837 RALLYDEBUG rally_openstack.cleanup.manager [-] Deleting neutron.security_group object s_rally_c8e9dd0c_5o58SLBd (2cd4eec6-cf42-4aa0-992b-ab98e83db1ee)
2019-10-29 03:16:23.560 22837 RALLYDEBUG rally_openstack.cleanup.manager [-] Deleting neutron.security_group object s_rally_c8e9dd0c_pqZKFhw5 (4448072e-5466-47a2-ab72-f77ff3330e56)
2019-10-29 03:16:23.563 22837 RALLYDEBUG rally_openstack.cleanup.manager [-] Deleting neutron.security_group object s_rally_c8e9dd0c_rzBW8Iu4 (4ced68a4-56ef-4909-9d0b-917d9cac0544)
2019-10-29 03:16:23.571 22837 RALLYDEBUG rally_openstack.cleanup.manager [-] Deleting neutron.security_group object s_rally_c8e9dd0c_xhc0g6tj (4f074752-4442-48e1-a02c-24f0456de33e)
2019-10-29 03:16:23.574 22837 RALLYDEBUG rally_openstack.cleanup.manager [-] Deleting neutron.security_group object s_rally_c8e9dd0c_6DILvyCS (57ac1cb4-bfcb-4c4e-abdb-ac9f71fee7cc)
2019-10-29 03:16:23.594 22837 RALLYDEBUG rally_openstack.cleanup.manager [-] Deleting neutron.security_group object s_rally_c8e9dd0c_vVeFmN1a (593a877f-2728-41b1-b929-e75f355a9252)
2019-10-29 03:16:23.598 22837 RALLYDEBUG rally_openstack.cleanup.manager [-] Deleting neutron.security_group object s_rally_c8e9dd0c_h4UD1VTx (5a3792fa-0db3-40cd-bb4d-36916284391a)
2019-10-29 03:16:23.608 22837 RALLYDEBUG rally_openstack.cleanup.manager [-] Deleting neutron.security_group object s_rally_c8e9dd0c_yCs8kqwb (5c406d0e-8171-40df-b359-63b00fc528d4)
2019-10-29 03:16:23.619 22837 RALLYDEBUG rally_openstack.cleanup.manager [-] Deleting neutron.security_group object s_rally_c8e9dd0c_zmuRpEER (5f049b6f-7329-470c-8289-ebaaf2554257)
2019-10-29 03:16:23.647 22837 RALLYDEBUG rally_openstack.cleanup.manager [-] Deleting neutron.security_group object s_rally_c8e9dd0c_CYVl2J2Q (5f36cb4c-0309-4ab6-aa4e-dd65d649260e)
2019-10-29 03:16:23.655 22837 RALLYDEBUG rally_openstack.cleanup.manager [-] Deleting neutron.security_group object s_rally_c8e9dd0c_GtZEqJIC (645b31a1-4998-41fc-9d1d-6d071d06918a)
2019-10-29 03:16:23.665 22837 RALLYDEBUG rally_openstack.cleanup.manager [-] Deleting neutron.security_group object s_rally_c8e9dd0c_FKNBLdye (715cf262-f411-422e-8b97-4b8933e3e083)
2019-10-29 03:16:23.678 22837 RALLYDEBUG rally_openstack.cleanup.manager [-] Deleting neutron.security_group object s_rally_c8e9dd0c_EeEQpF11 (9bcb65b9-3382-4004-a3ff-a112f367aa29)
2019-10-29 03:16:24.998 22837 RALLYDEBUG rally_openstack.cleanup.manager [-] Deleting neutron.security_group object s_rally_c8e9dd0c_DZPlu3gU (a272221f-c409-441f-96f8-932c772f14bb)
2019-10-29 03:16:25.083 22837 RALLYDEBUG rally_openstack.cleanup.manager [-] Deleting neutron.security_group object s_rally_c8e9dd0c_bsGHFL3m (a716a335-4f0a-446d-b7f0-cffb4653124e)
2019-10-29 03:16:25.169 22837 RALLYDEBUG rally_openstack.cleanup.manager [-] Deleting neutron.security_group object s_rally_c8e9dd0c_z2v5HSpv (ab2ee061-2842-4bac-a6b1-aee4f22fbfe0)
2019-10-29 03:16:25.177 22837 RALLYDEBUG rally_openstack.cleanup.manager [-] Deleting neutron.security_group object s_rally_c8e9dd0c_lbbT4FIl (b2a52263-cf08-49a5-b5da-2353cfe0259f)
2019-10-29 03:16:25.186 22837 RALLYDEBUG rally_openstack.cleanup.manager [-] Deleting neutron.security_group object s_rally_c8e9dd0c_ZrKwQOUZ (b34445b4-e008-4376-8936-5dc0e030a405)
2019-10-29 03:16:25.210 22837 RALLYDEBUG rally_openstack.cleanup.manager [-] Deleting neutron.security_group object s_rally_c8e9dd0c_XzROamcn (bc85c1fd-d03a-4204-945a-f80a294d67ab)
2019-10-29 03:16:25.252 22837 RALLYDEBUG rally_openstack.cleanup.manager [-] Deleting neutron.security_group object s_rally_c8e9dd0c_qrrRRcz1 (c9c5c011-8707-483a-ae82-800a44be4fb8)
2019-10-29 03:16:25.281 22837 RALLYDEBUG rally_openstack.cleanup.manager [-] Deleting neutron.security_group object s_rally_c8e9dd0c_brYr1YVO (d70e1dd4-3d11-4743-9a82-29781991767e)
2019-10-29 03:16:25.285 22837 RALLYDEBUG rally_openstack.cleanup.manager [-] Deleting neutron.security_group object s_rally_c8e9dd0c_YchbYgKa (db0ca0ae-7c71-4535-8f15-3be7426b0976)
2019-10-29 03:16:25.318 22837 RALLYDEBUG rally_openstack.cleanup.manager [-] Deleting neutron.security_group object s_rally_c8e9dd0c_nwLQlV91 (dbaa05ea-f2d2-4ad6-aa19-6e65fda6b012)
2019-10-29 03:16:25.326 22837 RALLYDEBUG rally_openstack.cleanup.manager [-] Deleting neutron.security_group object s_rally_c8e9dd0c_6wneyiwS (dfadd10f-f167-4f29-809b-8eb8f9aa7bd4)
2019-10-29 03:16:25.414 22837 RALLYDEBUG rally_openstack.cleanup.manager [-] Deleting neutron.security_group object s_rally_c8e9dd0c_Zrp8SbqB (e00c57a5-c8b5-44af-83a4-e8e44ec5a341)
2019-10-29 03:16:25.423 22837 RALLYDEBUG rally_openstack.cleanup.manager [-] Deleting neutron.security_group object s_rally_c8e9dd0c_hQUAaZQT (e839037d-f7a6-4c50-878c-34ebd2143c29)
2019-10-29 03:16:25.444 22837 RALLYDEBUG rally_openstack.cleanup.manager [-] Deleting neutron.security_group object s_rally_c8e9dd0c_gMTxCrzp (fc6478ac-8619-409a-bcb5-b6adf42004df)
2019-10-29 03:16:25.498 22837 RALLYDEBUG rally_openstack.cleanup.manager [-] Deleting neutron.security_group object s_rally_c8e9dd0c_8yXPftz4 (10842a8b-0fbb-4754-b33f-fcb3bcda013d)
2019-10-29 03:16:25.509 22837 RALLYDEBUG rally_openstack.cleanup.manager [-] Deleting neutron.security_group object s_rally_c8e9dd0c_eSYZpPfI (26cab98a-d8cb-48dd-9b63-105f8ae14952)
2019-10-29 03:16:25.526 22837 RALLYDEBUG rally_openstack.cleanup.manager [-] Deleting neutron.security_group object s_rally_c8e9dd0c_PdyVgg18 (28ddba40-9100-44dc-9b05-e960695bbb9d)
2019-10-29 03:16:25.537 22837 RALLYDEBUG rally_openstack.cleanup.manager [-] Deleting neutron.security_group object s_rally_c8e9dd0c_Esjfa7GN (5246ac07-8221-4c71-915f-d8b01ce6215d)
2019-10-29 03:16:25.572 22837 RALLYDEBUG rally_openstack.cleanup.manager [-] Deleting neutron.security_group object s_rally_c8e9dd0c_vzg3ikAS (553fad33-973f-43a2-a2bf-70e5192a9632)
2019-10-29 03:16:25.667 22837 RALLYDEBUG rally_openstack.cleanup.manager [-] Deleting neutron.security_group object s_rally_c8e9dd0c_GBAWupvs (70dccde1-7c3d-4d19-b8e3-1bc1c0793e66)
2019-10-29 03:16:26.477 22837 RALLYDEBUG rally_openstack.cleanup.manager [-] Deleting neutron.security_group object s_rally_c8e9dd0c_oQs6hxru (70e3cd59-af04-424b-8966-005b3ace14e1)
2019-10-29 03:16:26.586 22837 RALLYDEBUG rally_openstack.cleanup.manager [-] Deleting neutron.security_group object s_rally_c8e9dd0c_gOjdoR1D (89964dad-6958-46e4-99e1-30156643bea5)
2019-10-29 03:16:26.737 22837 RALLYDEBUG rally_openstack.cleanup.manager [-] Deleting neutron.security_group object s_rally_c8e9dd0c_OQxw02wS (9a2c123a-bb59-4f0b-8536-28c0421974bc)
2019-10-29 03:16:26.754 22837 RALLYDEBUG rally_openstack.cleanup.manager [-] Deleting neutron.security_group object s_rally_c8e9dd0c_9VihFl1r (9ea31b6f-5f20-4ff0-beca-04c5efeca282)
2019-10-29 03:16:26.820 22837 RALLYDEBUG rally_openstack.cleanup.manager [-] Deleting neutron.security_group object s_rally_c8e9dd0c_UxN8QaiN (b80c1374-eab0-4bae-82d7-8c17b344f063)
2019-10-29 03:16:26.854 22837 RALLYDEBUG rally_openstack.cleanup.manager [-] Deleting neutron.security_group object s_rally_c8e9dd0c_5xaJdsUl (c71668a2-8e3f-47d1-b01b-56c61dbf3c46)
2019-10-29 03:16:26.873 22837 RALLYDEBUG rally_openstack.cleanup.manager [-] Deleting neutron.security_group object s_rally_c8e9dd0c_JcyReiL3 (d49c60bd-bb4d-402a-8dc7-108e071b77aa)
2019-10-29 03:16:26.880 22837 RALLYDEBUG rally_openstack.cleanup.manager [-] Deleting neutron.security_group object s_rally_c8e9dd0c_z7WpoEqJ (df68bb84-9a5e-44d9-bfc8-67e8abc9920b)
2019-10-29 03:16:26.902 22837 RALLYDEBUG rally_openstack.cleanup.manager [-] Deleting neutron.security_group object s_rally_c8e9dd0c_1PYRsF1M (eb7dd973-640b-47df-81b3-f4cbee8f5e78)
2019-10-29 03:16:26.928 22837 RALLYDEBUG rally_openstack.cleanup.manager [-] Deleting neutron.security_group object s_rally_c8e9dd0c_D5kBoQEn (f9fb5ebc-3ee4-4ff0-bce7-55311ffda35b)
2019-10-29 03:16:28.407 22837 INFO rally.task.context [-] Task 5a039800-2e53-45bc-ab41-f8317b8c0528 | Context cleanup@openstack cleanup() finished in 14.55 sec
2019-10-29 03:16:28.408 22837 INFO rally.task.context [-] Task 5a039800-2e53-45bc-ab41-f8317b8c0528 | Context quotas@openstack cleanup() started
2019-10-29 03:16:28.526 22837 INFO rally.task.context [-] Task 5a039800-2e53-45bc-ab41-f8317b8c0528 | Context quotas@openstack cleanup() finished in 0.12 sec
2019-10-29 03:16:28.526 22837 INFO rally.task.context [-] Task 5a039800-2e53-45bc-ab41-f8317b8c0528 | Context users@openstack cleanup() started
2019-10-29 03:16:31.908 22837 INFO rally.task.context [-] Task 5a039800-2e53-45bc-ab41-f8317b8c0528 | Context users@openstack cleanup() finished in 3.38 sec
2019-10-29 03:16:32.571 22837 INFO rally.task.engine [-] Load duration is: 4.010571
2019-10-29 03:16:32.571 22837 INFO rally.task.engine [-] Full runner duration is: 4.055697
2019-10-29 03:16:32.571 22837 INFO rally.task.engine [-] Full duration is: 25.479309
2019-10-29 03:16:32.897 22837 INFO rally.task.engine [-] Task 5a039800-2e53-45bc-ab41-f8317b8c0528 | Completed: Running task.
2019-10-29 03:16:34.761 31814 RALLYDEBUG rally.api [-] INFO logs from urllib3 and requests module are hide.
2019-10-29 03:16:34.762 31814 RALLYDEBUG rally.api [-] urllib3 insecure warnings are hidden.
2019-10-29 03:16:34.762 31814 RALLYDEBUG rally.api [-] ERROR log from boto module is hide.
2019-10-29 03:16:36.041 31815 RALLYDEBUG rally.api [-] INFO logs from urllib3 and requests module are hide.
2019-10-29 03:16:36.041 31815 RALLYDEBUG rally.api [-] urllib3 insecure warnings are hidden.
2019-10-29 03:16:36.041 31815 RALLYDEBUG rally.api [-] ERROR log from boto module is hide.
2019-10-29 03:16:37.635 31816 RALLYDEBUG rally.api [-] INFO logs from urllib3 and requests module are hide.
2019-10-29 03:16:37.636 31816 RALLYDEBUG rally.api [-] urllib3 insecure warnings are hidden.
2019-10-29 03:16:37.636 31816 RALLYDEBUG rally.api [-] ERROR log from boto module is hide.
2019-10-29 03:16:39.045 31816 INFO rally.common.plugin.discover [-] Loading plugins from directories /root/.rally/plugins/*
2019-10-29 03:16:39.046 31816 INFO rally.common.plugin.discover [-] Loaded module with plugins: /root/.rally/plugins/__init__.py
2019-10-29 03:16:39.208 31816 INFO rally.api [-] Building 'json' report for the following task(s): '5a039800-2e53-45bc-ab41-f8317b8c0528'.
2019-10-29 03:16:39.392 31816 INFO rally.api [-] The report has been successfully built.
2019-10-29 03:16:40.909 31818 RALLYDEBUG rally.api [-] INFO logs from urllib3 and requests module are hide.
2019-10-29 03:16:40.910 31818 RALLYDEBUG rally.api [-] urllib3 insecure warnings are hidden.
2019-10-29 03:16:40.910 31818 RALLYDEBUG rally.api [-] ERROR log from boto module is hide.
2019-10-29 03:16:42.451 31818 INFO rally.common.plugin.discover [-] Loading plugins from directories /root/.rally/plugins/*
2019-10-29 03:16:42.451 31818 INFO rally.common.plugin.discover [-] Loaded module with plugins: /root/.rally/plugins/__init__.py
2019-10-29 03:16:42.621 31818 INFO rally.api [-] Building 'html' report for the following task(s): '5a039800-2e53-45bc-ab41-f8317b8c0528'.
2019-10-29 03:16:42.804 31818 INFO rally.api [-] The report has been successfully built.
2019-10-29 03:16:44.088 31820 RALLYDEBUG rally.api [-] INFO logs from urllib3 and requests module are hide.
2019-10-29 03:16:44.089 31820 RALLYDEBUG rally.api [-] urllib3 insecure warnings are hidden.
2019-10-29 03:16:44.089 31820 RALLYDEBUG rally.api [-] ERROR log from boto module is hide.
2019-10-29 03:16:45.646 31820 INFO rally.common.plugin.discover [-] Loading plugins from directories /root/.rally/plugins/*
2019-10-29 03:16:45.647 31820 INFO rally.common.plugin.discover [-] Loaded module with plugins: /root/.rally/plugins/__init__.py
2019-10-29 03:16:45.818 31820 INFO rally.api [-] Building 'junit-xml' report for the following task(s): '5a039800-2e53-45bc-ab41-f8317b8c0528'.
2019-10-29 03:16:45.823 31820 INFO rally.api [-] The report has been successfully built.