2019-10-29 00:13:31.474 3236 RALLYDEBUG rally.task.utils [-] Waiting for resource s_rally_bab75c9e_hNOaXdcI. Status changed: AVAILABLE => DELETING in 0.029520034790039062
2019-10-29 00:13:31.693 3234 RALLYDEBUG rally.task.utils [-] Waiting for resource s_rally_bab75c9e_bQ9udx4Q. Status changed: DETACHING => AVAILABLE in 2.441117525100708
2019-10-29 00:13:31.783 3234 RALLYDEBUG rally.task.utils [-] Waiting for resource s_rally_bab75c9e_tZXDzDiG. Status changed: AVAILABLE => DELETING in 0.026598453521728516
2019-10-29 00:13:33.396 3235 RALLYDEBUG rally.task.utils [-] Waiting for resource s_rally_bab75c9e_57qjUMrr. Status changed: DETACHING => AVAILABLE in 2.4092257022857666
2019-10-29 00:13:33.483 3235 RALLYDEBUG rally.task.utils [-] Waiting for resource s_rally_bab75c9e_4CqrjVUk. Status changed: AVAILABLE => DELETING in 0.030152082443237305
2019-10-29 00:13:33.610 3236 RALLYDEBUG rally.task.utils [-] Waiting for resource s_rally_bab75c9e_R5HJy9wT. Status changed: AVAILABLE => DELETING in 0.05377507209777832
2019-10-29 00:13:33.945 3234 RALLYDEBUG rally.task.utils [-] Waiting for resource s_rally_bab75c9e_bQ9udx4Q. Status changed: AVAILABLE => DELETING in 0.07387471199035645
2019-10-29 00:13:35.532 3233 INFO rally.task.runner [-] Task b00f7ca6-c9e2-4a16-bd7b-5f016dcebeb6 | ITER: 5 END: OK
2019-10-29 00:13:35.535 3233 INFO rally.task.runner [-] Task b00f7ca6-c9e2-4a16-bd7b-5f016dcebeb6 | ITER: 9 START
2019-10-29 00:13:35.640 3235 RALLYDEBUG rally.task.utils [-] Waiting for resource s_rally_bab75c9e_57qjUMrr. Status changed: AVAILABLE => DELETING in 0.060906171798706055
2019-10-29 00:13:38.077 3236 INFO rally.task.runner [-] Task b00f7ca6-c9e2-4a16-bd7b-5f016dcebeb6 | ITER: 7 END: OK
2019-10-29 00:13:38.081 3236 INFO rally.task.runner [-] Task b00f7ca6-c9e2-4a16-bd7b-5f016dcebeb6 | ITER: 10 START
2019-10-29 00:13:38.352 3234 INFO rally.task.runner [-] Task b00f7ca6-c9e2-4a16-bd7b-5f016dcebeb6 | ITER: 6 END: OK
2019-10-29 00:13:40.187 3235 INFO rally.task.runner [-] Task b00f7ca6-c9e2-4a16-bd7b-5f016dcebeb6 | ITER: 8 END: OK
2019-10-29 00:13:49.311 3233 RALLYDEBUG rally.task.utils [-] Waiting for resource s_rally_bab75c9e_FkUqpTlS. Status changed: BUILD => ACTIVE in 6.8577117919921875
2019-10-29 00:13:49.997 3233 RALLYDEBUG rally.task.utils [-] Waiting for resource s_rally_bab75c9e_yncObHPC. Status changed: AVAILABLE => RESERVED in 0.41237640380859375
2019-10-29 00:13:51.727 3236 RALLYDEBUG rally.task.utils [-] Waiting for resource s_rally_bab75c9e_FAgIdaWa. Status changed: BUILD => ACTIVE in 6.774883985519409
2019-10-29 00:13:52.402 3233 RALLYDEBUG rally.task.utils [-] Waiting for resource s_rally_bab75c9e_yncObHPC. Status changed: RESERVED => IN-USE in 2.4050121307373047
2019-10-29 00:13:52.411 3236 RALLYDEBUG rally.task.utils [-] Waiting for resource s_rally_bab75c9e_12pwJdxj. Status changed: AVAILABLE => RESERVED in 0.4082648754119873
2019-10-29 00:13:52.968 3233 RALLYDEBUG rally.task.utils [-] Waiting for resource s_rally_bab75c9e_yncObHPC. Status changed: AVAILABLE => DETACHING in 0.41263318061828613
2019-10-29 00:13:54.837 3236 RALLYDEBUG rally.task.utils [-] Waiting for resource s_rally_bab75c9e_12pwJdxj. Status changed: RESERVED => IN-USE in 2.4259605407714844
2019-10-29 00:13:55.379 3233 RALLYDEBUG rally.task.utils [-] Waiting for resource s_rally_bab75c9e_yncObHPC. Status changed: DETACHING => AVAILABLE in 2.4108402729034424
2019-10-29 00:13:55.433 3236 RALLYDEBUG rally.task.utils [-] Waiting for resource s_rally_bab75c9e_12pwJdxj. Status changed: AVAILABLE => DETACHING in 0.41257166862487793
2019-10-29 00:13:55.482 3233 RALLYDEBUG rally.task.utils [-] Waiting for resource s_rally_bab75c9e_uwrj2xAn. Status changed: AVAILABLE => DELETING in 0.025070905685424805
2019-10-29 00:13:57.639 3233 RALLYDEBUG rally.task.utils [-] Waiting for resource s_rally_bab75c9e_yncObHPC. Status changed: AVAILABLE => DELETING in 0.05869102478027344
2019-10-29 00:13:57.866 3236 RALLYDEBUG rally.task.utils [-] Waiting for resource s_rally_bab75c9e_12pwJdxj. Status changed: DETACHING => AVAILABLE in 2.4336442947387695
2019-10-29 00:13:57.972 3236 RALLYDEBUG rally.task.utils [-] Waiting for resource s_rally_bab75c9e_I2po6z2s. Status changed: AVAILABLE => DELETING in 0.02875685691833496
2019-10-29 00:14:00.127 3236 RALLYDEBUG rally.task.utils [-] Waiting for resource s_rally_bab75c9e_12pwJdxj. Status changed: AVAILABLE => DELETING in 0.06962728500366211
2019-10-29 00:14:02.098 3233 INFO rally.task.runner [-] Task b00f7ca6-c9e2-4a16-bd7b-5f016dcebeb6 | ITER: 9 END: OK
2019-10-29 00:14:04.538 3236 INFO rally.task.runner [-] Task b00f7ca6-c9e2-4a16-bd7b-5f016dcebeb6 | ITER: 10 END: OK
2019-10-29 00:14:04.567 1845 INFO rally.task.context [-] Task b00f7ca6-c9e2-4a16-bd7b-5f016dcebeb6 | Context cleanup@openstack cleanup() started
2019-10-29 00:14:04.572 1845 RALLYDEBUG rally_openstack.cleanup.manager [-] Cleaning up nova servers objects
2019-10-29 00:14:06.081 1845 RALLYDEBUG rally_openstack.cleanup.manager [-] Cleaning up nova server_groups objects
2019-10-29 00:14:07.175 1845 RALLYDEBUG rally_openstack.cleanup.manager [-] Cleaning up nova keypairs objects
2019-10-29 00:14:09.366 1845 RALLYDEBUG rally_openstack.cleanup.manager [-] Cleaning up cinder backups objects
2019-10-29 00:14:10.472 1845 RALLYDEBUG rally_openstack.cleanup.manager [-] Cleaning up cinder volume_snapshots objects
2019-10-29 00:14:11.593 1845 RALLYDEBUG rally_openstack.cleanup.manager [-] Cleaning up cinder transfers objects
2019-10-29 00:14:12.693 1845 RALLYDEBUG rally_openstack.cleanup.manager [-] Cleaning up cinder volumes objects
2019-10-29 00:14:13.894 1845 INFO rally.task.context [-] Task b00f7ca6-c9e2-4a16-bd7b-5f016dcebeb6 | Context cleanup@openstack cleanup() finished in 9.33 sec
2019-10-29 00:14:13.894 1845 INFO rally.task.context [-] Task b00f7ca6-c9e2-4a16-bd7b-5f016dcebeb6 | Context quotas@openstack cleanup() started
2019-10-29 00:14:13.963 1845 INFO rally.task.context [-] Task b00f7ca6-c9e2-4a16-bd7b-5f016dcebeb6 | Context quotas@openstack cleanup() finished in 68.42 msec
2019-10-29 00:14:13.963 1845 INFO rally.task.context [-] Task b00f7ca6-c9e2-4a16-bd7b-5f016dcebeb6 | Context api_versions@openstack cleanup() started
2019-10-29 00:14:13.964 1845 INFO rally.task.context [-] Task b00f7ca6-c9e2-4a16-bd7b-5f016dcebeb6 | Context api_versions@openstack cleanup() finished in 0.33 msec
2019-10-29 00:14:13.964 1845 INFO rally.task.context [-] Task b00f7ca6-c9e2-4a16-bd7b-5f016dcebeb6 | Context users@openstack cleanup() started
2019-10-29 00:14:18.019 1845 INFO rally.task.context [-] Task b00f7ca6-c9e2-4a16-bd7b-5f016dcebeb6 | Context users@openstack cleanup() finished in 4.05 sec
2019-10-29 00:14:18.578 1845 INFO rally.task.engine [-] Load duration is: 76.565996
2019-10-29 00:14:18.579 1845 INFO rally.task.engine [-] Full runner duration is: 77.618969
2019-10-29 00:14:18.579 1845 INFO rally.task.engine [-] Full duration is: 95.858076
2019-10-29 00:14:18.980 1845 INFO rally.task.engine [-] Running workload: position = 0 config = { "version": 2, "title": "A cropped version of a bigger task.", "description": "Auto-generated task from a single workload (uuid=81ae3442-6d54-4a14-b7a9-c28b79b9ae23)", "subtasks": [ { "title": "CinderVolumes.create_volume", "description": "Create a volume.", "scenario": { "CinderVolumes.create_volume": { "size": 1 } }, "contexts": { "users": { "tenants": 3, "users_per_tenant": 2 }, "api_versions": { "cinder": { "version": 3, "service_type": "volumev3" } } }, "runner": { "constant": { "concurrency": 4, "times": 10 } }, "hooks": [], "sla": { "failure_rate": { "max": 0 } } } ] }
2019-10-29 00:14:19.005 1845 RALLYDEBUG rally_openstack.contexts.keystone.users [-] Creating 3 tenants using 20 threads
2019-10-29 00:14:20.077 1845 RALLYDEBUG rally_openstack.contexts.keystone.users [-] Creating 6 users using 20 threads
2019-10-29 00:14:21.618 1845 INFO rally.task.context [-] Task b00f7ca6-c9e2-4a16-bd7b-5f016dcebeb6 | Context users@openstack setup() finished in 2.61 sec
2019-10-29 00:14:22.030 1845 INFO rally.task.context [-] Task b00f7ca6-c9e2-4a16-bd7b-5f016dcebeb6 | Context api_versions@openstack setup() finished in 0.41 sec
2019-10-29 00:14:22.031 1845 INFO rally.task.context [-] Task b00f7ca6-c9e2-4a16-bd7b-5f016dcebeb6 | Context cleanup@openstack setup() finished in 0.02 msec
2019-10-29 00:14:22.040 1845 RALLYDEBUG rally.task.runner [-] Starting the constant runner (task UUID: b00f7ca6-c9e2-4a16-bd7b-5f016dcebeb6). times: 10 concurrency: 4 timeout: 0 max_cpu_used: 16 processes_to_start: 4 concurrency_per_worker: 1 concurrency_overhead: 0
2019-10-29 00:14:22.052 3477 RALLYDEBUG rally.task.runner [-] Starting a worker. times: 10 duration: None concurrency: 1 timeout: 0 cls: method_name: run args: {"size": 1}
2019-10-29 00:14:22.055 3478 RALLYDEBUG rally.task.runner [-] Starting a worker. times: 10 duration: None concurrency: 1 timeout: 0 cls: method_name: run args: {"size": 1}
2019-10-29 00:14:22.059 3477 INFO rally.task.runner [-] Task b00f7ca6-c9e2-4a16-bd7b-5f016dcebeb6 | ITER: 1 START
2019-10-29 00:14:22.060 3478 INFO rally.task.runner [-] Task b00f7ca6-c9e2-4a16-bd7b-5f016dcebeb6 | ITER: 2 START
2019-10-29 00:14:22.059 3479 RALLYDEBUG rally.task.runner [-] Starting a worker. times: 10 duration: None concurrency: 1 timeout: 0 cls: method_name: run args: {"size": 1}
2019-10-29 00:14:22.063 3481 RALLYDEBUG rally.task.runner [-] Starting a worker. times: 10 duration: None concurrency: 1 timeout: 0 cls: method_name: run args: {"size": 1}
2019-10-29 00:14:22.066 3479 INFO rally.task.runner [-] Task b00f7ca6-c9e2-4a16-bd7b-5f016dcebeb6 | ITER: 3 START
2019-10-29 00:14:22.070 3481 INFO rally.task.runner [-] Task b00f7ca6-c9e2-4a16-bd7b-5f016dcebeb6 | ITER: 4 START
2019-10-29 00:14:24.893 3477 INFO rally.task.runner [-] Task b00f7ca6-c9e2-4a16-bd7b-5f016dcebeb6 | ITER: 1 END: OK
2019-10-29 00:14:24.897 3477 INFO rally.task.runner [-] Task b00f7ca6-c9e2-4a16-bd7b-5f016dcebeb6 | ITER: 5 START
2019-10-29 00:14:24.913 3481 INFO rally.task.runner [-] Task b00f7ca6-c9e2-4a16-bd7b-5f016dcebeb6 | ITER: 4 END: OK
2019-10-29 00:14:24.917 3481 INFO rally.task.runner [-] Task b00f7ca6-c9e2-4a16-bd7b-5f016dcebeb6 | ITER: 6 START
2019-10-29 00:14:24.931 3479 INFO rally.task.runner [-] Task b00f7ca6-c9e2-4a16-bd7b-5f016dcebeb6 | ITER: 3 END: OK
2019-10-29 00:14:24.935 3479 INFO rally.task.runner [-] Task b00f7ca6-c9e2-4a16-bd7b-5f016dcebeb6 | ITER: 7 START
2019-10-29 00:14:25.019 3478 INFO rally.task.runner [-] Task b00f7ca6-c9e2-4a16-bd7b-5f016dcebeb6 | ITER: 2 END: OK
2019-10-29 00:14:25.023 3478 INFO rally.task.runner [-] Task b00f7ca6-c9e2-4a16-bd7b-5f016dcebeb6 | ITER: 8 START
2019-10-29 00:14:27.595 3477 INFO rally.task.runner [-] Task b00f7ca6-c9e2-4a16-bd7b-5f016dcebeb6 | ITER: 5 END: OK
2019-10-29 00:14:27.599 3477 INFO rally.task.runner [-] Task b00f7ca6-c9e2-4a16-bd7b-5f016dcebeb6 | ITER: 9 START
2019-10-29 00:14:27.606 3481 INFO rally.task.runner [-] Task b00f7ca6-c9e2-4a16-bd7b-5f016dcebeb6 | ITER: 6 END: OK
2019-10-29 00:14:27.610 3481 INFO rally.task.runner [-] Task b00f7ca6-c9e2-4a16-bd7b-5f016dcebeb6 | ITER: 10 START
2019-10-29 00:14:27.674 3478 INFO rally.task.runner [-] Task b00f7ca6-c9e2-4a16-bd7b-5f016dcebeb6 | ITER: 8 END: OK
2019-10-29 00:14:27.688 3479 INFO rally.task.runner [-] Task b00f7ca6-c9e2-4a16-bd7b-5f016dcebeb6 | ITER: 7 END: OK
2019-10-29 00:14:30.407 3481 INFO rally.task.runner [-] Task b00f7ca6-c9e2-4a16-bd7b-5f016dcebeb6 | ITER: 10 END: OK
2019-10-29 00:14:30.426 3477 INFO rally.task.runner [-] Task b00f7ca6-c9e2-4a16-bd7b-5f016dcebeb6 | ITER: 9 END: OK
2019-10-29 00:14:30.453 1845 INFO rally.task.context [-] Task b00f7ca6-c9e2-4a16-bd7b-5f016dcebeb6 | Context cleanup@openstack cleanup() started
2019-10-29 00:14:30.457 1845 RALLYDEBUG rally_openstack.cleanup.manager [-] Cleaning up cinder backups objects
2019-10-29 00:14:31.650 1845 RALLYDEBUG rally_openstack.cleanup.manager [-] Cleaning up cinder volume_snapshots objects
2019-10-29 00:14:32.800 1845 RALLYDEBUG rally_openstack.cleanup.manager [-] Cleaning up cinder transfers objects
2019-10-29 00:14:33.962 1845 RALLYDEBUG rally_openstack.cleanup.manager [-] Cleaning up cinder volumes objects
2019-10-29 00:14:35.197 1845 RALLYDEBUG rally_openstack.cleanup.manager [-] Deleting cinder.volumes object s_rally_81ae3442_hF8DcFCA (a45e4270-77b9-4d98-8a55-90dde2d20e5e)
2019-10-29 00:14:35.201 1845 RALLYDEBUG rally_openstack.cleanup.manager [-] Deleting cinder.volumes object s_rally_81ae3442_weBxpvZm (38d1ae35-04db-4e55-97ef-bf79285f2cd2)
2019-10-29 00:14:35.209 1845 RALLYDEBUG rally_openstack.cleanup.manager [-] Deleting cinder.volumes object s_rally_81ae3442_hDjiqDNm (8e902648-c28b-4a76-a550-8b131df1e080)
2019-10-29 00:14:35.218 1845 RALLYDEBUG rally_openstack.cleanup.manager [-] Deleting cinder.volumes object s_rally_81ae3442_pPxFFq7F (12fc204c-b65e-416f-b3dd-bf064d0c04b7)
2019-10-29 00:14:35.229 1845 RALLYDEBUG rally_openstack.cleanup.manager [-] Deleting cinder.volumes object s_rally_81ae3442_0La728Pu (138c01c4-1640-4872-ae1b-e6fcd21542dc)
2019-10-29 00:14:35.237 1845 RALLYDEBUG rally_openstack.cleanup.manager [-] Deleting cinder.volumes object s_rally_81ae3442_ePPl4RBr (0175c7ac-28b4-4955-8055-77f1eee6dcc7)
2019-10-29 00:14:35.254 1845 RALLYDEBUG rally_openstack.cleanup.manager [-] Deleting cinder.volumes object s_rally_81ae3442_S46fdDmA (0abf6211-f35d-4c16-b41e-849ce8923e30)
2019-10-29 00:14:35.265 1845 RALLYDEBUG rally_openstack.cleanup.manager [-] Deleting cinder.volumes object s_rally_81ae3442_uXVbGlk5 (29363e05-adb7-4d55-87ea-1fae561a8446)
2019-10-29 00:14:35.281 1845 RALLYDEBUG rally_openstack.cleanup.manager [-] Deleting cinder.volumes object s_rally_81ae3442_EEqhWUck (1a87b4a6-9bcd-4ea6-9cdd-72faa51018e4)
2019-10-29 00:14:35.291 1845 RALLYDEBUG rally_openstack.cleanup.manager [-] Deleting cinder.volumes object s_rally_81ae3442_t2yEfcXF (037477fc-b6cd-42ed-a3ef-0d4fb7b80335)
2019-10-29 00:14:38.945 1845 INFO rally.task.context [-] Task b00f7ca6-c9e2-4a16-bd7b-5f016dcebeb6 | Context cleanup@openstack cleanup() finished in 8.49 sec
2019-10-29 00:14:38.946 1845 INFO rally.task.context [-] Task b00f7ca6-c9e2-4a16-bd7b-5f016dcebeb6 | Context api_versions@openstack cleanup() started
2019-10-29 00:14:38.946 1845 INFO rally.task.context [-] Task b00f7ca6-c9e2-4a16-bd7b-5f016dcebeb6 | Context api_versions@openstack cleanup() finished in 0.42 msec
2019-10-29 00:14:38.947 1845 INFO rally.task.context [-] Task b00f7ca6-c9e2-4a16-bd7b-5f016dcebeb6 | Context users@openstack cleanup() started
2019-10-29 00:14:43.269 1845 INFO rally.task.context [-] Task b00f7ca6-c9e2-4a16-bd7b-5f016dcebeb6 | Context users@openstack cleanup() finished in 4.32 sec
2019-10-29 00:14:45.182 1845 INFO rally.task.engine [-] Load duration is: 8.362073
2019-10-29 00:14:45.183 1845 INFO rally.task.engine [-] Full runner duration is: 8.413412
2019-10-29 00:14:45.183 1845 INFO rally.task.engine [-] Full duration is: 24.266543
2019-10-29 00:14:45.411 1845 INFO rally.task.engine [-] Running workload: position = 1 config = { "version": 2, "title": "A cropped version of a bigger task.", "description": "Auto-generated task from a single workload (uuid=9e41e45f-f451-4092-81fe-c76183c4872b)", "subtasks": [ { "title": "CinderVolumes.create_volume", "description": "Create a volume.", "scenario": { "CinderVolumes.create_volume": { "size": { "min": 1, "max": 1 } } }, "contexts": { "users": { "tenants": 3, "users_per_tenant": 2 }, "quotas": { "cinder": { "gigabytes": -1, "snapshots": -1, "volumes": -1 } }, "api_versions": { "cinder": { "version": 3, "service_type": "volumev3" } } }, "runner": { "constant": { "concurrency": 4, "times": 10 } }, "hooks": [], "sla": { "failure_rate": { "max": 0 } } } ] }
2019-10-29 00:14:45.437 1845 RALLYDEBUG rally_openstack.contexts.keystone.users [-] Creating 3 tenants using 20 threads
2019-10-29 00:14:46.411 1845 RALLYDEBUG rally_openstack.contexts.keystone.users [-] Creating 6 users using 20 threads
2019-10-29 00:14:47.933 1845 INFO rally.task.context [-] Task b00f7ca6-c9e2-4a16-bd7b-5f016dcebeb6 | Context users@openstack setup() finished in 2.50 sec
2019-10-29 00:14:48.342 1845 INFO rally.task.context [-] Task b00f7ca6-c9e2-4a16-bd7b-5f016dcebeb6 | Context api_versions@openstack setup() finished in 0.41 sec
2019-10-29 00:14:49.220 1845 INFO rally.task.context [-] Task b00f7ca6-c9e2-4a16-bd7b-5f016dcebeb6 | Context quotas@openstack setup() finished in 0.88 sec
2019-10-29 00:14:49.221 1845 INFO rally.task.context [-] Task b00f7ca6-c9e2-4a16-bd7b-5f016dcebeb6 | Context cleanup@openstack setup() finished in 0.01 msec
2019-10-29 00:14:49.230 1845 RALLYDEBUG rally.task.runner [-] Starting the constant runner (task UUID: b00f7ca6-c9e2-4a16-bd7b-5f016dcebeb6). times: 10 concurrency: 4 timeout: 0 max_cpu_used: 16 processes_to_start: 4 concurrency_per_worker: 1 concurrency_overhead: 0
2019-10-29 00:14:49.242 3661 RALLYDEBUG rally.task.runner [-] Starting a worker. times: 10 duration: None concurrency: 1 timeout: 0 cls: method_name: run args: {"size": {"min": 1, "max": 1}}
2019-10-29 00:14:49.245 3662 RALLYDEBUG rally.task.runner [-] Starting a worker. times: 10 duration: None concurrency: 1 timeout: 0 cls: method_name: run args: {"size": {"min": 1, "max": 1}}
2019-10-29 00:14:49.249 3661 INFO rally.task.runner [-] Task b00f7ca6-c9e2-4a16-bd7b-5f016dcebeb6 | ITER: 1 START
2019-10-29 00:14:49.249 3663 RALLYDEBUG rally.task.runner [-] Starting a worker. times: 10 duration: None concurrency: 1 timeout: 0 cls: method_name: run args: {"size": {"min": 1, "max": 1}}
2019-10-29 00:14:49.252 3662 INFO rally.task.runner [-] Task b00f7ca6-c9e2-4a16-bd7b-5f016dcebeb6 | ITER: 2 START
2019-10-29 00:14:49.253 3665 RALLYDEBUG rally.task.runner [-] Starting a worker. times: 10 duration: None concurrency: 1 timeout: 0 cls: method_name: run args: {"size": {"min": 1, "max": 1}}
2019-10-29 00:14:49.256 3663 INFO rally.task.runner [-] Task b00f7ca6-c9e2-4a16-bd7b-5f016dcebeb6 | ITER: 3 START
2019-10-29 00:14:49.259 3665 INFO rally.task.runner [-] Task b00f7ca6-c9e2-4a16-bd7b-5f016dcebeb6 | ITER: 4 START
2019-10-29 00:14:52.072 3661 INFO rally.task.runner [-] Task b00f7ca6-c9e2-4a16-bd7b-5f016dcebeb6 | ITER: 1 END: OK
2019-10-29 00:14:52.074 3662 INFO rally.task.runner [-] Task b00f7ca6-c9e2-4a16-bd7b-5f016dcebeb6 | ITER: 2 END: OK
2019-10-29 00:14:52.076 3661 INFO rally.task.runner [-] Task b00f7ca6-c9e2-4a16-bd7b-5f016dcebeb6 | ITER: 5 START
2019-10-29 00:14:52.079 3662 INFO rally.task.runner [-] Task b00f7ca6-c9e2-4a16-bd7b-5f016dcebeb6 | ITER: 6 START
2019-10-29 00:14:52.084 3663 INFO rally.task.runner [-] Task b00f7ca6-c9e2-4a16-bd7b-5f016dcebeb6 | ITER: 3 END: OK
2019-10-29 00:14:52.088 3663 INFO rally.task.runner [-] Task b00f7ca6-c9e2-4a16-bd7b-5f016dcebeb6 | ITER: 7 START
2019-10-29 00:14:52.093 3665 INFO rally.task.runner [-] Task b00f7ca6-c9e2-4a16-bd7b-5f016dcebeb6 | ITER: 4 END: OK
2019-10-29 00:14:52.098 3665 INFO rally.task.runner [-] Task b00f7ca6-c9e2-4a16-bd7b-5f016dcebeb6 | ITER: 8 START
2019-10-29 00:14:54.756 3661 INFO rally.task.runner [-] Task b00f7ca6-c9e2-4a16-bd7b-5f016dcebeb6 | ITER: 5 END: OK
2019-10-29 00:14:54.760 3661 INFO rally.task.runner [-] Task b00f7ca6-c9e2-4a16-bd7b-5f016dcebeb6 | ITER: 9 START
2019-10-29 00:14:54.767 3663 INFO rally.task.runner [-] Task b00f7ca6-c9e2-4a16-bd7b-5f016dcebeb6 | ITER: 7 END: OK
2019-10-29 00:14:54.771 3663 INFO rally.task.runner [-] Task b00f7ca6-c9e2-4a16-bd7b-5f016dcebeb6 | ITER: 10 START
2019-10-29 00:14:54.851 3665 INFO rally.task.runner [-] Task b00f7ca6-c9e2-4a16-bd7b-5f016dcebeb6 | ITER: 8 END: OK
2019-10-29 00:14:54.973 3662 INFO rally.task.runner [-] Task b00f7ca6-c9e2-4a16-bd7b-5f016dcebeb6 | ITER: 6 END: OK
2019-10-29 00:14:57.457 3663 INFO rally.task.runner [-] Task b00f7ca6-c9e2-4a16-bd7b-5f016dcebeb6 | ITER: 10 END: OK
2019-10-29 00:14:57.457 3661 INFO rally.task.runner [-] Task b00f7ca6-c9e2-4a16-bd7b-5f016dcebeb6 | ITER: 9 END: OK
2019-10-29 00:14:57.486 1845 INFO rally.task.context [-] Task b00f7ca6-c9e2-4a16-bd7b-5f016dcebeb6 | Context cleanup@openstack cleanup() started
2019-10-29 00:14:57.490 1845 RALLYDEBUG rally_openstack.cleanup.manager [-] Cleaning up cinder backups objects
2019-10-29 00:14:58.684 1845 RALLYDEBUG rally_openstack.cleanup.manager [-] Cleaning up cinder volume_snapshots objects
2019-10-29 00:14:59.825 1845 RALLYDEBUG rally_openstack.cleanup.manager [-] Cleaning up cinder transfers objects
2019-10-29 00:15:01.243 1845 RALLYDEBUG rally_openstack.cleanup.manager [-] Cleaning up cinder volumes objects
2019-10-29 00:15:02.454 1845 RALLYDEBUG rally_openstack.cleanup.manager [-] Deleting cinder.volumes object s_rally_9e41e45f_fivCHblR (9a4c4842-8fe9-44ee-93dd-41a92c75da9d)
2019-10-29 00:15:02.463 1845 RALLYDEBUG rally_openstack.cleanup.manager [-] Deleting cinder.volumes object s_rally_9e41e45f_dbYYaT2P (348a7ebc-8745-42ee-9ce3-b06faac3b213)
2019-10-29 00:15:02.472 1845 RALLYDEBUG rally_openstack.cleanup.manager [-] Deleting cinder.volumes object s_rally_9e41e45f_1FyXnIT8 (2c802b5d-34b4-4ef7-a68b-867fb295e513)
2019-10-29 00:15:02.481 1845 RALLYDEBUG rally_openstack.cleanup.manager [-] Deleting cinder.volumes object s_rally_9e41e45f_sddexhUR (01b68269-f593-4d47-8b99-4508d5fc3fc0)
2019-10-29 00:15:02.485 1845 RALLYDEBUG rally_openstack.cleanup.manager [-] Deleting cinder.volumes object s_rally_9e41e45f_E1GX2JNo (b431b3c4-e174-4f6f-a276-a1a284898cd3)
2019-10-29 00:15:02.497 1845 RALLYDEBUG rally_openstack.cleanup.manager [-] Deleting cinder.volumes object s_rally_9e41e45f_KV9jiKvX (2c2457b1-192d-4667-a5aa-f398eb9a0779)
2019-10-29 00:15:02.512 1845 RALLYDEBUG rally_openstack.cleanup.manager [-] Deleting cinder.volumes object s_rally_9e41e45f_XqjyuGq8 (1a70eecd-2a9a-4861-aa56-b354f4d96eab)
2019-10-29 00:15:02.526 1845 RALLYDEBUG rally_openstack.cleanup.manager [-] Deleting cinder.volumes object s_rally_9e41e45f_mDkoMfR4 (a4677ac8-a420-415c-9597-5d3b499cb30f)
2019-10-29 00:15:02.545 1845 RALLYDEBUG rally_openstack.cleanup.manager [-] Deleting cinder.volumes object s_rally_9e41e45f_YOQzXu9D (61390602-f351-4de1-8c1a-6b83fc6b7db7)
2019-10-29 00:15:02.552 1845 RALLYDEBUG rally_openstack.cleanup.manager [-] Deleting cinder.volumes object s_rally_9e41e45f_YOCicxmg (220ca7dc-1dd6-41f2-8c17-7e4ddd905d11)
2019-10-29 00:15:06.231 1845 INFO rally.task.context [-] Task b00f7ca6-c9e2-4a16-bd7b-5f016dcebeb6 | Context cleanup@openstack cleanup() finished in 8.74 sec
2019-10-29 00:15:06.231 1845 INFO rally.task.context [-] Task b00f7ca6-c9e2-4a16-bd7b-5f016dcebeb6 | Context quotas@openstack cleanup() started
2019-10-29 00:15:06.312 1845 INFO rally.task.context [-] Task b00f7ca6-c9e2-4a16-bd7b-5f016dcebeb6 | Context quotas@openstack cleanup() finished in 80.80 msec
2019-10-29 00:15:06.313 1845 INFO rally.task.context [-] Task b00f7ca6-c9e2-4a16-bd7b-5f016dcebeb6 | Context api_versions@openstack cleanup() started
2019-10-29 00:15:06.313 1845 INFO rally.task.context [-] Task b00f7ca6-c9e2-4a16-bd7b-5f016dcebeb6 | Context api_versions@openstack cleanup() finished in 0.34 msec
2019-10-29 00:15:06.313 1845 INFO rally.task.context [-] Task b00f7ca6-c9e2-4a16-bd7b-5f016dcebeb6 | Context users@openstack cleanup() started
2019-10-29 00:15:10.692 1845 INFO rally.task.context [-] Task b00f7ca6-c9e2-4a16-bd7b-5f016dcebeb6 | Context users@openstack cleanup() finished in 4.38 sec
2019-10-29 00:15:11.656 1845 INFO rally.task.engine [-] Load duration is: 8.204237
2019-10-29 00:15:11.656 1845 INFO rally.task.engine [-] Full runner duration is: 8.256364
2019-10-29 00:15:11.657 1845 INFO rally.task.engine [-] Full duration is: 25.257822
2019-10-29 00:15:11.995 1845 INFO rally.task.engine [-] Running workload: position = 0 config = { "version": 2, "title": "A cropped version of a bigger task.", "description": "Auto-generated task from a single workload (uuid=06f23529-be5f-44a5-8c4a-91dd0384da3e)", "subtasks": [ { "title": "CinderVolumes.list_volumes", "description": "List all volumes.", "scenario": { "CinderVolumes.list_volumes": { "detailed": true } }, "contexts": { "users": { "tenants": 3, "users_per_tenant": 2 }, "quotas": { "cinder": { "gigabytes": -1, "snapshots": -1, "volumes": -1 } }, "api_versions": { "cinder": { "version": 3, "service_type": "volumev3" } }, "volumes": { "size": 1, "volumes_per_tenant": 4 } }, "runner": { "constant": { "concurrency": 4, "times": 10 } }, "hooks": [], "sla": { "failure_rate": { "max": 0 } } } ] }
2019-10-29 00:15:12.019 1845 RALLYDEBUG rally_openstack.contexts.keystone.users [-] Creating 3 tenants using 20 threads
2019-10-29 00:15:12.870 1845 RALLYDEBUG rally_openstack.contexts.keystone.users [-] Creating 6 users using 20 threads
2019-10-29 00:15:14.404 1845 INFO rally.task.context [-] Task b00f7ca6-c9e2-4a16-bd7b-5f016dcebeb6 | Context users@openstack setup() finished in 2.38 sec
2019-10-29 00:15:14.813 1845 INFO rally.task.context [-] Task b00f7ca6-c9e2-4a16-bd7b-5f016dcebeb6 | Context api_versions@openstack setup() finished in 0.41 sec
2019-10-29 00:15:15.675 1845 INFO rally.task.context [-] Task b00f7ca6-c9e2-4a16-bd7b-5f016dcebeb6 | Context quotas@openstack setup() finished in 0.86 sec
2019-10-29 00:15:45.954 1845 INFO rally.task.context [-] Task b00f7ca6-c9e2-4a16-bd7b-5f016dcebeb6 | Context volumes@openstack setup() finished in 30.28 sec
2019-10-29 00:15:45.964 1845 RALLYDEBUG rally.task.runner [-] Starting the constant runner (task UUID: b00f7ca6-c9e2-4a16-bd7b-5f016dcebeb6). times: 10 concurrency: 4 timeout: 0 max_cpu_used: 16 processes_to_start: 4 concurrency_per_worker: 1 concurrency_overhead: 0
2019-10-29 00:15:45.975 3845 RALLYDEBUG rally.task.runner [-] Starting a worker. times: 10 duration: None concurrency: 1 timeout: 0 cls: method_name: run args: {"detailed": true}
2019-10-29 00:15:45.979 3846 RALLYDEBUG rally.task.runner [-] Starting a worker. times: 10 duration: None concurrency: 1 timeout: 0 cls: method_name: run args: {"detailed": true}
2019-10-29 00:15:45.983 3845 INFO rally.task.runner [-] Task b00f7ca6-c9e2-4a16-bd7b-5f016dcebeb6 | ITER: 1 START
2019-10-29 00:15:45.982 3847 RALLYDEBUG rally.task.runner [-] Starting a worker. times: 10 duration: None concurrency: 1 timeout: 0 cls: method_name: run args: {"detailed": true}
2019-10-29 00:15:45.986 3846 INFO rally.task.runner [-] Task b00f7ca6-c9e2-4a16-bd7b-5f016dcebeb6 | ITER: 2 START
2019-10-29 00:15:45.986 3848 RALLYDEBUG rally.task.runner [-] Starting a worker. times: 10 duration: None concurrency: 1 timeout: 0 cls: method_name: run args: {"detailed": true}
2019-10-29 00:15:45.990 3847 INFO rally.task.runner [-] Task b00f7ca6-c9e2-4a16-bd7b-5f016dcebeb6 | ITER: 3 START
2019-10-29 00:15:45.994 3848 INFO rally.task.runner [-] Task b00f7ca6-c9e2-4a16-bd7b-5f016dcebeb6 | ITER: 4 START
2019-10-29 00:15:46.407 3847 INFO rally.task.runner [-] Task b00f7ca6-c9e2-4a16-bd7b-5f016dcebeb6 | ITER: 3 END: OK
2019-10-29 00:15:46.412 3847 INFO rally.task.runner [-] Task b00f7ca6-c9e2-4a16-bd7b-5f016dcebeb6 | ITER: 5 START
2019-10-29 00:15:46.420 3848 INFO rally.task.runner [-] Task b00f7ca6-c9e2-4a16-bd7b-5f016dcebeb6 | ITER: 4 END: OK
2019-10-29 00:15:46.424 3848 INFO rally.task.runner [-] Task b00f7ca6-c9e2-4a16-bd7b-5f016dcebeb6 | ITER: 6 START
2019-10-29 00:15:46.499 3845 INFO rally.task.runner [-] Task b00f7ca6-c9e2-4a16-bd7b-5f016dcebeb6 | ITER: 1 END: OK
2019-10-29 00:15:46.504 3845 INFO rally.task.runner [-] Task b00f7ca6-c9e2-4a16-bd7b-5f016dcebeb6 | ITER: 7 START
2019-10-29 00:15:46.511 3846 INFO rally.task.runner [-] Task b00f7ca6-c9e2-4a16-bd7b-5f016dcebeb6 | ITER: 2 END: OK
2019-10-29 00:15:46.515 3846 INFO rally.task.runner [-] Task b00f7ca6-c9e2-4a16-bd7b-5f016dcebeb6 | ITER: 8 START
2019-10-29 00:15:46.809 3847 INFO rally.task.runner [-] Task b00f7ca6-c9e2-4a16-bd7b-5f016dcebeb6 | ITER: 5 END: OK
2019-10-29 00:15:46.813 3847 INFO rally.task.runner [-] Task b00f7ca6-c9e2-4a16-bd7b-5f016dcebeb6 | ITER: 9 START
2019-10-29 00:15:46.824 3848 INFO rally.task.runner [-] Task b00f7ca6-c9e2-4a16-bd7b-5f016dcebeb6 | ITER: 6 END: OK
2019-10-29 00:15:46.830 3848 INFO rally.task.runner [-] Task b00f7ca6-c9e2-4a16-bd7b-5f016dcebeb6 | ITER: 10 START
2019-10-29 00:15:46.905 3845 INFO rally.task.runner [-] Task b00f7ca6-c9e2-4a16-bd7b-5f016dcebeb6 | ITER: 7 END: OK
2019-10-29 00:15:46.913 3846 INFO rally.task.runner [-] Task b00f7ca6-c9e2-4a16-bd7b-5f016dcebeb6 | ITER: 8 END: OK
2019-10-29 00:15:47.227 3848 INFO rally.task.runner [-] Task b00f7ca6-c9e2-4a16-bd7b-5f016dcebeb6 | ITER: 10 END: OK
2019-10-29 00:15:47.234 3847 INFO rally.task.runner [-] Task b00f7ca6-c9e2-4a16-bd7b-5f016dcebeb6 | ITER: 9 END: OK
2019-10-29 00:15:47.263 1845 INFO rally.task.context [-] Task b00f7ca6-c9e2-4a16-bd7b-5f016dcebeb6 | Context volumes@openstack cleanup() started
2019-10-29 00:15:47.264 1845 RALLYDEBUG rally_openstack.cleanup.manager [-] Cleaning up cinder volumes objects
2019-10-29 00:15:48.506 1845 RALLYDEBUG rally_openstack.cleanup.manager [-] Deleting cinder.volumes object c_rally_06f23529_6dk7JtYt (043a20e3-7ed4-49b1-aadd-ad9aeb31f729)
2019-10-29 00:15:48.513 1845 RALLYDEBUG rally_openstack.cleanup.manager [-] Deleting cinder.volumes object c_rally_06f23529_JhNlt58P (f86bbec4-bfeb-43b9-a39f-382c50a8d16c)
2019-10-29 00:15:48.514 1845 RALLYDEBUG rally_openstack.cleanup.manager [-] Deleting cinder.volumes object c_rally_06f23529_Msuj7vKN (fd83ca6c-83f6-435a-8666-7b6121507b2d)
2019-10-29 00:15:48.520 1845 RALLYDEBUG rally_openstack.cleanup.manager [-] Deleting cinder.volumes object c_rally_06f23529_mZkJNv38 (dc0eb86e-84f8-4d32-8bb3-e0bf98633aa6)
2019-10-29 00:15:48.531 1845 RALLYDEBUG rally_openstack.cleanup.manager [-] Deleting cinder.volumes object c_rally_06f23529_fG1BVqOZ (11187d2e-5b59-4c75-8004-953f4b57b2a6)
2019-10-29 00:15:48.537 1845 RALLYDEBUG rally_openstack.cleanup.manager [-] Deleting cinder.volumes object c_rally_06f23529_BwFEfo5l (b64420dd-6971-40fc-8d49-dfa760adecbc)
2019-10-29 00:15:48.549 1845 RALLYDEBUG rally_openstack.cleanup.manager [-] Deleting cinder.volumes object c_rally_06f23529_lw3PXO1J (175bef06-45b3-40e9-a607-02a944bbd495)
2019-10-29 00:15:48.562 1845 RALLYDEBUG rally_openstack.cleanup.manager [-] Deleting cinder.volumes object c_rally_06f23529_8UcIU99y (051bbdbc-e5e1-486d-89cb-8b12e6a825ae)
2019-10-29 00:15:48.564 1845 RALLYDEBUG rally_openstack.cleanup.manager [-] Deleting cinder.volumes object c_rally_06f23529_c6M9WmJz (6c25449c-2d33-4f7b-93d3-8101154264b7)
2019-10-29 00:15:48.569 1845 RALLYDEBUG rally_openstack.cleanup.manager [-] Deleting cinder.volumes object c_rally_06f23529_ajbteAcS (77ebaeba-57b5-44d0-bceb-004d314e2031)
2019-10-29 00:15:48.592 1845 RALLYDEBUG rally_openstack.cleanup.manager [-] Deleting cinder.volumes object c_rally_06f23529_oLCsmmi6 (3124b95e-15c5-4d4a-9a14-c9452c52adfa)
2019-10-29 00:15:48.600 1845 RALLYDEBUG rally_openstack.cleanup.manager [-] Deleting cinder.volumes object c_rally_06f23529_bAcrqyqp (f747c693-b9f2-4529-899c-bfceaf034692)
2019-10-29 00:15:53.342 1845 INFO rally.task.context [-] Task b00f7ca6-c9e2-4a16-bd7b-5f016dcebeb6 | Context volumes@openstack cleanup() finished in 6.08 sec
2019-10-29 00:15:53.342 1845 INFO rally.task.context [-] Task b00f7ca6-c9e2-4a16-bd7b-5f016dcebeb6 | Context quotas@openstack cleanup() started
2019-10-29 00:15:53.425 1845 INFO rally.task.context [-] Task b00f7ca6-c9e2-4a16-bd7b-5f016dcebeb6 | Context quotas@openstack cleanup() finished in 82.24 msec
2019-10-29 00:15:53.425 1845 INFO rally.task.context [-] Task b00f7ca6-c9e2-4a16-bd7b-5f016dcebeb6 | Context api_versions@openstack cleanup() started
2019-10-29 00:15:53.426 1845 INFO rally.task.context [-] Task b00f7ca6-c9e2-4a16-bd7b-5f016dcebeb6 | Context api_versions@openstack cleanup() finished in 0.40 msec
2019-10-29 00:15:53.426 1845 INFO rally.task.context [-] Task b00f7ca6-c9e2-4a16-bd7b-5f016dcebeb6 | Context users@openstack cleanup() started
2019-10-29 00:15:58.061 1845 INFO rally.task.context [-] Task b00f7ca6-c9e2-4a16-bd7b-5f016dcebeb6 | Context users@openstack cleanup() finished in 4.64 sec
2019-10-29 00:15:58.252 1845 INFO rally.task.engine [-] Load duration is: 1.246625
2019-10-29 00:15:58.252 1845 INFO rally.task.engine [-] Full runner duration is: 1.299447
2019-10-29 00:15:58.253 1845 INFO rally.task.engine [-] Full duration is: 46.044517
2019-10-29 00:15:58.612 1845 INFO rally.task.engine [-] Running workload: position = 0 config = { "version": 2, "title": "A cropped version of a bigger task.", "description": "Auto-generated task from a single workload (uuid=44540b51-3d7d-49f8-ac15-e4610b082b28)", "subtasks": [ { "title": "CinderVolumes.create_and_delete_snapshot", "description": "Create and then delete a volume-snapshot.", "scenario": { "CinderVolumes.create_and_delete_snapshot": { "force": false } }, "contexts": { "users": { "tenants": 3, "users_per_tenant": 2 }, "quotas": { "cinder": { "gigabytes": -1, "snapshots": -1, "volumes": -1 } }, "api_versions": { "cinder": { "version": 3, "service_type": "volumev3" } }, "volumes": { "size": 1, "volumes_per_tenant": 1 } }, "runner": { "constant": { "concurrency": 4, "times": 10 } }, "hooks": [], "sla": { "failure_rate": { "max": 0 } } } ] }
2019-10-29 00:15:58.638 1845 RALLYDEBUG rally_openstack.contexts.keystone.users [-] Creating 3 tenants using 20 threads
2019-10-29 00:15:59.671 1845 RALLYDEBUG rally_openstack.contexts.keystone.users [-] Creating 6 users using 20 threads
2019-10-29 00:16:01.234 1845 INFO rally.task.context [-] Task b00f7ca6-c9e2-4a16-bd7b-5f016dcebeb6 | Context users@openstack setup() finished in 2.60 sec
2019-10-29 00:16:01.645 1845 INFO rally.task.context [-] Task b00f7ca6-c9e2-4a16-bd7b-5f016dcebeb6 | Context api_versions@openstack setup() finished in 0.41 sec
2019-10-29 00:16:02.521 1845 INFO rally.task.context [-] Task b00f7ca6-c9e2-4a16-bd7b-5f016dcebeb6 | Context quotas@openstack setup() finished in 0.88 sec
2019-10-29 00:16:11.018 1845 INFO rally.task.context [-] Task b00f7ca6-c9e2-4a16-bd7b-5f016dcebeb6 | Context volumes@openstack setup() finished in 8.50 sec
2019-10-29 00:16:11.019 1845 INFO rally.task.context [-] Task b00f7ca6-c9e2-4a16-bd7b-5f016dcebeb6 | Context cleanup@openstack setup() finished in 0.00 msec
2019-10-29 00:16:11.028 1845 RALLYDEBUG rally.task.runner [-] Starting the constant runner (task UUID: b00f7ca6-c9e2-4a16-bd7b-5f016dcebeb6). times: 10 concurrency: 4 timeout: 0 max_cpu_used: 16 processes_to_start: 4 concurrency_per_worker: 1 concurrency_overhead: 0
2019-10-29 00:16:11.039 3969 RALLYDEBUG rally.task.runner [-] Starting a worker. times: 10 duration: None concurrency: 1 timeout: 0 cls: method_name: run args: {"force": false}
2019-10-29 00:16:11.043 3970 RALLYDEBUG rally.task.runner [-] Starting a worker. times: 10 duration: None concurrency: 1 timeout: 0 cls: method_name: run args: {"force": false}
2019-10-29 00:16:11.047 3969 INFO rally.task.runner [-] Task b00f7ca6-c9e2-4a16-bd7b-5f016dcebeb6 | ITER: 1 START
2019-10-29 00:16:11.046 3971 RALLYDEBUG rally.task.runner [-] Starting a worker. times: 10 duration: None concurrency: 1 timeout: 0 cls: method_name: run args: {"force": false}
2019-10-29 00:16:11.050 3970 INFO rally.task.runner [-] Task b00f7ca6-c9e2-4a16-bd7b-5f016dcebeb6 | ITER: 2 START
2019-10-29 00:16:11.050 3972 RALLYDEBUG rally.task.runner [-] Starting a worker. times: 10 duration: None concurrency: 1 timeout: 0 cls: method_name: run args: {"force": false}
2019-10-29 00:16:11.053 3971 INFO rally.task.runner [-] Task b00f7ca6-c9e2-4a16-bd7b-5f016dcebeb6 | ITER: 3 START
2019-10-29 00:16:11.057 3972 INFO rally.task.runner [-] Task b00f7ca6-c9e2-4a16-bd7b-5f016dcebeb6 | ITER: 4 START
2019-10-29 00:16:13.725 3972 RALLYDEBUG rally.task.utils [-] Waiting for resource s_rally_44540b51_xOv0J2aS. Status changed: AVAILABLE => DELETING in 0.028005361557006836
2019-10-29 00:16:13.725 3971 RALLYDEBUG rally.task.utils [-] Waiting for resource s_rally_44540b51_lFHrkNd0. Status changed: AVAILABLE => DELETING in 0.028505802154541016
2019-10-29 00:16:13.909 3969 RALLYDEBUG rally.task.utils [-] Waiting for resource s_rally_44540b51_osLASfVc. Status changed: AVAILABLE => DELETING in 0.02591705322265625
2019-10-29 00:16:13.935 3970 RALLYDEBUG rally.task.utils [-] Waiting for resource s_rally_44540b51_xedrQ0WV. Status changed: AVAILABLE => DELETING in 0.028707504272460938
2019-10-29 00:16:15.756 3972 INFO rally.task.runner [-] Task b00f7ca6-c9e2-4a16-bd7b-5f016dcebeb6 | ITER: 4 END: OK
2019-10-29 00:16:15.756 3971 INFO rally.task.runner [-] Task b00f7ca6-c9e2-4a16-bd7b-5f016dcebeb6 | ITER: 3 END: OK
2019-10-29 00:16:15.759 3972 INFO rally.task.runner [-] Task b00f7ca6-c9e2-4a16-bd7b-5f016dcebeb6 | ITER: 5 START
2019-10-29 00:16:15.760 3971 INFO rally.task.runner [-] Task b00f7ca6-c9e2-4a16-bd7b-5f016dcebeb6 | ITER: 6 START
2019-10-29 00:16:15.938 3969 INFO rally.task.runner [-] Task b00f7ca6-c9e2-4a16-bd7b-5f016dcebeb6 | ITER: 1 END: OK
2019-10-29 00:16:15.942 3969 INFO rally.task.runner [-] Task b00f7ca6-c9e2-4a16-bd7b-5f016dcebeb6 | ITER: 7 START
2019-10-29 00:16:15.960 3970 INFO rally.task.runner [-] Task b00f7ca6-c9e2-4a16-bd7b-5f016dcebeb6 | ITER: 2 END: OK
2019-10-29 00:16:15.964 3970 INFO rally.task.runner [-] Task b00f7ca6-c9e2-4a16-bd7b-5f016dcebeb6 | ITER: 8 START
2019-10-29 00:16:18.410 3972 RALLYDEBUG rally.task.utils [-] Waiting for resource s_rally_44540b51_4pmmeyyG. Status changed: AVAILABLE => DELETING in 0.03083515167236328
2019-10-29 00:16:18.523 3971 RALLYDEBUG rally.task.utils [-] Waiting for resource s_rally_44540b51_EgWsLt9T. Status changed: AVAILABLE => DELETING in 0.0281827449798584
2019-10-29 00:16:18.614 3969 RALLYDEBUG rally.task.utils [-] Waiting for resource s_rally_44540b51_2U0vTQbA. Status changed: AVAILABLE => DELETING in 0.028360366821289062
2019-10-29 00:16:18.728 3970 RALLYDEBUG rally.task.utils [-] Waiting for resource s_rally_44540b51_4aOh4LHi. Status changed: AVAILABLE => DELETING in 0.028055191040039062
2019-10-29 00:16:20.442 3972 INFO rally.task.runner [-] Task b00f7ca6-c9e2-4a16-bd7b-5f016dcebeb6 | ITER: 5 END: OK
2019-10-29 00:16:20.446 3972 INFO rally.task.runner [-] Task b00f7ca6-c9e2-4a16-bd7b-5f016dcebeb6 | ITER: 9 START
2019-10-29 00:16:20.552 3971 INFO rally.task.runner [-] Task b00f7ca6-c9e2-4a16-bd7b-5f016dcebeb6 | ITER: 6 END: OK
2019-10-29 00:16:20.556 3971 INFO rally.task.runner [-] Task b00f7ca6-c9e2-4a16-bd7b-5f016dcebeb6 | ITER: 10 START
2019-10-29 00:16:20.644 3969 INFO rally.task.runner [-] Task b00f7ca6-c9e2-4a16-bd7b-5f016dcebeb6 | ITER: 7 END: OK
2019-10-29 00:16:20.754 3970 INFO rally.task.runner [-] Task b00f7ca6-c9e2-4a16-bd7b-5f016dcebeb6 | ITER: 8 END: OK
2019-10-29 00:16:23.140 3972 RALLYDEBUG rally.task.utils [-] Waiting for resource s_rally_44540b51_SH0F9HfL. Status changed: AVAILABLE => DELETING in 0.02851581573486328
2019-10-29 00:16:23.241 3971 RALLYDEBUG rally.task.utils [-] Waiting for resource s_rally_44540b51_bkF6x4NT. Status changed: AVAILABLE => DELETING in 0.029537439346313477
2019-10-29 00:16:25.170 3972 INFO rally.task.runner [-] Task b00f7ca6-c9e2-4a16-bd7b-5f016dcebeb6 | ITER: 9 END: OK
2019-10-29 00:16:25.272 3971 INFO rally.task.runner [-] Task b00f7ca6-c9e2-4a16-bd7b-5f016dcebeb6 | ITER: 10 END: OK
2019-10-29 00:16:25.301 1845 INFO rally.task.context [-] Task b00f7ca6-c9e2-4a16-bd7b-5f016dcebeb6 | Context cleanup@openstack cleanup() started
2019-10-29 00:16:25.304 1845 RALLYDEBUG rally_openstack.cleanup.manager [-] Cleaning up cinder backups objects
2019-10-29 00:16:26.438 1845 RALLYDEBUG rally_openstack.cleanup.manager [-] Cleaning up cinder volume_snapshots objects
2019-10-29 00:16:27.573 1845 RALLYDEBUG rally_openstack.cleanup.manager [-] Cleaning up cinder transfers objects
2019-10-29 00:16:28.680 1845 RALLYDEBUG rally_openstack.cleanup.manager [-] Cleaning up cinder volumes objects
2019-10-29 00:16:29.918 1845 INFO rally.task.context [-] Task b00f7ca6-c9e2-4a16-bd7b-5f016dcebeb6 | Context cleanup@openstack cleanup() finished in 4.62 sec
2019-10-29 00:16:29.919 1845 INFO rally.task.context [-] Task b00f7ca6-c9e2-4a16-bd7b-5f016dcebeb6 | Context volumes@openstack cleanup() started
2019-10-29 00:16:29.920 1845 RALLYDEBUG rally_openstack.cleanup.manager [-] Cleaning up cinder volumes objects
2019-10-29 00:16:31.234 1845 RALLYDEBUG rally_openstack.cleanup.manager [-] Deleting cinder.volumes object c_rally_44540b51_KMv0F8Aj (2d7cdf1e-013b-41fa-a1d5-8de70090da0b)
2019-10-29 00:16:31.241 1845 RALLYDEBUG rally_openstack.cleanup.manager [-] Deleting cinder.volumes object c_rally_44540b51_Q1Ewivyj (9bf2bbf9-145c-42ad-81bd-141bee03593a)
2019-10-29 00:16:31.248 1845 RALLYDEBUG rally_openstack.cleanup.manager [-] Deleting cinder.volumes object c_rally_44540b51_sDEpuchx (f0272dc0-d51c-475b-80dc-c3a938fe686b)
2019-10-29 00:16:33.777 1845 INFO rally.task.context [-] Task b00f7ca6-c9e2-4a16-bd7b-5f016dcebeb6 | Context volumes@openstack cleanup() finished in 3.86 sec
2019-10-29 00:16:33.777 1845 INFO rally.task.context [-] Task b00f7ca6-c9e2-4a16-bd7b-5f016dcebeb6 | Context quotas@openstack cleanup() started
2019-10-29 00:16:33.859 1845 INFO rally.task.context [-] Task b00f7ca6-c9e2-4a16-bd7b-5f016dcebeb6 | Context quotas@openstack cleanup() finished in 81.86 msec
2019-10-29 00:16:33.859 1845 INFO rally.task.context [-] Task b00f7ca6-c9e2-4a16-bd7b-5f016dcebeb6 | Context api_versions@openstack cleanup() started
2019-10-29 00:16:33.860 1845 INFO rally.task.context [-] Task b00f7ca6-c9e2-4a16-bd7b-5f016dcebeb6 | Context api_versions@openstack cleanup() finished in 0.33 msec
2019-10-29 00:16:33.860 1845 INFO rally.task.context [-] Task b00f7ca6-c9e2-4a16-bd7b-5f016dcebeb6 | Context users@openstack cleanup() started
2019-10-29 00:16:38.116 1845 INFO rally.task.context [-] Task b00f7ca6-c9e2-4a16-bd7b-5f016dcebeb6 | Context users@openstack cleanup() finished in 4.26 sec
2019-10-29 00:16:38.860 1845 INFO rally.task.engine [-] Load duration is: 14.221171
2019-10-29 00:16:38.860 1845 INFO rally.task.engine [-] Full runner duration is: 14.273806
2019-10-29 00:16:38.860 1845 INFO rally.task.engine [-] Full duration is: 39.480601
2019-10-29 00:16:39.191 1845 INFO rally.task.engine [-] Running workload: position = 0 config = { "version": 2, "title": "A cropped version of a bigger task.", "description": "Auto-generated task from a single workload (uuid=ec0c3926-d819-4576-996a-471dea56a877)", "subtasks": [ { "title": "CinderVolumes.create_and_delete_volume", "description": "Create and then delete a volume.", "scenario": { "CinderVolumes.create_and_delete_volume": { "size": { "max": 1, "min": 1 } } }, "contexts": { "users": { "tenants": 3, "users_per_tenant": 2 }, "quotas": { "cinder": { "gigabytes": -1, "snapshots": -1, "volumes": -1 } }, "api_versions": { "cinder": { "version": 3, "service_type": "volumev3" } } }, "runner": { "constant": { "concurrency": 4, "times": 10 } }, "hooks": [], "sla": { "failure_rate": { "max": 0 } } } ] }
2019-10-29 00:16:39.217 1845 RALLYDEBUG rally_openstack.contexts.keystone.users [-] Creating 3 tenants using 20 threads
2019-10-29 00:16:40.215 1845 RALLYDEBUG rally_openstack.contexts.keystone.users [-] Creating 6 users using 20 threads
2019-10-29 00:16:41.910 1845 INFO rally.task.context [-] Task b00f7ca6-c9e2-4a16-bd7b-5f016dcebeb6 | Context users@openstack setup() finished in 2.69 sec
2019-10-29 00:16:42.314 1845 INFO rally.task.context [-] Task b00f7ca6-c9e2-4a16-bd7b-5f016dcebeb6 | Context api_versions@openstack setup() finished in 0.40 sec
2019-10-29 00:16:43.137 1845 INFO rally.task.context [-] Task b00f7ca6-c9e2-4a16-bd7b-5f016dcebeb6 | Context quotas@openstack setup() finished in 0.82 sec
2019-10-29 00:16:43.138 1845 INFO rally.task.context [-] Task b00f7ca6-c9e2-4a16-bd7b-5f016dcebeb6 | Context cleanup@openstack setup() finished in 0.01 msec
2019-10-29 00:16:43.147 1845 RALLYDEBUG rally.task.runner [-] Starting the constant runner (task UUID: b00f7ca6-c9e2-4a16-bd7b-5f016dcebeb6). times: 10 concurrency: 4 timeout: 0 max_cpu_used: 16 processes_to_start: 4 concurrency_per_worker: 1 concurrency_overhead: 0
2019-10-29 00:16:43.159 4173 RALLYDEBUG rally.task.runner [-] Starting a worker. times: 10 duration: None concurrency: 1 timeout: 0 cls: method_name: run args: {"size": {"max": 1, "min": 1}}
2019-10-29 00:16:43.163 4174 RALLYDEBUG rally.task.runner [-] Starting a worker. times: 10 duration: None concurrency: 1 timeout: 0 cls: method_name: run args: {"size": {"max": 1, "min": 1}}
2019-10-29 00:16:43.166 4173 INFO rally.task.runner [-] Task b00f7ca6-c9e2-4a16-bd7b-5f016dcebeb6 | ITER: 1 START
2019-10-29 00:16:43.166 4175 RALLYDEBUG rally.task.runner [-] Starting a worker. times: 10 duration: None concurrency: 1 timeout: 0 cls: method_name: run args: {"size": {"max": 1, "min": 1}}
2019-10-29 00:16:43.169 4174 INFO rally.task.runner [-] Task b00f7ca6-c9e2-4a16-bd7b-5f016dcebeb6 | ITER: 2 START
2019-10-29 00:16:43.170 4177 RALLYDEBUG rally.task.runner [-] Starting a worker. times: 10 duration: None concurrency: 1 timeout: 0 cls: method_name: run args: {"size": {"max": 1, "min": 1}}
2019-10-29 00:16:43.173 4175 INFO rally.task.runner [-] Task b00f7ca6-c9e2-4a16-bd7b-5f016dcebeb6 | ITER: 3 START
2019-10-29 00:16:43.177 4177 INFO rally.task.runner [-] Task b00f7ca6-c9e2-4a16-bd7b-5f016dcebeb6 | ITER: 4 START
2019-10-29 00:16:45.991 4173 RALLYDEBUG rally.task.utils [-] Waiting for resource s_rally_ec0c3926_kI4HZI36. Status changed: AVAILABLE => DELETING in 0.05678129196166992
2019-10-29 00:16:46.043 4174 RALLYDEBUG rally.task.utils [-] Waiting for resource s_rally_ec0c3926_G6Vn6bWF. Status changed: AVAILABLE => DELETING in 0.05326247215270996
2019-10-29 00:16:46.073 4177 RALLYDEBUG rally.task.utils [-] Waiting for resource s_rally_ec0c3926_v9Ug1eFS. Status changed: AVAILABLE => DELETING in 0.057294368743896484
2019-10-29 00:16:46.095 4175 RALLYDEBUG rally.task.utils [-] Waiting for resource s_rally_ec0c3926_4jx00pZn. Status changed: AVAILABLE => DELETING in 0.053707122802734375
2019-10-29 00:16:48.026 4173 INFO rally.task.runner [-] Task b00f7ca6-c9e2-4a16-bd7b-5f016dcebeb6 | ITER: 1 END: OK
2019-10-29 00:16:48.031 4173 INFO rally.task.runner [-] Task b00f7ca6-c9e2-4a16-bd7b-5f016dcebeb6 | ITER: 5 START
2019-10-29 00:16:48.087 4174 INFO rally.task.runner [-] Task b00f7ca6-c9e2-4a16-bd7b-5f016dcebeb6 | ITER: 2 END: OK
2019-10-29 00:16:48.092 4174 INFO rally.task.runner [-] Task b00f7ca6-c9e2-4a16-bd7b-5f016dcebeb6 | ITER: 6 START
2019-10-29 00:16:48.113 4177 INFO rally.task.runner [-] Task b00f7ca6-c9e2-4a16-bd7b-5f016dcebeb6 | ITER: 4 END: OK
2019-10-29 00:16:48.118 4177 INFO rally.task.runner [-] Task b00f7ca6-c9e2-4a16-bd7b-5f016dcebeb6 | ITER: 7 START
2019-10-29 00:16:48.135 4175 INFO rally.task.runner [-] Task b00f7ca6-c9e2-4a16-bd7b-5f016dcebeb6 | ITER: 3 END: OK
2019-10-29 00:16:48.140 4175 INFO rally.task.runner [-] Task b00f7ca6-c9e2-4a16-bd7b-5f016dcebeb6 | ITER: 8 START
2019-10-29 00:16:50.904 4173 RALLYDEBUG rally.task.utils [-] Waiting for resource s_rally_ec0c3926_JzkCVNAM. Status changed: AVAILABLE => DELETING in 0.05645585060119629
2019-10-29 00:16:50.936 4175 RALLYDEBUG rally.task.utils [-] Waiting for resource s_rally_ec0c3926_8ZDxbQ0W. Status changed: AVAILABLE => DELETING in 0.05438661575317383
2019-10-29 00:16:50.970 4174 RALLYDEBUG rally.task.utils [-] Waiting for resource s_rally_ec0c3926_Uxc6fbuA. Status changed: AVAILABLE => DELETING in 0.059838056564331055
2019-10-29 00:16:50.979 4177 RALLYDEBUG rally.task.utils [-] Waiting for resource s_rally_ec0c3926_nU7mzCVW. Status changed: AVAILABLE => DELETING in 0.053485870361328125
2019-10-29 00:16:52.946 4173 INFO rally.task.runner [-] Task b00f7ca6-c9e2-4a16-bd7b-5f016dcebeb6 | ITER: 5 END: OK
2019-10-29 00:16:52.949 4173 INFO rally.task.runner [-] Task b00f7ca6-c9e2-4a16-bd7b-5f016dcebeb6 | ITER: 9 START
2019-10-29 00:16:52.979 4175 INFO rally.task.runner [-] Task b00f7ca6-c9e2-4a16-bd7b-5f016dcebeb6 | ITER: 8 END: OK
2019-10-29 00:16:52.983 4175 INFO rally.task.runner [-] Task b00f7ca6-c9e2-4a16-bd7b-5f016dcebeb6 | ITER: 10 START
2019-10-29 00:16:53.015 4174 INFO rally.task.runner [-] Task b00f7ca6-c9e2-4a16-bd7b-5f016dcebeb6 | ITER: 6 END: OK
2019-10-29 00:16:53.020 4177 INFO rally.task.runner [-] Task b00f7ca6-c9e2-4a16-bd7b-5f016dcebeb6 | ITER: 7 END: OK
2019-10-29 00:16:55.744 4173 RALLYDEBUG rally.task.utils [-] Waiting for resource s_rally_ec0c3926_IbD1V11v. Status changed: AVAILABLE => DELETING in 0.056900978088378906
2019-10-29 00:16:55.762 4175 RALLYDEBUG rally.task.utils [-] Waiting for resource s_rally_ec0c3926_xrlGviuN. Status changed: AVAILABLE => DELETING in 0.05449843406677246
2019-10-29 00:16:57.789 4173 INFO rally.task.runner [-] Task b00f7ca6-c9e2-4a16-bd7b-5f016dcebeb6 | ITER: 9 END: OK
2019-10-29 00:16:57.805 4175 INFO rally.task.runner [-] Task b00f7ca6-c9e2-4a16-bd7b-5f016dcebeb6 | ITER: 10 END: OK
2019-10-29 00:16:57.836 1845 INFO rally.task.context [-] Task b00f7ca6-c9e2-4a16-bd7b-5f016dcebeb6 | Context cleanup@openstack cleanup() started
2019-10-29 00:16:57.839 1845 RALLYDEBUG rally_openstack.cleanup.manager [-] Cleaning up cinder backups objects
2019-10-29 00:16:59.021 1845 RALLYDEBUG rally_openstack.cleanup.manager [-] Cleaning up cinder volume_snapshots objects
2019-10-29 00:17:00.180 1845 RALLYDEBUG rally_openstack.cleanup.manager [-] Cleaning up cinder transfers objects
2019-10-29 00:17:01.316 1845 RALLYDEBUG rally_openstack.cleanup.manager [-] Cleaning up cinder volumes objects
2019-10-29 00:17:02.550 1845 INFO rally.task.context [-] Task b00f7ca6-c9e2-4a16-bd7b-5f016dcebeb6 | Context cleanup@openstack cleanup() finished in 4.71 sec
2019-10-29 00:17:02.550 1845 INFO rally.task.context [-] Task b00f7ca6-c9e2-4a16-bd7b-5f016dcebeb6 | Context quotas@openstack cleanup() started
2019-10-29 00:17:02.627 1845 INFO rally.task.context [-] Task b00f7ca6-c9e2-4a16-bd7b-5f016dcebeb6 | Context quotas@openstack cleanup() finished in 76.62 msec
2019-10-29 00:17:02.628 1845 INFO rally.task.context [-] Task b00f7ca6-c9e2-4a16-bd7b-5f016dcebeb6 | Context api_versions@openstack cleanup() started
2019-10-29 00:17:02.628 1845 INFO rally.task.context [-] Task b00f7ca6-c9e2-4a16-bd7b-5f016dcebeb6 | Context api_versions@openstack cleanup() finished in 0.38 msec
