2019-10-29 00:31:10.201 10108 RALLYDEBUG rally.task.runner [-] Starting a worker. times: 10 duration: None concurrency: 1 timeout: 0 cls: method_name: run args: {"template_path": "heat_template_version: 2014-10-16\n\ndescription: Test template for rally create-update-delete scenario\n\nresources:\n test_string_one:\n type: OS::Heat::RandomString\n properties:\n length: 20\n test_string_two:\n type: OS::Heat::RandomString\n properties:\n length: 20", "updated_template_path": "heat_template_version: 2014-10-16\n\ndescription: >\n Test template for create-update-delete-stack scenario in rally.\n The template updates the stack defined by random_strings.yaml.template with additional resource.\n\nresources:\n test_string_one:\n type: OS::Heat::RandomString\n properties:\n length: 20\n test_string_two:\n type: OS::Heat::RandomString\n properties:\n length: 20\n test_string_three:\n type: OS::Heat::RandomString\n properties:\n length: 20"}
2019-10-29 00:31:10.205 10107 INFO rally.task.runner [-] Task 61db9aa9-4d18-4ebd-8709-bae1978e7a0d | ITER: 1 START
2019-10-29 00:31:10.206 10108 INFO rally.task.runner [-] Task 61db9aa9-4d18-4ebd-8709-bae1978e7a0d | ITER: 2 START
2019-10-29 00:31:10.206 10109 RALLYDEBUG rally.task.runner [-] Starting a worker. times: 10 duration: None concurrency: 1 timeout: 0 cls: method_name: run args: {"template_path": "heat_template_version: 2014-10-16\n\ndescription: Test template for rally create-update-delete scenario\n\nresources:\n test_string_one:\n type: OS::Heat::RandomString\n properties:\n length: 20\n test_string_two:\n type: OS::Heat::RandomString\n properties:\n length: 20", "updated_template_path": "heat_template_version: 2014-10-16\n\ndescription: >\n Test template for create-update-delete-stack scenario in rally.\n The template updates the stack defined by random_strings.yaml.template with additional resource.\n\nresources:\n test_string_one:\n type: OS::Heat::RandomString\n properties:\n length: 20\n test_string_two:\n type: OS::Heat::RandomString\n properties:\n length: 20\n test_string_three:\n type: OS::Heat::RandomString\n properties:\n length: 20"}
2019-10-29 00:31:10.209 10111 RALLYDEBUG rally.task.runner [-] Starting a worker. times: 10 duration: None concurrency: 1 timeout: 0 cls: method_name: run args: {"template_path": "heat_template_version: 2014-10-16\n\ndescription: Test template for rally create-update-delete scenario\n\nresources:\n test_string_one:\n type: OS::Heat::RandomString\n properties:\n length: 20\n test_string_two:\n type: OS::Heat::RandomString\n properties:\n length: 20", "updated_template_path": "heat_template_version: 2014-10-16\n\ndescription: >\n Test template for create-update-delete-stack scenario in rally.\n The template updates the stack defined by random_strings.yaml.template with additional resource.\n\nresources:\n test_string_one:\n type: OS::Heat::RandomString\n properties:\n length: 20\n test_string_two:\n type: OS::Heat::RandomString\n properties:\n length: 20\n test_string_three:\n type: OS::Heat::RandomString\n properties:\n length: 20"}
2019-10-29 00:31:10.212 10109 INFO rally.task.runner [-] Task 61db9aa9-4d18-4ebd-8709-bae1978e7a0d | ITER: 3 START
2019-10-29 00:31:10.215 10111 INFO rally.task.runner [-] Task 61db9aa9-4d18-4ebd-8709-bae1978e7a0d | ITER: 4 START
2019-10-29 00:31:13.671 10109 RALLYDEBUG rally.task.utils [-] Waiting for resource . Status changed: CREATE_IN_PROGRESS => CREATE_COMPLETE in 0.07202410697937012
2019-10-29 00:31:13.673 10111 RALLYDEBUG rally.task.utils [-] Waiting for resource . Status changed: CREATE_IN_PROGRESS => CREATE_COMPLETE in 0.07335996627807617
2019-10-29 00:31:13.674 10108 RALLYDEBUG rally.task.utils [-] Waiting for resource . Status changed: CREATE_IN_PROGRESS => CREATE_COMPLETE in 0.06459331512451172
2019-10-29 00:31:13.677 10107 RALLYDEBUG rally.task.utils [-] Waiting for resource . Status changed: CREATE_IN_PROGRESS => CREATE_COMPLETE in 0.06734442710876465
2019-10-29 00:31:15.855 10108 RALLYDEBUG rally.task.utils [-] Waiting for resource . Status changed: CREATE_COMPLETE => UPDATE_IN_PROGRESS in 0.0798497200012207
2019-10-29 00:31:15.858 10111 RALLYDEBUG rally.task.utils [-] Waiting for resource . Status changed: CREATE_COMPLETE => UPDATE_IN_PROGRESS in 0.0683894157409668
2019-10-29 00:31:15.869 10109 RALLYDEBUG rally.task.utils [-] Waiting for resource . Status changed: CREATE_COMPLETE => UPDATE_IN_PROGRESS in 0.0907888412475586
2019-10-29 00:31:15.879 10107 RALLYDEBUG rally.task.utils [-] Waiting for resource . Status changed: CREATE_COMPLETE => UPDATE_IN_PROGRESS in 0.09478592872619629
2019-10-29 00:31:16.917 10108 RALLYDEBUG rally.task.utils [-] Waiting for resource . Status changed: UPDATE_IN_PROGRESS => UPDATE_COMPLETE in 1.062272071838379
2019-10-29 00:31:16.921 10111 RALLYDEBUG rally.task.utils [-] Waiting for resource . Status changed: UPDATE_IN_PROGRESS => UPDATE_COMPLETE in 1.0626778602600098
2019-10-29 00:31:16.933 10109 RALLYDEBUG rally.task.utils [-] Waiting for resource . Status changed: UPDATE_IN_PROGRESS => UPDATE_COMPLETE in 1.0643260478973389
2019-10-29 00:31:16.938 10107 RALLYDEBUG rally.task.utils [-] Waiting for resource . Status changed: UPDATE_IN_PROGRESS => UPDATE_COMPLETE in 1.058516502380371
2019-10-29 00:31:17.025 10108 RALLYDEBUG rally.task.utils [-] Waiting for resource . Status changed: CREATE_COMPLETE => DELETE_IN_PROGRESS in 0.05189204216003418
2019-10-29 00:31:17.043 10107 RALLYDEBUG rally.task.utils [-] Waiting for resource . Status changed: CREATE_COMPLETE => DELETE_IN_PROGRESS in 0.04787039756774902
2019-10-29 00:31:17.044 10111 RALLYDEBUG rally.task.utils [-] Waiting for resource . Status changed: CREATE_COMPLETE => DELETE_IN_PROGRESS in 0.05013394355773926
2019-10-29 00:31:17.050 10109 RALLYDEBUG rally.task.utils [-] Waiting for resource . Status changed: CREATE_COMPLETE => DELETE_IN_PROGRESS in 0.052375078201293945
2019-10-29 00:31:19.148 10108 INFO rally.task.runner [-] Task 61db9aa9-4d18-4ebd-8709-bae1978e7a0d | ITER: 2 END: OK
2019-10-29 00:31:19.153 10108 INFO rally.task.runner [-] Task 61db9aa9-4d18-4ebd-8709-bae1978e7a0d | ITER: 5 START
2019-10-29 00:31:19.192 10109 INFO rally.task.runner [-] Task 61db9aa9-4d18-4ebd-8709-bae1978e7a0d | ITER: 3 END: OK
2019-10-29 00:31:19.192 10111 INFO rally.task.runner [-] Task 61db9aa9-4d18-4ebd-8709-bae1978e7a0d | ITER: 4 END: OK
2019-10-29 00:31:19.193 10107 INFO rally.task.runner [-] Task 61db9aa9-4d18-4ebd-8709-bae1978e7a0d | ITER: 1 END: OK
2019-10-29 00:31:19.196 10109 INFO rally.task.runner [-] Task 61db9aa9-4d18-4ebd-8709-bae1978e7a0d | ITER: 6 START
2019-10-29 00:31:19.197 10111 INFO rally.task.runner [-] Task 61db9aa9-4d18-4ebd-8709-bae1978e7a0d | ITER: 7 START
2019-10-29 00:31:19.199 10107 INFO rally.task.runner [-] Task 61db9aa9-4d18-4ebd-8709-bae1978e7a0d | ITER: 8 START
2019-10-29 00:31:22.562 10108 RALLYDEBUG rally.task.utils [-] Waiting for resource . Status changed: CREATE_IN_PROGRESS => CREATE_COMPLETE in 0.06987476348876953
2019-10-29 00:31:22.565 10109 RALLYDEBUG rally.task.utils [-] Waiting for resource . Status changed: CREATE_IN_PROGRESS => CREATE_COMPLETE in 0.06946444511413574
2019-10-29 00:31:22.581 10107 RALLYDEBUG rally.task.utils [-] Waiting for resource . Status changed: CREATE_IN_PROGRESS => CREATE_COMPLETE in 0.07459402084350586
2019-10-29 00:31:22.681 10111 RALLYDEBUG rally.task.utils [-] Waiting for resource . Status changed: CREATE_IN_PROGRESS => CREATE_COMPLETE in 0.05941271781921387
2019-10-29 00:31:24.746 10109 RALLYDEBUG rally.task.utils [-] Waiting for resource . Status changed: CREATE_COMPLETE => UPDATE_IN_PROGRESS in 0.0779104232788086
2019-10-29 00:31:24.747 10108 RALLYDEBUG rally.task.utils [-] Waiting for resource . Status changed: CREATE_COMPLETE => UPDATE_IN_PROGRESS in 0.07816672325134277
2019-10-29 00:31:24.759 10107 RALLYDEBUG rally.task.utils [-] Waiting for resource . Status changed: CREATE_COMPLETE => UPDATE_IN_PROGRESS in 0.07960629463195801
2019-10-29 00:31:24.843 10111 RALLYDEBUG rally.task.utils [-] Waiting for resource . Status changed: CREATE_COMPLETE => UPDATE_IN_PROGRESS in 0.0782322883605957
2019-10-29 00:31:25.820 10108 RALLYDEBUG rally.task.utils [-] Waiting for resource . Status changed: UPDATE_IN_PROGRESS => UPDATE_COMPLETE in 1.073493242263794
2019-10-29 00:31:25.822 10109 RALLYDEBUG rally.task.utils [-] Waiting for resource . Status changed: UPDATE_IN_PROGRESS => UPDATE_COMPLETE in 1.0757253170013428
2019-10-29 00:31:25.836 10107 RALLYDEBUG rally.task.utils [-] Waiting for resource . Status changed: UPDATE_IN_PROGRESS => UPDATE_COMPLETE in 1.076977252960205
2019-10-29 00:31:25.907 10111 RALLYDEBUG rally.task.utils [-] Waiting for resource . Status changed: UPDATE_IN_PROGRESS => UPDATE_COMPLETE in 1.0641908645629883
2019-10-29 00:31:25.937 10108 RALLYDEBUG rally.task.utils [-] Waiting for resource . Status changed: CREATE_COMPLETE => DELETE_IN_PROGRESS in 0.0544123649597168
2019-10-29 00:31:25.953 10109 RALLYDEBUG rally.task.utils [-] Waiting for resource . Status changed: CREATE_COMPLETE => DELETE_IN_PROGRESS in 0.05790066719055176
2019-10-29 00:31:25.960 10107 RALLYDEBUG rally.task.utils [-] Waiting for resource . Status changed: CREATE_COMPLETE => DELETE_IN_PROGRESS in 0.05486583709716797
2019-10-29 00:31:26.026 10111 RALLYDEBUG rally.task.utils [-] Waiting for resource . Status changed: CREATE_COMPLETE => DELETE_IN_PROGRESS in 0.049614667892456055
2019-10-29 00:31:28.060 10108 INFO rally.task.runner [-] Task 61db9aa9-4d18-4ebd-8709-bae1978e7a0d | ITER: 5 END: OK
2019-10-29 00:31:28.065 10108 INFO rally.task.runner [-] Task 61db9aa9-4d18-4ebd-8709-bae1978e7a0d | ITER: 9 START
2019-10-29 00:31:28.071 10107 INFO rally.task.runner [-] Task 61db9aa9-4d18-4ebd-8709-bae1978e7a0d | ITER: 8 END: OK
2019-10-29 00:31:28.072 10109 INFO rally.task.runner [-] Task 61db9aa9-4d18-4ebd-8709-bae1978e7a0d | ITER: 6 END: OK
2019-10-29 00:31:28.074 10107 INFO rally.task.runner [-] Task 61db9aa9-4d18-4ebd-8709-bae1978e7a0d | ITER: 10 START
2019-10-29 00:31:28.146 10111 INFO rally.task.runner [-] Task 61db9aa9-4d18-4ebd-8709-bae1978e7a0d | ITER: 7 END: OK
2019-10-29 00:31:31.548 10107 RALLYDEBUG rally.task.utils [-] Waiting for resource . Status changed: CREATE_IN_PROGRESS => CREATE_COMPLETE in 0.07357263565063477
2019-10-29 00:31:31.568 10108 RALLYDEBUG rally.task.utils [-] Waiting for resource . Status changed: CREATE_IN_PROGRESS => CREATE_COMPLETE in 0.07303977012634277
2019-10-29 00:31:33.732 10107 RALLYDEBUG rally.task.utils [-] Waiting for resource . Status changed: CREATE_COMPLETE => UPDATE_IN_PROGRESS in 0.0758674144744873
2019-10-29 00:31:33.750 10108 RALLYDEBUG rally.task.utils [-] Waiting for resource . Status changed: CREATE_COMPLETE => UPDATE_IN_PROGRESS in 0.07694840431213379
2019-10-29 00:31:34.807 10107 RALLYDEBUG rally.task.utils [-] Waiting for resource . Status changed: UPDATE_IN_PROGRESS => UPDATE_COMPLETE in 1.0752084255218506
2019-10-29 00:31:34.826 10108 RALLYDEBUG rally.task.utils [-] Waiting for resource . Status changed: UPDATE_IN_PROGRESS => UPDATE_COMPLETE in 1.0761938095092773
2019-10-29 00:31:34.922 10107 RALLYDEBUG rally.task.utils [-] Waiting for resource . Status changed: CREATE_COMPLETE => DELETE_IN_PROGRESS in 0.05001068115234375
2019-10-29 00:31:34.936 10108 RALLYDEBUG rally.task.utils [-] Waiting for resource . Status changed: CREATE_COMPLETE => DELETE_IN_PROGRESS in 0.05542302131652832
2019-10-29 00:31:37.048 10107 INFO rally.task.runner [-] Task 61db9aa9-4d18-4ebd-8709-bae1978e7a0d | ITER: 10 END: OK
2019-10-29 00:31:37.053 10108 INFO rally.task.runner [-] Task 61db9aa9-4d18-4ebd-8709-bae1978e7a0d | ITER: 9 END: OK
2019-10-29 00:31:37.082 8497 INFO rally.task.context [-] Task 61db9aa9-4d18-4ebd-8709-bae1978e7a0d | Context cleanup@openstack cleanup() started
2019-10-29 00:31:37.085 8497 RALLYDEBUG rally_openstack.cleanup.manager [-] Cleaning up heat stacks objects
2019-10-29 00:31:38.666 8497 RALLYDEBUG rally_openstack.cleanup.manager [-] Deleting heat.stacks object s_rally_23f61c1c_Zr2PWnmE (4eadef43-6315-4253-9939-fc69bd033b39)
2019-10-29 00:31:39.243 8497 ERROR rally_openstack.cleanup.manager [-] Resource deletion failed, max retries exceeded for heat.stacks: 4eadef43-6315-4253-9939-fc69bd033b39.: heatclient.exc.HTTPNotFound: ERROR: The Stack (s_rally_23f61c1c_Zr2PWnmE) could not be found.
2019-10-29 00:31:39.243 8497 ERROR rally_openstack.cleanup.manager
Traceback (most recent call last):
2019-10-29 00:31:39.243 8497 ERROR rally_openstack.cleanup.manager
File "/usr/lib/python3.6/site-packages/rally_openstack/cleanup/manager.py", line 85, in _delete_single_resource
2019-10-29 00:31:39.243 8497 ERROR rally_openstack.cleanup.manager rutils.retry(resource._max_attempts, resource.delete)
2019-10-29 00:31:39.243 8497 ERROR rally_openstack.cleanup.manager
File "/usr/lib/python3.6/site-packages/rally/common/utils.py", line 230, in retry
2019-10-29 00:31:39.243 8497 ERROR rally_openstack.cleanup.manager return func(*args, **kwargs)
2019-10-29 00:31:39.243 8497 ERROR rally_openstack.cleanup.manager
File "/usr/lib/python3.6/site-packages/rally_openstack/cleanup/base.py", line 129, in delete
2019-10-29 00:31:39.243 8497 ERROR rally_openstack.cleanup.manager self._manager().delete(self.id())
2019-10-29 00:31:39.243 8497 ERROR rally_openstack.cleanup.manager
File "/usr/lib/python3.6/site-packages/heatclient/v1/stacks.py", line 201, in delete
2019-10-29 00:31:39.243 8497 ERROR rally_openstack.cleanup.manager self._delete("/stacks/%s" % stack_id)
2019-10-29 00:31:39.243 8497 ERROR rally_openstack.cleanup.manager
File "/usr/lib/python3.6/site-packages/heatclient/common/base.py", line 207, in _delete
2019-10-29 00:31:39.243 8497 ERROR rally_openstack.cleanup.manager return self.client.delete(url)
2019-10-29 00:31:39.243 8497 ERROR rally_openstack.cleanup.manager
File "/usr/lib/python3.6/site-packages/keystoneauth1/adapter.py", line 390, in delete
2019-10-29 00:31:39.243 8497 ERROR rally_openstack.cleanup.manager return self.request(url, 'DELETE', **kwargs)
2019-10-29 00:31:39.243 8497 ERROR rally_openstack.cleanup.manager
File "/usr/lib/python3.6/site-packages/heatclient/common/http.py", line 320, in request
2019-10-29 00:31:39.243 8497 ERROR rally_openstack.cleanup.manager raise exc.from_response(resp)
2019-10-29 00:31:39.243 8497 ERROR rally_openstack.cleanup.manager heatclient.exc.HTTPNotFound: ERROR: The Stack (s_rally_23f61c1c_Zr2PWnmE) could not be found.
2019-10-29 00:31:39.243 8497 ERROR rally_openstack.cleanup.manager
2019-10-29 00:31:39.250 8497 INFO rally.task.context [-] Task 61db9aa9-4d18-4ebd-8709-bae1978e7a0d | Context cleanup@openstack cleanup() finished in 2.17 sec
2019-10-29 00:31:39.251 8497 INFO rally.task.context [-] Task 61db9aa9-4d18-4ebd-8709-bae1978e7a0d | Context roles@openstack cleanup() started
2019-10-29 00:31:39.251 8497 RALLYDEBUG rally_openstack.contexts.keystone.roles [-] Removing assigned role 579daece61944a47927af2df1e9fafc8 from all users
2019-10-29 00:31:40.194 8497 INFO rally.task.context [-] Task 61db9aa9-4d18-4ebd-8709-bae1978e7a0d | Context roles@openstack cleanup() finished in 0.94 sec
2019-10-29 00:31:40.195 8497 INFO rally.task.context [-] Task 61db9aa9-4d18-4ebd-8709-bae1978e7a0d | Context users@openstack cleanup() started
2019-10-29 00:31:45.187 8497 INFO rally.task.context [-] Task 61db9aa9-4d18-4ebd-8709-bae1978e7a0d | Context users@openstack cleanup() finished in 4.99 sec
2019-10-29 00:31:46.114 8497 INFO rally.task.engine [-] Load duration is: 22.846782
2019-10-29 00:31:46.115 8497 INFO rally.task.engine [-] Full runner duration is: 26.89591
2019-10-29 00:31:46.115 8497 INFO rally.task.engine [-] Full duration is: 43.403884
2019-10-29 00:31:46.358 8497 INFO rally.task.engine [-] Running workload: position = 1 config = { "version": 2, "title": "A cropped version of a bigger task.", "description": "Auto-generated task from a single workload (uuid=7a75df62-862a-445c-94bc-8ffcd1289a6a)", "subtasks": [ { "title": "HeatStacks.create_update_delete_stack", "description": "Create, update and then delete a stack.", "scenario": { "HeatStacks.create_update_delete_stack": { "template_path": "/usr/lib/python3.6/site-packages/functest/opnfv_tests/openstack/rally/scenario/templates/random_strings.yaml.template", "updated_template_path": "/usr/lib/python3.6/site-packages/functest/opnfv_tests/openstack/rally/scenario/templates/updated_random_strings_delete.yaml.template" } }, "contexts": { "users": { "tenants": 3, "users_per_tenant": 2 }, "roles": [ "heat_stack_owner" ] }, "runner": { "constant": { "concurrency": 4, "times": 10 } }, "hooks": [], "sla": { "failure_rate": { "max": 0 } } } ] }
2019-10-29 00:31:46.383 8497 RALLYDEBUG rally_openstack.contexts.keystone.users [-] Creating 3 tenants using 20 threads
2019-10-29 00:31:47.309 8497 RALLYDEBUG rally_openstack.contexts.keystone.users [-] Creating 6 users using 20 threads
2019-10-29 00:31:48.871 8497 INFO rally.task.context [-] Task 61db9aa9-4d18-4ebd-8709-bae1978e7a0d | Context users@openstack setup() finished in 2.49 sec
2019-10-29 00:31:49.612 8497 RALLYDEBUG rally_openstack.contexts.keystone.roles [-] Adding role heat_stack_owner having ID 579daece61944a47927af2df1e9fafc8 to all users using 30 threads
2019-10-29 00:31:54.737 8497 INFO rally.task.context [-] Task 61db9aa9-4d18-4ebd-8709-bae1978e7a0d | Context roles@openstack setup() finished in 5.86 sec
2019-10-29 00:31:54.737 8497 INFO rally.task.context [-] Task 61db9aa9-4d18-4ebd-8709-bae1978e7a0d | Context cleanup@openstack setup() finished in 0.01 msec
2019-10-29 00:31:54.747 8497 RALLYDEBUG rally.task.runner [-] Starting the constant runner (task UUID: 61db9aa9-4d18-4ebd-8709-bae1978e7a0d). times: 10 concurrency: 4 timeout: 0 max_cpu_used: 16 processes_to_start: 4 concurrency_per_worker: 1 concurrency_overhead: 0
2019-10-29 00:31:54.759 10291 RALLYDEBUG rally.task.runner [-] Starting a worker. times: 10 duration: None concurrency: 1 timeout: 0 cls: method_name: run args: {"template_path": "heat_template_version: 2014-10-16\n\ndescription: Test template for rally create-update-delete scenario\n\nresources:\n test_string_one:\n type: OS::Heat::RandomString\n properties:\n length: 20\n test_string_two:\n type: OS::Heat::RandomString\n properties:\n length: 20", "updated_template_path": "heat_template_version: 2014-10-16\n\ndescription: >\n Test template for create-update-delete-stack scenario in rally.\n The template deletes one resource from the stack defined by random_strings.yaml.template.\n\nresources:\n test_string_one:\n type: OS::Heat::RandomString\n properties:\n length: 20"}
2019-10-29 00:31:54.761 10292 RALLYDEBUG rally.task.runner [-] Starting a worker. times: 10 duration: None concurrency: 1 timeout: 0 cls: method_name: run args: {"template_path": "heat_template_version: 2014-10-16\n\ndescription: Test template for rally create-update-delete scenario\n\nresources:\n test_string_one:\n type: OS::Heat::RandomString\n properties:\n length: 20\n test_string_two:\n type: OS::Heat::RandomString\n properties:\n length: 20", "updated_template_path": "heat_template_version: 2014-10-16\n\ndescription: >\n Test template for create-update-delete-stack scenario in rally.\n The template deletes one resource from the stack defined by random_strings.yaml.template.\n\nresources:\n test_string_one:\n type: OS::Heat::RandomString\n properties:\n length: 20"}
2019-10-29 00:31:54.766 10291 INFO rally.task.runner [-] Task 61db9aa9-4d18-4ebd-8709-bae1978e7a0d | ITER: 1 START
2019-10-29 00:31:54.766 10292 INFO rally.task.runner [-] Task 61db9aa9-4d18-4ebd-8709-bae1978e7a0d | ITER: 2 START
2019-10-29 00:31:54.766 10293 RALLYDEBUG rally.task.runner [-] Starting a worker. times: 10 duration: None concurrency: 1 timeout: 0 cls: method_name: run args: {"template_path": "heat_template_version: 2014-10-16\n\ndescription: Test template for rally create-update-delete scenario\n\nresources:\n test_string_one:\n type: OS::Heat::RandomString\n properties:\n length: 20\n test_string_two:\n type: OS::Heat::RandomString\n properties:\n length: 20", "updated_template_path": "heat_template_version: 2014-10-16\n\ndescription: >\n Test template for create-update-delete-stack scenario in rally.\n The template deletes one resource from the stack defined by random_strings.yaml.template.\n\nresources:\n test_string_one:\n type: OS::Heat::RandomString\n properties:\n length: 20"}
2019-10-29 00:31:54.769 10296 RALLYDEBUG rally.task.runner [-] Starting a worker. times: 10 duration: None concurrency: 1 timeout: 0 cls: method_name: run args: {"template_path": "heat_template_version: 2014-10-16\n\ndescription: Test template for rally create-update-delete scenario\n\nresources:\n test_string_one:\n type: OS::Heat::RandomString\n properties:\n length: 20\n test_string_two:\n type: OS::Heat::RandomString\n properties:\n length: 20", "updated_template_path": "heat_template_version: 2014-10-16\n\ndescription: >\n Test template for create-update-delete-stack scenario in rally.\n The template deletes one resource from the stack defined by random_strings.yaml.template.\n\nresources:\n test_string_one:\n type: OS::Heat::RandomString\n properties:\n length: 20"}
2019-10-29 00:31:54.773 10293 INFO rally.task.runner [-] Task 61db9aa9-4d18-4ebd-8709-bae1978e7a0d | ITER: 3 START
2019-10-29 00:31:54.776 10296 INFO rally.task.runner [-] Task 61db9aa9-4d18-4ebd-8709-bae1978e7a0d | ITER: 4 START
2019-10-29 00:31:58.193 10293 RALLYDEBUG rally.task.utils [-] Waiting for resource . Status changed: CREATE_IN_PROGRESS => CREATE_COMPLETE in 0.07875204086303711
2019-10-29 00:31:58.197 10292 RALLYDEBUG rally.task.utils [-] Waiting for resource . Status changed: CREATE_IN_PROGRESS => CREATE_COMPLETE in 0.07474017143249512
2019-10-29 00:31:58.200 10291 RALLYDEBUG rally.task.utils [-] Waiting for resource . Status changed: CREATE_IN_PROGRESS => CREATE_COMPLETE in 0.07424306869506836
2019-10-29 00:31:58.231 10296 RALLYDEBUG rally.task.utils [-] Waiting for resource . Status changed: CREATE_IN_PROGRESS => CREATE_COMPLETE in 0.06907415390014648
2019-10-29 00:32:00.374 10292 RALLYDEBUG rally.task.utils [-] Waiting for resource . Status changed: CREATE_COMPLETE => UPDATE_COMPLETE in 0.06792116165161133
2019-10-29 00:32:00.374 10293 RALLYDEBUG rally.task.utils [-] Waiting for resource . Status changed: CREATE_COMPLETE => UPDATE_COMPLETE in 0.06818222999572754
2019-10-29 00:32:00.376 10291 RALLYDEBUG rally.task.utils [-] Waiting for resource . Status changed: CREATE_COMPLETE => UPDATE_COMPLETE in 0.07012081146240234
2019-10-29 00:32:00.394 10296 RALLYDEBUG rally.task.utils [-] Waiting for resource . Status changed: CREATE_COMPLETE => UPDATE_COMPLETE in 0.06284451484680176
2019-10-29 00:32:00.489 10291 RALLYDEBUG rally.task.utils [-] Waiting for resource . Status changed: CREATE_COMPLETE => DELETE_IN_PROGRESS in 0.053380727767944336
2019-10-29 00:32:00.489 10293 RALLYDEBUG rally.task.utils [-] Waiting for resource . Status changed: CREATE_COMPLETE => DELETE_IN_PROGRESS in 0.05675673484802246
2019-10-29 00:32:00.498 10292 RALLYDEBUG rally.task.utils [-] Waiting for resource . Status changed: CREATE_COMPLETE => DELETE_IN_PROGRESS in 0.06344175338745117
2019-10-29 00:32:00.509 10296 RALLYDEBUG rally.task.utils [-] Waiting for resource . Status changed: CREATE_COMPLETE => DELETE_IN_PROGRESS in 0.05114483833312988
2019-10-29 00:32:01.541 10291 INFO rally.task.runner [-] Task 61db9aa9-4d18-4ebd-8709-bae1978e7a0d | ITER: 1 END: OK
2019-10-29 00:32:01.544 10293 INFO rally.task.runner [-] Task 61db9aa9-4d18-4ebd-8709-bae1978e7a0d | ITER: 3 END: OK
2019-10-29 00:32:01.545 10291 INFO rally.task.runner [-] Task 61db9aa9-4d18-4ebd-8709-bae1978e7a0d | ITER: 5 START
2019-10-29 00:32:01.549 10293 INFO rally.task.runner [-] Task 61db9aa9-4d18-4ebd-8709-bae1978e7a0d | ITER: 6 START
2019-10-29 00:32:01.557 10292 INFO rally.task.runner [-] Task 61db9aa9-4d18-4ebd-8709-bae1978e7a0d | ITER: 2 END: OK
2019-10-29 00:32:01.561 10292 INFO rally.task.runner [-] Task 61db9aa9-4d18-4ebd-8709-bae1978e7a0d | ITER: 7 START
2019-10-29 00:32:01.564 10296 INFO rally.task.runner [-] Task 61db9aa9-4d18-4ebd-8709-bae1978e7a0d | ITER: 4 END: OK
2019-10-29 00:32:01.568 10296 INFO rally.task.runner [-] Task 61db9aa9-4d18-4ebd-8709-bae1978e7a0d | ITER: 8 START
2019-10-29 00:32:04.932 10293 RALLYDEBUG rally.task.utils [-] Waiting for resource . Status changed: CREATE_IN_PROGRESS => CREATE_COMPLETE in 0.0701446533203125
2019-10-29 00:32:04.937 10291 RALLYDEBUG rally.task.utils [-] Waiting for resource . Status changed: CREATE_IN_PROGRESS => CREATE_COMPLETE in 0.0665886402130127
2019-10-29 00:32:04.954 10292 RALLYDEBUG rally.task.utils [-] Waiting for resource . Status changed: CREATE_IN_PROGRESS => CREATE_COMPLETE in 0.06620931625366211
2019-10-29 00:32:05.072 10296 RALLYDEBUG rally.task.utils [-] Waiting for resource . Status changed: CREATE_IN_PROGRESS => CREATE_COMPLETE in 0.06679248809814453
2019-10-29 00:32:07.114 10293 RALLYDEBUG rally.task.utils [-] Waiting for resource . Status changed: CREATE_COMPLETE => UPDATE_COMPLETE in 0.07170271873474121
2019-10-29 00:32:07.122 10291 RALLYDEBUG rally.task.utils [-] Waiting for resource . Status changed: CREATE_COMPLETE => UPDATE_COMPLETE in 0.06949543952941895
2019-10-29 00:32:07.127 10292 RALLYDEBUG rally.task.utils [-] Waiting for resource . Status changed: CREATE_COMPLETE => UPDATE_COMPLETE in 0.06865715980529785
2019-10-29 00:32:07.232 10293 RALLYDEBUG rally.task.utils [-] Waiting for resource . Status changed: CREATE_COMPLETE => DELETE_IN_PROGRESS in 0.0568242073059082
2019-10-29 00:32:07.236 10296 RALLYDEBUG rally.task.utils [-] Waiting for resource . Status changed: CREATE_COMPLETE => UPDATE_COMPLETE in 0.06174349784851074
2019-10-29 00:32:07.237 10292 RALLYDEBUG rally.task.utils [-] Waiting for resource . Status changed: CREATE_COMPLETE => DELETE_IN_PROGRESS in 0.049755096435546875
2019-10-29 00:32:07.254 10291 RALLYDEBUG rally.task.utils [-] Waiting for resource . Status changed: CREATE_COMPLETE => DELETE_IN_PROGRESS in 0.05716729164123535
2019-10-29 00:32:07.377 10296 RALLYDEBUG rally.task.utils [-] Waiting for resource . Status changed: CREATE_COMPLETE => DELETE_IN_PROGRESS in 0.05281805992126465
2019-10-29 00:32:08.292 10293 INFO rally.task.runner [-] Task 61db9aa9-4d18-4ebd-8709-bae1978e7a0d | ITER: 6 END: OK
2019-10-29 00:32:08.293 10292 INFO rally.task.runner [-] Task 61db9aa9-4d18-4ebd-8709-bae1978e7a0d | ITER: 7 END: OK
2019-10-29 00:32:08.296 10293 INFO rally.task.runner [-] Task 61db9aa9-4d18-4ebd-8709-bae1978e7a0d | ITER: 9 START
2019-10-29 00:32:08.297 10292 INFO rally.task.runner [-] Task 61db9aa9-4d18-4ebd-8709-bae1978e7a0d | ITER: 10 START
2019-10-29 00:32:08.308 10291 INFO rally.task.runner [-] Task 61db9aa9-4d18-4ebd-8709-bae1978e7a0d | ITER: 5 END: OK
2019-10-29 00:32:08.434 10296 INFO rally.task.runner [-] Task 61db9aa9-4d18-4ebd-8709-bae1978e7a0d | ITER: 8 END: OK
2019-10-29 00:32:11.807 10293 RALLYDEBUG rally.task.utils [-] Waiting for resource . Status changed: CREATE_IN_PROGRESS => CREATE_COMPLETE in 0.08662223815917969
2019-10-29 00:32:11.808 10292 RALLYDEBUG rally.task.utils [-] Waiting for resource . Status changed: CREATE_IN_PROGRESS => CREATE_COMPLETE in 0.08686447143554688
2019-10-29 00:32:13.996 10293 RALLYDEBUG rally.task.utils [-] Waiting for resource . Status changed: CREATE_COMPLETE => UPDATE_COMPLETE in 0.06589984893798828
2019-10-29 00:32:13.996 10292 RALLYDEBUG rally.task.utils [-] Waiting for resource . Status changed: CREATE_COMPLETE => UPDATE_COMPLETE in 0.07031774520874023
2019-10-29 00:32:14.113 10292 RALLYDEBUG rally.task.utils [-] Waiting for resource . Status changed: CREATE_COMPLETE => DELETE_IN_PROGRESS in 0.05706524848937988
2019-10-29 00:32:14.116 10293 RALLYDEBUG rally.task.utils [-] Waiting for resource . Status changed: CREATE_COMPLETE => DELETE_IN_PROGRESS in 0.0510404109954834
2019-10-29 00:32:15.176 10292 INFO rally.task.runner [-] Task 61db9aa9-4d18-4ebd-8709-bae1978e7a0d | ITER: 10 END: OK
2019-10-29 00:32:15.183 10293 INFO rally.task.runner [-] Task 61db9aa9-4d18-4ebd-8709-bae1978e7a0d | ITER: 9 END: OK
2019-10-29 00:32:15.218 8497 INFO rally.task.context [-] Task 61db9aa9-4d18-4ebd-8709-bae1978e7a0d | Context cleanup@openstack cleanup() started
2019-10-29 00:32:15.221 8497 RALLYDEBUG rally_openstack.cleanup.manager [-] Cleaning up heat stacks objects
2019-10-29 00:32:16.786 8497 INFO rally.task.context [-] Task 61db9aa9-4d18-4ebd-8709-bae1978e7a0d | Context cleanup@openstack cleanup() finished in 1.57 sec
2019-10-29 00:32:16.786 8497 INFO rally.task.context [-] Task 61db9aa9-4d18-4ebd-8709-bae1978e7a0d | Context roles@openstack cleanup() started
2019-10-29 00:32:16.787 8497 RALLYDEBUG rally_openstack.contexts.keystone.roles [-] Removing assigned role 579daece61944a47927af2df1e9fafc8 from all users
2019-10-29 00:32:17.777 8497 INFO rally.task.context [-] Task 61db9aa9-4d18-4ebd-8709-bae1978e7a0d | Context roles@openstack cleanup() finished in 0.99 sec
2019-10-29 00:32:17.778 8497 INFO rally.task.context [-] Task 61db9aa9-4d18-4ebd-8709-bae1978e7a0d | Context users@openstack cleanup() started
2019-10-29 00:32:22.624 8497 INFO rally.task.context [-] Task 61db9aa9-4d18-4ebd-8709-bae1978e7a0d | Context users@openstack cleanup() finished in 4.85 sec
2019-10-29 00:32:24.588 8497 INFO rally.task.engine [-] Load duration is: 16.415351
2019-10-29 00:32:24.588 8497 INFO rally.task.engine [-] Full runner duration is: 20.471085
2019-10-29 00:32:24.589 8497 INFO rally.task.engine [-] Full duration is: 36.244044
2019-10-29 00:32:24.819 8497 INFO rally.task.engine [-] Running workload: position = 2 config = { "version": 2, "title": "A cropped version of a bigger task.", "description": "Auto-generated task from a single workload (uuid=283f88c1-11cd-4f9b-8a85-6654fd0d39e4)", "subtasks": [ { "title": "HeatStacks.create_update_delete_stack", "description": "Create, update and then delete a stack.", "scenario": { "HeatStacks.create_update_delete_stack": { "template_path": "/usr/lib/python3.6/site-packages/functest/opnfv_tests/openstack/rally/scenario/templates/resource_group.yaml.template", "updated_template_path": "/usr/lib/python3.6/site-packages/functest/opnfv_tests/openstack/rally/scenario/templates/updated_resource_group_increase.yaml.template" } }, "contexts": { "users": { "tenants": 3, "users_per_tenant": 2 }, "roles": [ "heat_stack_owner" ] }, "runner": { "constant": { "concurrency": 4, "times": 10 } }, "hooks": [], "sla": { "failure_rate": { "max": 0 } } } ] }
2019-10-29 00:32:24.843 8497 RALLYDEBUG rally_openstack.contexts.keystone.users [-] Creating 3 tenants using 20 threads
2019-10-29 00:32:25.853 8497 RALLYDEBUG rally_openstack.contexts.keystone.users [-] Creating 6 users using 20 threads
2019-10-29 00:32:27.513 8497 INFO rally.task.context [-] Task 61db9aa9-4d18-4ebd-8709-bae1978e7a0d | Context users@openstack setup() finished in 2.67 sec
2019-10-29 00:32:28.219 8497 RALLYDEBUG rally_openstack.contexts.keystone.roles [-] Adding role heat_stack_owner having ID 579daece61944a47927af2df1e9fafc8 to all users using 30 threads
2019-10-29 00:32:33.428 8497 INFO rally.task.context [-] Task 61db9aa9-4d18-4ebd-8709-bae1978e7a0d | Context roles@openstack setup() finished in 5.91 sec
2019-10-29 00:32:33.429 8497 INFO rally.task.context [-] Task 61db9aa9-4d18-4ebd-8709-bae1978e7a0d | Context cleanup@openstack setup() finished in 0.02 msec
2019-10-29 00:32:33.441 8497 RALLYDEBUG rally.task.runner [-] Starting the constant runner (task UUID: 61db9aa9-4d18-4ebd-8709-bae1978e7a0d). times: 10 concurrency: 4 timeout: 0 max_cpu_used: 16 processes_to_start: 4 concurrency_per_worker: 1 concurrency_overhead: 0
2019-10-29 00:32:33.453 10475 RALLYDEBUG rally.task.runner [-] Starting a worker. times: 10 duration: None concurrency: 1 timeout: 0 cls: method_name: run args: {"template_path": "heat_template_version: 2014-10-16\n\ndescription: Test template for rally create-update-delete scenario\n\nresources:\n test_group:\n type: OS::Heat::ResourceGroup\n properties:\n count: 2\n resource_def:\n type: OS::Heat::RandomString\n properties:\n length: 20", "updated_template_path": "heat_template_version: 2014-10-16\n\ndescription: >\n Test template for create-update-delete-stack scenario in rally.\n The template updates one resource from the stack defined by resource_group.yaml.template\n and adds children resources to that resource.\n\nresources:\n test_group:\n type: OS::Heat::ResourceGroup\n properties:\n count: 3\n resource_def:\n type: OS::Heat::RandomString\n properties:\n length: 20"}
2019-10-29 00:32:33.457 10476 RALLYDEBUG rally.task.runner [-] Starting a worker. times: 10 duration: None concurrency: 1 timeout: 0 cls: method_name: run args: {"template_path": "heat_template_version: 2014-10-16\n\ndescription: Test template for rally create-update-delete scenario\n\nresources:\n test_group:\n type: OS::Heat::ResourceGroup\n properties:\n count: 2\n resource_def:\n type: OS::Heat::RandomString\n properties:\n length: 20", "updated_template_path": "heat_template_version: 2014-10-16\n\ndescription: >\n Test template for create-update-delete-stack scenario in rally.\n The template updates one resource from the stack defined by resource_group.yaml.template\n and adds children resources to that resource.\n\nresources:\n test_group:\n type: OS::Heat::ResourceGroup\n properties:\n count: 3\n resource_def:\n type: OS::Heat::RandomString\n properties:\n length: 20"}
2019-10-29 00:32:33.460 10475 INFO rally.task.runner [-] Task 61db9aa9-4d18-4ebd-8709-bae1978e7a0d | ITER: 1 START
2019-10-29 00:32:33.460 10477 RALLYDEBUG rally.task.runner [-] Starting a worker. times: 10 duration: None concurrency: 1 timeout: 0 cls: method_name: run args: {"template_path": "heat_template_version: 2014-10-16\n\ndescription: Test template for rally create-update-delete scenario\n\nresources:\n test_group:\n type: OS::Heat::ResourceGroup\n properties:\n count: 2\n resource_def:\n type: OS::Heat::RandomString\n properties:\n length: 20", "updated_template_path": "heat_template_version: 2014-10-16\n\ndescription: >\n Test template for create-update-delete-stack scenario in rally.\n The template updates one resource from the stack defined by resource_group.yaml.template\n and adds children resources to that resource.\n\nresources:\n test_group:\n type: OS::Heat::ResourceGroup\n properties:\n count: 3\n resource_def:\n type: OS::Heat::RandomString\n properties:\n length: 20"}
2019-10-29 00:32:33.463 10476 INFO rally.task.runner [-] Task 61db9aa9-4d18-4ebd-8709-bae1978e7a0d | ITER: 2 START
2019-10-29 00:32:33.463 10478 RALLYDEBUG rally.task.runner [-] Starting a worker. times: 10 duration: None concurrency: 1 timeout: 0 cls: method_name: run args: {"template_path": "heat_template_version: 2014-10-16\n\ndescription: Test template for rally create-update-delete scenario\n\nresources:\n test_group:\n type: OS::Heat::ResourceGroup\n properties:\n count: 2\n resource_def:\n type: OS::Heat::RandomString\n properties:\n length: 20", "updated_template_path": "heat_template_version: 2014-10-16\n\ndescription: >\n Test template for create-update-delete-stack scenario in rally.\n The template updates one resource from the stack defined by resource_group.yaml.template\n and adds children resources to that resource.\n\nresources:\n test_group:\n type: OS::Heat::ResourceGroup\n properties:\n count: 3\n resource_def:\n type: OS::Heat::RandomString\n properties:\n length: 20"}
2019-10-29 00:32:33.466 10477 INFO rally.task.runner [-] Task 61db9aa9-4d18-4ebd-8709-bae1978e7a0d | ITER: 3 START
2019-10-29 00:32:33.470 10478 INFO rally.task.runner [-] Task 61db9aa9-4d18-4ebd-8709-bae1978e7a0d | ITER: 4 START
2019-10-29 00:32:37.982 10475 RALLYDEBUG rally.task.utils [-] Waiting for resource . Status changed: CREATE_IN_PROGRESS => CREATE_COMPLETE in 1.1410436630249023
2019-10-29 00:32:37.983 10476 RALLYDEBUG rally.task.utils [-] Waiting for resource . Status changed: CREATE_IN_PROGRESS => CREATE_COMPLETE in 1.1426386833190918
2019-10-29 00:32:37.994 10478 RALLYDEBUG rally.task.utils [-] Waiting for resource . Status changed: CREATE_IN_PROGRESS => CREATE_COMPLETE in 1.1421406269073486
2019-10-29 00:32:38.053 10477 RALLYDEBUG rally.task.utils [-] Waiting for resource . Status changed: CREATE_IN_PROGRESS => CREATE_COMPLETE in 1.1239421367645264
2019-10-29 00:32:40.161 10475 RALLYDEBUG rally.task.utils [-] Waiting for resource . Status changed: CREATE_COMPLETE => UPDATE_IN_PROGRESS in 0.06832361221313477
2019-10-29 00:32:40.161 10478 RALLYDEBUG rally.task.utils [-] Waiting for resource . Status changed: CREATE_COMPLETE => UPDATE_IN_PROGRESS in 0.06760764122009277
2019-10-29 00:32:40.166 10476 RALLYDEBUG rally.task.utils [-] Waiting for resource . Status changed: CREATE_COMPLETE => UPDATE_IN_PROGRESS in 0.07131171226501465
2019-10-29 00:32:40.238 10477 RALLYDEBUG rally.task.utils [-] Waiting for resource . Status changed: CREATE_COMPLETE => UPDATE_IN_PROGRESS in 0.06323981285095215
2019-10-29 00:32:42.314 10478 RALLYDEBUG rally.task.utils [-] Waiting for resource . Status changed: UPDATE_IN_PROGRESS => UPDATE_COMPLETE in 2.1527113914489746
2019-10-29 00:32:42.319 10476 RALLYDEBUG rally.task.utils [-] Waiting for resource . Status changed: UPDATE_IN_PROGRESS => UPDATE_COMPLETE in 2.152954578399658
2019-10-29 00:32:42.325 10475 RALLYDEBUG rally.task.utils [-] Waiting for resource . Status changed: UPDATE_IN_PROGRESS => UPDATE_COMPLETE in 2.163844108581543
2019-10-29 00:32:42.379 10477 RALLYDEBUG rally.task.utils [-] Waiting for resource . Status changed: UPDATE_IN_PROGRESS => UPDATE_COMPLETE in 2.140815019607544
2019-10-29 00:32:42.452 10476 RALLYDEBUG rally.task.utils [-] Waiting for resource . Status changed: CREATE_COMPLETE => DELETE_IN_PROGRESS in 0.05841851234436035
2019-10-29 00:32:42.452 10478 RALLYDEBUG rally.task.utils [-] Waiting for resource . Status changed: CREATE_COMPLETE => DELETE_IN_PROGRESS in 0.06162619590759277
2019-10-29 00:32:42.458 10475 RALLYDEBUG rally.task.utils [-] Waiting for resource . Status changed: CREATE_COMPLETE => DELETE_IN_PROGRESS in 0.05816149711608887
2019-10-29 00:32:42.493 10477 RALLYDEBUG rally.task.utils [-] Waiting for resource . Status changed: CREATE_COMPLETE => DELETE_IN_PROGRESS in 0.05233407020568848
2019-10-29 00:32:45.651 10475 INFO rally.task.runner [-] Task 61db9aa9-4d18-4ebd-8709-bae1978e7a0d | ITER: 1 END: OK
2019-10-29 00:32:45.653 10476 INFO rally.task.runner [-] Task 61db9aa9-4d18-4ebd-8709-bae1978e7a0d | ITER: 2 END: OK
2019-10-29 00:32:45.655 10475 INFO rally.task.runner [-] Task 61db9aa9-4d18-4ebd-8709-bae1978e7a0d | ITER: 5 START
2019-10-29 00:32:45.657 10476 INFO rally.task.runner [-] Task 61db9aa9-4d18-4ebd-8709-bae1978e7a0d | ITER: 6 START
2019-10-29 00:32:46.710 10478 INFO rally.task.runner [-] Task 61db9aa9-4d18-4ebd-8709-bae1978e7a0d | ITER: 4 END: OK
2019-10-29 00:32:46.714 10478 INFO rally.task.runner [-] Task 61db9aa9-4d18-4ebd-8709-bae1978e7a0d | ITER: 7 START
2019-10-29 00:32:46.729 10477 INFO rally.task.runner [-] Task 61db9aa9-4d18-4ebd-8709-bae1978e7a0d | ITER: 3 END: OK
2019-10-29 00:32:46.733 10477 INFO rally.task.runner [-] Task 61db9aa9-4d18-4ebd-8709-bae1978e7a0d | ITER: 8 START
2019-10-29 00:32:50.209 10475 RALLYDEBUG rally.task.utils [-] Waiting for resource . Status changed: CREATE_IN_PROGRESS => CREATE_COMPLETE in 1.1373631954193115
2019-10-29 00:32:50.310 10476 RALLYDEBUG rally.task.utils [-] Waiting for resource . Status changed: CREATE_IN_PROGRESS => CREATE_COMPLETE in 1.130533218383789
2019-10-29 00:32:51.237 10478 RALLYDEBUG rally.task.utils [-] Waiting for resource . Status changed: CREATE_IN_PROGRESS => CREATE_COMPLETE in 1.130946397781372
2019-10-29 00:32:51.240 10477 RALLYDEBUG rally.task.utils [-] Waiting for resource . Status changed: CREATE_IN_PROGRESS => CREATE_COMPLETE in 1.1281177997589111
2019-10-29 00:32:52.395 10475 RALLYDEBUG rally.task.utils [-] Waiting for resource . Status changed: CREATE_COMPLETE => UPDATE_IN_PROGRESS in 0.07678413391113281
2019-10-29 00:32:52.495 10476 RALLYDEBUG rally.task.utils [-] Waiting for resource . Status changed: CREATE_COMPLETE => UPDATE_IN_PROGRESS in 0.07026815414428711
2019-10-29 00:32:53.412 10477 RALLYDEBUG rally.task.utils [-] Waiting for resource . Status changed: CREATE_COMPLETE => UPDATE_IN_PROGRESS in 0.06442427635192871
2019-10-29 00:32:53.420 10478 RALLYDEBUG rally.task.utils [-] Waiting for resource . Status changed: CREATE_COMPLETE => UPDATE_IN_PROGRESS in 0.07567763328552246
2019-10-29 00:32:54.541 10475 RALLYDEBUG rally.task.utils [-] Waiting for resource . Status changed: UPDATE_IN_PROGRESS => UPDATE_COMPLETE in 2.1453287601470947
2019-10-29 00:32:54.647 10475 RALLYDEBUG rally.task.utils [-] Waiting for resource . Status changed: CREATE_COMPLETE => DELETE_IN_PROGRESS in 0.05314970016479492
2019-10-29 00:32:54.648 10476 RALLYDEBUG rally.task.utils [-] Waiting for resource . Status changed: UPDATE_IN_PROGRESS => UPDATE_COMPLETE in 2.1527140140533447
2019-10-29 00:32:54.755 10476 RALLYDEBUG rally.task.utils [-] Waiting for resource . Status changed: CREATE_COMPLETE => DELETE_IN_PROGRESS in 0.05279040336608887
2019-10-29 00:32:55.559 10477 RALLYDEBUG rally.task.utils [-] Waiting for resource . Status changed: UPDATE_IN_PROGRESS => UPDATE_COMPLETE in 2.1462275981903076
2019-10-29 00:32:55.563 10478 RALLYDEBUG rally.task.utils [-] Waiting for resource . Status changed: UPDATE_IN_PROGRESS => UPDATE_COMPLETE in 2.1426119804382324
2019-10-29 00:32:55.677 10477 RALLYDEBUG rally.task.utils [-] Waiting for resource . Status changed: CREATE_COMPLETE => DELETE_IN_PROGRESS in 0.05548691749572754
2019-10-29 00:32:55.686 10478 RALLYDEBUG rally.task.utils [-] Waiting for resource . Status changed: CREATE_COMPLETE => DELETE_IN_PROGRESS in 0.059845924377441406
2019-10-29 00:32:57.826 10475 INFO rally.task.runner [-] Task 61db9aa9-4d18-4ebd-8709-bae1978e7a0d | ITER: 5 END: OK
2019-10-29 00:32:57.833 10475 INFO rally.task.runner [-] Task 61db9aa9-4d18-4ebd-8709-bae1978e7a0d | ITER: 9 START
2019-10-29 00:32:57.915 10476 INFO rally.task.runner [-] Task 61db9aa9-4d18-4ebd-8709-bae1978e7a0d | ITER: 6 END: OK
2019-10-29 00:32:57.922 10476 INFO rally.task.runner [-] Task 61db9aa9-4d18-4ebd-8709-bae1978e7a0d | ITER: 10 START
2019-10-29 00:32:58.867 10477 INFO rally.task.runner [-] Task 61db9aa9-4d18-4ebd-8709-bae1978e7a0d | ITER: 8 END: OK
2019-10-29 00:32:58.870 10478 INFO rally.task.runner [-] Task 61db9aa9-4d18-4ebd-8709-bae1978e7a0d | ITER: 7 END: OK
2019-10-29 00:33:02.385 10476 RALLYDEBUG rally.task.utils [-] Waiting for resource . Status changed: CREATE_IN_PROGRESS => CREATE_COMPLETE in 1.133054494857788
2019-10-29 00:33:02.390 10475 RALLYDEBUG rally.task.utils [-] Waiting for resource . Status changed: CREATE_IN_PROGRESS => CREATE_COMPLETE in 1.139314889907837
2019-10-29 00:33:04.564 10475 RALLYDEBUG rally.task.utils [-] Waiting for resource . Status changed: CREATE_COMPLETE => UPDATE_IN_PROGRESS in 0.07298445701599121
2019-10-29 00:33:04.576 10476 RALLYDEBUG rally.task.utils [-] Waiting for resource . Status changed: CREATE_COMPLETE => UPDATE_IN_PROGRESS in 0.08247804641723633
2019-10-29 00:33:06.716 10475 RALLYDEBUG rally.task.utils [-] Waiting for resource . Status changed: UPDATE_IN_PROGRESS => UPDATE_COMPLETE in 2.1510965824127197
2019-10-29 00:33:06.723 10476 RALLYDEBUG rally.task.utils [-] Waiting for resource . Status changed: UPDATE_IN_PROGRESS => UPDATE_COMPLETE in 2.1461503505706787
2019-10-29 00:33:06.843 10475 RALLYDEBUG rally.task.utils [-] Waiting for resource . Status changed: CREATE_COMPLETE => DELETE_IN_PROGRESS in 0.05693459510803223
2019-10-29 00:33:06.849 10476 RALLYDEBUG rally.task.utils [-] Waiting for resource . Status changed: CREATE_COMPLETE => DELETE_IN_PROGRESS in 0.05796408653259277
2019-10-29 00:33:10.037 10475 INFO rally.task.runner [-] Task 61db9aa9-4d18-4ebd-8709-bae1978e7a0d | ITER: 9 END: OK
2019-10-29 00:33:10.038 10476 INFO rally.task.runner [-] Task 61db9aa9-4d18-4ebd-8709-bae1978e7a0d | ITER: 10 END: OK
2019-10-29 00:33:10.065 8497 INFO rally.task.context [-] Task 61db9aa9-4d18-4ebd-8709-bae1978e7a0d | Context cleanup@openstack cleanup() started
2019-10-29 00:33:10.069 8497 RALLYDEBUG rally_openstack.cleanup.manager [-] Cleaning up heat stacks objects
2019-10-29 00:33:11.474 8497 RALLYDEBUG rally_openstack.cleanup.manager [-] Deleting heat.stacks object s_rally_283f88c1_33QKhLKj (9abc092e-d983-4ad9-a377-9952329c7c57)
2019-10-29 00:33:12.074 8497 ERROR rally_openstack.cleanup.manager [-] Resource deletion failed, max retries exceeded for heat.stacks: 9abc092e-d983-4ad9-a377-9952329c7c57.: heatclient.exc.HTTPNotFound: ERROR: The Stack (s_rally_283f88c1_33QKhLKj) could not be found.
2019-10-29 00:33:12.074 8497 ERROR rally_openstack.cleanup.manager
Traceback (most recent call last):
2019-10-29 00:33:12.074 8497 ERROR rally_openstack.cleanup.manager
File "/usr/lib/python3.6/site-packages/rally_openstack/cleanup/manager.py", line 85, in _delete_single_resource
2019-10-29 00:33:12.074 8497 ERROR rally_openstack.cleanup.manager rutils.retry(resource._max_attempts, resource.delete)
2019-10-29 00:33:12.074 8497 ERROR rally_openstack.cleanup.manager
File "/usr/lib/python3.6/site-packages/rally/common/utils.py", line 230, in retry
2019-10-29 00:33:12.074 8497 ERROR rally_openstack.cleanup.manager return func(*args, **kwargs)
2019-10-29 00:33:12.074 8497 ERROR rally_openstack.cleanup.manager
File "/usr/lib/python3.6/site-packages/rally_openstack/cleanup/base.py", line 129, in delete
2019-10-29 00:33:12.074 8497 ERROR rally_openstack.cleanup.manager self._manager().delete(self.id())
2019-10-29 00:33:12.074 8497 ERROR rally_openstack.cleanup.manager
File "/usr/lib/python3.6/site-packages/heatclient/v1/stacks.py", line 201, in delete
2019-10-29 00:33:12.074 8497 ERROR rally_openstack.cleanup.manager self._delete("/stacks/%s" % stack_id)
2019-10-29 00:33:12.074 8497 ERROR rally_openstack.cleanup.manager
File "/usr/lib/python3.6/site-packages/heatclient/common/base.py", line 207, in _delete
2019-10-29 00:33:12.074 8497 ERROR rally_openstack.cleanup.manager return self.client.delete(url)
2019-10-29 00:33:12.074 8497 ERROR rally_openstack.cleanup.manager
File "/usr/lib/python3.6/site-packages/keystoneauth1/adapter.py", line 390, in delete
2019-10-29 00:33:12.074 8497 ERROR rally_openstack.cleanup.manager return self.request(url, 'DELETE', **kwargs)
2019-10-29 00:33:12.074 8497 ERROR rally_openstack.cleanup.manager
File "/usr/lib/python3.6/site-packages/heatclient/common/http.py", line 320, in request
2019-10-29 00:33:12.074 8497 ERROR rally_openstack.cleanup.manager raise exc.from_response(resp)
2019-10-29 00:33:12.074 8497 ERROR rally_openstack.cleanup.manager heatclient.exc.HTTPNotFound: ERROR: The Stack (s_rally_283f88c1_33QKhLKj) could not be found.
2019-10-29 00:33:12.074 8497 ERROR rally_openstack.cleanup.manager
2019-10-29 00:33:12.076 8497 INFO rally.task.context [-] Task 61db9aa9-4d18-4ebd-8709-bae1978e7a0d | Context cleanup@openstack cleanup() finished in 2.01 sec
2019-10-29 00:33:12.076 8497 INFO rally.task.context [-] Task 61db9aa9-4d18-4ebd-8709-bae1978e7a0d | Context roles@openstack cleanup() started
2019-10-29 00:33:12.077 8497 RALLYDEBUG rally_openstack.contexts.keystone.roles [-] Removing assigned role 579daece61944a47927af2df1e9fafc8 from all users
2019-10-29 00:33:13.040 8497 INFO rally.task.context [-] Task 61db9aa9-4d18-4ebd-8709-bae1978e7a0d | Context roles@openstack cleanup() finished in 0.96 sec
2019-10-29 00:33:13.040 8497 INFO rally.task.context [-] Task 61db9aa9-4d18-4ebd-8709-bae1978e7a0d | Context users@openstack cleanup() started
2019-10-29 00:33:17.761 8497 INFO rally.task.context [-] Task 61db9aa9-4d18-4ebd-8709-bae1978e7a0d | Context users@openstack cleanup() finished in 4.72 sec
2019-10-29 00:33:19.123 8497 INFO rally.task.engine [-] Load duration is: 32.576711
2019-10-29 00:33:19.123 8497 INFO rally.task.engine [-] Full runner duration is: 36.62501
2019-10-29 00:33:19.124 8497 INFO rally.task.engine [-] Full duration is: 52.920408
2019-10-29 00:33:19.330 8497 INFO rally.task.engine [-] Running workload: position = 3 config = { "version": 2, "title": "A cropped version of a bigger task.", "description": "Auto-generated task from a single workload (uuid=572ff230-c537-456a-89e7-0bdca5a1f98c)", "subtasks": [ { "title": "HeatStacks.create_update_delete_stack", "description": "Create, update and then delete a stack.", "scenario": { "HeatStacks.create_update_delete_stack": { "template_path": "/usr/lib/python3.6/site-packages/functest/opnfv_tests/openstack/rally/scenario/templates/autoscaling_policy.yaml.template", "updated_template_path": "/usr/lib/python3.6/site-packages/functest/opnfv_tests/openstack/rally/scenario/templates/updated_autoscaling_policy_inplace.yaml.template" } }, "contexts": { "users": { "tenants": 3, "users_per_tenant": 2 }, "roles": [ "heat_stack_owner" ] }, "runner": { "constant": { "concurrency": 4, "times": 10 } }, "hooks": [], "sla": { "failure_rate": { "max": 0 } } } ] }
2019-10-29 00:33:19.356 8497 RALLYDEBUG rally_openstack.contexts.keystone.users [-] Creating 3 tenants using 20 threads
2019-10-29 00:33:20.357 8497 RALLYDEBUG rally_openstack.contexts.keystone.users [-] Creating 6 users using 20 threads
2019-10-29 00:33:21.865 8497 INFO rally.task.context [-] Task 61db9aa9-4d18-4ebd-8709-bae1978e7a0d | Context users@openstack setup() finished in 2.51 sec
2019-10-29 00:33:22.558 8497 RALLYDEBUG rally_openstack.contexts.keystone.roles [-] Adding role heat_stack_owner having ID 579daece61944a47927af2df1e9fafc8 to all users using 30 threads
2019-10-29 00:33:27.539 8497 INFO rally.task.context [-] Task 61db9aa9-4d18-4ebd-8709-bae1978e7a0d | Context roles@openstack setup() finished in 5.67 sec
2019-10-29 00:33:27.540 8497 INFO rally.task.context [-] Task 61db9aa9-4d18-4ebd-8709-bae1978e7a0d | Context cleanup@openstack setup() finished in 0.01 msec
