2019-10-29 00:44:59.106 13785 INFO rally.task.engine [-] Running workload: position = 0 config = { "version": 2, "title": "A cropped version of a bigger task.", "description": "Auto-generated task from a single workload (uuid=d5944c63-bc97-4cd6-9abe-853d26aea5de)", "subtasks": [ { "title": "NeutronNetworks.create_and_delete_routers", "description": "Create and delete a given number of routers.", "scenario": { "NeutronNetworks.create_and_delete_routers": { "network_create_args": {}, "router_create_args": {}, "subnet_cidr_start": "1.1.0.0/30", "subnet_create_args": {}, "subnets_per_network": 1 } }, "contexts": { "users": { "tenants": 3, "users_per_tenant": 2 }, "quotas": { "neutron": { "network": -1, "subnet": -1, "port": -1, "router": -1 } } }, "runner": { "constant": { "concurrency": 4, "times": 10 } }, "hooks": [], "sla": { "failure_rate": { "max": 0 } } } ] }
2019-10-29 00:44:59.131 13785 RALLYDEBUG rally_openstack.contexts.keystone.users [-] Creating 3 tenants using 20 threads
2019-10-29 00:45:00.133 13785 RALLYDEBUG rally_openstack.contexts.keystone.users [-] Creating 6 users using 20 threads
2019-10-29 00:45:01.731 13785 INFO rally.task.context [-] Task 897543c6-dc99-4806-82ba-1812f9669aad | Context users@openstack setup() finished in 2.60 sec
2019-10-29 00:45:02.550 13785 INFO rally.task.context [-] Task 897543c6-dc99-4806-82ba-1812f9669aad | Context quotas@openstack setup() finished in 0.82 sec
2019-10-29 00:45:02.551 13785 INFO rally.task.context [-] Task 897543c6-dc99-4806-82ba-1812f9669aad | Context cleanup@openstack setup() finished in 0.01 msec
2019-10-29 00:45:02.560 13785 RALLYDEBUG rally.task.runner [-] Starting the constant runner (task UUID: 897543c6-dc99-4806-82ba-1812f9669aad). times: 10 concurrency: 4 timeout: 0 max_cpu_used: 16 processes_to_start: 4 concurrency_per_worker: 1 concurrency_overhead: 0
2019-10-29 00:45:02.572 15853 RALLYDEBUG rally.task.runner [-] Starting a worker. times: 10 duration: None concurrency: 1 timeout: 0 cls: method_name: run args: {"network_create_args": {}, "router_create_args": {}, "subnet_cidr_start": "1.1.0.0/30", "subnet_create_args": {}, "subnets_per_network": 1}
2019-10-29 00:45:02.576 15854 RALLYDEBUG rally.task.runner [-] Starting a worker. times: 10 duration: None concurrency: 1 timeout: 0 cls: method_name: run args: {"network_create_args": {}, "router_create_args": {}, "subnet_cidr_start": "1.1.0.0/30", "subnet_create_args": {}, "subnets_per_network": 1}
2019-10-29 00:45:02.579 15853 INFO rally.task.runner [-] Task 897543c6-dc99-4806-82ba-1812f9669aad | ITER: 1 START
2019-10-29 00:45:02.579 15855 RALLYDEBUG rally.task.runner [-] Starting a worker. times: 10 duration: None concurrency: 1 timeout: 0 cls: method_name: run args: {"network_create_args": {}, "router_create_args": {}, "subnet_cidr_start": "1.1.0.0/30", "subnet_create_args": {}, "subnets_per_network": 1}
2019-10-29 00:45:02.582 15854 INFO rally.task.runner [-] Task 897543c6-dc99-4806-82ba-1812f9669aad | ITER: 2 START
2019-10-29 00:45:02.583 15856 RALLYDEBUG rally.task.runner [-] Starting a worker. times: 10 duration: None concurrency: 1 timeout: 0 cls: method_name: run args: {"network_create_args": {}, "router_create_args": {}, "subnet_cidr_start": "1.1.0.0/30", "subnet_create_args": {}, "subnets_per_network": 1}
2019-10-29 00:45:02.586 15855 INFO rally.task.runner [-] Task 897543c6-dc99-4806-82ba-1812f9669aad | ITER: 3 START
2019-10-29 00:45:02.589 15856 INFO rally.task.runner [-] Task 897543c6-dc99-4806-82ba-1812f9669aad | ITER: 4 START
2019-10-29 00:45:03.242 15853 RALLYDEBUG rally_openstack.wrappers.network [-] CIDR generated: 1.1.0.104/30
2019-10-29 00:45:03.279 15855 RALLYDEBUG rally_openstack.wrappers.network [-] CIDR generated: 1.1.0.108/30
2019-10-29 00:45:03.280 15854 RALLYDEBUG rally_openstack.wrappers.network [-] CIDR generated: 1.1.0.112/30
2019-10-29 00:45:03.821 15856 RALLYDEBUG rally_openstack.wrappers.network [-] CIDR generated: 1.1.0.116/30
2019-10-29 00:45:08.748 15853 INFO rally.task.runner [-] Task 897543c6-dc99-4806-82ba-1812f9669aad | ITER: 1 END: OK
2019-10-29 00:45:08.753 15853 INFO rally.task.runner [-] Task 897543c6-dc99-4806-82ba-1812f9669aad | ITER: 5 START
2019-10-29 00:45:09.223 15855 INFO rally.task.runner [-] Task 897543c6-dc99-4806-82ba-1812f9669aad | ITER: 3 END: OK
2019-10-29 00:45:09.226 15855 INFO rally.task.runner [-] Task 897543c6-dc99-4806-82ba-1812f9669aad | ITER: 6 START
2019-10-29 00:45:09.248 15853 RALLYDEBUG rally_openstack.wrappers.network [-] CIDR generated: 1.1.0.120/30
2019-10-29 00:45:09.477 15854 INFO rally.task.runner [-] Task 897543c6-dc99-4806-82ba-1812f9669aad | ITER: 2 END: OK
2019-10-29 00:45:09.480 15854 INFO rally.task.runner [-] Task 897543c6-dc99-4806-82ba-1812f9669aad | ITER: 7 START
2019-10-29 00:45:09.565 15856 INFO rally.task.runner [-] Task 897543c6-dc99-4806-82ba-1812f9669aad | ITER: 4 END: OK
2019-10-29 00:45:09.570 15856 INFO rally.task.runner [-] Task 897543c6-dc99-4806-82ba-1812f9669aad | ITER: 8 START
2019-10-29 00:45:09.811 15855 RALLYDEBUG rally_openstack.wrappers.network [-] CIDR generated: 1.1.0.124/30
2019-10-29 00:45:09.987 15854 RALLYDEBUG rally_openstack.wrappers.network [-] CIDR generated: 1.1.0.128/30
2019-10-29 00:45:10.061 15856 RALLYDEBUG rally_openstack.wrappers.network [-] CIDR generated: 1.1.0.132/30
2019-10-29 00:45:15.376 15856 INFO rally.task.runner [-] Task 897543c6-dc99-4806-82ba-1812f9669aad | ITER: 8 END: OK
2019-10-29 00:45:15.380 15856 INFO rally.task.runner [-] Task 897543c6-dc99-4806-82ba-1812f9669aad | ITER: 9 START
2019-10-29 00:45:15.537 15853 INFO rally.task.runner [-] Task 897543c6-dc99-4806-82ba-1812f9669aad | ITER: 5 END: OK
2019-10-29 00:45:15.541 15853 INFO rally.task.runner [-] Task 897543c6-dc99-4806-82ba-1812f9669aad | ITER: 10 START
2019-10-29 00:45:15.702 15855 INFO rally.task.runner [-] Task 897543c6-dc99-4806-82ba-1812f9669aad | ITER: 6 END: OK
2019-10-29 00:45:15.964 15856 RALLYDEBUG rally_openstack.wrappers.network [-] CIDR generated: 1.1.0.136/30
2019-10-29 00:45:16.049 15853 RALLYDEBUG rally_openstack.wrappers.network [-] CIDR generated: 1.1.0.140/30
2019-10-29 00:45:16.701 15854 INFO rally.task.runner [-] Task 897543c6-dc99-4806-82ba-1812f9669aad | ITER: 7 END: OK
2019-10-29 00:45:21.351 15853 INFO rally.task.runner [-] Task 897543c6-dc99-4806-82ba-1812f9669aad | ITER: 10 END: OK
2019-10-29 00:45:21.566 15856 INFO rally.task.runner [-] Task 897543c6-dc99-4806-82ba-1812f9669aad | ITER: 9 END: OK
2019-10-29 00:45:21.596 13785 INFO rally.task.context [-] Task 897543c6-dc99-4806-82ba-1812f9669aad | Context cleanup@openstack cleanup() started
2019-10-29 00:45:21.599 13785 RALLYDEBUG rally_openstack.cleanup.manager [-] Cleaning up neutron vip objects
2019-10-29 00:45:22.719 13785 RALLYDEBUG rally_openstack.cleanup.manager [-] Cleaning up neutron health_monitor objects
2019-10-29 00:45:23.832 13785 RALLYDEBUG rally_openstack.cleanup.manager [-] Cleaning up neutron pool objects
2019-10-29 00:45:24.950 13785 RALLYDEBUG rally_openstack.cleanup.manager [-] Cleaning up neutron loadbalancer objects
2019-10-29 00:45:26.097 13785 RALLYDEBUG rally_openstack.cleanup.manager [-] Cleaning up neutron floatingip objects
2019-10-29 00:45:27.346 13785 RALLYDEBUG rally_openstack.cleanup.manager [-] Cleaning up neutron trunk objects
2019-10-29 00:45:28.521 13785 RALLYDEBUG rally_openstack.cleanup.manager [-] Cleaning up neutron port objects
2019-10-29 00:45:29.893 13785 RALLYDEBUG rally_openstack.cleanup.manager [-] Cleaning up neutron subnet objects
2019-10-29 00:45:31.427 13785 RALLYDEBUG rally_openstack.cleanup.manager [-] Deleting neutron.subnet object s_rally_d5944c63_YzS90Pq5 (0c0036fb-c26d-4076-a362-cb600b515444)
2019-10-29 00:45:31.437 13785 RALLYDEBUG rally_openstack.cleanup.manager [-] Deleting neutron.subnet object s_rally_d5944c63_PgZRpeW1 (23bf640a-596e-4bb5-a4a9-d10a7b4d7a21)
2019-10-29 00:45:31.446 13785 RALLYDEBUG rally_openstack.cleanup.manager [-] Deleting neutron.subnet object s_rally_d5944c63_tmG2gkt7 (75e22fbb-bf6e-4cc4-9650-400182e3f0c4)
2019-10-29 00:45:31.450 13785 RALLYDEBUG rally_openstack.cleanup.manager [-] Deleting neutron.subnet object s_rally_d5944c63_7dukIEZu (61d3c956-7a8e-4197-931f-fb3bd6fa4769)
2019-10-29 00:45:31.463 13785 RALLYDEBUG rally_openstack.cleanup.manager [-] Deleting neutron.subnet object s_rally_d5944c63_0r73FiL9 (e4c2ee96-6e33-4fa0-9492-3afa9553ff2a)
2019-10-29 00:45:31.469 13785 RALLYDEBUG rally_openstack.cleanup.manager [-] Deleting neutron.subnet object s_rally_d5944c63_z9sfLaHF (6e378cb2-0a27-4a39-8c20-ca38f7d8f7f8)
2019-10-29 00:45:31.482 13785 RALLYDEBUG rally_openstack.cleanup.manager [-] Deleting neutron.subnet object s_rally_d5944c63_717BWWHP (b5d6086a-d89b-4dd7-b83a-b2b3034712a3)
2019-10-29 00:45:31.491 13785 RALLYDEBUG rally_openstack.cleanup.manager [-] Deleting neutron.subnet object s_rally_d5944c63_LaqnX1vk (c074e33b-3e1a-42eb-af3a-e65dd02876d4)
2019-10-29 00:45:31.499 13785 RALLYDEBUG rally_openstack.cleanup.manager [-] Deleting neutron.subnet object s_rally_d5944c63_4MBKW2DT (cfd77aa3-70df-4617-af88-622975f4e943)
2019-10-29 00:45:31.504 13785 RALLYDEBUG rally_openstack.cleanup.manager [-] Deleting neutron.subnet object s_rally_d5944c63_lu6EZy2K (fa68dacf-6feb-46a5-867f-5521d94f6aa3)
2019-10-29 00:45:35.546 13785 RALLYDEBUG rally_openstack.cleanup.manager [-] Cleaning up neutron network objects
2019-10-29 00:45:36.904 13785 RALLYDEBUG rally_openstack.cleanup.manager [-] Deleting neutron.network object s_rally_d5944c63_dq0ftUt0 (3bf9e688-04e9-4de0-bc28-b25978037e50)
2019-10-29 00:45:36.913 13785 RALLYDEBUG rally_openstack.cleanup.manager [-] Deleting neutron.network object s_rally_d5944c63_OY9UT6YS (52978e7b-c4e3-4003-af50-c494efcf5d4f)
2019-10-29 00:45:36.921 13785 RALLYDEBUG rally_openstack.cleanup.manager [-] Deleting neutron.network object s_rally_d5944c63_PsBXrKys (a2803da1-6c2f-45ea-93bf-01ae68b9347c)
2019-10-29 00:45:36.925 13785 RALLYDEBUG rally_openstack.cleanup.manager [-] Deleting neutron.network object s_rally_d5944c63_zISKluEm (3d704a18-f369-4e32-9087-2d54f5076698)
2019-10-29 00:45:36.928 13785 RALLYDEBUG rally_openstack.cleanup.manager [-] Deleting neutron.network object s_rally_d5944c63_ZWX8Jt0O (41104449-3ff0-4325-b2e1-776b236f33e7)
2019-10-29 00:45:36.931 13785 RALLYDEBUG rally_openstack.cleanup.manager [-] Deleting neutron.network object s_rally_d5944c63_9YCWU4Qc (0cf96fb4-f59d-418b-b611-61f67e02ed43)
2019-10-29 00:45:36.934 13785 RALLYDEBUG rally_openstack.cleanup.manager [-] Deleting neutron.network object s_rally_d5944c63_lwiTQGlB (28094e19-96bb-4637-9738-3b4b523e7dfe)
2019-10-29 00:45:36.943 13785 RALLYDEBUG rally_openstack.cleanup.manager [-] Deleting neutron.network object s_rally_d5944c63_CnMAfwGf (67ea9bcb-ffb7-47c5-80fc-e499d3e23550)
2019-10-29 00:45:36.958 13785 RALLYDEBUG rally_openstack.cleanup.manager [-] Deleting neutron.network object s_rally_d5944c63_JsNbC7T4 (bcd76c68-af7a-4bb1-98b3-4e4e9f2c066d)
2019-10-29 00:45:36.963 13785 RALLYDEBUG rally_openstack.cleanup.manager [-] Deleting neutron.network object s_rally_d5944c63_JTFtjmLl (f0cfbfa1-b678-4341-b101-0316259cfc30)
2019-10-29 00:45:40.005 13785 RALLYDEBUG rally_openstack.cleanup.manager [-] Cleaning up neutron router objects
2019-10-29 00:45:41.253 13785 RALLYDEBUG rally_openstack.cleanup.manager [-] Cleaning up neutron security_group objects
2019-10-29 00:45:42.520 13785 INFO rally.task.context [-] Task 897543c6-dc99-4806-82ba-1812f9669aad | Context cleanup@openstack cleanup() finished in 20.92 sec
2019-10-29 00:45:42.520 13785 INFO rally.task.context [-] Task 897543c6-dc99-4806-82ba-1812f9669aad | Context quotas@openstack cleanup() started
2019-10-29 00:45:42.701 13785 INFO rally.task.context [-] Task 897543c6-dc99-4806-82ba-1812f9669aad | Context quotas@openstack cleanup() finished in 0.18 sec
2019-10-29 00:45:42.702 13785 INFO rally.task.context [-] Task 897543c6-dc99-4806-82ba-1812f9669aad | Context users@openstack cleanup() started
2019-10-29 00:45:46.727 13785 INFO rally.task.context [-] Task 897543c6-dc99-4806-82ba-1812f9669aad | Context users@openstack cleanup() finished in 4.03 sec
2019-10-29 00:45:47.376 13785 INFO rally.task.engine [-] Load duration is: 18.98591
2019-10-29 00:45:47.377 13785 INFO rally.task.engine [-] Full runner duration is: 19.035772
2019-10-29 00:45:47.377 13785 INFO rally.task.engine [-] Full duration is: 47.598081
2019-10-29 00:45:47.742 13785 INFO rally.task.engine [-] Running workload: position = 0 config = { "version": 2, "title": "A cropped version of a bigger task.", "description": "Auto-generated task from a single workload (uuid=2c435076-bf46-4c19-9be4-ac8a1892d562)", "subtasks": [ { "title": "NeutronNetworks.create_and_delete_subnets", "description": "Create and delete a given number of subnets.", "scenario": { "NeutronNetworks.create_and_delete_subnets": { "network_create_args": {}, "subnet_cidr_start": "1.1.0.0/30", "subnet_create_args": {}, "subnets_per_network": 1 } }, "contexts": { "users": { "tenants": 3, "users_per_tenant": 2 }, "network": { "router": {} }, "quotas": { "neutron": { "network": -1, "subnet": -1 } } }, "runner": { "constant": { "concurrency": 4, "times": 10 } }, "hooks": [], "sla": { "failure_rate": { "max": 0 } } } ] }
2019-10-29 00:45:47.768 13785 RALLYDEBUG rally_openstack.contexts.keystone.users [-] Creating 3 tenants using 20 threads
2019-10-29 00:45:48.782 13785 RALLYDEBUG rally_openstack.contexts.keystone.users [-] Creating 6 users using 20 threads
2019-10-29 00:45:50.293 13785 INFO rally.task.context [-] Task 897543c6-dc99-4806-82ba-1812f9669aad | Context users@openstack setup() finished in 2.53 sec
2019-10-29 00:45:51.090 13785 INFO rally.task.context [-] Task 897543c6-dc99-4806-82ba-1812f9669aad | Context quotas@openstack setup() finished in 0.80 sec
2019-10-29 00:45:51.723 13785 RALLYDEBUG rally_openstack.wrappers.network [-] CIDR generated: 10.2.36.0/24
2019-10-29 00:45:52.873 13785 RALLYDEBUG rally_openstack.wrappers.network [-] CIDR generated: 10.2.37.0/24
2019-10-29 00:45:53.689 13785 RALLYDEBUG rally_openstack.wrappers.network [-] CIDR generated: 10.2.38.0/24
2019-10-29 00:45:54.201 13785 INFO rally.task.context [-] Task 897543c6-dc99-4806-82ba-1812f9669aad | Context network@openstack setup() finished in 3.11 sec
2019-10-29 00:45:54.202 13785 INFO rally.task.context [-] Task 897543c6-dc99-4806-82ba-1812f9669aad | Context cleanup@openstack setup() finished in 0.01 msec
2019-10-29 00:45:54.210 13785 RALLYDEBUG rally.task.runner [-] Starting the constant runner (task UUID: 897543c6-dc99-4806-82ba-1812f9669aad). times: 10 concurrency: 4 timeout: 0 max_cpu_used: 16 processes_to_start: 4 concurrency_per_worker: 1 concurrency_overhead: 0
2019-10-29 00:45:54.222 16177 RALLYDEBUG rally.task.runner [-] Starting a worker. times: 10 duration: None concurrency: 1 timeout: 0 cls: method_name: run args: {"network_create_args": {}, "subnet_cidr_start": "1.1.0.0/30", "subnet_create_args": {}, "subnets_per_network": 1}
2019-10-29 00:45:54.226 16178 RALLYDEBUG rally.task.runner [-] Starting a worker. times: 10 duration: None concurrency: 1 timeout: 0 cls: method_name: run args: {"network_create_args": {}, "subnet_cidr_start": "1.1.0.0/30", "subnet_create_args": {}, "subnets_per_network": 1}
2019-10-29 00:45:54.230 16177 INFO rally.task.runner [-] Task 897543c6-dc99-4806-82ba-1812f9669aad | ITER: 1 START
2019-10-29 00:45:54.229 16179 RALLYDEBUG rally.task.runner [-] Starting a worker. times: 10 duration: None concurrency: 1 timeout: 0 cls: method_name: run args: {"network_create_args": {}, "subnet_cidr_start": "1.1.0.0/30", "subnet_create_args": {}, "subnets_per_network": 1}
2019-10-29 00:45:54.233 16178 INFO rally.task.runner [-] Task 897543c6-dc99-4806-82ba-1812f9669aad | ITER: 2 START
2019-10-29 00:45:54.233 16177 RALLYDEBUG rally_openstack.wrappers.network [-] CIDR generated: 1.1.0.156/30
2019-10-29 00:45:54.233 16180 RALLYDEBUG rally.task.runner [-] Starting a worker. times: 10 duration: None concurrency: 1 timeout: 0 cls: method_name: run args: {"network_create_args": {}, "subnet_cidr_start": "1.1.0.0/30", "subnet_create_args": {}, "subnets_per_network": 1}
2019-10-29 00:45:54.236 16178 RALLYDEBUG rally_openstack.wrappers.network [-] CIDR generated: 1.1.0.160/30
2019-10-29 00:45:54.236 16179 INFO rally.task.runner [-] Task 897543c6-dc99-4806-82ba-1812f9669aad | ITER: 3 START
2019-10-29 00:45:54.239 16179 RALLYDEBUG rally_openstack.wrappers.network [-] CIDR generated: 1.1.0.164/30
2019-10-29 00:45:54.240 16180 INFO rally.task.runner [-] Task 897543c6-dc99-4806-82ba-1812f9669aad | ITER: 4 START
2019-10-29 00:45:54.242 16180 RALLYDEBUG rally_openstack.wrappers.network [-] CIDR generated: 1.1.0.168/30
2019-10-29 00:45:55.654 16178 INFO rally.task.runner [-] Task 897543c6-dc99-4806-82ba-1812f9669aad | ITER: 2 END: OK
2019-10-29 00:45:55.659 16178 INFO rally.task.runner [-] Task 897543c6-dc99-4806-82ba-1812f9669aad | ITER: 5 START
2019-10-29 00:45:55.661 16178 RALLYDEBUG rally_openstack.wrappers.network [-] CIDR generated: 1.1.0.172/30
2019-10-29 00:45:55.877 16179 INFO rally.task.runner [-] Task 897543c6-dc99-4806-82ba-1812f9669aad | ITER: 3 END: OK
2019-10-29 00:45:55.882 16179 INFO rally.task.runner [-] Task 897543c6-dc99-4806-82ba-1812f9669aad | ITER: 6 START
2019-10-29 00:45:55.883 16179 RALLYDEBUG rally_openstack.wrappers.network [-] CIDR generated: 1.1.0.176/30
2019-10-29 00:45:56.449 16177 INFO rally.task.runner [-] Task 897543c6-dc99-4806-82ba-1812f9669aad | ITER: 1 END: OK
2019-10-29 00:45:56.455 16177 INFO rally.task.runner [-] Task 897543c6-dc99-4806-82ba-1812f9669aad | ITER: 7 START
2019-10-29 00:45:56.456 16177 RALLYDEBUG rally_openstack.wrappers.network [-] CIDR generated: 1.1.0.180/30
2019-10-29 00:45:56.470 16180 INFO rally.task.runner [-] Task 897543c6-dc99-4806-82ba-1812f9669aad | ITER: 4 END: OK
2019-10-29 00:45:56.475 16180 INFO rally.task.runner [-] Task 897543c6-dc99-4806-82ba-1812f9669aad | ITER: 8 START
2019-10-29 00:45:56.476 16180 RALLYDEBUG rally_openstack.wrappers.network [-] CIDR generated: 1.1.0.184/30
2019-10-29 00:45:57.330 16178 INFO rally.task.runner [-] Task 897543c6-dc99-4806-82ba-1812f9669aad | ITER: 5 END: OK
2019-10-29 00:45:57.333 16178 INFO rally.task.runner [-] Task 897543c6-dc99-4806-82ba-1812f9669aad | ITER: 9 START
2019-10-29 00:45:57.334 16178 RALLYDEBUG rally_openstack.wrappers.network [-] CIDR generated: 1.1.0.188/30
2019-10-29 00:45:57.845 16179 INFO rally.task.runner [-] Task 897543c6-dc99-4806-82ba-1812f9669aad | ITER: 6 END: OK
2019-10-29 00:45:57.850 16179 INFO rally.task.runner [-] Task 897543c6-dc99-4806-82ba-1812f9669aad | ITER: 10 START
2019-10-29 00:45:57.851 16179 RALLYDEBUG rally_openstack.wrappers.network [-] CIDR generated: 1.1.0.192/30
2019-10-29 00:45:57.936 16177 INFO rally.task.runner [-] Task 897543c6-dc99-4806-82ba-1812f9669aad | ITER: 7 END: OK
2019-10-29 00:45:58.600 16180 INFO rally.task.runner [-] Task 897543c6-dc99-4806-82ba-1812f9669aad | ITER: 8 END: OK
2019-10-29 00:45:59.296 16178 INFO rally.task.runner [-] Task 897543c6-dc99-4806-82ba-1812f9669aad | ITER: 9 END: OK
2019-10-29 00:45:59.303 16179 INFO rally.task.runner [-] Task 897543c6-dc99-4806-82ba-1812f9669aad | ITER: 10 END: OK
2019-10-29 00:45:59.328 13785 INFO rally.task.context [-] Task 897543c6-dc99-4806-82ba-1812f9669aad | Context cleanup@openstack cleanup() started
2019-10-29 00:45:59.332 13785 RALLYDEBUG rally_openstack.cleanup.manager [-] Cleaning up neutron vip objects
2019-10-29 00:46:00.510 13785 RALLYDEBUG rally_openstack.cleanup.manager [-] Cleaning up neutron health_monitor objects
2019-10-29 00:46:01.586 13785 RALLYDEBUG rally_openstack.cleanup.manager [-] Cleaning up neutron pool objects
2019-10-29 00:46:02.691 13785 RALLYDEBUG rally_openstack.cleanup.manager [-] Cleaning up neutron loadbalancer objects
2019-10-29 00:46:03.782 13785 RALLYDEBUG rally_openstack.cleanup.manager [-] Cleaning up neutron floatingip objects
2019-10-29 00:46:04.985 13785 RALLYDEBUG rally_openstack.cleanup.manager [-] Cleaning up neutron trunk objects
2019-10-29 00:46:06.154 13785 RALLYDEBUG rally_openstack.cleanup.manager [-] Cleaning up neutron port objects
2019-10-29 00:46:07.445 13785 RALLYDEBUG rally_openstack.cleanup.manager [-] Cleaning up neutron subnet objects
2019-10-29 00:46:08.714 13785 RALLYDEBUG rally_openstack.cleanup.manager [-] Cleaning up neutron network objects
2019-10-29 00:46:10.389 13785 RALLYDEBUG rally_openstack.cleanup.manager [-] Cleaning up neutron router objects
2019-10-29 00:46:11.613 13785 RALLYDEBUG rally_openstack.cleanup.manager [-] Cleaning up neutron security_group objects
2019-10-29 00:46:12.854 13785 INFO rally.task.context [-] Task 897543c6-dc99-4806-82ba-1812f9669aad | Context cleanup@openstack cleanup() finished in 13.53 sec
2019-10-29 00:46:12.855 13785 INFO rally.task.context [-] Task 897543c6-dc99-4806-82ba-1812f9669aad | Context network@openstack cleanup() started
2019-10-29 00:46:23.142 13785 INFO rally.task.context [-] Task 897543c6-dc99-4806-82ba-1812f9669aad | Context network@openstack cleanup() finished in 10.29 sec
2019-10-29 00:46:23.142 13785 INFO rally.task.context [-] Task 897543c6-dc99-4806-82ba-1812f9669aad | Context quotas@openstack cleanup() started
2019-10-29 00:46:23.277 13785 INFO rally.task.context [-] Task 897543c6-dc99-4806-82ba-1812f9669aad | Context quotas@openstack cleanup() finished in 0.13 sec
2019-10-29 00:46:23.277 13785 INFO rally.task.context [-] Task 897543c6-dc99-4806-82ba-1812f9669aad | Context users@openstack cleanup() started
2019-10-29 00:46:27.445 13785 INFO rally.task.context [-] Task 897543c6-dc99-4806-82ba-1812f9669aad | Context users@openstack cleanup() finished in 4.17 sec
2019-10-29 00:46:27.977 13785 INFO rally.task.engine [-] Load duration is: 5.071792
2019-10-29 00:46:27.977 13785 INFO rally.task.engine [-] Full runner duration is: 5.117916
2019-10-29 00:46:27.978 13785 INFO rally.task.engine [-] Full duration is: 39.679442
2019-10-29 00:46:28.311 13785 INFO rally.task.engine [-] Running workload: position = 0 config = { "version": 2, "title": "A cropped version of a bigger task.", "description": "Auto-generated task from a single workload (uuid=3a9c8d88-9fbd-4c04-b8cc-5dcb42705f50)", "subtasks": [ { "title": "NeutronNetworks.create_and_list_networks", "description": "Create a network and then list all networks.", "scenario": { "NeutronNetworks.create_and_list_networks": { "network_create_args": {} } }, "contexts": { "users": { "tenants": 3, "users_per_tenant": 2 }, "quotas": { "neutron": { "network": -1 } } }, "runner": { "constant": { "concurrency": 4, "times": 10 } }, "hooks": [], "sla": { "failure_rate": { "max": 0 } } } ] }
2019-10-29 00:46:28.336 13785 RALLYDEBUG rally_openstack.contexts.keystone.users [-] Creating 3 tenants using 20 threads
2019-10-29 00:46:29.486 13785 RALLYDEBUG rally_openstack.contexts.keystone.users [-] Creating 6 users using 20 threads
2019-10-29 00:46:31.038 13785 INFO rally.task.context [-] Task 897543c6-dc99-4806-82ba-1812f9669aad | Context users@openstack setup() finished in 2.70 sec
2019-10-29 00:46:31.731 13785 INFO rally.task.context [-] Task 897543c6-dc99-4806-82ba-1812f9669aad | Context quotas@openstack setup() finished in 0.69 sec
2019-10-29 00:46:31.732 13785 INFO rally.task.context [-] Task 897543c6-dc99-4806-82ba-1812f9669aad | Context cleanup@openstack setup() finished in 0.01 msec
2019-10-29 00:46:31.741 13785 RALLYDEBUG rally.task.runner [-] Starting the constant runner (task UUID: 897543c6-dc99-4806-82ba-1812f9669aad). times: 10 concurrency: 4 timeout: 0 max_cpu_used: 16 processes_to_start: 4 concurrency_per_worker: 1 concurrency_overhead: 0
2019-10-29 00:46:31.752 16501 RALLYDEBUG rally.task.runner [-] Starting a worker. times: 10 duration: None concurrency: 1 timeout: 0 cls: method_name: run args: {"network_create_args": {}}
2019-10-29 00:46:31.756 16502 RALLYDEBUG rally.task.runner [-] Starting a worker. times: 10 duration: None concurrency: 1 timeout: 0 cls: method_name: run args: {"network_create_args": {}}
2019-10-29 00:46:31.758 16501 INFO rally.task.runner [-] Task 897543c6-dc99-4806-82ba-1812f9669aad | ITER: 1 START
2019-10-29 00:46:31.759 16503 RALLYDEBUG rally.task.runner [-] Starting a worker. times: 10 duration: None concurrency: 1 timeout: 0 cls: method_name: run args: {"network_create_args": {}}
2019-10-29 00:46:31.762 16502 INFO rally.task.runner [-] Task 897543c6-dc99-4806-82ba-1812f9669aad | ITER: 2 START
2019-10-29 00:46:31.762 16506 RALLYDEBUG rally.task.runner [-] Starting a worker. times: 10 duration: None concurrency: 1 timeout: 0 cls: method_name: run args: {"network_create_args": {}}
2019-10-29 00:46:31.765 16503 INFO rally.task.runner [-] Task 897543c6-dc99-4806-82ba-1812f9669aad | ITER: 3 START
2019-10-29 00:46:31.767 16506 INFO rally.task.runner [-] Task 897543c6-dc99-4806-82ba-1812f9669aad | ITER: 4 START
2019-10-29 00:46:32.548 16503 INFO rally.task.runner [-] Task 897543c6-dc99-4806-82ba-1812f9669aad | ITER: 3 END: OK
2019-10-29 00:46:32.553 16503 INFO rally.task.runner [-] Task 897543c6-dc99-4806-82ba-1812f9669aad | ITER: 5 START
2019-10-29 00:46:32.558 16506 INFO rally.task.runner [-] Task 897543c6-dc99-4806-82ba-1812f9669aad | ITER: 4 END: OK
2019-10-29 00:46:32.563 16506 INFO rally.task.runner [-] Task 897543c6-dc99-4806-82ba-1812f9669aad | ITER: 6 START
2019-10-29 00:46:32.608 16502 INFO rally.task.runner [-] Task 897543c6-dc99-4806-82ba-1812f9669aad | ITER: 2 END: OK
2019-10-29 00:46:32.612 16502 INFO rally.task.runner [-] Task 897543c6-dc99-4806-82ba-1812f9669aad | ITER: 7 START
2019-10-29 00:46:32.621 16501 INFO rally.task.runner [-] Task 897543c6-dc99-4806-82ba-1812f9669aad | ITER: 1 END: OK
2019-10-29 00:46:32.626 16501 INFO rally.task.runner [-] Task 897543c6-dc99-4806-82ba-1812f9669aad | ITER: 8 START
2019-10-29 00:46:33.239 16503 INFO rally.task.runner [-] Task 897543c6-dc99-4806-82ba-1812f9669aad | ITER: 5 END: OK
2019-10-29 00:46:33.243 16503 INFO rally.task.runner [-] Task 897543c6-dc99-4806-82ba-1812f9669aad | ITER: 9 START
2019-10-29 00:46:33.349 16502 INFO rally.task.runner [-] Task 897543c6-dc99-4806-82ba-1812f9669aad | ITER: 7 END: OK
2019-10-29 00:46:33.353 16502 INFO rally.task.runner [-] Task 897543c6-dc99-4806-82ba-1812f9669aad | ITER: 10 START
2019-10-29 00:46:33.438 16501 INFO rally.task.runner [-] Task 897543c6-dc99-4806-82ba-1812f9669aad | ITER: 8 END: OK
2019-10-29 00:46:33.511 16506 INFO rally.task.runner [-] Task 897543c6-dc99-4806-82ba-1812f9669aad | ITER: 6 END: OK
2019-10-29 00:46:33.910 16503 INFO rally.task.runner [-] Task 897543c6-dc99-4806-82ba-1812f9669aad | ITER: 9 END: OK
2019-10-29 00:46:34.291 16502 INFO rally.task.runner [-] Task 897543c6-dc99-4806-82ba-1812f9669aad | ITER: 10 END: OK
2019-10-29 00:46:34.317 13785 INFO rally.task.context [-] Task 897543c6-dc99-4806-82ba-1812f9669aad | Context cleanup@openstack cleanup() started
2019-10-29 00:46:34.320 13785 RALLYDEBUG rally_openstack.cleanup.manager [-] Cleaning up neutron vip objects
2019-10-29 00:46:35.444 13785 RALLYDEBUG rally_openstack.cleanup.manager [-] Cleaning up neutron health_monitor objects
2019-10-29 00:46:36.570 13785 RALLYDEBUG rally_openstack.cleanup.manager [-] Cleaning up neutron pool objects
2019-10-29 00:46:37.714 13785 RALLYDEBUG rally_openstack.cleanup.manager [-] Cleaning up neutron loadbalancer objects
2019-10-29 00:46:38.829 13785 RALLYDEBUG rally_openstack.cleanup.manager [-] Cleaning up neutron floatingip objects
2019-10-29 00:46:40.092 13785 RALLYDEBUG rally_openstack.cleanup.manager [-] Cleaning up neutron trunk objects
2019-10-29 00:46:41.281 13785 RALLYDEBUG rally_openstack.cleanup.manager [-] Cleaning up neutron port objects
2019-10-29 00:46:42.472 13785 RALLYDEBUG rally_openstack.cleanup.manager [-] Cleaning up neutron subnet objects
2019-10-29 00:46:43.657 13785 RALLYDEBUG rally_openstack.cleanup.manager [-] Cleaning up neutron network objects
2019-10-29 00:46:45.310 13785 RALLYDEBUG rally_openstack.cleanup.manager [-] Deleting neutron.network object s_rally_3a9c8d88_ToENM55U (3cf1d8df-4aa0-4d46-a050-9fae5e5f4a2b)
2019-10-29 00:46:45.319 13785 RALLYDEBUG rally_openstack.cleanup.manager [-] Deleting neutron.network object s_rally_3a9c8d88_CFmT5ntb (4deebd0f-0b45-49a7-b48c-c3813c4dc287)
2019-10-29 00:46:45.328 13785 RALLYDEBUG rally_openstack.cleanup.manager [-] Deleting neutron.network object s_rally_3a9c8d88_41mTct5T (a545564d-2cb6-4f59-a0cb-768821bfaa56)
2019-10-29 00:46:45.332 13785 RALLYDEBUG rally_openstack.cleanup.manager [-] Deleting neutron.network object s_rally_3a9c8d88_ed7a6x3r (bedeff82-3991-4913-a0cd-986071770b85)
2019-10-29 00:46:45.341 13785 RALLYDEBUG rally_openstack.cleanup.manager [-] Deleting neutron.network object s_rally_3a9c8d88_fcdTVRig (e129f403-0be2-4e8d-91c4-9662a567af12)
2019-10-29 00:46:45.345 13785 RALLYDEBUG rally_openstack.cleanup.manager [-] Deleting neutron.network object s_rally_3a9c8d88_E3IVAUEV (1244d9fb-1c62-494a-8c75-2adc853df40f)
2019-10-29 00:46:45.368 13785 RALLYDEBUG rally_openstack.cleanup.manager [-] Deleting neutron.network object s_rally_3a9c8d88_8XhQxhrs (3e7e56ab-5e9c-49e0-a6c7-c504708a17ea)
2019-10-29 00:46:45.380 13785 RALLYDEBUG rally_openstack.cleanup.manager [-] Deleting neutron.network object s_rally_3a9c8d88_BhYHV3Z1 (ca9fb969-6066-4568-aac2-24747faaa58e)
2019-10-29 00:46:45.391 13785 RALLYDEBUG rally_openstack.cleanup.manager [-] Deleting neutron.network object s_rally_3a9c8d88_EXNDsOhz (522e7319-a5df-4575-a3ae-bc1f59d433d4)
2019-10-29 00:46:45.396 13785 RALLYDEBUG rally_openstack.cleanup.manager [-] Deleting neutron.network object s_rally_3a9c8d88_9ov6ChEO (c9948f78-1590-49e9-8f2b-9094f5c39451)
2019-10-29 00:46:47.946 13785 RALLYDEBUG rally_openstack.cleanup.manager [-] Cleaning up neutron router objects
2019-10-29 00:46:49.218 13785 RALLYDEBUG rally_openstack.cleanup.manager [-] Cleaning up neutron security_group objects
2019-10-29 00:46:50.757 13785 INFO rally.task.context [-] Task 897543c6-dc99-4806-82ba-1812f9669aad | Context cleanup@openstack cleanup() finished in 16.44 sec
2019-10-29 00:46:50.758 13785 INFO rally.task.context [-] Task 897543c6-dc99-4806-82ba-1812f9669aad | Context quotas@openstack cleanup() started
2019-10-29 00:46:50.927 13785 INFO rally.task.context [-] Task 897543c6-dc99-4806-82ba-1812f9669aad | Context quotas@openstack cleanup() finished in 0.17 sec
2019-10-29 00:46:50.928 13785 INFO rally.task.context [-] Task 897543c6-dc99-4806-82ba-1812f9669aad | Context users@openstack cleanup() started
2019-10-29 00:46:55.453 13785 INFO rally.task.context [-] Task 897543c6-dc99-4806-82ba-1812f9669aad | Context users@openstack cleanup() finished in 4.53 sec
2019-10-29 00:46:56.490 13785 INFO rally.task.engine [-] Load duration is: 2.530653
2019-10-29 00:46:56.490 13785 INFO rally.task.engine [-] Full runner duration is: 2.576766
2019-10-29 00:46:56.490 13785 INFO rally.task.engine [-] Full duration is: 27.119317
2019-10-29 00:46:56.761 13785 INFO rally.task.engine [-] Running workload: position = 0 config = { "version": 2, "title": "A cropped version of a bigger task.", "description": "Auto-generated task from a single workload (uuid=f8796184-6f6a-4cae-a9c8-540416975f9b)", "subtasks": [ { "title": "NeutronNetworks.create_and_list_ports", "description": "Create and a given number of ports and list all ports.", "scenario": { "NeutronNetworks.create_and_list_ports": { "network_create_args": {}, "port_create_args": {}, "ports_per_network": 1 } }, "contexts": { "users": { "tenants": 3, "users_per_tenant": 2 }, "network": { "router": {} }, "quotas": { "neutron": { "network": -1, "port": -1 } } }, "runner": { "constant": { "concurrency": 4, "times": 10 } }, "hooks": [], "sla": { "failure_rate": { "max": 0 } } } ] }
2019-10-29 00:46:56.786 13785 RALLYDEBUG rally_openstack.contexts.keystone.users [-] Creating 3 tenants using 20 threads
2019-10-29 00:46:57.808 13785 RALLYDEBUG rally_openstack.contexts.keystone.users [-] Creating 6 users using 20 threads
2019-10-29 00:46:59.341 13785 INFO rally.task.context [-] Task 897543c6-dc99-4806-82ba-1812f9669aad | Context users@openstack setup() finished in 2.55 sec
2019-10-29 00:47:00.133 13785 INFO rally.task.context [-] Task 897543c6-dc99-4806-82ba-1812f9669aad | Context quotas@openstack setup() finished in 0.79 sec
2019-10-29 00:47:00.793 13785 RALLYDEBUG rally_openstack.wrappers.network [-] CIDR generated: 10.2.49.0/24
2019-10-29 00:47:01.961 13785 RALLYDEBUG rally_openstack.wrappers.network [-] CIDR generated: 10.2.50.0/24
2019-10-29 00:47:02.731 13785 RALLYDEBUG rally_openstack.wrappers.network [-] CIDR generated: 10.2.51.0/24
2019-10-29 00:47:03.616 13785 INFO rally.task.context [-] Task 897543c6-dc99-4806-82ba-1812f9669aad | Context network@openstack setup() finished in 3.48 sec
2019-10-29 00:47:03.616 13785 INFO rally.task.context [-] Task 897543c6-dc99-4806-82ba-1812f9669aad | Context cleanup@openstack setup() finished in 0.01 msec
2019-10-29 00:47:03.625 13785 RALLYDEBUG rally.task.runner [-] Starting the constant runner (task UUID: 897543c6-dc99-4806-82ba-1812f9669aad). times: 10 concurrency: 4 timeout: 0 max_cpu_used: 16 processes_to_start: 4 concurrency_per_worker: 1 concurrency_overhead: 0
2019-10-29 00:47:03.637 16825 RALLYDEBUG rally.task.runner [-] Starting a worker. times: 10 duration: None concurrency: 1 timeout: 0 cls: method_name: run args: {"network_create_args": {}, "port_create_args": {}, "ports_per_network": 1}
2019-10-29 00:47:03.641 16826 RALLYDEBUG rally.task.runner [-] Starting a worker. times: 10 duration: None concurrency: 1 timeout: 0 cls: method_name: run args: {"network_create_args": {}, "port_create_args": {}, "ports_per_network": 1}
2019-10-29 00:47:03.644 16825 INFO rally.task.runner [-] Task 897543c6-dc99-4806-82ba-1812f9669aad | ITER: 1 START
2019-10-29 00:47:03.644 16827 RALLYDEBUG rally.task.runner [-] Starting a worker. times: 10 duration: None concurrency: 1 timeout: 0 cls: method_name: run args: {"network_create_args": {}, "port_create_args": {}, "ports_per_network": 1}
2019-10-29 00:47:03.648 16826 INFO rally.task.runner [-] Task 897543c6-dc99-4806-82ba-1812f9669aad | ITER: 2 START
2019-10-29 00:47:03.647 16829 RALLYDEBUG rally.task.runner [-] Starting a worker. times: 10 duration: None concurrency: 1 timeout: 0 cls: method_name: run args: {"network_create_args": {}, "port_create_args": {}, "ports_per_network": 1}
2019-10-29 00:47:03.651 16827 INFO rally.task.runner [-] Task 897543c6-dc99-4806-82ba-1812f9669aad | ITER: 3 START
2019-10-29 00:47:03.654 16829 INFO rally.task.runner [-] Task 897543c6-dc99-4806-82ba-1812f9669aad | ITER: 4 START
2019-10-29 00:47:04.826 16825 INFO rally.task.runner [-] Task 897543c6-dc99-4806-82ba-1812f9669aad | ITER: 1 END: OK
2019-10-29 00:47:04.831 16825 INFO rally.task.runner [-] Task 897543c6-dc99-4806-82ba-1812f9669aad | ITER: 5 START
2019-10-29 00:47:05.048 16826 INFO rally.task.runner [-] Task 897543c6-dc99-4806-82ba-1812f9669aad | ITER: 2 END: OK
2019-10-29 00:47:05.053 16826 INFO rally.task.runner [-] Task 897543c6-dc99-4806-82ba-1812f9669aad | ITER: 6 START
2019-10-29 00:47:05.323 16829 INFO rally.task.runner [-] Task 897543c6-dc99-4806-82ba-1812f9669aad | ITER: 4 END: OK
2019-10-29 00:47:05.328 16829 INFO rally.task.runner [-] Task 897543c6-dc99-4806-82ba-1812f9669aad | ITER: 7 START
2019-10-29 00:47:05.359 16827 INFO rally.task.runner [-] Task 897543c6-dc99-4806-82ba-1812f9669aad | ITER: 3 END: OK
2019-10-29 00:47:05.363 16827 INFO rally.task.runner [-] Task 897543c6-dc99-4806-82ba-1812f9669aad | ITER: 8 START
2019-10-29 00:47:05.876 16825 INFO rally.task.runner [-] Task 897543c6-dc99-4806-82ba-1812f9669aad | ITER: 5 END: OK
2019-10-29 00:47:05.881 16825 INFO rally.task.runner [-] Task 897543c6-dc99-4806-82ba-1812f9669aad | ITER: 9 START
2019-10-29 00:47:06.224 16826 INFO rally.task.runner [-] Task 897543c6-dc99-4806-82ba-1812f9669aad | ITER: 6 END: OK
2019-10-29 00:47:06.229 16826 INFO rally.task.runner [-] Task 897543c6-dc99-4806-82ba-1812f9669aad | ITER: 10 START
2019-10-29 00:47:06.416 16829 INFO rally.task.runner [-] Task 897543c6-dc99-4806-82ba-1812f9669aad | ITER: 7 END: OK
2019-10-29 00:47:06.510 16827 INFO rally.task.runner [-] Task 897543c6-dc99-4806-82ba-1812f9669aad | ITER: 8 END: OK
2019-10-29 00:47:06.954 16825 INFO rally.task.runner [-] Task 897543c6-dc99-4806-82ba-1812f9669aad | ITER: 9 END: OK
2019-10-29 00:47:07.291 16826 INFO rally.task.runner [-] Task 897543c6-dc99-4806-82ba-1812f9669aad | ITER: 10 END: OK
2019-10-29 00:47:07.316 13785 INFO rally.task.context [-] Task 897543c6-dc99-4806-82ba-1812f9669aad | Context cleanup@openstack cleanup() started
2019-10-29 00:47:07.319 13785 RALLYDEBUG rally_openstack.cleanup.manager [-] Cleaning up neutron vip objects
2019-10-29 00:47:08.499 13785 RALLYDEBUG rally_openstack.cleanup.manager [-] Cleaning up neutron health_monitor objects
2019-10-29 00:47:09.588 13785 RALLYDEBUG rally_openstack.cleanup.manager [-] Cleaning up neutron pool objects
2019-10-29 00:47:10.698 13785 RALLYDEBUG rally_openstack.cleanup.manager [-] Cleaning up neutron loadbalancer objects
2019-10-29 00:47:12.061 13785 RALLYDEBUG rally_openstack.cleanup.manager [-] Cleaning up neutron floatingip objects
2019-10-29 00:47:13.249 13785 RALLYDEBUG rally_openstack.cleanup.manager [-] Cleaning up neutron trunk objects
2019-10-29 00:47:14.650 13785 RALLYDEBUG rally_openstack.cleanup.manager [-] Cleaning up neutron port objects
2019-10-29 00:47:16.016 13785 RALLYDEBUG rally_openstack.cleanup.manager [-] Deleting neutron.port object s_rally_f8796184_iYlb7Lp1 (9ddf9634-4cea-4f6c-9b46-09539a741381)
2019-10-29 00:47:16.025 13785 RALLYDEBUG rally_openstack.cleanup.manager [-] Deleting neutron.port object s_rally_f8796184_ppf7iLPE (c7b9e78a-40b5-4e21-af63-9cf825b9e644)
2019-10-29 00:47:16.034 13785 RALLYDEBUG rally_openstack.cleanup.manager [-] Deleting neutron.port object s_rally_f8796184_CeIQ96uG (dff0bda4-e622-4b66-a9a4-4d902ce4e342)
2019-10-29 00:47:16.042 13785 RALLYDEBUG rally_openstack.cleanup.manager [-] Deleting neutron.port object s_rally_f8796184_Ll3Oc5tV (1df22c2f-da80-498b-a3c8-0f593ddcf6de)
2019-10-29 00:47:16.062 13785 RALLYDEBUG rally_openstack.cleanup.manager [-] Deleting neutron.port object s_rally_f8796184_CJWYQiaR (6064f9b6-3546-46fa-942c-3c619fb27a0f)
2019-10-29 00:47:16.077 13785 RALLYDEBUG rally_openstack.cleanup.manager [-] Deleting neutron.port object s_rally_f8796184_k8LkNWby (909ab3df-7df3-45d4-a831-02e3b0f70c8b)
2019-10-29 00:47:16.085 13785 RALLYDEBUG rally_openstack.cleanup.manager [-] Deleting neutron.port object s_rally_f8796184_V6aGZREe (d308e22e-2461-4de0-884e-058e90e8daaa)
2019-10-29 00:47:16.096 13785 RALLYDEBUG rally_openstack.cleanup.manager [-] Deleting neutron.port object s_rally_f8796184_HfUb2RZY (e6bf7415-85cf-4743-b008-e5652dec03b7)
2019-10-29 00:47:16.116 13785 RALLYDEBUG rally_openstack.cleanup.manager [-] Deleting neutron.port object s_rally_f8796184_NnPN1IGp (56531e75-0024-46ce-a6c1-df4ce0275e31)
2019-10-29 00:47:16.126 13785 RALLYDEBUG rally_openstack.cleanup.manager [-] Deleting neutron.port object s_rally_f8796184_ZoX6fUYG (c35c1ce4-3fad-4be4-8d85-04aa7347fa0d)
2019-10-29 00:47:19.144 13785 RALLYDEBUG rally_openstack.cleanup.manager [-] Cleaning up neutron subnet objects
2019-10-29 00:47:20.607 13785 RALLYDEBUG rally_openstack.cleanup.manager [-] Cleaning up neutron network objects
2019-10-29 00:47:22.036 13785 RALLYDEBUG rally_openstack.cleanup.manager [-] Cleaning up neutron router objects
2019-10-29 00:47:23.242 13785 RALLYDEBUG rally_openstack.cleanup.manager [-] Cleaning up neutron security_group objects
2019-10-29 00:47:24.505 13785 INFO rally.task.context [-] Task 897543c6-dc99-4806-82ba-1812f9669aad | Context cleanup@openstack cleanup() finished in 17.19 sec
2019-10-29 00:47:24.505 13785 INFO rally.task.context [-] Task 897543c6-dc99-4806-82ba-1812f9669aad | Context network@openstack cleanup() started
2019-10-29 00:47:35.588 13785 INFO rally.task.context [-] Task 897543c6-dc99-4806-82ba-1812f9669aad | Context network@openstack cleanup() finished in 11.08 sec
2019-10-29 00:47:35.588 13785 INFO rally.task.context [-] Task 897543c6-dc99-4806-82ba-1812f9669aad | Context quotas@openstack cleanup() started
2019-10-29 00:47:35.708 13785 INFO rally.task.context [-] Task 897543c6-dc99-4806-82ba-1812f9669aad | Context quotas@openstack cleanup() finished in 0.12 sec
2019-10-29 00:47:35.708 13785 INFO rally.task.context [-] Task 897543c6-dc99-4806-82ba-1812f9669aad | Context users@openstack cleanup() started
2019-10-29 00:47:39.833 13785 INFO rally.task.context [-] Task 897543c6-dc99-4806-82ba-1812f9669aad | Context users@openstack cleanup() finished in 4.12 sec
2019-10-29 00:47:41.006 13785 INFO rally.task.engine [-] Load duration is: 3.64634
2019-10-29 00:47:41.007 13785 INFO rally.task.engine [-] Full runner duration is: 3.690804
2019-10-29 00:47:41.007 13785 INFO rally.task.engine [-] Full duration is: 43.049276
2019-10-29 00:47:41.366 13785 INFO rally.task.engine [-] Running workload: position = 0 config = { "version": 2, "title": "A cropped version of a bigger task.", "description": "Auto-generated task from a single workload (uuid=1c1d1764-f646-4ad4-ab66-874e17dfb304)", "subtasks": [ { "title": "NeutronNetworks.create_and_list_routers", "description": "Create and a given number of routers and list all routers.", "scenario": { "NeutronNetworks.create_and_list_routers": { "network_create_args": {}, "router_create_args": {}, "subnet_cidr_start": "1.1.0.0/30", "subnet_create_args": {}, "subnets_per_network": 1 } }, "contexts": { "users": { "tenants": 3, "users_per_tenant": 2 }, "quotas": { "neutron": { "network": -1, "subnet": -1, "router": -1 } } }, "runner": { "constant": { "concurrency": 4, "times": 10 } }, "hooks": [], "sla": { "failure_rate": { "max": 0 } } } ] }
2019-10-29 00:47:41.391 13785 RALLYDEBUG rally_openstack.contexts.keystone.users [-] Creating 3 tenants using 20 threads
2019-10-29 00:47:42.414 13785 RALLYDEBUG rally_openstack.contexts.keystone.users [-] Creating 6 users using 20 threads
2019-10-29 00:47:43.938 13785 INFO rally.task.context [-] Task 897543c6-dc99-4806-82ba-1812f9669aad | Context users@openstack setup() finished in 2.55 sec
2019-10-29 00:47:44.808 13785 INFO rally.task.context [-] Task 897543c6-dc99-4806-82ba-1812f9669aad | Context quotas@openstack setup() finished in 0.87 sec
2019-10-29 00:47:44.808 13785 INFO rally.task.context [-] Task 897543c6-dc99-4806-82ba-1812f9669aad | Context cleanup@openstack setup() finished in 0.01 msec
2019-10-29 00:47:44.818 13785 RALLYDEBUG rally.task.runner [-] Starting the constant runner (task UUID: 897543c6-dc99-4806-82ba-1812f9669aad). times: 10 concurrency: 4 timeout: 0 max_cpu_used: 16 processes_to_start: 4 concurrency_per_worker: 1 concurrency_overhead: 0
2019-10-29 00:47:44.829 17149 RALLYDEBUG rally.task.runner [-] Starting a worker. times: 10 duration: None concurrency: 1 timeout: 0 cls: method_name: run args: {"network_create_args": {}, "router_create_args": {}, "subnet_cidr_start": "1.1.0.0/30", "subnet_create_args": {}, "subnets_per_network": 1}
2019-10-29 00:47:44.833 17150 RALLYDEBUG rally.task.runner [-] Starting a worker. times: 10 duration: None concurrency: 1 timeout: 0 cls: method_name: run args: {"network_create_args": {}, "router_create_args": {}, "subnet_cidr_start": "1.1.0.0/30", "subnet_create_args": {}, "subnets_per_network": 1}
2019-10-29 00:47:44.836 17149 INFO rally.task.runner [-] Task 897543c6-dc99-4806-82ba-1812f9669aad | ITER: 1 START
2019-10-29 00:47:44.836 17151 RALLYDEBUG rally.task.runner [-] Starting a worker. times: 10 duration: None concurrency: 1 timeout: 0 cls: method_name: run args: {"network_create_args": {}, "router_create_args": {}, "subnet_cidr_start": "1.1.0.0/30", "subnet_create_args": {}, "subnets_per_network": 1}
2019-10-29 00:47:44.839 17150 INFO rally.task.runner [-] Task 897543c6-dc99-4806-82ba-1812f9669aad | ITER: 2 START
2019-10-29 00:47:44.840 17153 RALLYDEBUG rally.task.runner [-] Starting a worker. times: 10 duration: None concurrency: 1 timeout: 0 cls: method_name: run args: {"network_create_args": {}, "router_create_args": {}, "subnet_cidr_start": "1.1.0.0/30", "subnet_create_args": {}, "subnets_per_network": 1}
2019-10-29 00:47:44.843 17151 INFO rally.task.runner [-] Task 897543c6-dc99-4806-82ba-1812f9669aad | ITER: 3 START
2019-10-29 00:47:44.846 17153 INFO rally.task.runner [-] Task 897543c6-dc99-4806-82ba-1812f9669aad | ITER: 4 START
2019-10-29 00:47:45.498 17151 RALLYDEBUG rally_openstack.wrappers.network [-] CIDR generated: 1.1.0.208/30
2019-10-29 00:47:45.498 17150 RALLYDEBUG rally_openstack.wrappers.network [-] CIDR generated: 1.1.0.212/30
2019-10-29 00:47:45.763 17149 RALLYDEBUG rally_openstack.wrappers.network [-] CIDR generated: 1.1.0.216/30
2019-10-29 00:47:46.123 17153 RALLYDEBUG rally_openstack.wrappers.network [-] CIDR generated: 1.1.0.220/30
2019-10-29 00:47:48.175 17150 INFO rally.task.runner [-] Task 897543c6-dc99-4806-82ba-1812f9669aad | ITER: 2 END: OK
2019-10-29 00:47:48.180 17150 INFO rally.task.runner [-] Task 897543c6-dc99-4806-82ba-1812f9669aad | ITER: 5 START
2019-10-29 00:47:48.478 17151 INFO rally.task.runner [-] Task 897543c6-dc99-4806-82ba-1812f9669aad | ITER: 3 END: OK
2019-10-29 00:47:48.482 17151 INFO rally.task.runner [-] Task 897543c6-dc99-4806-82ba-1812f9669aad | ITER: 6 START
2019-10-29 00:47:48.680 17150 RALLYDEBUG rally_openstack.wrappers.network [-] CIDR generated: 1.1.0.224/30
2019-10-29 00:47:48.706 17149 INFO rally.task.runner [-] Task 897543c6-dc99-4806-82ba-1812f9669aad | ITER: 1 END: OK
2019-10-29 00:47:48.710 17149 INFO rally.task.runner [-] Task 897543c6-dc99-4806-82ba-1812f9669aad | ITER: 7 START
2019-10-29 00:47:49.088 17151 RALLYDEBUG rally_openstack.wrappers.network [-] CIDR generated: 1.1.0.228/30
2019-10-29 00:47:49.218 17149 RALLYDEBUG rally_openstack.wrappers.network [-] CIDR generated: 1.1.0.232/30
2019-10-29 00:47:49.273 17153 INFO rally.task.runner [-] Task 897543c6-dc99-4806-82ba-1812f9669aad | ITER: 4 END: OK
2019-10-29 00:47:49.277 17153 INFO rally.task.runner [-] Task 897543c6-dc99-4806-82ba-1812f9669aad | ITER: 8 START
2019-10-29 00:47:49.853 17153 RALLYDEBUG rally_openstack.wrappers.network [-] CIDR generated: 1.1.0.236/30
2019-10-29 00:47:51.270 17150 INFO rally.task.runner [-] Task 897543c6-dc99-4806-82ba-1812f9669aad | ITER: 5 END: OK
2019-10-29 00:47:51.274 17150 INFO rally.task.runner [-] Task 897543c6-dc99-4806-82ba-1812f9669aad | ITER: 9 START
2019-10-29 00:47:51.792 17150 RALLYDEBUG rally_openstack.wrappers.network [-] CIDR generated: 1.1.0.240/30
2019-10-29 00:47:52.036 17151 INFO rally.task.runner [-] Task 897543c6-dc99-4806-82ba-1812f9669aad | ITER: 6 END: OK
2019-10-29 00:47:52.040 17151 INFO rally.task.runner [-] Task 897543c6-dc99-4806-82ba-1812f9669aad | ITER: 10 START
2019-10-29 00:47:52.548 17151 RALLYDEBUG rally_openstack.wrappers.network [-] CIDR generated: 1.1.0.244/30
2019-10-29 00:47:52.633 17149 INFO rally.task.runner [-] Task 897543c6-dc99-4806-82ba-1812f9669aad | ITER: 7 END: OK
2019-10-29 00:47:53.330 17153 INFO rally.task.runner [-] Task 897543c6-dc99-4806-82ba-1812f9669aad | ITER: 8 END: OK
2019-10-29 00:47:55.281 17150 INFO rally.task.runner [-] Task 897543c6-dc99-4806-82ba-1812f9669aad | ITER: 9 END: OK
2019-10-29 00:47:55.548 17151 INFO rally.task.runner [-] Task 897543c6-dc99-4806-82ba-1812f9669aad | ITER: 10 END: OK
2019-10-29 00:47:55.577 13785 INFO rally.task.context [-] Task 897543c6-dc99-4806-82ba-1812f9669aad | Context cleanup@openstack cleanup() started
2019-10-29 00:47:55.580 13785 RALLYDEBUG rally_openstack.cleanup.manager [-] Cleaning up neutron vip objects
2019-10-29 00:47:56.637 13785 RALLYDEBUG rally_openstack.cleanup.manager [-] Cleaning up neutron health_monitor objects
2019-10-29 00:47:57.685 13785 RALLYDEBUG rally_openstack.cleanup.manager [-] Cleaning up neutron pool objects
2019-10-29 00:47:58.766 13785 RALLYDEBUG rally_openstack.cleanup.manager [-] Cleaning up neutron loadbalancer objects
2019-10-29 00:47:59.840 13785 RALLYDEBUG rally_openstack.cleanup.manager [-] Cleaning up neutron floatingip objects
2019-10-29 00:48:01.013 13785 RALLYDEBUG rally_openstack.cleanup.manager [-] Cleaning up neutron trunk objects
2019-10-29 00:48:02.111 13785 RALLYDEBUG rally_openstack.cleanup.manager [-] Cleaning up neutron port objects
2019-10-29 00:48:03.906 13785 RALLYDEBUG rally_openstack.cleanup.manager [-] Deleting neutron.port object s_rally_1c1d1764_jdj4hn0m (82423af3-480c-4eae-b733-f966500c4418)
2019-10-29 00:48:03.919 13785 RALLYDEBUG rally_openstack.cleanup.manager [-] Deleting neutron.port object s_rally_1c1d1764_0MniQvKy (cdeb13f0-2dde-40b0-86de-8a10263c955a)
2019-10-29 00:48:03.931 13785 RALLYDEBUG rally_openstack.cleanup.manager [-] Deleting neutron.port object s_rally_1c1d1764_4EmLN41V (77d1c099-ff93-44b6-ae46-cdc5520a48e6)
2019-10-29 00:48:03.959 13785 RALLYDEBUG rally_openstack.cleanup.manager [-] Deleting neutron.port object s_rally_1c1d1764_eISk0tze (91a4ead1-1bb8-432d-873f-2340f7b8a4b5)
2019-10-29 00:48:03.965 13785 RALLYDEBUG rally_openstack.cleanup.manager [-] Deleting neutron.port object s_rally_1c1d1764_HOSwmFlB (43dcdfbd-4a0c-4240-a82a-af2658babd20)
2019-10-29 00:48:03.979 13785 RALLYDEBUG rally_openstack.cleanup.manager [-] Deleting neutron.port object s_rally_1c1d1764_xJHXMw0S (6f026adb-2d3b-49ab-880d-cae1587a7f77)
2019-10-29 00:48:03.981 13785 RALLYDEBUG rally_openstack.cleanup.manager [-] Deleting neutron.port object s_rally_1c1d1764_ksMtkaeC (821feeb8-0cb4-4dcf-9f1c-489425e8db57)
2019-10-29 00:48:03.991 13785 RALLYDEBUG rally_openstack.cleanup.manager [-] Deleting neutron.port object s_rally_1c1d1764_rfGGgt8j (f93fab56-8fcb-47e9-bb55-20fc8ae69d51)
2019-10-29 00:48:04.011 13785 RALLYDEBUG rally_openstack.cleanup.manager [-] Deleting neutron.port object s_rally_1c1d1764_TB1humnP (78d7e554-fd87-4cb9-b068-e097195ff5e4)
2019-10-29 00:48:04.017 13785 RALLYDEBUG rally_openstack.cleanup.manager [-] Deleting neutron.port object s_rally_1c1d1764_6HbXGLhR (cc2a0e7c-10ab-4220-b015-02914f430809)
2019-10-29 00:48:10.310 13785 RALLYDEBUG rally_openstack.cleanup.manager [-] Cleaning up neutron subnet objects
