2019-10-29 00:21:00.116 1845 INFO rally.task.context [-] Task b00f7ca6-c9e2-4a16-bd7b-5f016dcebeb6 | Context api_versions@openstack cleanup() finished in 0.35 msec
2019-10-29 00:21:00.116 1845 INFO rally.task.context [-] Task b00f7ca6-c9e2-4a16-bd7b-5f016dcebeb6 | Context users@openstack cleanup() started
2019-10-29 00:21:04.616 1845 INFO rally.task.context [-] Task b00f7ca6-c9e2-4a16-bd7b-5f016dcebeb6 | Context users@openstack cleanup() finished in 4.50 sec
2019-10-29 00:21:06.168 1845 INFO rally.task.engine [-] Load duration is: 1.267559
2019-10-29 00:21:06.169 1845 INFO rally.task.engine [-] Full runner duration is: 1.315761
2019-10-29 00:21:06.169 1845 INFO rally.task.engine [-] Full duration is: 12.542047
2019-10-29 00:21:06.477 1845 INFO rally.task.engine [-] Running workload: position = 0 config = { "version": 2, "title": "A cropped version of a bigger task.", "description": "Auto-generated task from a single workload (uuid=a2118cce-a5db-4a5e-80bc-201a0f352244)", "subtasks": [ { "title": "CinderQos.create_and_list_qos", "description": "Create a qos, then list all qos.", "scenario": { "CinderQos.create_and_list_qos": { "consumer": "both", "write_iops_sec": "10", "read_iops_sec": "1000" } }, "contexts": { "users": { "tenants": 3, "users_per_tenant": 2 }, "api_versions": { "cinder": { "version": 3, "service_type": "volumev3" } } }, "runner": { "constant": { "concurrency": 4, "times": 10 } }, "hooks": [], "sla": { "failure_rate": { "max": 0 } } } ] }
2019-10-29 00:21:06.501 1845 RALLYDEBUG rally_openstack.contexts.keystone.users [-] Creating 3 tenants using 20 threads
2019-10-29 00:21:07.522 1845 RALLYDEBUG rally_openstack.contexts.keystone.users [-] Creating 6 users using 20 threads
2019-10-29 00:21:09.024 1845 INFO rally.task.context [-] Task b00f7ca6-c9e2-4a16-bd7b-5f016dcebeb6 | Context users@openstack setup() finished in 2.52 sec
2019-10-29 00:21:09.427 1845 INFO rally.task.context [-] Task b00f7ca6-c9e2-4a16-bd7b-5f016dcebeb6 | Context api_versions@openstack setup() finished in 0.40 sec
2019-10-29 00:21:09.428 1845 INFO rally.task.context [-] Task b00f7ca6-c9e2-4a16-bd7b-5f016dcebeb6 | Context admin_cleanup@openstack setup() finished in 0.02 msec
2019-10-29 00:21:09.437 1845 RALLYDEBUG rally.task.runner [-] Starting the constant runner (task UUID: b00f7ca6-c9e2-4a16-bd7b-5f016dcebeb6). times: 10 concurrency: 4 timeout: 0 max_cpu_used: 16 processes_to_start: 4 concurrency_per_worker: 1 concurrency_overhead: 0
2019-10-29 00:21:09.448 5297 RALLYDEBUG rally.task.runner [-] Starting a worker. times: 10 duration: None concurrency: 1 timeout: 0 cls: method_name: run args: {"consumer": "both", "write_iops_sec": "10", "read_iops_sec": "1000"}
2019-10-29 00:21:09.451 5298 RALLYDEBUG rally.task.runner [-] Starting a worker. times: 10 duration: None concurrency: 1 timeout: 0 cls: method_name: run args: {"consumer": "both", "write_iops_sec": "10", "read_iops_sec": "1000"}
2019-10-29 00:21:09.455 5297 INFO rally.task.runner [-] Task b00f7ca6-c9e2-4a16-bd7b-5f016dcebeb6 | ITER: 1 START
2019-10-29 00:21:09.456 5298 INFO rally.task.runner [-] Task b00f7ca6-c9e2-4a16-bd7b-5f016dcebeb6 | ITER: 2 START
2019-10-29 00:21:09.455 5299 RALLYDEBUG rally.task.runner [-] Starting a worker. times: 10 duration: None concurrency: 1 timeout: 0 cls: method_name: run args: {"consumer": "both", "write_iops_sec": "10", "read_iops_sec": "1000"}
2019-10-29 00:21:09.459 5301 RALLYDEBUG rally.task.runner [-] Starting a worker. times: 10 duration: None concurrency: 1 timeout: 0 cls: method_name: run args: {"consumer": "both", "write_iops_sec": "10", "read_iops_sec": "1000"}
2019-10-29 00:21:09.463 5299 INFO rally.task.runner [-] Task b00f7ca6-c9e2-4a16-bd7b-5f016dcebeb6 | ITER: 3 START
2019-10-29 00:21:09.466 5301 INFO rally.task.runner [-] Task b00f7ca6-c9e2-4a16-bd7b-5f016dcebeb6 | ITER: 4 START
2019-10-29 00:21:09.909 5299 INFO rally.task.runner [-] Task b00f7ca6-c9e2-4a16-bd7b-5f016dcebeb6 | ITER: 3 END: OK
2019-10-29 00:21:09.909 5301 INFO rally.task.runner [-] Task b00f7ca6-c9e2-4a16-bd7b-5f016dcebeb6 | ITER: 4 END: OK
2019-10-29 00:21:09.914 5299 INFO rally.task.runner [-] Task b00f7ca6-c9e2-4a16-bd7b-5f016dcebeb6 | ITER: 5 START
2019-10-29 00:21:09.915 5301 INFO rally.task.runner [-] Task b00f7ca6-c9e2-4a16-bd7b-5f016dcebeb6 | ITER: 6 START
2019-10-29 00:21:09.941 5298 INFO rally.task.runner [-] Task b00f7ca6-c9e2-4a16-bd7b-5f016dcebeb6 | ITER: 2 END: OK
2019-10-29 00:21:09.945 5298 INFO rally.task.runner [-] Task b00f7ca6-c9e2-4a16-bd7b-5f016dcebeb6 | ITER: 7 START
2019-10-29 00:21:09.962 5297 INFO rally.task.runner [-] Task b00f7ca6-c9e2-4a16-bd7b-5f016dcebeb6 | ITER: 1 END: OK
2019-10-29 00:21:09.966 5297 INFO rally.task.runner [-] Task b00f7ca6-c9e2-4a16-bd7b-5f016dcebeb6 | ITER: 8 START
2019-10-29 00:21:10.315 5301 INFO rally.task.runner [-] Task b00f7ca6-c9e2-4a16-bd7b-5f016dcebeb6 | ITER: 6 END: OK
2019-10-29 00:21:10.319 5301 INFO rally.task.runner [-] Task b00f7ca6-c9e2-4a16-bd7b-5f016dcebeb6 | ITER: 9 START
2019-10-29 00:21:10.337 5298 INFO rally.task.runner [-] Task b00f7ca6-c9e2-4a16-bd7b-5f016dcebeb6 | ITER: 7 END: OK
2019-10-29 00:21:10.341 5298 INFO rally.task.runner [-] Task b00f7ca6-c9e2-4a16-bd7b-5f016dcebeb6 | ITER: 10 START
2019-10-29 00:21:10.357 5299 INFO rally.task.runner [-] Task b00f7ca6-c9e2-4a16-bd7b-5f016dcebeb6 | ITER: 5 END: OK
2019-10-29 00:21:10.375 5297 INFO rally.task.runner [-] Task b00f7ca6-c9e2-4a16-bd7b-5f016dcebeb6 | ITER: 8 END: OK
2019-10-29 00:21:10.736 5301 INFO rally.task.runner [-] Task b00f7ca6-c9e2-4a16-bd7b-5f016dcebeb6 | ITER: 9 END: OK
2019-10-29 00:21:10.736 5298 INFO rally.task.runner [-] Task b00f7ca6-c9e2-4a16-bd7b-5f016dcebeb6 | ITER: 10 END: OK
2019-10-29 00:21:10.760 1845 INFO rally.task.context [-] Task b00f7ca6-c9e2-4a16-bd7b-5f016dcebeb6 | Context admin_cleanup@openstack cleanup() started
2019-10-29 00:21:10.763 1845 RALLYDEBUG rally_openstack.cleanup.manager [-] Cleaning up cinder volume_types objects
2019-10-29 00:21:11.153 1845 RALLYDEBUG rally_openstack.cleanup.manager [-] Cleaning up cinder image_volumes_cache objects
2019-10-29 00:21:11.655 1845 RALLYDEBUG rally_openstack.cleanup.manager [-] Cleaning up cinder quotas objects
2019-10-29 00:21:12.460 1845 RALLYDEBUG rally_openstack.cleanup.manager [-] Cleaning up cinder qos_specs objects
2019-10-29 00:21:12.845 1845 RALLYDEBUG rally_openstack.cleanup.manager [-] Deleting cinder.qos_specs object s_rally_a2118cce_eWDuhoZj (f5ed871c-58f3-47e7-a879-1e4cad220ad1)
2019-10-29 00:21:12.854 1845 RALLYDEBUG rally_openstack.cleanup.manager [-] Deleting cinder.qos_specs object s_rally_a2118cce_qyabZFH7 (8c53d945-8752-4321-99b3-78d4ecc3b40a)
2019-10-29 00:21:12.863 1845 RALLYDEBUG rally_openstack.cleanup.manager [-] Deleting cinder.qos_specs object s_rally_a2118cce_evjCXwAd (ed66ba26-9997-46de-b34f-259b3e00ec60)
2019-10-29 00:21:12.872 1845 RALLYDEBUG rally_openstack.cleanup.manager [-] Deleting cinder.qos_specs object s_rally_a2118cce_XrYiuK8h (d3a3b575-1397-4d82-9b86-41c0ff03675a)
2019-10-29 00:21:12.877 1845 RALLYDEBUG rally_openstack.cleanup.manager [-] Deleting cinder.qos_specs object s_rally_a2118cce_KvsolHKs (9bdb3dca-b3fb-4594-ae8a-b32bfa905d0a)
2019-10-29 00:21:12.889 1845 RALLYDEBUG rally_openstack.cleanup.manager [-] Deleting cinder.qos_specs object s_rally_a2118cce_JgR2acWi (5a6aa321-8163-4ee6-8d54-11e302b44e66)
2019-10-29 00:21:12.899 1845 RALLYDEBUG rally_openstack.cleanup.manager [-] Deleting cinder.qos_specs object s_rally_a2118cce_mtCFSj2v (52ddf9e8-31bc-4eb1-9b5f-8757e33d91fe)
2019-10-29 00:21:12.927 1845 RALLYDEBUG rally_openstack.cleanup.manager [-] Deleting cinder.qos_specs object s_rally_a2118cce_EhbIGW8k (50c07b52-9d7f-4a6c-bb87-09d54a0b659c)
2019-10-29 00:21:12.943 1845 RALLYDEBUG rally_openstack.cleanup.manager [-] Deleting cinder.qos_specs object s_rally_a2118cce_u5Bl0WUU (3bdb0f7f-4416-4926-b057-007871f5b6d1)
2019-10-29 00:21:12.953 1845 RALLYDEBUG rally_openstack.cleanup.manager [-] Deleting cinder.qos_specs object s_rally_a2118cce_DiKO6MDf (01ddbd56-5371-4ae0-9794-44aac2648f50)
2019-10-29 00:21:14.479 1845 INFO rally.task.context [-] Task b00f7ca6-c9e2-4a16-bd7b-5f016dcebeb6 | Context admin_cleanup@openstack cleanup() finished in 3.72 sec
2019-10-29 00:21:14.479 1845 INFO rally.task.context [-] Task b00f7ca6-c9e2-4a16-bd7b-5f016dcebeb6 | Context api_versions@openstack cleanup() started
2019-10-29 00:21:14.480 1845 INFO rally.task.context [-] Task b00f7ca6-c9e2-4a16-bd7b-5f016dcebeb6 | Context api_versions@openstack cleanup() finished in 0.36 msec
2019-10-29 00:21:14.480 1845 INFO rally.task.context [-] Task b00f7ca6-c9e2-4a16-bd7b-5f016dcebeb6 | Context users@openstack cleanup() started
2019-10-29 00:21:18.911 1845 INFO rally.task.context [-] Task b00f7ca6-c9e2-4a16-bd7b-5f016dcebeb6 | Context users@openstack cleanup() finished in 4.43 sec
2019-10-29 00:21:20.595 1845 INFO rally.task.engine [-] Load duration is: 1.27684
2019-10-29 00:21:20.596 1845 INFO rally.task.engine [-] Full runner duration is: 1.323378
2019-10-29 00:21:20.596 1845 INFO rally.task.engine [-] Full duration is: 12.41181
2019-10-29 00:21:20.918 1845 INFO rally.task.engine [-] Running workload: position = 0 config = { "version": 2, "title": "A cropped version of a bigger task.", "description": "Auto-generated task from a single workload (uuid=93625752-3936-4e87-b376-2030a3a6b62c)", "subtasks": [ { "title": "CinderQos.create_and_set_qos", "description": "Create a qos, then Add/Update keys in qos specs.", "scenario": { "CinderQos.create_and_set_qos": { "consumer": "back-end", "write_iops_sec": "10", "read_iops_sec": "1000", "set_consumer": "both", "set_write_iops_sec": "11", "set_read_iops_sec": "1001" } }, "contexts": { "users": { "tenants": 3, "users_per_tenant": 2 }, "api_versions": { "cinder": { "version": 3, "service_type": "volumev3" } } }, "runner": { "constant": { "concurrency": 4, "times": 10 } }, "hooks": [], "sla": { "failure_rate": { "max": 0 } } } ] }
2019-10-29 00:21:20.944 1845 RALLYDEBUG rally_openstack.contexts.keystone.users [-] Creating 3 tenants using 20 threads
2019-10-29 00:21:21.893 1845 RALLYDEBUG rally_openstack.contexts.keystone.users [-] Creating 6 users using 20 threads
2019-10-29 00:21:23.463 1845 INFO rally.task.context [-] Task b00f7ca6-c9e2-4a16-bd7b-5f016dcebeb6 | Context users@openstack setup() finished in 2.52 sec
2019-10-29 00:21:23.876 1845 INFO rally.task.context [-] Task b00f7ca6-c9e2-4a16-bd7b-5f016dcebeb6 | Context api_versions@openstack setup() finished in 0.41 sec
2019-10-29 00:21:23.877 1845 INFO rally.task.context [-] Task b00f7ca6-c9e2-4a16-bd7b-5f016dcebeb6 | Context admin_cleanup@openstack setup() finished in 0.01 msec
2019-10-29 00:21:23.885 1845 RALLYDEBUG rally.task.runner [-] Starting the constant runner (task UUID: b00f7ca6-c9e2-4a16-bd7b-5f016dcebeb6). times: 10 concurrency: 4 timeout: 0 max_cpu_used: 16 processes_to_start: 4 concurrency_per_worker: 1 concurrency_overhead: 0
2019-10-29 00:21:23.897 5481 RALLYDEBUG rally.task.runner [-] Starting a worker. times: 10 duration: None concurrency: 1 timeout: 0 cls: method_name: run args: {"consumer": "back-end", "write_iops_sec": "10", "read_iops_sec": "1000", "set_consumer": "both", "set_write_iops_sec": "11", "set_read_iops_sec": "1001"}
2019-10-29 00:21:23.900 5482 RALLYDEBUG rally.task.runner [-] Starting a worker. times: 10 duration: None concurrency: 1 timeout: 0 cls: method_name: run args: {"consumer": "back-end", "write_iops_sec": "10", "read_iops_sec": "1000", "set_consumer": "both", "set_write_iops_sec": "11", "set_read_iops_sec": "1001"}
2019-10-29 00:21:23.905 5481 INFO rally.task.runner [-] Task b00f7ca6-c9e2-4a16-bd7b-5f016dcebeb6 | ITER: 1 START
2019-10-29 00:21:23.904 5483 RALLYDEBUG rally.task.runner [-] Starting a worker. times: 10 duration: None concurrency: 1 timeout: 0 cls: method_name: run args: {"consumer": "back-end", "write_iops_sec": "10", "read_iops_sec": "1000", "set_consumer": "both", "set_write_iops_sec": "11", "set_read_iops_sec": "1001"}
2019-10-29 00:21:23.907 5482 INFO rally.task.runner [-] Task b00f7ca6-c9e2-4a16-bd7b-5f016dcebeb6 | ITER: 2 START
2019-10-29 00:21:23.907 5484 RALLYDEBUG rally.task.runner [-] Starting a worker. times: 10 duration: None concurrency: 1 timeout: 0 cls: method_name: run args: {"consumer": "back-end", "write_iops_sec": "10", "read_iops_sec": "1000", "set_consumer": "both", "set_write_iops_sec": "11", "set_read_iops_sec": "1001"}
2019-10-29 00:21:23.911 5483 INFO rally.task.runner [-] Task b00f7ca6-c9e2-4a16-bd7b-5f016dcebeb6 | ITER: 3 START
2019-10-29 00:21:23.914 5484 INFO rally.task.runner [-] Task b00f7ca6-c9e2-4a16-bd7b-5f016dcebeb6 | ITER: 4 START
2019-10-29 00:21:24.376 5483 INFO rally.task.runner [-] Task b00f7ca6-c9e2-4a16-bd7b-5f016dcebeb6 | ITER: 3 END: OK
2019-10-29 00:21:24.378 5481 INFO rally.task.runner [-] Task b00f7ca6-c9e2-4a16-bd7b-5f016dcebeb6 | ITER: 1 END: OK
2019-10-29 00:21:24.379 5482 INFO rally.task.runner [-] Task b00f7ca6-c9e2-4a16-bd7b-5f016dcebeb6 | ITER: 2 END: OK
2019-10-29 00:21:24.381 5483 INFO rally.task.runner [-] Task b00f7ca6-c9e2-4a16-bd7b-5f016dcebeb6 | ITER: 5 START
2019-10-29 00:21:24.383 5481 INFO rally.task.runner [-] Task b00f7ca6-c9e2-4a16-bd7b-5f016dcebeb6 | ITER: 6 START
2019-10-29 00:21:24.385 5482 INFO rally.task.runner [-] Task b00f7ca6-c9e2-4a16-bd7b-5f016dcebeb6 | ITER: 7 START
2019-10-29 00:21:24.425 5484 INFO rally.task.runner [-] Task b00f7ca6-c9e2-4a16-bd7b-5f016dcebeb6 | ITER: 4 END: OK
2019-10-29 00:21:24.430 5484 INFO rally.task.runner [-] Task b00f7ca6-c9e2-4a16-bd7b-5f016dcebeb6 | ITER: 8 START
2019-10-29 00:21:24.782 5482 INFO rally.task.runner [-] Task b00f7ca6-c9e2-4a16-bd7b-5f016dcebeb6 | ITER: 7 END: OK
2019-10-29 00:21:24.786 5482 INFO rally.task.runner [-] Task b00f7ca6-c9e2-4a16-bd7b-5f016dcebeb6 | ITER: 9 START
2019-10-29 00:21:24.801 5483 INFO rally.task.runner [-] Task b00f7ca6-c9e2-4a16-bd7b-5f016dcebeb6 | ITER: 5 END: OK
2019-10-29 00:21:24.804 5483 INFO rally.task.runner [-] Task b00f7ca6-c9e2-4a16-bd7b-5f016dcebeb6 | ITER: 10 START
2019-10-29 00:21:24.834 5481 INFO rally.task.runner [-] Task b00f7ca6-c9e2-4a16-bd7b-5f016dcebeb6 | ITER: 6 END: OK
2019-10-29 00:21:24.888 5484 INFO rally.task.runner [-] Task b00f7ca6-c9e2-4a16-bd7b-5f016dcebeb6 | ITER: 8 END: OK
2019-10-29 00:21:25.204 5482 INFO rally.task.runner [-] Task b00f7ca6-c9e2-4a16-bd7b-5f016dcebeb6 | ITER: 9 END: OK
2019-10-29 00:21:25.226 5483 INFO rally.task.runner [-] Task b00f7ca6-c9e2-4a16-bd7b-5f016dcebeb6 | ITER: 10 END: OK
2019-10-29 00:21:25.257 1845 INFO rally.task.context [-] Task b00f7ca6-c9e2-4a16-bd7b-5f016dcebeb6 | Context admin_cleanup@openstack cleanup() started
2019-10-29 00:21:25.260 1845 RALLYDEBUG rally_openstack.cleanup.manager [-] Cleaning up cinder volume_types objects
2019-10-29 00:21:25.647 1845 RALLYDEBUG rally_openstack.cleanup.manager [-] Cleaning up cinder image_volumes_cache objects
2019-10-29 00:21:26.286 1845 RALLYDEBUG rally_openstack.cleanup.manager [-] Cleaning up cinder quotas objects
2019-10-29 00:21:27.072 1845 RALLYDEBUG rally_openstack.cleanup.manager [-] Cleaning up cinder qos_specs objects
2019-10-29 00:21:27.455 1845 RALLYDEBUG rally_openstack.cleanup.manager [-] Deleting cinder.qos_specs object s_rally_93625752_nRaiOaXx (a82ae36d-94a0-42ad-b2dd-4a4c3fcbe895)
2019-10-29 00:21:27.465 1845 RALLYDEBUG rally_openstack.cleanup.manager [-] Deleting cinder.qos_specs object s_rally_93625752_e4ijA2py (756ce44e-f738-4efd-8bea-27f59fa5f5e3)
2019-10-29 00:21:27.473 1845 RALLYDEBUG rally_openstack.cleanup.manager [-] Deleting cinder.qos_specs object s_rally_93625752_5Qmmzvfp (7054fed8-59ec-47ad-8618-9edabf598302)
2019-10-29 00:21:27.477 1845 RALLYDEBUG rally_openstack.cleanup.manager [-] Deleting cinder.qos_specs object s_rally_93625752_IUA4KhqQ (522068e3-433e-4497-8234-5bbe38ae5798)
2019-10-29 00:21:27.491 1845 RALLYDEBUG rally_openstack.cleanup.manager [-] Deleting cinder.qos_specs object s_rally_93625752_2io2G1Mn (2e2c29a2-4458-4d40-b50a-b3867ebed935)
2019-10-29 00:21:27.501 1845 RALLYDEBUG rally_openstack.cleanup.manager [-] Deleting cinder.qos_specs object s_rally_93625752_GSP84kTW (2061d0ba-8d3b-4e72-ba88-73b5a11c2380)
2019-10-29 00:21:27.513 1845 RALLYDEBUG rally_openstack.cleanup.manager [-] Deleting cinder.qos_specs object s_rally_93625752_GuLUmLFM (c64c1dcc-497a-4371-bbbc-a7465af6b9b7)
2019-10-29 00:21:27.532 1845 RALLYDEBUG rally_openstack.cleanup.manager [-] Deleting cinder.qos_specs object s_rally_93625752_v3WB0OJX (87b383d5-01ae-4606-8044-3b96596bb76f)
2019-10-29 00:21:27.536 1845 RALLYDEBUG rally_openstack.cleanup.manager [-] Deleting cinder.qos_specs object s_rally_93625752_jYCPjC6r (0df872ac-1d1e-4356-a537-fdf09ad9d1cd)
2019-10-29 00:21:27.547 1845 RALLYDEBUG rally_openstack.cleanup.manager [-] Deleting cinder.qos_specs object s_rally_93625752_VKL5jndk (084095f5-f219-4bba-8139-45102491b648)
2019-10-29 00:21:29.255 1845 INFO rally.task.context [-] Task b00f7ca6-c9e2-4a16-bd7b-5f016dcebeb6 | Context admin_cleanup@openstack cleanup() finished in 4.00 sec
2019-10-29 00:21:29.256 1845 INFO rally.task.context [-] Task b00f7ca6-c9e2-4a16-bd7b-5f016dcebeb6 | Context api_versions@openstack cleanup() started
2019-10-29 00:21:29.256 1845 INFO rally.task.context [-] Task b00f7ca6-c9e2-4a16-bd7b-5f016dcebeb6 | Context api_versions@openstack cleanup() finished in 0.44 msec
2019-10-29 00:21:29.257 1845 INFO rally.task.context [-] Task b00f7ca6-c9e2-4a16-bd7b-5f016dcebeb6 | Context users@openstack cleanup() started
2019-10-29 00:21:33.765 1845 INFO rally.task.context [-] Task b00f7ca6-c9e2-4a16-bd7b-5f016dcebeb6 | Context users@openstack cleanup() finished in 4.51 sec
2019-10-29 00:21:35.031 1845 INFO rally.task.engine [-] Load duration is: 1.317055
2019-10-29 00:21:35.031 1845 INFO rally.task.engine [-] Full runner duration is: 1.372309
2019-10-29 00:21:35.031 1845 INFO rally.task.engine [-] Full duration is: 12.823319
2019-10-29 00:21:35.350 1845 INFO rally.task.engine [-] Running workload: position = 0 config = { "version": 2, "title": "A cropped version of a bigger task.", "description": "Auto-generated task from a single workload (uuid=1c9062b4-cf7a-486e-ba2f-fe1fb77ce93a)", "subtasks": [ { "title": "CinderVolumeTypes.create_and_get_volume_type", "description": "Create a volume Type, then get the details of the type.", "scenario": { "CinderVolumeTypes.create_and_get_volume_type": { "description": "rally tests creating types" } }, "contexts": { "users": { "tenants": 3, "users_per_tenant": 2 }, "api_versions": { "cinder": { "version": 3, "service_type": "volumev3" } } }, "runner": { "constant": { "concurrency": 4, "times": 10 } }, "hooks": [], "sla": { "failure_rate": { "max": 0 } } } ] }
2019-10-29 00:21:35.373 1845 RALLYDEBUG rally_openstack.contexts.keystone.users [-] Creating 3 tenants using 20 threads
2019-10-29 00:21:36.440 1845 RALLYDEBUG rally_openstack.contexts.keystone.users [-] Creating 6 users using 20 threads
2019-10-29 00:21:37.918 1845 INFO rally.task.context [-] Task b00f7ca6-c9e2-4a16-bd7b-5f016dcebeb6 | Context users@openstack setup() finished in 2.54 sec
2019-10-29 00:21:38.316 1845 INFO rally.task.context [-] Task b00f7ca6-c9e2-4a16-bd7b-5f016dcebeb6 | Context api_versions@openstack setup() finished in 0.40 sec
2019-10-29 00:21:38.317 1845 INFO rally.task.context [-] Task b00f7ca6-c9e2-4a16-bd7b-5f016dcebeb6 | Context admin_cleanup@openstack setup() finished in 0.01 msec
2019-10-29 00:21:38.325 1845 RALLYDEBUG rally.task.runner [-] Starting the constant runner (task UUID: b00f7ca6-c9e2-4a16-bd7b-5f016dcebeb6). times: 10 concurrency: 4 timeout: 0 max_cpu_used: 16 processes_to_start: 4 concurrency_per_worker: 1 concurrency_overhead: 0
2019-10-29 00:21:38.336 5665 RALLYDEBUG rally.task.runner [-] Starting a worker. times: 10 duration: None concurrency: 1 timeout: 0 cls: method_name: run args: {"description": "rally tests creating types"}
2019-10-29 00:21:38.340 5666 RALLYDEBUG rally.task.runner [-] Starting a worker. times: 10 duration: None concurrency: 1 timeout: 0 cls: method_name: run args: {"description": "rally tests creating types"}
2019-10-29 00:21:38.343 5665 INFO rally.task.runner [-] Task b00f7ca6-c9e2-4a16-bd7b-5f016dcebeb6 | ITER: 1 START
2019-10-29 00:21:38.344 5667 RALLYDEBUG rally.task.runner [-] Starting a worker. times: 10 duration: None concurrency: 1 timeout: 0 cls: method_name: run args: {"description": "rally tests creating types"}
2019-10-29 00:21:38.347 5666 INFO rally.task.runner [-] Task b00f7ca6-c9e2-4a16-bd7b-5f016dcebeb6 | ITER: 2 START
2019-10-29 00:21:38.349 5670 RALLYDEBUG rally.task.runner [-] Starting a worker. times: 10 duration: None concurrency: 1 timeout: 0 cls: method_name: run args: {"description": "rally tests creating types"}
2019-10-29 00:21:38.350 5667 INFO rally.task.runner [-] Task b00f7ca6-c9e2-4a16-bd7b-5f016dcebeb6 | ITER: 3 START
2019-10-29 00:21:38.355 5670 INFO rally.task.runner [-] Task b00f7ca6-c9e2-4a16-bd7b-5f016dcebeb6 | ITER: 4 START
2019-10-29 00:21:38.796 5665 INFO rally.task.runner [-] Task b00f7ca6-c9e2-4a16-bd7b-5f016dcebeb6 | ITER: 1 END: OK
2019-10-29 00:21:38.800 5665 INFO rally.task.runner [-] Task b00f7ca6-c9e2-4a16-bd7b-5f016dcebeb6 | ITER: 5 START
2019-10-29 00:21:38.806 5667 INFO rally.task.runner [-] Task b00f7ca6-c9e2-4a16-bd7b-5f016dcebeb6 | ITER: 3 END: OK
2019-10-29 00:21:38.810 5667 INFO rally.task.runner [-] Task b00f7ca6-c9e2-4a16-bd7b-5f016dcebeb6 | ITER: 6 START
2019-10-29 00:21:38.817 5670 INFO rally.task.runner [-] Task b00f7ca6-c9e2-4a16-bd7b-5f016dcebeb6 | ITER: 4 END: OK
2019-10-29 00:21:38.820 5666 INFO rally.task.runner [-] Task b00f7ca6-c9e2-4a16-bd7b-5f016dcebeb6 | ITER: 2 END: OK
2019-10-29 00:21:38.821 5670 INFO rally.task.runner [-] Task b00f7ca6-c9e2-4a16-bd7b-5f016dcebeb6 | ITER: 7 START
2019-10-29 00:21:38.824 5666 INFO rally.task.runner [-] Task b00f7ca6-c9e2-4a16-bd7b-5f016dcebeb6 | ITER: 8 START
2019-10-29 00:21:39.206 5665 INFO rally.task.runner [-] Task b00f7ca6-c9e2-4a16-bd7b-5f016dcebeb6 | ITER: 5 END: OK
2019-10-29 00:21:39.208 5670 INFO rally.task.runner [-] Task b00f7ca6-c9e2-4a16-bd7b-5f016dcebeb6 | ITER: 7 END: OK
2019-10-29 00:21:39.209 5665 INFO rally.task.runner [-] Task b00f7ca6-c9e2-4a16-bd7b-5f016dcebeb6 | ITER: 9 START
2019-10-29 00:21:39.211 5670 INFO rally.task.runner [-] Task b00f7ca6-c9e2-4a16-bd7b-5f016dcebeb6 | ITER: 10 START
2019-10-29 00:21:39.217 5666 INFO rally.task.runner [-] Task b00f7ca6-c9e2-4a16-bd7b-5f016dcebeb6 | ITER: 8 END: OK
2019-10-29 00:21:39.258 5667 INFO rally.task.runner [-] Task b00f7ca6-c9e2-4a16-bd7b-5f016dcebeb6 | ITER: 6 END: OK
2019-10-29 00:21:39.617 5665 INFO rally.task.runner [-] Task b00f7ca6-c9e2-4a16-bd7b-5f016dcebeb6 | ITER: 9 END: OK
2019-10-29 00:21:39.662 5670 INFO rally.task.runner [-] Task b00f7ca6-c9e2-4a16-bd7b-5f016dcebeb6 | ITER: 10 END: OK
2019-10-29 00:21:39.690 1845 INFO rally.task.context [-] Task b00f7ca6-c9e2-4a16-bd7b-5f016dcebeb6 | Context admin_cleanup@openstack cleanup() started
2019-10-29 00:21:39.693 1845 RALLYDEBUG rally_openstack.cleanup.manager [-] Cleaning up cinder volume_types objects
2019-10-29 00:21:40.147 1845 RALLYDEBUG rally_openstack.cleanup.manager [-] Deleting cinder.volume_types object s_rally_1c9062b4_BBHKEoM2 (b3ba9397-6b4e-4b97-8374-68d6999c69ac)
2019-10-29 00:21:40.154 1845 RALLYDEBUG rally_openstack.cleanup.manager [-] Deleting cinder.volume_types object s_rally_1c9062b4_Xp0CEpfo (800abeff-be43-42c0-920b-f6ddfbd7a385)
2019-10-29 00:21:40.164 1845 RALLYDEBUG rally_openstack.cleanup.manager [-] Deleting cinder.volume_types object s_rally_1c9062b4_Upzk69GN (fb140e40-5122-4e2a-a6da-06a1ece0bdca)
2019-10-29 00:21:40.172 1845 RALLYDEBUG rally_openstack.cleanup.manager [-] Deleting cinder.volume_types object s_rally_1c9062b4_lqUPodcY (f84884f5-fc1b-48ef-bec5-9944fc6ae301)
2019-10-29 00:21:40.181 1845 RALLYDEBUG rally_openstack.cleanup.manager [-] Deleting cinder.volume_types object s_rally_1c9062b4_miEQFzeB (d80dd432-57cb-4581-9212-7a9770a5e308)
2019-10-29 00:21:40.184 1845 RALLYDEBUG rally_openstack.cleanup.manager [-] Deleting cinder.volume_types object s_rally_1c9062b4_90KSYEOp (ca4c0337-dde2-41c4-87a8-14f2ea656ea0)
2019-10-29 00:21:40.192 1845 RALLYDEBUG rally_openstack.cleanup.manager [-] Deleting cinder.volume_types object s_rally_1c9062b4_TpmnHcGG (c8cde793-ae05-4f4a-8747-d4adf8c69fa0)
2019-10-29 00:21:40.199 1845 RALLYDEBUG rally_openstack.cleanup.manager [-] Deleting cinder.volume_types object s_rally_1c9062b4_hqzIgToq (b7b7fa11-7cd5-4381-a531-9d711105a192)
2019-10-29 00:21:40.213 1845 RALLYDEBUG rally_openstack.cleanup.manager [-] Deleting cinder.volume_types object s_rally_1c9062b4_z9XVztdF (93a8bd84-6e5a-4da7-b45a-6744582f7d27)
2019-10-29 00:21:40.240 1845 RALLYDEBUG rally_openstack.cleanup.manager [-] Deleting cinder.volume_types object s_rally_1c9062b4_pG3nv2Gb (88b7d21b-16db-451d-8dcb-8c2f22309570)
2019-10-29 00:21:41.798 1845 RALLYDEBUG rally_openstack.cleanup.manager [-] Cleaning up cinder image_volumes_cache objects
2019-10-29 00:21:42.293 1845 RALLYDEBUG rally_openstack.cleanup.manager [-] Cleaning up cinder quotas objects
2019-10-29 00:21:43.084 1845 RALLYDEBUG rally_openstack.cleanup.manager [-] Cleaning up cinder qos_specs objects
2019-10-29 00:21:43.466 1845 INFO rally.task.context [-] Task b00f7ca6-c9e2-4a16-bd7b-5f016dcebeb6 | Context admin_cleanup@openstack cleanup() finished in 3.78 sec
2019-10-29 00:21:43.466 1845 INFO rally.task.context [-] Task b00f7ca6-c9e2-4a16-bd7b-5f016dcebeb6 | Context api_versions@openstack cleanup() started
2019-10-29 00:21:43.466 1845 INFO rally.task.context [-] Task b00f7ca6-c9e2-4a16-bd7b-5f016dcebeb6 | Context api_versions@openstack cleanup() finished in 0.37 msec
2019-10-29 00:21:43.467 1845 INFO rally.task.context [-] Task b00f7ca6-c9e2-4a16-bd7b-5f016dcebeb6 | Context users@openstack cleanup() started
2019-10-29 00:21:47.911 1845 INFO rally.task.context [-] Task b00f7ca6-c9e2-4a16-bd7b-5f016dcebeb6 | Context users@openstack cleanup() finished in 4.44 sec
2019-10-29 00:21:49.479 1845 INFO rally.task.engine [-] Load duration is: 1.313659
2019-10-29 00:21:49.480 1845 INFO rally.task.engine [-] Full runner duration is: 1.364953
2019-10-29 00:21:49.480 1845 INFO rally.task.engine [-] Full duration is: 12.540122
2019-10-29 00:21:49.865 1845 INFO rally.task.engine [-] Running workload: position = 0 config = { "version": 2, "title": "A cropped version of a bigger task.", "description": "Auto-generated task from a single workload (uuid=40d84242-fcad-4d58-b5c4-95c2b17ec523)", "subtasks": [ { "title": "CinderVolumeTypes.create_and_list_volume_types", "description": "Create a volume Type, then list all types.", "scenario": { "CinderVolumeTypes.create_and_list_volume_types": { "description": "rally tests creating types" } }, "contexts": { "users": { "tenants": 3, "users_per_tenant": 2 }, "api_versions": { "cinder": { "version": 3, "service_type": "volumev3" } } }, "runner": { "constant": { "concurrency": 4, "times": 10 } }, "hooks": [], "sla": { "failure_rate": { "max": 0 } } } ] }
2019-10-29 00:21:49.889 1845 RALLYDEBUG rally_openstack.contexts.keystone.users [-] Creating 3 tenants using 20 threads
2019-10-29 00:21:50.904 1845 RALLYDEBUG rally_openstack.contexts.keystone.users [-] Creating 6 users using 20 threads
2019-10-29 00:21:52.470 1845 INFO rally.task.context [-] Task b00f7ca6-c9e2-4a16-bd7b-5f016dcebeb6 | Context users@openstack setup() finished in 2.58 sec
2019-10-29 00:21:52.873 1845 INFO rally.task.context [-] Task b00f7ca6-c9e2-4a16-bd7b-5f016dcebeb6 | Context api_versions@openstack setup() finished in 0.40 sec
2019-10-29 00:21:52.873 1845 INFO rally.task.context [-] Task b00f7ca6-c9e2-4a16-bd7b-5f016dcebeb6 | Context admin_cleanup@openstack setup() finished in 0.01 msec
2019-10-29 00:21:52.882 1845 RALLYDEBUG rally.task.runner [-] Starting the constant runner (task UUID: b00f7ca6-c9e2-4a16-bd7b-5f016dcebeb6). times: 10 concurrency: 4 timeout: 0 max_cpu_used: 16 processes_to_start: 4 concurrency_per_worker: 1 concurrency_overhead: 0
2019-10-29 00:21:52.894 5849 RALLYDEBUG rally.task.runner [-] Starting a worker. times: 10 duration: None concurrency: 1 timeout: 0 cls: method_name: run args: {"description": "rally tests creating types"}
2019-10-29 00:21:52.898 5850 RALLYDEBUG rally.task.runner [-] Starting a worker. times: 10 duration: None concurrency: 1 timeout: 0 cls: method_name: run args: {"description": "rally tests creating types"}
2019-10-29 00:21:52.901 5849 INFO rally.task.runner [-] Task b00f7ca6-c9e2-4a16-bd7b-5f016dcebeb6 | ITER: 1 START
2019-10-29 00:21:52.901 5851 RALLYDEBUG rally.task.runner [-] Starting a worker. times: 10 duration: None concurrency: 1 timeout: 0 cls: method_name: run args: {"description": "rally tests creating types"}
2019-10-29 00:21:52.904 5850 INFO rally.task.runner [-] Task b00f7ca6-c9e2-4a16-bd7b-5f016dcebeb6 | ITER: 2 START
2019-10-29 00:21:52.905 5852 RALLYDEBUG rally.task.runner [-] Starting a worker. times: 10 duration: None concurrency: 1 timeout: 0 cls: method_name: run args: {"description": "rally tests creating types"}
2019-10-29 00:21:52.908 5851 INFO rally.task.runner [-] Task b00f7ca6-c9e2-4a16-bd7b-5f016dcebeb6 | ITER: 3 START
2019-10-29 00:21:52.912 5852 INFO rally.task.runner [-] Task b00f7ca6-c9e2-4a16-bd7b-5f016dcebeb6 | ITER: 4 START
2019-10-29 00:21:53.413 5851 INFO rally.task.runner [-] Task b00f7ca6-c9e2-4a16-bd7b-5f016dcebeb6 | ITER: 3 END: OK
2019-10-29 00:21:53.418 5851 INFO rally.task.runner [-] Task b00f7ca6-c9e2-4a16-bd7b-5f016dcebeb6 | ITER: 5 START
2019-10-29 00:21:53.422 5849 INFO rally.task.runner [-] Task b00f7ca6-c9e2-4a16-bd7b-5f016dcebeb6 | ITER: 1 END: OK
2019-10-29 00:21:53.424 5850 INFO rally.task.runner [-] Task b00f7ca6-c9e2-4a16-bd7b-5f016dcebeb6 | ITER: 2 END: OK
2019-10-29 00:21:53.428 5850 INFO rally.task.runner [-] Task b00f7ca6-c9e2-4a16-bd7b-5f016dcebeb6 | ITER: 7 START
2019-10-29 00:21:53.428 5849 INFO rally.task.runner [-] Task b00f7ca6-c9e2-4a16-bd7b-5f016dcebeb6 | ITER: 6 START
2019-10-29 00:21:53.433 5852 INFO rally.task.runner [-] Task b00f7ca6-c9e2-4a16-bd7b-5f016dcebeb6 | ITER: 4 END: OK
2019-10-29 00:21:53.437 5852 INFO rally.task.runner [-] Task b00f7ca6-c9e2-4a16-bd7b-5f016dcebeb6 | ITER: 8 START
2019-10-29 00:21:53.830 5851 INFO rally.task.runner [-] Task b00f7ca6-c9e2-4a16-bd7b-5f016dcebeb6 | ITER: 5 END: OK
2019-10-29 00:21:53.833 5851 INFO rally.task.runner [-] Task b00f7ca6-c9e2-4a16-bd7b-5f016dcebeb6 | ITER: 9 START
2019-10-29 00:21:53.840 5852 INFO rally.task.runner [-] Task b00f7ca6-c9e2-4a16-bd7b-5f016dcebeb6 | ITER: 8 END: OK
2019-10-29 00:21:53.844 5852 INFO rally.task.runner [-] Task b00f7ca6-c9e2-4a16-bd7b-5f016dcebeb6 | ITER: 10 START
2019-10-29 00:21:53.851 5850 INFO rally.task.runner [-] Task b00f7ca6-c9e2-4a16-bd7b-5f016dcebeb6 | ITER: 7 END: OK
2019-10-29 00:21:53.889 5849 INFO rally.task.runner [-] Task b00f7ca6-c9e2-4a16-bd7b-5f016dcebeb6 | ITER: 6 END: OK
2019-10-29 00:21:54.252 5852 INFO rally.task.runner [-] Task b00f7ca6-c9e2-4a16-bd7b-5f016dcebeb6 | ITER: 10 END: OK
2019-10-29 00:21:54.252 5851 INFO rally.task.runner [-] Task b00f7ca6-c9e2-4a16-bd7b-5f016dcebeb6 | ITER: 9 END: OK
2019-10-29 00:21:54.285 1845 INFO rally.task.context [-] Task b00f7ca6-c9e2-4a16-bd7b-5f016dcebeb6 | Context admin_cleanup@openstack cleanup() started
2019-10-29 00:21:54.288 1845 RALLYDEBUG rally_openstack.cleanup.manager [-] Cleaning up cinder volume_types objects
2019-10-29 00:21:54.680 1845 RALLYDEBUG rally_openstack.cleanup.manager [-] Deleting cinder.volume_types object s_rally_40d84242_qbhLlGSV (fae4305d-290d-4ccc-84b7-16ea502f141a)
2019-10-29 00:21:54.689 1845 RALLYDEBUG rally_openstack.cleanup.manager [-] Deleting cinder.volume_types object s_rally_40d84242_6D8QPzSi (2637c6df-2a7f-4a66-9dd5-38ac68c5dc53)
2019-10-29 00:21:54.699 1845 RALLYDEBUG rally_openstack.cleanup.manager [-] Deleting cinder.volume_types object s_rally_40d84242_I83usXMF (1c8be683-8478-43dd-bfd2-27da1088fc12)
2019-10-29 00:21:54.703 1845 RALLYDEBUG rally_openstack.cleanup.manager [-] Deleting cinder.volume_types object s_rally_40d84242_VzNCGAqW (1bcd64ad-5010-4721-9ced-595efd19e062)
2019-10-29 00:21:54.712 1845 RALLYDEBUG rally_openstack.cleanup.manager [-] Deleting cinder.volume_types object s_rally_40d84242_W1he1hfv (120347d7-d256-49c0-818e-c217de56bed0)
2019-10-29 00:21:54.737 1845 RALLYDEBUG rally_openstack.cleanup.manager [-] Deleting cinder.volume_types object s_rally_40d84242_U4ieRlHj (095c82e4-6ce6-47e3-8f6a-933d79c92db1)
2019-10-29 00:21:54.745 1845 RALLYDEBUG rally_openstack.cleanup.manager [-] Deleting cinder.volume_types object s_rally_40d84242_xEuE5cC7 (ed6794a2-4bc4-40db-b8be-87f66dafe306)
2019-10-29 00:21:54.755 1845 RALLYDEBUG rally_openstack.cleanup.manager [-] Deleting cinder.volume_types object s_rally_40d84242_Hdjc4oBl (b02e7f83-58ad-49c4-8752-4e48d0dd2ae9)
2019-10-29 00:21:54.774 1845 RALLYDEBUG rally_openstack.cleanup.manager [-] Deleting cinder.volume_types object s_rally_40d84242_z1NF4d0k (a49e5e4b-443c-4b06-bcd8-afeb96c4ffb7)
2019-10-29 00:21:54.779 1845 RALLYDEBUG rally_openstack.cleanup.manager [-] Deleting cinder.volume_types object s_rally_40d84242_uNaxkENI (5617199d-110e-46ec-9462-e2174ea75ac2)
2019-10-29 00:21:56.346 1845 RALLYDEBUG rally_openstack.cleanup.manager [-] Cleaning up cinder image_volumes_cache objects
2019-10-29 00:21:56.868 1845 RALLYDEBUG rally_openstack.cleanup.manager [-] Cleaning up cinder quotas objects
2019-10-29 00:21:57.754 1845 RALLYDEBUG rally_openstack.cleanup.manager [-] Cleaning up cinder qos_specs objects
2019-10-29 00:21:58.137 1845 INFO rally.task.context [-] Task b00f7ca6-c9e2-4a16-bd7b-5f016dcebeb6 | Context admin_cleanup@openstack cleanup() finished in 3.85 sec
2019-10-29 00:21:58.137 1845 INFO rally.task.context [-] Task b00f7ca6-c9e2-4a16-bd7b-5f016dcebeb6 | Context api_versions@openstack cleanup() started
2019-10-29 00:21:58.138 1845 INFO rally.task.context [-] Task b00f7ca6-c9e2-4a16-bd7b-5f016dcebeb6 | Context api_versions@openstack cleanup() finished in 0.38 msec
2019-10-29 00:21:58.138 1845 INFO rally.task.context [-] Task b00f7ca6-c9e2-4a16-bd7b-5f016dcebeb6 | Context users@openstack cleanup() started
2019-10-29 00:22:02.885 1845 INFO rally.task.context [-] Task b00f7ca6-c9e2-4a16-bd7b-5f016dcebeb6 | Context users@openstack cleanup() finished in 4.75 sec
2019-10-29 00:22:03.985 1845 INFO rally.task.engine [-] Load duration is: 1.346643
2019-10-29 00:22:03.986 1845 INFO rally.task.engine [-] Full runner duration is: 1.403307
2019-10-29 00:22:03.986 1845 INFO rally.task.engine [-] Full duration is: 12.997335
2019-10-29 00:22:04.316 1845 INFO rally.task.engine [-] Running workload: position = 0 config = { "version": 2, "title": "A cropped version of a bigger task.", "description": "Auto-generated task from a single workload (uuid=eb3f3745-fe98-4712-ba58-8748911d67d2)", "subtasks": [ { "title": "CinderVolumeTypes.create_and_update_volume_type", "description": "create a volume type, then update the type.", "scenario": { "CinderVolumeTypes.create_and_update_volume_type": { "description": "test", "update_description": "test update" } }, "contexts": { "users": { "tenants": 3, "users_per_tenant": 2 }, "api_versions": { "cinder": { "version": 3, "service_type": "volumev3" } } }, "runner": { "constant": { "concurrency": 4, "times": 10 } }, "hooks": [], "sla": { "failure_rate": { "max": 0 } } } ] }
2019-10-29 00:22:04.341 1845 RALLYDEBUG rally_openstack.contexts.keystone.users [-] Creating 3 tenants using 20 threads
2019-10-29 00:22:05.365 1845 RALLYDEBUG rally_openstack.contexts.keystone.users [-] Creating 6 users using 20 threads
2019-10-29 00:22:06.887 1845 INFO rally.task.context [-] Task b00f7ca6-c9e2-4a16-bd7b-5f016dcebeb6 | Context users@openstack setup() finished in 2.55 sec
2019-10-29 00:22:07.378 1845 INFO rally.task.context [-] Task b00f7ca6-c9e2-4a16-bd7b-5f016dcebeb6 | Context api_versions@openstack setup() finished in 0.49 sec
2019-10-29 00:22:07.378 1845 INFO rally.task.context [-] Task b00f7ca6-c9e2-4a16-bd7b-5f016dcebeb6 | Context admin_cleanup@openstack setup() finished in 0.01 msec
2019-10-29 00:22:07.387 1845 RALLYDEBUG rally.task.runner [-] Starting the constant runner (task UUID: b00f7ca6-c9e2-4a16-bd7b-5f016dcebeb6). times: 10 concurrency: 4 timeout: 0 max_cpu_used: 16 processes_to_start: 4 concurrency_per_worker: 1 concurrency_overhead: 0
2019-10-29 00:22:07.399 6033 RALLYDEBUG rally.task.runner [-] Starting a worker. times: 10 duration: None concurrency: 1 timeout: 0 cls: method_name: run args: {"description": "test", "update_description": "test update"}
2019-10-29 00:22:07.402 6034 RALLYDEBUG rally.task.runner [-] Starting a worker. times: 10 duration: None concurrency: 1 timeout: 0 cls: method_name: run args: {"description": "test", "update_description": "test update"}
2019-10-29 00:22:07.407 6033 INFO rally.task.runner [-] Task b00f7ca6-c9e2-4a16-bd7b-5f016dcebeb6 | ITER: 1 START
2019-10-29 00:22:07.406 6035 RALLYDEBUG rally.task.runner [-] Starting a worker. times: 10 duration: None concurrency: 1 timeout: 0 cls: method_name: run args: {"description": "test", "update_description": "test update"}
2019-10-29 00:22:07.409 6034 INFO rally.task.runner [-] Task b00f7ca6-c9e2-4a16-bd7b-5f016dcebeb6 | ITER: 2 START
2019-10-29 00:22:07.410 6036 RALLYDEBUG rally.task.runner [-] Starting a worker. times: 10 duration: None concurrency: 1 timeout: 0 cls: method_name: run args: {"description": "test", "update_description": "test update"}
2019-10-29 00:22:07.413 6035 INFO rally.task.runner [-] Task b00f7ca6-c9e2-4a16-bd7b-5f016dcebeb6 | ITER: 3 START
2019-10-29 00:22:07.416 6036 INFO rally.task.runner [-] Task b00f7ca6-c9e2-4a16-bd7b-5f016dcebeb6 | ITER: 4 START
2019-10-29 00:22:07.716 6033 DEBUG cinderclient.v2.client [-] REQ: curl -g -i --cacert "/etc/ssl/certs/mcp_os_cacert" -X POST http://10.167.4.35:8776/v3/074288f55ae142eb8b7dd5f010e4be1c/types -H "Accept: application/json" -H "Content-Type: application/json" -H "User-Agent: python-cinderclient" -H "X-Auth-Token: {SHA256}f95cc72927ac93afa795eb8731891373ccf559a1ba8538ca3722725b7d07d232" -d '{"volume_type": {"name": "s_rally_eb3f3745_xS74Rg9v", "description": "test", "os-volume-type-access:is_public": true}}' _http_log_request /usr/lib/python3.6/site-packages/keystoneauth1/session.py:464
2019-10-29 00:22:07.717 6034 DEBUG cinderclient.v2.client [-] REQ: curl -g -i --cacert "/etc/ssl/certs/mcp_os_cacert" -X POST http://10.167.4.35:8776/v3/074288f55ae142eb8b7dd5f010e4be1c/types -H "Accept: application/json" -H "Content-Type: application/json" -H "User-Agent: python-cinderclient" -H "X-Auth-Token: {SHA256}39a9e069d624f034394b6189fd615385539b598c1b3b28ae4241aee8bb2edb2a" -d '{"volume_type": {"name": "s_rally_eb3f3745_PusGAiTf", "description": "test", "os-volume-type-access:is_public": true}}' _http_log_request /usr/lib/python3.6/site-packages/keystoneauth1/session.py:464
2019-10-29 00:22:07.728 6036 DEBUG cinderclient.v2.client [-] REQ: curl -g -i --cacert "/etc/ssl/certs/mcp_os_cacert" -X POST http://10.167.4.35:8776/v3/074288f55ae142eb8b7dd5f010e4be1c/types -H "Accept: application/json" -H "Content-Type: application/json" -H "User-Agent: python-cinderclient" -H "X-Auth-Token: {SHA256}75a4a89edf1d20cfa5e507936ae87ef692a92b746d04cd299e2b83135829651c" -d '{"volume_type": {"name": "s_rally_eb3f3745_jJ1j83LN", "description": "test", "os-volume-type-access:is_public": true}}' _http_log_request /usr/lib/python3.6/site-packages/keystoneauth1/session.py:464
2019-10-29 00:22:07.730 6035 DEBUG cinderclient.v2.client [-] REQ: curl -g -i --cacert "/etc/ssl/certs/mcp_os_cacert" -X POST http://10.167.4.35:8776/v3/074288f55ae142eb8b7dd5f010e4be1c/types -H "Accept: application/json" -H "Content-Type: application/json" -H "User-Agent: python-cinderclient" -H "X-Auth-Token: {SHA256}759047b42c37364a4fd6984ecb87d807a85c19c3f61405d7ab9c36ce28c42a4e" -d '{"volume_type": {"name": "s_rally_eb3f3745_gSUulRxA", "description": "test", "os-volume-type-access:is_public": true}}' _http_log_request /usr/lib/python3.6/site-packages/keystoneauth1/session.py:464
2019-10-29 00:22:07.881 6034 DEBUG cinderclient.v2.client [-] RESP: [200] Connection: close Content-Length: 202 Content-Type: application/json Date: Tue, 29 Oct 2019 00:22:07 GMT OpenStack-API-Version: volume 3.0 Server: Apache Vary: OpenStack-API-Version x-compute-request-id: req-0c0689a6-acb6-4fea-a902-7a78eea0b40e x-openstack-request-id: req-0c0689a6-acb6-4fea-a902-7a78eea0b40e _http_log_response /usr/lib/python3.6/site-packages/keystoneauth1/session.py:495
2019-10-29 00:22:07.882 6034 DEBUG cinderclient.v2.client [-] RESP BODY: {"volume_type": {"id": "7b22e19f-0afb-496c-9ef7-d8f8613de0f2", "name": "s_rally_eb3f3745_PusGAiTf", "is_public": true, "extra_specs": {}, "description": "test", "os-volume-type-access:is_public": true}} _http_log_response /usr/lib/python3.6/site-packages/keystoneauth1/session.py:527
2019-10-29 00:22:07.882 6034 DEBUG cinderclient.v2.client [-] POST call to volumev2 for http://10.167.4.35:8776/v3/074288f55ae142eb8b7dd5f010e4be1c/types used request id req-0c0689a6-acb6-4fea-a902-7a78eea0b40e request /usr/lib/python3.6/site-packages/keystoneauth1/session.py:865
2019-10-29 00:22:07.885 6034 DEBUG cinderclient.v2.client [-] REQ: curl -g -i --cacert "/etc/ssl/certs/mcp_os_cacert" -X PUT http://10.167.4.35:8776/v3/074288f55ae142eb8b7dd5f010e4be1c/types/7b22e19f-0afb-496c-9ef7-d8f8613de0f2 -H "Accept: application/json" -H "Content-Type: application/json" -H "User-Agent: python-cinderclient" -H "X-Auth-Token: {SHA256}39a9e069d624f034394b6189fd615385539b598c1b3b28ae4241aee8bb2edb2a" -H "X-OpenStack-Request-ID: req-0c0689a6-acb6-4fea-a902-7a78eea0b40e" -d '{"volume_type": {"name": "s_rally_eb3f3745_PusGAiTf", "description": "test update"}}' _http_log_request /usr/lib/python3.6/site-packages/keystoneauth1/session.py:464
2019-10-29 00:22:07.890 6036 DEBUG cinderclient.v2.client [-] RESP: [200] Connection: close Content-Length: 202 Content-Type: application/json Date: Tue, 29 Oct 2019 00:22:07 GMT OpenStack-API-Version: volume 3.0 Server: Apache Vary: OpenStack-API-Version x-compute-request-id: req-4cd2e197-5404-4c1e-8667-56191b1d7b31 x-openstack-request-id: req-4cd2e197-5404-4c1e-8667-56191b1d7b31 _http_log_response /usr/lib/python3.6/site-packages/keystoneauth1/session.py:495
2019-10-29 00:22:07.890 6036 DEBUG cinderclient.v2.client [-] RESP BODY: {"volume_type": {"id": "e4f1fc7b-1dc5-4ba7-8fc2-78708d41e413", "name": "s_rally_eb3f3745_jJ1j83LN", "is_public": true, "extra_specs": {}, "description": "test", "os-volume-type-access:is_public": true}} _http_log_response /usr/lib/python3.6/site-packages/keystoneauth1/session.py:527
2019-10-29 00:22:07.891 6036 DEBUG cinderclient.v2.client [-] POST call to volumev2 for http://10.167.4.35:8776/v3/074288f55ae142eb8b7dd5f010e4be1c/types used request id req-4cd2e197-5404-4c1e-8667-56191b1d7b31 request /usr/lib/python3.6/site-packages/keystoneauth1/session.py:865
2019-10-29 00:22:07.893 6036 DEBUG cinderclient.v2.client [-] REQ: curl -g -i --cacert "/etc/ssl/certs/mcp_os_cacert" -X PUT http://10.167.4.35:8776/v3/074288f55ae142eb8b7dd5f010e4be1c/types/e4f1fc7b-1dc5-4ba7-8fc2-78708d41e413 -H "Accept: application/json" -H "Content-Type: application/json" -H "User-Agent: python-cinderclient" -H "X-Auth-Token: {SHA256}75a4a89edf1d20cfa5e507936ae87ef692a92b746d04cd299e2b83135829651c" -H "X-OpenStack-Request-ID: req-4cd2e197-5404-4c1e-8667-56191b1d7b31" -d '{"volume_type": {"name": "s_rally_eb3f3745_jJ1j83LN", "description": "test update"}}' _http_log_request /usr/lib/python3.6/site-packages/keystoneauth1/session.py:464
2019-10-29 00:22:07.896 6033 DEBUG cinderclient.v2.client [-] RESP: [200] Connection: close Content-Length: 202 Content-Type: application/json Date: Tue, 29 Oct 2019 00:22:07 GMT OpenStack-API-Version: volume 3.0 Server: Apache Vary: OpenStack-API-Version x-compute-request-id: req-010a56c0-b985-4fe6-86f4-63a588d3533f x-openstack-request-id: req-010a56c0-b985-4fe6-86f4-63a588d3533f _http_log_response /usr/lib/python3.6/site-packages/keystoneauth1/session.py:495
2019-10-29 00:22:07.897 6033 DEBUG cinderclient.v2.client [-] RESP BODY: {"volume_type": {"id": "bc787a2a-f1ed-480c-beeb-163186be191f", "name": "s_rally_eb3f3745_xS74Rg9v", "is_public": true, "extra_specs": {}, "description": "test", "os-volume-type-access:is_public": true}} _http_log_response /usr/lib/python3.6/site-packages/keystoneauth1/session.py:527
2019-10-29 00:22:07.898 6033 DEBUG cinderclient.v2.client [-] POST call to volumev2 for http://10.167.4.35:8776/v3/074288f55ae142eb8b7dd5f010e4be1c/types used request id req-010a56c0-b985-4fe6-86f4-63a588d3533f request /usr/lib/python3.6/site-packages/keystoneauth1/session.py:865
2019-10-29 00:22:07.900 6033 DEBUG cinderclient.v2.client [-] REQ: curl -g -i --cacert "/etc/ssl/certs/mcp_os_cacert" -X PUT http://10.167.4.35:8776/v3/074288f55ae142eb8b7dd5f010e4be1c/types/bc787a2a-f1ed-480c-beeb-163186be191f -H "Accept: application/json" -H "Content-Type: application/json" -H "User-Agent: python-cinderclient" -H "X-Auth-Token: {SHA256}f95cc72927ac93afa795eb8731891373ccf559a1ba8538ca3722725b7d07d232" -H "X-OpenStack-Request-ID: req-010a56c0-b985-4fe6-86f4-63a588d3533f" -d '{"volume_type": {"name": "s_rally_eb3f3745_xS74Rg9v", "description": "test update"}}' _http_log_request /usr/lib/python3.6/site-packages/keystoneauth1/session.py:464
2019-10-29 00:22:07.910 6035 DEBUG cinderclient.v2.client [-] RESP: [200] Connection: close Content-Length: 202 Content-Type: application/json Date: Tue, 29 Oct 2019 00:22:07 GMT OpenStack-API-Version: volume 3.0 Server: Apache Vary: OpenStack-API-Version x-compute-request-id: req-534107ad-5921-4f0a-a624-2c3531ee0bfa x-openstack-request-id: req-534107ad-5921-4f0a-a624-2c3531ee0bfa _http_log_response /usr/lib/python3.6/site-packages/keystoneauth1/session.py:495
2019-10-29 00:22:07.911 6035 DEBUG cinderclient.v2.client [-] RESP BODY: {"volume_type": {"id": "164ac7a8-21c6-4493-a26a-447f42ccb7ea", "name": "s_rally_eb3f3745_gSUulRxA", "is_public": true, "extra_specs": {}, "description": "test", "os-volume-type-access:is_public": true}} _http_log_response /usr/lib/python3.6/site-packages/keystoneauth1/session.py:527
2019-10-29 00:22:07.911 6035 DEBUG cinderclient.v2.client [-] POST call to volumev2 for http://10.167.4.35:8776/v3/074288f55ae142eb8b7dd5f010e4be1c/types used request id req-534107ad-5921-4f0a-a624-2c3531ee0bfa request /usr/lib/python3.6/site-packages/keystoneauth1/session.py:865
2019-10-29 00:22:07.913 6035 DEBUG cinderclient.v2.client [-] REQ: curl -g -i --cacert "/etc/ssl/certs/mcp_os_cacert" -X PUT http://10.167.4.35:8776/v3/074288f55ae142eb8b7dd5f010e4be1c/types/164ac7a8-21c6-4493-a26a-447f42ccb7ea -H "Accept: application/json" -H "Content-Type: application/json" -H "User-Agent: python-cinderclient" -H "X-Auth-Token: {SHA256}759047b42c37364a4fd6984ecb87d807a85c19c3f61405d7ab9c36ce28c42a4e" -H "X-OpenStack-Request-ID: req-534107ad-5921-4f0a-a624-2c3531ee0bfa" -d '{"volume_type": {"name": "s_rally_eb3f3745_gSUulRxA", "description": "test update"}}' _http_log_request /usr/lib/python3.6/site-packages/keystoneauth1/session.py:464
2019-10-29 00:22:07.919 6034 DEBUG cinderclient.v2.client [-] RESP: [200] Connection: close Content-Length: 168 Content-Type: application/json Date: Tue, 29 Oct 2019 00:22:07 GMT OpenStack-API-Version: volume 3.0 Server: Apache Vary: OpenStack-API-Version x-compute-request-id: req-9d25a34d-2da3-4536-bbf5-2df28e2e51dc x-openstack-request-id: req-9d25a34d-2da3-4536-bbf5-2df28e2e51dc _http_log_response /usr/lib/python3.6/site-packages/keystoneauth1/session.py:495
2019-10-29 00:22:07.920 6034 DEBUG cinderclient.v2.client [-] RESP BODY: {"volume_type": {"id": "7b22e19f-0afb-496c-9ef7-d8f8613de0f2", "name": "s_rally_eb3f3745_PusGAiTf", "is_public": true, "extra_specs": {}, "description": "test update"}} _http_log_response /usr/lib/python3.6/site-packages/keystoneauth1/session.py:527
2019-10-29 00:22:07.920 6034 DEBUG cinderclient.v2.client [-] PUT call to volumev2 for http://10.167.4.35:8776/v3/074288f55ae142eb8b7dd5f010e4be1c/types/7b22e19f-0afb-496c-9ef7-d8f8613de0f2 used request id req-9d25a34d-2da3-4536-bbf5-2df28e2e51dc request /usr/lib/python3.6/site-packages/keystoneauth1/session.py:865
2019-10-29 00:22:07.920 6034 INFO rally.task.runner [-] Task b00f7ca6-c9e2-4a16-bd7b-5f016dcebeb6 | ITER: 2 END: OK
2019-10-29 00:22:07.923 6036 DEBUG cinderclient.v2.client [-] RESP: [200] Connection: close Content-Length: 168 Content-Type: application/json Date: Tue, 29 Oct 2019 00:22:07 GMT OpenStack-API-Version: volume 3.0 Server: Apache Vary: OpenStack-API-Version x-compute-request-id: req-e3fce83b-96d1-468a-b988-804e6b389ae1 x-openstack-request-id: req-e3fce83b-96d1-468a-b988-804e6b389ae1 _http_log_response /usr/lib/python3.6/site-packages/keystoneauth1/session.py:495
2019-10-29 00:22:07.924 6036 DEBUG cinderclient.v2.client [-] RESP BODY: {"volume_type": {"id": "e4f1fc7b-1dc5-4ba7-8fc2-78708d41e413", "name": "s_rally_eb3f3745_jJ1j83LN", "is_public": true, "extra_specs": {}, "description": "test update"}} _http_log_response /usr/lib/python3.6/site-packages/keystoneauth1/session.py:527
2019-10-29 00:22:07.924 6036 DEBUG cinderclient.v2.client [-] PUT call to volumev2 for http://10.167.4.35:8776/v3/074288f55ae142eb8b7dd5f010e4be1c/types/e4f1fc7b-1dc5-4ba7-8fc2-78708d41e413 used request id req-e3fce83b-96d1-468a-b988-804e6b389ae1 request /usr/lib/python3.6/site-packages/keystoneauth1/session.py:865
2019-10-29 00:22:07.925 6036 INFO rally.task.runner [-] Task b00f7ca6-c9e2-4a16-bd7b-5f016dcebeb6 | ITER: 4 END: OK
2019-10-29 00:22:07.925 6034 INFO rally.task.runner [-] Task b00f7ca6-c9e2-4a16-bd7b-5f016dcebeb6 | ITER: 5 START
2019-10-29 00:22:07.929 6036 INFO rally.task.runner [-] Task b00f7ca6-c9e2-4a16-bd7b-5f016dcebeb6 | ITER: 6 START
