2019-10-29 00:09:33.859 2605 INFO rally.task.runner [-] Task b00f7ca6-c9e2-4a16-bd7b-5f016dcebeb6 | ITER: 7 END: OK
2019-10-29 00:09:36.395 2601 INFO rally.task.runner [-] Task b00f7ca6-c9e2-4a16-bd7b-5f016dcebeb6 | ITER: 10 END: OK
2019-10-29 00:09:36.456 2603 INFO rally.task.runner [-] Task b00f7ca6-c9e2-4a16-bd7b-5f016dcebeb6 | ITER: 9 END: OK
2019-10-29 00:09:36.486 1845 INFO rally.task.context [-] Task b00f7ca6-c9e2-4a16-bd7b-5f016dcebeb6 | Context cleanup@openstack cleanup() started
2019-10-29 00:09:36.490 1845 RALLYDEBUG rally_openstack.cleanup.manager [-] Cleaning up cinder backups objects
2019-10-29 00:09:37.642 1845 RALLYDEBUG rally_openstack.cleanup.manager [-] Cleaning up cinder volume_snapshots objects
2019-10-29 00:09:38.789 1845 RALLYDEBUG rally_openstack.cleanup.manager [-] Cleaning up cinder transfers objects
2019-10-29 00:09:39.904 1845 RALLYDEBUG rally_openstack.cleanup.manager [-] Cleaning up cinder volumes objects
2019-10-29 00:09:41.125 1845 RALLYDEBUG rally_openstack.cleanup.manager [-] Deleting cinder.volumes object s_rally_8e2b19a3_oP3ZbvU0 (a4101fff-e38e-4820-b9a4-bbaf2accbe0a)
2019-10-29 00:09:41.134 1845 RALLYDEBUG rally_openstack.cleanup.manager [-] Deleting cinder.volumes object s_rally_8e2b19a3_QInM3SqC (4ad80db3-8a55-4d90-9916-5f59e1fb6748)
2019-10-29 00:09:41.142 1845 RALLYDEBUG rally_openstack.cleanup.manager [-] Deleting cinder.volumes object s_rally_8e2b19a3_ZYzoqZON (47a452db-d2b5-4654-a7d0-5c139517f630)
2019-10-29 00:09:41.151 1845 RALLYDEBUG rally_openstack.cleanup.manager [-] Deleting cinder.volumes object s_rally_8e2b19a3_Q9f4Oof5 (e47c0058-51f1-43ab-9ad6-01af09d0867b)
2019-10-29 00:09:41.157 1845 RALLYDEBUG rally_openstack.cleanup.manager [-] Deleting cinder.volumes object s_rally_8e2b19a3_FXWpB9WB (90a33a90-2bb7-4e48-906d-324e153feed5)
2019-10-29 00:09:41.168 1845 RALLYDEBUG rally_openstack.cleanup.manager [-] Deleting cinder.volumes object s_rally_8e2b19a3_F5jdFyQI (7e310f1e-0cd9-4bf5-bb03-712b87e2b6cd)
2019-10-29 00:09:41.172 1845 RALLYDEBUG rally_openstack.cleanup.manager [-] Deleting cinder.volumes object s_rally_8e2b19a3_OQYcztXd (a8e98ac2-10d5-4f16-9750-65177003931b)
2019-10-29 00:09:41.189 1845 RALLYDEBUG rally_openstack.cleanup.manager [-] Deleting cinder.volumes object s_rally_8e2b19a3_RJ1QK293 (2df3842e-e16f-43da-9767-d71244ac2f57)
2019-10-29 00:09:41.200 1845 RALLYDEBUG rally_openstack.cleanup.manager [-] Deleting cinder.volumes object s_rally_8e2b19a3_s9aclL3J (61947d99-4359-4e1d-b269-2e39805de684)
2019-10-29 00:09:41.214 1845 RALLYDEBUG rally_openstack.cleanup.manager [-] Deleting cinder.volumes object s_rally_8e2b19a3_pDXGdS14 (1537387d-019a-40aa-b23f-2da3b2bc6d4a)
2019-10-29 00:09:44.861 1845 INFO rally.task.context [-] Task b00f7ca6-c9e2-4a16-bd7b-5f016dcebeb6 | Context cleanup@openstack cleanup() finished in 8.37 sec
2019-10-29 00:09:44.862 1845 INFO rally.task.context [-] Task b00f7ca6-c9e2-4a16-bd7b-5f016dcebeb6 | Context quotas@openstack cleanup() started
2019-10-29 00:09:44.973 1845 INFO rally.task.context [-] Task b00f7ca6-c9e2-4a16-bd7b-5f016dcebeb6 | Context quotas@openstack cleanup() finished in 0.11 sec
2019-10-29 00:09:44.974 1845 INFO rally.task.context [-] Task b00f7ca6-c9e2-4a16-bd7b-5f016dcebeb6 | Context api_versions@openstack cleanup() started
2019-10-29 00:09:44.974 1845 INFO rally.task.context [-] Task b00f7ca6-c9e2-4a16-bd7b-5f016dcebeb6 | Context api_versions@openstack cleanup() finished in 0.30 msec
2019-10-29 00:09:44.974 1845 INFO rally.task.context [-] Task b00f7ca6-c9e2-4a16-bd7b-5f016dcebeb6 | Context users@openstack cleanup() started
2019-10-29 00:09:49.392 1845 INFO rally.task.context [-] Task b00f7ca6-c9e2-4a16-bd7b-5f016dcebeb6 | Context users@openstack cleanup() finished in 4.42 sec
2019-10-29 00:09:50.363 1845 INFO rally.task.engine [-] Load duration is: 8.451245
2019-10-29 00:09:50.363 1845 INFO rally.task.engine [-] Full runner duration is: 8.505136
2019-10-29 00:09:50.364 1845 INFO rally.task.engine [-] Full duration is: 25.23729
2019-10-29 00:09:50.639 1845 INFO rally.task.engine [-] Running workload: position = 0 config = { "version": 2, "title": "A cropped version of a bigger task.", "description": "Auto-generated task from a single workload (uuid=7ab726e5-42be-4bf5-8058-b5887a4275c3)", "subtasks": [ { "title": "CinderVolumes.create_and_upload_volume_to_image", "description": "Create and upload a volume to image.", "scenario": { "CinderVolumes.create_and_upload_volume_to_image": { "container_format": "bare", "disk_format": "raw", "do_delete": true, "force": false, "size": 1 } }, "contexts": { "users": { "tenants": 3, "users_per_tenant": 2 }, "quotas": { "cinder": { "gigabytes": -1, "snapshots": -1, "volumes": -1 } }, "api_versions": { "cinder": { "version": 3, "service_type": "volumev3" } } }, "runner": { "constant": { "concurrency": 4, "times": 10 } }, "hooks": [], "sla": { "failure_rate": { "max": 0 } } } ] }
2019-10-29 00:09:50.663 1845 RALLYDEBUG rally_openstack.contexts.keystone.users [-] Creating 3 tenants using 20 threads
2019-10-29 00:09:51.667 1845 RALLYDEBUG rally_openstack.contexts.keystone.users [-] Creating 6 users using 20 threads
2019-10-29 00:09:53.261 1845 INFO rally.task.context [-] Task b00f7ca6-c9e2-4a16-bd7b-5f016dcebeb6 | Context users@openstack setup() finished in 2.60 sec
2019-10-29 00:09:53.680 1845 INFO rally.task.context [-] Task b00f7ca6-c9e2-4a16-bd7b-5f016dcebeb6 | Context api_versions@openstack setup() finished in 0.42 sec
2019-10-29 00:09:54.600 1845 INFO rally.task.context [-] Task b00f7ca6-c9e2-4a16-bd7b-5f016dcebeb6 | Context quotas@openstack setup() finished in 0.92 sec
2019-10-29 00:09:54.601 1845 INFO rally.task.context [-] Task b00f7ca6-c9e2-4a16-bd7b-5f016dcebeb6 | Context cleanup@openstack setup() finished in 0.01 msec
2019-10-29 00:09:54.611 1845 RALLYDEBUG rally.task.runner [-] Starting the constant runner (task UUID: b00f7ca6-c9e2-4a16-bd7b-5f016dcebeb6). times: 10 concurrency: 4 timeout: 0 max_cpu_used: 16 processes_to_start: 4 concurrency_per_worker: 1 concurrency_overhead: 0
2019-10-29 00:09:54.623 2785 RALLYDEBUG rally.task.runner [-] Starting a worker. times: 10 duration: None concurrency: 1 timeout: 0 cls: method_name: run args: {"container_format": "bare", "disk_format": "raw", "do_delete": true, "force": false, "size": 1}
2019-10-29 00:09:54.626 2786 RALLYDEBUG rally.task.runner [-] Starting a worker. times: 10 duration: None concurrency: 1 timeout: 0 cls: method_name: run args: {"container_format": "bare", "disk_format": "raw", "do_delete": true, "force": false, "size": 1}
2019-10-29 00:09:54.630 2785 INFO rally.task.runner [-] Task b00f7ca6-c9e2-4a16-bd7b-5f016dcebeb6 | ITER: 1 START
2019-10-29 00:09:54.630 2787 RALLYDEBUG rally.task.runner [-] Starting a worker. times: 10 duration: None concurrency: 1 timeout: 0 cls: method_name: run args: {"container_format": "bare", "disk_format": "raw", "do_delete": true, "force": false, "size": 1}
2019-10-29 00:09:54.634 2786 INFO rally.task.runner [-] Task b00f7ca6-c9e2-4a16-bd7b-5f016dcebeb6 | ITER: 2 START
2019-10-29 00:09:54.633 2788 RALLYDEBUG rally.task.runner [-] Starting a worker. times: 10 duration: None concurrency: 1 timeout: 0 cls: method_name: run args: {"container_format": "bare", "disk_format": "raw", "do_delete": true, "force": false, "size": 1}
2019-10-29 00:09:54.637 2787 INFO rally.task.runner [-] Task b00f7ca6-c9e2-4a16-bd7b-5f016dcebeb6 | ITER: 3 START
2019-10-29 00:09:54.640 2788 INFO rally.task.runner [-] Task b00f7ca6-c9e2-4a16-bd7b-5f016dcebeb6 | ITER: 4 START
2019-10-29 00:09:57.917 2788 RALLYDEBUG rally.task.utils [-] Waiting for resource s_rally_7ab726e5_udPTMz0t. Status changed: AVAILABLE => UPLOADING in 0.05508852005004883
2019-10-29 00:09:57.952 2787 RALLYDEBUG rally.task.utils [-] Waiting for resource s_rally_7ab726e5_8Mv6Pidv. Status changed: AVAILABLE => UPLOADING in 0.05556774139404297
2019-10-29 00:09:58.054 2785 RALLYDEBUG rally.task.utils [-] Waiting for resource s_rally_7ab726e5_oHTZ2N7U. Status changed: AVAILABLE => UPLOADING in 0.06545233726501465
2019-10-29 00:09:58.399 2786 RALLYDEBUG rally.task.utils [-] Waiting for resource s_rally_7ab726e5_cPnzvKV8. Status changed: AVAILABLE => UPLOADING in 0.05913376808166504
2019-10-29 00:10:08.572 2787 RALLYDEBUG rally.task.utils [-] Waiting for resource s_rally_7ab726e5_8Mv6Pidv. Status changed: UPLOADING => AVAILABLE in 10.62004566192627
2019-10-29 00:10:08.795 2787 RALLYDEBUG rally.task.utils [-] Waiting for resource s_rally_7ab726e5_8Mv6Pidv. Status changed: AVAILABLE => DELETING in 0.05504131317138672
2019-10-29 00:10:08.808 2786 RALLYDEBUG rally.task.utils [-] Waiting for resource s_rally_7ab726e5_cPnzvKV8. Status changed: UPLOADING => AVAILABLE in 10.409538269042969
2019-10-29 00:10:09.050 2786 RALLYDEBUG rally.task.utils [-] Waiting for resource s_rally_7ab726e5_cPnzvKV8. Status changed: AVAILABLE => DELETING in 0.05081629753112793
2019-10-29 00:10:10.683 2785 RALLYDEBUG rally.task.utils [-] Waiting for resource s_rally_7ab726e5_oHTZ2N7U. Status changed: UPLOADING => AVAILABLE in 12.629677057266235
2019-10-29 00:10:10.692 2788 RALLYDEBUG rally.task.utils [-] Waiting for resource s_rally_7ab726e5_udPTMz0t. Status changed: UPLOADING => AVAILABLE in 12.77549123764038
2019-10-29 00:10:10.860 2788 RALLYDEBUG rally.task.utils [-] Waiting for resource s_rally_7ab726e5_udPTMz0t. Status changed: AVAILABLE => DELETING in 0.0555722713470459
2019-10-29 00:10:10.861 2785 RALLYDEBUG rally.task.utils [-] Waiting for resource s_rally_7ab726e5_oHTZ2N7U. Status changed: AVAILABLE => DELETING in 0.05587601661682129
2019-10-29 00:10:11.172 2787 INFO rally.task.runner [-] Task b00f7ca6-c9e2-4a16-bd7b-5f016dcebeb6 | ITER: 3 END: OK
2019-10-29 00:10:11.177 2787 INFO rally.task.runner [-] Task b00f7ca6-c9e2-4a16-bd7b-5f016dcebeb6 | ITER: 5 START
2019-10-29 00:10:11.603 2786 INFO rally.task.runner [-] Task b00f7ca6-c9e2-4a16-bd7b-5f016dcebeb6 | ITER: 2 END: OK
2019-10-29 00:10:11.607 2786 INFO rally.task.runner [-] Task b00f7ca6-c9e2-4a16-bd7b-5f016dcebeb6 | ITER: 6 START
2019-10-29 00:10:13.092 2785 INFO rally.task.runner [-] Task b00f7ca6-c9e2-4a16-bd7b-5f016dcebeb6 | ITER: 1 END: OK
2019-10-29 00:10:13.097 2785 INFO rally.task.runner [-] Task b00f7ca6-c9e2-4a16-bd7b-5f016dcebeb6 | ITER: 7 START
2019-10-29 00:10:13.219 2788 INFO rally.task.runner [-] Task b00f7ca6-c9e2-4a16-bd7b-5f016dcebeb6 | ITER: 4 END: OK
2019-10-29 00:10:13.224 2788 INFO rally.task.runner [-] Task b00f7ca6-c9e2-4a16-bd7b-5f016dcebeb6 | ITER: 8 START
2019-10-29 00:10:14.499 2787 RALLYDEBUG rally.task.utils [-] Waiting for resource s_rally_7ab726e5_VyqVGwV1. Status changed: AVAILABLE => UPLOADING in 0.05914425849914551
2019-10-29 00:10:14.958 2786 RALLYDEBUG rally.task.utils [-] Waiting for resource s_rally_7ab726e5_pwSm5Vdk. Status changed: AVAILABLE => UPLOADING in 0.06873559951782227
2019-10-29 00:10:16.692 2785 RALLYDEBUG rally.task.utils [-] Waiting for resource s_rally_7ab726e5_fa5c0aeS. Status changed: AVAILABLE => UPLOADING in 0.05469679832458496
2019-10-29 00:10:16.906 2788 RALLYDEBUG rally.task.utils [-] Waiting for resource s_rally_7ab726e5_NAvD4k9x. Status changed: AVAILABLE => UPLOADING in 0.08908653259277344
2019-10-29 00:10:24.991 2787 RALLYDEBUG rally.task.utils [-] Waiting for resource s_rally_7ab726e5_VyqVGwV1. Status changed: UPLOADING => AVAILABLE in 10.491550922393799
2019-10-29 00:10:25.170 2787 RALLYDEBUG rally.task.utils [-] Waiting for resource s_rally_7ab726e5_VyqVGwV1. Status changed: AVAILABLE => DELETING in 0.052881717681884766
2019-10-29 00:10:25.293 2786 RALLYDEBUG rally.task.utils [-] Waiting for resource s_rally_7ab726e5_pwSm5Vdk. Status changed: UPLOADING => AVAILABLE in 10.335187196731567
2019-10-29 00:10:25.466 2786 RALLYDEBUG rally.task.utils [-] Waiting for resource s_rally_7ab726e5_pwSm5Vdk. Status changed: AVAILABLE => DELETING in 0.05370783805847168
2019-10-29 00:10:27.095 2785 RALLYDEBUG rally.task.utils [-] Waiting for resource s_rally_7ab726e5_fa5c0aeS. Status changed: UPLOADING => AVAILABLE in 10.403380155563354
2019-10-29 00:10:27.278 2785 RALLYDEBUG rally.task.utils [-] Waiting for resource s_rally_7ab726e5_fa5c0aeS. Status changed: AVAILABLE => DELETING in 0.05631399154663086
2019-10-29 00:10:27.289 2788 RALLYDEBUG rally.task.utils [-] Waiting for resource s_rally_7ab726e5_NAvD4k9x. Status changed: UPLOADING => AVAILABLE in 10.383994102478027
2019-10-29 00:10:27.396 2787 INFO rally.task.runner [-] Task b00f7ca6-c9e2-4a16-bd7b-5f016dcebeb6 | ITER: 5 END: OK
2019-10-29 00:10:27.402 2787 INFO rally.task.runner [-] Task b00f7ca6-c9e2-4a16-bd7b-5f016dcebeb6 | ITER: 9 START
2019-10-29 00:10:27.464 2788 RALLYDEBUG rally.task.utils [-] Waiting for resource s_rally_7ab726e5_NAvD4k9x. Status changed: AVAILABLE => DELETING in 0.05821037292480469
2019-10-29 00:10:27.741 2786 INFO rally.task.runner [-] Task b00f7ca6-c9e2-4a16-bd7b-5f016dcebeb6 | ITER: 6 END: OK
2019-10-29 00:10:27.746 2786 INFO rally.task.runner [-] Task b00f7ca6-c9e2-4a16-bd7b-5f016dcebeb6 | ITER: 10 START
2019-10-29 00:10:29.516 2785 INFO rally.task.runner [-] Task b00f7ca6-c9e2-4a16-bd7b-5f016dcebeb6 | ITER: 7 END: OK
2019-10-29 00:10:30.181 2788 INFO rally.task.runner [-] Task b00f7ca6-c9e2-4a16-bd7b-5f016dcebeb6 | ITER: 8 END: OK
2019-10-29 00:10:30.684 2787 RALLYDEBUG rally.task.utils [-] Waiting for resource s_rally_7ab726e5_HhwmeksH. Status changed: AVAILABLE => UPLOADING in 0.0640406608581543
2019-10-29 00:10:31.036 2786 RALLYDEBUG rally.task.utils [-] Waiting for resource s_rally_7ab726e5_Jy8Iz9sA. Status changed: AVAILABLE => UPLOADING in 0.058983564376831055
2019-10-29 00:10:47.327 2787 RALLYDEBUG rally.task.utils [-] Waiting for resource s_rally_7ab726e5_HhwmeksH. Status changed: UPLOADING => AVAILABLE in 16.643422842025757
2019-10-29 00:10:47.504 2787 RALLYDEBUG rally.task.utils [-] Waiting for resource s_rally_7ab726e5_HhwmeksH. Status changed: AVAILABLE => DELETING in 0.05768227577209473
2019-10-29 00:10:48.000 2786 RALLYDEBUG rally.task.utils [-] Waiting for resource s_rally_7ab726e5_Jy8Iz9sA. Status changed: UPLOADING => AVAILABLE in 16.963295459747314
2019-10-29 00:10:48.208 2786 RALLYDEBUG rally.task.utils [-] Waiting for resource s_rally_7ab726e5_Jy8Iz9sA. Status changed: AVAILABLE => DELETING in 0.0707089900970459
2019-10-29 00:10:49.743 2787 INFO rally.task.runner [-] Task b00f7ca6-c9e2-4a16-bd7b-5f016dcebeb6 | ITER: 9 END: OK
2019-10-29 00:10:50.451 2786 INFO rally.task.runner [-] Task b00f7ca6-c9e2-4a16-bd7b-5f016dcebeb6 | ITER: 10 END: OK
2019-10-29 00:10:50.476 1845 INFO rally.task.context [-] Task b00f7ca6-c9e2-4a16-bd7b-5f016dcebeb6 | Context cleanup@openstack cleanup() started
2019-10-29 00:10:50.479 1845 RALLYDEBUG rally_openstack.cleanup.manager [-] Cleaning up cinder backups objects
2019-10-29 00:10:51.665 1845 RALLYDEBUG rally_openstack.cleanup.manager [-] Cleaning up cinder volume_snapshots objects
2019-10-29 00:10:52.803 1845 RALLYDEBUG rally_openstack.cleanup.manager [-] Cleaning up cinder transfers objects
2019-10-29 00:10:53.950 1845 RALLYDEBUG rally_openstack.cleanup.manager [-] Cleaning up cinder volumes objects
2019-10-29 00:10:55.152 1845 RALLYDEBUG rally_openstack.cleanup.manager [-] Cleaning up glance images objects
2019-10-29 00:10:56.655 1845 INFO rally.task.context [-] Task b00f7ca6-c9e2-4a16-bd7b-5f016dcebeb6 | Context cleanup@openstack cleanup() finished in 6.18 sec
2019-10-29 00:10:56.656 1845 INFO rally.task.context [-] Task b00f7ca6-c9e2-4a16-bd7b-5f016dcebeb6 | Context quotas@openstack cleanup() started
2019-10-29 00:10:56.733 1845 INFO rally.task.context [-] Task b00f7ca6-c9e2-4a16-bd7b-5f016dcebeb6 | Context quotas@openstack cleanup() finished in 77.24 msec
2019-10-29 00:10:56.733 1845 INFO rally.task.context [-] Task b00f7ca6-c9e2-4a16-bd7b-5f016dcebeb6 | Context api_versions@openstack cleanup() started
2019-10-29 00:10:56.733 1845 INFO rally.task.context [-] Task b00f7ca6-c9e2-4a16-bd7b-5f016dcebeb6 | Context api_versions@openstack cleanup() finished in 0.16 msec
2019-10-29 00:10:56.733 1845 INFO rally.task.context [-] Task b00f7ca6-c9e2-4a16-bd7b-5f016dcebeb6 | Context users@openstack cleanup() started
2019-10-29 00:11:01.048 1845 INFO rally.task.context [-] Task b00f7ca6-c9e2-4a16-bd7b-5f016dcebeb6 | Context users@openstack cleanup() finished in 4.31 sec
2019-10-29 00:11:03.003 1845 INFO rally.task.engine [-] Load duration is: 55.114798
2019-10-29 00:11:03.003 1845 INFO rally.task.engine [-] Full runner duration is: 55.865938
2019-10-29 00:11:03.003 1845 INFO rally.task.engine [-] Full duration is: 70.38761
2019-10-29 00:11:03.343 1845 INFO rally.task.engine [-] Running workload: position = 0 config = { "version": 2, "title": "A cropped version of a bigger task.", "description": "Auto-generated task from a single workload (uuid=946a83c0-4c10-4b06-a64d-21d7464e48f2)", "subtasks": [ { "title": "CinderVolumes.create_nested_snapshots_and_attach_volume", "description": "Create a volume from snapshot and attach/detach the volume", "scenario": { "CinderVolumes.create_nested_snapshots_and_attach_volume": { "flavor": { "name": "rally_full-flavor_b1bdd5ff-a94b-4b0b-abed-4a39b4cd7a4c" }, "image": { "name": "rally_full-img_b1bdd5ff-a94b-4b0b-abed-4a39b4cd7a4c" }, "nested_level": 1, "size": { "max": 1, "min": 1 }, "create_vm_params": { "nics": [ { "net-id": "1a84dcc6-e694-4461-af1d-1b42ba763d82" } ] } } }, "contexts": { "users": { "tenants": 3, "users_per_tenant": 2 }, "quotas": { "cinder": { "gigabytes": -1, "snapshots": -1, "volumes": -1 } }, "api_versions": { "cinder": { "version": 3, "service_type": "volumev3" } } }, "runner": { "constant": { "concurrency": 4, "times": 10 } }, "hooks": [], "sla": { "failure_rate": { "max": 0 } } } ] }
2019-10-29 00:11:03.369 1845 RALLYDEBUG rally_openstack.contexts.keystone.users [-] Creating 3 tenants using 20 threads
2019-10-29 00:11:04.378 1845 RALLYDEBUG rally_openstack.contexts.keystone.users [-] Creating 6 users using 20 threads
2019-10-29 00:11:05.860 1845 INFO rally.task.context [-] Task b00f7ca6-c9e2-4a16-bd7b-5f016dcebeb6 | Context users@openstack setup() finished in 2.49 sec
2019-10-29 00:11:06.261 1845 INFO rally.task.context [-] Task b00f7ca6-c9e2-4a16-bd7b-5f016dcebeb6 | Context api_versions@openstack setup() finished in 0.40 sec
2019-10-29 00:11:07.027 1845 INFO rally.task.context [-] Task b00f7ca6-c9e2-4a16-bd7b-5f016dcebeb6 | Context quotas@openstack setup() finished in 0.77 sec
2019-10-29 00:11:07.028 1845 INFO rally.task.context [-] Task b00f7ca6-c9e2-4a16-bd7b-5f016dcebeb6 | Context cleanup@openstack setup() finished in 0.01 msec
2019-10-29 00:11:07.876 1845 RALLYDEBUG rally.task.runner [-] Starting the constant runner (task UUID: b00f7ca6-c9e2-4a16-bd7b-5f016dcebeb6). times: 10 concurrency: 4 timeout: 0 max_cpu_used: 16 processes_to_start: 4 concurrency_per_worker: 1 concurrency_overhead: 0
2019-10-29 00:11:07.887 2989 RALLYDEBUG rally.task.runner [-] Starting a worker. times: 10 duration: None concurrency: 1 timeout: 0 cls: method_name: run args: {"flavor": "2b968296-870b-41ac-8f70-620d226e1dc6", "image": "ea3ac222-ed8c-4767-bd2c-fae77a59be81", "nested_level": 1, "size": {"max": 1, "min": 1}, "create_vm_params": {"nics": [{"net-id": "1a84dcc6-e694-4461-af1d-1b42ba763d82"}]}}
2019-10-29 00:11:07.891 2990 RALLYDEBUG rally.task.runner [-] Starting a worker. times: 10 duration: None concurrency: 1 timeout: 0 cls: method_name: run args: {"flavor": "2b968296-870b-41ac-8f70-620d226e1dc6", "image": "ea3ac222-ed8c-4767-bd2c-fae77a59be81", "nested_level": 1, "size": {"max": 1, "min": 1}, "create_vm_params": {"nics": [{"net-id": "1a84dcc6-e694-4461-af1d-1b42ba763d82"}]}}
2019-10-29 00:11:07.893 2989 INFO rally.task.runner [-] Task b00f7ca6-c9e2-4a16-bd7b-5f016dcebeb6 | ITER: 1 START
2019-10-29 00:11:07.893 2991 RALLYDEBUG rally.task.runner [-] Starting a worker. times: 10 duration: None concurrency: 1 timeout: 0 cls: method_name: run args: {"flavor": "2b968296-870b-41ac-8f70-620d226e1dc6", "image": "ea3ac222-ed8c-4767-bd2c-fae77a59be81", "nested_level": 1, "size": {"max": 1, "min": 1}, "create_vm_params": {"nics": [{"net-id": "1a84dcc6-e694-4461-af1d-1b42ba763d82"}]}}
2019-10-29 00:11:07.895 2992 RALLYDEBUG rally.task.runner [-] Starting a worker. times: 10 duration: None concurrency: 1 timeout: 0 cls: method_name: run args: {"flavor": "2b968296-870b-41ac-8f70-620d226e1dc6", "image": "ea3ac222-ed8c-4767-bd2c-fae77a59be81", "nested_level": 1, "size": {"max": 1, "min": 1}, "create_vm_params": {"nics": [{"net-id": "1a84dcc6-e694-4461-af1d-1b42ba763d82"}]}}
2019-10-29 00:11:07.898 2990 INFO rally.task.runner [-] Task b00f7ca6-c9e2-4a16-bd7b-5f016dcebeb6 | ITER: 2 START
2019-10-29 00:11:07.899 2991 INFO rally.task.runner [-] Task b00f7ca6-c9e2-4a16-bd7b-5f016dcebeb6 | ITER: 3 START
2019-10-29 00:11:07.901 2992 INFO rally.task.runner [-] Task b00f7ca6-c9e2-4a16-bd7b-5f016dcebeb6 | ITER: 4 START
2019-10-29 00:11:17.749 2992 RALLYDEBUG rally.task.utils [-] Waiting for resource s_rally_946a83c0_sOvdQHbE. Status changed: BUILD => ACTIVE in 7.080580949783325
2019-10-29 00:11:19.613 2991 RALLYDEBUG rally.task.utils [-] Waiting for resource s_rally_946a83c0_DXuf6wtt. Status changed: BUILD => ACTIVE in 9.212544679641724
2019-10-29 00:11:19.815 2989 RALLYDEBUG rally.task.utils [-] Waiting for resource s_rally_946a83c0_H3DAb2Za. Status changed: BUILD => ACTIVE in 9.45102834701538
2019-10-29 00:11:19.856 2990 RALLYDEBUG rally.task.utils [-] Waiting for resource s_rally_946a83c0_VnoLEihL. Status changed: BUILD => ACTIVE in 9.60989499092102
2019-10-29 00:11:23.480 2992 RALLYDEBUG rally.task.utils [-] Waiting for resource s_rally_946a83c0_Gtr98qsp. Status changed: AVAILABLE => RESERVED in 0.6894612312316895
2019-10-29 00:11:25.136 2991 RALLYDEBUG rally.task.utils [-] Waiting for resource s_rally_946a83c0_Dcz2HdlL. Status changed: AVAILABLE => RESERVED in 0.40748119354248047
2019-10-29 00:11:25.140 2989 RALLYDEBUG rally.task.utils [-] Waiting for resource s_rally_946a83c0_WLJtHFex. Status changed: AVAILABLE => RESERVED in 0.41021251678466797
2019-10-29 00:11:25.151 2990 RALLYDEBUG rally.task.utils [-] Waiting for resource s_rally_946a83c0_pcadimnv. Status changed: AVAILABLE => RESERVED in 0.42406654357910156
2019-10-29 00:11:25.906 2992 RALLYDEBUG rally.task.utils [-] Waiting for resource s_rally_946a83c0_Gtr98qsp. Status changed: RESERVED => IN-USE in 2.4258246421813965
2019-10-29 00:11:26.490 2992 RALLYDEBUG rally.task.utils [-] Waiting for resource s_rally_946a83c0_Gtr98qsp. Status changed: AVAILABLE => DETACHING in 0.4205896854400635
2019-10-29 00:11:27.553 2990 RALLYDEBUG rally.task.utils [-] Waiting for resource s_rally_946a83c0_pcadimnv. Status changed: RESERVED => IN-USE in 2.4019930362701416
2019-10-29 00:11:27.672 2991 RALLYDEBUG rally.task.utils [-] Waiting for resource s_rally_946a83c0_Dcz2HdlL. Status changed: RESERVED => IN-USE in 2.53532338142395
2019-10-29 00:11:27.837 2989 RALLYDEBUG rally.task.utils [-] Waiting for resource s_rally_946a83c0_WLJtHFex. Status changed: RESERVED => IN-USE in 2.697000503540039
2019-10-29 00:11:28.192 2990 RALLYDEBUG rally.task.utils [-] Waiting for resource s_rally_946a83c0_pcadimnv. Status changed: AVAILABLE => DETACHING in 0.4100613594055176
2019-10-29 00:11:28.261 2991 RALLYDEBUG rally.task.utils [-] Waiting for resource s_rally_946a83c0_Dcz2HdlL. Status changed: AVAILABLE => DETACHING in 0.41680192947387695
2019-10-29 00:11:28.394 2989 RALLYDEBUG rally.task.utils [-] Waiting for resource s_rally_946a83c0_WLJtHFex. Status changed: AVAILABLE => DETACHING in 0.4088151454925537
2019-10-29 00:11:28.932 2992 RALLYDEBUG rally.task.utils [-] Waiting for resource s_rally_946a83c0_Gtr98qsp. Status changed: DETACHING => AVAILABLE in 2.4418351650238037
2019-10-29 00:11:29.033 2992 RALLYDEBUG rally.task.utils [-] Waiting for resource s_rally_946a83c0_evQZ9Ybu. Status changed: AVAILABLE => DELETING in 0.028471946716308594
2019-10-29 00:11:30.614 2990 RALLYDEBUG rally.task.utils [-] Waiting for resource s_rally_946a83c0_pcadimnv. Status changed: DETACHING => AVAILABLE in 2.4214375019073486
2019-10-29 00:11:30.661 2991 RALLYDEBUG rally.task.utils [-] Waiting for resource s_rally_946a83c0_Dcz2HdlL. Status changed: DETACHING => AVAILABLE in 2.4010508060455322
2019-10-29 00:11:30.705 2990 RALLYDEBUG rally.task.utils [-] Waiting for resource s_rally_946a83c0_IoMDOcBM. Status changed: AVAILABLE => DELETING in 0.024548053741455078
2019-10-29 00:11:30.755 2991 RALLYDEBUG rally.task.utils [-] Waiting for resource s_rally_946a83c0_PbQMH3II. Status changed: AVAILABLE => DELETING in 0.03246355056762695
2019-10-29 00:11:30.797 2989 RALLYDEBUG rally.task.utils [-] Waiting for resource s_rally_946a83c0_WLJtHFex. Status changed: DETACHING => AVAILABLE in 2.403841257095337
2019-10-29 00:11:30.887 2989 RALLYDEBUG rally.task.utils [-] Waiting for resource s_rally_946a83c0_RtrJzw4Q. Status changed: AVAILABLE => DELETING in 0.027398347854614258
2019-10-29 00:11:31.183 2992 RALLYDEBUG rally.task.utils [-] Waiting for resource s_rally_946a83c0_Gtr98qsp. Status changed: AVAILABLE => DELETING in 0.05945134162902832
2019-10-29 00:11:32.913 2991 RALLYDEBUG rally.task.utils [-] Waiting for resource s_rally_946a83c0_Dcz2HdlL. Status changed: AVAILABLE => DELETING in 0.060201406478881836
2019-10-29 00:11:32.995 2990 RALLYDEBUG rally.task.utils [-] Waiting for resource s_rally_946a83c0_pcadimnv. Status changed: AVAILABLE => DELETING in 0.054436445236206055
2019-10-29 00:11:33.049 2989 RALLYDEBUG rally.task.utils [-] Waiting for resource s_rally_946a83c0_WLJtHFex. Status changed: AVAILABLE => DELETING in 0.06701064109802246
2019-10-29 00:11:35.638 2992 INFO rally.task.runner [-] Task b00f7ca6-c9e2-4a16-bd7b-5f016dcebeb6 | ITER: 4 END: OK
2019-10-29 00:11:35.645 2992 INFO rally.task.runner [-] Task b00f7ca6-c9e2-4a16-bd7b-5f016dcebeb6 | ITER: 5 START
2019-10-29 00:11:37.449 2989 INFO rally.task.runner [-] Task b00f7ca6-c9e2-4a16-bd7b-5f016dcebeb6 | ITER: 1 END: OK
2019-10-29 00:11:37.450 2991 INFO rally.task.runner [-] Task b00f7ca6-c9e2-4a16-bd7b-5f016dcebeb6 | ITER: 3 END: OK
2019-10-29 00:11:37.457 2989 INFO rally.task.runner [-] Task b00f7ca6-c9e2-4a16-bd7b-5f016dcebeb6 | ITER: 6 START
2019-10-29 00:11:37.458 2991 INFO rally.task.runner [-] Task b00f7ca6-c9e2-4a16-bd7b-5f016dcebeb6 | ITER: 7 START
2019-10-29 00:11:37.511 2990 INFO rally.task.runner [-] Task b00f7ca6-c9e2-4a16-bd7b-5f016dcebeb6 | ITER: 2 END: OK
2019-10-29 00:11:37.517 2990 INFO rally.task.runner [-] Task b00f7ca6-c9e2-4a16-bd7b-5f016dcebeb6 | ITER: 8 START
2019-10-29 00:11:42.885 2992 RALLYDEBUG rally.task.utils [-] Waiting for resource s_rally_946a83c0_zaBylh7Y. Status changed: BUILD => ACTIVE in 4.640231370925903
2019-10-29 00:11:44.785 2990 RALLYDEBUG rally.task.utils [-] Waiting for resource s_rally_946a83c0_Cfb2N6Ny. Status changed: BUILD => ACTIVE in 4.574347019195557
2019-10-29 00:11:45.055 2989 RALLYDEBUG rally.task.utils [-] Waiting for resource s_rally_946a83c0_nwcFynRa. Status changed: BUILD => ACTIVE in 4.774456739425659
2019-10-29 00:11:46.956 2991 RALLYDEBUG rally.task.utils [-] Waiting for resource s_rally_946a83c0_W1mTAZIk. Status changed: BUILD => ACTIVE in 6.7727344036102295
2019-10-29 00:11:48.145 2992 RALLYDEBUG rally.task.utils [-] Waiting for resource s_rally_946a83c0_5oMa6M59. Status changed: AVAILABLE => RESERVED in 0.41627025604248047
2019-10-29 00:11:50.269 2990 RALLYDEBUG rally.task.utils [-] Waiting for resource s_rally_946a83c0_YPo5rmZ7. Status changed: AVAILABLE => RESERVED in 0.40222764015197754
2019-10-29 00:11:50.452 2989 RALLYDEBUG rally.task.utils [-] Waiting for resource s_rally_946a83c0_bjQLexm3. Status changed: AVAILABLE => RESERVED in 0.41062283515930176
2019-10-29 00:11:50.560 2992 RALLYDEBUG rally.task.utils [-] Waiting for resource s_rally_946a83c0_5oMa6M59. Status changed: RESERVED => IN-USE in 2.414400815963745
2019-10-29 00:11:51.184 2992 RALLYDEBUG rally.task.utils [-] Waiting for resource s_rally_946a83c0_5oMa6M59. Status changed: AVAILABLE => DETACHING in 0.4139401912689209
2019-10-29 00:11:52.611 2991 RALLYDEBUG rally.task.utils [-] Waiting for resource s_rally_946a83c0_CSvla1vs. Status changed: AVAILABLE => RESERVED in 0.6895849704742432
2019-10-29 00:11:52.660 2990 RALLYDEBUG rally.task.utils [-] Waiting for resource s_rally_946a83c0_YPo5rmZ7. Status changed: RESERVED => IN-USE in 2.3904402256011963
2019-10-29 00:11:52.871 2989 RALLYDEBUG rally.task.utils [-] Waiting for resource s_rally_946a83c0_bjQLexm3. Status changed: RESERVED => IN-USE in 2.4191315174102783
2019-10-29 00:11:53.223 2990 RALLYDEBUG rally.task.utils [-] Waiting for resource s_rally_946a83c0_YPo5rmZ7. Status changed: AVAILABLE => DETACHING in 0.41095876693725586
2019-10-29 00:11:53.419 2989 RALLYDEBUG rally.task.utils [-] Waiting for resource s_rally_946a83c0_bjQLexm3. Status changed: AVAILABLE => DETACHING in 0.3871033191680908
2019-10-29 00:11:53.594 2992 RALLYDEBUG rally.task.utils [-] Waiting for resource s_rally_946a83c0_5oMa6M59. Status changed: DETACHING => AVAILABLE in 2.409590244293213
2019-10-29 00:11:53.683 2992 RALLYDEBUG rally.task.utils [-] Waiting for resource s_rally_946a83c0_18S7EWmv. Status changed: AVAILABLE => DELETING in 0.025997400283813477
2019-10-29 00:11:55.353 2991 RALLYDEBUG rally.task.utils [-] Waiting for resource s_rally_946a83c0_CSvla1vs. Status changed: RESERVED => IN-USE in 2.7422869205474854
2019-10-29 00:11:55.626 2990 RALLYDEBUG rally.task.utils [-] Waiting for resource s_rally_946a83c0_YPo5rmZ7. Status changed: DETACHING => AVAILABLE in 2.403175115585327
2019-10-29 00:11:55.709 2990 RALLYDEBUG rally.task.utils [-] Waiting for resource s_rally_946a83c0_l9LicNVB. Status changed: AVAILABLE => DELETING in 0.026983976364135742
2019-10-29 00:11:55.825 2992 RALLYDEBUG rally.task.utils [-] Waiting for resource s_rally_946a83c0_5oMa6M59. Status changed: AVAILABLE => DELETING in 0.056610822677612305
2019-10-29 00:11:55.832 2989 RALLYDEBUG rally.task.utils [-] Waiting for resource s_rally_946a83c0_bjQLexm3. Status changed: DETACHING => AVAILABLE in 2.4134464263916016
2019-10-29 00:11:55.921 2989 RALLYDEBUG rally.task.utils [-] Waiting for resource s_rally_946a83c0_MSmNySRP. Status changed: AVAILABLE => DELETING in 0.027637243270874023
2019-10-29 00:11:55.936 2991 RALLYDEBUG rally.task.utils [-] Waiting for resource s_rally_946a83c0_CSvla1vs. Status changed: AVAILABLE => DETACHING in 0.4302408695220947
2019-10-29 00:11:57.878 2990 RALLYDEBUG rally.task.utils [-] Waiting for resource s_rally_946a83c0_YPo5rmZ7. Status changed: AVAILABLE => DELETING in 0.06791567802429199
2019-10-29 00:11:58.081 2989 RALLYDEBUG rally.task.utils [-] Waiting for resource s_rally_946a83c0_bjQLexm3. Status changed: AVAILABLE => DELETING in 0.06439399719238281
2019-10-29 00:11:58.369 2991 RALLYDEBUG rally.task.utils [-] Waiting for resource s_rally_946a83c0_CSvla1vs. Status changed: DETACHING => AVAILABLE in 2.4321205615997314
2019-10-29 00:11:58.453 2991 RALLYDEBUG rally.task.utils [-] Waiting for resource s_rally_946a83c0_9FVYev2K. Status changed: AVAILABLE => DELETING in 0.025790929794311523
2019-10-29 00:12:00.238 2992 INFO rally.task.runner [-] Task b00f7ca6-c9e2-4a16-bd7b-5f016dcebeb6 | ITER: 5 END: OK
2019-10-29 00:12:00.242 2992 INFO rally.task.runner [-] Task b00f7ca6-c9e2-4a16-bd7b-5f016dcebeb6 | ITER: 9 START
2019-10-29 00:12:00.612 2991 RALLYDEBUG rally.task.utils [-] Waiting for resource s_rally_946a83c0_CSvla1vs. Status changed: AVAILABLE => DELETING in 0.05584359169006348
2019-10-29 00:12:02.350 2990 INFO rally.task.runner [-] Task b00f7ca6-c9e2-4a16-bd7b-5f016dcebeb6 | ITER: 8 END: OK
2019-10-29 00:12:02.354 2990 INFO rally.task.runner [-] Task b00f7ca6-c9e2-4a16-bd7b-5f016dcebeb6 | ITER: 10 START
2019-10-29 00:12:02.632 2989 INFO rally.task.runner [-] Task b00f7ca6-c9e2-4a16-bd7b-5f016dcebeb6 | ITER: 6 END: OK
2019-10-29 00:12:04.963 2991 INFO rally.task.runner [-] Task b00f7ca6-c9e2-4a16-bd7b-5f016dcebeb6 | ITER: 7 END: OK
2019-10-29 00:12:07.337 2992 RALLYDEBUG rally.task.utils [-] Waiting for resource s_rally_946a83c0_uNoXTnhb. Status changed: BUILD => ACTIVE in 4.6129889488220215
2019-10-29 00:12:09.295 2990 RALLYDEBUG rally.task.utils [-] Waiting for resource s_rally_946a83c0_RaAxRwPC. Status changed: BUILD => ACTIVE in 4.701020956039429
2019-10-29 00:12:12.780 2992 RALLYDEBUG rally.task.utils [-] Waiting for resource s_rally_946a83c0_OX4Pvj4a. Status changed: AVAILABLE => RESERVED in 0.41417551040649414
2019-10-29 00:12:14.741 2990 RALLYDEBUG rally.task.utils [-] Waiting for resource s_rally_946a83c0_CwjiD7Nf. Status changed: AVAILABLE => RESERVED in 0.42075300216674805
2019-10-29 00:12:15.212 2992 RALLYDEBUG rally.task.utils [-] Waiting for resource s_rally_946a83c0_OX4Pvj4a. Status changed: RESERVED => IN-USE in 2.4330544471740723
2019-10-29 00:12:15.799 2992 RALLYDEBUG rally.task.utils [-] Waiting for resource s_rally_946a83c0_OX4Pvj4a. Status changed: AVAILABLE => DETACHING in 0.4235992431640625
2019-10-29 00:12:17.191 2990 RALLYDEBUG rally.task.utils [-] Waiting for resource s_rally_946a83c0_CwjiD7Nf. Status changed: RESERVED => IN-USE in 2.4500505924224854
2019-10-29 00:12:17.820 2990 RALLYDEBUG rally.task.utils [-] Waiting for resource s_rally_946a83c0_CwjiD7Nf. Status changed: AVAILABLE => DETACHING in 0.43410253524780273
2019-10-29 00:12:18.230 2992 RALLYDEBUG rally.task.utils [-] Waiting for resource s_rally_946a83c0_OX4Pvj4a. Status changed: DETACHING => AVAILABLE in 2.4314141273498535
2019-10-29 00:12:18.326 2992 RALLYDEBUG rally.task.utils [-] Waiting for resource s_rally_946a83c0_OdL2SvuX. Status changed: AVAILABLE => DELETING in 0.033064842224121094
2019-10-29 00:12:20.247 2990 RALLYDEBUG rally.task.utils [-] Waiting for resource s_rally_946a83c0_CwjiD7Nf. Status changed: DETACHING => AVAILABLE in 2.4268064498901367
2019-10-29 00:12:20.336 2990 RALLYDEBUG rally.task.utils [-] Waiting for resource s_rally_946a83c0_3kekP54A. Status changed: AVAILABLE => DELETING in 0.02573084831237793
2019-10-29 00:12:20.479 2992 RALLYDEBUG rally.task.utils [-] Waiting for resource s_rally_946a83c0_OX4Pvj4a. Status changed: AVAILABLE => DELETING in 0.060899972915649414
2019-10-29 00:12:22.507 2990 RALLYDEBUG rally.task.utils [-] Waiting for resource s_rally_946a83c0_CwjiD7Nf. Status changed: AVAILABLE => DELETING in 0.06704163551330566
2019-10-29 00:12:24.973 2992 INFO rally.task.runner [-] Task b00f7ca6-c9e2-4a16-bd7b-5f016dcebeb6 | ITER: 9 END: OK
2019-10-29 00:12:27.278 2990 INFO rally.task.runner [-] Task b00f7ca6-c9e2-4a16-bd7b-5f016dcebeb6 | ITER: 10 END: OK
2019-10-29 00:12:27.304 1845 INFO rally.task.context [-] Task b00f7ca6-c9e2-4a16-bd7b-5f016dcebeb6 | Context cleanup@openstack cleanup() started
2019-10-29 00:12:27.308 1845 RALLYDEBUG rally_openstack.cleanup.manager [-] Cleaning up nova servers objects
2019-10-29 00:12:28.716 1845 RALLYDEBUG rally_openstack.cleanup.manager [-] Cleaning up nova server_groups objects
2019-10-29 00:12:29.815 1845 RALLYDEBUG rally_openstack.cleanup.manager [-] Cleaning up nova keypairs objects
2019-10-29 00:12:32.069 1845 RALLYDEBUG rally_openstack.cleanup.manager [-] Cleaning up cinder backups objects
2019-10-29 00:12:33.209 1845 RALLYDEBUG rally_openstack.cleanup.manager [-] Cleaning up cinder volume_snapshots objects
2019-10-29 00:12:34.354 1845 RALLYDEBUG rally_openstack.cleanup.manager [-] Cleaning up cinder transfers objects
2019-10-29 00:12:35.478 1845 RALLYDEBUG rally_openstack.cleanup.manager [-] Cleaning up cinder volumes objects
2019-10-29 00:12:36.661 1845 INFO rally.task.context [-] Task b00f7ca6-c9e2-4a16-bd7b-5f016dcebeb6 | Context cleanup@openstack cleanup() finished in 9.36 sec
2019-10-29 00:12:36.662 1845 INFO rally.task.context [-] Task b00f7ca6-c9e2-4a16-bd7b-5f016dcebeb6 | Context quotas@openstack cleanup() started
2019-10-29 00:12:36.733 1845 INFO rally.task.context [-] Task b00f7ca6-c9e2-4a16-bd7b-5f016dcebeb6 | Context quotas@openstack cleanup() finished in 71.70 msec
2019-10-29 00:12:36.734 1845 INFO rally.task.context [-] Task b00f7ca6-c9e2-4a16-bd7b-5f016dcebeb6 | Context api_versions@openstack cleanup() started
2019-10-29 00:12:36.734 1845 INFO rally.task.context [-] Task b00f7ca6-c9e2-4a16-bd7b-5f016dcebeb6 | Context api_versions@openstack cleanup() finished in 0.39 msec
2019-10-29 00:12:36.735 1845 INFO rally.task.context [-] Task b00f7ca6-c9e2-4a16-bd7b-5f016dcebeb6 | Context users@openstack cleanup() started
2019-10-29 00:12:40.720 1845 INFO rally.task.context [-] Task b00f7ca6-c9e2-4a16-bd7b-5f016dcebeb6 | Context users@openstack cleanup() finished in 3.98 sec
2019-10-29 00:12:41.814 1845 INFO rally.task.engine [-] Load duration is: 78.381657
2019-10-29 00:12:41.815 1845 INFO rally.task.engine [-] Full runner duration is: 79.428282
2019-10-29 00:12:41.815 1845 INFO rally.task.engine [-] Full duration is: 97.353062
2019-10-29 00:12:42.137 1845 INFO rally.task.engine [-] Running workload: position = 0 config = { "version": 2, "title": "A cropped version of a bigger task.", "description": "Auto-generated task from a single workload (uuid=bab75c9e-85c0-4744-a8c8-b6abba63f0cc)", "subtasks": [ { "title": "CinderVolumes.create_snapshot_and_attach_volume", "description": "Create vm, volume, snapshot and attach/detach volume.", "scenario": { "CinderVolumes.create_snapshot_and_attach_volume": { "flavor": { "name": "rally_full-flavor_b1bdd5ff-a94b-4b0b-abed-4a39b4cd7a4c" }, "image": { "name": "rally_full-img_b1bdd5ff-a94b-4b0b-abed-4a39b4cd7a4c" }, "size": { "min": 1, "max": 1 }, "create_vm_params": { "nics": [ { "net-id": "1a84dcc6-e694-4461-af1d-1b42ba763d82" } ] } } }, "contexts": { "users": { "tenants": 3, "users_per_tenant": 2 }, "quotas": { "cinder": { "gigabytes": -1, "snapshots": -1, "volumes": -1 } }, "api_versions": { "cinder": { "version": 3, "service_type": "volumev3" } } }, "runner": { "constant": { "concurrency": 4, "times": 10 } }, "hooks": [], "sla": { "failure_rate": { "max": 0 } } } ] }
2019-10-29 00:12:42.164 1845 RALLYDEBUG rally_openstack.contexts.keystone.users [-] Creating 3 tenants using 20 threads
2019-10-29 00:12:43.089 1845 RALLYDEBUG rally_openstack.contexts.keystone.users [-] Creating 6 users using 20 threads
2019-10-29 00:12:44.586 1845 INFO rally.task.context [-] Task b00f7ca6-c9e2-4a16-bd7b-5f016dcebeb6 | Context users@openstack setup() finished in 2.42 sec
2019-10-29 00:12:45.023 1845 INFO rally.task.context [-] Task b00f7ca6-c9e2-4a16-bd7b-5f016dcebeb6 | Context api_versions@openstack setup() finished in 0.44 sec
2019-10-29 00:12:45.911 1845 INFO rally.task.context [-] Task b00f7ca6-c9e2-4a16-bd7b-5f016dcebeb6 | Context quotas@openstack setup() finished in 0.89 sec
2019-10-29 00:12:45.912 1845 INFO rally.task.context [-] Task b00f7ca6-c9e2-4a16-bd7b-5f016dcebeb6 | Context cleanup@openstack setup() finished in 0.01 msec
2019-10-29 00:12:46.948 1845 RALLYDEBUG rally.task.runner [-] Starting the constant runner (task UUID: b00f7ca6-c9e2-4a16-bd7b-5f016dcebeb6). times: 10 concurrency: 4 timeout: 0 max_cpu_used: 16 processes_to_start: 4 concurrency_per_worker: 1 concurrency_overhead: 0
2019-10-29 00:12:46.960 3233 RALLYDEBUG rally.task.runner [-] Starting a worker. times: 10 duration: None concurrency: 1 timeout: 0 cls: method_name: run args: {"flavor": "2b968296-870b-41ac-8f70-620d226e1dc6", "image": "ea3ac222-ed8c-4767-bd2c-fae77a59be81", "size": {"min": 1, "max": 1}, "create_vm_params": {"nics": [{"net-id": "1a84dcc6-e694-4461-af1d-1b42ba763d82"}]}}
2019-10-29 00:12:46.963 3234 RALLYDEBUG rally.task.runner [-] Starting a worker. times: 10 duration: None concurrency: 1 timeout: 0 cls: method_name: run args: {"flavor": "2b968296-870b-41ac-8f70-620d226e1dc6", "image": "ea3ac222-ed8c-4767-bd2c-fae77a59be81", "size": {"min": 1, "max": 1}, "create_vm_params": {"nics": [{"net-id": "1a84dcc6-e694-4461-af1d-1b42ba763d82"}]}}
2019-10-29 00:12:46.968 3233 INFO rally.task.runner [-] Task b00f7ca6-c9e2-4a16-bd7b-5f016dcebeb6 | ITER: 1 START
2019-10-29 00:12:46.967 3235 RALLYDEBUG rally.task.runner [-] Starting a worker. times: 10 duration: None concurrency: 1 timeout: 0 cls: method_name: run args: {"flavor": "2b968296-870b-41ac-8f70-620d226e1dc6", "image": "ea3ac222-ed8c-4767-bd2c-fae77a59be81", "size": {"min": 1, "max": 1}, "create_vm_params": {"nics": [{"net-id": "1a84dcc6-e694-4461-af1d-1b42ba763d82"}]}}
2019-10-29 00:12:46.970 3234 INFO rally.task.runner [-] Task b00f7ca6-c9e2-4a16-bd7b-5f016dcebeb6 | ITER: 2 START
2019-10-29 00:12:46.971 3236 RALLYDEBUG rally.task.runner [-] Starting a worker. times: 10 duration: None concurrency: 1 timeout: 0 cls: method_name: run args: {"flavor": "2b968296-870b-41ac-8f70-620d226e1dc6", "image": "ea3ac222-ed8c-4767-bd2c-fae77a59be81", "size": {"min": 1, "max": 1}, "create_vm_params": {"nics": [{"net-id": "1a84dcc6-e694-4461-af1d-1b42ba763d82"}]}}
2019-10-29 00:12:46.975 3235 INFO rally.task.runner [-] Task b00f7ca6-c9e2-4a16-bd7b-5f016dcebeb6 | ITER: 3 START
2019-10-29 00:12:46.978 3236 INFO rally.task.runner [-] Task b00f7ca6-c9e2-4a16-bd7b-5f016dcebeb6 | ITER: 4 START
2019-10-29 00:12:58.654 3233 RALLYDEBUG rally.task.utils [-] Waiting for resource s_rally_bab75c9e_W4U6689z. Status changed: BUILD => ACTIVE in 4.619499683380127
2019-10-29 00:12:58.962 3234 RALLYDEBUG rally.task.utils [-] Waiting for resource s_rally_bab75c9e_C9dYb3q4. Status changed: BUILD => ACTIVE in 5.108575820922852
2019-10-29 00:12:59.339 3233 RALLYDEBUG rally.task.utils [-] Waiting for resource s_rally_bab75c9e_fMZNt6q3. Status changed: AVAILABLE => RESERVED in 0.41415858268737793
2019-10-29 00:12:59.626 3234 RALLYDEBUG rally.task.utils [-] Waiting for resource s_rally_bab75c9e_EkgMhCdp. Status changed: AVAILABLE => RESERVED in 0.4058558940887451
2019-10-29 00:13:00.675 3236 RALLYDEBUG rally.task.utils [-] Waiting for resource s_rally_bab75c9e_11sn4qqH. Status changed: BUILD => ACTIVE in 6.7429039478302
2019-10-29 00:13:00.998 3235 RALLYDEBUG rally.task.utils [-] Waiting for resource s_rally_bab75c9e_dYxRRhNE. Status changed: BUILD => ACTIVE in 6.904965877532959
2019-10-29 00:13:01.499 3236 RALLYDEBUG rally.task.utils [-] Waiting for resource s_rally_bab75c9e_Ql8Ne1kc. Status changed: AVAILABLE => RESERVED in 0.4304232597351074
2019-10-29 00:13:01.745 3233 RALLYDEBUG rally.task.utils [-] Waiting for resource s_rally_bab75c9e_fMZNt6q3. Status changed: RESERVED => IN-USE in 2.4055795669555664
2019-10-29 00:13:01.809 3235 RALLYDEBUG rally.task.utils [-] Waiting for resource s_rally_bab75c9e_5AQAF5CU. Status changed: AVAILABLE => RESERVED in 0.40985727310180664
2019-10-29 00:13:02.046 3234 RALLYDEBUG rally.task.utils [-] Waiting for resource s_rally_bab75c9e_EkgMhCdp. Status changed: RESERVED => IN-USE in 2.4198532104492188
2019-10-29 00:13:02.312 3233 RALLYDEBUG rally.task.utils [-] Waiting for resource s_rally_bab75c9e_fMZNt6q3. Status changed: AVAILABLE => DETACHING in 0.41541171073913574
2019-10-29 00:13:02.624 3234 RALLYDEBUG rally.task.utils [-] Waiting for resource s_rally_bab75c9e_EkgMhCdp. Status changed: AVAILABLE => DETACHING in 0.41004252433776855
2019-10-29 00:13:03.919 3236 RALLYDEBUG rally.task.utils [-] Waiting for resource s_rally_bab75c9e_Ql8Ne1kc. Status changed: RESERVED => IN-USE in 2.4206113815307617
2019-10-29 00:13:04.224 3235 RALLYDEBUG rally.task.utils [-] Waiting for resource s_rally_bab75c9e_5AQAF5CU. Status changed: RESERVED => IN-USE in 2.4142799377441406
2019-10-29 00:13:04.478 3236 RALLYDEBUG rally.task.utils [-] Waiting for resource s_rally_bab75c9e_Ql8Ne1kc. Status changed: AVAILABLE => DETACHING in 0.4004178047180176
2019-10-29 00:13:04.705 3233 RALLYDEBUG rally.task.utils [-] Waiting for resource s_rally_bab75c9e_fMZNt6q3. Status changed: DETACHING => AVAILABLE in 2.3935015201568604
2019-10-29 00:13:04.774 3235 RALLYDEBUG rally.task.utils [-] Waiting for resource s_rally_bab75c9e_5AQAF5CU. Status changed: AVAILABLE => DETACHING in 0.3910999298095703
2019-10-29 00:13:04.782 3233 RALLYDEBUG rally.task.utils [-] Waiting for resource s_rally_bab75c9e_wkJ1ZWLA. Status changed: AVAILABLE => DELETING in 0.022194623947143555
2019-10-29 00:13:05.109 3234 RALLYDEBUG rally.task.utils [-] Waiting for resource s_rally_bab75c9e_EkgMhCdp. Status changed: DETACHING => AVAILABLE in 2.4854555130004883
2019-10-29 00:13:05.187 3234 RALLYDEBUG rally.task.utils [-] Waiting for resource s_rally_bab75c9e_YMwD607m. Status changed: AVAILABLE => DELETING in 0.02258133888244629
2019-10-29 00:13:06.900 3236 RALLYDEBUG rally.task.utils [-] Waiting for resource s_rally_bab75c9e_Ql8Ne1kc. Status changed: DETACHING => AVAILABLE in 2.4215595722198486
2019-10-29 00:13:06.945 3233 RALLYDEBUG rally.task.utils [-] Waiting for resource s_rally_bab75c9e_fMZNt6q3. Status changed: AVAILABLE => DELETING in 0.05917859077453613
2019-10-29 00:13:06.981 3236 RALLYDEBUG rally.task.utils [-] Waiting for resource s_rally_bab75c9e_ZhSK7EZF. Status changed: AVAILABLE => DELETING in 0.0226898193359375
2019-10-29 00:13:07.200 3235 RALLYDEBUG rally.task.utils [-] Waiting for resource s_rally_bab75c9e_5AQAF5CU. Status changed: DETACHING => AVAILABLE in 2.4269297122955322
2019-10-29 00:13:07.304 3235 RALLYDEBUG rally.task.utils [-] Waiting for resource s_rally_bab75c9e_Lmy7fjVo. Status changed: AVAILABLE => DELETING in 0.030063152313232422
2019-10-29 00:13:07.325 3234 RALLYDEBUG rally.task.utils [-] Waiting for resource s_rally_bab75c9e_EkgMhCdp. Status changed: AVAILABLE => DELETING in 0.05382537841796875
2019-10-29 00:13:09.153 3236 RALLYDEBUG rally.task.utils [-] Waiting for resource s_rally_bab75c9e_Ql8Ne1kc. Status changed: AVAILABLE => DELETING in 0.058327436447143555
2019-10-29 00:13:09.468 3235 RALLYDEBUG rally.task.utils [-] Waiting for resource s_rally_bab75c9e_5AQAF5CU. Status changed: AVAILABLE => DELETING in 0.056017398834228516
2019-10-29 00:13:11.528 3233 INFO rally.task.runner [-] Task b00f7ca6-c9e2-4a16-bd7b-5f016dcebeb6 | ITER: 1 END: OK
2019-10-29 00:13:11.537 3233 INFO rally.task.runner [-] Task b00f7ca6-c9e2-4a16-bd7b-5f016dcebeb6 | ITER: 5 START
2019-10-29 00:13:11.804 3234 INFO rally.task.runner [-] Task b00f7ca6-c9e2-4a16-bd7b-5f016dcebeb6 | ITER: 2 END: OK
2019-10-29 00:13:11.811 3234 INFO rally.task.runner [-] Task b00f7ca6-c9e2-4a16-bd7b-5f016dcebeb6 | ITER: 6 START
2019-10-29 00:13:13.647 3236 INFO rally.task.runner [-] Task b00f7ca6-c9e2-4a16-bd7b-5f016dcebeb6 | ITER: 4 END: OK
2019-10-29 00:13:13.653 3236 INFO rally.task.runner [-] Task b00f7ca6-c9e2-4a16-bd7b-5f016dcebeb6 | ITER: 7 START
2019-10-29 00:13:13.838 3235 INFO rally.task.runner [-] Task b00f7ca6-c9e2-4a16-bd7b-5f016dcebeb6 | ITER: 3 END: OK
2019-10-29 00:13:13.845 3235 INFO rally.task.runner [-] Task b00f7ca6-c9e2-4a16-bd7b-5f016dcebeb6 | ITER: 8 START
2019-10-29 00:13:22.847 3233 RALLYDEBUG rally.task.utils [-] Waiting for resource s_rally_bab75c9e_bCCLjTIv. Status changed: BUILD => ACTIVE in 4.51908540725708
2019-10-29 00:13:23.526 3233 RALLYDEBUG rally.task.utils [-] Waiting for resource s_rally_bab75c9e_Gk9UezAF. Status changed: AVAILABLE => RESERVED in 0.41580939292907715
2019-10-29 00:13:25.252 3236 RALLYDEBUG rally.task.utils [-] Waiting for resource s_rally_bab75c9e_mUmKu8mD. Status changed: BUILD => ACTIVE in 4.688379764556885
2019-10-29 00:13:25.591 3234 RALLYDEBUG rally.task.utils [-] Waiting for resource s_rally_bab75c9e_zFKmN0Kn. Status changed: BUILD => ACTIVE in 6.7482264041900635
2019-10-29 00:13:25.948 3236 RALLYDEBUG rally.task.utils [-] Waiting for resource s_rally_bab75c9e_R5HJy9wT. Status changed: AVAILABLE => RESERVED in 0.41034746170043945
2019-10-29 00:13:25.953 3233 RALLYDEBUG rally.task.utils [-] Waiting for resource s_rally_bab75c9e_Gk9UezAF. Status changed: RESERVED => IN-USE in 2.4268686771392822
2019-10-29 00:13:26.257 3234 RALLYDEBUG rally.task.utils [-] Waiting for resource s_rally_bab75c9e_bQ9udx4Q. Status changed: AVAILABLE => RESERVED in 0.4083573818206787
2019-10-29 00:13:26.511 3233 RALLYDEBUG rally.task.utils [-] Waiting for resource s_rally_bab75c9e_Gk9UezAF. Status changed: AVAILABLE => DETACHING in 0.40819478034973145
2019-10-29 00:13:27.285 3235 RALLYDEBUG rally.task.utils [-] Waiting for resource s_rally_bab75c9e_uqtkU96X. Status changed: BUILD => ACTIVE in 6.754262685775757
2019-10-29 00:13:27.959 3235 RALLYDEBUG rally.task.utils [-] Waiting for resource s_rally_bab75c9e_57qjUMrr. Status changed: AVAILABLE => RESERVED in 0.4120008945465088
2019-10-29 00:13:28.353 3236 RALLYDEBUG rally.task.utils [-] Waiting for resource s_rally_bab75c9e_R5HJy9wT. Status changed: RESERVED => IN-USE in 2.4055843353271484
2019-10-29 00:13:28.675 3234 RALLYDEBUG rally.task.utils [-] Waiting for resource s_rally_bab75c9e_bQ9udx4Q. Status changed: RESERVED => IN-USE in 2.4187748432159424
2019-10-29 00:13:28.914 3233 RALLYDEBUG rally.task.utils [-] Waiting for resource s_rally_bab75c9e_Gk9UezAF. Status changed: DETACHING => AVAILABLE in 2.403017282485962
2019-10-29 00:13:28.943 3236 RALLYDEBUG rally.task.utils [-] Waiting for resource s_rally_bab75c9e_R5HJy9wT. Status changed: AVAILABLE => DETACHING in 0.4161827564239502
2019-10-29 00:13:28.997 3233 RALLYDEBUG rally.task.utils [-] Waiting for resource s_rally_bab75c9e_IsD2hN6y. Status changed: AVAILABLE => DELETING in 0.026407718658447266
2019-10-29 00:13:29.251 3234 RALLYDEBUG rally.task.utils [-] Waiting for resource s_rally_bab75c9e_bQ9udx4Q. Status changed: AVAILABLE => DETACHING in 0.4185824394226074
2019-10-29 00:13:30.379 3235 RALLYDEBUG rally.task.utils [-] Waiting for resource s_rally_bab75c9e_57qjUMrr. Status changed: RESERVED => IN-USE in 2.419902801513672
2019-10-29 00:13:30.986 3235 RALLYDEBUG rally.task.utils [-] Waiting for resource s_rally_bab75c9e_57qjUMrr. Status changed: AVAILABLE => DETACHING in 0.41281938552856445
2019-10-29 00:13:31.133 3233 RALLYDEBUG rally.task.utils [-] Waiting for resource s_rally_bab75c9e_Gk9UezAF. Status changed: AVAILABLE => DELETING in 0.05459165573120117
2019-10-29 00:13:31.365 3236 RALLYDEBUG rally.task.utils [-] Waiting for resource s_rally_bab75c9e_R5HJy9wT. Status changed: DETACHING => AVAILABLE in 2.4218482971191406
