2019-10-29 00:35:37.046 11214 RALLYDEBUG rally.task.utils [-] Waiting for resource . Status changed: CREATE_COMPLETE => CHECK_COMPLETE in 0.06147360801696777
2019-10-29 00:35:37.096 11211 RALLYDEBUG rally.task.utils [-] Waiting for resource . Status changed: CREATE_COMPLETE => CHECK_COMPLETE in 0.0572504997253418
2019-10-29 00:35:37.106 11216 RALLYDEBUG rally.task.utils [-] Waiting for resource . Status changed: CREATE_COMPLETE => CHECK_COMPLETE in 0.0620269775390625
2019-10-29 00:35:37.145 11214 RALLYDEBUG rally.task.utils [-] Waiting for resource . Status changed: CREATE_COMPLETE => DELETE_IN_PROGRESS in 0.0532379150390625
2019-10-29 00:35:37.148 11212 RALLYDEBUG rally.task.utils [-] Waiting for resource . Status changed: CREATE_COMPLETE => DELETE_IN_PROGRESS in 0.05594229698181152
2019-10-29 00:35:37.209 11216 RALLYDEBUG rally.task.utils [-] Waiting for resource . Status changed: CREATE_COMPLETE => DELETE_IN_PROGRESS in 0.0442652702331543
2019-10-29 00:35:37.227 11211 RALLYDEBUG rally.task.utils [-] Waiting for resource . Status changed: CREATE_COMPLETE => DELETE_IN_PROGRESS in 0.05050802230834961
2019-10-29 00:35:38.204 11214 INFO rally.task.runner [-] Task 61db9aa9-4d18-4ebd-8709-bae1978e7a0d | ITER: 3 END: OK
2019-10-29 00:35:38.208 11214 INFO rally.task.runner [-] Task 61db9aa9-4d18-4ebd-8709-bae1978e7a0d | ITER: 5 START
2019-10-29 00:35:38.209 11212 INFO rally.task.runner [-] Task 61db9aa9-4d18-4ebd-8709-bae1978e7a0d | ITER: 2 END: OK
2019-10-29 00:35:38.213 11212 INFO rally.task.runner [-] Task 61db9aa9-4d18-4ebd-8709-bae1978e7a0d | ITER: 6 START
2019-10-29 00:35:38.293 11211 INFO rally.task.runner [-] Task 61db9aa9-4d18-4ebd-8709-bae1978e7a0d | ITER: 1 END: OK
2019-10-29 00:35:38.297 11211 INFO rally.task.runner [-] Task 61db9aa9-4d18-4ebd-8709-bae1978e7a0d | ITER: 7 START
2019-10-29 00:35:39.317 11216 INFO rally.task.runner [-] Task 61db9aa9-4d18-4ebd-8709-bae1978e7a0d | ITER: 4 END: OK
2019-10-29 00:35:39.321 11216 INFO rally.task.runner [-] Task 61db9aa9-4d18-4ebd-8709-bae1978e7a0d | ITER: 8 START
2019-10-29 00:35:41.773 11211 RALLYDEBUG rally.task.utils [-] Waiting for resource . Status changed: CREATE_IN_PROGRESS => CREATE_COMPLETE in 0.07715249061584473
2019-10-29 00:35:41.781 11212 RALLYDEBUG rally.task.utils [-] Waiting for resource . Status changed: CREATE_IN_PROGRESS => CREATE_COMPLETE in 0.07226800918579102
2019-10-29 00:35:41.902 11214 RALLYDEBUG rally.task.utils [-] Waiting for resource . Status changed: CREATE_IN_PROGRESS => CREATE_COMPLETE in 0.0710601806640625
2019-10-29 00:35:41.946 11211 RALLYDEBUG rally.task.utils [-] Waiting for resource . Status changed: CREATE_COMPLETE => CHECK_COMPLETE in 0.06640172004699707
2019-10-29 00:35:41.947 11212 RALLYDEBUG rally.task.utils [-] Waiting for resource . Status changed: CREATE_COMPLETE => CHECK_COMPLETE in 0.06567025184631348
2019-10-29 00:35:42.036 11214 RALLYDEBUG rally.task.utils [-] Waiting for resource . Status changed: CREATE_COMPLETE => CHECK_COMPLETE in 0.05347609519958496
2019-10-29 00:35:42.040 11211 RALLYDEBUG rally.task.utils [-] Waiting for resource . Status changed: CREATE_COMPLETE => DELETE_IN_PROGRESS in 0.04644918441772461
2019-10-29 00:35:42.053 11212 RALLYDEBUG rally.task.utils [-] Waiting for resource . Status changed: CREATE_COMPLETE => DELETE_IN_PROGRESS in 0.051152706146240234
2019-10-29 00:35:42.147 11214 RALLYDEBUG rally.task.utils [-] Waiting for resource . Status changed: CREATE_COMPLETE => DELETE_IN_PROGRESS in 0.0461885929107666
2019-10-29 00:35:42.854 11216 RALLYDEBUG rally.task.utils [-] Waiting for resource . Status changed: CREATE_IN_PROGRESS => CREATE_COMPLETE in 0.07014107704162598
2019-10-29 00:35:43.020 11216 RALLYDEBUG rally.task.utils [-] Waiting for resource . Status changed: CREATE_COMPLETE => CHECK_IN_PROGRESS in 0.06165146827697754
2019-10-29 00:35:44.081 11216 RALLYDEBUG rally.task.utils [-] Waiting for resource . Status changed: CHECK_IN_PROGRESS => CHECK_COMPLETE in 1.0613853931427002
2019-10-29 00:35:44.151 11211 INFO rally.task.runner [-] Task 61db9aa9-4d18-4ebd-8709-bae1978e7a0d | ITER: 7 END: OK
2019-10-29 00:35:44.154 11211 INFO rally.task.runner [-] Task 61db9aa9-4d18-4ebd-8709-bae1978e7a0d | ITER: 9 START
2019-10-29 00:35:44.159 11212 INFO rally.task.runner [-] Task 61db9aa9-4d18-4ebd-8709-bae1978e7a0d | ITER: 6 END: OK
2019-10-29 00:35:44.163 11212 INFO rally.task.runner [-] Task 61db9aa9-4d18-4ebd-8709-bae1978e7a0d | ITER: 10 START
2019-10-29 00:35:44.201 11216 RALLYDEBUG rally.task.utils [-] Waiting for resource . Status changed: CREATE_COMPLETE => DELETE_IN_PROGRESS in 0.04730367660522461
2019-10-29 00:35:44.247 11214 INFO rally.task.runner [-] Task 61db9aa9-4d18-4ebd-8709-bae1978e7a0d | ITER: 5 END: OK
2019-10-29 00:35:46.324 11216 INFO rally.task.runner [-] Task 61db9aa9-4d18-4ebd-8709-bae1978e7a0d | ITER: 8 END: OK
2019-10-29 00:35:47.597 11212 RALLYDEBUG rally.task.utils [-] Waiting for resource . Status changed: CREATE_IN_PROGRESS => CREATE_COMPLETE in 0.07056951522827148
2019-10-29 00:35:47.598 11211 RALLYDEBUG rally.task.utils [-] Waiting for resource . Status changed: CREATE_IN_PROGRESS => CREATE_COMPLETE in 0.07084798812866211
2019-10-29 00:35:47.769 11212 RALLYDEBUG rally.task.utils [-] Waiting for resource . Status changed: CREATE_COMPLETE => CHECK_IN_PROGRESS in 0.0731210708618164
2019-10-29 00:35:47.805 11211 RALLYDEBUG rally.task.utils [-] Waiting for resource . Status changed: CREATE_COMPLETE => CHECK_COMPLETE in 0.06287145614624023
2019-10-29 00:35:47.921 11211 RALLYDEBUG rally.task.utils [-] Waiting for resource . Status changed: CREATE_COMPLETE => DELETE_IN_PROGRESS in 0.05291891098022461
2019-10-29 00:35:48.839 11212 RALLYDEBUG rally.task.utils [-] Waiting for resource . Status changed: CHECK_IN_PROGRESS => CHECK_COMPLETE in 1.0700047016143799
2019-10-29 00:35:48.967 11212 RALLYDEBUG rally.task.utils [-] Waiting for resource . Status changed: CREATE_COMPLETE => DELETE_IN_PROGRESS in 0.0612492561340332
2019-10-29 00:35:50.035 11211 INFO rally.task.runner [-] Task 61db9aa9-4d18-4ebd-8709-bae1978e7a0d | ITER: 9 END: OK
2019-10-29 00:35:51.091 11212 INFO rally.task.runner [-] Task 61db9aa9-4d18-4ebd-8709-bae1978e7a0d | ITER: 10 END: OK
2019-10-29 00:35:51.119 8497 INFO rally.task.context [-] Task 61db9aa9-4d18-4ebd-8709-bae1978e7a0d | Context cleanup@openstack cleanup() started
2019-10-29 00:35:51.123 8497 RALLYDEBUG rally_openstack.cleanup.manager [-] Cleaning up heat stacks objects
2019-10-29 00:35:52.592 8497 INFO rally.task.context [-] Task 61db9aa9-4d18-4ebd-8709-bae1978e7a0d | Context cleanup@openstack cleanup() finished in 1.47 sec
2019-10-29 00:35:52.592 8497 INFO rally.task.context [-] Task 61db9aa9-4d18-4ebd-8709-bae1978e7a0d | Context roles@openstack cleanup() started
2019-10-29 00:35:52.593 8497 RALLYDEBUG rally_openstack.contexts.keystone.roles [-] Removing assigned role 579daece61944a47927af2df1e9fafc8 from all users
2019-10-29 00:35:53.543 8497 INFO rally.task.context [-] Task 61db9aa9-4d18-4ebd-8709-bae1978e7a0d | Context roles@openstack cleanup() finished in 0.95 sec
2019-10-29 00:35:53.544 8497 INFO rally.task.context [-] Task 61db9aa9-4d18-4ebd-8709-bae1978e7a0d | Context users@openstack cleanup() started
2019-10-29 00:35:58.360 8497 INFO rally.task.context [-] Task 61db9aa9-4d18-4ebd-8709-bae1978e7a0d | Context users@openstack cleanup() finished in 4.82 sec
2019-10-29 00:35:59.268 8497 INFO rally.task.engine [-] Load duration is: 15.611259
2019-10-29 00:35:59.268 8497 INFO rally.task.engine [-] Full runner duration is: 17.65564
2019-10-29 00:35:59.269 8497 INFO rally.task.engine [-] Full duration is: 33.31408
2019-10-29 00:35:59.614 8497 INFO rally.task.engine [-] Running workload: position = 0 config = { "version": 2, "title": "A cropped version of a bigger task.", "description": "Auto-generated task from a single workload (uuid=7b09c109-50f0-4819-8c61-9f532391836c)", "subtasks": [ { "title": "HeatStacks.create_suspend_resume_delete_stack", "description": "Create, suspend-resume and then delete a stack.", "scenario": { "HeatStacks.create_suspend_resume_delete_stack": { "template_path": "/usr/lib/python3.6/site-packages/functest/opnfv_tests/openstack/rally/scenario/templates/random_strings.yaml.template" } }, "contexts": { "users": { "tenants": 3, "users_per_tenant": 2 }, "roles": [ "heat_stack_owner" ] }, "runner": { "constant": { "concurrency": 4, "times": 10 } }, "hooks": [], "sla": { "failure_rate": { "max": 0 } } } ] }
2019-10-29 00:35:59.639 8497 RALLYDEBUG rally_openstack.contexts.keystone.users [-] Creating 3 tenants using 20 threads
2019-10-29 00:36:00.664 8497 RALLYDEBUG rally_openstack.contexts.keystone.users [-] Creating 6 users using 20 threads
2019-10-29 00:36:02.163 8497 INFO rally.task.context [-] Task 61db9aa9-4d18-4ebd-8709-bae1978e7a0d | Context users@openstack setup() finished in 2.52 sec
2019-10-29 00:36:02.852 8497 RALLYDEBUG rally_openstack.contexts.keystone.roles [-] Adding role heat_stack_owner having ID 579daece61944a47927af2df1e9fafc8 to all users using 30 threads
2019-10-29 00:36:08.001 8497 INFO rally.task.context [-] Task 61db9aa9-4d18-4ebd-8709-bae1978e7a0d | Context roles@openstack setup() finished in 5.84 sec
2019-10-29 00:36:08.001 8497 INFO rally.task.context [-] Task 61db9aa9-4d18-4ebd-8709-bae1978e7a0d | Context cleanup@openstack setup() finished in 0.01 msec
2019-10-29 00:36:08.011 8497 RALLYDEBUG rally.task.runner [-] Starting the constant runner (task UUID: 61db9aa9-4d18-4ebd-8709-bae1978e7a0d). times: 10 concurrency: 4 timeout: 0 max_cpu_used: 16 processes_to_start: 4 concurrency_per_worker: 1 concurrency_overhead: 0
2019-10-29 00:36:08.023 11395 RALLYDEBUG rally.task.runner [-] Starting a worker. times: 10 duration: None concurrency: 1 timeout: 0 cls: method_name: run args: {"template_path": "heat_template_version: 2014-10-16\n\ndescription: Test template for rally create-update-delete scenario\n\nresources:\n test_string_one:\n type: OS::Heat::RandomString\n properties:\n length: 20\n test_string_two:\n type: OS::Heat::RandomString\n properties:\n length: 20"}
2019-10-29 00:36:08.026 11396 RALLYDEBUG rally.task.runner [-] Starting a worker. times: 10 duration: None concurrency: 1 timeout: 0 cls: method_name: run args: {"template_path": "heat_template_version: 2014-10-16\n\ndescription: Test template for rally create-update-delete scenario\n\nresources:\n test_string_one:\n type: OS::Heat::RandomString\n properties:\n length: 20\n test_string_two:\n type: OS::Heat::RandomString\n properties:\n length: 20"}
2019-10-29 00:36:08.030 11395 INFO rally.task.runner [-] Task 61db9aa9-4d18-4ebd-8709-bae1978e7a0d | ITER: 1 START
2019-10-29 00:36:08.030 11397 RALLYDEBUG rally.task.runner [-] Starting a worker. times: 10 duration: None concurrency: 1 timeout: 0 cls: method_name: run args: {"template_path": "heat_template_version: 2014-10-16\n\ndescription: Test template for rally create-update-delete scenario\n\nresources:\n test_string_one:\n type: OS::Heat::RandomString\n properties:\n length: 20\n test_string_two:\n type: OS::Heat::RandomString\n properties:\n length: 20"}
2019-10-29 00:36:08.033 11396 INFO rally.task.runner [-] Task 61db9aa9-4d18-4ebd-8709-bae1978e7a0d | ITER: 2 START
2019-10-29 00:36:08.033 11398 RALLYDEBUG rally.task.runner [-] Starting a worker. times: 10 duration: None concurrency: 1 timeout: 0 cls: method_name: run args: {"template_path": "heat_template_version: 2014-10-16\n\ndescription: Test template for rally create-update-delete scenario\n\nresources:\n test_string_one:\n type: OS::Heat::RandomString\n properties:\n length: 20\n test_string_two:\n type: OS::Heat::RandomString\n properties:\n length: 20"}
2019-10-29 00:36:08.036 11397 INFO rally.task.runner [-] Task 61db9aa9-4d18-4ebd-8709-bae1978e7a0d | ITER: 3 START
2019-10-29 00:36:08.039 11398 INFO rally.task.runner [-] Task 61db9aa9-4d18-4ebd-8709-bae1978e7a0d | ITER: 4 START
2019-10-29 00:36:11.479 11397 RALLYDEBUG rally.task.utils [-] Waiting for resource . Status changed: CREATE_IN_PROGRESS => CREATE_COMPLETE in 0.07035160064697266
2019-10-29 00:36:11.479 11396 RALLYDEBUG rally.task.utils [-] Waiting for resource . Status changed: CREATE_IN_PROGRESS => CREATE_COMPLETE in 0.06821560859680176
2019-10-29 00:36:11.590 11395 RALLYDEBUG rally.task.utils [-] Waiting for resource . Status changed: CREATE_IN_PROGRESS => CREATE_COMPLETE in 0.06646418571472168
2019-10-29 00:36:11.597 11398 RALLYDEBUG rally.task.utils [-] Waiting for resource . Status changed: CREATE_IN_PROGRESS => CREATE_COMPLETE in 0.06821012496948242
2019-10-29 00:36:11.645 11397 RALLYDEBUG rally.task.utils [-] Waiting for resource . Status changed: CREATE_COMPLETE => SUSPEND_IN_PROGRESS in 0.05842995643615723
2019-10-29 00:36:11.646 11396 RALLYDEBUG rally.task.utils [-] Waiting for resource . Status changed: CREATE_COMPLETE => SUSPEND_IN_PROGRESS in 0.057967185974121094
2019-10-29 00:36:11.730 11395 RALLYDEBUG rally.task.utils [-] Waiting for resource . Status changed: CREATE_COMPLETE => SUSPEND_IN_PROGRESS in 0.057433366775512695
2019-10-29 00:36:11.743 11398 RALLYDEBUG rally.task.utils [-] Waiting for resource . Status changed: CREATE_COMPLETE => SUSPEND_IN_PROGRESS in 0.05699872970581055
2019-10-29 00:36:12.721 11396 RALLYDEBUG rally.task.utils [-] Waiting for resource . Status changed: SUSPEND_IN_PROGRESS => SUSPEND_COMPLETE in 1.0744805335998535
2019-10-29 00:36:12.723 11397 RALLYDEBUG rally.task.utils [-] Waiting for resource . Status changed: SUSPEND_IN_PROGRESS => SUSPEND_COMPLETE in 1.0788240432739258
2019-10-29 00:36:12.795 11395 RALLYDEBUG rally.task.utils [-] Waiting for resource . Status changed: SUSPEND_IN_PROGRESS => SUSPEND_COMPLETE in 1.0642786026000977
2019-10-29 00:36:12.817 11398 RALLYDEBUG rally.task.utils [-] Waiting for resource . Status changed: SUSPEND_IN_PROGRESS => SUSPEND_COMPLETE in 1.0735118389129639
2019-10-29 00:36:12.878 11396 RALLYDEBUG rally.task.utils [-] Waiting for resource . Status changed: CREATE_COMPLETE => RESUME_IN_PROGRESS in 0.06149625778198242
2019-10-29 00:36:12.882 11397 RALLYDEBUG rally.task.utils [-] Waiting for resource . Status changed: CREATE_COMPLETE => RESUME_IN_PROGRESS in 0.06390762329101562
2019-10-29 00:36:12.940 11395 RALLYDEBUG rally.task.utils [-] Waiting for resource . Status changed: CREATE_COMPLETE => RESUME_IN_PROGRESS in 0.054557085037231445
2019-10-29 00:36:12.961 11398 RALLYDEBUG rally.task.utils [-] Waiting for resource . Status changed: CREATE_COMPLETE => RESUME_IN_PROGRESS in 0.0540773868560791
2019-10-29 00:36:13.950 11397 RALLYDEBUG rally.task.utils [-] Waiting for resource . Status changed: RESUME_IN_PROGRESS => RESUME_COMPLETE in 1.0676641464233398
2019-10-29 00:36:13.954 11396 RALLYDEBUG rally.task.utils [-] Waiting for resource . Status changed: RESUME_IN_PROGRESS => RESUME_COMPLETE in 1.0759027004241943
2019-10-29 00:36:14.009 11395 RALLYDEBUG rally.task.utils [-] Waiting for resource . Status changed: RESUME_IN_PROGRESS => RESUME_COMPLETE in 1.0690290927886963
2019-10-29 00:36:14.027 11398 RALLYDEBUG rally.task.utils [-] Waiting for resource . Status changed: RESUME_IN_PROGRESS => RESUME_COMPLETE in 1.0657436847686768
2019-10-29 00:36:14.060 11397 RALLYDEBUG rally.task.utils [-] Waiting for resource . Status changed: CREATE_COMPLETE => DELETE_IN_PROGRESS in 0.050669193267822266
2019-10-29 00:36:14.080 11396 RALLYDEBUG rally.task.utils [-] Waiting for resource . Status changed: CREATE_COMPLETE => DELETE_IN_PROGRESS in 0.05891680717468262
2019-10-29 00:36:14.136 11395 RALLYDEBUG rally.task.utils [-] Waiting for resource . Status changed: CREATE_COMPLETE => DELETE_IN_PROGRESS in 0.06217241287231445
2019-10-29 00:36:14.141 11398 RALLYDEBUG rally.task.utils [-] Waiting for resource . Status changed: CREATE_COMPLETE => DELETE_IN_PROGRESS in 0.0587000846862793
2019-10-29 00:36:15.200 11398 INFO rally.task.runner [-] Task 61db9aa9-4d18-4ebd-8709-bae1978e7a0d | ITER: 4 END: OK
2019-10-29 00:36:15.205 11398 INFO rally.task.runner [-] Task 61db9aa9-4d18-4ebd-8709-bae1978e7a0d | ITER: 5 START
2019-10-29 00:36:16.189 11397 INFO rally.task.runner [-] Task 61db9aa9-4d18-4ebd-8709-bae1978e7a0d | ITER: 3 END: OK
2019-10-29 00:36:16.190 11396 INFO rally.task.runner [-] Task 61db9aa9-4d18-4ebd-8709-bae1978e7a0d | ITER: 2 END: OK
2019-10-29 00:36:16.194 11397 INFO rally.task.runner [-] Task 61db9aa9-4d18-4ebd-8709-bae1978e7a0d | ITER: 6 START
2019-10-29 00:36:16.195 11396 INFO rally.task.runner [-] Task 61db9aa9-4d18-4ebd-8709-bae1978e7a0d | ITER: 7 START
2019-10-29 00:36:16.247 11395 INFO rally.task.runner [-] Task 61db9aa9-4d18-4ebd-8709-bae1978e7a0d | ITER: 1 END: OK
2019-10-29 00:36:16.252 11395 INFO rally.task.runner [-] Task 61db9aa9-4d18-4ebd-8709-bae1978e7a0d | ITER: 8 START
2019-10-29 00:36:18.912 11398 RALLYDEBUG rally.task.utils [-] Waiting for resource . Status changed: CREATE_IN_PROGRESS => CREATE_COMPLETE in 0.07150912284851074
2019-10-29 00:36:19.079 11398 RALLYDEBUG rally.task.utils [-] Waiting for resource . Status changed: CREATE_COMPLETE => SUSPEND_IN_PROGRESS in 0.062003374099731445
2019-10-29 00:36:19.658 11397 RALLYDEBUG rally.task.utils [-] Waiting for resource . Status changed: CREATE_IN_PROGRESS => CREATE_COMPLETE in 0.07674479484558105
2019-10-29 00:36:19.669 11395 RALLYDEBUG rally.task.utils [-] Waiting for resource . Status changed: CREATE_IN_PROGRESS => CREATE_COMPLETE in 0.07393527030944824
2019-10-29 00:36:19.791 11396 RALLYDEBUG rally.task.utils [-] Waiting for resource . Status changed: CREATE_IN_PROGRESS => CREATE_COMPLETE in 0.0673837661743164
2019-10-29 00:36:19.831 11395 RALLYDEBUG rally.task.utils [-] Waiting for resource . Status changed: CREATE_COMPLETE => SUSPEND_IN_PROGRESS in 0.06264305114746094
2019-10-29 00:36:19.832 11397 RALLYDEBUG rally.task.utils [-] Waiting for resource . Status changed: CREATE_COMPLETE => SUSPEND_IN_PROGRESS in 0.0725557804107666
2019-10-29 00:36:19.950 11396 RALLYDEBUG rally.task.utils [-] Waiting for resource . Status changed: CREATE_COMPLETE => SUSPEND_IN_PROGRESS in 0.05814194679260254
2019-10-29 00:36:20.141 11398 RALLYDEBUG rally.task.utils [-] Waiting for resource . Status changed: SUSPEND_IN_PROGRESS => SUSPEND_COMPLETE in 1.061933994293213
2019-10-29 00:36:20.291 11398 RALLYDEBUG rally.task.utils [-] Waiting for resource . Status changed: CREATE_COMPLETE => RESUME_IN_PROGRESS in 0.05759692192077637
2019-10-29 00:36:20.905 11395 RALLYDEBUG rally.task.utils [-] Waiting for resource . Status changed: SUSPEND_IN_PROGRESS => SUSPEND_COMPLETE in 1.0740363597869873
2019-10-29 00:36:20.906 11397 RALLYDEBUG rally.task.utils [-] Waiting for resource . Status changed: SUSPEND_IN_PROGRESS => SUSPEND_COMPLETE in 1.0741546154022217
2019-10-29 00:36:21.021 11396 RALLYDEBUG rally.task.utils [-] Waiting for resource . Status changed: SUSPEND_IN_PROGRESS => SUSPEND_COMPLETE in 1.0708122253417969
2019-10-29 00:36:21.078 11397 RALLYDEBUG rally.task.utils [-] Waiting for resource . Status changed: CREATE_COMPLETE => RESUME_IN_PROGRESS in 0.06378340721130371
2019-10-29 00:36:21.082 11395 RALLYDEBUG rally.task.utils [-] Waiting for resource . Status changed: CREATE_COMPLETE => RESUME_IN_PROGRESS in 0.06598353385925293
2019-10-29 00:36:21.170 11396 RALLYDEBUG rally.task.utils [-] Waiting for resource . Status changed: CREATE_COMPLETE => RESUME_IN_PROGRESS in 0.058173179626464844
2019-10-29 00:36:21.353 11398 RALLYDEBUG rally.task.utils [-] Waiting for resource . Status changed: RESUME_IN_PROGRESS => RESUME_COMPLETE in 1.0620794296264648
2019-10-29 00:36:21.458 11398 RALLYDEBUG rally.task.utils [-] Waiting for resource . Status changed: CREATE_COMPLETE => DELETE_IN_PROGRESS in 0.050322532653808594
2019-10-29 00:36:22.153 11397 RALLYDEBUG rally.task.utils [-] Waiting for resource . Status changed: RESUME_IN_PROGRESS => RESUME_COMPLETE in 1.074479341506958
2019-10-29 00:36:22.155 11395 RALLYDEBUG rally.task.utils [-] Waiting for resource . Status changed: RESUME_IN_PROGRESS => RESUME_COMPLETE in 1.0733850002288818
2019-10-29 00:36:22.277 11395 RALLYDEBUG rally.task.utils [-] Waiting for resource . Status changed: CREATE_COMPLETE => DELETE_IN_PROGRESS in 0.059479713439941406
2019-10-29 00:36:22.278 11397 RALLYDEBUG rally.task.utils [-] Waiting for resource . Status changed: CREATE_COMPLETE => DELETE_IN_PROGRESS in 0.05994224548339844
2019-10-29 00:36:22.377 11396 RALLYDEBUG rally.task.utils [-] Waiting for resource . Status changed: RESUME_IN_PROGRESS => RESUME_COMPLETE in 1.2069714069366455
2019-10-29 00:36:22.491 11396 RALLYDEBUG rally.task.utils [-] Waiting for resource . Status changed: CREATE_COMPLETE => DELETE_IN_PROGRESS in 0.0524137020111084
2019-10-29 00:36:23.336 11395 INFO rally.task.runner [-] Task 61db9aa9-4d18-4ebd-8709-bae1978e7a0d | ITER: 8 END: OK
2019-10-29 00:36:23.336 11397 INFO rally.task.runner [-] Task 61db9aa9-4d18-4ebd-8709-bae1978e7a0d | ITER: 6 END: OK
2019-10-29 00:36:23.339 11395 INFO rally.task.runner [-] Task 61db9aa9-4d18-4ebd-8709-bae1978e7a0d | ITER: 9 START
2019-10-29 00:36:23.340 11397 INFO rally.task.runner [-] Task 61db9aa9-4d18-4ebd-8709-bae1978e7a0d | ITER: 10 START
2019-10-29 00:36:23.564 11398 INFO rally.task.runner [-] Task 61db9aa9-4d18-4ebd-8709-bae1978e7a0d | ITER: 5 END: OK
2019-10-29 00:36:24.596 11396 INFO rally.task.runner [-] Task 61db9aa9-4d18-4ebd-8709-bae1978e7a0d | ITER: 7 END: OK
2019-10-29 00:36:26.822 11397 RALLYDEBUG rally.task.utils [-] Waiting for resource . Status changed: CREATE_IN_PROGRESS => CREATE_COMPLETE in 0.0747978687286377
2019-10-29 00:36:26.836 11395 RALLYDEBUG rally.task.utils [-] Waiting for resource . Status changed: CREATE_IN_PROGRESS => CREATE_COMPLETE in 0.06788134574890137
2019-10-29 00:36:26.972 11397 RALLYDEBUG rally.task.utils [-] Waiting for resource . Status changed: CREATE_COMPLETE => SUSPEND_IN_PROGRESS in 0.05839419364929199
2019-10-29 00:36:26.998 11395 RALLYDEBUG rally.task.utils [-] Waiting for resource . Status changed: CREATE_COMPLETE => SUSPEND_IN_PROGRESS in 0.06719732284545898
2019-10-29 00:36:28.053 11397 RALLYDEBUG rally.task.utils [-] Waiting for resource . Status changed: SUSPEND_IN_PROGRESS => SUSPEND_COMPLETE in 1.0807301998138428
2019-10-29 00:36:28.075 11395 RALLYDEBUG rally.task.utils [-] Waiting for resource . Status changed: SUSPEND_IN_PROGRESS => SUSPEND_COMPLETE in 1.0765066146850586
2019-10-29 00:36:28.203 11397 RALLYDEBUG rally.task.utils [-] Waiting for resource . Status changed: CREATE_COMPLETE => RESUME_IN_PROGRESS in 0.06088757514953613
2019-10-29 00:36:28.226 11395 RALLYDEBUG rally.task.utils [-] Waiting for resource . Status changed: CREATE_COMPLETE => RESUME_IN_PROGRESS in 0.06169867515563965
2019-10-29 00:36:29.281 11397 RALLYDEBUG rally.task.utils [-] Waiting for resource . Status changed: RESUME_IN_PROGRESS => RESUME_COMPLETE in 1.0771839618682861
2019-10-29 00:36:29.298 11395 RALLYDEBUG rally.task.utils [-] Waiting for resource . Status changed: RESUME_IN_PROGRESS => RESUME_COMPLETE in 1.0722336769104004
2019-10-29 00:36:29.411 11397 RALLYDEBUG rally.task.utils [-] Waiting for resource . Status changed: CREATE_COMPLETE => DELETE_IN_PROGRESS in 0.06060004234313965
2019-10-29 00:36:29.530 11395 RALLYDEBUG rally.task.utils [-] Waiting for resource . Status changed: CREATE_COMPLETE => DELETE_IN_PROGRESS in 0.16945099830627441
2019-10-29 00:36:30.585 11395 INFO rally.task.runner [-] Task 61db9aa9-4d18-4ebd-8709-bae1978e7a0d | ITER: 9 END: OK
2019-10-29 00:36:31.536 11397 INFO rally.task.runner [-] Task 61db9aa9-4d18-4ebd-8709-bae1978e7a0d | ITER: 10 END: OK
2019-10-29 00:36:31.564 8497 INFO rally.task.context [-] Task 61db9aa9-4d18-4ebd-8709-bae1978e7a0d | Context cleanup@openstack cleanup() started
2019-10-29 00:36:31.567 8497 RALLYDEBUG rally_openstack.cleanup.manager [-] Cleaning up heat stacks objects
2019-10-29 00:36:33.087 8497 INFO rally.task.context [-] Task 61db9aa9-4d18-4ebd-8709-bae1978e7a0d | Context cleanup@openstack cleanup() finished in 1.52 sec
2019-10-29 00:36:33.088 8497 INFO rally.task.context [-] Task 61db9aa9-4d18-4ebd-8709-bae1978e7a0d | Context roles@openstack cleanup() started
2019-10-29 00:36:33.088 8497 RALLYDEBUG rally_openstack.contexts.keystone.roles [-] Removing assigned role 579daece61944a47927af2df1e9fafc8 from all users
2019-10-29 00:36:34.090 8497 INFO rally.task.context [-] Task 61db9aa9-4d18-4ebd-8709-bae1978e7a0d | Context roles@openstack cleanup() finished in 1.00 sec
2019-10-29 00:36:34.090 8497 INFO rally.task.context [-] Task 61db9aa9-4d18-4ebd-8709-bae1978e7a0d | Context users@openstack cleanup() started
2019-10-29 00:36:38.639 8497 INFO rally.task.context [-] Task 61db9aa9-4d18-4ebd-8709-bae1978e7a0d | Context users@openstack cleanup() finished in 4.55 sec
2019-10-29 00:36:39.850 8497 INFO rally.task.engine [-] Load duration is: 21.505402
2019-10-29 00:36:39.850 8497 INFO rally.task.engine [-] Full runner duration is: 23.553413
2019-10-29 00:36:39.851 8497 INFO rally.task.engine [-] Full duration is: 39.002367
2019-10-29 00:36:40.177 8497 INFO rally.task.engine [-] Running workload: position = 0 config = { "version": 2, "title": "A cropped version of a bigger task.", "description": "Auto-generated task from a single workload (uuid=62fae831-0dfd-4983-85c7-57891eeaf4c4)", "subtasks": [ { "title": "HeatStacks.list_stacks_and_resources", "description": "List all resources from tenant stacks.", "scenario": { "HeatStacks.list_stacks_and_resources": {} }, "contexts": { "users": { "tenants": 3, "users_per_tenant": 2 }, "roles": [ "heat_stack_owner" ] }, "runner": { "constant": { "concurrency": 4, "times": 10 } }, "hooks": [], "sla": { "failure_rate": { "max": 0 } } } ] }
2019-10-29 00:36:40.201 8497 RALLYDEBUG rally_openstack.contexts.keystone.users [-] Creating 3 tenants using 20 threads
2019-10-29 00:36:41.118 8497 RALLYDEBUG rally_openstack.contexts.keystone.users [-] Creating 6 users using 20 threads
2019-10-29 00:36:42.715 8497 INFO rally.task.context [-] Task 61db9aa9-4d18-4ebd-8709-bae1978e7a0d | Context users@openstack setup() finished in 2.51 sec
2019-10-29 00:36:43.485 8497 RALLYDEBUG rally_openstack.contexts.keystone.roles [-] Adding role heat_stack_owner having ID 579daece61944a47927af2df1e9fafc8 to all users using 30 threads
2019-10-29 00:36:48.706 8497 INFO rally.task.context [-] Task 61db9aa9-4d18-4ebd-8709-bae1978e7a0d | Context roles@openstack setup() finished in 5.99 sec
2019-10-29 00:36:48.715 8497 RALLYDEBUG rally.task.runner [-] Starting the constant runner (task UUID: 61db9aa9-4d18-4ebd-8709-bae1978e7a0d). times: 10 concurrency: 4 timeout: 0 max_cpu_used: 16 processes_to_start: 4 concurrency_per_worker: 1 concurrency_overhead: 0
2019-10-29 00:36:48.726 11579 RALLYDEBUG rally.task.runner [-] Starting a worker. times: 10 duration: None concurrency: 1 timeout: 0 cls: method_name: run args: {}
2019-10-29 00:36:48.729 11580 RALLYDEBUG rally.task.runner [-] Starting a worker. times: 10 duration: None concurrency: 1 timeout: 0 cls: method_name: run args: {}
2019-10-29 00:36:48.733 11579 INFO rally.task.runner [-] Task 61db9aa9-4d18-4ebd-8709-bae1978e7a0d | ITER: 1 START
2019-10-29 00:36:48.733 11581 RALLYDEBUG rally.task.runner [-] Starting a worker. times: 10 duration: None concurrency: 1 timeout: 0 cls: method_name: run args: {}
2019-10-29 00:36:48.736 11580 INFO rally.task.runner [-] Task 61db9aa9-4d18-4ebd-8709-bae1978e7a0d | ITER: 2 START
2019-10-29 00:36:48.736 11583 RALLYDEBUG rally.task.runner [-] Starting a worker. times: 10 duration: None concurrency: 1 timeout: 0 cls: method_name: run args: {}
2019-10-29 00:36:48.739 11581 INFO rally.task.runner [-] Task 61db9aa9-4d18-4ebd-8709-bae1978e7a0d | ITER: 3 START
2019-10-29 00:36:48.743 11583 INFO rally.task.runner [-] Task 61db9aa9-4d18-4ebd-8709-bae1978e7a0d | ITER: 4 START
2019-10-29 00:36:49.281 11580 INFO rally.task.runner [-] Task 61db9aa9-4d18-4ebd-8709-bae1978e7a0d | ITER: 2 END: OK
2019-10-29 00:36:49.283 11583 INFO rally.task.runner [-] Task 61db9aa9-4d18-4ebd-8709-bae1978e7a0d | ITER: 4 END: OK
2019-10-29 00:36:49.283 11579 INFO rally.task.runner [-] Task 61db9aa9-4d18-4ebd-8709-bae1978e7a0d | ITER: 1 END: OK
2019-10-29 00:36:49.286 11580 INFO rally.task.runner [-] Task 61db9aa9-4d18-4ebd-8709-bae1978e7a0d | ITER: 5 START
2019-10-29 00:36:49.289 11583 INFO rally.task.runner [-] Task 61db9aa9-4d18-4ebd-8709-bae1978e7a0d | ITER: 6 START
2019-10-29 00:36:49.289 11579 INFO rally.task.runner [-] Task 61db9aa9-4d18-4ebd-8709-bae1978e7a0d | ITER: 7 START
2019-10-29 00:36:49.292 11581 INFO rally.task.runner [-] Task 61db9aa9-4d18-4ebd-8709-bae1978e7a0d | ITER: 3 END: OK
2019-10-29 00:36:49.297 11581 INFO rally.task.runner [-] Task 61db9aa9-4d18-4ebd-8709-bae1978e7a0d | ITER: 8 START
2019-10-29 00:36:49.710 11580 INFO rally.task.runner [-] Task 61db9aa9-4d18-4ebd-8709-bae1978e7a0d | ITER: 5 END: OK
2019-10-29 00:36:49.710 11579 INFO rally.task.runner [-] Task 61db9aa9-4d18-4ebd-8709-bae1978e7a0d | ITER: 7 END: OK
2019-10-29 00:36:49.713 11579 INFO rally.task.runner [-] Task 61db9aa9-4d18-4ebd-8709-bae1978e7a0d | ITER: 9 START
2019-10-29 00:36:49.713 11580 INFO rally.task.runner [-] Task 61db9aa9-4d18-4ebd-8709-bae1978e7a0d | ITER: 10 START
2019-10-29 00:36:49.776 11581 INFO rally.task.runner [-] Task 61db9aa9-4d18-4ebd-8709-bae1978e7a0d | ITER: 8 END: OK
2019-10-29 00:36:49.776 11583 INFO rally.task.runner [-] Task 61db9aa9-4d18-4ebd-8709-bae1978e7a0d | ITER: 6 END: OK
2019-10-29 00:36:50.087 11580 INFO rally.task.runner [-] Task 61db9aa9-4d18-4ebd-8709-bae1978e7a0d | ITER: 10 END: OK
2019-10-29 00:36:50.091 11579 INFO rally.task.runner [-] Task 61db9aa9-4d18-4ebd-8709-bae1978e7a0d | ITER: 9 END: OK
2019-10-29 00:36:50.116 8497 INFO rally.task.context [-] Task 61db9aa9-4d18-4ebd-8709-bae1978e7a0d | Context roles@openstack cleanup() started
2019-10-29 00:36:50.117 8497 RALLYDEBUG rally_openstack.contexts.keystone.roles [-] Removing assigned role 579daece61944a47927af2df1e9fafc8 from all users
2019-10-29 00:36:51.103 8497 INFO rally.task.context [-] Task 61db9aa9-4d18-4ebd-8709-bae1978e7a0d | Context roles@openstack cleanup() finished in 0.99 sec
2019-10-29 00:36:51.103 8497 INFO rally.task.context [-] Task 61db9aa9-4d18-4ebd-8709-bae1978e7a0d | Context users@openstack cleanup() started
2019-10-29 00:36:56.150 8497 INFO rally.task.context [-] Task 61db9aa9-4d18-4ebd-8709-bae1978e7a0d | Context users@openstack cleanup() finished in 5.05 sec
2019-10-29 00:36:56.311 8497 INFO rally.task.engine [-] Load duration is: 1.357287
2019-10-29 00:36:56.311 8497 INFO rally.task.engine [-] Full runner duration is: 1.401795
2019-10-29 00:36:56.311 8497 INFO rally.task.engine [-] Full duration is: 15.950891
2019-10-29 00:36:56.604 8497 INFO rally.task.engine [-] Task 61db9aa9-4d18-4ebd-8709-bae1978e7a0d | Completed: Running task.
2019-10-29 00:36:58.093 11671 RALLYDEBUG rally.api [-] INFO logs from urllib3 and requests module are hide.
2019-10-29 00:36:58.093 11671 RALLYDEBUG rally.api [-] urllib3 insecure warnings are hidden.
2019-10-29 00:36:58.094 11671 RALLYDEBUG rally.api [-] ERROR log from boto module is hide.
2019-10-29 00:36:59.283 11672 RALLYDEBUG rally.api [-] INFO logs from urllib3 and requests module are hide.
2019-10-29 00:36:59.283 11672 RALLYDEBUG rally.api [-] urllib3 insecure warnings are hidden.
2019-10-29 00:36:59.283 11672 RALLYDEBUG rally.api [-] ERROR log from boto module is hide.
2019-10-29 00:37:00.547 11673 RALLYDEBUG rally.api [-] INFO logs from urllib3 and requests module are hide.
2019-10-29 00:37:00.547 11673 RALLYDEBUG rally.api [-] urllib3 insecure warnings are hidden.
2019-10-29 00:37:00.547 11673 RALLYDEBUG rally.api [-] ERROR log from boto module is hide.
2019-10-29 00:37:02.142 11673 INFO rally.api [-] Building 'json' report for the following task(s): '61db9aa9-4d18-4ebd-8709-bae1978e7a0d'.
2019-10-29 00:37:02.164 11673 INFO rally.api [-] The report has been successfully built.
2019-10-29 00:37:03.624 11675 RALLYDEBUG rally.api [-] INFO logs from urllib3 and requests module are hide.
2019-10-29 00:37:03.625 11675 RALLYDEBUG rally.api [-] urllib3 insecure warnings are hidden.
2019-10-29 00:37:03.625 11675 RALLYDEBUG rally.api [-] ERROR log from boto module is hide.
2019-10-29 00:37:05.583 11675 INFO rally.task.engine [-] Task b0964c00-161c-4763-823c-62b41e451487 | Starting: Task validation.
2019-10-29 00:37:05.640 11675 INFO rally.task.engine [-] Task b0964c00-161c-4763-823c-62b41e451487 | Starting: Task validation of syntax.
2019-10-29 00:37:05.781 11675 INFO rally.task.engine [-] Task b0964c00-161c-4763-823c-62b41e451487 | Completed: Task validation of syntax.
2019-10-29 00:37:05.782 11675 INFO rally.task.engine [-] Task b0964c00-161c-4763-823c-62b41e451487 | Starting: Task validation of required platforms.
2019-10-29 00:37:05.843 11675 INFO rally.task.engine [-] Task b0964c00-161c-4763-823c-62b41e451487 | Completed: Task validation of required platforms.
2019-10-29 00:37:05.843 11675 INFO rally.task.engine [-] Task b0964c00-161c-4763-823c-62b41e451487 | Starting: Task validation of semantic.
2019-10-29 00:37:05.843 11675 INFO rally.task.engine [-] Check health of the environment 'fd54644d-cf90-477f-9184-e98e06bc8d2e'.
2019-10-29 00:37:06.795 11675 INFO rally.task.engine [-] Platform existing@openstack (available: True): OK!
2019-10-29 00:37:06.814 11675 RALLYDEBUG rally_openstack.contexts.keystone.users [-] Creating 1 tenants using 20 threads
2019-10-29 00:37:07.625 11675 RALLYDEBUG rally_openstack.contexts.keystone.users [-] Creating 1 users using 20 threads
2019-10-29 00:37:08.924 11675 INFO rally.task.context [-] Task b0964c00-161c-4763-823c-62b41e451487 | Context users@openstack setup() finished in 2.11 sec
2019-10-29 00:37:09.021 11675 INFO rally.task.context [-] Task b0964c00-161c-4763-823c-62b41e451487 | Context users@openstack cleanup() started
2019-10-29 00:37:11.940 11675 INFO rally.task.context [-] Task b0964c00-161c-4763-823c-62b41e451487 | Context users@openstack cleanup() finished in 2.92 sec
2019-10-29 00:37:11.940 11675 INFO rally.task.engine [-] Task b0964c00-161c-4763-823c-62b41e451487 | Completed: Task validation of semantic.
2019-10-29 00:37:11.941 11675 INFO rally.task.engine [-] Task b0964c00-161c-4763-823c-62b41e451487 | Completed: Task validation.
2019-10-29 00:37:11.941 11675 INFO rally.api [-] Task b0964c00-161c-4763-823c-62b41e451487 input file is valid.
2019-10-29 00:37:11.942 11675 INFO rally.api [-] Run Task b0964c00-161c-4763-823c-62b41e451487 against Deployment fd54644d-cf90-477f-9184-e98e06bc8d2e
2019-10-29 00:37:11.942 11675 INFO rally.task.engine [-] Task b0964c00-161c-4763-823c-62b41e451487 | Starting: Running task.
2019-10-29 00:37:12.138 11675 INFO rally.task.engine [-] Running workload: position = 0 config = { "version": 2, "title": "A cropped version of a bigger task.", "description": "Auto-generated task from a single workload (uuid=2a55487b-bfd7-40b1-a0af-8bc5da21441a)", "subtasks": [ { "title": "KeystoneBasic.add_and_remove_user_role", "description": "Create a user role add to a user and disassociate.", "scenario": { "KeystoneBasic.add_and_remove_user_role": {} }, "contexts": { "users": { "tenants": 3, "users_per_tenant": 2 } }, "runner": { "constant": { "concurrency": 4, "times": 10 } }, "hooks": [], "sla": { "failure_rate": { "max": 0 } } } ] }
2019-10-29 00:37:12.162 11675 RALLYDEBUG rally_openstack.contexts.keystone.users [-] Creating 3 tenants using 20 threads
2019-10-29 00:37:13.097 11675 RALLYDEBUG rally_openstack.contexts.keystone.users [-] Creating 6 users using 20 threads
2019-10-29 00:37:14.618 11675 INFO rally.task.context [-] Task b0964c00-161c-4763-823c-62b41e451487 | Context users@openstack setup() finished in 2.46 sec
2019-10-29 00:37:14.619 11675 INFO rally.task.context [-] Task b0964c00-161c-4763-823c-62b41e451487 | Context admin_cleanup@openstack setup() finished in 0.01 msec
2019-10-29 00:37:14.628 11675 RALLYDEBUG rally.task.runner [-] Starting the constant runner (task UUID: b0964c00-161c-4763-823c-62b41e451487). times: 10 concurrency: 4 timeout: 0 max_cpu_used: 16 processes_to_start: 4 concurrency_per_worker: 1 concurrency_overhead: 0
2019-10-29 00:37:14.641 11799 RALLYDEBUG rally.task.runner [-] Starting a worker. times: 10 duration: None concurrency: 1 timeout: 0 cls: method_name: run args: {}
2019-10-29 00:37:14.644 11800 RALLYDEBUG rally.task.runner [-] Starting a worker. times: 10 duration: None concurrency: 1 timeout: 0 cls: method_name: run args: {}
2019-10-29 00:37:14.648 11799 INFO rally.task.runner [-] Task b0964c00-161c-4763-823c-62b41e451487 | ITER: 1 START
2019-10-29 00:37:14.648 11801 RALLYDEBUG rally.task.runner [-] Starting a worker. times: 10 duration: None concurrency: 1 timeout: 0 cls: method_name: run args: {}
2019-10-29 00:37:14.651 11800 INFO rally.task.runner [-] Task b0964c00-161c-4763-823c-62b41e451487 | ITER: 2 START
2019-10-29 00:37:14.651 11803 RALLYDEBUG rally.task.runner [-] Starting a worker. times: 10 duration: None concurrency: 1 timeout: 0 cls: method_name: run args: {}
2019-10-29 00:37:14.654 11801 INFO rally.task.runner [-] Task b0964c00-161c-4763-823c-62b41e451487 | ITER: 3 START
2019-10-29 00:37:14.657 11803 INFO rally.task.runner [-] Task b0964c00-161c-4763-823c-62b41e451487 | ITER: 4 START
2019-10-29 00:37:16.136 11799 INFO rally.task.runner [-] Task b0964c00-161c-4763-823c-62b41e451487 | ITER: 1 END: OK
2019-10-29 00:37:16.137 11800 INFO rally.task.runner [-] Task b0964c00-161c-4763-823c-62b41e451487 | ITER: 2 END: OK
2019-10-29 00:37:16.139 11803 INFO rally.task.runner [-] Task b0964c00-161c-4763-823c-62b41e451487 | ITER: 4 END: OK
2019-10-29 00:37:16.141 11799 INFO rally.task.runner [-] Task b0964c00-161c-4763-823c-62b41e451487 | ITER: 5 START
2019-10-29 00:37:16.142 11800 INFO rally.task.runner [-] Task b0964c00-161c-4763-823c-62b41e451487 | ITER: 6 START
2019-10-29 00:37:16.143 11803 INFO rally.task.runner [-] Task b0964c00-161c-4763-823c-62b41e451487 | ITER: 7 START
2019-10-29 00:37:16.229 11801 INFO rally.task.runner [-] Task b0964c00-161c-4763-823c-62b41e451487 | ITER: 3 END: OK
2019-10-29 00:37:16.234 11801 INFO rally.task.runner [-] Task b0964c00-161c-4763-823c-62b41e451487 | ITER: 8 START
2019-10-29 00:37:17.648 11803 INFO rally.task.runner [-] Task b0964c00-161c-4763-823c-62b41e451487 | ITER: 7 END: OK
2019-10-29 00:37:17.649 11799 INFO rally.task.runner [-] Task b0964c00-161c-4763-823c-62b41e451487 | ITER: 5 END: OK
2019-10-29 00:37:17.651 11803 INFO rally.task.runner [-] Task b0964c00-161c-4763-823c-62b41e451487 | ITER: 9 START
2019-10-29 00:37:17.653 11799 INFO rally.task.runner [-] Task b0964c00-161c-4763-823c-62b41e451487 | ITER: 10 START
2019-10-29 00:37:17.742 11800 INFO rally.task.runner [-] Task b0964c00-161c-4763-823c-62b41e451487 | ITER: 6 END: OK
2019-10-29 00:37:17.989 11801 INFO rally.task.runner [-] Task b0964c00-161c-4763-823c-62b41e451487 | ITER: 8 END: OK
2019-10-29 00:37:19.325 11803 INFO rally.task.runner [-] Task b0964c00-161c-4763-823c-62b41e451487 | ITER: 9 END: OK
2019-10-29 00:37:19.652 11799 INFO rally.task.runner [-] Task b0964c00-161c-4763-823c-62b41e451487 | ITER: 10 END: OK
2019-10-29 00:37:19.682 11675 INFO rally.task.context [-] Task b0964c00-161c-4763-823c-62b41e451487 | Context admin_cleanup@openstack cleanup() started
2019-10-29 00:37:19.686 11675 RALLYDEBUG rally_openstack.cleanup.manager [-] Cleaning up keystone user objects
2019-10-29 00:37:20.551 11675 RALLYDEBUG rally_openstack.cleanup.manager [-] Cleaning up keystone project objects
2019-10-29 00:37:21.291 11675 RALLYDEBUG rally_openstack.cleanup.manager [-] Cleaning up keystone service objects
2019-10-29 00:37:22.055 11675 RALLYDEBUG rally_openstack.cleanup.manager [-] Cleaning up keystone role objects
2019-10-29 00:37:22.756 11675 RALLYDEBUG rally_openstack.cleanup.manager [-] Deleting keystone.role object s_rally_2a55487b_82DRiFcV (079ab784c76d4cbdb8369bba9349299c)
2019-10-29 00:37:22.766 11675 RALLYDEBUG rally_openstack.cleanup.manager [-] Deleting keystone.role object s_rally_2a55487b_QS9hRHyL (1198df0542f84eda8c7e9f564cb3d8f6)
2019-10-29 00:37:22.775 11675 RALLYDEBUG rally_openstack.cleanup.manager [-] Deleting keystone.role object s_rally_2a55487b_WWB1AHJN (178271e46ad54ec2b0d0722560668019)
2019-10-29 00:37:22.792 11675 RALLYDEBUG rally_openstack.cleanup.manager [-] Deleting keystone.role object s_rally_2a55487b_1JF5RojB (36d3ccbcc4bb4215a1e5f5f4cd20b8cc)
2019-10-29 00:37:22.800 11675 RALLYDEBUG rally_openstack.cleanup.manager [-] Deleting keystone.role object s_rally_2a55487b_ssYILGQi (79fb86e207e2462290ffcb2e204cd332)
2019-10-29 00:37:22.802 11675 RALLYDEBUG rally_openstack.cleanup.manager [-] Deleting keystone.role object s_rally_2a55487b_GIYaeBBt (71384fed9769474d8effd3de1fb5b0a8)
2019-10-29 00:37:22.810 11675 RALLYDEBUG rally_openstack.cleanup.manager [-] Deleting keystone.role object s_rally_2a55487b_h0rzjQag (843fe1b4669d4b769bd9167998041f80)
2019-10-29 00:37:22.826 11675 RALLYDEBUG rally_openstack.cleanup.manager [-] Deleting keystone.role object s_rally_2a55487b_f85YoLwr (8c0f5ee5f2924db5b6c51ed803e0eb89)
2019-10-29 00:37:22.835 11675 RALLYDEBUG rally_openstack.cleanup.manager [-] Deleting keystone.role object s_rally_2a55487b_8GSoPhWe (a0881ad272a74697a7432552b1cc83e6)
2019-10-29 00:37:22.871 11675 RALLYDEBUG rally_openstack.cleanup.manager [-] Deleting keystone.role object s_rally_2a55487b_BzsFc6Fk (fd3af2fa93c340b19cfc1c01b84141a2)
2019-10-29 00:37:24.879 11675 INFO rally.task.context [-] Task b0964c00-161c-4763-823c-62b41e451487 | Context admin_cleanup@openstack cleanup() finished in 5.20 sec
2019-10-29 00:37:24.880 11675 INFO rally.task.context [-] Task b0964c00-161c-4763-823c-62b41e451487 | Context users@openstack cleanup() started
2019-10-29 00:37:29.533 11675 INFO rally.task.context [-] Task b0964c00-161c-4763-823c-62b41e451487 | Context users@openstack cleanup() finished in 4.65 sec
2019-10-29 00:37:30.274 11675 INFO rally.task.engine [-] Load duration is: 3.697979
2019-10-29 00:37:30.274 11675 INFO rally.task.engine [-] Full runner duration is: 5.054879
2019-10-29 00:37:30.275 11675 INFO rally.task.engine [-] Full duration is: 17.373418
2019-10-29 00:37:30.618 11675 INFO rally.task.engine [-] Running workload: position = 0 config = { "version": 2, "title": "A cropped version of a bigger task.", "description": "Auto-generated task from a single workload (uuid=7f5f29c0-f33e-4ba9-af8b-a4b2fe8a4e9b)", "subtasks": [ { "title": "KeystoneBasic.create_add_and_list_user_roles", "description": "Create user role, add it and list user roles for given user.", "scenario": { "KeystoneBasic.create_add_and_list_user_roles": {} }, "contexts": { "users": { "tenants": 3, "users_per_tenant": 2 } }, "runner": { "constant": { "concurrency": 4, "times": 10 } }, "hooks": [], "sla": { "failure_rate": { "max": 0 } } } ] }
2019-10-29 00:37:30.643 11675 RALLYDEBUG rally_openstack.contexts.keystone.users [-] Creating 3 tenants using 20 threads
2019-10-29 00:37:31.545 11675 RALLYDEBUG rally_openstack.contexts.keystone.users [-] Creating 6 users using 20 threads
2019-10-29 00:37:33.164 11675 INFO rally.task.context [-] Task b0964c00-161c-4763-823c-62b41e451487 | Context users@openstack setup() finished in 2.52 sec
2019-10-29 00:37:33.165 11675 INFO rally.task.context [-] Task b0964c00-161c-4763-823c-62b41e451487 | Context admin_cleanup@openstack setup() finished in 0.02 msec
2019-10-29 00:37:33.174 11675 RALLYDEBUG rally.task.runner [-] Starting the constant runner (task UUID: b0964c00-161c-4763-823c-62b41e451487). times: 10 concurrency: 4 timeout: 0 max_cpu_used: 16 processes_to_start: 4 concurrency_per_worker: 1 concurrency_overhead: 0
2019-10-29 00:37:33.186 11983 RALLYDEBUG rally.task.runner [-] Starting a worker. times: 10 duration: None concurrency: 1 timeout: 0 cls: method_name: run args: {}
2019-10-29 00:37:33.189 11984 RALLYDEBUG rally.task.runner [-] Starting a worker. times: 10 duration: None concurrency: 1 timeout: 0 cls: method_name: run args: {}
2019-10-29 00:37:33.193 11983 INFO rally.task.runner [-] Task b0964c00-161c-4763-823c-62b41e451487 | ITER: 1 START
2019-10-29 00:37:33.193 11985 RALLYDEBUG rally.task.runner [-] Starting a worker. times: 10 duration: None concurrency: 1 timeout: 0 cls: method_name: run args: {}
2019-10-29 00:37:33.196 11984 INFO rally.task.runner [-] Task b0964c00-161c-4763-823c-62b41e451487 | ITER: 2 START
2019-10-29 00:37:33.196 11987 RALLYDEBUG rally.task.runner [-] Starting a worker. times: 10 duration: None concurrency: 1 timeout: 0 cls: method_name: run args: {}
2019-10-29 00:37:33.200 11985 INFO rally.task.runner [-] Task b0964c00-161c-4763-823c-62b41e451487 | ITER: 3 START
2019-10-29 00:37:33.202 11987 INFO rally.task.runner [-] Task b0964c00-161c-4763-823c-62b41e451487 | ITER: 4 START
2019-10-29 00:37:34.682 11984 INFO rally.task.runner [-] Task b0964c00-161c-4763-823c-62b41e451487 | ITER: 2 END: OK
2019-10-29 00:37:34.686 11984 INFO rally.task.runner [-] Task b0964c00-161c-4763-823c-62b41e451487 | ITER: 5 START
2019-10-29 00:37:34.690 11987 INFO rally.task.runner [-] Task b0964c00-161c-4763-823c-62b41e451487 | ITER: 4 END: OK
2019-10-29 00:37:34.694 11987 INFO rally.task.runner [-] Task b0964c00-161c-4763-823c-62b41e451487 | ITER: 6 START
2019-10-29 00:37:34.699 11985 INFO rally.task.runner [-] Task b0964c00-161c-4763-823c-62b41e451487 | ITER: 3 END: OK
2019-10-29 00:37:34.703 11985 INFO rally.task.runner [-] Task b0964c00-161c-4763-823c-62b41e451487 | ITER: 7 START
2019-10-29 00:37:34.803 11983 INFO rally.task.runner [-] Task b0964c00-161c-4763-823c-62b41e451487 | ITER: 1 END: OK
2019-10-29 00:37:34.807 11983 INFO rally.task.runner [-] Task b0964c00-161c-4763-823c-62b41e451487 | ITER: 8 START
2019-10-29 00:37:36.167 11984 INFO rally.task.runner [-] Task b0964c00-161c-4763-823c-62b41e451487 | ITER: 5 END: OK
2019-10-29 00:37:36.170 11984 INFO rally.task.runner [-] Task b0964c00-161c-4763-823c-62b41e451487 | ITER: 9 START
2019-10-29 00:37:36.266 11987 INFO rally.task.runner [-] Task b0964c00-161c-4763-823c-62b41e451487 | ITER: 6 END: OK
2019-10-29 00:37:36.269 11987 INFO rally.task.runner [-] Task b0964c00-161c-4763-823c-62b41e451487 | ITER: 10 START
2019-10-29 00:37:36.357 11985 INFO rally.task.runner [-] Task b0964c00-161c-4763-823c-62b41e451487 | ITER: 7 END: OK
2019-10-29 00:37:36.510 11983 INFO rally.task.runner [-] Task b0964c00-161c-4763-823c-62b41e451487 | ITER: 8 END: OK
2019-10-29 00:37:37.750 11987 INFO rally.task.runner [-] Task b0964c00-161c-4763-823c-62b41e451487 | ITER: 10 END: OK
2019-10-29 00:37:37.880 11984 INFO rally.task.runner [-] Task b0964c00-161c-4763-823c-62b41e451487 | ITER: 9 END: OK
2019-10-29 00:37:37.904 11675 INFO rally.task.context [-] Task b0964c00-161c-4763-823c-62b41e451487 | Context admin_cleanup@openstack cleanup() started
2019-10-29 00:37:37.908 11675 RALLYDEBUG rally_openstack.cleanup.manager [-] Cleaning up keystone user objects
2019-10-29 00:37:38.692 11675 RALLYDEBUG rally_openstack.cleanup.manager [-] Cleaning up keystone project objects
2019-10-29 00:37:39.428 11675 RALLYDEBUG rally_openstack.cleanup.manager [-] Cleaning up keystone service objects
2019-10-29 00:37:40.153 11675 RALLYDEBUG rally_openstack.cleanup.manager [-] Cleaning up keystone role objects
2019-10-29 00:37:40.819 11675 RALLYDEBUG rally_openstack.cleanup.manager [-] Deleting keystone.role object s_rally_7f5f29c0_e43h5Oh1 (05e14b7197574ca8a6723cd4fe1f2728)
2019-10-29 00:37:40.823 11675 RALLYDEBUG rally_openstack.cleanup.manager [-] Deleting keystone.role object s_rally_7f5f29c0_5xVJa6yM (0894eaff3eae4aaf8bd90077252eef57)
2019-10-29 00:37:40.837 11675 RALLYDEBUG rally_openstack.cleanup.manager [-] Deleting keystone.role object s_rally_7f5f29c0_xwXiG57V (59be835287394befa19f93122ca958f6)
2019-10-29 00:37:40.841 11675 RALLYDEBUG rally_openstack.cleanup.manager [-] Deleting keystone.role object s_rally_7f5f29c0_ySeGw3ly (6b284710af8043bea6c660c055b13079)
2019-10-29 00:37:40.850 11675 RALLYDEBUG rally_openstack.cleanup.manager [-] Deleting keystone.role object s_rally_7f5f29c0_sheDOKDZ (6e0defa7d0cd462ba18679841a2c9c16)
2019-10-29 00:37:40.856 11675 RALLYDEBUG rally_openstack.cleanup.manager [-] Deleting keystone.role object s_rally_7f5f29c0_3RxfFEba (70eca48b69c546cba4ee246c8298ffaf)
2019-10-29 00:37:40.861 11675 RALLYDEBUG rally_openstack.cleanup.manager [-] Deleting keystone.role object s_rally_7f5f29c0_iSfmIaAC (9510a84ff3874747aab75aa79e0a0c39)
2019-10-29 00:37:40.873 11675 RALLYDEBUG rally_openstack.cleanup.manager [-] Deleting keystone.role object s_rally_7f5f29c0_SVCWzX3c (ae93c7f588b142a891b6c0fea8b98fa7)
2019-10-29 00:37:40.886 11675 RALLYDEBUG rally_openstack.cleanup.manager [-] Deleting keystone.role object s_rally_7f5f29c0_GakfYfY1 (f0ac60ba6e114d58951bdb0918e02e3e)
2019-10-29 00:37:40.889 11675 RALLYDEBUG rally_openstack.cleanup.manager [-] Deleting keystone.role object s_rally_7f5f29c0_3PSZzoLE (f13fb19c65984d50914ca0848a2b6f3b)
2019-10-29 00:37:42.901 11675 INFO rally.task.context [-] Task b0964c00-161c-4763-823c-62b41e451487 | Context admin_cleanup@openstack cleanup() finished in 5.00 sec
2019-10-29 00:37:42.902 11675 INFO rally.task.context [-] Task b0964c00-161c-4763-823c-62b41e451487 | Context users@openstack cleanup() started
2019-10-29 00:37:48.062 11675 INFO rally.task.context [-] Task b0964c00-161c-4763-823c-62b41e451487 | Context users@openstack cleanup() finished in 5.16 sec
2019-10-29 00:37:48.745 11675 INFO rally.task.engine [-] Load duration is: 3.388553
2019-10-29 00:37:48.745 11675 INFO rally.task.engine [-] Full runner duration is: 4.730555
2019-10-29 00:37:48.745 11675 INFO rally.task.engine [-] Full duration is: 17.42151
