2019-10-29 00:50:41.921 13785 INFO rally.task.context [-] Task 897543c6-dc99-4806-82ba-1812f9669aad | Context quotas@openstack cleanup() started
2019-10-29 00:50:42.123 13785 INFO rally.task.context [-] Task 897543c6-dc99-4806-82ba-1812f9669aad | Context quotas@openstack cleanup() finished in 0.20 sec
2019-10-29 00:50:42.123 13785 INFO rally.task.context [-] Task 897543c6-dc99-4806-82ba-1812f9669aad | Context users@openstack cleanup() started
2019-10-29 00:50:46.102 13785 INFO rally.task.context [-] Task 897543c6-dc99-4806-82ba-1812f9669aad | Context users@openstack cleanup() finished in 3.98 sec
2019-10-29 00:50:46.114 13785 INFO rally.task.engine [-] Load duration is: 1.969368
2019-10-29 00:50:46.114 13785 INFO rally.task.engine [-] Full runner duration is: 2.01906
2019-10-29 00:50:46.115 13785 INFO rally.task.engine [-] Full duration is: 24.106629
2019-10-29 00:50:46.403 13785 INFO rally.task.engine [-] Running workload: position = 0 config = { "version": 2, "title": "A cropped version of a bigger task.", "description": "Auto-generated task from a single workload (uuid=dd2c8688-805e-47ac-86d4-f2f0639afec8)", "subtasks": [ { "title": "NeutronNetworks.set_and_clear_router_gateway", "description": "Set and Remove the external network gateway from a router.", "scenario": { "NeutronNetworks.set_and_clear_router_gateway": { "network_create_args": { "router:external": true } } }, "contexts": { "users": { "tenants": 3, "users_per_tenant": 2 }, "quotas": { "neutron": { "network": -1, "router": -1 } }, "roles": [ "admin" ] }, "runner": { "constant": { "concurrency": 4, "times": 10 } }, "hooks": [], "sla": { "failure_rate": { "max": 0 } } } ] }
2019-10-29 00:50:46.430 13785 RALLYDEBUG rally_openstack.contexts.keystone.users [-] Creating 3 tenants using 20 threads
2019-10-29 00:50:47.455 13785 RALLYDEBUG rally_openstack.contexts.keystone.users [-] Creating 6 users using 20 threads
2019-10-29 00:50:49.026 13785 INFO rally.task.context [-] Task 897543c6-dc99-4806-82ba-1812f9669aad | Context users@openstack setup() finished in 2.60 sec
2019-10-29 00:50:49.892 13785 INFO rally.task.context [-] Task 897543c6-dc99-4806-82ba-1812f9669aad | Context quotas@openstack setup() finished in 0.86 sec
2019-10-29 00:50:50.606 13785 RALLYDEBUG rally_openstack.contexts.keystone.roles [-] Adding role admin having ID c97b78fdea4145b9ab7f2d192c572876 to all users using 30 threads
2019-10-29 00:50:55.838 13785 INFO rally.task.context [-] Task 897543c6-dc99-4806-82ba-1812f9669aad | Context roles@openstack setup() finished in 5.95 sec
2019-10-29 00:50:55.839 13785 INFO rally.task.context [-] Task 897543c6-dc99-4806-82ba-1812f9669aad | Context cleanup@openstack setup() finished in 0.01 msec
2019-10-29 00:50:55.847 13785 RALLYDEBUG rally.task.runner [-] Starting the constant runner (task UUID: 897543c6-dc99-4806-82ba-1812f9669aad). times: 10 concurrency: 4 timeout: 0 max_cpu_used: 16 processes_to_start: 4 concurrency_per_worker: 1 concurrency_overhead: 0
2019-10-29 00:50:55.859 19123 RALLYDEBUG rally.task.runner [-] Starting a worker. times: 10 duration: None concurrency: 1 timeout: 0 cls: method_name: run args: {"network_create_args": {"router:external": true}}
2019-10-29 00:50:55.862 19124 RALLYDEBUG rally.task.runner [-] Starting a worker. times: 10 duration: None concurrency: 1 timeout: 0 cls: method_name: run args: {"network_create_args": {"router:external": true}}
2019-10-29 00:50:55.866 19123 INFO rally.task.runner [-] Task 897543c6-dc99-4806-82ba-1812f9669aad | ITER: 1 START
2019-10-29 00:50:55.866 19125 RALLYDEBUG rally.task.runner [-] Starting a worker. times: 10 duration: None concurrency: 1 timeout: 0 cls: method_name: run args: {"network_create_args": {"router:external": true}}
2019-10-29 00:50:55.869 19124 INFO rally.task.runner [-] Task 897543c6-dc99-4806-82ba-1812f9669aad | ITER: 2 START
2019-10-29 00:50:55.869 19126 RALLYDEBUG rally.task.runner [-] Starting a worker. times: 10 duration: None concurrency: 1 timeout: 0 cls: method_name: run args: {"network_create_args": {"router:external": true}}
2019-10-29 00:50:55.872 19125 INFO rally.task.runner [-] Task 897543c6-dc99-4806-82ba-1812f9669aad | ITER: 3 START
2019-10-29 00:50:55.876 19126 INFO rally.task.runner [-] Task 897543c6-dc99-4806-82ba-1812f9669aad | ITER: 4 START
2019-10-29 00:51:00.169 19124 INFO rally.task.runner [-] Task 897543c6-dc99-4806-82ba-1812f9669aad | ITER: 2 END: OK
2019-10-29 00:51:00.173 19124 INFO rally.task.runner [-] Task 897543c6-dc99-4806-82ba-1812f9669aad | ITER: 5 START
2019-10-29 00:51:00.465 19123 INFO rally.task.runner [-] Task 897543c6-dc99-4806-82ba-1812f9669aad | ITER: 1 END: OK
2019-10-29 00:51:00.470 19123 INFO rally.task.runner [-] Task 897543c6-dc99-4806-82ba-1812f9669aad | ITER: 6 START
2019-10-29 00:51:01.020 19125 INFO rally.task.runner [-] Task 897543c6-dc99-4806-82ba-1812f9669aad | ITER: 3 END: OK
2019-10-29 00:51:01.024 19125 INFO rally.task.runner [-] Task 897543c6-dc99-4806-82ba-1812f9669aad | ITER: 7 START
2019-10-29 00:51:01.158 19126 INFO rally.task.runner [-] Task 897543c6-dc99-4806-82ba-1812f9669aad | ITER: 4 END: OK
2019-10-29 00:51:01.163 19126 INFO rally.task.runner [-] Task 897543c6-dc99-4806-82ba-1812f9669aad | ITER: 8 START
2019-10-29 00:51:04.068 19124 INFO rally.task.runner [-] Task 897543c6-dc99-4806-82ba-1812f9669aad | ITER: 5 END: OK
2019-10-29 00:51:04.072 19124 INFO rally.task.runner [-] Task 897543c6-dc99-4806-82ba-1812f9669aad | ITER: 9 START
2019-10-29 00:51:04.675 19123 INFO rally.task.runner [-] Task 897543c6-dc99-4806-82ba-1812f9669aad | ITER: 6 END: OK
2019-10-29 00:51:04.679 19123 INFO rally.task.runner [-] Task 897543c6-dc99-4806-82ba-1812f9669aad | ITER: 10 START
2019-10-29 00:51:04.964 19125 INFO rally.task.runner [-] Task 897543c6-dc99-4806-82ba-1812f9669aad | ITER: 7 END: OK
2019-10-29 00:51:05.080 19126 INFO rally.task.runner [-] Task 897543c6-dc99-4806-82ba-1812f9669aad | ITER: 8 END: OK
2019-10-29 00:51:08.915 19123 INFO rally.task.runner [-] Task 897543c6-dc99-4806-82ba-1812f9669aad | ITER: 10 END: OK
2019-10-29 00:51:09.341 19124 INFO rally.task.runner [-] Task 897543c6-dc99-4806-82ba-1812f9669aad | ITER: 9 END: OK
2019-10-29 00:51:09.372 13785 INFO rally.task.context [-] Task 897543c6-dc99-4806-82ba-1812f9669aad | Context cleanup@openstack cleanup() started
2019-10-29 00:51:09.375 13785 RALLYDEBUG rally_openstack.cleanup.manager [-] Cleaning up neutron vip objects
2019-10-29 00:51:10.563 13785 RALLYDEBUG rally_openstack.cleanup.manager [-] Cleaning up neutron health_monitor objects
2019-10-29 00:51:11.676 13785 RALLYDEBUG rally_openstack.cleanup.manager [-] Cleaning up neutron pool objects
2019-10-29 00:51:12.772 13785 RALLYDEBUG rally_openstack.cleanup.manager [-] Cleaning up neutron loadbalancer objects
2019-10-29 00:51:13.965 13785 RALLYDEBUG rally_openstack.cleanup.manager [-] Cleaning up neutron floatingip objects
2019-10-29 00:51:15.289 13785 RALLYDEBUG rally_openstack.cleanup.manager [-] Cleaning up neutron trunk objects
2019-10-29 00:51:16.407 13785 RALLYDEBUG rally_openstack.cleanup.manager [-] Cleaning up neutron port objects
2019-10-29 00:51:17.673 13785 RALLYDEBUG rally_openstack.cleanup.manager [-] Cleaning up neutron subnet objects
2019-10-29 00:51:18.817 13785 RALLYDEBUG rally_openstack.cleanup.manager [-] Cleaning up neutron network objects
2019-10-29 00:51:20.153 13785 RALLYDEBUG rally_openstack.cleanup.manager [-] Deleting neutron.network object s_rally_dd2c8688_NDprhhSI (13b39b7c-aac6-4256-a219-eae1e8675a6d)
2019-10-29 00:51:20.163 13785 RALLYDEBUG rally_openstack.cleanup.manager [-] Deleting neutron.network object s_rally_dd2c8688_zg1Kwt8F (3b38253b-f078-47a6-b7f8-605c1ae539fc)
2019-10-29 00:51:20.173 13785 RALLYDEBUG rally_openstack.cleanup.manager [-] Deleting neutron.network object s_rally_dd2c8688_tXNq7wVw (92dd9918-5585-4405-b682-37d35c0d78a8)
2019-10-29 00:51:20.182 13785 RALLYDEBUG rally_openstack.cleanup.manager [-] Deleting neutron.network object s_rally_dd2c8688_C2ikDLeu (b8286c8b-dd35-4e25-979b-2f5a995dc50c)
2019-10-29 00:51:20.190 13785 RALLYDEBUG rally_openstack.cleanup.manager [-] Deleting neutron.network object s_rally_dd2c8688_t6ImSf8m (7dfd8083-5d17-4d1b-8691-054ef2a72d4a)
2019-10-29 00:51:20.208 13785 RALLYDEBUG rally_openstack.cleanup.manager [-] Deleting neutron.network object s_rally_dd2c8688_ZuPiimPm (3658ae6c-0e19-43ac-ab52-7a9d76dfdf94)
2019-10-29 00:51:20.216 13785 RALLYDEBUG rally_openstack.cleanup.manager [-] Deleting neutron.network object s_rally_dd2c8688_mwlwVoPK (60fb59c1-7623-446e-b5af-7de8203fd886)
2019-10-29 00:51:20.226 13785 RALLYDEBUG rally_openstack.cleanup.manager [-] Deleting neutron.network object s_rally_dd2c8688_7d4G7tsM (8ea2d54a-37be-4a96-a058-6ce3d62446e7)
2019-10-29 00:51:20.233 13785 RALLYDEBUG rally_openstack.cleanup.manager [-] Deleting neutron.network object s_rally_dd2c8688_uhj3sQT4 (a2563c3f-c7d5-4bca-a0e0-ab74b2ccca82)
2019-10-29 00:51:20.242 13785 RALLYDEBUG rally_openstack.cleanup.manager [-] Deleting neutron.network object s_rally_dd2c8688_fh3a5ivD (c2da4bd7-80ff-45a6-a6a5-77b04f81f548)
2019-10-29 00:51:23.529 13785 RALLYDEBUG rally_openstack.cleanup.manager [-] Cleaning up neutron router objects
2019-10-29 00:51:25.115 13785 RALLYDEBUG rally_openstack.cleanup.manager [-] Deleting neutron.router object s_rally_dd2c8688_Ai7j1NDs (3a3902fa-a629-410e-9ce3-a7b6a454ee90)
2019-10-29 00:51:25.124 13785 RALLYDEBUG rally_openstack.cleanup.manager [-] Deleting neutron.router object s_rally_dd2c8688_RXWZo23A (5686b15d-76b7-4b2c-979d-de1c25538ba3)
2019-10-29 00:51:25.133 13785 RALLYDEBUG rally_openstack.cleanup.manager [-] Deleting neutron.router object s_rally_dd2c8688_sSmCiKpW (e008df08-33ab-4f40-934b-3f9d4c582c31)
2019-10-29 00:51:25.141 13785 RALLYDEBUG rally_openstack.cleanup.manager [-] Deleting neutron.router object s_rally_dd2c8688_6e4KWRg5 (fa305707-82ac-4b8f-b450-2695b97a2cff)
2019-10-29 00:51:25.148 13785 RALLYDEBUG rally_openstack.cleanup.manager [-] Deleting neutron.router object s_rally_dd2c8688_3VlgTFUc (5703686b-d6e8-43f8-9064-518e9677fc21)
2019-10-29 00:51:25.152 13785 RALLYDEBUG rally_openstack.cleanup.manager [-] Deleting neutron.router object s_rally_dd2c8688_hnOyPMUS (5d1553d0-8875-4140-8bba-7dccf0a5ec77)
2019-10-29 00:51:25.158 13785 RALLYDEBUG rally_openstack.cleanup.manager [-] Deleting neutron.router object s_rally_dd2c8688_ufcIR6YY (6b728b27-00bf-4e50-9672-8de1c479b47b)
2019-10-29 00:51:25.178 13785 RALLYDEBUG rally_openstack.cleanup.manager [-] Deleting neutron.router object s_rally_dd2c8688_0wVsEvNW (6d547736-aa62-45c0-86ff-c0cdc8067a02)
2019-10-29 00:51:25.193 13785 RALLYDEBUG rally_openstack.cleanup.manager [-] Deleting neutron.router object s_rally_dd2c8688_j3wEixPM (d84ceb33-9486-4b64-9ccf-fe2ff4ad458d)
2019-10-29 00:51:25.224 13785 RALLYDEBUG rally_openstack.cleanup.manager [-] Deleting neutron.router object s_rally_dd2c8688_g7r3skgb (e540e6f2-fc3e-45ff-97bb-a7a314f3e03f)
2019-10-29 00:51:27.394 13785 RALLYDEBUG rally_openstack.cleanup.manager [-] Cleaning up neutron security_group objects
2019-10-29 00:51:28.644 13785 INFO rally.task.context [-] Task 897543c6-dc99-4806-82ba-1812f9669aad | Context cleanup@openstack cleanup() finished in 19.27 sec
2019-10-29 00:51:28.645 13785 INFO rally.task.context [-] Task 897543c6-dc99-4806-82ba-1812f9669aad | Context roles@openstack cleanup() started
2019-10-29 00:51:28.645 13785 RALLYDEBUG rally_openstack.contexts.keystone.roles [-] Removing assigned role c97b78fdea4145b9ab7f2d192c572876 from all users
2019-10-29 00:51:29.543 13785 INFO rally.task.context [-] Task 897543c6-dc99-4806-82ba-1812f9669aad | Context roles@openstack cleanup() finished in 0.90 sec
2019-10-29 00:51:29.544 13785 INFO rally.task.context [-] Task 897543c6-dc99-4806-82ba-1812f9669aad | Context quotas@openstack cleanup() started
2019-10-29 00:51:29.818 13785 INFO rally.task.context [-] Task 897543c6-dc99-4806-82ba-1812f9669aad | Context quotas@openstack cleanup() finished in 0.27 sec
2019-10-29 00:51:29.818 13785 INFO rally.task.context [-] Task 897543c6-dc99-4806-82ba-1812f9669aad | Context users@openstack cleanup() started
2019-10-29 00:51:34.444 13785 INFO rally.task.context [-] Task 897543c6-dc99-4806-82ba-1812f9669aad | Context users@openstack cleanup() finished in 4.63 sec
2019-10-29 00:51:34.734 13785 INFO rally.task.engine [-] Load duration is: 13.473449
2019-10-29 00:51:34.734 13785 INFO rally.task.engine [-] Full runner duration is: 13.52538
2019-10-29 00:51:34.735 13785 INFO rally.task.engine [-] Full duration is: 48.017266
2019-10-29 00:51:35.098 13785 INFO rally.task.engine [-] Running workload: position = 0 config = { "version": 2, "title": "A cropped version of a bigger task.", "description": "Auto-generated task from a single workload (uuid=eb48b176-7de4-4525-9049-0deb14a39974)", "subtasks": [ { "title": "NeutronNetworks.create_and_show_ports", "description": "Create a given number of ports and show created ports in trun.", "scenario": { "NeutronNetworks.create_and_show_ports": { "ports_per_network": 2 } }, "contexts": { "users": { "tenants": 3, "users_per_tenant": 2 }, "network": { "router": {} }, "quotas": { "neutron": { "network": -1, "router": -1 } } }, "runner": { "constant": { "concurrency": 4, "times": 10 } }, "hooks": [], "sla": { "failure_rate": { "max": 0 } } } ] }
2019-10-29 00:51:35.122 13785 RALLYDEBUG rally_openstack.contexts.keystone.users [-] Creating 3 tenants using 20 threads
2019-10-29 00:51:36.205 13785 RALLYDEBUG rally_openstack.contexts.keystone.users [-] Creating 6 users using 20 threads
2019-10-29 00:51:37.592 13785 INFO rally.task.context [-] Task 897543c6-dc99-4806-82ba-1812f9669aad | Context users@openstack setup() finished in 2.47 sec
2019-10-29 00:51:38.349 13785 INFO rally.task.context [-] Task 897543c6-dc99-4806-82ba-1812f9669aad | Context quotas@openstack setup() finished in 0.76 sec
2019-10-29 00:51:38.926 13785 RALLYDEBUG rally_openstack.wrappers.network [-] CIDR generated: 10.2.72.0/24
2019-10-29 00:51:39.779 13785 RALLYDEBUG rally_openstack.wrappers.network [-] CIDR generated: 10.2.73.0/24
2019-10-29 00:51:40.502 13785 RALLYDEBUG rally_openstack.wrappers.network [-] CIDR generated: 10.2.74.0/24
2019-10-29 00:51:41.067 13785 INFO rally.task.context [-] Task 897543c6-dc99-4806-82ba-1812f9669aad | Context network@openstack setup() finished in 2.72 sec
2019-10-29 00:51:41.067 13785 INFO rally.task.context [-] Task 897543c6-dc99-4806-82ba-1812f9669aad | Context cleanup@openstack setup() finished in 0.01 msec
2019-10-29 00:51:41.077 13785 RALLYDEBUG rally.task.runner [-] Starting the constant runner (task UUID: 897543c6-dc99-4806-82ba-1812f9669aad). times: 10 concurrency: 4 timeout: 0 max_cpu_used: 16 processes_to_start: 4 concurrency_per_worker: 1 concurrency_overhead: 0
2019-10-29 00:51:41.088 19477 RALLYDEBUG rally.task.runner [-] Starting a worker. times: 10 duration: None concurrency: 1 timeout: 0 cls: method_name: run args: {"ports_per_network": 2}
2019-10-29 00:51:41.092 19478 RALLYDEBUG rally.task.runner [-] Starting a worker. times: 10 duration: None concurrency: 1 timeout: 0 cls: method_name: run args: {"ports_per_network": 2}
2019-10-29 00:51:41.095 19477 INFO rally.task.runner [-] Task 897543c6-dc99-4806-82ba-1812f9669aad | ITER: 1 START
2019-10-29 00:51:41.095 19479 RALLYDEBUG rally.task.runner [-] Starting a worker. times: 10 duration: None concurrency: 1 timeout: 0 cls: method_name: run args: {"ports_per_network": 2}
2019-10-29 00:51:41.099 19478 INFO rally.task.runner [-] Task 897543c6-dc99-4806-82ba-1812f9669aad | ITER: 2 START
2019-10-29 00:51:41.099 19480 RALLYDEBUG rally.task.runner [-] Starting a worker. times: 10 duration: None concurrency: 1 timeout: 0 cls: method_name: run args: {"ports_per_network": 2}
2019-10-29 00:51:41.102 19479 INFO rally.task.runner [-] Task 897543c6-dc99-4806-82ba-1812f9669aad | ITER: 3 START
2019-10-29 00:51:41.106 19480 INFO rally.task.runner [-] Task 897543c6-dc99-4806-82ba-1812f9669aad | ITER: 4 START
2019-10-29 00:51:42.913 19477 INFO rally.task.runner [-] Task 897543c6-dc99-4806-82ba-1812f9669aad | ITER: 1 END: OK
2019-10-29 00:51:42.917 19477 INFO rally.task.runner [-] Task 897543c6-dc99-4806-82ba-1812f9669aad | ITER: 5 START
2019-10-29 00:51:43.001 19478 INFO rally.task.runner [-] Task 897543c6-dc99-4806-82ba-1812f9669aad | ITER: 2 END: OK
2019-10-29 00:51:43.006 19478 INFO rally.task.runner [-] Task 897543c6-dc99-4806-82ba-1812f9669aad | ITER: 6 START
2019-10-29 00:51:43.055 19479 INFO rally.task.runner [-] Task 897543c6-dc99-4806-82ba-1812f9669aad | ITER: 3 END: OK
2019-10-29 00:51:43.060 19479 INFO rally.task.runner [-] Task 897543c6-dc99-4806-82ba-1812f9669aad | ITER: 7 START
2019-10-29 00:51:43.528 19480 INFO rally.task.runner [-] Task 897543c6-dc99-4806-82ba-1812f9669aad | ITER: 4 END: OK
2019-10-29 00:51:43.532 19480 INFO rally.task.runner [-] Task 897543c6-dc99-4806-82ba-1812f9669aad | ITER: 8 START
2019-10-29 00:51:44.653 19477 INFO rally.task.runner [-] Task 897543c6-dc99-4806-82ba-1812f9669aad | ITER: 5 END: OK
2019-10-29 00:51:44.658 19477 INFO rally.task.runner [-] Task 897543c6-dc99-4806-82ba-1812f9669aad | ITER: 9 START
2019-10-29 00:51:44.993 19478 INFO rally.task.runner [-] Task 897543c6-dc99-4806-82ba-1812f9669aad | ITER: 6 END: OK
2019-10-29 00:51:44.997 19478 INFO rally.task.runner [-] Task 897543c6-dc99-4806-82ba-1812f9669aad | ITER: 10 START
2019-10-29 00:51:45.287 19479 INFO rally.task.runner [-] Task 897543c6-dc99-4806-82ba-1812f9669aad | ITER: 7 END: OK
2019-10-29 00:51:45.595 19480 INFO rally.task.runner [-] Task 897543c6-dc99-4806-82ba-1812f9669aad | ITER: 8 END: OK
2019-10-29 00:51:46.381 19477 INFO rally.task.runner [-] Task 897543c6-dc99-4806-82ba-1812f9669aad | ITER: 9 END: OK
2019-10-29 00:51:46.937 19478 INFO rally.task.runner [-] Task 897543c6-dc99-4806-82ba-1812f9669aad | ITER: 10 END: OK
2019-10-29 00:51:46.961 13785 INFO rally.task.context [-] Task 897543c6-dc99-4806-82ba-1812f9669aad | Context cleanup@openstack cleanup() started
2019-10-29 00:51:46.965 13785 RALLYDEBUG rally_openstack.cleanup.manager [-] Cleaning up neutron vip objects
2019-10-29 00:51:48.025 13785 RALLYDEBUG rally_openstack.cleanup.manager [-] Cleaning up neutron health_monitor objects
2019-10-29 00:51:49.082 13785 RALLYDEBUG rally_openstack.cleanup.manager [-] Cleaning up neutron pool objects
2019-10-29 00:51:50.158 13785 RALLYDEBUG rally_openstack.cleanup.manager [-] Cleaning up neutron loadbalancer objects
2019-10-29 00:51:51.258 13785 RALLYDEBUG rally_openstack.cleanup.manager [-] Cleaning up neutron floatingip objects
2019-10-29 00:51:52.470 13785 RALLYDEBUG rally_openstack.cleanup.manager [-] Cleaning up neutron trunk objects
2019-10-29 00:51:53.595 13785 RALLYDEBUG rally_openstack.cleanup.manager [-] Cleaning up neutron port objects
2019-10-29 00:51:54.933 13785 RALLYDEBUG rally_openstack.cleanup.manager [-] Deleting neutron.port object s_rally_eb48b176_P5BQ7Blw (0ed3273e-6c1f-451e-966f-9f8408d2357b)
2019-10-29 00:51:54.942 13785 RALLYDEBUG rally_openstack.cleanup.manager [-] Deleting neutron.port object s_rally_eb48b176_ABytOUZw (aba5aeca-416c-4034-a001-b816e3b3a761)
2019-10-29 00:51:54.945 13785 RALLYDEBUG rally_openstack.cleanup.manager [-] Deleting neutron.port object s_rally_eb48b176_dDYH8St1 (8bca36e0-3ace-4981-9d9d-5b25da8662fd)
2019-10-29 00:51:54.958 13785 RALLYDEBUG rally_openstack.cleanup.manager [-] Deleting neutron.port object s_rally_eb48b176_JOSVgApz (b22777d0-29a4-408c-a57b-db7a06017496)
2019-10-29 00:51:54.968 13785 RALLYDEBUG rally_openstack.cleanup.manager [-] Deleting neutron.port object s_rally_eb48b176_5leCU1QQ (bcfab58d-d78f-47f5-823c-2b9b32d393e1)
2019-10-29 00:51:54.976 13785 RALLYDEBUG rally_openstack.cleanup.manager [-] Deleting neutron.port object s_rally_eb48b176_18mrWJJm (ca687100-a812-4b30-ab82-cd124a8db949)
2019-10-29 00:51:54.984 13785 RALLYDEBUG rally_openstack.cleanup.manager [-] Deleting neutron.port object s_rally_eb48b176_H75IINdp (5b53570d-2057-4145-9ffc-01d9f11195be)
2019-10-29 00:51:54.988 13785 RALLYDEBUG rally_openstack.cleanup.manager [-] Deleting neutron.port object s_rally_eb48b176_hoLCDNQo (5fcf5b9d-613f-474f-8873-94ad556b6302)
2019-10-29 00:51:55.000 13785 RALLYDEBUG rally_openstack.cleanup.manager [-] Deleting neutron.port object s_rally_eb48b176_TeLj0rL7 (7ccc3c61-1edc-4868-9998-ff0181689d9d)
2019-10-29 00:51:55.039 13785 RALLYDEBUG rally_openstack.cleanup.manager [-] Deleting neutron.port object s_rally_eb48b176_J16nTAaD (9ea00f1c-2e02-40b2-9a68-0b2fbe4a013c)
2019-10-29 00:51:55.049 13785 RALLYDEBUG rally_openstack.cleanup.manager [-] Deleting neutron.port object s_rally_eb48b176_ZNQepcC8 (a786d633-d517-4753-8905-85955d19d3a5)
2019-10-29 00:51:55.064 13785 RALLYDEBUG rally_openstack.cleanup.manager [-] Deleting neutron.port object s_rally_eb48b176_KsblTlD0 (fb22530a-99b0-4b13-9216-08c0b47a9572)
2019-10-29 00:51:55.080 13785 RALLYDEBUG rally_openstack.cleanup.manager [-] Deleting neutron.port object s_rally_eb48b176_ZTr8JMTS (10f52b7a-f8d6-4e48-8951-a2ea83a01c15)
2019-10-29 00:51:55.117 13785 RALLYDEBUG rally_openstack.cleanup.manager [-] Deleting neutron.port object s_rally_eb48b176_b3bX1hU8 (979055fe-b649-4e60-8d8d-fea5b06f221c)
2019-10-29 00:51:55.127 13785 RALLYDEBUG rally_openstack.cleanup.manager [-] Deleting neutron.port object s_rally_eb48b176_kyHMd4EM (9b6f6db2-4853-45f1-9713-6792fc3b0f02)
2019-10-29 00:51:55.137 13785 RALLYDEBUG rally_openstack.cleanup.manager [-] Deleting neutron.port object s_rally_eb48b176_deWCtXpT (a218af6c-9e85-4439-b8c4-2d465089a247)
2019-10-29 00:51:55.146 13785 RALLYDEBUG rally_openstack.cleanup.manager [-] Deleting neutron.port object s_rally_eb48b176_UF3q4PnR (a58d1c4a-0ab8-4d26-bd0b-528f1d142fb2)
2019-10-29 00:51:55.156 13785 RALLYDEBUG rally_openstack.cleanup.manager [-] Deleting neutron.port object s_rally_eb48b176_BLr7vQBg (c30c43d8-6877-42e1-8ec0-271a2e2e3103)
2019-10-29 00:51:55.164 13785 RALLYDEBUG rally_openstack.cleanup.manager [-] Deleting neutron.port object s_rally_eb48b176_tRLqj5pa (d7dd1a8f-0e24-40ed-b73a-0e43ae67fb2f)
2019-10-29 00:51:55.168 13785 RALLYDEBUG rally_openstack.cleanup.manager [-] Deleting neutron.port object s_rally_eb48b176_0bZp0HdX (dc4cb268-55e8-4367-93f4-adb20c033ed2)
2019-10-29 00:51:58.116 13785 RALLYDEBUG rally_openstack.cleanup.manager [-] Cleaning up neutron subnet objects
2019-10-29 00:51:59.601 13785 RALLYDEBUG rally_openstack.cleanup.manager [-] Cleaning up neutron network objects
2019-10-29 00:52:01.295 13785 RALLYDEBUG rally_openstack.cleanup.manager [-] Cleaning up neutron router objects
2019-10-29 00:52:02.493 13785 RALLYDEBUG rally_openstack.cleanup.manager [-] Cleaning up neutron security_group objects
2019-10-29 00:52:03.709 13785 INFO rally.task.context [-] Task 897543c6-dc99-4806-82ba-1812f9669aad | Context cleanup@openstack cleanup() finished in 16.75 sec
2019-10-29 00:52:03.709 13785 INFO rally.task.context [-] Task 897543c6-dc99-4806-82ba-1812f9669aad | Context network@openstack cleanup() started
2019-10-29 00:52:14.224 13785 INFO rally.task.context [-] Task 897543c6-dc99-4806-82ba-1812f9669aad | Context network@openstack cleanup() finished in 10.51 sec
2019-10-29 00:52:14.225 13785 INFO rally.task.context [-] Task 897543c6-dc99-4806-82ba-1812f9669aad | Context quotas@openstack cleanup() started
2019-10-29 00:52:14.402 13785 INFO rally.task.context [-] Task 897543c6-dc99-4806-82ba-1812f9669aad | Context quotas@openstack cleanup() finished in 0.18 sec
2019-10-29 00:52:14.402 13785 INFO rally.task.context [-] Task 897543c6-dc99-4806-82ba-1812f9669aad | Context users@openstack cleanup() started
2019-10-29 00:52:18.862 13785 INFO rally.task.context [-] Task 897543c6-dc99-4806-82ba-1812f9669aad | Context users@openstack cleanup() finished in 4.46 sec
2019-10-29 00:52:19.329 13785 INFO rally.task.engine [-] Load duration is: 5.840258
2019-10-29 00:52:19.330 13785 INFO rally.task.engine [-] Full runner duration is: 5.88487
2019-10-29 00:52:19.330 13785 INFO rally.task.engine [-] Full duration is: 43.742401
2019-10-29 00:52:19.631 13785 INFO rally.task.engine [-] Running workload: position = 0 config = { "version": 2, "title": "A cropped version of a bigger task.", "description": "Auto-generated task from a single workload (uuid=77491221-df30-41b1-b71e-d6af2cce7ec5)", "subtasks": [ { "title": "NeutronNetworks.create_and_show_routers", "description": "Create and show a given number of routers.", "scenario": { "NeutronNetworks.create_and_show_routers": { "subnets_per_network": 2 } }, "contexts": { "users": { "tenants": 3, "users_per_tenant": 2 }, "quotas": { "neutron": { "network": -1, "subnet": -1, "router": -1 } } }, "runner": { "constant": { "concurrency": 4, "times": 10 } }, "hooks": [], "sla": { "failure_rate": { "max": 0 } } } ] }
2019-10-29 00:52:19.656 13785 RALLYDEBUG rally_openstack.contexts.keystone.users [-] Creating 3 tenants using 20 threads
2019-10-29 00:52:20.658 13785 RALLYDEBUG rally_openstack.contexts.keystone.users [-] Creating 6 users using 20 threads
2019-10-29 00:52:22.255 13785 INFO rally.task.context [-] Task 897543c6-dc99-4806-82ba-1812f9669aad | Context users@openstack setup() finished in 2.60 sec
2019-10-29 00:52:23.100 13785 INFO rally.task.context [-] Task 897543c6-dc99-4806-82ba-1812f9669aad | Context quotas@openstack setup() finished in 0.84 sec
2019-10-29 00:52:23.100 13785 INFO rally.task.context [-] Task 897543c6-dc99-4806-82ba-1812f9669aad | Context cleanup@openstack setup() finished in 0.01 msec
2019-10-29 00:52:23.109 13785 RALLYDEBUG rally.task.runner [-] Starting the constant runner (task UUID: 897543c6-dc99-4806-82ba-1812f9669aad). times: 10 concurrency: 4 timeout: 0 max_cpu_used: 16 processes_to_start: 4 concurrency_per_worker: 1 concurrency_overhead: 0
2019-10-29 00:52:23.120 19801 RALLYDEBUG rally.task.runner [-] Starting a worker. times: 10 duration: None concurrency: 1 timeout: 0 cls: method_name: run args: {"subnets_per_network": 2}
2019-10-29 00:52:23.124 19802 RALLYDEBUG rally.task.runner [-] Starting a worker. times: 10 duration: None concurrency: 1 timeout: 0 cls: method_name: run args: {"subnets_per_network": 2}
2019-10-29 00:52:23.127 19801 INFO rally.task.runner [-] Task 897543c6-dc99-4806-82ba-1812f9669aad | ITER: 1 START
2019-10-29 00:52:23.127 19803 RALLYDEBUG rally.task.runner [-] Starting a worker. times: 10 duration: None concurrency: 1 timeout: 0 cls: method_name: run args: {"subnets_per_network": 2}
2019-10-29 00:52:23.130 19802 INFO rally.task.runner [-] Task 897543c6-dc99-4806-82ba-1812f9669aad | ITER: 2 START
2019-10-29 00:52:23.130 19804 RALLYDEBUG rally.task.runner [-] Starting a worker. times: 10 duration: None concurrency: 1 timeout: 0 cls: method_name: run args: {"subnets_per_network": 2}
2019-10-29 00:52:23.133 19803 INFO rally.task.runner [-] Task 897543c6-dc99-4806-82ba-1812f9669aad | ITER: 3 START
2019-10-29 00:52:23.137 19804 INFO rally.task.runner [-] Task 897543c6-dc99-4806-82ba-1812f9669aad | ITER: 4 START
2019-10-29 00:52:23.803 19803 RALLYDEBUG rally_openstack.wrappers.network [-] CIDR generated: 10.2.75.0/24
2019-10-29 00:52:23.815 19802 RALLYDEBUG rally_openstack.wrappers.network [-] CIDR generated: 10.2.76.0/24
2019-10-29 00:52:23.879 19804 RALLYDEBUG rally_openstack.wrappers.network [-] CIDR generated: 10.2.77.0/24
2019-10-29 00:52:24.456 19804 RALLYDEBUG rally_openstack.wrappers.network [-] CIDR generated: 10.2.78.0/24
2019-10-29 00:52:24.521 19801 RALLYDEBUG rally_openstack.wrappers.network [-] CIDR generated: 10.2.79.0/24
2019-10-29 00:52:24.758 19803 RALLYDEBUG rally_openstack.wrappers.network [-] CIDR generated: 10.2.80.0/24
2019-10-29 00:52:24.846 19802 RALLYDEBUG rally_openstack.wrappers.network [-] CIDR generated: 10.2.81.0/24
2019-10-29 00:52:25.455 19801 RALLYDEBUG rally_openstack.wrappers.network [-] CIDR generated: 10.2.82.0/24
2019-10-29 00:52:29.104 19804 INFO rally.task.runner [-] Task 897543c6-dc99-4806-82ba-1812f9669aad | ITER: 4 END: OK
2019-10-29 00:52:29.109 19804 INFO rally.task.runner [-] Task 897543c6-dc99-4806-82ba-1812f9669aad | ITER: 5 START
2019-10-29 00:52:29.581 19804 RALLYDEBUG rally_openstack.wrappers.network [-] CIDR generated: 10.2.83.0/24
2019-10-29 00:52:29.661 19803 INFO rally.task.runner [-] Task 897543c6-dc99-4806-82ba-1812f9669aad | ITER: 3 END: OK
2019-10-29 00:52:29.666 19803 INFO rally.task.runner [-] Task 897543c6-dc99-4806-82ba-1812f9669aad | ITER: 6 START
2019-10-29 00:52:30.172 19803 RALLYDEBUG rally_openstack.wrappers.network [-] CIDR generated: 10.2.84.0/24
2019-10-29 00:52:30.352 19802 INFO rally.task.runner [-] Task 897543c6-dc99-4806-82ba-1812f9669aad | ITER: 2 END: OK
2019-10-29 00:52:30.357 19802 INFO rally.task.runner [-] Task 897543c6-dc99-4806-82ba-1812f9669aad | ITER: 7 START
2019-10-29 00:52:30.370 19804 RALLYDEBUG rally_openstack.wrappers.network [-] CIDR generated: 10.2.85.0/24
2019-10-29 00:52:30.836 19802 RALLYDEBUG rally_openstack.wrappers.network [-] CIDR generated: 10.2.86.0/24
2019-10-29 00:52:30.848 19803 RALLYDEBUG rally_openstack.wrappers.network [-] CIDR generated: 10.2.87.0/24
2019-10-29 00:52:31.768 19802 RALLYDEBUG rally_openstack.wrappers.network [-] CIDR generated: 10.2.88.0/24
2019-10-29 00:52:31.790 19801 INFO rally.task.runner [-] Task 897543c6-dc99-4806-82ba-1812f9669aad | ITER: 1 END: OK
2019-10-29 00:52:31.794 19801 INFO rally.task.runner [-] Task 897543c6-dc99-4806-82ba-1812f9669aad | ITER: 8 START
2019-10-29 00:52:32.589 19801 RALLYDEBUG rally_openstack.wrappers.network [-] CIDR generated: 10.2.89.0/24
2019-10-29 00:52:33.201 19801 RALLYDEBUG rally_openstack.wrappers.network [-] CIDR generated: 10.2.90.0/24
2019-10-29 00:52:36.929 19803 INFO rally.task.runner [-] Task 897543c6-dc99-4806-82ba-1812f9669aad | ITER: 6 END: OK
2019-10-29 00:52:36.933 19803 INFO rally.task.runner [-] Task 897543c6-dc99-4806-82ba-1812f9669aad | ITER: 9 START
2019-10-29 00:52:36.977 19804 INFO rally.task.runner [-] Task 897543c6-dc99-4806-82ba-1812f9669aad | ITER: 5 END: OK
2019-10-29 00:52:36.980 19804 INFO rally.task.runner [-] Task 897543c6-dc99-4806-82ba-1812f9669aad | ITER: 10 START
2019-10-29 00:52:37.372 19802 INFO rally.task.runner [-] Task 897543c6-dc99-4806-82ba-1812f9669aad | ITER: 7 END: OK
2019-10-29 00:52:37.450 19803 RALLYDEBUG rally_openstack.wrappers.network [-] CIDR generated: 10.2.91.0/24
2019-10-29 00:52:37.463 19804 RALLYDEBUG rally_openstack.wrappers.network [-] CIDR generated: 10.2.92.0/24
2019-10-29 00:52:38.055 19804 RALLYDEBUG rally_openstack.wrappers.network [-] CIDR generated: 10.2.93.0/24
2019-10-29 00:52:38.173 19803 RALLYDEBUG rally_openstack.wrappers.network [-] CIDR generated: 10.2.94.0/24
2019-10-29 00:52:38.495 19801 INFO rally.task.runner [-] Task 897543c6-dc99-4806-82ba-1812f9669aad | ITER: 8 END: OK
2019-10-29 00:52:43.178 19803 INFO rally.task.runner [-] Task 897543c6-dc99-4806-82ba-1812f9669aad | ITER: 9 END: OK
2019-10-29 00:52:43.345 19804 INFO rally.task.runner [-] Task 897543c6-dc99-4806-82ba-1812f9669aad | ITER: 10 END: OK
2019-10-29 00:52:43.377 13785 INFO rally.task.context [-] Task 897543c6-dc99-4806-82ba-1812f9669aad | Context cleanup@openstack cleanup() started
2019-10-29 00:52:43.380 13785 RALLYDEBUG rally_openstack.cleanup.manager [-] Cleaning up neutron vip objects
2019-10-29 00:52:44.528 13785 RALLYDEBUG rally_openstack.cleanup.manager [-] Cleaning up neutron health_monitor objects
2019-10-29 00:52:45.615 13785 RALLYDEBUG rally_openstack.cleanup.manager [-] Cleaning up neutron pool objects
2019-10-29 00:52:46.681 13785 RALLYDEBUG rally_openstack.cleanup.manager [-] Cleaning up neutron loadbalancer objects
2019-10-29 00:52:47.729 13785 RALLYDEBUG rally_openstack.cleanup.manager [-] Cleaning up neutron floatingip objects
2019-10-29 00:52:48.887 13785 RALLYDEBUG rally_openstack.cleanup.manager [-] Cleaning up neutron trunk objects
2019-10-29 00:52:49.984 13785 RALLYDEBUG rally_openstack.cleanup.manager [-] Cleaning up neutron port objects
2019-10-29 00:52:51.608 13785 RALLYDEBUG rally_openstack.cleanup.manager [-] Deleting neutron.port object s_rally_77491221_1dkIxWJu (58af96ac-f42e-4465-bdd7-5bf6d82148fe)
2019-10-29 00:52:51.617 13785 RALLYDEBUG rally_openstack.cleanup.manager [-] Deleting neutron.port object s_rally_77491221_OqDzHVZa (40ac4e3c-5f08-4ed7-b685-6fcff41eca0c)
2019-10-29 00:52:51.626 13785 RALLYDEBUG rally_openstack.cleanup.manager [-] Deleting neutron.port object s_rally_77491221_NNN0bFMc (77810491-a806-42b2-8636-be3be5bcd870)
2019-10-29 00:52:51.637 13785 RALLYDEBUG rally_openstack.cleanup.manager [-] Deleting neutron.port object s_rally_77491221_EKNb5Hkp (7c432bcb-e4a9-47be-bbfe-0655f82756ad)
2019-10-29 00:52:51.653 13785 RALLYDEBUG rally_openstack.cleanup.manager [-] Deleting neutron.port object s_rally_77491221_3ab9t4Js (9a29a79a-a423-4f8d-bf3e-d94ee836a21e)
2019-10-29 00:52:51.670 13785 RALLYDEBUG rally_openstack.cleanup.manager [-] Deleting neutron.port object s_rally_77491221_Bqs6KElv (a8081126-6cbf-4740-b0c9-5082104988ee)
2019-10-29 00:52:51.685 13785 RALLYDEBUG rally_openstack.cleanup.manager [-] Deleting neutron.port object s_rally_77491221_WEAT2YAD (bac94d54-a334-4055-be54-10b0b2206205)
2019-10-29 00:52:51.706 13785 RALLYDEBUG rally_openstack.cleanup.manager [-] Deleting neutron.port object s_rally_77491221_bLLeCxTN (e8ee02c7-39b9-4e72-a906-891a247763ba)
2019-10-29 00:52:51.714 13785 RALLYDEBUG rally_openstack.cleanup.manager [-] Deleting neutron.port object s_rally_77491221_Tr3e7MgZ (0a63a0c3-e256-4119-a191-a0f7dabcc6d5)
2019-10-29 00:52:51.719 13785 RALLYDEBUG rally_openstack.cleanup.manager [-] Deleting neutron.port object s_rally_77491221_RfnEblzJ (0de77be6-2888-4d7c-99ba-48c79a79530e)
2019-10-29 00:52:51.724 13785 RALLYDEBUG rally_openstack.cleanup.manager [-] Deleting neutron.port object s_rally_77491221_WC8JQuVZ (1bf73958-6124-47ac-9604-6f4def838f3f)
2019-10-29 00:52:51.751 13785 RALLYDEBUG rally_openstack.cleanup.manager [-] Deleting neutron.port object s_rally_77491221_GxSIrTOj (22bf902c-9bfd-4279-810a-20eed5dfc56a)
2019-10-29 00:52:51.771 13785 RALLYDEBUG rally_openstack.cleanup.manager [-] Deleting neutron.port object s_rally_77491221_tKsgM3xJ (35be1309-8350-4891-8e3a-f6f38edf13a4)
2019-10-29 00:52:51.790 13785 RALLYDEBUG rally_openstack.cleanup.manager [-] Deleting neutron.port object s_rally_77491221_mPQVAKlP (4c6fb5d9-dea3-47f8-8f66-51ff98e40308)
2019-10-29 00:52:51.801 13785 RALLYDEBUG rally_openstack.cleanup.manager [-] Deleting neutron.port object s_rally_77491221_19zConNK (66ca67ef-0fbe-4f0f-9f47-65f6a3a9b659)
2019-10-29 00:52:51.804 13785 RALLYDEBUG rally_openstack.cleanup.manager [-] Deleting neutron.port object s_rally_77491221_cmX9XCSe (6b779f93-93ba-4027-9019-e6888c07e8af)
2019-10-29 00:52:51.809 13785 RALLYDEBUG rally_openstack.cleanup.manager [-] Deleting neutron.port object s_rally_77491221_mLamV1dp (758bf2d8-4279-45b0-bf94-1ea85f20a6ab)
2019-10-29 00:52:51.815 13785 RALLYDEBUG rally_openstack.cleanup.manager [-] Deleting neutron.port object s_rally_77491221_AhaY5RSP (83b3f357-2e01-4771-866f-43cee8cbc7c3)
2019-10-29 00:52:51.844 13785 RALLYDEBUG rally_openstack.cleanup.manager [-] Deleting neutron.port object s_rally_77491221_88Q0mkjy (8a1fb74d-880a-4ae6-a2df-440aa3b303c1)
2019-10-29 00:52:51.885 13785 RALLYDEBUG rally_openstack.cleanup.manager [-] Deleting neutron.port object s_rally_77491221_1OhA05sx (df92d797-a2cc-4b6b-820d-bf1856ac8b00)
2019-10-29 00:52:57.691 13785 RALLYDEBUG rally_openstack.cleanup.manager [-] Cleaning up neutron subnet objects
2019-10-29 00:52:58.926 13785 RALLYDEBUG rally_openstack.cleanup.manager [-] Deleting neutron.subnet object s_rally_77491221_2fCb0txE (0616ba95-1eab-4a76-87d1-9839a21c52e9)
2019-10-29 00:52:58.935 13785 RALLYDEBUG rally_openstack.cleanup.manager [-] Deleting neutron.subnet object s_rally_77491221_QaStrP1i (76df7a13-1991-4424-bf48-a4df8b289aa3)
2019-10-29 00:52:58.939 13785 RALLYDEBUG rally_openstack.cleanup.manager [-] Deleting neutron.subnet object s_rally_77491221_f96wBJNT (86c1812a-9fd1-4eb7-b6c4-0224b12b6385)
2019-10-29 00:52:58.947 13785 RALLYDEBUG rally_openstack.cleanup.manager [-] Deleting neutron.subnet object s_rally_77491221_FF34unvi (8c02895a-426c-4e84-a210-05a38b2105ee)
2019-10-29 00:52:58.962 13785 RALLYDEBUG rally_openstack.cleanup.manager [-] Deleting neutron.subnet object s_rally_77491221_1TYKv6vB (a437b776-bf09-447d-b8c1-8127b530b950)
2019-10-29 00:52:58.969 13785 RALLYDEBUG rally_openstack.cleanup.manager [-] Deleting neutron.subnet object s_rally_77491221_aKzAFUYT (b349d154-4300-49c6-8f37-545cbdd3bae4)
2019-10-29 00:52:58.981 13785 RALLYDEBUG rally_openstack.cleanup.manager [-] Deleting neutron.subnet object s_rally_77491221_qgiFYX1K (d62d6913-d7c6-4760-a77d-f9690dd9da05)
2019-10-29 00:52:59.000 13785 RALLYDEBUG rally_openstack.cleanup.manager [-] Deleting neutron.subnet object s_rally_77491221_QngxVRRs (d8f48e1b-6a05-4785-a5fa-2971b633f9fd)
2019-10-29 00:52:59.010 13785 RALLYDEBUG rally_openstack.cleanup.manager [-] Deleting neutron.subnet object s_rally_77491221_NsTAVkXj (16ecbc82-db71-419a-ada8-63e6b024d4b9)
2019-10-29 00:52:59.022 13785 RALLYDEBUG rally_openstack.cleanup.manager [-] Deleting neutron.subnet object s_rally_77491221_tCIlcmX7 (2f5faa1c-99c5-4988-bc11-7fbf61c27cad)
2019-10-29 00:52:59.036 13785 RALLYDEBUG rally_openstack.cleanup.manager [-] Deleting neutron.subnet object s_rally_77491221_0QvPrz7P (385d58d7-98f5-4811-b536-2f46f0f8b96a)
2019-10-29 00:52:59.052 13785 RALLYDEBUG rally_openstack.cleanup.manager [-] Deleting neutron.subnet object s_rally_77491221_xZYGxMch (3b5e184a-35a3-4a9b-aed8-4e561e609bf6)
2019-10-29 00:52:59.067 13785 RALLYDEBUG rally_openstack.cleanup.manager [-] Deleting neutron.subnet object s_rally_77491221_VIl5AlWC (439ae5ae-fa9c-4355-9fbf-f1f29bd12a85)
2019-10-29 00:52:59.089 13785 RALLYDEBUG rally_openstack.cleanup.manager [-] Deleting neutron.subnet object s_rally_77491221_zIZB1Uad (47a89cb4-b94e-43bc-aaac-baf21f1c776b)
2019-10-29 00:52:59.094 13785 RALLYDEBUG rally_openstack.cleanup.manager [-] Deleting neutron.subnet object s_rally_77491221_5c9P2yXk (64bf158f-a8f2-4e05-b917-19c53e6ce179)
2019-10-29 00:52:59.104 13785 RALLYDEBUG rally_openstack.cleanup.manager [-] Deleting neutron.subnet object s_rally_77491221_BwvNXlQB (8f5f5316-085d-4a0d-b0c3-dd7002bc4995)
2019-10-29 00:52:59.116 13785 RALLYDEBUG rally_openstack.cleanup.manager [-] Deleting neutron.subnet object s_rally_77491221_VweuIQxt (92a775f8-a18a-459c-abbd-3ae52d3a0d53)
2019-10-29 00:52:59.123 13785 RALLYDEBUG rally_openstack.cleanup.manager [-] Deleting neutron.subnet object s_rally_77491221_KjILaGPc (940288bd-3fa5-4792-a731-d1b5c35eabe9)
2019-10-29 00:52:59.131 13785 RALLYDEBUG rally_openstack.cleanup.manager [-] Deleting neutron.subnet object s_rally_77491221_mBi689wM (ac2cf5ca-256d-4ae4-97a9-a9fdf61a76b9)
2019-10-29 00:52:59.144 13785 RALLYDEBUG rally_openstack.cleanup.manager [-] Deleting neutron.subnet object s_rally_77491221_2rGdld11 (dda74f2c-fe51-47b8-b3d3-cc12559c7cfe)
2019-10-29 00:53:06.748 13785 RALLYDEBUG rally_openstack.cleanup.manager [-] Cleaning up neutron network objects
2019-10-29 00:53:08.284 13785 RALLYDEBUG rally_openstack.cleanup.manager [-] Deleting neutron.network object s_rally_77491221_6rHjGOAS (84e1b3e4-0345-4419-8d3b-85d9688788c6)
2019-10-29 00:53:08.294 13785 RALLYDEBUG rally_openstack.cleanup.manager [-] Deleting neutron.network object s_rally_77491221_xch3Gdlg (b4afa691-9eaf-45f1-837f-6936d8607de0)
2019-10-29 00:53:08.303 13785 RALLYDEBUG rally_openstack.cleanup.manager [-] Deleting neutron.network object s_rally_77491221_eNNvVC3d (df0e63aa-77ba-4147-80c2-bf28326062ac)
2019-10-29 00:53:08.312 13785 RALLYDEBUG rally_openstack.cleanup.manager [-] Deleting neutron.network object s_rally_77491221_7gAoC4HG (eb72b9e4-d84b-4910-bdc3-2ad31fc8b403)
2019-10-29 00:53:08.322 13785 RALLYDEBUG rally_openstack.cleanup.manager [-] Deleting neutron.network object s_rally_77491221_n2o2Xtjz (406ee880-f699-44bf-acbc-df82938131e0)
2019-10-29 00:53:08.331 13785 RALLYDEBUG rally_openstack.cleanup.manager [-] Deleting neutron.network object s_rally_77491221_qB6E3JVo (6bdc6b18-9f9d-4baf-991b-a26b81dbed60)
2019-10-29 00:53:08.340 13785 RALLYDEBUG rally_openstack.cleanup.manager [-] Deleting neutron.network object s_rally_77491221_kknthU1L (7f146123-3436-4ee4-8f29-5ca1bdede3db)
2019-10-29 00:53:08.349 13785 RALLYDEBUG rally_openstack.cleanup.manager [-] Deleting neutron.network object s_rally_77491221_3yHL2gYA (9a111d36-3b12-4d19-ab49-4a50efd43900)
2019-10-29 00:53:08.380 13785 RALLYDEBUG rally_openstack.cleanup.manager [-] Deleting neutron.network object s_rally_77491221_HJWANloY (bd293f0f-3b23-4b43-a6f2-66ddc8e495f8)
2019-10-29 00:53:08.386 13785 RALLYDEBUG rally_openstack.cleanup.manager [-] Deleting neutron.network object s_rally_77491221_PVzP9PKW (d2356d18-8b4f-4370-a7e8-d723f42321bb)
2019-10-29 00:53:11.254 13785 RALLYDEBUG rally_openstack.cleanup.manager [-] Cleaning up neutron router objects
2019-10-29 00:53:12.906 13785 RALLYDEBUG rally_openstack.cleanup.manager [-] Deleting neutron.router object s_rally_77491221_bLLeCxTN (05d52ec5-551d-4d01-ad29-031975bcc271)
2019-10-29 00:53:12.915 13785 RALLYDEBUG rally_openstack.cleanup.manager [-] Deleting neutron.router object s_rally_77491221_OqDzHVZa (09fc7da3-ddb3-4f2f-8edb-a870f392fa99)
2019-10-29 00:53:12.924 13785 RALLYDEBUG rally_openstack.cleanup.manager [-] Deleting neutron.router object s_rally_77491221_3ab9t4Js (180e7b3b-6ea8-4c8f-847c-7e8948e81578)
2019-10-29 00:53:12.928 13785 RALLYDEBUG rally_openstack.cleanup.manager [-] Deleting neutron.router object s_rally_77491221_NNN0bFMc (36602d7e-5ba8-4c24-b86b-235fbd9c9525)
2019-10-29 00:53:12.939 13785 RALLYDEBUG rally_openstack.cleanup.manager [-] Deleting neutron.router object s_rally_77491221_Bqs6KElv (8122b1f6-5196-4f44-920d-b08d439b8ced)
2019-10-29 00:53:12.954 13785 RALLYDEBUG rally_openstack.cleanup.manager [-] Deleting neutron.router object s_rally_77491221_WEAT2YAD (98c7502f-9a9c-4087-87e3-6a013296f6a8)
2019-10-29 00:53:12.978 13785 RALLYDEBUG rally_openstack.cleanup.manager [-] Deleting neutron.router object s_rally_77491221_1dkIxWJu (9ad504bd-c6a2-4eb1-9adc-696c2d8011e9)
2019-10-29 00:53:12.983 13785 RALLYDEBUG rally_openstack.cleanup.manager [-] Deleting neutron.router object s_rally_77491221_EKNb5Hkp (9d23b0ec-55f4-4889-9f32-a8d27ab9c2ae)
2019-10-29 00:53:12.993 13785 RALLYDEBUG rally_openstack.cleanup.manager [-] Deleting neutron.router object s_rally_77491221_88Q0mkjy (0fd919f6-6224-4b96-89b7-492de854ab62)
2019-10-29 00:53:13.007 13785 RALLYDEBUG rally_openstack.cleanup.manager [-] Deleting neutron.router object s_rally_77491221_GxSIrTOj (1481377b-fe45-4a4c-aa60-71cef3be6710)
2019-10-29 00:53:13.028 13785 RALLYDEBUG rally_openstack.cleanup.manager [-] Deleting neutron.router object s_rally_77491221_1OhA05sx (3f1b3963-d27a-4fa8-88e4-01ab60533e92)
2019-10-29 00:53:13.046 13785 RALLYDEBUG rally_openstack.cleanup.manager [-] Deleting neutron.router object s_rally_77491221_AhaY5RSP (635020a0-ba50-4541-9309-17d4ffa8d4de)
2019-10-29 00:53:13.058 13785 RALLYDEBUG rally_openstack.cleanup.manager [-] Deleting neutron.router object s_rally_77491221_19zConNK (770db495-0d6d-493f-8d0f-ea9767ac9cfa)
2019-10-29 00:53:13.072 13785 RALLYDEBUG rally_openstack.cleanup.manager [-] Deleting neutron.router object s_rally_77491221_Tr3e7MgZ (854db0af-a4b3-4aed-9af3-4776df4797ce)
2019-10-29 00:53:13.087 13785 RALLYDEBUG rally_openstack.cleanup.manager [-] Deleting neutron.router object s_rally_77491221_tKsgM3xJ (b31fe745-7070-4e42-a4cf-435d2cb87733)
2019-10-29 00:53:13.098 13785 RALLYDEBUG rally_openstack.cleanup.manager [-] Deleting neutron.router object s_rally_77491221_RfnEblzJ (b72d8660-4bc8-47b1-b786-f6d161cc609e)
2019-10-29 00:53:13.112 13785 RALLYDEBUG rally_openstack.cleanup.manager [-] Deleting neutron.router object s_rally_77491221_mPQVAKlP (e9071133-815b-41d0-b074-49275aeed0d5)
2019-10-29 00:53:13.121 13785 RALLYDEBUG rally_openstack.cleanup.manager [-] Deleting neutron.router object s_rally_77491221_mLamV1dp (ebf8373c-72d2-4446-b37b-7b672fe5b446)
2019-10-29 00:53:13.128 13785 RALLYDEBUG rally_openstack.cleanup.manager [-] Deleting neutron.router object s_rally_77491221_WC8JQuVZ (f6a91473-b6f9-4baf-962e-93fc70d09bf0)
2019-10-29 00:53:13.135 13785 RALLYDEBUG rally_openstack.cleanup.manager [-] Deleting neutron.router object s_rally_77491221_cmX9XCSe (f711b3fb-ec34-4bb3-9a6b-24e87c253609)
2019-10-29 00:53:15.581 13785 RALLYDEBUG rally_openstack.cleanup.manager [-] Cleaning up neutron security_group objects
2019-10-29 00:53:16.883 13785 INFO rally.task.context [-] Task 897543c6-dc99-4806-82ba-1812f9669aad | Context cleanup@openstack cleanup() finished in 33.51 sec
2019-10-29 00:53:16.884 13785 INFO rally.task.context [-] Task 897543c6-dc99-4806-82ba-1812f9669aad | Context quotas@openstack cleanup() started
2019-10-29 00:53:17.070 13785 INFO rally.task.context [-] Task 897543c6-dc99-4806-82ba-1812f9669aad | Context quotas@openstack cleanup() finished in 0.19 sec
2019-10-29 00:53:17.070 13785 INFO rally.task.context [-] Task 897543c6-dc99-4806-82ba-1812f9669aad | Context users@openstack cleanup() started
2019-10-29 00:53:21.293 13785 INFO rally.task.context [-] Task 897543c6-dc99-4806-82ba-1812f9669aad | Context users@openstack cleanup() finished in 4.22 sec
2019-10-29 00:53:22.018 13785 INFO rally.task.engine [-] Load duration is: 20.216899
2019-10-29 00:53:22.019 13785 INFO rally.task.engine [-] Full runner duration is: 20.268611
2019-10-29 00:53:22.019 13785 INFO rally.task.engine [-] Full duration is: 61.639102
2019-10-29 00:53:22.351 13785 INFO rally.task.engine [-] Running workload: position = 0 config = { "version": 2, "title": "A cropped version of a bigger task.", "description": "Auto-generated task from a single workload (uuid=b3c72a97-68fa-4038-bfe3-2728f917ced6)", "subtasks": [ { "title": "NeutronNetworks.create_and_show_subnets", "description": "Create and show a subnet details.", "scenario": { "NeutronNetworks.create_and_show_subnets": { "subnets_per_network": 2 } }, "contexts": { "users": { "tenants": 3, "users_per_tenant": 2 }, "network": { "router": {} }, "quotas": { "neutron": { "network": -1, "subnet": -1 } } }, "runner": { "constant": { "concurrency": 4, "times": 10 } }, "hooks": [], "sla": { "failure_rate": { "max": 0 } } } ] }
2019-10-29 00:53:22.377 13785 RALLYDEBUG rally_openstack.contexts.keystone.users [-] Creating 3 tenants using 20 threads
2019-10-29 00:53:23.306 13785 RALLYDEBUG rally_openstack.contexts.keystone.users [-] Creating 6 users using 20 threads
2019-10-29 00:53:25.095 13785 INFO rally.task.context [-] Task 897543c6-dc99-4806-82ba-1812f9669aad | Context users@openstack setup() finished in 2.72 sec
2019-10-29 00:53:25.988 13785 INFO rally.task.context [-] Task 897543c6-dc99-4806-82ba-1812f9669aad | Context quotas@openstack setup() finished in 0.89 sec
2019-10-29 00:53:26.604 13785 RALLYDEBUG rally_openstack.wrappers.network [-] CIDR generated: 10.2.95.0/24
2019-10-29 00:53:27.473 13785 RALLYDEBUG rally_openstack.wrappers.network [-] CIDR generated: 10.2.96.0/24
2019-10-29 00:53:28.308 13785 RALLYDEBUG rally_openstack.wrappers.network [-] CIDR generated: 10.2.97.0/24
2019-10-29 00:53:29.149 13785 INFO rally.task.context [-] Task 897543c6-dc99-4806-82ba-1812f9669aad | Context network@openstack setup() finished in 3.16 sec
2019-10-29 00:53:29.150 13785 INFO rally.task.context [-] Task 897543c6-dc99-4806-82ba-1812f9669aad | Context cleanup@openstack setup() finished in 0.01 msec
2019-10-29 00:53:29.158 13785 RALLYDEBUG rally.task.runner [-] Starting the constant runner (task UUID: 897543c6-dc99-4806-82ba-1812f9669aad). times: 10 concurrency: 4 timeout: 0 max_cpu_used: 16 processes_to_start: 4 concurrency_per_worker: 1 concurrency_overhead: 0
2019-10-29 00:53:29.170 20125 RALLYDEBUG rally.task.runner [-] Starting a worker. times: 10 duration: None concurrency: 1 timeout: 0 cls: method_name: run args: {"subnets_per_network": 2}
2019-10-29 00:53:29.174 20126 RALLYDEBUG rally.task.runner [-] Starting a worker. times: 10 duration: None concurrency: 1 timeout: 0 cls: method_name: run args: {"subnets_per_network": 2}
2019-10-29 00:53:29.178 20125 INFO rally.task.runner [-] Task 897543c6-dc99-4806-82ba-1812f9669aad | ITER: 1 START
2019-10-29 00:53:29.178 20127 RALLYDEBUG rally.task.runner [-] Starting a worker. times: 10 duration: None concurrency: 1 timeout: 0 cls: method_name: run args: {"subnets_per_network": 2}
2019-10-29 00:53:29.180 20125 RALLYDEBUG rally_openstack.wrappers.network [-] CIDR generated: 10.2.98.0/24
2019-10-29 00:53:29.181 20126 INFO rally.task.runner [-] Task 897543c6-dc99-4806-82ba-1812f9669aad | ITER: 2 START
2019-10-29 00:53:29.181 20129 RALLYDEBUG rally.task.runner [-] Starting a worker. times: 10 duration: None concurrency: 1 timeout: 0 cls: method_name: run args: {"subnets_per_network": 2}
2019-10-29 00:53:29.183 20126 RALLYDEBUG rally_openstack.wrappers.network [-] CIDR generated: 10.2.99.0/24
2019-10-29 00:53:29.185 20127 INFO rally.task.runner [-] Task 897543c6-dc99-4806-82ba-1812f9669aad | ITER: 3 START
2019-10-29 00:53:29.188 20127 RALLYDEBUG rally_openstack.wrappers.network [-] CIDR generated: 10.2.100.0/24
2019-10-29 00:53:29.188 20129 INFO rally.task.runner [-] Task 897543c6-dc99-4806-82ba-1812f9669aad | ITER: 4 START
2019-10-29 00:53:29.191 20129 RALLYDEBUG rally_openstack.wrappers.network [-] CIDR generated: 10.2.101.0/24
2019-10-29 00:53:30.198 20126 RALLYDEBUG rally_openstack.wrappers.network [-] CIDR generated: 10.2.102.0/24
2019-10-29 00:53:30.410 20125 RALLYDEBUG rally_openstack.wrappers.network [-] CIDR generated: 10.2.103.0/24
2019-10-29 00:53:30.465 20127 RALLYDEBUG rally_openstack.wrappers.network [-] CIDR generated: 10.2.104.0/24
2019-10-29 00:53:30.471 20129 RALLYDEBUG rally_openstack.wrappers.network [-] CIDR generated: 10.2.105.0/24
2019-10-29 00:53:31.027 20126 INFO rally.task.runner [-] Task 897543c6-dc99-4806-82ba-1812f9669aad | ITER: 2 END: OK
2019-10-29 00:53:31.031 20126 INFO rally.task.runner [-] Task 897543c6-dc99-4806-82ba-1812f9669aad | ITER: 5 START
2019-10-29 00:53:31.033 20126 RALLYDEBUG rally_openstack.wrappers.network [-] CIDR generated: 10.2.106.0/24
