2019-10-29 00:39:50.363 11675 INFO rally.task.context [-] Task b0964c00-161c-4763-823c-62b41e451487 | Context users@openstack cleanup() started
2019-10-29 00:39:53.145 11675 INFO rally.task.context [-] Task b0964c00-161c-4763-823c-62b41e451487 | Context users@openstack cleanup() finished in 2.78 sec
2019-10-29 00:39:54.299 11675 INFO rally.task.engine [-] Load duration is: 3.286336
2019-10-29 00:39:54.299 11675 INFO rally.task.engine [-] Full runner duration is: 4.631069
2019-10-29 00:39:54.300 11675 INFO rally.task.engine [-] Full duration is: 14.940906
2019-10-29 00:39:54.601 11675 INFO rally.task.engine [-] Running workload: position = 0 config = { "version": 2, "title": "A cropped version of a bigger task.", "description": "Auto-generated task from a single workload (uuid=eb49e9a5-529f-4c25-8423-969be75e9b27)", "subtasks": [ { "title": "KeystoneBasic.create_and_list_users", "description": "Create a keystone user with random name and list all users.", "scenario": { "KeystoneBasic.create_and_list_users": {} }, "contexts": {}, "runner": { "constant": { "concurrency": 4, "times": 10 } }, "hooks": [], "sla": { "failure_rate": { "max": 0 } } } ] }
2019-10-29 00:39:54.624 11675 RALLYDEBUG rally_openstack.contexts.keystone.users [-] Creating 1 tenants using 20 threads
2019-10-29 00:39:55.534 11675 RALLYDEBUG rally_openstack.contexts.keystone.users [-] Creating 1 users using 20 threads
2019-10-29 00:39:57.022 11675 INFO rally.task.context [-] Task b0964c00-161c-4763-823c-62b41e451487 | Context users@openstack setup() finished in 2.40 sec
2019-10-29 00:39:57.023 11675 INFO rally.task.context [-] Task b0964c00-161c-4763-823c-62b41e451487 | Context admin_cleanup@openstack setup() finished in 0.01 msec
2019-10-29 00:39:57.031 11675 RALLYDEBUG rally.task.runner [-] Starting the constant runner (task UUID: b0964c00-161c-4763-823c-62b41e451487). times: 10 concurrency: 4 timeout: 0 max_cpu_used: 16 processes_to_start: 4 concurrency_per_worker: 1 concurrency_overhead: 0
2019-10-29 00:39:57.044 13455 RALLYDEBUG rally.task.runner [-] Starting a worker. times: 10 duration: None concurrency: 1 timeout: 0 cls: method_name: run args: {}
2019-10-29 00:39:57.047 13456 RALLYDEBUG rally.task.runner [-] Starting a worker. times: 10 duration: None concurrency: 1 timeout: 0 cls: method_name: run args: {}
2019-10-29 00:39:57.049 13455 INFO rally.task.runner [-] Task b0964c00-161c-4763-823c-62b41e451487 | ITER: 1 START
2019-10-29 00:39:57.051 13457 RALLYDEBUG rally.task.runner [-] Starting a worker. times: 10 duration: None concurrency: 1 timeout: 0 cls: method_name: run args: {}
2019-10-29 00:39:57.054 13456 INFO rally.task.runner [-] Task b0964c00-161c-4763-823c-62b41e451487 | ITER: 2 START
2019-10-29 00:39:57.055 13460 RALLYDEBUG rally.task.runner [-] Starting a worker. times: 10 duration: None concurrency: 1 timeout: 0 cls: method_name: run args: {}
2019-10-29 00:39:57.056 13457 INFO rally.task.runner [-] Task b0964c00-161c-4763-823c-62b41e451487 | ITER: 3 START
2019-10-29 00:39:57.060 13460 INFO rally.task.runner [-] Task b0964c00-161c-4763-823c-62b41e451487 | ITER: 4 START
2019-10-29 00:39:58.599 13457 INFO rally.task.runner [-] Task b0964c00-161c-4763-823c-62b41e451487 | ITER: 3 END: OK
2019-10-29 00:39:58.600 13455 INFO rally.task.runner [-] Task b0964c00-161c-4763-823c-62b41e451487 | ITER: 1 END: OK
2019-10-29 00:39:58.603 13457 INFO rally.task.runner [-] Task b0964c00-161c-4763-823c-62b41e451487 | ITER: 5 START
2019-10-29 00:39:58.603 13455 INFO rally.task.runner [-] Task b0964c00-161c-4763-823c-62b41e451487 | ITER: 6 START
2019-10-29 00:39:58.603 13460 INFO rally.task.runner [-] Task b0964c00-161c-4763-823c-62b41e451487 | ITER: 4 END: OK
2019-10-29 00:39:58.607 13460 INFO rally.task.runner [-] Task b0964c00-161c-4763-823c-62b41e451487 | ITER: 7 START
2019-10-29 00:39:58.616 13456 INFO rally.task.runner [-] Task b0964c00-161c-4763-823c-62b41e451487 | ITER: 2 END: OK
2019-10-29 00:39:58.620 13456 INFO rally.task.runner [-] Task b0964c00-161c-4763-823c-62b41e451487 | ITER: 8 START
2019-10-29 00:40:00.068 13455 INFO rally.task.runner [-] Task b0964c00-161c-4763-823c-62b41e451487 | ITER: 6 END: OK
2019-10-29 00:40:00.068 13460 INFO rally.task.runner [-] Task b0964c00-161c-4763-823c-62b41e451487 | ITER: 7 END: OK
2019-10-29 00:40:00.069 13457 INFO rally.task.runner [-] Task b0964c00-161c-4763-823c-62b41e451487 | ITER: 5 END: OK
2019-10-29 00:40:00.070 13456 INFO rally.task.runner [-] Task b0964c00-161c-4763-823c-62b41e451487 | ITER: 8 END: OK
2019-10-29 00:40:00.071 13460 INFO rally.task.runner [-] Task b0964c00-161c-4763-823c-62b41e451487 | ITER: 10 START
2019-10-29 00:40:00.071 13455 INFO rally.task.runner [-] Task b0964c00-161c-4763-823c-62b41e451487 | ITER: 9 START
2019-10-29 00:40:01.565 13455 INFO rally.task.runner [-] Task b0964c00-161c-4763-823c-62b41e451487 | ITER: 9 END: OK
2019-10-29 00:40:01.572 13460 INFO rally.task.runner [-] Task b0964c00-161c-4763-823c-62b41e451487 | ITER: 10 END: OK
2019-10-29 00:40:01.602 11675 INFO rally.task.context [-] Task b0964c00-161c-4763-823c-62b41e451487 | Context admin_cleanup@openstack cleanup() started
2019-10-29 00:40:01.606 11675 RALLYDEBUG rally_openstack.cleanup.manager [-] Cleaning up keystone user objects
2019-10-29 00:40:02.349 11675 RALLYDEBUG rally_openstack.cleanup.manager [-] Deleting keystone.user object s_rally_eb49e9a5_RsxeCZ3c (23dcf37affed4134a5822dbac04f7dc4)
2019-10-29 00:40:02.359 11675 RALLYDEBUG rally_openstack.cleanup.manager [-] Deleting keystone.user object s_rally_eb49e9a5_wfKYCtNS (2812be46b4a24105b7295f41b1332996)
2019-10-29 00:40:02.368 11675 RALLYDEBUG rally_openstack.cleanup.manager [-] Deleting keystone.user object s_rally_eb49e9a5_0fUGe6pY (38d3162b4c534b9f94644ca580b8fb03)
2019-10-29 00:40:02.389 11675 RALLYDEBUG rally_openstack.cleanup.manager [-] Deleting keystone.user object s_rally_eb49e9a5_2FLjPuyf (42f3f503fc194069ae1155c13357887a)
2019-10-29 00:40:02.412 11675 RALLYDEBUG rally_openstack.cleanup.manager [-] Deleting keystone.user object s_rally_eb49e9a5_c8zfAg7m (4c3db188e3d647789992e61477589131)
2019-10-29 00:40:02.437 11675 RALLYDEBUG rally_openstack.cleanup.manager [-] Deleting keystone.user object s_rally_eb49e9a5_KRyFEZDH (836e13b8551c4723a422e6b4434f4b42)
2019-10-29 00:40:02.449 11675 RALLYDEBUG rally_openstack.cleanup.manager [-] Deleting keystone.user object s_rally_eb49e9a5_0sHuLBnC (8ddcfa466987439db6794f769b91371b)
2019-10-29 00:40:02.476 11675 RALLYDEBUG rally_openstack.cleanup.manager [-] Deleting keystone.user object s_rally_eb49e9a5_ktZg2O1h (9fa4f23537aa45559cd07f51959584c1)
2019-10-29 00:40:02.481 11675 RALLYDEBUG rally_openstack.cleanup.manager [-] Deleting keystone.user object s_rally_eb49e9a5_TCZcZhZI (bdf5bb06855c4aeabc7df4aa05bc13d7)
2019-10-29 00:40:02.506 11675 RALLYDEBUG rally_openstack.cleanup.manager [-] Deleting keystone.user object s_rally_eb49e9a5_zP9rm4SN (f6b002d4ef6c436c879bac427db93ef6)
2019-10-29 00:40:04.569 11675 RALLYDEBUG rally_openstack.cleanup.manager [-] Cleaning up keystone project objects
2019-10-29 00:40:05.489 11675 RALLYDEBUG rally_openstack.cleanup.manager [-] Cleaning up keystone service objects
2019-10-29 00:40:06.262 11675 RALLYDEBUG rally_openstack.cleanup.manager [-] Cleaning up keystone role objects
2019-10-29 00:40:06.992 11675 INFO rally.task.context [-] Task b0964c00-161c-4763-823c-62b41e451487 | Context admin_cleanup@openstack cleanup() finished in 5.39 sec
2019-10-29 00:40:06.993 11675 INFO rally.task.context [-] Task b0964c00-161c-4763-823c-62b41e451487 | Context users@openstack cleanup() started
2019-10-29 00:40:09.771 11675 INFO rally.task.context [-] Task b0964c00-161c-4763-823c-62b41e451487 | Context users@openstack cleanup() finished in 2.78 sec
2019-10-29 00:40:10.712 11675 INFO rally.task.engine [-] Load duration is: 3.223944
2019-10-29 00:40:10.712 11675 INFO rally.task.engine [-] Full runner duration is: 4.571082
2019-10-29 00:40:10.713 11675 INFO rally.task.engine [-] Full duration is: 15.148796
2019-10-29 00:40:11.102 11675 INFO rally.task.engine [-] Running workload: position = 0 config = { "version": 2, "title": "A cropped version of a bigger task.", "description": "Auto-generated task from a single workload (uuid=e63d5034-66f5-4c3f-991d-8b9e5f1b7ca1)", "subtasks": [ { "title": "KeystoneBasic.create_tenant_with_users", "description": "Create a keystone tenant and several users belonging to it.", "scenario": { "KeystoneBasic.create_tenant_with_users": { "users_per_tenant": 10 } }, "contexts": {}, "runner": { "constant": { "concurrency": 4, "times": 10 } }, "hooks": [], "sla": { "failure_rate": { "max": 0 } } } ] }
2019-10-29 00:40:11.126 11675 RALLYDEBUG rally_openstack.contexts.keystone.users [-] Creating 1 tenants using 20 threads
2019-10-29 00:40:12.052 11675 RALLYDEBUG rally_openstack.contexts.keystone.users [-] Creating 1 users using 20 threads
2019-10-29 00:40:13.397 11675 INFO rally.task.context [-] Task b0964c00-161c-4763-823c-62b41e451487 | Context users@openstack setup() finished in 2.27 sec
2019-10-29 00:40:13.398 11675 INFO rally.task.context [-] Task b0964c00-161c-4763-823c-62b41e451487 | Context admin_cleanup@openstack setup() finished in 0.01 msec
2019-10-29 00:40:13.406 11675 RALLYDEBUG rally.task.runner [-] Starting the constant runner (task UUID: b0964c00-161c-4763-823c-62b41e451487). times: 10 concurrency: 4 timeout: 0 max_cpu_used: 16 processes_to_start: 4 concurrency_per_worker: 1 concurrency_overhead: 0
2019-10-29 00:40:13.418 13639 RALLYDEBUG rally.task.runner [-] Starting a worker. times: 10 duration: None concurrency: 1 timeout: 0 cls: method_name: run args: {"users_per_tenant": 10}
2019-10-29 00:40:13.422 13640 RALLYDEBUG rally.task.runner [-] Starting a worker. times: 10 duration: None concurrency: 1 timeout: 0 cls: method_name: run args: {"users_per_tenant": 10}
2019-10-29 00:40:13.424 13639 INFO rally.task.runner [-] Task b0964c00-161c-4763-823c-62b41e451487 | ITER: 1 START
2019-10-29 00:40:13.425 13641 RALLYDEBUG rally.task.runner [-] Starting a worker. times: 10 duration: None concurrency: 1 timeout: 0 cls: method_name: run args: {"users_per_tenant": 10}
2019-10-29 00:40:13.427 13640 INFO rally.task.runner [-] Task b0964c00-161c-4763-823c-62b41e451487 | ITER: 2 START
2019-10-29 00:40:13.428 13644 RALLYDEBUG rally.task.runner [-] Starting a worker. times: 10 duration: None concurrency: 1 timeout: 0 cls: method_name: run args: {"users_per_tenant": 10}
2019-10-29 00:40:13.430 13641 INFO rally.task.runner [-] Task b0964c00-161c-4763-823c-62b41e451487 | ITER: 3 START
2019-10-29 00:40:13.433 13644 INFO rally.task.runner [-] Task b0964c00-161c-4763-823c-62b41e451487 | ITER: 4 START
2019-10-29 00:40:18.503 13640 INFO rally.task.runner [-] Task b0964c00-161c-4763-823c-62b41e451487 | ITER: 2 END: OK
2019-10-29 00:40:18.507 13640 INFO rally.task.runner [-] Task b0964c00-161c-4763-823c-62b41e451487 | ITER: 5 START
2019-10-29 00:40:18.692 13644 INFO rally.task.runner [-] Task b0964c00-161c-4763-823c-62b41e451487 | ITER: 4 END: OK
2019-10-29 00:40:18.694 13639 INFO rally.task.runner [-] Task b0964c00-161c-4763-823c-62b41e451487 | ITER: 1 END: OK
2019-10-29 00:40:18.695 13644 INFO rally.task.runner [-] Task b0964c00-161c-4763-823c-62b41e451487 | ITER: 6 START
2019-10-29 00:40:18.699 13639 INFO rally.task.runner [-] Task b0964c00-161c-4763-823c-62b41e451487 | ITER: 7 START
2019-10-29 00:40:18.853 13641 INFO rally.task.runner [-] Task b0964c00-161c-4763-823c-62b41e451487 | ITER: 3 END: OK
2019-10-29 00:40:18.857 13641 INFO rally.task.runner [-] Task b0964c00-161c-4763-823c-62b41e451487 | ITER: 8 START
2019-10-29 00:40:23.973 13640 INFO rally.task.runner [-] Task b0964c00-161c-4763-823c-62b41e451487 | ITER: 5 END: OK
2019-10-29 00:40:23.975 13640 INFO rally.task.runner [-] Task b0964c00-161c-4763-823c-62b41e451487 | ITER: 9 START
2019-10-29 00:40:24.067 13639 INFO rally.task.runner [-] Task b0964c00-161c-4763-823c-62b41e451487 | ITER: 7 END: OK
2019-10-29 00:40:24.070 13639 INFO rally.task.runner [-] Task b0964c00-161c-4763-823c-62b41e451487 | ITER: 10 START
2019-10-29 00:40:24.134 13644 INFO rally.task.runner [-] Task b0964c00-161c-4763-823c-62b41e451487 | ITER: 6 END: OK
2019-10-29 00:40:24.227 13641 INFO rally.task.runner [-] Task b0964c00-161c-4763-823c-62b41e451487 | ITER: 8 END: OK
2019-10-29 00:40:28.872 13640 INFO rally.task.runner [-] Task b0964c00-161c-4763-823c-62b41e451487 | ITER: 9 END: OK
2019-10-29 00:40:29.000 13639 INFO rally.task.runner [-] Task b0964c00-161c-4763-823c-62b41e451487 | ITER: 10 END: OK
2019-10-29 00:40:29.025 11675 INFO rally.task.context [-] Task b0964c00-161c-4763-823c-62b41e451487 | Context admin_cleanup@openstack cleanup() started
2019-10-29 00:40:29.032 11675 RALLYDEBUG rally_openstack.cleanup.manager [-] Cleaning up keystone user objects
2019-10-29 00:40:29.888 11675 RALLYDEBUG rally_openstack.cleanup.manager [-] Deleting keystone.user object s_rally_e63d5034_54hf2N25 (00c63a21b1744534951e340613e00b62)
2019-10-29 00:40:29.898 11675 RALLYDEBUG rally_openstack.cleanup.manager [-] Deleting keystone.user object s_rally_e63d5034_ofYfEhGH (03f12ea29a7a4873bc9537607b9667e7)
2019-10-29 00:40:29.902 11675 RALLYDEBUG rally_openstack.cleanup.manager [-] Deleting keystone.user object s_rally_e63d5034_HCX6qnlG (05c234a856f04f8e84a16c302691cce6)
2019-10-29 00:40:29.915 11675 RALLYDEBUG rally_openstack.cleanup.manager [-] Deleting keystone.user object s_rally_e63d5034_uXYM4qHP (09771ef2070d412fabc47b8c50e8e743)
2019-10-29 00:40:29.924 11675 RALLYDEBUG rally_openstack.cleanup.manager [-] Deleting keystone.user object s_rally_e63d5034_2MM0O17u (0add58b651474f10aa444be4169b4f34)
2019-10-29 00:40:29.934 11675 RALLYDEBUG rally_openstack.cleanup.manager [-] Deleting keystone.user object s_rally_e63d5034_m52fAYUu (0cc6c30968704d308d06c88982ab731b)
2019-10-29 00:40:29.938 11675 RALLYDEBUG rally_openstack.cleanup.manager [-] Deleting keystone.user object s_rally_e63d5034_dCGZ7Wyl (0e0b277f21c642fb904fe1d616f886fd)
2019-10-29 00:40:29.952 11675 RALLYDEBUG rally_openstack.cleanup.manager [-] Deleting keystone.user object s_rally_e63d5034_Lz5kWs9u (11e12d8024be4c49b398f8771d7ec96a)
2019-10-29 00:40:29.976 11675 RALLYDEBUG rally_openstack.cleanup.manager [-] Deleting keystone.user object s_rally_e63d5034_K7MKmNDd (1760dc44fd684de6961583f4e8e600ca)
2019-10-29 00:40:29.991 11675 RALLYDEBUG rally_openstack.cleanup.manager [-] Deleting keystone.user object s_rally_e63d5034_4yQwdiai (184225e5ef55483682372ccad600e0b8)
2019-10-29 00:40:29.997 11675 RALLYDEBUG rally_openstack.cleanup.manager [-] Deleting keystone.user object s_rally_e63d5034_ipehwFVF (1a8df1d859b447e7b3f62f56b7d72290)
2019-10-29 00:40:30.015 11675 RALLYDEBUG rally_openstack.cleanup.manager [-] Deleting keystone.user object s_rally_e63d5034_2Noofmdp (1acb54c17fc348a19125ddd1189d6238)
2019-10-29 00:40:30.038 11675 RALLYDEBUG rally_openstack.cleanup.manager [-] Deleting keystone.user object s_rally_e63d5034_34aau18Z (1ea6f56ed5934ba097e7709c152c229b)
2019-10-29 00:40:30.055 11675 RALLYDEBUG rally_openstack.cleanup.manager [-] Deleting keystone.user object s_rally_e63d5034_cP1Wd4wU (2a9b4bb27c7c4d6a872601105752aaaa)
2019-10-29 00:40:30.065 11675 RALLYDEBUG rally_openstack.cleanup.manager [-] Deleting keystone.user object s_rally_e63d5034_i9TvfpQI (221c9caedb334d78a4f40a59a6b19287)
2019-10-29 00:40:30.078 11675 RALLYDEBUG rally_openstack.cleanup.manager [-] Deleting keystone.user object s_rally_e63d5034_IgPnpxxs (2acbe22893b84e4f869a4884302f6695)
2019-10-29 00:40:30.082 11675 RALLYDEBUG rally_openstack.cleanup.manager [-] Deleting keystone.user object s_rally_e63d5034_jCe7bx4m (2ef90fb4a3da483296b187f1c7011c6f)
2019-10-29 00:40:30.086 11675 RALLYDEBUG rally_openstack.cleanup.manager [-] Deleting keystone.user object s_rally_e63d5034_0XXJEUwb (2fcf2030ac6f43a5a6d91f2e3bdac48d)
2019-10-29 00:40:30.092 11675 RALLYDEBUG rally_openstack.cleanup.manager [-] Deleting keystone.user object s_rally_e63d5034_cp0FrPme (3690404232ca4e02b07ef5b7de46a0f6)
2019-10-29 00:40:30.098 11675 RALLYDEBUG rally_openstack.cleanup.manager [-] Deleting keystone.user object s_rally_e63d5034_3yjGk03X (379934fef48a4ddabbc522b6634019a7)
2019-10-29 00:40:32.182 11675 RALLYDEBUG rally_openstack.cleanup.manager [-] Deleting keystone.user object s_rally_e63d5034_GUBX9joI (39d3bb28b317473da275237692ddda91)
2019-10-29 00:40:32.188 11675 RALLYDEBUG rally_openstack.cleanup.manager [-] Deleting keystone.user object s_rally_e63d5034_3zQCOB0I (3a3a556305a64c8aa8b6ab822d59fe79)
2019-10-29 00:40:32.199 11675 RALLYDEBUG rally_openstack.cleanup.manager [-] Deleting keystone.user object s_rally_e63d5034_1UCw7ptA (3b88b18066a9403bb9e7e158bf3787ff)
2019-10-29 00:40:32.210 11675 RALLYDEBUG rally_openstack.cleanup.manager [-] Deleting keystone.user object s_rally_e63d5034_rtWO4WsS (3f1701c9f799405da30eaf1167ced2c2)
2019-10-29 00:40:32.285 11675 RALLYDEBUG rally_openstack.cleanup.manager [-] Deleting keystone.user object s_rally_e63d5034_KNWsAUMv (41a7ead94d8f4b4cb3f9b805394d5a59)
2019-10-29 00:40:32.304 11675 RALLYDEBUG rally_openstack.cleanup.manager [-] Deleting keystone.user object s_rally_e63d5034_EoKJOsTQ (447eb2ec8e2648898d6462881c03f049)
2019-10-29 00:40:32.327 11675 RALLYDEBUG rally_openstack.cleanup.manager [-] Deleting keystone.user object s_rally_e63d5034_n5KQYSuW (496f1ad74339419cb3b221bd2e0a11de)
2019-10-29 00:40:32.338 11675 RALLYDEBUG rally_openstack.cleanup.manager [-] Deleting keystone.user object s_rally_e63d5034_ZtfP7fx3 (4cd9adc9014443f7b507f400f520b513)
2019-10-29 00:40:32.342 11675 RALLYDEBUG rally_openstack.cleanup.manager [-] Deleting keystone.user object s_rally_e63d5034_HjEzQ1rD (50e2a4e74a5e4e689cc35e9fa20beaec)
2019-10-29 00:40:32.350 11675 RALLYDEBUG rally_openstack.cleanup.manager [-] Deleting keystone.user object s_rally_e63d5034_IA6nCMvi (5124bf46be9949ee99a281280bfec620)
2019-10-29 00:40:32.364 11675 RALLYDEBUG rally_openstack.cleanup.manager [-] Deleting keystone.user object s_rally_e63d5034_K5VQB9hq (5412c88944a6471cbc725bc8948fc794)
2019-10-29 00:40:32.367 11675 RALLYDEBUG rally_openstack.cleanup.manager [-] Deleting keystone.user object s_rally_e63d5034_1OCh1nOV (577b59a280644014926c3a5263e570d9)
2019-10-29 00:40:32.371 11675 RALLYDEBUG rally_openstack.cleanup.manager [-] Deleting keystone.user object s_rally_e63d5034_uod5oizG (593a41998c2d4de2a411a8d2b908156c)
2019-10-29 00:40:32.375 11675 RALLYDEBUG rally_openstack.cleanup.manager [-] Deleting keystone.user object s_rally_e63d5034_9rNaCMjs (5b2b7859be404ee2a6efc741a2e86c68)
2019-10-29 00:40:32.379 11675 RALLYDEBUG rally_openstack.cleanup.manager [-] Deleting keystone.user object s_rally_e63d5034_S6JQuUpm (60cbb2a508284136b894476caa01e910)
2019-10-29 00:40:32.454 11675 RALLYDEBUG rally_openstack.cleanup.manager [-] Deleting keystone.user object s_rally_e63d5034_XZYK2FsV (621d5845dc9d4913952beed2c350d9be)
2019-10-29 00:40:32.479 11675 RALLYDEBUG rally_openstack.cleanup.manager [-] Deleting keystone.user object s_rally_e63d5034_Olf20xN4 (666b7046a5c24b68b58a8a186a8e1be1)
2019-10-29 00:40:32.524 11675 RALLYDEBUG rally_openstack.cleanup.manager [-] Deleting keystone.user object s_rally_e63d5034_T9iVfI27 (693c352823134aea8d672aec6ee0900d)
2019-10-29 00:40:32.654 11675 RALLYDEBUG rally_openstack.cleanup.manager [-] Deleting keystone.user object s_rally_e63d5034_udgWHjHw (6ac3437b4a114971b3a2bda685ab1fd5)
2019-10-29 00:40:32.694 11675 RALLYDEBUG rally_openstack.cleanup.manager [-] Deleting keystone.user object s_rally_e63d5034_YFgfBLOo (6b03043b01aa424c82c01aa2e5c6ed5f)
2019-10-29 00:40:34.154 11675 RALLYDEBUG rally_openstack.cleanup.manager [-] Deleting keystone.user object s_rally_e63d5034_IECSZ6A2 (6bd56a468fd648cd8e669428dd03ac52)
2019-10-29 00:40:34.390 11675 RALLYDEBUG rally_openstack.cleanup.manager [-] Deleting keystone.user object s_rally_e63d5034_GWz11Izy (6da75917eabe4014b0244750973f4372)
2019-10-29 00:40:34.395 11675 RALLYDEBUG rally_openstack.cleanup.manager [-] Deleting keystone.user object s_rally_e63d5034_BellVg30 (7034ffd058ef421681a0d31404e354c7)
2019-10-29 00:40:34.493 11675 RALLYDEBUG rally_openstack.cleanup.manager [-] Deleting keystone.user object s_rally_e63d5034_LL4djr93 (717221bfefaf459ba1e2b4f611ed86ad)
2019-10-29 00:40:34.503 11675 RALLYDEBUG rally_openstack.cleanup.manager [-] Deleting keystone.user object s_rally_e63d5034_4gGeoEmo (74b9f73417624e6d80b9e10bcca42aba)
2019-10-29 00:40:34.534 11675 RALLYDEBUG rally_openstack.cleanup.manager [-] Deleting keystone.user object s_rally_e63d5034_qnP1rtAY (77afdd48773e4b1ebf240d4f2760b73c)
2019-10-29 00:40:34.541 11675 RALLYDEBUG rally_openstack.cleanup.manager [-] Deleting keystone.user object s_rally_e63d5034_c8WfUoOU (78922526e9df4f1ea42178abf1555040)
2019-10-29 00:40:34.548 11675 RALLYDEBUG rally_openstack.cleanup.manager [-] Deleting keystone.user object s_rally_e63d5034_3v4PSh6s (7a5c096d290b408898a9614319adff50)
2019-10-29 00:40:34.569 11675 RALLYDEBUG rally_openstack.cleanup.manager [-] Deleting keystone.user object s_rally_e63d5034_PW4QSTOu (7aa6fb15d1174a31b014e5fbbb616906)
2019-10-29 00:40:34.679 11675 RALLYDEBUG rally_openstack.cleanup.manager [-] Deleting keystone.user object s_rally_e63d5034_9GUWGwAA (7c6cb04805944625878b765088f0520f)
2019-10-29 00:40:34.682 11675 RALLYDEBUG rally_openstack.cleanup.manager [-] Deleting keystone.user object s_rally_e63d5034_rCYD90Lm (7d74cdebc87c46aa9af956253266562e)
2019-10-29 00:40:34.691 11675 RALLYDEBUG rally_openstack.cleanup.manager [-] Deleting keystone.user object s_rally_e63d5034_NcAc9KMc (7db6693aabd84d33918575c4ff0443af)
2019-10-29 00:40:34.699 11675 RALLYDEBUG rally_openstack.cleanup.manager [-] Deleting keystone.user object s_rally_e63d5034_Ed125jGL (7ed7921e71b243b99036ed0a234a0318)
2019-10-29 00:40:34.718 11675 RALLYDEBUG rally_openstack.cleanup.manager [-] Deleting keystone.user object s_rally_e63d5034_GJVeAS3a (82c487bfca48422a93cbc2e83d3ff612)
2019-10-29 00:40:34.775 11675 RALLYDEBUG rally_openstack.cleanup.manager [-] Deleting keystone.user object s_rally_e63d5034_fRlet7PZ (88c08db9cbfa4cb6b08f432d7729aeb3)
2019-10-29 00:40:34.809 11675 RALLYDEBUG rally_openstack.cleanup.manager [-] Deleting keystone.user object s_rally_e63d5034_FwxLoOw0 (8fe4e1211cf145a2a41ddd9d03923c26)
2019-10-29 00:40:34.862 11675 RALLYDEBUG rally_openstack.cleanup.manager [-] Deleting keystone.user object s_rally_e63d5034_dj32zxOw (92ab233805174fecb77ce4f8a3d9765e)
2019-10-29 00:40:34.980 11675 RALLYDEBUG rally_openstack.cleanup.manager [-] Deleting keystone.user object s_rally_e63d5034_IrqoYGRF (92ec724724df4ea4b874b8e7a541958c)
2019-10-29 00:40:35.023 11675 RALLYDEBUG rally_openstack.cleanup.manager [-] Deleting keystone.user object s_rally_e63d5034_lH2Q1Ygu (939e632b24594a32b202ee4a854f2df8)
2019-10-29 00:40:35.129 11675 RALLYDEBUG rally_openstack.cleanup.manager [-] Deleting keystone.user object s_rally_e63d5034_JSarF4hj (9d1dce4d60fc4e688c16e939e611f44e)
2019-10-29 00:40:36.080 11675 RALLYDEBUG rally_openstack.cleanup.manager [-] Deleting keystone.user object s_rally_e63d5034_1mQFg8yA (9f223b140b97413f881d43b161e49344)
2019-10-29 00:40:36.487 11675 RALLYDEBUG rally_openstack.cleanup.manager [-] Deleting keystone.user object s_rally_e63d5034_nYGmxV68 (a3ef37ad231546ada065fdaa8041d597)
2019-10-29 00:40:36.605 11675 RALLYDEBUG rally_openstack.cleanup.manager [-] Deleting keystone.user object s_rally_e63d5034_OkdokTHf (a44491a608684a70a0a472b4b1d0de7f)
2019-10-29 00:40:36.617 11675 RALLYDEBUG rally_openstack.cleanup.manager [-] Deleting keystone.user object s_rally_e63d5034_raIWL6f3 (a9fd979f756c4be3b4158c2ccaf68dea)
2019-10-29 00:40:36.726 11675 RALLYDEBUG rally_openstack.cleanup.manager [-] Deleting keystone.user object s_rally_e63d5034_tzmiVrHN (b19884cd0c3e4e5c9af16659d5208943)
2019-10-29 00:40:36.735 11675 RALLYDEBUG rally_openstack.cleanup.manager [-] Deleting keystone.user object s_rally_e63d5034_S1eA37LE (bae3e7fe3cfd49faa1501dfedda3a129)
2019-10-29 00:40:36.817 11675 RALLYDEBUG rally_openstack.cleanup.manager [-] Deleting keystone.user object s_rally_e63d5034_GH1Vg2Yw (bbdcca726315451aaa5053bf892bc083)
2019-10-29 00:40:36.898 11675 RALLYDEBUG rally_openstack.cleanup.manager [-] Deleting keystone.user object s_rally_e63d5034_XMLC5xp7 (be0608c2e2a74ce49a5fa1e8ef8d56ee)
2019-10-29 00:40:37.015 11675 RALLYDEBUG rally_openstack.cleanup.manager [-] Deleting keystone.user object s_rally_e63d5034_D5Rn3fN9 (be459d40085846edba7b5b26c5e7a2f2)
2019-10-29 00:40:37.055 11675 RALLYDEBUG rally_openstack.cleanup.manager [-] Deleting keystone.user object s_rally_e63d5034_P1PUddOQ (c55b9a791a694d38bf97cef36f068d12)
2019-10-29 00:40:37.064 11675 RALLYDEBUG rally_openstack.cleanup.manager [-] Deleting keystone.user object s_rally_e63d5034_4ruf6L1B (c84be8cd36914d4db4df756817c1bf34)
2019-10-29 00:40:37.126 11675 RALLYDEBUG rally_openstack.cleanup.manager [-] Deleting keystone.user object s_rally_e63d5034_6r8xlkdb (c9ac40f4e40b47ef85ed7243bc1f6135)
2019-10-29 00:40:37.136 11675 RALLYDEBUG rally_openstack.cleanup.manager [-] Deleting keystone.user object s_rally_e63d5034_NgOTVk5t (cca433b0e30d4d118d49e109a9b632ad)
2019-10-29 00:40:37.159 11675 RALLYDEBUG rally_openstack.cleanup.manager [-] Deleting keystone.user object s_rally_e63d5034_BYazOGrz (cd004b9ec080498d93158f0400877310)
2019-10-29 00:40:37.257 11675 RALLYDEBUG rally_openstack.cleanup.manager [-] Deleting keystone.user object s_rally_e63d5034_TL3hKMVt (ce1419f633a544b3b7780597689a5dca)
2019-10-29 00:40:37.292 11675 RALLYDEBUG rally_openstack.cleanup.manager [-] Deleting keystone.user object s_rally_e63d5034_YARYC66x (d013bfac9b3f4b2fa56ac2fdd3805688)
2019-10-29 00:40:37.304 11675 RALLYDEBUG rally_openstack.cleanup.manager [-] Deleting keystone.user object s_rally_e63d5034_foAmgcFa (d0f4de72ca6d4583b2e9fea3999db833)
2019-10-29 00:40:37.342 11675 RALLYDEBUG rally_openstack.cleanup.manager [-] Deleting keystone.user object s_rally_e63d5034_HC7Mfh6S (d5191733fdc14776b4cd7d08599393c8)
2019-10-29 00:40:37.392 11675 RALLYDEBUG rally_openstack.cleanup.manager [-] Deleting keystone.user object s_rally_e63d5034_SMRc1Juc (d6dad158c73e488f9beaffcb9c63d898)
2019-10-29 00:40:37.427 11675 RALLYDEBUG rally_openstack.cleanup.manager [-] Deleting keystone.user object s_rally_e63d5034_BK2nzUjf (d7999844998a4d61ad5944a8821a6202)
2019-10-29 00:40:37.941 11675 RALLYDEBUG rally_openstack.cleanup.manager [-] Deleting keystone.user object s_rally_e63d5034_t3kh0vTx (db7d22eb3f21406fb473875fbefa93b6)
2019-10-29 00:40:38.344 11675 RALLYDEBUG rally_openstack.cleanup.manager [-] Deleting keystone.user object s_rally_e63d5034_AQfaicbh (dd694d3437244fe3a81da350b4288d26)
2019-10-29 00:40:38.367 11675 RALLYDEBUG rally_openstack.cleanup.manager [-] Deleting keystone.user object s_rally_e63d5034_RWi8pxYH (de748c9fbaf7428a9eabca129c7d3c49)
2019-10-29 00:40:38.658 11675 RALLYDEBUG rally_openstack.cleanup.manager [-] Deleting keystone.user object s_rally_e63d5034_Uz1nuc6H (df212ef895434247b8e6aabe08759382)
2019-10-29 00:40:38.672 11675 RALLYDEBUG rally_openstack.cleanup.manager [-] Deleting keystone.user object s_rally_e63d5034_qZgeO3MU (dfddcdb2e3704cf4bfc4441823d6d81b)
2019-10-29 00:40:38.680 11675 RALLYDEBUG rally_openstack.cleanup.manager [-] Deleting keystone.user object s_rally_e63d5034_kfGCcnOk (e0a0f93dc2cd4b8a993b74c981437f31)
2019-10-29 00:40:38.698 11675 RALLYDEBUG rally_openstack.cleanup.manager [-] Deleting keystone.user object s_rally_e63d5034_dfXbfMYs (e2191c4562a0426295139b29332ce0e8)
2019-10-29 00:40:38.967 11675 RALLYDEBUG rally_openstack.cleanup.manager [-] Deleting keystone.user object s_rally_e63d5034_YJcf8NTS (e445582d09e14746b3ee2263594900c8)
2019-10-29 00:40:38.988 11675 RALLYDEBUG rally_openstack.cleanup.manager [-] Deleting keystone.user object s_rally_e63d5034_LqjkmVkt (e69c4e2666774ec9a29fd9cb6b8be85d)
2019-10-29 00:40:39.039 11675 RALLYDEBUG rally_openstack.cleanup.manager [-] Deleting keystone.user object s_rally_e63d5034_Bg0tyZLy (e89be5b7817e4277a72c71ec1c45a8a0)
2019-10-29 00:40:39.144 11675 RALLYDEBUG rally_openstack.cleanup.manager [-] Deleting keystone.user object s_rally_e63d5034_PBBWTKHN (eb0e811fff674a389da780e5c16ee953)
2019-10-29 00:40:39.370 11675 RALLYDEBUG rally_openstack.cleanup.manager [-] Deleting keystone.user object s_rally_e63d5034_28VZiNVE (ecde104640084fbf9a0b8915bba9a774)
2019-10-29 00:40:39.410 11675 RALLYDEBUG rally_openstack.cleanup.manager [-] Deleting keystone.user object s_rally_e63d5034_cWI2POH5 (ed05fffc8e254a7dbec2218c140e011a)
2019-10-29 00:40:39.427 11675 RALLYDEBUG rally_openstack.cleanup.manager [-] Deleting keystone.user object s_rally_e63d5034_AadPl6dB (ef46bb85ee5a49ce9c3dfc12f024e1f3)
2019-10-29 00:40:39.432 11675 RALLYDEBUG rally_openstack.cleanup.manager [-] Deleting keystone.user object s_rally_e63d5034_3zGcWKGK (f07ad9586df94c77a1ac186ad3fe032d)
2019-10-29 00:40:39.434 11675 RALLYDEBUG rally_openstack.cleanup.manager [-] Deleting keystone.user object s_rally_e63d5034_dW4inxbj (f41db22f18b748eb9cd17fe66ca07e9f)
2019-10-29 00:40:39.439 11675 RALLYDEBUG rally_openstack.cleanup.manager [-] Deleting keystone.user object s_rally_e63d5034_Uqtsbq5h (f585309d2ee643ff904cd9d09c0a66a7)
2019-10-29 00:40:39.455 11675 RALLYDEBUG rally_openstack.cleanup.manager [-] Deleting keystone.user object s_rally_e63d5034_kJKtTWFo (f9355061fb174ae79a1ea4267f322fec)
2019-10-29 00:40:39.464 11675 RALLYDEBUG rally_openstack.cleanup.manager [-] Deleting keystone.user object s_rally_e63d5034_6O7BCwvA (fab4922d029a4d689ad5534abcc837dd)
2019-10-29 00:40:39.470 11675 RALLYDEBUG rally_openstack.cleanup.manager [-] Deleting keystone.user object s_rally_e63d5034_qNNPqVfO (fe0b0c8ed0744867a6bdde89e2bf0836)
2019-10-29 00:40:41.753 11675 RALLYDEBUG rally_openstack.cleanup.manager [-] Cleaning up keystone project objects
2019-10-29 00:40:42.521 11675 RALLYDEBUG rally_openstack.cleanup.manager [-] Deleting keystone.project object s_rally_e63d5034_wlshtpFj (37dd6915a1384eba9de583ec107dccfe)
2019-10-29 00:40:42.530 11675 RALLYDEBUG rally_openstack.cleanup.manager [-] Deleting keystone.project object s_rally_e63d5034_SvyKqjux (3b84997f9e4a486a91b21a7cc330725c)
2019-10-29 00:40:42.539 11675 RALLYDEBUG rally_openstack.cleanup.manager [-] Deleting keystone.project object s_rally_e63d5034_8rnlc95b (78d62988946542b4a99ffc61e4f407f8)
2019-10-29 00:40:42.548 11675 RALLYDEBUG rally_openstack.cleanup.manager [-] Deleting keystone.project object s_rally_e63d5034_Tri8QrQr (7eaeb80bd192469ca46419a6a0ee9e31)
2019-10-29 00:40:42.553 11675 RALLYDEBUG rally_openstack.cleanup.manager [-] Deleting keystone.project object s_rally_e63d5034_fRqfUuKq (8168fda4d858498d8eeef85a717a8468)
2019-10-29 00:40:42.580 11675 RALLYDEBUG rally_openstack.cleanup.manager [-] Deleting keystone.project object s_rally_e63d5034_G1Lit44h (be651f1f074a4b9aa21bba358e74acab)
2019-10-29 00:40:42.581 11675 RALLYDEBUG rally_openstack.cleanup.manager [-] Deleting keystone.project object s_rally_e63d5034_gRUVN80w (86808f7d5e7e4455819df1bd1ee5b014)
2019-10-29 00:40:42.586 11675 RALLYDEBUG rally_openstack.cleanup.manager [-] Deleting keystone.project object s_rally_e63d5034_2fh1xC4B (eb56bb9a59d1415d928cd7ec66541dc5)
2019-10-29 00:40:42.589 11675 RALLYDEBUG rally_openstack.cleanup.manager [-] Deleting keystone.project object s_rally_e63d5034_ymtFY7Mi (f12ec0b196a14efb8a70245d994cb969)
2019-10-29 00:40:42.600 11675 RALLYDEBUG rally_openstack.cleanup.manager [-] Deleting keystone.project object s_rally_e63d5034_ZMJSUx9X (fe2a8dcf3dc9423ca85a725b1d0243eb)
2019-10-29 00:40:44.861 11675 RALLYDEBUG rally_openstack.cleanup.manager [-] Cleaning up keystone service objects
2019-10-29 00:40:45.674 11675 RALLYDEBUG rally_openstack.cleanup.manager [-] Cleaning up keystone role objects
2019-10-29 00:40:46.408 11675 INFO rally.task.context [-] Task b0964c00-161c-4763-823c-62b41e451487 | Context admin_cleanup@openstack cleanup() finished in 17.38 sec
2019-10-29 00:40:46.408 11675 INFO rally.task.context [-] Task b0964c00-161c-4763-823c-62b41e451487 | Context users@openstack cleanup() started
2019-10-29 00:40:49.215 11675 INFO rally.task.context [-] Task b0964c00-161c-4763-823c-62b41e451487 | Context users@openstack cleanup() finished in 2.81 sec
2019-10-29 00:40:49.594 11675 INFO rally.task.engine [-] Load duration is: 14.263082
2019-10-29 00:40:49.594 11675 INFO rally.task.engine [-] Full runner duration is: 15.61865
2019-10-29 00:40:49.595 11675 INFO rally.task.engine [-] Full duration is: 38.091485
2019-10-29 00:40:49.916 11675 INFO rally.task.engine [-] Task b0964c00-161c-4763-823c-62b41e451487 | Completed: Running task.
2019-10-29 00:40:51.409 13781 RALLYDEBUG rally.api [-] INFO logs from urllib3 and requests module are hide.
2019-10-29 00:40:51.410 13781 RALLYDEBUG rally.api [-] urllib3 insecure warnings are hidden.
2019-10-29 00:40:51.410 13781 RALLYDEBUG rally.api [-] ERROR log from boto module is hide.
2019-10-29 00:40:52.706 13782 RALLYDEBUG rally.api [-] INFO logs from urllib3 and requests module are hide.
2019-10-29 00:40:52.706 13782 RALLYDEBUG rally.api [-] urllib3 insecure warnings are hidden.
2019-10-29 00:40:52.706 13782 RALLYDEBUG rally.api [-] ERROR log from boto module is hide.
2019-10-29 00:40:54.004 13783 RALLYDEBUG rally.api [-] INFO logs from urllib3 and requests module are hide.
2019-10-29 00:40:54.004 13783 RALLYDEBUG rally.api [-] urllib3 insecure warnings are hidden.
2019-10-29 00:40:54.004 13783 RALLYDEBUG rally.api [-] ERROR log from boto module is hide.
2019-10-29 00:40:55.439 13783 INFO rally.api [-] Building 'json' report for the following task(s): 'b0964c00-161c-4763-823c-62b41e451487'.
2019-10-29 00:40:55.466 13783 INFO rally.api [-] The report has been successfully built.
2019-10-29 00:40:56.654 13785 RALLYDEBUG rally.api [-] INFO logs from urllib3 and requests module are hide.
2019-10-29 00:40:56.654 13785 RALLYDEBUG rally.api [-] urllib3 insecure warnings are hidden.
2019-10-29 00:40:56.655 13785 RALLYDEBUG rally.api [-] ERROR log from boto module is hide.
2019-10-29 00:40:58.499 13785 INFO rally.task.engine [-] Task 897543c6-dc99-4806-82ba-1812f9669aad | Starting: Task validation.
2019-10-29 00:40:58.557 13785 INFO rally.task.engine [-] Task 897543c6-dc99-4806-82ba-1812f9669aad | Starting: Task validation of syntax.
2019-10-29 00:40:58.830 13785 INFO rally.task.engine [-] Task 897543c6-dc99-4806-82ba-1812f9669aad | Completed: Task validation of syntax.
2019-10-29 00:40:58.830 13785 INFO rally.task.engine [-] Task 897543c6-dc99-4806-82ba-1812f9669aad | Starting: Task validation of required platforms.
2019-10-29 00:40:58.935 13785 INFO rally.task.engine [-] Task 897543c6-dc99-4806-82ba-1812f9669aad | Completed: Task validation of required platforms.
2019-10-29 00:40:58.936 13785 INFO rally.task.engine [-] Task 897543c6-dc99-4806-82ba-1812f9669aad | Starting: Task validation of semantic.
2019-10-29 00:40:58.937 13785 INFO rally.task.engine [-] Check health of the environment 'fd54644d-cf90-477f-9184-e98e06bc8d2e'.
2019-10-29 00:40:59.923 13785 INFO rally.task.engine [-] Platform existing@openstack (available: True): OK!
2019-10-29 00:40:59.944 13785 RALLYDEBUG rally_openstack.contexts.keystone.users [-] Creating 1 tenants using 20 threads
2019-10-29 00:41:00.780 13785 RALLYDEBUG rally_openstack.contexts.keystone.users [-] Creating 1 users using 20 threads
2019-10-29 00:41:02.200 13785 INFO rally.task.context [-] Task 897543c6-dc99-4806-82ba-1812f9669aad | Context users@openstack setup() finished in 2.26 sec
2019-10-29 00:41:08.545 13785 INFO rally.task.context [-] Task 897543c6-dc99-4806-82ba-1812f9669aad | Context users@openstack cleanup() started
2019-10-29 00:41:11.492 13785 INFO rally.task.context [-] Task 897543c6-dc99-4806-82ba-1812f9669aad | Context users@openstack cleanup() finished in 2.95 sec
2019-10-29 00:41:11.493 13785 INFO rally.task.engine [-] Task 897543c6-dc99-4806-82ba-1812f9669aad | Completed: Task validation of semantic.
2019-10-29 00:41:11.493 13785 INFO rally.task.engine [-] Task 897543c6-dc99-4806-82ba-1812f9669aad | Completed: Task validation.
2019-10-29 00:41:11.493 13785 INFO rally.api [-] Task 897543c6-dc99-4806-82ba-1812f9669aad input file is valid.
2019-10-29 00:41:11.494 13785 INFO rally.api [-] Run Task 897543c6-dc99-4806-82ba-1812f9669aad against Deployment fd54644d-cf90-477f-9184-e98e06bc8d2e
2019-10-29 00:41:11.494 13785 INFO rally.task.engine [-] Task 897543c6-dc99-4806-82ba-1812f9669aad | Starting: Running task.
2019-10-29 00:41:11.655 13785 INFO rally.task.engine [-] Running workload: position = 0 config = { "version": 2, "title": "A cropped version of a bigger task.", "description": "Auto-generated task from a single workload (uuid=2cfd1ec5-f0ff-415e-89c7-9ed81df97221)", "subtasks": [ { "title": "NeutronNetworks.create_and_update_networks", "description": "Create and update a network.", "scenario": { "NeutronNetworks.create_and_update_networks": { "network_create_args": {}, "network_update_args": { "admin_state_up": false } } }, "contexts": { "users": { "tenants": 3, "users_per_tenant": 2 }, "quotas": { "neutron": { "network": -1 } } }, "runner": { "constant": { "concurrency": 4, "times": 10 } }, "hooks": [], "sla": { "failure_rate": { "max": 0 } } } ] }
2019-10-29 00:41:11.680 13785 RALLYDEBUG rally_openstack.contexts.keystone.users [-] Creating 3 tenants using 20 threads
2019-10-29 00:41:12.647 13785 RALLYDEBUG rally_openstack.contexts.keystone.users [-] Creating 6 users using 20 threads
2019-10-29 00:41:14.148 13785 INFO rally.task.context [-] Task 897543c6-dc99-4806-82ba-1812f9669aad | Context users@openstack setup() finished in 2.47 sec
2019-10-29 00:41:14.848 13785 INFO rally.task.context [-] Task 897543c6-dc99-4806-82ba-1812f9669aad | Context quotas@openstack setup() finished in 0.70 sec
2019-10-29 00:41:14.849 13785 INFO rally.task.context [-] Task 897543c6-dc99-4806-82ba-1812f9669aad | Context cleanup@openstack setup() finished in 0.02 msec
2019-10-29 00:41:14.858 13785 RALLYDEBUG rally.task.runner [-] Starting the constant runner (task UUID: 897543c6-dc99-4806-82ba-1812f9669aad). times: 10 concurrency: 4 timeout: 0 max_cpu_used: 16 processes_to_start: 4 concurrency_per_worker: 1 concurrency_overhead: 0
2019-10-29 00:41:14.872 13909 RALLYDEBUG rally.task.runner [-] Starting a worker. times: 10 duration: None concurrency: 1 timeout: 0 cls: method_name: run args: {"network_create_args": {}, "network_update_args": {"admin_state_up": false}}
2019-10-29 00:41:14.876 13910 RALLYDEBUG rally.task.runner [-] Starting a worker. times: 10 duration: None concurrency: 1 timeout: 0 cls: method_name: run args: {"network_create_args": {}, "network_update_args": {"admin_state_up": false}}
2019-10-29 00:41:14.878 13909 INFO rally.task.runner [-] Task 897543c6-dc99-4806-82ba-1812f9669aad | ITER: 1 START
2019-10-29 00:41:14.879 13911 RALLYDEBUG rally.task.runner [-] Starting a worker. times: 10 duration: None concurrency: 1 timeout: 0 cls: method_name: run args: {"network_create_args": {}, "network_update_args": {"admin_state_up": false}}
2019-10-29 00:41:14.882 13913 RALLYDEBUG rally.task.runner [-] Starting a worker. times: 10 duration: None concurrency: 1 timeout: 0 cls: method_name: run args: {"network_create_args": {}, "network_update_args": {"admin_state_up": false}}
2019-10-29 00:41:14.882 13910 INFO rally.task.runner [-] Task 897543c6-dc99-4806-82ba-1812f9669aad | ITER: 2 START
2019-10-29 00:41:14.885 13911 INFO rally.task.runner [-] Task 897543c6-dc99-4806-82ba-1812f9669aad | ITER: 3 START
2019-10-29 00:41:14.887 13913 INFO rally.task.runner [-] Task 897543c6-dc99-4806-82ba-1812f9669aad | ITER: 4 START
2019-10-29 00:41:15.962 13911 INFO rally.task.runner [-] Task 897543c6-dc99-4806-82ba-1812f9669aad | ITER: 3 END: OK
2019-10-29 00:41:15.967 13911 INFO rally.task.runner [-] Task 897543c6-dc99-4806-82ba-1812f9669aad | ITER: 5 START
2019-10-29 00:41:16.133 13913 INFO rally.task.runner [-] Task 897543c6-dc99-4806-82ba-1812f9669aad | ITER: 4 END: OK
2019-10-29 00:41:16.137 13913 INFO rally.task.runner [-] Task 897543c6-dc99-4806-82ba-1812f9669aad | ITER: 6 START
2019-10-29 00:41:16.218 13909 INFO rally.task.runner [-] Task 897543c6-dc99-4806-82ba-1812f9669aad | ITER: 1 END: OK
2019-10-29 00:41:16.222 13909 INFO rally.task.runner [-] Task 897543c6-dc99-4806-82ba-1812f9669aad | ITER: 7 START
2019-10-29 00:41:16.228 13910 INFO rally.task.runner [-] Task 897543c6-dc99-4806-82ba-1812f9669aad | ITER: 2 END: OK
2019-10-29 00:41:16.233 13910 INFO rally.task.runner [-] Task 897543c6-dc99-4806-82ba-1812f9669aad | ITER: 8 START
2019-10-29 00:41:17.031 13911 INFO rally.task.runner [-] Task 897543c6-dc99-4806-82ba-1812f9669aad | ITER: 5 END: OK
2019-10-29 00:41:17.036 13911 INFO rally.task.runner [-] Task 897543c6-dc99-4806-82ba-1812f9669aad | ITER: 9 START
2019-10-29 00:41:17.055 13913 INFO rally.task.runner [-] Task 897543c6-dc99-4806-82ba-1812f9669aad | ITER: 6 END: OK
2019-10-29 00:41:17.058 13913 INFO rally.task.runner [-] Task 897543c6-dc99-4806-82ba-1812f9669aad | ITER: 10 START
2019-10-29 00:41:17.141 13909 INFO rally.task.runner [-] Task 897543c6-dc99-4806-82ba-1812f9669aad | ITER: 7 END: OK
2019-10-29 00:41:17.246 13910 INFO rally.task.runner [-] Task 897543c6-dc99-4806-82ba-1812f9669aad | ITER: 8 END: OK
2019-10-29 00:41:17.971 13911 INFO rally.task.runner [-] Task 897543c6-dc99-4806-82ba-1812f9669aad | ITER: 9 END: OK
2019-10-29 00:41:18.322 13913 INFO rally.task.runner [-] Task 897543c6-dc99-4806-82ba-1812f9669aad | ITER: 10 END: OK
2019-10-29 00:41:18.350 13785 INFO rally.task.context [-] Task 897543c6-dc99-4806-82ba-1812f9669aad | Context cleanup@openstack cleanup() started
2019-10-29 00:41:18.354 13785 RALLYDEBUG rally_openstack.cleanup.manager [-] Cleaning up neutron vip objects
2019-10-29 00:41:19.635 13785 RALLYDEBUG rally_openstack.cleanup.manager [-] Cleaning up neutron health_monitor objects
2019-10-29 00:41:20.738 13785 RALLYDEBUG rally_openstack.cleanup.manager [-] Cleaning up neutron pool objects
2019-10-29 00:41:21.846 13785 RALLYDEBUG rally_openstack.cleanup.manager [-] Cleaning up neutron loadbalancer objects
2019-10-29 00:41:22.963 13785 RALLYDEBUG rally_openstack.cleanup.manager [-] Cleaning up neutron floatingip objects
2019-10-29 00:41:24.178 13785 RALLYDEBUG rally_openstack.cleanup.manager [-] Cleaning up neutron trunk objects
2019-10-29 00:41:25.369 13785 RALLYDEBUG rally_openstack.cleanup.manager [-] Cleaning up neutron port objects
2019-10-29 00:41:26.555 13785 RALLYDEBUG rally_openstack.cleanup.manager [-] Cleaning up neutron subnet objects
2019-10-29 00:41:27.736 13785 RALLYDEBUG rally_openstack.cleanup.manager [-] Cleaning up neutron network objects
2019-10-29 00:41:29.274 13785 RALLYDEBUG rally_openstack.cleanup.manager [-] Deleting neutron.network object s_rally_2cfd1ec5_zEIVVcDo (2951af28-4dd0-4b61-8863-d522969896f6)
2019-10-29 00:41:29.283 13785 RALLYDEBUG rally_openstack.cleanup.manager [-] Deleting neutron.network object s_rally_2cfd1ec5_u8O7fJdI (557ab36a-e951-4515-8689-5ed60ef17e84)
2019-10-29 00:41:29.291 13785 RALLYDEBUG rally_openstack.cleanup.manager [-] Deleting neutron.network object s_rally_2cfd1ec5_H6BVmgy6 (68d116ca-4338-416b-8fae-b0d704e899f7)
2019-10-29 00:41:29.301 13785 RALLYDEBUG rally_openstack.cleanup.manager [-] Deleting neutron.network object s_rally_2cfd1ec5_s4tjeS3X (671bc47b-1595-4e8e-87f0-7ff0ddfa12e0)
2019-10-29 00:41:29.306 13785 RALLYDEBUG rally_openstack.cleanup.manager [-] Deleting neutron.network object s_rally_2cfd1ec5_Ya4nEhDe (f1abdfcf-73ef-4e91-b879-4751866cdaaf)
2019-10-29 00:41:29.318 13785 RALLYDEBUG rally_openstack.cleanup.manager [-] Deleting neutron.network object s_rally_2cfd1ec5_okgiSHxB (27528e6d-a470-4c25-b13c-97733abc00f9)
2019-10-29 00:41:29.324 13785 RALLYDEBUG rally_openstack.cleanup.manager [-] Deleting neutron.network object s_rally_2cfd1ec5_P9Mzdveo (2c14fa5c-9883-45b0-aa6b-65fc46b17984)
2019-10-29 00:41:29.338 13785 RALLYDEBUG rally_openstack.cleanup.manager [-] Deleting neutron.network object s_rally_2cfd1ec5_xqkTlgtG (53bf1780-6d4e-450b-bb93-6ae961a82914)
2019-10-29 00:41:29.354 13785 RALLYDEBUG rally_openstack.cleanup.manager [-] Deleting neutron.network object s_rally_2cfd1ec5_GeSTLHYG (b5acdce9-b6a0-40e6-a287-911d54bbfa30)
2019-10-29 00:41:29.372 13785 RALLYDEBUG rally_openstack.cleanup.manager [-] Deleting neutron.network object s_rally_2cfd1ec5_Yyg3WtUG (d18d512c-4e52-411f-8b7b-f610e4bf054e)
2019-10-29 00:41:32.432 13785 RALLYDEBUG rally_openstack.cleanup.manager [-] Cleaning up neutron router objects
2019-10-29 00:41:33.666 13785 RALLYDEBUG rally_openstack.cleanup.manager [-] Cleaning up neutron security_group objects
2019-10-29 00:41:34.918 13785 INFO rally.task.context [-] Task 897543c6-dc99-4806-82ba-1812f9669aad | Context cleanup@openstack cleanup() finished in 16.57 sec
2019-10-29 00:41:34.919 13785 INFO rally.task.context [-] Task 897543c6-dc99-4806-82ba-1812f9669aad | Context quotas@openstack cleanup() started
2019-10-29 00:41:35.100 13785 INFO rally.task.context [-] Task 897543c6-dc99-4806-82ba-1812f9669aad | Context quotas@openstack cleanup() finished in 0.18 sec
2019-10-29 00:41:35.100 13785 INFO rally.task.context [-] Task 897543c6-dc99-4806-82ba-1812f9669aad | Context users@openstack cleanup() started
2019-10-29 00:41:39.167 13785 INFO rally.task.context [-] Task 897543c6-dc99-4806-82ba-1812f9669aad | Context users@openstack cleanup() finished in 4.07 sec
2019-10-29 00:41:39.830 13785 INFO rally.task.engine [-] Load duration is: 3.442556
2019-10-29 00:41:39.830 13785 INFO rally.task.engine [-] Full runner duration is: 3.492304
2019-10-29 00:41:39.831 13785 INFO rally.task.engine [-] Full duration is: 27.490067
2019-10-29 00:41:40.135 13785 INFO rally.task.engine [-] Running workload: position = 0 config = { "version": 2, "title": "A cropped version of a bigger task.", "description": "Auto-generated task from a single workload (uuid=3ce47588-1a7f-421a-8035-6102e3a99263)", "subtasks": [ { "title": "NeutronNetworks.create_and_update_ports", "description": "Create and update a given number of ports.", "scenario": { "NeutronNetworks.create_and_update_ports": { "network_create_args": {}, "port_create_args": {}, "port_update_args": { "admin_state_up": false, "device_id": "dummy_id", "device_owner": "dummy_owner" }, "ports_per_network": 1 } }, "contexts": { "users": { "tenants": 3, "users_per_tenant": 2 }, "network": { "router": {} }, "quotas": { "neutron": { "network": -1, "port": -1 } } }, "runner": { "constant": { "concurrency": 4, "times": 10 } }, "hooks": [], "sla": { "failure_rate": { "max": 0 } } } ] }
2019-10-29 00:41:40.163 13785 RALLYDEBUG rally_openstack.contexts.keystone.users [-] Creating 3 tenants using 20 threads
2019-10-29 00:41:41.213 13785 RALLYDEBUG rally_openstack.contexts.keystone.users [-] Creating 6 users using 20 threads
2019-10-29 00:41:42.760 13785 INFO rally.task.context [-] Task 897543c6-dc99-4806-82ba-1812f9669aad | Context users@openstack setup() finished in 2.60 sec
2019-10-29 00:41:43.594 13785 INFO rally.task.context [-] Task 897543c6-dc99-4806-82ba-1812f9669aad | Context quotas@openstack setup() finished in 0.83 sec
2019-10-29 00:41:44.453 13785 RALLYDEBUG rally_openstack.wrappers.network [-] CIDR generated: 10.2.0.0/24
2019-10-29 00:41:45.382 13785 RALLYDEBUG rally_openstack.wrappers.network [-] CIDR generated: 10.2.1.0/24
2019-10-29 00:41:46.194 13785 RALLYDEBUG rally_openstack.wrappers.network [-] CIDR generated: 10.2.2.0/24
2019-10-29 00:41:47.031 13785 INFO rally.task.context [-] Task 897543c6-dc99-4806-82ba-1812f9669aad | Context network@openstack setup() finished in 3.44 sec
2019-10-29 00:41:47.032 13785 INFO rally.task.context [-] Task 897543c6-dc99-4806-82ba-1812f9669aad | Context cleanup@openstack setup() finished in 0.02 msec
2019-10-29 00:41:47.041 13785 RALLYDEBUG rally.task.runner [-] Starting the constant runner (task UUID: 897543c6-dc99-4806-82ba-1812f9669aad). times: 10 concurrency: 4 timeout: 0 max_cpu_used: 16 processes_to_start: 4 concurrency_per_worker: 1 concurrency_overhead: 0
2019-10-29 00:41:47.053 14233 RALLYDEBUG rally.task.runner [-] Starting a worker. times: 10 duration: None concurrency: 1 timeout: 0 cls: method_name: run args: {"network_create_args": {}, "port_create_args": {}, "port_update_args": {"admin_state_up": false, "device_id": "dummy_id", "device_owner": "dummy_owner"}, "ports_per_network": 1}
2019-10-29 00:41:47.057 14234 RALLYDEBUG rally.task.runner [-] Starting a worker. times: 10 duration: None concurrency: 1 timeout: 0 cls: method_name: run args: {"network_create_args": {}, "port_create_args": {}, "port_update_args": {"admin_state_up": false, "device_id": "dummy_id", "device_owner": "dummy_owner"}, "ports_per_network": 1}
2019-10-29 00:41:47.060 14233 INFO rally.task.runner [-] Task 897543c6-dc99-4806-82ba-1812f9669aad | ITER: 1 START
2019-10-29 00:41:47.060 14235 RALLYDEBUG rally.task.runner [-] Starting a worker. times: 10 duration: None concurrency: 1 timeout: 0 cls: method_name: run args: {"network_create_args": {}, "port_create_args": {}, "port_update_args": {"admin_state_up": false, "device_id": "dummy_id", "device_owner": "dummy_owner"}, "ports_per_network": 1}
2019-10-29 00:41:47.063 14234 INFO rally.task.runner [-] Task 897543c6-dc99-4806-82ba-1812f9669aad | ITER: 2 START
2019-10-29 00:41:47.064 14236 RALLYDEBUG rally.task.runner [-] Starting a worker. times: 10 duration: None concurrency: 1 timeout: 0 cls: method_name: run args: {"network_create_args": {}, "port_create_args": {}, "port_update_args": {"admin_state_up": false, "device_id": "dummy_id", "device_owner": "dummy_owner"}, "ports_per_network": 1}
2019-10-29 00:41:47.067 14235 INFO rally.task.runner [-] Task 897543c6-dc99-4806-82ba-1812f9669aad | ITER: 3 START
2019-10-29 00:41:47.071 14236 INFO rally.task.runner [-] Task 897543c6-dc99-4806-82ba-1812f9669aad | ITER: 4 START
2019-10-29 00:41:48.544 14233 INFO rally.task.runner [-] Task 897543c6-dc99-4806-82ba-1812f9669aad | ITER: 1 END: OK
2019-10-29 00:41:48.549 14233 INFO rally.task.runner [-] Task 897543c6-dc99-4806-82ba-1812f9669aad | ITER: 5 START
