2019-10-29 00:41:49.119 14236 INFO rally.task.runner [-] Task 897543c6-dc99-4806-82ba-1812f9669aad | ITER: 4 END: OK
2019-10-29 00:41:49.124 14236 INFO rally.task.runner [-] Task 897543c6-dc99-4806-82ba-1812f9669aad | ITER: 6 START
2019-10-29 00:41:49.157 14234 INFO rally.task.runner [-] Task 897543c6-dc99-4806-82ba-1812f9669aad | ITER: 2 END: OK
2019-10-29 00:41:49.162 14234 INFO rally.task.runner [-] Task 897543c6-dc99-4806-82ba-1812f9669aad | ITER: 7 START
2019-10-29 00:41:49.431 14235 INFO rally.task.runner [-] Task 897543c6-dc99-4806-82ba-1812f9669aad | ITER: 3 END: OK
2019-10-29 00:41:49.436 14235 INFO rally.task.runner [-] Task 897543c6-dc99-4806-82ba-1812f9669aad | ITER: 8 START
2019-10-29 00:41:50.019 14233 INFO rally.task.runner [-] Task 897543c6-dc99-4806-82ba-1812f9669aad | ITER: 5 END: OK
2019-10-29 00:41:50.023 14233 INFO rally.task.runner [-] Task 897543c6-dc99-4806-82ba-1812f9669aad | ITER: 9 START
2019-10-29 00:41:50.469 14236 INFO rally.task.runner [-] Task 897543c6-dc99-4806-82ba-1812f9669aad | ITER: 6 END: OK
2019-10-29 00:41:50.472 14236 INFO rally.task.runner [-] Task 897543c6-dc99-4806-82ba-1812f9669aad | ITER: 10 START
2019-10-29 00:41:50.738 14235 INFO rally.task.runner [-] Task 897543c6-dc99-4806-82ba-1812f9669aad | ITER: 8 END: OK
2019-10-29 00:41:50.865 14234 INFO rally.task.runner [-] Task 897543c6-dc99-4806-82ba-1812f9669aad | ITER: 7 END: OK
2019-10-29 00:41:51.411 14233 INFO rally.task.runner [-] Task 897543c6-dc99-4806-82ba-1812f9669aad | ITER: 9 END: OK
2019-10-29 00:41:52.039 14236 INFO rally.task.runner [-] Task 897543c6-dc99-4806-82ba-1812f9669aad | ITER: 10 END: OK
2019-10-29 00:41:52.068 13785 INFO rally.task.context [-] Task 897543c6-dc99-4806-82ba-1812f9669aad | Context cleanup@openstack cleanup() started
2019-10-29 00:41:52.071 13785 RALLYDEBUG rally_openstack.cleanup.manager [-] Cleaning up neutron vip objects
2019-10-29 00:41:53.169 13785 RALLYDEBUG rally_openstack.cleanup.manager [-] Cleaning up neutron health_monitor objects
2019-10-29 00:41:54.274 13785 RALLYDEBUG rally_openstack.cleanup.manager [-] Cleaning up neutron pool objects
2019-10-29 00:41:55.380 13785 RALLYDEBUG rally_openstack.cleanup.manager [-] Cleaning up neutron loadbalancer objects
2019-10-29 00:41:56.498 13785 RALLYDEBUG rally_openstack.cleanup.manager [-] Cleaning up neutron floatingip objects
2019-10-29 00:41:57.996 13785 RALLYDEBUG rally_openstack.cleanup.manager [-] Cleaning up neutron trunk objects
2019-10-29 00:41:59.130 13785 RALLYDEBUG rally_openstack.cleanup.manager [-] Cleaning up neutron port objects
2019-10-29 00:42:00.460 13785 RALLYDEBUG rally_openstack.cleanup.manager [-] Deleting neutron.port object s_rally_3ce47588_NakwlJZr (358a3224-2e61-4bd6-806d-8686077ea01b)
2019-10-29 00:42:00.469 13785 RALLYDEBUG rally_openstack.cleanup.manager [-] Deleting neutron.port object s_rally_3ce47588_7vDMM5Vy (ac16f12b-a985-4b06-8140-c2feedcc8e27)
2019-10-29 00:42:00.482 13785 RALLYDEBUG rally_openstack.cleanup.manager [-] Deleting neutron.port object s_rally_3ce47588_Xg7tsChx (553d45c3-f567-4665-ab53-4385cf8e044f)
2019-10-29 00:42:00.490 13785 RALLYDEBUG rally_openstack.cleanup.manager [-] Deleting neutron.port object s_rally_3ce47588_dunw4qNF (77eb9a83-4b73-4975-b256-d1a8307c1409)
2019-10-29 00:42:00.501 13785 RALLYDEBUG rally_openstack.cleanup.manager [-] Deleting neutron.port object s_rally_3ce47588_uW9WUg4m (cbb9e973-2234-48c0-858c-665e8cb2b228)
2019-10-29 00:42:00.503 13785 RALLYDEBUG rally_openstack.cleanup.manager [-] Deleting neutron.port object s_rally_3ce47588_gS3n7lBv (c351951a-340d-44a8-98f9-b903d2be9f8f)
2019-10-29 00:42:00.519 13785 RALLYDEBUG rally_openstack.cleanup.manager [-] Deleting neutron.port object s_rally_3ce47588_QIWnFR6b (d11a5140-79e7-412b-b4ff-8c7f0ffa7ae7)
2019-10-29 00:42:00.540 13785 RALLYDEBUG rally_openstack.cleanup.manager [-] Deleting neutron.port object s_rally_3ce47588_jULx2k53 (32df0745-3e81-406d-878c-143c637d86c0)
2019-10-29 00:42:00.549 13785 RALLYDEBUG rally_openstack.cleanup.manager [-] Deleting neutron.port object s_rally_3ce47588_7kWiaUZU (553b3c71-be86-414d-ae01-84fbc4738070)
2019-10-29 00:42:00.582 13785 RALLYDEBUG rally_openstack.cleanup.manager [-] Deleting neutron.port object s_rally_3ce47588_SBFui9DF (ee471704-2a64-4aac-a622-5d39c0b1ee4f)
2019-10-29 00:42:03.763 13785 RALLYDEBUG rally_openstack.cleanup.manager [-] Cleaning up neutron subnet objects
2019-10-29 00:42:05.007 13785 RALLYDEBUG rally_openstack.cleanup.manager [-] Cleaning up neutron network objects
2019-10-29 00:42:06.416 13785 RALLYDEBUG rally_openstack.cleanup.manager [-] Cleaning up neutron router objects
2019-10-29 00:42:07.641 13785 RALLYDEBUG rally_openstack.cleanup.manager [-] Cleaning up neutron security_group objects
2019-10-29 00:42:08.865 13785 INFO rally.task.context [-] Task 897543c6-dc99-4806-82ba-1812f9669aad | Context cleanup@openstack cleanup() finished in 16.80 sec
2019-10-29 00:42:08.865 13785 INFO rally.task.context [-] Task 897543c6-dc99-4806-82ba-1812f9669aad | Context network@openstack cleanup() started
2019-10-29 00:42:20.155 13785 INFO rally.task.context [-] Task 897543c6-dc99-4806-82ba-1812f9669aad | Context network@openstack cleanup() finished in 11.29 sec
2019-10-29 00:42:20.155 13785 INFO rally.task.context [-] Task 897543c6-dc99-4806-82ba-1812f9669aad | Context quotas@openstack cleanup() started
2019-10-29 00:42:20.354 13785 INFO rally.task.context [-] Task 897543c6-dc99-4806-82ba-1812f9669aad | Context quotas@openstack cleanup() finished in 0.20 sec
2019-10-29 00:42:20.354 13785 INFO rally.task.context [-] Task 897543c6-dc99-4806-82ba-1812f9669aad | Context users@openstack cleanup() started
2019-10-29 00:42:24.831 13785 INFO rally.task.context [-] Task 897543c6-dc99-4806-82ba-1812f9669aad | Context users@openstack cleanup() finished in 4.48 sec
2019-10-29 00:42:26.425 13785 INFO rally.task.engine [-] Load duration is: 4.977431
2019-10-29 00:42:26.425 13785 INFO rally.task.engine [-] Full runner duration is: 5.027097
2019-10-29 00:42:26.426 13785 INFO rally.task.engine [-] Full duration is: 44.670507
2019-10-29 00:42:26.829 13785 INFO rally.task.engine [-] Running workload: position = 0 config = { "version": 2, "title": "A cropped version of a bigger task.", "description": "Auto-generated task from a single workload (uuid=4d778838-2eb6-4575-9572-72cefdecd62a)", "subtasks": [ { "title": "NeutronNetworks.create_and_update_routers", "description": "Create and update a given number of routers.", "scenario": { "NeutronNetworks.create_and_update_routers": { "network_create_args": {}, "router_create_args": {}, "router_update_args": { "admin_state_up": false }, "subnet_cidr_start": "1.1.0.0/30", "subnet_create_args": {}, "subnets_per_network": 1 } }, "contexts": { "users": { "tenants": 3, "users_per_tenant": 2 }, "quotas": { "neutron": { "network": -1, "subnet": -1, "port": -1, "router": -1 } } }, "runner": { "constant": { "concurrency": 4, "times": 10 } }, "hooks": [], "sla": { "failure_rate": { "max": 0 } } } ] }
2019-10-29 00:42:26.853 13785 RALLYDEBUG rally_openstack.contexts.keystone.users [-] Creating 3 tenants using 20 threads
2019-10-29 00:42:27.771 13785 RALLYDEBUG rally_openstack.contexts.keystone.users [-] Creating 6 users using 20 threads
2019-10-29 00:42:29.246 13785 INFO rally.task.context [-] Task 897543c6-dc99-4806-82ba-1812f9669aad | Context users@openstack setup() finished in 2.39 sec
2019-10-29 00:42:30.240 13785 INFO rally.task.context [-] Task 897543c6-dc99-4806-82ba-1812f9669aad | Context quotas@openstack setup() finished in 0.99 sec
2019-10-29 00:42:30.240 13785 INFO rally.task.context [-] Task 897543c6-dc99-4806-82ba-1812f9669aad | Context cleanup@openstack setup() finished in 0.01 msec
2019-10-29 00:42:30.249 13785 RALLYDEBUG rally.task.runner [-] Starting the constant runner (task UUID: 897543c6-dc99-4806-82ba-1812f9669aad). times: 10 concurrency: 4 timeout: 0 max_cpu_used: 16 processes_to_start: 4 concurrency_per_worker: 1 concurrency_overhead: 0
2019-10-29 00:42:30.261 14557 RALLYDEBUG rally.task.runner [-] Starting a worker. times: 10 duration: None concurrency: 1 timeout: 0 cls: method_name: run args: {"network_create_args": {}, "router_create_args": {}, "router_update_args": {"admin_state_up": false}, "subnet_cidr_start": "1.1.0.0/30", "subnet_create_args": {}, "subnets_per_network": 1}
2019-10-29 00:42:30.264 14558 RALLYDEBUG rally.task.runner [-] Starting a worker. times: 10 duration: None concurrency: 1 timeout: 0 cls: method_name: run args: {"network_create_args": {}, "router_create_args": {}, "router_update_args": {"admin_state_up": false}, "subnet_cidr_start": "1.1.0.0/30", "subnet_create_args": {}, "subnets_per_network": 1}
2019-10-29 00:42:30.268 14557 INFO rally.task.runner [-] Task 897543c6-dc99-4806-82ba-1812f9669aad | ITER: 1 START
2019-10-29 00:42:30.268 14559 RALLYDEBUG rally.task.runner [-] Starting a worker. times: 10 duration: None concurrency: 1 timeout: 0 cls: method_name: run args: {"network_create_args": {}, "router_create_args": {}, "router_update_args": {"admin_state_up": false}, "subnet_cidr_start": "1.1.0.0/30", "subnet_create_args": {}, "subnets_per_network": 1}
2019-10-29 00:42:30.271 14558 INFO rally.task.runner [-] Task 897543c6-dc99-4806-82ba-1812f9669aad | ITER: 2 START
2019-10-29 00:42:30.272 14560 RALLYDEBUG rally.task.runner [-] Starting a worker. times: 10 duration: None concurrency: 1 timeout: 0 cls: method_name: run args: {"network_create_args": {}, "router_create_args": {}, "router_update_args": {"admin_state_up": false}, "subnet_cidr_start": "1.1.0.0/30", "subnet_create_args": {}, "subnets_per_network": 1}
2019-10-29 00:42:30.274 14559 INFO rally.task.runner [-] Task 897543c6-dc99-4806-82ba-1812f9669aad | ITER: 3 START
2019-10-29 00:42:30.278 14560 INFO rally.task.runner [-] Task 897543c6-dc99-4806-82ba-1812f9669aad | ITER: 4 START
2019-10-29 00:42:30.932 14557 RALLYDEBUG rally_openstack.wrappers.network [-] CIDR generated: 1.1.0.12/30
2019-10-29 00:42:30.933 14558 RALLYDEBUG rally_openstack.wrappers.network [-] CIDR generated: 1.1.0.16/30
2019-10-29 00:42:30.954 14559 RALLYDEBUG rally_openstack.wrappers.network [-] CIDR generated: 1.1.0.20/30
2019-10-29 00:42:31.479 14560 RALLYDEBUG rally_openstack.wrappers.network [-] CIDR generated: 1.1.0.24/30
2019-10-29 00:42:34.078 14557 INFO rally.task.runner [-] Task 897543c6-dc99-4806-82ba-1812f9669aad | ITER: 1 END: OK
2019-10-29 00:42:34.082 14557 INFO rally.task.runner [-] Task 897543c6-dc99-4806-82ba-1812f9669aad | ITER: 5 START
2019-10-29 00:42:34.263 14558 INFO rally.task.runner [-] Task 897543c6-dc99-4806-82ba-1812f9669aad | ITER: 2 END: OK
2019-10-29 00:42:34.267 14558 INFO rally.task.runner [-] Task 897543c6-dc99-4806-82ba-1812f9669aad | ITER: 6 START
2019-10-29 00:42:34.578 14557 RALLYDEBUG rally_openstack.wrappers.network [-] CIDR generated: 1.1.0.28/30
2019-10-29 00:42:34.720 14559 INFO rally.task.runner [-] Task 897543c6-dc99-4806-82ba-1812f9669aad | ITER: 3 END: OK
2019-10-29 00:42:34.725 14559 INFO rally.task.runner [-] Task 897543c6-dc99-4806-82ba-1812f9669aad | ITER: 7 START
2019-10-29 00:42:34.847 14558 RALLYDEBUG rally_openstack.wrappers.network [-] CIDR generated: 1.1.0.32/30
2019-10-29 00:42:35.408 14560 INFO rally.task.runner [-] Task 897543c6-dc99-4806-82ba-1812f9669aad | ITER: 4 END: OK
2019-10-29 00:42:35.412 14560 INFO rally.task.runner [-] Task 897543c6-dc99-4806-82ba-1812f9669aad | ITER: 8 START
2019-10-29 00:42:35.479 14559 RALLYDEBUG rally_openstack.wrappers.network [-] CIDR generated: 1.1.0.36/30
2019-10-29 00:42:35.934 14560 RALLYDEBUG rally_openstack.wrappers.network [-] CIDR generated: 1.1.0.40/30
2019-10-29 00:42:37.966 14557 INFO rally.task.runner [-] Task 897543c6-dc99-4806-82ba-1812f9669aad | ITER: 5 END: OK
2019-10-29 00:42:37.970 14557 INFO rally.task.runner [-] Task 897543c6-dc99-4806-82ba-1812f9669aad | ITER: 9 START
2019-10-29 00:42:38.467 14557 RALLYDEBUG rally_openstack.wrappers.network [-] CIDR generated: 1.1.0.44/30
2019-10-29 00:42:38.639 14558 INFO rally.task.runner [-] Task 897543c6-dc99-4806-82ba-1812f9669aad | ITER: 6 END: OK
2019-10-29 00:42:38.643 14558 INFO rally.task.runner [-] Task 897543c6-dc99-4806-82ba-1812f9669aad | ITER: 10 START
2019-10-29 00:42:39.004 14559 INFO rally.task.runner [-] Task 897543c6-dc99-4806-82ba-1812f9669aad | ITER: 7 END: OK
2019-10-29 00:42:39.179 14560 INFO rally.task.runner [-] Task 897543c6-dc99-4806-82ba-1812f9669aad | ITER: 8 END: OK
2019-10-29 00:42:39.218 14558 RALLYDEBUG rally_openstack.wrappers.network [-] CIDR generated: 1.1.0.48/30
2019-10-29 00:42:41.856 14557 INFO rally.task.runner [-] Task 897543c6-dc99-4806-82ba-1812f9669aad | ITER: 9 END: OK
2019-10-29 00:42:42.470 14558 INFO rally.task.runner [-] Task 897543c6-dc99-4806-82ba-1812f9669aad | ITER: 10 END: OK
2019-10-29 00:42:42.499 13785 INFO rally.task.context [-] Task 897543c6-dc99-4806-82ba-1812f9669aad | Context cleanup@openstack cleanup() started
2019-10-29 00:42:42.503 13785 RALLYDEBUG rally_openstack.cleanup.manager [-] Cleaning up neutron vip objects
2019-10-29 00:42:43.597 13785 RALLYDEBUG rally_openstack.cleanup.manager [-] Cleaning up neutron health_monitor objects
2019-10-29 00:42:44.725 13785 RALLYDEBUG rally_openstack.cleanup.manager [-] Cleaning up neutron pool objects
2019-10-29 00:42:45.803 13785 RALLYDEBUG rally_openstack.cleanup.manager [-] Cleaning up neutron loadbalancer objects
2019-10-29 00:42:46.901 13785 RALLYDEBUG rally_openstack.cleanup.manager [-] Cleaning up neutron floatingip objects
2019-10-29 00:42:48.127 13785 RALLYDEBUG rally_openstack.cleanup.manager [-] Cleaning up neutron trunk objects
2019-10-29 00:42:49.308 13785 RALLYDEBUG rally_openstack.cleanup.manager [-] Cleaning up neutron port objects
2019-10-29 00:42:51.221 13785 RALLYDEBUG rally_openstack.cleanup.manager [-] Deleting neutron.port object s_rally_4d778838_W0Llx1ec (55f6e429-9266-41b2-ae96-19092deb1bc2)
2019-10-29 00:42:51.246 13785 RALLYDEBUG rally_openstack.cleanup.manager [-] Deleting neutron.port object s_rally_4d778838_nN7juPZR (93361cc4-2f08-40a7-a024-93bb7935b205)
2019-10-29 00:42:51.254 13785 RALLYDEBUG rally_openstack.cleanup.manager [-] Deleting neutron.port object s_rally_4d778838_4YNfkQRa (a5b62a54-d948-423e-8d38-bb10d7a38ee1)
2019-10-29 00:42:51.266 13785 RALLYDEBUG rally_openstack.cleanup.manager [-] Deleting neutron.port object s_rally_4d778838_FkjnDv4k (805d329a-acd6-4f9e-af60-ce91c9f2ae6a)
2019-10-29 00:42:51.275 13785 RALLYDEBUG rally_openstack.cleanup.manager [-] Deleting neutron.port object s_rally_4d778838_qqSmYDMT (fd13c1a5-5ebc-4337-8832-4b126abf78b1)
2019-10-29 00:42:51.286 13785 RALLYDEBUG rally_openstack.cleanup.manager [-] Deleting neutron.port object s_rally_4d778838_GXLsOrvT (07234962-3d88-44d6-80bc-ccfa9c5245cd)
2019-10-29 00:42:51.317 13785 RALLYDEBUG rally_openstack.cleanup.manager [-] Deleting neutron.port object s_rally_4d778838_020ueJrR (5b136f96-d89e-46fe-9b1e-f5311c8e874d)
2019-10-29 00:42:51.334 13785 RALLYDEBUG rally_openstack.cleanup.manager [-] Deleting neutron.port object s_rally_4d778838_Q0Mxb4q4 (6b4017d2-da25-4452-96d7-4b4d67d75531)
2019-10-29 00:42:51.341 13785 RALLYDEBUG rally_openstack.cleanup.manager [-] Deleting neutron.port object s_rally_4d778838_8ybwj7B0 (89c64b5d-9caa-474c-8b2a-523ea416e645)
2019-10-29 00:42:51.364 13785 RALLYDEBUG rally_openstack.cleanup.manager [-] Deleting neutron.port object s_rally_4d778838_9Wvs9fED (ae448668-4633-42f9-82f5-223dd6b63510)
2019-10-29 00:42:55.973 13785 RALLYDEBUG rally_openstack.cleanup.manager [-] Cleaning up neutron subnet objects
2019-10-29 00:42:57.261 13785 RALLYDEBUG rally_openstack.cleanup.manager [-] Deleting neutron.subnet object s_rally_4d778838_rPDHHmrV (04aeb5a0-ab19-4749-933a-0e8d99a59e80)
2019-10-29 00:42:57.271 13785 RALLYDEBUG rally_openstack.cleanup.manager [-] Deleting neutron.subnet object s_rally_4d778838_qA2IvgQL (b27ffcf2-d63a-4bae-94a6-06d5818ffbdf)
2019-10-29 00:42:57.279 13785 RALLYDEBUG rally_openstack.cleanup.manager [-] Deleting neutron.subnet object s_rally_4d778838_9XtSiOKX (2b53f5e9-3cf4-489e-ae8e-9ce8f6e579cd)
2019-10-29 00:42:57.285 13785 RALLYDEBUG rally_openstack.cleanup.manager [-] Deleting neutron.subnet object s_rally_4d778838_7S5LOEFm (76503f57-5437-4be3-9742-02ff88127ac7)
2019-10-29 00:42:57.290 13785 RALLYDEBUG rally_openstack.cleanup.manager [-] Deleting neutron.subnet object s_rally_4d778838_A1mlJYMz (c7c2b923-4f9d-499a-9dcd-684200609fe3)
2019-10-29 00:42:57.307 13785 RALLYDEBUG rally_openstack.cleanup.manager [-] Deleting neutron.subnet object s_rally_4d778838_jb6W1LIc (5a8b5ab4-e9ee-4633-95ee-d03114626e68)
2019-10-29 00:42:57.319 13785 RALLYDEBUG rally_openstack.cleanup.manager [-] Deleting neutron.subnet object s_rally_4d778838_LskhIzy5 (5bb2cf0c-bd89-4a67-92e8-967f2e129103)
2019-10-29 00:42:57.324 13785 RALLYDEBUG rally_openstack.cleanup.manager [-] Deleting neutron.subnet object s_rally_4d778838_iPHtGRFh (7b2208bd-ac88-4791-8ce6-f8b62f4a1dd6)
2019-10-29 00:42:57.332 13785 RALLYDEBUG rally_openstack.cleanup.manager [-] Deleting neutron.subnet object s_rally_4d778838_QZHuWdJJ (abcabad0-b09b-4511-801b-03f93af785f8)
2019-10-29 00:42:57.335 13785 RALLYDEBUG rally_openstack.cleanup.manager [-] Deleting neutron.subnet object s_rally_4d778838_LDjGhtKp (f3ba1aad-a1d1-4f76-891c-4932a5403c78)
2019-10-29 00:43:01.640 13785 RALLYDEBUG rally_openstack.cleanup.manager [-] Cleaning up neutron network objects
2019-10-29 00:43:02.992 13785 RALLYDEBUG rally_openstack.cleanup.manager [-] Deleting neutron.network object s_rally_4d778838_Oij8q1Q9 (22f5c1a8-4582-427b-be3d-9146ada79d17)
2019-10-29 00:43:02.995 13785 RALLYDEBUG rally_openstack.cleanup.manager [-] Deleting neutron.network object s_rally_4d778838_qQf80Fxm (2b7c61f6-a592-40a7-a926-e134948320f8)
2019-10-29 00:43:02.999 13785 RALLYDEBUG rally_openstack.cleanup.manager [-] Deleting neutron.network object s_rally_4d778838_IUpuOBC4 (001b464f-29d2-46e4-8ce6-16f353ac2fde)
2019-10-29 00:43:03.005 13785 RALLYDEBUG rally_openstack.cleanup.manager [-] Deleting neutron.network object s_rally_4d778838_3Zzc35ih (22f13f84-bae8-45f5-a7b2-c91542a4147b)
2019-10-29 00:43:03.012 13785 RALLYDEBUG rally_openstack.cleanup.manager [-] Deleting neutron.network object s_rally_4d778838_sx43HYDH (909be508-34e1-478d-b5d5-2a9932632385)
2019-10-29 00:43:03.020 13785 RALLYDEBUG rally_openstack.cleanup.manager [-] Deleting neutron.network object s_rally_4d778838_prXjgfoz (09e97627-c0e9-4aa8-97b4-bc9ad50cb1d8)
2019-10-29 00:43:03.029 13785 RALLYDEBUG rally_openstack.cleanup.manager [-] Deleting neutron.network object s_rally_4d778838_PAR2pfZa (5b0a9693-ae60-4b04-ad55-a79921338480)
2019-10-29 00:43:03.041 13785 RALLYDEBUG rally_openstack.cleanup.manager [-] Deleting neutron.network object s_rally_4d778838_HxmbTM4t (a13629e1-298c-46df-bb01-f236fa69bfb5)
2019-10-29 00:43:03.045 13785 RALLYDEBUG rally_openstack.cleanup.manager [-] Deleting neutron.network object s_rally_4d778838_AgArHIxb (ebf1c7da-531f-4f50-8b49-32c3ab96fe47)
2019-10-29 00:43:03.062 13785 RALLYDEBUG rally_openstack.cleanup.manager [-] Deleting neutron.network object s_rally_4d778838_LfI6epas (ece65559-38ab-4629-b6be-7bd6e1a8fd08)
2019-10-29 00:43:06.230 13785 RALLYDEBUG rally_openstack.cleanup.manager [-] Cleaning up neutron router objects
2019-10-29 00:43:07.625 13785 RALLYDEBUG rally_openstack.cleanup.manager [-] Deleting neutron.router object s_rally_4d778838_W0Llx1ec (38355bbb-e9e7-45d4-9eda-5f57893df6e7)
2019-10-29 00:43:07.634 13785 RALLYDEBUG rally_openstack.cleanup.manager [-] Deleting neutron.router object s_rally_4d778838_4YNfkQRa (38e69171-081f-4666-905a-84dc5d6bc9e6)
2019-10-29 00:43:07.643 13785 RALLYDEBUG rally_openstack.cleanup.manager [-] Deleting neutron.router object s_rally_4d778838_FkjnDv4k (3f6fe284-349d-4598-afb2-4ecb4a7451a7)
2019-10-29 00:43:07.652 13785 RALLYDEBUG rally_openstack.cleanup.manager [-] Deleting neutron.router object s_rally_4d778838_nN7juPZR (429b6fc0-b070-4ed1-a144-9af79385cd5c)
2019-10-29 00:43:07.661 13785 RALLYDEBUG rally_openstack.cleanup.manager [-] Deleting neutron.router object s_rally_4d778838_qqSmYDMT (f304d0ec-189d-417d-8926-f8b93a396ce6)
2019-10-29 00:43:07.675 13785 RALLYDEBUG rally_openstack.cleanup.manager [-] Deleting neutron.router object s_rally_4d778838_GXLsOrvT (5b54646f-5444-4011-842f-1e03f6347692)
2019-10-29 00:43:07.681 13785 RALLYDEBUG rally_openstack.cleanup.manager [-] Deleting neutron.router object s_rally_4d778838_8ybwj7B0 (65cfd917-4980-4a57-b2ff-6c2b0fb3578d)
2019-10-29 00:43:07.697 13785 RALLYDEBUG rally_openstack.cleanup.manager [-] Deleting neutron.router object s_rally_4d778838_020ueJrR (7a7ef4f4-3efe-48c1-b758-673222c8aa6b)
2019-10-29 00:43:07.704 13785 RALLYDEBUG rally_openstack.cleanup.manager [-] Deleting neutron.router object s_rally_4d778838_Q0Mxb4q4 (7c9b71db-32d2-4ca6-ad9f-ecde6d0d0ada)
2019-10-29 00:43:07.714 13785 RALLYDEBUG rally_openstack.cleanup.manager [-] Deleting neutron.router object s_rally_4d778838_9Wvs9fED (bd38ce4a-7dc2-4981-b6ee-0c3e7fa77ce2)
2019-10-29 00:43:09.935 13785 RALLYDEBUG rally_openstack.cleanup.manager [-] Cleaning up neutron security_group objects
2019-10-29 00:43:11.194 13785 INFO rally.task.context [-] Task 897543c6-dc99-4806-82ba-1812f9669aad | Context cleanup@openstack cleanup() finished in 28.70 sec
2019-10-29 00:43:11.195 13785 INFO rally.task.context [-] Task 897543c6-dc99-4806-82ba-1812f9669aad | Context quotas@openstack cleanup() started
2019-10-29 00:43:11.443 13785 INFO rally.task.context [-] Task 897543c6-dc99-4806-82ba-1812f9669aad | Context quotas@openstack cleanup() finished in 0.25 sec
2019-10-29 00:43:11.443 13785 INFO rally.task.context [-] Task 897543c6-dc99-4806-82ba-1812f9669aad | Context users@openstack cleanup() started
2019-10-29 00:43:15.400 13785 INFO rally.task.context [-] Task 897543c6-dc99-4806-82ba-1812f9669aad | Context users@openstack cleanup() finished in 3.96 sec
2019-10-29 00:43:17.161 13785 INFO rally.task.engine [-] Load duration is: 12.200177
2019-10-29 00:43:17.162 13785 INFO rally.task.engine [-] Full runner duration is: 12.250246
2019-10-29 00:43:17.162 13785 INFO rally.task.engine [-] Full duration is: 48.549353
2019-10-29 00:43:17.512 13785 INFO rally.task.engine [-] Running workload: position = 0 config = { "version": 2, "title": "A cropped version of a bigger task.", "description": "Auto-generated task from a single workload (uuid=650d701f-2bd9-4f32-8d57-419e4577b17d)", "subtasks": [ { "title": "NeutronNetworks.create_and_update_subnets", "description": "Create and update a subnet.", "scenario": { "NeutronNetworks.create_and_update_subnets": { "network_create_args": {}, "subnet_cidr_start": "1.4.0.0/16", "subnet_create_args": {}, "subnet_update_args": { "enable_dhcp": false }, "subnets_per_network": 1 } }, "contexts": { "users": { "tenants": 3, "users_per_tenant": 2 }, "quotas": { "neutron": { "network": -1, "subnet": -1 } } }, "runner": { "constant": { "concurrency": 4, "times": 10 } }, "hooks": [], "sla": { "failure_rate": { "max": 0 } } } ] }
2019-10-29 00:43:17.538 13785 RALLYDEBUG rally_openstack.contexts.keystone.users [-] Creating 3 tenants using 20 threads
2019-10-29 00:43:18.558 13785 RALLYDEBUG rally_openstack.contexts.keystone.users [-] Creating 6 users using 20 threads
2019-10-29 00:43:20.136 13785 INFO rally.task.context [-] Task 897543c6-dc99-4806-82ba-1812f9669aad | Context users@openstack setup() finished in 2.60 sec
2019-10-29 00:43:20.932 13785 INFO rally.task.context [-] Task 897543c6-dc99-4806-82ba-1812f9669aad | Context quotas@openstack setup() finished in 0.80 sec
2019-10-29 00:43:20.933 13785 INFO rally.task.context [-] Task 897543c6-dc99-4806-82ba-1812f9669aad | Context cleanup@openstack setup() finished in 0.01 msec
2019-10-29 00:43:20.942 13785 RALLYDEBUG rally.task.runner [-] Starting the constant runner (task UUID: 897543c6-dc99-4806-82ba-1812f9669aad). times: 10 concurrency: 4 timeout: 0 max_cpu_used: 16 processes_to_start: 4 concurrency_per_worker: 1 concurrency_overhead: 0
2019-10-29 00:43:20.954 14881 RALLYDEBUG rally.task.runner [-] Starting a worker. times: 10 duration: None concurrency: 1 timeout: 0 cls: method_name: run args: {"network_create_args": {}, "subnet_cidr_start": "1.4.0.0/16", "subnet_create_args": {}, "subnet_update_args": {"enable_dhcp": false}, "subnets_per_network": 1}
2019-10-29 00:43:20.957 14882 RALLYDEBUG rally.task.runner [-] Starting a worker. times: 10 duration: None concurrency: 1 timeout: 0 cls: method_name: run args: {"network_create_args": {}, "subnet_cidr_start": "1.4.0.0/16", "subnet_create_args": {}, "subnet_update_args": {"enable_dhcp": false}, "subnets_per_network": 1}
2019-10-29 00:43:20.961 14881 INFO rally.task.runner [-] Task 897543c6-dc99-4806-82ba-1812f9669aad | ITER: 1 START
2019-10-29 00:43:20.961 14883 RALLYDEBUG rally.task.runner [-] Starting a worker. times: 10 duration: None concurrency: 1 timeout: 0 cls: method_name: run args: {"network_create_args": {}, "subnet_cidr_start": "1.4.0.0/16", "subnet_create_args": {}, "subnet_update_args": {"enable_dhcp": false}, "subnets_per_network": 1}
2019-10-29 00:43:20.963 14882 INFO rally.task.runner [-] Task 897543c6-dc99-4806-82ba-1812f9669aad | ITER: 2 START
2019-10-29 00:43:20.964 14884 RALLYDEBUG rally.task.runner [-] Starting a worker. times: 10 duration: None concurrency: 1 timeout: 0 cls: method_name: run args: {"network_create_args": {}, "subnet_cidr_start": "1.4.0.0/16", "subnet_create_args": {}, "subnet_update_args": {"enable_dhcp": false}, "subnets_per_network": 1}
2019-10-29 00:43:20.967 14883 INFO rally.task.runner [-] Task 897543c6-dc99-4806-82ba-1812f9669aad | ITER: 3 START
2019-10-29 00:43:20.971 14884 INFO rally.task.runner [-] Task 897543c6-dc99-4806-82ba-1812f9669aad | ITER: 4 START
2019-10-29 00:43:21.610 14884 RALLYDEBUG rally_openstack.wrappers.network [-] CIDR generated: 1.17.0.0/16
2019-10-29 00:43:21.624 14881 RALLYDEBUG rally_openstack.wrappers.network [-] CIDR generated: 1.18.0.0/16
2019-10-29 00:43:21.683 14883 RALLYDEBUG rally_openstack.wrappers.network [-] CIDR generated: 1.19.0.0/16
2019-10-29 00:43:22.251 14882 RALLYDEBUG rally_openstack.wrappers.network [-] CIDR generated: 1.20.0.0/16
2019-10-29 00:43:22.592 14884 INFO rally.task.runner [-] Task 897543c6-dc99-4806-82ba-1812f9669aad | ITER: 4 END: OK
2019-10-29 00:43:22.597 14884 INFO rally.task.runner [-] Task 897543c6-dc99-4806-82ba-1812f9669aad | ITER: 5 START
2019-10-29 00:43:22.779 14881 INFO rally.task.runner [-] Task 897543c6-dc99-4806-82ba-1812f9669aad | ITER: 1 END: OK
2019-10-29 00:43:22.784 14881 INFO rally.task.runner [-] Task 897543c6-dc99-4806-82ba-1812f9669aad | ITER: 6 START
2019-10-29 00:43:22.909 14883 INFO rally.task.runner [-] Task 897543c6-dc99-4806-82ba-1812f9669aad | ITER: 3 END: OK
2019-10-29 00:43:22.914 14883 INFO rally.task.runner [-] Task 897543c6-dc99-4806-82ba-1812f9669aad | ITER: 7 START
2019-10-29 00:43:23.261 14884 RALLYDEBUG rally_openstack.wrappers.network [-] CIDR generated: 1.21.0.0/16
2019-10-29 00:43:23.296 14881 RALLYDEBUG rally_openstack.wrappers.network [-] CIDR generated: 1.22.0.0/16
2019-10-29 00:43:23.414 14883 RALLYDEBUG rally_openstack.wrappers.network [-] CIDR generated: 1.23.0.0/16
2019-10-29 00:43:23.890 14882 INFO rally.task.runner [-] Task 897543c6-dc99-4806-82ba-1812f9669aad | ITER: 2 END: OK
2019-10-29 00:43:23.894 14882 INFO rally.task.runner [-] Task 897543c6-dc99-4806-82ba-1812f9669aad | ITER: 8 START
2019-10-29 00:43:24.508 14882 RALLYDEBUG rally_openstack.wrappers.network [-] CIDR generated: 1.24.0.0/16
2019-10-29 00:43:24.591 14884 INFO rally.task.runner [-] Task 897543c6-dc99-4806-82ba-1812f9669aad | ITER: 5 END: OK
2019-10-29 00:43:24.595 14884 INFO rally.task.runner [-] Task 897543c6-dc99-4806-82ba-1812f9669aad | ITER: 9 START
2019-10-29 00:43:24.596 14883 INFO rally.task.runner [-] Task 897543c6-dc99-4806-82ba-1812f9669aad | ITER: 7 END: OK
2019-10-29 00:43:24.600 14883 INFO rally.task.runner [-] Task 897543c6-dc99-4806-82ba-1812f9669aad | ITER: 10 START
2019-10-29 00:43:24.757 14881 INFO rally.task.runner [-] Task 897543c6-dc99-4806-82ba-1812f9669aad | ITER: 6 END: OK
2019-10-29 00:43:25.124 14884 RALLYDEBUG rally_openstack.wrappers.network [-] CIDR generated: 1.25.0.0/16
2019-10-29 00:43:25.417 14883 RALLYDEBUG rally_openstack.wrappers.network [-] CIDR generated: 1.26.0.0/16
2019-10-29 00:43:25.646 14882 INFO rally.task.runner [-] Task 897543c6-dc99-4806-82ba-1812f9669aad | ITER: 8 END: OK
2019-10-29 00:43:26.376 14884 INFO rally.task.runner [-] Task 897543c6-dc99-4806-82ba-1812f9669aad | ITER: 9 END: OK
2019-10-29 00:43:26.471 14883 INFO rally.task.runner [-] Task 897543c6-dc99-4806-82ba-1812f9669aad | ITER: 10 END: OK
2019-10-29 00:43:26.498 13785 INFO rally.task.context [-] Task 897543c6-dc99-4806-82ba-1812f9669aad | Context cleanup@openstack cleanup() started
2019-10-29 00:43:26.504 13785 RALLYDEBUG rally_openstack.cleanup.manager [-] Cleaning up neutron vip objects
2019-10-29 00:43:27.598 13785 RALLYDEBUG rally_openstack.cleanup.manager [-] Cleaning up neutron health_monitor objects
2019-10-29 00:43:28.700 13785 RALLYDEBUG rally_openstack.cleanup.manager [-] Cleaning up neutron pool objects
2019-10-29 00:43:29.796 13785 RALLYDEBUG rally_openstack.cleanup.manager [-] Cleaning up neutron loadbalancer objects
2019-10-29 00:43:30.890 13785 RALLYDEBUG rally_openstack.cleanup.manager [-] Cleaning up neutron floatingip objects
2019-10-29 00:43:32.092 13785 RALLYDEBUG rally_openstack.cleanup.manager [-] Cleaning up neutron trunk objects
2019-10-29 00:43:33.537 13785 RALLYDEBUG rally_openstack.cleanup.manager [-] Cleaning up neutron port objects
2019-10-29 00:43:34.749 13785 RALLYDEBUG rally_openstack.cleanup.manager [-] Cleaning up neutron subnet objects
2019-10-29 00:43:36.020 13785 RALLYDEBUG rally_openstack.cleanup.manager [-] Deleting neutron.subnet object s_rally_650d701f_1q3NraHm (74b1da2d-cbf5-440b-a2b8-d46b461c8139)
2019-10-29 00:43:36.030 13785 RALLYDEBUG rally_openstack.cleanup.manager [-] Deleting neutron.subnet object s_rally_650d701f_f68byCTB (8af907a4-eb50-44b9-aa53-d4e41db26ecb)
2019-10-29 00:43:36.039 13785 RALLYDEBUG rally_openstack.cleanup.manager [-] Deleting neutron.subnet object s_rally_650d701f_Js5QLIL0 (af509f8d-6b64-4b8f-81e6-b61122597291)
2019-10-29 00:43:36.048 13785 RALLYDEBUG rally_openstack.cleanup.manager [-] Deleting neutron.subnet object s_rally_650d701f_bPOUoVHF (0d7565fd-4bab-4c73-849f-b83908814670)
2019-10-29 00:43:36.053 13785 RALLYDEBUG rally_openstack.cleanup.manager [-] Deleting neutron.subnet object s_rally_650d701f_JorjY2s7 (3190d369-fd3b-460d-b7c7-bb383ca21cc5)
2019-10-29 00:43:36.061 13785 RALLYDEBUG rally_openstack.cleanup.manager [-] Deleting neutron.subnet object s_rally_650d701f_7PnAnyuD (922ef3db-d86a-4761-b921-009e6fd3b938)
2019-10-29 00:43:36.070 13785 RALLYDEBUG rally_openstack.cleanup.manager [-] Deleting neutron.subnet object s_rally_650d701f_tczTHyWc (e8b4230a-29e6-4386-9603-42a91ae486c0)
2019-10-29 00:43:36.079 13785 RALLYDEBUG rally_openstack.cleanup.manager [-] Deleting neutron.subnet object s_rally_650d701f_VhqA6cxb (01be723b-005d-48ce-8b99-38cc6d3e8667)
2019-10-29 00:43:36.082 13785 RALLYDEBUG rally_openstack.cleanup.manager [-] Deleting neutron.subnet object s_rally_650d701f_UQIuvky9 (533e6b96-778b-445b-bbba-551235df4e0e)
2019-10-29 00:43:36.097 13785 RALLYDEBUG rally_openstack.cleanup.manager [-] Deleting neutron.subnet object s_rally_650d701f_JFXKq4c2 (7874391b-742b-4c67-a077-8f95544433d4)
2019-10-29 00:43:38.486 13785 RALLYDEBUG rally_openstack.cleanup.manager [-] Cleaning up neutron network objects
2019-10-29 00:43:39.844 13785 RALLYDEBUG rally_openstack.cleanup.manager [-] Deleting neutron.network object s_rally_650d701f_OdOLtgvy (8caf55e6-9458-4b33-b70a-fba274237cae)
2019-10-29 00:43:39.854 13785 RALLYDEBUG rally_openstack.cleanup.manager [-] Deleting neutron.network object s_rally_650d701f_9bSarPry (91475f89-fe00-49c6-9dba-8aba8cba090b)
2019-10-29 00:43:39.862 13785 RALLYDEBUG rally_openstack.cleanup.manager [-] Deleting neutron.network object s_rally_650d701f_c30kZRUB (d52e897a-7a63-4341-afa7-40453c106ff6)
2019-10-29 00:43:39.871 13785 RALLYDEBUG rally_openstack.cleanup.manager [-] Deleting neutron.network object s_rally_650d701f_VoYrLy4m (278bb179-7964-4e4f-b028-32aefab4fa4f)
2019-10-29 00:43:39.884 13785 RALLYDEBUG rally_openstack.cleanup.manager [-] Deleting neutron.network object s_rally_650d701f_ETs6ApLC (7619129f-651d-45c3-83ce-ebc6fd6a6b9b)
2019-10-29 00:43:39.888 13785 RALLYDEBUG rally_openstack.cleanup.manager [-] Deleting neutron.network object s_rally_650d701f_zsQ6jLbn (c9b72ba9-9077-4531-a309-0a7b49e7c00d)
2019-10-29 00:43:39.909 13785 RALLYDEBUG rally_openstack.cleanup.manager [-] Deleting neutron.network object s_rally_650d701f_1XhnfXqU (e9435d9b-456b-4a42-81cd-4987e6c9e826)
2019-10-29 00:43:39.919 13785 RALLYDEBUG rally_openstack.cleanup.manager [-] Deleting neutron.network object s_rally_650d701f_WyQMosaC (3d3c7245-88b6-45aa-9f0e-bae895e05934)
2019-10-29 00:43:39.933 13785 RALLYDEBUG rally_openstack.cleanup.manager [-] Deleting neutron.network object s_rally_650d701f_6SGFwZcC (73418576-7bbb-4eeb-a08e-6c9c9e8e1291)
2019-10-29 00:43:39.940 13785 RALLYDEBUG rally_openstack.cleanup.manager [-] Deleting neutron.network object s_rally_650d701f_poBa61eN (f1d12712-705f-4b01-a270-9a4756246be9)
2019-10-29 00:43:42.334 13785 RALLYDEBUG rally_openstack.cleanup.manager [-] Cleaning up neutron router objects
2019-10-29 00:43:43.560 13785 RALLYDEBUG rally_openstack.cleanup.manager [-] Cleaning up neutron security_group objects
2019-10-29 00:43:45.064 13785 INFO rally.task.context [-] Task 897543c6-dc99-4806-82ba-1812f9669aad | Context cleanup@openstack cleanup() finished in 18.57 sec
2019-10-29 00:43:45.064 13785 INFO rally.task.context [-] Task 897543c6-dc99-4806-82ba-1812f9669aad | Context quotas@openstack cleanup() started
2019-10-29 00:43:45.307 13785 INFO rally.task.context [-] Task 897543c6-dc99-4806-82ba-1812f9669aad | Context quotas@openstack cleanup() finished in 0.24 sec
2019-10-29 00:43:45.308 13785 INFO rally.task.context [-] Task 897543c6-dc99-4806-82ba-1812f9669aad | Context users@openstack cleanup() started
2019-10-29 00:43:49.408 13785 INFO rally.task.context [-] Task 897543c6-dc99-4806-82ba-1812f9669aad | Context users@openstack cleanup() finished in 4.10 sec
2019-10-29 00:43:49.712 13785 INFO rally.task.engine [-] Load duration is: 5.508319
2019-10-29 00:43:49.713 13785 INFO rally.task.engine [-] Full runner duration is: 5.556073
2019-10-29 00:43:49.713 13785 INFO rally.task.engine [-] Full duration is: 31.872853
2019-10-29 00:43:50.011 13785 INFO rally.task.engine [-] Running workload: position = 0 config = { "version": 2, "title": "A cropped version of a bigger task.", "description": "Auto-generated task from a single workload (uuid=627116d9-c64f-4260-8da2-52f8a24b086c)", "subtasks": [ { "title": "NeutronNetworks.create_and_delete_networks", "description": "Create and delete a network.", "scenario": { "NeutronNetworks.create_and_delete_networks": { "network_create_args": {} } }, "contexts": { "users": { "tenants": 3, "users_per_tenant": 2 }, "quotas": { "neutron": { "network": -1 } } }, "runner": { "constant": { "concurrency": 4, "times": 10 } }, "hooks": [], "sla": { "failure_rate": { "max": 0 } } } ] }
2019-10-29 00:43:50.036 13785 RALLYDEBUG rally_openstack.contexts.keystone.users [-] Creating 3 tenants using 20 threads
2019-10-29 00:43:51.069 13785 RALLYDEBUG rally_openstack.contexts.keystone.users [-] Creating 6 users using 20 threads
2019-10-29 00:43:52.628 13785 INFO rally.task.context [-] Task 897543c6-dc99-4806-82ba-1812f9669aad | Context users@openstack setup() finished in 2.59 sec
2019-10-29 00:43:53.423 13785 INFO rally.task.context [-] Task 897543c6-dc99-4806-82ba-1812f9669aad | Context quotas@openstack setup() finished in 0.79 sec
2019-10-29 00:43:53.423 13785 INFO rally.task.context [-] Task 897543c6-dc99-4806-82ba-1812f9669aad | Context cleanup@openstack setup() finished in 0.02 msec
2019-10-29 00:43:53.432 13785 RALLYDEBUG rally.task.runner [-] Starting the constant runner (task UUID: 897543c6-dc99-4806-82ba-1812f9669aad). times: 10 concurrency: 4 timeout: 0 max_cpu_used: 16 processes_to_start: 4 concurrency_per_worker: 1 concurrency_overhead: 0
2019-10-29 00:43:53.445 15205 RALLYDEBUG rally.task.runner [-] Starting a worker. times: 10 duration: None concurrency: 1 timeout: 0 cls: method_name: run args: {"network_create_args": {}}
2019-10-29 00:43:53.448 15206 RALLYDEBUG rally.task.runner [-] Starting a worker. times: 10 duration: None concurrency: 1 timeout: 0 cls: method_name: run args: {"network_create_args": {}}
2019-10-29 00:43:53.452 15205 INFO rally.task.runner [-] Task 897543c6-dc99-4806-82ba-1812f9669aad | ITER: 1 START
2019-10-29 00:43:53.451 15207 RALLYDEBUG rally.task.runner [-] Starting a worker. times: 10 duration: None concurrency: 1 timeout: 0 cls: method_name: run args: {"network_create_args": {}}
2019-10-29 00:43:53.455 15206 INFO rally.task.runner [-] Task 897543c6-dc99-4806-82ba-1812f9669aad | ITER: 2 START
2019-10-29 00:43:53.455 15208 RALLYDEBUG rally.task.runner [-] Starting a worker. times: 10 duration: None concurrency: 1 timeout: 0 cls: method_name: run args: {"network_create_args": {}}
2019-10-29 00:43:53.458 15207 INFO rally.task.runner [-] Task 897543c6-dc99-4806-82ba-1812f9669aad | ITER: 3 START
2019-10-29 00:43:53.462 15208 INFO rally.task.runner [-] Task 897543c6-dc99-4806-82ba-1812f9669aad | ITER: 4 START
2019-10-29 00:43:54.679 15205 INFO rally.task.runner [-] Task 897543c6-dc99-4806-82ba-1812f9669aad | ITER: 1 END: OK
2019-10-29 00:43:54.684 15205 INFO rally.task.runner [-] Task 897543c6-dc99-4806-82ba-1812f9669aad | ITER: 5 START
2019-10-29 00:43:54.692 15208 INFO rally.task.runner [-] Task 897543c6-dc99-4806-82ba-1812f9669aad | ITER: 4 END: OK
2019-10-29 00:43:54.697 15208 INFO rally.task.runner [-] Task 897543c6-dc99-4806-82ba-1812f9669aad | ITER: 6 START
2019-10-29 00:43:54.981 15207 INFO rally.task.runner [-] Task 897543c6-dc99-4806-82ba-1812f9669aad | ITER: 3 END: OK
2019-10-29 00:43:54.986 15207 INFO rally.task.runner [-] Task 897543c6-dc99-4806-82ba-1812f9669aad | ITER: 7 START
2019-10-29 00:43:55.068 15206 INFO rally.task.runner [-] Task 897543c6-dc99-4806-82ba-1812f9669aad | ITER: 2 END: OK
2019-10-29 00:43:55.073 15206 INFO rally.task.runner [-] Task 897543c6-dc99-4806-82ba-1812f9669aad | ITER: 8 START
2019-10-29 00:43:55.751 15205 INFO rally.task.runner [-] Task 897543c6-dc99-4806-82ba-1812f9669aad | ITER: 5 END: OK
2019-10-29 00:43:55.754 15205 INFO rally.task.runner [-] Task 897543c6-dc99-4806-82ba-1812f9669aad | ITER: 9 START
2019-10-29 00:43:56.123 15208 INFO rally.task.runner [-] Task 897543c6-dc99-4806-82ba-1812f9669aad | ITER: 6 END: OK
2019-10-29 00:43:56.127 15208 INFO rally.task.runner [-] Task 897543c6-dc99-4806-82ba-1812f9669aad | ITER: 10 START
2019-10-29 00:43:56.301 15207 INFO rally.task.runner [-] Task 897543c6-dc99-4806-82ba-1812f9669aad | ITER: 7 END: OK
2019-10-29 00:43:56.548 15206 INFO rally.task.runner [-] Task 897543c6-dc99-4806-82ba-1812f9669aad | ITER: 8 END: OK
2019-10-29 00:43:56.818 15205 INFO rally.task.runner [-] Task 897543c6-dc99-4806-82ba-1812f9669aad | ITER: 9 END: OK
2019-10-29 00:43:57.816 15208 INFO rally.task.runner [-] Task 897543c6-dc99-4806-82ba-1812f9669aad | ITER: 10 END: OK
2019-10-29 00:43:57.843 13785 INFO rally.task.context [-] Task 897543c6-dc99-4806-82ba-1812f9669aad | Context cleanup@openstack cleanup() started
2019-10-29 00:43:57.847 13785 RALLYDEBUG rally_openstack.cleanup.manager [-] Cleaning up neutron vip objects
2019-10-29 00:43:58.996 13785 RALLYDEBUG rally_openstack.cleanup.manager [-] Cleaning up neutron health_monitor objects
2019-10-29 00:44:00.151 13785 RALLYDEBUG rally_openstack.cleanup.manager [-] Cleaning up neutron pool objects
2019-10-29 00:44:01.289 13785 RALLYDEBUG rally_openstack.cleanup.manager [-] Cleaning up neutron loadbalancer objects
2019-10-29 00:44:02.439 13785 RALLYDEBUG rally_openstack.cleanup.manager [-] Cleaning up neutron floatingip objects
2019-10-29 00:44:03.669 13785 RALLYDEBUG rally_openstack.cleanup.manager [-] Cleaning up neutron trunk objects
2019-10-29 00:44:04.838 13785 RALLYDEBUG rally_openstack.cleanup.manager [-] Cleaning up neutron port objects
2019-10-29 00:44:05.984 13785 RALLYDEBUG rally_openstack.cleanup.manager [-] Cleaning up neutron subnet objects
2019-10-29 00:44:07.170 13785 RALLYDEBUG rally_openstack.cleanup.manager [-] Cleaning up neutron network objects
2019-10-29 00:44:08.375 13785 RALLYDEBUG rally_openstack.cleanup.manager [-] Cleaning up neutron router objects
2019-10-29 00:44:09.575 13785 RALLYDEBUG rally_openstack.cleanup.manager [-] Cleaning up neutron security_group objects
2019-10-29 00:44:10.808 13785 INFO rally.task.context [-] Task 897543c6-dc99-4806-82ba-1812f9669aad | Context cleanup@openstack cleanup() finished in 12.96 sec
2019-10-29 00:44:10.808 13785 INFO rally.task.context [-] Task 897543c6-dc99-4806-82ba-1812f9669aad | Context quotas@openstack cleanup() started
2019-10-29 00:44:10.926 13785 INFO rally.task.context [-] Task 897543c6-dc99-4806-82ba-1812f9669aad | Context quotas@openstack cleanup() finished in 0.12 sec
2019-10-29 00:44:10.926 13785 INFO rally.task.context [-] Task 897543c6-dc99-4806-82ba-1812f9669aad | Context users@openstack cleanup() started
2019-10-29 00:44:14.960 13785 INFO rally.task.context [-] Task 897543c6-dc99-4806-82ba-1812f9669aad | Context users@openstack cleanup() finished in 4.03 sec
2019-10-29 00:44:16.174 13785 INFO rally.task.engine [-] Load duration is: 4.363266
2019-10-29 00:44:16.174 13785 INFO rally.task.engine [-] Full runner duration is: 4.411508
2019-10-29 00:44:16.175 13785 INFO rally.task.engine [-] Full duration is: 24.926183
2019-10-29 00:44:16.484 13785 INFO rally.task.engine [-] Running workload: position = 0 config = { "version": 2, "title": "A cropped version of a bigger task.", "description": "Auto-generated task from a single workload (uuid=909759be-c124-45fa-a8f0-4e03350d7138)", "subtasks": [ { "title": "NeutronNetworks.create_and_delete_ports", "description": "Create and delete a port.", "scenario": { "NeutronNetworks.create_and_delete_ports": { "network_create_args": {}, "port_create_args": {}, "ports_per_network": 1 } }, "contexts": { "users": { "tenants": 3, "users_per_tenant": 2 }, "network": { "router": {} }, "quotas": { "neutron": { "network": -1, "port": -1 } } }, "runner": { "constant": { "concurrency": 4, "times": 10 } }, "hooks": [], "sla": { "failure_rate": { "max": 0 } } } ] }
2019-10-29 00:44:16.511 13785 RALLYDEBUG rally_openstack.contexts.keystone.users [-] Creating 3 tenants using 20 threads
2019-10-29 00:44:17.529 13785 RALLYDEBUG rally_openstack.contexts.keystone.users [-] Creating 6 users using 20 threads
2019-10-29 00:44:19.160 13785 INFO rally.task.context [-] Task 897543c6-dc99-4806-82ba-1812f9669aad | Context users@openstack setup() finished in 2.65 sec
2019-10-29 00:44:19.997 13785 INFO rally.task.context [-] Task 897543c6-dc99-4806-82ba-1812f9669aad | Context quotas@openstack setup() finished in 0.84 sec
2019-10-29 00:44:20.601 13785 RALLYDEBUG rally_openstack.wrappers.network [-] CIDR generated: 10.2.23.0/24
2019-10-29 00:44:21.490 13785 RALLYDEBUG rally_openstack.wrappers.network [-] CIDR generated: 10.2.24.0/24
2019-10-29 00:44:22.169 13785 RALLYDEBUG rally_openstack.wrappers.network [-] CIDR generated: 10.2.25.0/24
2019-10-29 00:44:22.682 13785 INFO rally.task.context [-] Task 897543c6-dc99-4806-82ba-1812f9669aad | Context network@openstack setup() finished in 2.68 sec
2019-10-29 00:44:22.682 13785 INFO rally.task.context [-] Task 897543c6-dc99-4806-82ba-1812f9669aad | Context cleanup@openstack setup() finished in 0.01 msec
2019-10-29 00:44:22.691 13785 RALLYDEBUG rally.task.runner [-] Starting the constant runner (task UUID: 897543c6-dc99-4806-82ba-1812f9669aad). times: 10 concurrency: 4 timeout: 0 max_cpu_used: 16 processes_to_start: 4 concurrency_per_worker: 1 concurrency_overhead: 0
2019-10-29 00:44:22.703 15529 RALLYDEBUG rally.task.runner [-] Starting a worker. times: 10 duration: None concurrency: 1 timeout: 0 cls: method_name: run args: {"network_create_args": {}, "port_create_args": {}, "ports_per_network": 1}
2019-10-29 00:44:22.706 15530 RALLYDEBUG rally.task.runner [-] Starting a worker. times: 10 duration: None concurrency: 1 timeout: 0 cls: method_name: run args: {"network_create_args": {}, "port_create_args": {}, "ports_per_network": 1}
2019-10-29 00:44:22.710 15529 INFO rally.task.runner [-] Task 897543c6-dc99-4806-82ba-1812f9669aad | ITER: 1 START
2019-10-29 00:44:22.710 15531 RALLYDEBUG rally.task.runner [-] Starting a worker. times: 10 duration: None concurrency: 1 timeout: 0 cls: method_name: run args: {"network_create_args": {}, "port_create_args": {}, "ports_per_network": 1}
2019-10-29 00:44:22.713 15530 INFO rally.task.runner [-] Task 897543c6-dc99-4806-82ba-1812f9669aad | ITER: 2 START
2019-10-29 00:44:22.713 15532 RALLYDEBUG rally.task.runner [-] Starting a worker. times: 10 duration: None concurrency: 1 timeout: 0 cls: method_name: run args: {"network_create_args": {}, "port_create_args": {}, "ports_per_network": 1}
2019-10-29 00:44:22.717 15531 INFO rally.task.runner [-] Task 897543c6-dc99-4806-82ba-1812f9669aad | ITER: 3 START
2019-10-29 00:44:22.720 15532 INFO rally.task.runner [-] Task 897543c6-dc99-4806-82ba-1812f9669aad | ITER: 4 START
2019-10-29 00:44:24.197 15530 INFO rally.task.runner [-] Task 897543c6-dc99-4806-82ba-1812f9669aad | ITER: 2 END: OK
2019-10-29 00:44:24.202 15530 INFO rally.task.runner [-] Task 897543c6-dc99-4806-82ba-1812f9669aad | ITER: 5 START
2019-10-29 00:44:24.384 15529 INFO rally.task.runner [-] Task 897543c6-dc99-4806-82ba-1812f9669aad | ITER: 1 END: OK
2019-10-29 00:44:24.389 15529 INFO rally.task.runner [-] Task 897543c6-dc99-4806-82ba-1812f9669aad | ITER: 6 START
2019-10-29 00:44:24.909 15532 INFO rally.task.runner [-] Task 897543c6-dc99-4806-82ba-1812f9669aad | ITER: 4 END: OK
2019-10-29 00:44:24.914 15532 INFO rally.task.runner [-] Task 897543c6-dc99-4806-82ba-1812f9669aad | ITER: 7 START
2019-10-29 00:44:24.974 15531 INFO rally.task.runner [-] Task 897543c6-dc99-4806-82ba-1812f9669aad | ITER: 3 END: OK
2019-10-29 00:44:24.979 15531 INFO rally.task.runner [-] Task 897543c6-dc99-4806-82ba-1812f9669aad | ITER: 8 START
2019-10-29 00:44:25.672 15530 INFO rally.task.runner [-] Task 897543c6-dc99-4806-82ba-1812f9669aad | ITER: 5 END: OK
2019-10-29 00:44:25.675 15530 INFO rally.task.runner [-] Task 897543c6-dc99-4806-82ba-1812f9669aad | ITER: 9 START
2019-10-29 00:44:26.292 15529 INFO rally.task.runner [-] Task 897543c6-dc99-4806-82ba-1812f9669aad | ITER: 6 END: OK
2019-10-29 00:44:26.296 15529 INFO rally.task.runner [-] Task 897543c6-dc99-4806-82ba-1812f9669aad | ITER: 10 START
2019-10-29 00:44:26.431 15531 INFO rally.task.runner [-] Task 897543c6-dc99-4806-82ba-1812f9669aad | ITER: 8 END: OK
2019-10-29 00:44:26.572 15532 INFO rally.task.runner [-] Task 897543c6-dc99-4806-82ba-1812f9669aad | ITER: 7 END: OK
2019-10-29 00:44:27.229 15530 INFO rally.task.runner [-] Task 897543c6-dc99-4806-82ba-1812f9669aad | ITER: 9 END: OK
2019-10-29 00:44:28.121 15529 INFO rally.task.runner [-] Task 897543c6-dc99-4806-82ba-1812f9669aad | ITER: 10 END: OK
2019-10-29 00:44:28.150 13785 INFO rally.task.context [-] Task 897543c6-dc99-4806-82ba-1812f9669aad | Context cleanup@openstack cleanup() started
2019-10-29 00:44:28.154 13785 RALLYDEBUG rally_openstack.cleanup.manager [-] Cleaning up neutron vip objects
2019-10-29 00:44:29.248 13785 RALLYDEBUG rally_openstack.cleanup.manager [-] Cleaning up neutron health_monitor objects
2019-10-29 00:44:30.364 13785 RALLYDEBUG rally_openstack.cleanup.manager [-] Cleaning up neutron pool objects
2019-10-29 00:44:31.466 13785 RALLYDEBUG rally_openstack.cleanup.manager [-] Cleaning up neutron loadbalancer objects
2019-10-29 00:44:32.575 13785 RALLYDEBUG rally_openstack.cleanup.manager [-] Cleaning up neutron floatingip objects
2019-10-29 00:44:34.143 13785 RALLYDEBUG rally_openstack.cleanup.manager [-] Cleaning up neutron trunk objects
2019-10-29 00:44:35.309 13785 RALLYDEBUG rally_openstack.cleanup.manager [-] Cleaning up neutron port objects
2019-10-29 00:44:36.674 13785 RALLYDEBUG rally_openstack.cleanup.manager [-] Cleaning up neutron subnet objects
2019-10-29 00:44:37.970 13785 RALLYDEBUG rally_openstack.cleanup.manager [-] Cleaning up neutron network objects
2019-10-29 00:44:39.611 13785 RALLYDEBUG rally_openstack.cleanup.manager [-] Cleaning up neutron router objects
2019-10-29 00:44:40.856 13785 RALLYDEBUG rally_openstack.cleanup.manager [-] Cleaning up neutron security_group objects
2019-10-29 00:44:42.103 13785 INFO rally.task.context [-] Task 897543c6-dc99-4806-82ba-1812f9669aad | Context cleanup@openstack cleanup() finished in 13.95 sec
2019-10-29 00:44:42.104 13785 INFO rally.task.context [-] Task 897543c6-dc99-4806-82ba-1812f9669aad | Context network@openstack cleanup() started
2019-10-29 00:44:54.205 13785 INFO rally.task.context [-] Task 897543c6-dc99-4806-82ba-1812f9669aad | Context network@openstack cleanup() finished in 12.10 sec
2019-10-29 00:44:54.206 13785 INFO rally.task.context [-] Task 897543c6-dc99-4806-82ba-1812f9669aad | Context quotas@openstack cleanup() started
2019-10-29 00:44:54.396 13785 INFO rally.task.context [-] Task 897543c6-dc99-4806-82ba-1812f9669aad | Context quotas@openstack cleanup() finished in 0.19 sec
2019-10-29 00:44:54.397 13785 INFO rally.task.context [-] Task 897543c6-dc99-4806-82ba-1812f9669aad | Context users@openstack cleanup() started
2019-10-29 00:44:58.480 13785 INFO rally.task.context [-] Task 897543c6-dc99-4806-82ba-1812f9669aad | Context users@openstack cleanup() finished in 4.08 sec
2019-10-29 00:44:58.730 13785 INFO rally.task.engine [-] Load duration is: 5.409976
2019-10-29 00:44:58.730 13785 INFO rally.task.engine [-] Full runner duration is: 5.459207
2019-10-29 00:44:58.730 13785 INFO rally.task.engine [-] Full duration is: 41.971935
