2019-10-29 00:53:31.176 20127 INFO rally.task.runner [-] Task 897543c6-dc99-4806-82ba-1812f9669aad | ITER: 3 END: OK
2019-10-29 00:53:31.181 20127 INFO rally.task.runner [-] Task 897543c6-dc99-4806-82ba-1812f9669aad | ITER: 6 START
2019-10-29 00:53:31.182 20127 RALLYDEBUG rally_openstack.wrappers.network [-] CIDR generated: 10.2.107.0/24
2019-10-29 00:53:31.262 20129 INFO rally.task.runner [-] Task 897543c6-dc99-4806-82ba-1812f9669aad | ITER: 4 END: OK
2019-10-29 00:53:31.266 20129 INFO rally.task.runner [-] Task 897543c6-dc99-4806-82ba-1812f9669aad | ITER: 7 START
2019-10-29 00:53:31.268 20129 RALLYDEBUG rally_openstack.wrappers.network [-] CIDR generated: 10.2.108.0/24
2019-10-29 00:53:31.429 20125 INFO rally.task.runner [-] Task 897543c6-dc99-4806-82ba-1812f9669aad | ITER: 1 END: OK
2019-10-29 00:53:31.434 20125 INFO rally.task.runner [-] Task 897543c6-dc99-4806-82ba-1812f9669aad | ITER: 8 START
2019-10-29 00:53:31.435 20125 RALLYDEBUG rally_openstack.wrappers.network [-] CIDR generated: 10.2.109.0/24
2019-10-29 00:53:32.000 20126 RALLYDEBUG rally_openstack.wrappers.network [-] CIDR generated: 10.2.110.0/24
2019-10-29 00:53:32.175 20127 RALLYDEBUG rally_openstack.wrappers.network [-] CIDR generated: 10.2.111.0/24
2019-10-29 00:53:32.284 20129 RALLYDEBUG rally_openstack.wrappers.network [-] CIDR generated: 10.2.112.0/24
2019-10-29 00:53:32.382 20125 RALLYDEBUG rally_openstack.wrappers.network [-] CIDR generated: 10.2.113.0/24
2019-10-29 00:53:32.911 20126 INFO rally.task.runner [-] Task 897543c6-dc99-4806-82ba-1812f9669aad | ITER: 5 END: OK
2019-10-29 00:53:32.914 20126 INFO rally.task.runner [-] Task 897543c6-dc99-4806-82ba-1812f9669aad | ITER: 9 START
2019-10-29 00:53:32.915 20126 RALLYDEBUG rally_openstack.wrappers.network [-] CIDR generated: 10.2.114.0/24
2019-10-29 00:53:33.152 20129 INFO rally.task.runner [-] Task 897543c6-dc99-4806-82ba-1812f9669aad | ITER: 7 END: OK
2019-10-29 00:53:33.155 20129 INFO rally.task.runner [-] Task 897543c6-dc99-4806-82ba-1812f9669aad | ITER: 10 START
2019-10-29 00:53:33.156 20129 RALLYDEBUG rally_openstack.wrappers.network [-] CIDR generated: 10.2.115.0/24
2019-10-29 00:53:33.313 20127 INFO rally.task.runner [-] Task 897543c6-dc99-4806-82ba-1812f9669aad | ITER: 6 END: OK
2019-10-29 00:53:33.491 20125 INFO rally.task.runner [-] Task 897543c6-dc99-4806-82ba-1812f9669aad | ITER: 8 END: OK
2019-10-29 00:53:34.093 20126 RALLYDEBUG rally_openstack.wrappers.network [-] CIDR generated: 10.2.116.0/24
2019-10-29 00:53:34.407 20129 RALLYDEBUG rally_openstack.wrappers.network [-] CIDR generated: 10.2.117.0/24
2019-10-29 00:53:34.840 20126 INFO rally.task.runner [-] Task 897543c6-dc99-4806-82ba-1812f9669aad | ITER: 9 END: OK
2019-10-29 00:53:35.239 20129 INFO rally.task.runner [-] Task 897543c6-dc99-4806-82ba-1812f9669aad | ITER: 10 END: OK
2019-10-29 00:53:35.266 13785 INFO rally.task.context [-] Task 897543c6-dc99-4806-82ba-1812f9669aad | Context cleanup@openstack cleanup() started
2019-10-29 00:53:35.270 13785 RALLYDEBUG rally_openstack.cleanup.manager [-] Cleaning up neutron vip objects
2019-10-29 00:53:36.327 13785 RALLYDEBUG rally_openstack.cleanup.manager [-] Cleaning up neutron health_monitor objects
2019-10-29 00:53:37.411 13785 RALLYDEBUG rally_openstack.cleanup.manager [-] Cleaning up neutron pool objects
2019-10-29 00:53:38.466 13785 RALLYDEBUG rally_openstack.cleanup.manager [-] Cleaning up neutron loadbalancer objects
2019-10-29 00:53:39.530 13785 RALLYDEBUG rally_openstack.cleanup.manager [-] Cleaning up neutron floatingip objects
2019-10-29 00:53:40.934 13785 RALLYDEBUG rally_openstack.cleanup.manager [-] Cleaning up neutron trunk objects
2019-10-29 00:53:42.042 13785 RALLYDEBUG rally_openstack.cleanup.manager [-] Cleaning up neutron port objects
2019-10-29 00:53:43.309 13785 RALLYDEBUG rally_openstack.cleanup.manager [-] Cleaning up neutron subnet objects
2019-10-29 00:53:44.600 13785 RALLYDEBUG rally_openstack.cleanup.manager [-] Deleting neutron.subnet object s_rally_b3c72a97_sKwHOxMm (34837bcf-e417-4150-955a-80238b4c193e)
2019-10-29 00:53:44.609 13785 RALLYDEBUG rally_openstack.cleanup.manager [-] Deleting neutron.subnet object s_rally_b3c72a97_qpNwPTos (645f7e95-ad00-426f-a11c-d57651ae2039)
2019-10-29 00:53:44.618 13785 RALLYDEBUG rally_openstack.cleanup.manager [-] Deleting neutron.subnet object s_rally_b3c72a97_EgIKqPV0 (6faaaade-3029-426c-ba69-8728402d588d)
2019-10-29 00:53:44.622 13785 RALLYDEBUG rally_openstack.cleanup.manager [-] Deleting neutron.subnet object s_rally_b3c72a97_doy1DdRh (7f67fbec-e83a-4a4c-93be-68e94fe174f4)
2019-10-29 00:53:44.631 13785 RALLYDEBUG rally_openstack.cleanup.manager [-] Deleting neutron.subnet object s_rally_b3c72a97_srM4ZEiE (b47f24ab-efbf-478c-905f-8e6f0e35aec0)
2019-10-29 00:53:44.647 13785 RALLYDEBUG rally_openstack.cleanup.manager [-] Deleting neutron.subnet object s_rally_b3c72a97_xhGQgTDo (f495aaa2-7cf8-464d-ac1e-045c4aaca800)
2019-10-29 00:53:44.652 13785 RALLYDEBUG rally_openstack.cleanup.manager [-] Deleting neutron.subnet object s_rally_b3c72a97_F2EqYjm4 (f27be136-93ee-4ccf-a951-810d09ac47d5)
2019-10-29 00:53:44.674 13785 RALLYDEBUG rally_openstack.cleanup.manager [-] Deleting neutron.subnet object s_rally_b3c72a97_ZQJc64wU (fedebf11-1aca-4723-a5c2-fa722d92e305)
2019-10-29 00:53:44.679 13785 RALLYDEBUG rally_openstack.cleanup.manager [-] Deleting neutron.subnet object s_rally_b3c72a97_Q8Bij4Q4 (367ca0ff-f165-4624-9f4a-e228f7b65e69)
2019-10-29 00:53:44.692 13785 RALLYDEBUG rally_openstack.cleanup.manager [-] Deleting neutron.subnet object s_rally_b3c72a97_idCxYqrD (5acfa8b1-7808-4fcb-b137-25cdb29a907f)
2019-10-29 00:53:44.705 13785 RALLYDEBUG rally_openstack.cleanup.manager [-] Deleting neutron.subnet object s_rally_b3c72a97_t3LDpZwy (a51b38da-ecbb-46a6-9da9-654c8cf461b0)
2019-10-29 00:53:44.714 13785 RALLYDEBUG rally_openstack.cleanup.manager [-] Deleting neutron.subnet object s_rally_b3c72a97_i4um9x2m (b4f432d9-2518-4134-946d-44bc6a002eb3)
2019-10-29 00:53:44.717 13785 RALLYDEBUG rally_openstack.cleanup.manager [-] Deleting neutron.subnet object s_rally_b3c72a97_AwWk4e2c (dcca920e-87ab-48d1-b5c0-af679ef8919b)
2019-10-29 00:53:44.724 13785 RALLYDEBUG rally_openstack.cleanup.manager [-] Deleting neutron.subnet object s_rally_b3c72a97_xKYrmaAU (dd030043-ba15-4d83-8fef-192a9eaa804d)
2019-10-29 00:53:44.746 13785 RALLYDEBUG rally_openstack.cleanup.manager [-] Deleting neutron.subnet object s_rally_b3c72a97_haNRIZ17 (0a75f343-5755-4de3-9942-a29da81239a4)
2019-10-29 00:53:44.750 13785 RALLYDEBUG rally_openstack.cleanup.manager [-] Deleting neutron.subnet object s_rally_b3c72a97_mZbbqsYv (7e6ea0eb-6c2d-4491-a5a9-69c48df79fa5)
2019-10-29 00:53:44.766 13785 RALLYDEBUG rally_openstack.cleanup.manager [-] Deleting neutron.subnet object s_rally_b3c72a97_HUBkoCja (869df172-c2b4-4633-91b3-3c6ee90d98f2)
2019-10-29 00:53:44.774 13785 RALLYDEBUG rally_openstack.cleanup.manager [-] Deleting neutron.subnet object s_rally_b3c72a97_kced7aCG (96dc1303-7841-4048-af86-e463f45a9cb1)
2019-10-29 00:53:44.788 13785 RALLYDEBUG rally_openstack.cleanup.manager [-] Deleting neutron.subnet object s_rally_b3c72a97_wc9ETE0k (db63fed6-c3ce-43ec-9363-3d10837975bd)
2019-10-29 00:53:44.800 13785 RALLYDEBUG rally_openstack.cleanup.manager [-] Deleting neutron.subnet object s_rally_b3c72a97_ru9ke9oa (e3f51231-e3fe-4f57-bf6e-f56272e41cf7)
2019-10-29 00:53:52.933 13785 RALLYDEBUG rally_openstack.cleanup.manager [-] Cleaning up neutron network objects
2019-10-29 00:53:54.554 13785 RALLYDEBUG rally_openstack.cleanup.manager [-] Cleaning up neutron router objects
2019-10-29 00:53:55.710 13785 RALLYDEBUG rally_openstack.cleanup.manager [-] Cleaning up neutron security_group objects
2019-10-29 00:53:56.941 13785 INFO rally.task.context [-] Task 897543c6-dc99-4806-82ba-1812f9669aad | Context cleanup@openstack cleanup() finished in 21.67 sec
2019-10-29 00:53:56.942 13785 INFO rally.task.context [-] Task 897543c6-dc99-4806-82ba-1812f9669aad | Context network@openstack cleanup() started
2019-10-29 00:54:09.528 13785 INFO rally.task.context [-] Task 897543c6-dc99-4806-82ba-1812f9669aad | Context network@openstack cleanup() finished in 12.59 sec
2019-10-29 00:54:09.529 13785 INFO rally.task.context [-] Task 897543c6-dc99-4806-82ba-1812f9669aad | Context quotas@openstack cleanup() started
2019-10-29 00:54:09.756 13785 INFO rally.task.context [-] Task 897543c6-dc99-4806-82ba-1812f9669aad | Context quotas@openstack cleanup() finished in 0.23 sec
2019-10-29 00:54:09.757 13785 INFO rally.task.context [-] Task 897543c6-dc99-4806-82ba-1812f9669aad | Context users@openstack cleanup() started
2019-10-29 00:54:13.772 13785 INFO rally.task.context [-] Task 897543c6-dc99-4806-82ba-1812f9669aad | Context users@openstack cleanup() finished in 4.02 sec
2019-10-29 00:54:14.691 13785 INFO rally.task.engine [-] Load duration is: 6.059953
2019-10-29 00:54:14.692 13785 INFO rally.task.engine [-] Full runner duration is: 6.108327
2019-10-29 00:54:14.692 13785 INFO rally.task.engine [-] Full duration is: 51.397963
2019-10-29 00:54:14.932 13785 INFO rally.task.engine [-] Task 897543c6-dc99-4806-82ba-1812f9669aad | Completed: Running task.
2019-10-29 00:54:16.643 20407 RALLYDEBUG rally.api [-] INFO logs from urllib3 and requests module are hide.
2019-10-29 00:54:16.643 20407 RALLYDEBUG rally.api [-] urllib3 insecure warnings are hidden.
2019-10-29 00:54:16.644 20407 RALLYDEBUG rally.api [-] ERROR log from boto module is hide.
2019-10-29 00:54:17.887 20408 RALLYDEBUG rally.api [-] INFO logs from urllib3 and requests module are hide.
2019-10-29 00:54:17.887 20408 RALLYDEBUG rally.api [-] urllib3 insecure warnings are hidden.
2019-10-29 00:54:17.887 20408 RALLYDEBUG rally.api [-] ERROR log from boto module is hide.
2019-10-29 00:54:19.041 20409 RALLYDEBUG rally.api [-] INFO logs from urllib3 and requests module are hide.
2019-10-29 00:54:19.041 20409 RALLYDEBUG rally.api [-] urllib3 insecure warnings are hidden.
2019-10-29 00:54:19.041 20409 RALLYDEBUG rally.api [-] ERROR log from boto module is hide.
2019-10-29 00:54:20.762 20409 INFO rally.api [-] Building 'json' report for the following task(s): '897543c6-dc99-4806-82ba-1812f9669aad'.
2019-10-29 00:54:20.802 20409 INFO rally.api [-] The report has been successfully built.
2019-10-29 00:54:22.130 20411 RALLYDEBUG rally.api [-] INFO logs from urllib3 and requests module are hide.
2019-10-29 00:54:22.130 20411 RALLYDEBUG rally.api [-] urllib3 insecure warnings are hidden.
2019-10-29 00:54:22.131 20411 RALLYDEBUG rally.api [-] ERROR log from boto module is hide.
2019-10-29 00:54:24.242 20411 INFO rally.task.engine [-] Task edcdffdd-a1a4-4565-be03-103d25643787 | Starting: Task validation.
2019-10-29 00:54:24.321 20411 INFO rally.task.engine [-] Task edcdffdd-a1a4-4565-be03-103d25643787 | Starting: Task validation of syntax.
2019-10-29 00:54:24.678 20411 INFO rally.task.engine [-] Task edcdffdd-a1a4-4565-be03-103d25643787 | Completed: Task validation of syntax.
2019-10-29 00:54:24.678 20411 INFO rally.task.engine [-] Task edcdffdd-a1a4-4565-be03-103d25643787 | Starting: Task validation of required platforms.
2019-10-29 00:54:24.814 20411 INFO rally.task.engine [-] Task edcdffdd-a1a4-4565-be03-103d25643787 | Completed: Task validation of required platforms.
2019-10-29 00:54:24.814 20411 INFO rally.task.engine [-] Task edcdffdd-a1a4-4565-be03-103d25643787 | Starting: Task validation of semantic.
2019-10-29 00:54:24.814 20411 INFO rally.task.engine [-] Check health of the environment 'fd54644d-cf90-477f-9184-e98e06bc8d2e'.
2019-10-29 00:54:25.788 20411 INFO rally.task.engine [-] Platform existing@openstack (available: True): OK!
2019-10-29 00:54:25.807 20411 RALLYDEBUG rally_openstack.contexts.keystone.users [-] Creating 1 tenants using 20 threads
2019-10-29 00:54:26.659 20411 RALLYDEBUG rally_openstack.contexts.keystone.users [-] Creating 1 users using 20 threads
2019-10-29 00:54:27.983 20411 INFO rally.task.context [-] Task edcdffdd-a1a4-4565-be03-103d25643787 | Context users@openstack setup() finished in 2.18 sec
2019-10-29 00:55:08.059 20411 INFO rally.task.context [-] Task edcdffdd-a1a4-4565-be03-103d25643787 | Context users@openstack cleanup() started
2019-10-29 00:55:10.776 20411 INFO rally.task.context [-] Task edcdffdd-a1a4-4565-be03-103d25643787 | Context users@openstack cleanup() finished in 2.72 sec
2019-10-29 00:55:10.777 20411 INFO rally.task.engine [-] Task edcdffdd-a1a4-4565-be03-103d25643787 | Completed: Task validation of semantic.
2019-10-29 00:55:10.777 20411 INFO rally.task.engine [-] Task edcdffdd-a1a4-4565-be03-103d25643787 | Completed: Task validation.
2019-10-29 00:55:10.778 20411 INFO rally.api [-] Task edcdffdd-a1a4-4565-be03-103d25643787 input file is valid.
2019-10-29 00:55:10.778 20411 INFO rally.api [-] Run Task edcdffdd-a1a4-4565-be03-103d25643787 against Deployment fd54644d-cf90-477f-9184-e98e06bc8d2e
2019-10-29 00:55:10.778 20411 INFO rally.task.engine [-] Task edcdffdd-a1a4-4565-be03-103d25643787 | Starting: Running task.
2019-10-29 00:55:10.945 20411 INFO rally.task.engine [-] Running workload: position = 0 config = { "version": 2, "title": "A cropped version of a bigger task.", "description": "Auto-generated task from a single workload (uuid=00fe728a-2cf8-404d-937b-2d12193a9acc)", "subtasks": [ { "title": "NovaKeypair.create_and_delete_keypair", "description": "Create a keypair with random name and delete keypair.", "scenario": { "NovaKeypair.create_and_delete_keypair": {} }, "contexts": { "users": { "tenants": 3, "users_per_tenant": 2 }, "quotas": { "nova": { "cores": -1, "floating_ips": -1, "instances": -1, "key_pairs": -1, "ram": -1, "security_group_rules": -1, "security_groups": -1 } } }, "runner": { "constant": { "concurrency": 4, "times": 10 } }, "hooks": [], "sla": { "failure_rate": { "max": 0 } } } ] }
2019-10-29 00:55:10.970 20411 RALLYDEBUG rally_openstack.contexts.keystone.users [-] Creating 3 tenants using 20 threads
2019-10-29 00:55:11.940 20411 RALLYDEBUG rally_openstack.contexts.keystone.users [-] Creating 6 users using 20 threads
2019-10-29 00:55:13.487 20411 INFO rally.task.context [-] Task edcdffdd-a1a4-4565-be03-103d25643787 | Context users@openstack setup() finished in 2.52 sec
2019-10-29 00:55:14.653 20411 INFO rally.task.context [-] Task edcdffdd-a1a4-4565-be03-103d25643787 | Context quotas@openstack setup() finished in 1.16 sec
2019-10-29 00:55:14.654 20411 INFO rally.task.context [-] Task edcdffdd-a1a4-4565-be03-103d25643787 | Context cleanup@openstack setup() finished in 0.02 msec
2019-10-29 00:55:14.666 20411 RALLYDEBUG rally.task.runner [-] Starting the constant runner (task UUID: edcdffdd-a1a4-4565-be03-103d25643787). times: 10 concurrency: 4 timeout: 0 max_cpu_used: 16 processes_to_start: 4 concurrency_per_worker: 1 concurrency_overhead: 0
2019-10-29 00:55:14.682 20535 RALLYDEBUG rally.task.runner [-] Starting a worker. times: 10 duration: None concurrency: 1 timeout: 0 cls: method_name: run args: {}
2019-10-29 00:55:14.687 20536 RALLYDEBUG rally.task.runner [-] Starting a worker. times: 10 duration: None concurrency: 1 timeout: 0 cls: method_name: run args: {}
2019-10-29 00:55:14.689 20535 INFO rally.task.runner [-] Task edcdffdd-a1a4-4565-be03-103d25643787 | ITER: 1 START
2019-10-29 00:55:14.691 20537 RALLYDEBUG rally.task.runner [-] Starting a worker. times: 10 duration: None concurrency: 1 timeout: 0 cls: method_name: run args: {}
2019-10-29 00:55:14.694 20536 INFO rally.task.runner [-] Task edcdffdd-a1a4-4565-be03-103d25643787 | ITER: 2 START
2019-10-29 00:55:14.696 20540 RALLYDEBUG rally.task.runner [-] Starting a worker. times: 10 duration: None concurrency: 1 timeout: 0 cls: method_name: run args: {}
2019-10-29 00:55:14.698 20537 INFO rally.task.runner [-] Task edcdffdd-a1a4-4565-be03-103d25643787 | ITER: 3 START
2019-10-29 00:55:14.702 20540 INFO rally.task.runner [-] Task edcdffdd-a1a4-4565-be03-103d25643787 | ITER: 4 START
2019-10-29 00:55:15.370 20537 INFO rally.task.runner [-] Task edcdffdd-a1a4-4565-be03-103d25643787 | ITER: 3 END: OK
2019-10-29 00:55:15.375 20537 INFO rally.task.runner [-] Task edcdffdd-a1a4-4565-be03-103d25643787 | ITER: 5 START
2019-10-29 00:55:15.411 20536 INFO rally.task.runner [-] Task edcdffdd-a1a4-4565-be03-103d25643787 | ITER: 2 END: OK
2019-10-29 00:55:15.415 20536 INFO rally.task.runner [-] Task edcdffdd-a1a4-4565-be03-103d25643787 | ITER: 6 START
2019-10-29 00:55:15.470 20535 INFO rally.task.runner [-] Task edcdffdd-a1a4-4565-be03-103d25643787 | ITER: 1 END: OK
2019-10-29 00:55:15.475 20535 INFO rally.task.runner [-] Task edcdffdd-a1a4-4565-be03-103d25643787 | ITER: 7 START
2019-10-29 00:55:15.486 20540 INFO rally.task.runner [-] Task edcdffdd-a1a4-4565-be03-103d25643787 | ITER: 4 END: OK
2019-10-29 00:55:15.490 20540 INFO rally.task.runner [-] Task edcdffdd-a1a4-4565-be03-103d25643787 | ITER: 8 START
2019-10-29 00:55:15.958 20536 INFO rally.task.runner [-] Task edcdffdd-a1a4-4565-be03-103d25643787 | ITER: 6 END: OK
2019-10-29 00:55:15.962 20536 INFO rally.task.runner [-] Task edcdffdd-a1a4-4565-be03-103d25643787 | ITER: 9 START
2019-10-29 00:55:16.058 20535 INFO rally.task.runner [-] Task edcdffdd-a1a4-4565-be03-103d25643787 | ITER: 7 END: OK
2019-10-29 00:55:16.061 20535 INFO rally.task.runner [-] Task edcdffdd-a1a4-4565-be03-103d25643787 | ITER: 10 START
2019-10-29 00:55:16.070 20540 INFO rally.task.runner [-] Task edcdffdd-a1a4-4565-be03-103d25643787 | ITER: 8 END: OK
2019-10-29 00:55:16.086 20537 INFO rally.task.runner [-] Task edcdffdd-a1a4-4565-be03-103d25643787 | ITER: 5 END: OK
2019-10-29 00:55:16.549 20536 INFO rally.task.runner [-] Task edcdffdd-a1a4-4565-be03-103d25643787 | ITER: 9 END: OK
2019-10-29 00:55:16.698 20535 INFO rally.task.runner [-] Task edcdffdd-a1a4-4565-be03-103d25643787 | ITER: 10 END: OK
2019-10-29 00:55:16.724 20411 INFO rally.task.context [-] Task edcdffdd-a1a4-4565-be03-103d25643787 | Context cleanup@openstack cleanup() started
2019-10-29 00:55:16.728 20411 RALLYDEBUG rally_openstack.cleanup.manager [-] Cleaning up nova servers objects
2019-10-29 00:55:18.025 20411 RALLYDEBUG rally_openstack.cleanup.manager [-] Cleaning up nova server_groups objects
2019-10-29 00:55:19.222 20411 RALLYDEBUG rally_openstack.cleanup.manager [-] Cleaning up nova keypairs objects
2019-10-29 00:55:21.584 20411 INFO rally.task.context [-] Task edcdffdd-a1a4-4565-be03-103d25643787 | Context cleanup@openstack cleanup() finished in 4.86 sec
2019-10-29 00:55:21.584 20411 INFO rally.task.context [-] Task edcdffdd-a1a4-4565-be03-103d25643787 | Context quotas@openstack cleanup() started
2019-10-29 00:55:21.669 20411 INFO rally.task.context [-] Task edcdffdd-a1a4-4565-be03-103d25643787 | Context quotas@openstack cleanup() finished in 85.00 msec
2019-10-29 00:55:21.670 20411 INFO rally.task.context [-] Task edcdffdd-a1a4-4565-be03-103d25643787 | Context users@openstack cleanup() started
2019-10-29 00:55:25.999 20411 INFO rally.task.context [-] Task edcdffdd-a1a4-4565-be03-103d25643787 | Context users@openstack cleanup() finished in 4.33 sec
2019-10-29 00:55:27.081 20411 INFO rally.task.engine [-] Load duration is: 2.007479
2019-10-29 00:55:27.081 20411 INFO rally.task.engine [-] Full runner duration is: 2.058957
2019-10-29 00:55:27.082 20411 INFO rally.task.engine [-] Full duration is: 15.031254
2019-10-29 00:55:27.382 20411 INFO rally.task.engine [-] Running workload: position = 0 config = { "version": 2, "title": "A cropped version of a bigger task.", "description": "Auto-generated task from a single workload (uuid=7cb4ed25-d9a5-4183-89da-3b4d54d78bd6)", "subtasks": [ { "title": "NovaKeypair.create_and_list_keypairs", "description": "Create a keypair with random name and list keypairs.", "scenario": { "NovaKeypair.create_and_list_keypairs": {} }, "contexts": { "users": { "tenants": 3, "users_per_tenant": 2 }, "quotas": { "nova": { "cores": -1, "floating_ips": -1, "instances": -1, "key_pairs": -1, "ram": -1, "security_group_rules": -1, "security_groups": -1 } } }, "runner": { "constant": { "concurrency": 4, "times": 10 } }, "hooks": [], "sla": { "failure_rate": { "max": 0 } } } ] }
2019-10-29 00:55:27.406 20411 RALLYDEBUG rally_openstack.contexts.keystone.users [-] Creating 3 tenants using 20 threads
2019-10-29 00:55:28.569 20411 RALLYDEBUG rally_openstack.contexts.keystone.users [-] Creating 6 users using 20 threads
2019-10-29 00:55:30.112 20411 INFO rally.task.context [-] Task edcdffdd-a1a4-4565-be03-103d25643787 | Context users@openstack setup() finished in 2.70 sec
2019-10-29 00:55:31.212 20411 INFO rally.task.context [-] Task edcdffdd-a1a4-4565-be03-103d25643787 | Context quotas@openstack setup() finished in 1.10 sec
2019-10-29 00:55:31.213 20411 INFO rally.task.context [-] Task edcdffdd-a1a4-4565-be03-103d25643787 | Context cleanup@openstack setup() finished in 0.00 msec
2019-10-29 00:55:31.221 20411 RALLYDEBUG rally.task.runner [-] Starting the constant runner (task UUID: edcdffdd-a1a4-4565-be03-103d25643787). times: 10 concurrency: 4 timeout: 0 max_cpu_used: 16 processes_to_start: 4 concurrency_per_worker: 1 concurrency_overhead: 0
2019-10-29 00:55:31.232 20699 RALLYDEBUG rally.task.runner [-] Starting a worker. times: 10 duration: None concurrency: 1 timeout: 0 cls: method_name: run args: {}
2019-10-29 00:55:31.236 20700 RALLYDEBUG rally.task.runner [-] Starting a worker. times: 10 duration: None concurrency: 1 timeout: 0 cls: method_name: run args: {}
2019-10-29 00:55:31.239 20699 INFO rally.task.runner [-] Task edcdffdd-a1a4-4565-be03-103d25643787 | ITER: 1 START
2019-10-29 00:55:31.239 20701 RALLYDEBUG rally.task.runner [-] Starting a worker. times: 10 duration: None concurrency: 1 timeout: 0 cls: method_name: run args: {}
2019-10-29 00:55:31.241 20700 INFO rally.task.runner [-] Task edcdffdd-a1a4-4565-be03-103d25643787 | ITER: 2 START
2019-10-29 00:55:31.243 20703 RALLYDEBUG rally.task.runner [-] Starting a worker. times: 10 duration: None concurrency: 1 timeout: 0 cls: method_name: run args: {}
2019-10-29 00:55:31.246 20701 INFO rally.task.runner [-] Task edcdffdd-a1a4-4565-be03-103d25643787 | ITER: 3 START
2019-10-29 00:55:31.249 20703 INFO rally.task.runner [-] Task edcdffdd-a1a4-4565-be03-103d25643787 | ITER: 4 START
2019-10-29 00:55:31.873 20700 INFO rally.task.runner [-] Task edcdffdd-a1a4-4565-be03-103d25643787 | ITER: 2 END: OK
2019-10-29 00:55:31.877 20700 INFO rally.task.runner [-] Task edcdffdd-a1a4-4565-be03-103d25643787 | ITER: 5 START
2019-10-29 00:55:31.889 20699 INFO rally.task.runner [-] Task edcdffdd-a1a4-4565-be03-103d25643787 | ITER: 1 END: OK
2019-10-29 00:55:31.893 20699 INFO rally.task.runner [-] Task edcdffdd-a1a4-4565-be03-103d25643787 | ITER: 6 START
2019-10-29 00:55:31.987 20701 INFO rally.task.runner [-] Task edcdffdd-a1a4-4565-be03-103d25643787 | ITER: 3 END: OK
2019-10-29 00:55:31.991 20701 INFO rally.task.runner [-] Task edcdffdd-a1a4-4565-be03-103d25643787 | ITER: 7 START
2019-10-29 00:55:32.014 20703 INFO rally.task.runner [-] Task edcdffdd-a1a4-4565-be03-103d25643787 | ITER: 4 END: OK
2019-10-29 00:55:32.018 20703 INFO rally.task.runner [-] Task edcdffdd-a1a4-4565-be03-103d25643787 | ITER: 8 START
2019-10-29 00:55:32.372 20700 INFO rally.task.runner [-] Task edcdffdd-a1a4-4565-be03-103d25643787 | ITER: 5 END: OK
2019-10-29 00:55:32.376 20700 INFO rally.task.runner [-] Task edcdffdd-a1a4-4565-be03-103d25643787 | ITER: 9 START
2019-10-29 00:55:32.496 20703 INFO rally.task.runner [-] Task edcdffdd-a1a4-4565-be03-103d25643787 | ITER: 8 END: OK
2019-10-29 00:55:32.500 20703 INFO rally.task.runner [-] Task edcdffdd-a1a4-4565-be03-103d25643787 | ITER: 10 START
2019-10-29 00:55:32.516 20699 INFO rally.task.runner [-] Task edcdffdd-a1a4-4565-be03-103d25643787 | ITER: 6 END: OK
2019-10-29 00:55:32.634 20701 INFO rally.task.runner [-] Task edcdffdd-a1a4-4565-be03-103d25643787 | ITER: 7 END: OK
2019-10-29 00:55:33.152 20700 INFO rally.task.runner [-] Task edcdffdd-a1a4-4565-be03-103d25643787 | ITER: 9 END: OK
2019-10-29 00:55:33.160 20703 INFO rally.task.runner [-] Task edcdffdd-a1a4-4565-be03-103d25643787 | ITER: 10 END: OK
2019-10-29 00:55:33.188 20411 INFO rally.task.context [-] Task edcdffdd-a1a4-4565-be03-103d25643787 | Context cleanup@openstack cleanup() started
2019-10-29 00:55:33.191 20411 RALLYDEBUG rally_openstack.cleanup.manager [-] Cleaning up nova servers objects
2019-10-29 00:55:34.622 20411 RALLYDEBUG rally_openstack.cleanup.manager [-] Cleaning up nova server_groups objects
2019-10-29 00:55:35.763 20411 RALLYDEBUG rally_openstack.cleanup.manager [-] Cleaning up nova keypairs objects
2019-10-29 00:55:38.165 20411 RALLYDEBUG rally_openstack.cleanup.manager [-] Deleting nova.keypairs object s_rally_7cb4ed25_SJQYwp4C (s_rally_7cb4ed25_SJQYwp4C)
2019-10-29 00:55:38.175 20411 RALLYDEBUG rally_openstack.cleanup.manager [-] Deleting nova.keypairs object s_rally_7cb4ed25_UPhK5BHi (s_rally_7cb4ed25_UPhK5BHi)
2019-10-29 00:55:38.184 20411 RALLYDEBUG rally_openstack.cleanup.manager [-] Deleting nova.keypairs object s_rally_7cb4ed25_zN0ibcH6 (s_rally_7cb4ed25_zN0ibcH6)
2019-10-29 00:55:38.193 20411 RALLYDEBUG rally_openstack.cleanup.manager [-] Deleting nova.keypairs object s_rally_7cb4ed25_hcbKkr2s (s_rally_7cb4ed25_hcbKkr2s)
2019-10-29 00:55:38.199 20411 RALLYDEBUG rally_openstack.cleanup.manager [-] Deleting nova.keypairs object s_rally_7cb4ed25_GWZ3IrUJ (s_rally_7cb4ed25_GWZ3IrUJ)
2019-10-29 00:55:38.213 20411 RALLYDEBUG rally_openstack.cleanup.manager [-] Deleting nova.keypairs object s_rally_7cb4ed25_lBxkPraL (s_rally_7cb4ed25_lBxkPraL)
2019-10-29 00:55:38.232 20411 RALLYDEBUG rally_openstack.cleanup.manager [-] Deleting nova.keypairs object s_rally_7cb4ed25_hsFRVjmP (s_rally_7cb4ed25_hsFRVjmP)
2019-10-29 00:55:38.246 20411 RALLYDEBUG rally_openstack.cleanup.manager [-] Deleting nova.keypairs object s_rally_7cb4ed25_r3jChCG9 (s_rally_7cb4ed25_r3jChCG9)
2019-10-29 00:55:38.251 20411 RALLYDEBUG rally_openstack.cleanup.manager [-] Deleting nova.keypairs object s_rally_7cb4ed25_XpEhEbki (s_rally_7cb4ed25_XpEhEbki)
2019-10-29 00:55:38.265 20411 RALLYDEBUG rally_openstack.cleanup.manager [-] Deleting nova.keypairs object s_rally_7cb4ed25_jMonSUV2 (s_rally_7cb4ed25_jMonSUV2)
2019-10-29 00:55:39.710 20411 INFO rally.task.context [-] Task edcdffdd-a1a4-4565-be03-103d25643787 | Context cleanup@openstack cleanup() finished in 6.52 sec
2019-10-29 00:55:39.710 20411 INFO rally.task.context [-] Task edcdffdd-a1a4-4565-be03-103d25643787 | Context quotas@openstack cleanup() started
2019-10-29 00:55:39.768 20411 INFO rally.task.context [-] Task edcdffdd-a1a4-4565-be03-103d25643787 | Context quotas@openstack cleanup() finished in 57.38 msec
2019-10-29 00:55:39.768 20411 INFO rally.task.context [-] Task edcdffdd-a1a4-4565-be03-103d25643787 | Context users@openstack cleanup() started
2019-10-29 00:55:44.135 20411 INFO rally.task.context [-] Task edcdffdd-a1a4-4565-be03-103d25643787 | Context users@openstack cleanup() finished in 4.37 sec
2019-10-29 00:55:45.518 20411 INFO rally.task.engine [-] Load duration is: 1.919188
2019-10-29 00:55:45.519 20411 INFO rally.task.engine [-] Full runner duration is: 1.966996
2019-10-29 00:55:45.519 20411 INFO rally.task.engine [-] Full duration is: 16.730833
2019-10-29 00:55:45.826 20411 INFO rally.task.engine [-] Running workload: position = 0 config = { "version": 2, "title": "A cropped version of a bigger task.", "description": "Auto-generated task from a single workload (uuid=ee2ce32c-0864-4c42-9210-c0e7d0339c8c)", "subtasks": [ { "title": "NovaServers.boot_and_bounce_server", "description": "Boot a server and run specified actions against it.", "scenario": { "NovaServers.boot_and_bounce_server": { "actions": [ { "hard_reboot": 1 }, { "soft_reboot": 1 }, { "stop_start": 1 }, { "rescue_unrescue": 1 } ], "flavor": { "name": "rally_full-flavor_b1bdd5ff-a94b-4b0b-abed-4a39b4cd7a4c" }, "image": { "name": "rally_full-img_b1bdd5ff-a94b-4b0b-abed-4a39b4cd7a4c" }, "nics": [ { "net-id": "1a84dcc6-e694-4461-af1d-1b42ba763d82" } ] } }, "contexts": { "users": { "tenants": 3, "users_per_tenant": 2 }, "network": { "networks_per_tenant": 1, "start_cidr": "100.1.0.0/25" }, "quotas": { "neutron": { "network": -1, "port": -1, "subnet": -1 }, "nova": { "cores": -1, "floating_ips": -1, "instances": -1, "ram": -1, "security_group_rules": -1, "security_groups": -1 } } }, "runner": { "constant": { "concurrency": 4, "times": 10 } }, "hooks": [], "sla": { "failure_rate": { "max": 0 } } } ] }
2019-10-29 00:55:45.851 20411 RALLYDEBUG rally_openstack.contexts.keystone.users [-] Creating 3 tenants using 20 threads
2019-10-29 00:55:46.808 20411 RALLYDEBUG rally_openstack.contexts.keystone.users [-] Creating 6 users using 20 threads
2019-10-29 00:55:48.323 20411 INFO rally.task.context [-] Task edcdffdd-a1a4-4565-be03-103d25643787 | Context users@openstack setup() finished in 2.47 sec
2019-10-29 00:55:49.842 20411 INFO rally.task.context [-] Task edcdffdd-a1a4-4565-be03-103d25643787 | Context quotas@openstack setup() finished in 1.52 sec
2019-10-29 00:55:52.101 20411 RALLYDEBUG rally_openstack.wrappers.network [-] CIDR generated: 100.1.0.0/25
2019-10-29 00:55:56.660 20411 RALLYDEBUG rally_openstack.wrappers.network [-] CIDR generated: 100.1.0.128/25
2019-10-29 00:56:00.942 20411 RALLYDEBUG rally_openstack.wrappers.network [-] CIDR generated: 100.1.1.0/25
2019-10-29 00:56:03.540 20411 INFO rally.task.context [-] Task edcdffdd-a1a4-4565-be03-103d25643787 | Context network@openstack setup() finished in 13.70 sec
2019-10-29 00:56:03.540 20411 INFO rally.task.context [-] Task edcdffdd-a1a4-4565-be03-103d25643787 | Context cleanup@openstack setup() finished in 0.01 msec
2019-10-29 00:56:04.423 20411 RALLYDEBUG rally.task.runner [-] Starting the constant runner (task UUID: edcdffdd-a1a4-4565-be03-103d25643787). times: 10 concurrency: 4 timeout: 0 max_cpu_used: 16 processes_to_start: 4 concurrency_per_worker: 1 concurrency_overhead: 0
2019-10-29 00:56:04.436 20863 RALLYDEBUG rally.task.runner [-] Starting a worker. times: 10 duration: None concurrency: 1 timeout: 0 cls: method_name: run args: {"actions": [{"hard_reboot": 1}, {"soft_reboot": 1}, {"stop_start": 1}, {"rescue_unrescue": 1}], "flavor": "2b968296-870b-41ac-8f70-620d226e1dc6", "image": "ea3ac222-ed8c-4767-bd2c-fae77a59be81", "nics": [{"net-id": "1a84dcc6-e694-4461-af1d-1b42ba763d82"}]}
2019-10-29 00:56:04.439 20864 RALLYDEBUG rally.task.runner [-] Starting a worker. times: 10 duration: None concurrency: 1 timeout: 0 cls: method_name: run args: {"actions": [{"hard_reboot": 1}, {"soft_reboot": 1}, {"stop_start": 1}, {"rescue_unrescue": 1}], "flavor": "2b968296-870b-41ac-8f70-620d226e1dc6", "image": "ea3ac222-ed8c-4767-bd2c-fae77a59be81", "nics": [{"net-id": "1a84dcc6-e694-4461-af1d-1b42ba763d82"}]}
2019-10-29 00:56:04.444 20863 INFO rally.task.runner [-] Task edcdffdd-a1a4-4565-be03-103d25643787 | ITER: 1 START
2019-10-29 00:56:04.443 20865 RALLYDEBUG rally.task.runner [-] Starting a worker. times: 10 duration: None concurrency: 1 timeout: 0 cls: method_name: run args: {"actions": [{"hard_reboot": 1}, {"soft_reboot": 1}, {"stop_start": 1}, {"rescue_unrescue": 1}], "flavor": "2b968296-870b-41ac-8f70-620d226e1dc6", "image": "ea3ac222-ed8c-4767-bd2c-fae77a59be81", "nics": [{"net-id": "1a84dcc6-e694-4461-af1d-1b42ba763d82"}]}
2019-10-29 00:56:04.446 20864 INFO rally.task.runner [-] Task edcdffdd-a1a4-4565-be03-103d25643787 | ITER: 2 START
2019-10-29 00:56:04.447 20866 RALLYDEBUG rally.task.runner [-] Starting a worker. times: 10 duration: None concurrency: 1 timeout: 0 cls: method_name: run args: {"actions": [{"hard_reboot": 1}, {"soft_reboot": 1}, {"stop_start": 1}, {"rescue_unrescue": 1}], "flavor": "2b968296-870b-41ac-8f70-620d226e1dc6", "image": "ea3ac222-ed8c-4767-bd2c-fae77a59be81", "nics": [{"net-id": "1a84dcc6-e694-4461-af1d-1b42ba763d82"}]}
2019-10-29 00:56:04.451 20865 INFO rally.task.runner [-] Task edcdffdd-a1a4-4565-be03-103d25643787 | ITER: 3 START
2019-10-29 00:56:04.454 20866 INFO rally.task.runner [-] Task edcdffdd-a1a4-4565-be03-103d25643787 | ITER: 4 START
2019-10-29 00:56:12.358 20866 RALLYDEBUG rally.task.utils [-] Waiting for resource s_rally_ee2ce32c_mJ3HhtlS. Status changed: BUILD => ACTIVE in 4.725088119506836
2019-10-29 00:56:14.419 20865 RALLYDEBUG rally.task.utils [-] Waiting for resource s_rally_ee2ce32c_BCWOxicz. Status changed: BUILD => ACTIVE in 7.1058571338653564
2019-10-29 00:56:14.826 20864 RALLYDEBUG rally.task.utils [-] Waiting for resource s_rally_ee2ce32c_u9DBEdOz. Status changed: BUILD => ACTIVE in 7.287628889083862
2019-10-29 00:56:15.110 20863 RALLYDEBUG rally.task.utils [-] Waiting for resource s_rally_ee2ce32c_DsQBq578. Status changed: BUILD => ACTIVE in 8.030314445495605
2019-10-29 00:56:16.750 20865 RALLYDEBUG rally.task.utils [-] Waiting for resource s_rally_ee2ce32c_BCWOxicz. Status changed: ACTIVE => HARD_REBOOT in 0.21730685234069824
2019-10-29 00:56:17.355 20866 RALLYDEBUG rally.task.utils [-] Waiting for resource s_rally_ee2ce32c_mJ3HhtlS. Status changed: ACTIVE => REBOOT in 0.5846619606018066
2019-10-29 00:56:17.531 20863 RALLYDEBUG rally.task.utils [-] Waiting for resource s_rally_ee2ce32c_DsQBq578. Status changed: ACTIVE => HARD_REBOOT in 0.3005375862121582
2019-10-29 00:56:17.536 20864 RALLYDEBUG rally.task.utils [-] Waiting for resource s_rally_ee2ce32c_u9DBEdOz. Status changed: ACTIVE => HARD_REBOOT in 0.6025056838989258
2019-10-29 00:56:19.037 20865 RALLYDEBUG rally.task.utils [-] Waiting for resource s_rally_ee2ce32c_BCWOxicz. Status changed: HARD_REBOOT => ACTIVE in 2.2874984741210938
2019-10-29 00:56:19.759 20863 RALLYDEBUG rally.task.utils [-] Waiting for resource s_rally_ee2ce32c_DsQBq578. Status changed: HARD_REBOOT => ACTIVE in 2.2282793521881104
2019-10-29 00:56:19.776 20864 RALLYDEBUG rally.task.utils [-] Waiting for resource s_rally_ee2ce32c_u9DBEdOz. Status changed: HARD_REBOOT => ACTIVE in 2.239548444747925
2019-10-29 00:56:21.500 20865 RALLYDEBUG rally.task.utils [-] Waiting for resource s_rally_ee2ce32c_BCWOxicz. Status changed: ACTIVE => REBOOT in 0.3180992603302002
2019-10-29 00:56:22.100 20863 RALLYDEBUG rally.task.utils [-] Waiting for resource s_rally_ee2ce32c_DsQBq578. Status changed: ACTIVE => REBOOT in 0.24262380599975586
2019-10-29 00:56:22.161 20864 RALLYDEBUG rally.task.utils [-] Waiting for resource s_rally_ee2ce32c_u9DBEdOz. Status changed: ACTIVE => REBOOT in 0.2795736789703369
2019-10-29 00:58:17.597 20866 RALLYDEBUG rally.task.utils [-] Waiting for resource s_rally_ee2ce32c_mJ3HhtlS. Status changed: REBOOT => ACTIVE in 120.24216556549072
2019-10-29 00:58:22.092 20865 RALLYDEBUG rally.task.utils [-] Waiting for resource s_rally_ee2ce32c_BCWOxicz. Status changed: REBOOT => ACTIVE in 120.59216594696045
2019-10-29 00:58:23.992 20863 RALLYDEBUG rally.task.utils [-] Waiting for resource s_rally_ee2ce32c_DsQBq578. Status changed: REBOOT => ACTIVE in 121.89158725738525
2019-10-29 00:58:24.373 20864 RALLYDEBUG rally.task.utils [-] Waiting for resource s_rally_ee2ce32c_u9DBEdOz. Status changed: REBOOT => ACTIVE in 122.21164202690125
2019-10-29 00:58:33.144 20866 RALLYDEBUG rally.task.utils [-] Waiting for resource s_rally_ee2ce32c_mJ3HhtlS. Status changed: ACTIVE => SHUTOFF in 15.407497882843018
2019-10-29 00:58:33.478 20866 RALLYDEBUG rally.task.utils [-] Waiting for resource s_rally_ee2ce32c_mJ3HhtlS. Status changed: ACTIVE => SHUTOFF in 0.1761794090270996
2019-10-29 00:58:35.825 20866 RALLYDEBUG rally.task.utils [-] Waiting for resource s_rally_ee2ce32c_mJ3HhtlS. Status changed: SHUTOFF => ACTIVE in 2.3467020988464355
2019-10-29 00:58:42.490 20866 RALLYDEBUG rally.task.utils [-] Waiting for resource s_rally_ee2ce32c_mJ3HhtlS. Status changed: ACTIVE => RESCUE in 4.539078235626221
2019-10-29 00:58:47.149 20866 INFO rally.task.runner [-] Task edcdffdd-a1a4-4565-be03-103d25643787 | ITER: 4 END: OK
2019-10-29 00:58:47.157 20866 INFO rally.task.runner [-] Task edcdffdd-a1a4-4565-be03-103d25643787 | ITER: 5 START
2019-10-29 00:58:56.578 20866 RALLYDEBUG rally.task.utils [-] Waiting for resource s_rally_ee2ce32c_t3KoKeQV. Status changed: BUILD => ACTIVE in 6.8372132778167725
2019-10-29 00:59:01.248 20866 RALLYDEBUG rally.task.utils [-] Waiting for resource s_rally_ee2ce32c_t3KoKeQV. Status changed: ACTIVE => REBOOT in 0.18673419952392578
2019-10-29 00:59:24.001 20865 RALLYDEBUG rally.task.utils [-] Waiting for resource s_rally_ee2ce32c_BCWOxicz. Status changed: ACTIVE => SHUTOFF in 61.766868352890015
2019-10-29 00:59:24.318 20865 RALLYDEBUG rally.task.utils [-] Waiting for resource s_rally_ee2ce32c_BCWOxicz. Status changed: ACTIVE => SHUTOFF in 0.15774083137512207
2019-10-29 00:59:25.499 20863 RALLYDEBUG rally.task.utils [-] Waiting for resource s_rally_ee2ce32c_DsQBq578. Status changed: ACTIVE => SHUTOFF in 61.36683464050293
2019-10-29 00:59:25.821 20863 RALLYDEBUG rally.task.utils [-] Waiting for resource s_rally_ee2ce32c_DsQBq578. Status changed: ACTIVE => SHUTOFF in 0.1632087230682373
2019-10-29 00:59:26.171 20864 RALLYDEBUG rally.task.utils [-] Waiting for resource s_rally_ee2ce32c_u9DBEdOz. Status changed: ACTIVE => SHUTOFF in 61.53567361831665
2019-10-29 00:59:26.455 20864 RALLYDEBUG rally.task.utils [-] Waiting for resource s_rally_ee2ce32c_u9DBEdOz. Status changed: ACTIVE => SHUTOFF in 0.14992928504943848
2019-10-29 00:59:26.668 20865 RALLYDEBUG rally.task.utils [-] Waiting for resource s_rally_ee2ce32c_BCWOxicz. Status changed: SHUTOFF => ACTIVE in 2.3499913215637207
2019-10-29 00:59:26.979 20863 RALLYDEBUG rally.task.utils [-] Waiting for resource s_rally_ee2ce32c_DsQBq578. Status changed: SHUTOFF => ACTIVE in 1.1584625244140625
2019-10-29 00:59:27.602 20864 RALLYDEBUG rally.task.utils [-] Waiting for resource s_rally_ee2ce32c_u9DBEdOz. Status changed: SHUTOFF => ACTIVE in 1.146925449371338
2019-10-29 00:59:33.309 20865 RALLYDEBUG rally.task.utils [-] Waiting for resource s_rally_ee2ce32c_BCWOxicz. Status changed: ACTIVE => RESCUE in 4.507676601409912
2019-10-29 00:59:40.272 20865 INFO rally.task.runner [-] Task edcdffdd-a1a4-4565-be03-103d25643787 | ITER: 3 END: OK
2019-10-29 00:59:40.278 20865 INFO rally.task.runner [-] Task edcdffdd-a1a4-4565-be03-103d25643787 | ITER: 6 START
2019-10-29 00:59:47.793 20865 RALLYDEBUG rally.task.utils [-] Waiting for resource s_rally_ee2ce32c_t5blRMWF. Status changed: BUILD => ACTIVE in 4.525980234146118
2019-10-29 00:59:52.436 20865 RALLYDEBUG rally.task.utils [-] Waiting for resource s_rally_ee2ce32c_t5blRMWF. Status changed: ACTIVE => REBOOT in 0.19513654708862305
2019-10-29 01:00:30.849 20863 RALLYDEBUG rally.task.utils [-] Waiting for resource s_rally_ee2ce32c_DsQBq578. Status changed: ACTIVE => RESCUE in 61.73649048805237
2019-10-29 01:00:31.010 20864 RALLYDEBUG rally.task.utils [-] Waiting for resource s_rally_ee2ce32c_u9DBEdOz. Status changed: ACTIVE => RESCUE in 61.287962198257446
2019-10-29 01:00:35.547 20863 INFO rally.task.runner [-] Task edcdffdd-a1a4-4565-be03-103d25643787 | ITER: 1 END: OK
2019-10-29 01:00:35.554 20863 INFO rally.task.runner [-] Task edcdffdd-a1a4-4565-be03-103d25643787 | ITER: 7 START
2019-10-29 01:00:35.591 20864 INFO rally.task.runner [-] Task edcdffdd-a1a4-4565-be03-103d25643787 | ITER: 2 END: OK
2019-10-29 01:00:35.597 20864 INFO rally.task.runner [-] Task edcdffdd-a1a4-4565-be03-103d25643787 | ITER: 8 START
2019-10-29 01:00:43.180 20863 RALLYDEBUG rally.task.utils [-] Waiting for resource s_rally_ee2ce32c_t3w7WNCj. Status changed: BUILD => ACTIVE in 4.662580490112305
2019-10-29 01:00:45.616 20864 RALLYDEBUG rally.task.utils [-] Waiting for resource s_rally_ee2ce32c_3nsaeiIY. Status changed: BUILD => ACTIVE in 6.883450508117676
2019-10-29 01:00:47.748 20863 RALLYDEBUG rally.task.utils [-] Waiting for resource s_rally_ee2ce32c_t3w7WNCj. Status changed: ACTIVE => REBOOT in 0.1624135971069336
2019-10-29 01:00:50.224 20864 RALLYDEBUG rally.task.utils [-] Waiting for resource s_rally_ee2ce32c_3nsaeiIY. Status changed: ACTIVE => REBOOT in 0.1449298858642578
2019-10-29 01:01:02.373 20866 RALLYDEBUG rally.task.utils [-] Waiting for resource s_rally_ee2ce32c_t3KoKeQV. Status changed: REBOOT => ACTIVE in 121.12559270858765
2019-10-29 01:01:55.936 20865 RALLYDEBUG rally.task.utils [-] Waiting for resource s_rally_ee2ce32c_t5blRMWF. Status changed: REBOOT => ACTIVE in 123.49900579452515
2019-10-29 01:02:00.742 20865 RALLYDEBUG rally.task.utils [-] Waiting for resource s_rally_ee2ce32c_t5blRMWF. Status changed: ACTIVE => SHUTOFF in 4.663673162460327
2019-10-29 01:02:01.098 20865 RALLYDEBUG rally.task.utils [-] Waiting for resource s_rally_ee2ce32c_t5blRMWF. Status changed: ACTIVE => SHUTOFF in 0.22060561180114746
2019-10-29 01:02:03.559 20865 RALLYDEBUG rally.task.utils [-] Waiting for resource s_rally_ee2ce32c_t5blRMWF. Status changed: SHUTOFF => ACTIVE in 2.460876703262329
2019-10-29 01:02:04.807 20866 RALLYDEBUG rally.task.utils [-] Waiting for resource s_rally_ee2ce32c_t3KoKeQV. Status changed: ACTIVE => SHUTOFF in 62.28078866004944
2019-10-29 01:02:05.111 20866 RALLYDEBUG rally.task.utils [-] Waiting for resource s_rally_ee2ce32c_t3KoKeQV. Status changed: ACTIVE => SHUTOFF in 0.16081714630126953
2019-10-29 01:02:07.506 20866 RALLYDEBUG rally.task.utils [-] Waiting for resource s_rally_ee2ce32c_t3KoKeQV. Status changed: SHUTOFF => ACTIVE in 2.394906997680664
2019-10-29 01:02:10.642 20865 RALLYDEBUG rally.task.utils [-] Waiting for resource s_rally_ee2ce32c_t5blRMWF. Status changed: ACTIVE => RESCUE in 4.950473070144653
2019-10-29 01:02:14.234 20866 RALLYDEBUG rally.task.utils [-] Waiting for resource s_rally_ee2ce32c_t3KoKeQV. Status changed: ACTIVE => RESCUE in 4.596189260482788
2019-10-29 01:02:15.296 20865 INFO rally.task.runner [-] Task edcdffdd-a1a4-4565-be03-103d25643787 | ITER: 6 END: OK
2019-10-29 01:02:15.301 20865 INFO rally.task.runner [-] Task edcdffdd-a1a4-4565-be03-103d25643787 | ITER: 9 START
2019-10-29 01:02:18.863 20866 INFO rally.task.runner [-] Task edcdffdd-a1a4-4565-be03-103d25643787 | ITER: 5 END: OK
2019-10-29 01:02:18.869 20866 INFO rally.task.runner [-] Task edcdffdd-a1a4-4565-be03-103d25643787 | ITER: 10 START
2019-10-29 01:02:24.799 20865 RALLYDEBUG rally.task.utils [-] Waiting for resource s_rally_ee2ce32c_UuADf0NK. Status changed: BUILD => ACTIVE in 6.841387987136841
2019-10-29 01:02:28.370 20866 RALLYDEBUG rally.task.utils [-] Waiting for resource s_rally_ee2ce32c_5KfO74Ps. Status changed: BUILD => ACTIVE in 6.848911285400391
2019-10-29 01:02:29.353 20865 RALLYDEBUG rally.task.utils [-] Waiting for resource s_rally_ee2ce32c_UuADf0NK. Status changed: ACTIVE => REBOOT in 0.1533503532409668
2019-10-29 01:02:33.162 20866 RALLYDEBUG rally.task.utils [-] Waiting for resource s_rally_ee2ce32c_5KfO74Ps. Status changed: ACTIVE => REBOOT in 0.3022327423095703
2019-10-29 01:02:48.665 20863 RALLYDEBUG rally.task.utils [-] Waiting for resource s_rally_ee2ce32c_t3w7WNCj. Status changed: REBOOT => ACTIVE in 120.91653800010681
2019-10-29 01:02:52.673 20864 RALLYDEBUG rally.task.utils [-] Waiting for resource s_rally_ee2ce32c_3nsaeiIY. Status changed: REBOOT => ACTIVE in 122.4490876197815
2019-10-29 01:03:51.042 20863 RALLYDEBUG rally.task.utils [-] Waiting for resource s_rally_ee2ce32c_t3w7WNCj. Status changed: ACTIVE => SHUTOFF in 62.23495125770569
2019-10-29 01:03:51.355 20863 RALLYDEBUG rally.task.utils [-] Waiting for resource s_rally_ee2ce32c_t3w7WNCj. Status changed: ACTIVE => SHUTOFF in 0.176131010055542
2019-10-29 01:03:52.540 20863 RALLYDEBUG rally.task.utils [-] Waiting for resource s_rally_ee2ce32c_t3w7WNCj. Status changed: SHUTOFF => ACTIVE in 1.184877634048462
2019-10-29 01:03:55.360 20864 RALLYDEBUG rally.task.utils [-] Waiting for resource s_rally_ee2ce32c_3nsaeiIY. Status changed: ACTIVE => SHUTOFF in 62.50390934944153
2019-10-29 01:03:55.752 20864 RALLYDEBUG rally.task.utils [-] Waiting for resource s_rally_ee2ce32c_3nsaeiIY. Status changed: ACTIVE => SHUTOFF in 0.21746563911437988
2019-10-29 01:03:56.975 20864 RALLYDEBUG rally.task.utils [-] Waiting for resource s_rally_ee2ce32c_3nsaeiIY. Status changed: SHUTOFF => ACTIVE in 1.2230370044708252
2019-10-29 01:04:12.331 20864 RALLYDEBUG rally.task.utils [-] Waiting for resource s_rally_ee2ce32c_3nsaeiIY. Status changed: ACTIVE => RESCUE in 13.228556156158447
2019-10-29 01:04:16.978 20864 INFO rally.task.runner [-] Task edcdffdd-a1a4-4565-be03-103d25643787 | ITER: 8 END: OK
2019-10-29 01:04:30.870 20865 RALLYDEBUG rally.task.utils [-] Waiting for resource s_rally_ee2ce32c_UuADf0NK. Status changed: REBOOT => ACTIVE in 121.517245054245
2019-10-29 01:04:34.534 20866 RALLYDEBUG rally.task.utils [-] Waiting for resource s_rally_ee2ce32c_5KfO74Ps. Status changed: REBOOT => ACTIVE in 121.37179327011108
2019-10-29 01:04:48.624 20866 RALLYDEBUG rally.task.utils [-] Waiting for resource s_rally_ee2ce32c_5KfO74Ps. Status changed: ACTIVE => SHUTOFF in 13.933669567108154
2019-10-29 01:04:48.938 20866 RALLYDEBUG rally.task.utils [-] Waiting for resource s_rally_ee2ce32c_5KfO74Ps. Status changed: ACTIVE => SHUTOFF in 0.16503357887268066
2019-10-29 01:04:50.113 20866 RALLYDEBUG rally.task.utils [-] Waiting for resource s_rally_ee2ce32c_5KfO74Ps. Status changed: SHUTOFF => ACTIVE in 1.175325870513916
2019-10-29 01:04:56.061 20863 RALLYDEBUG rally.task.utils [-] Waiting for resource s_rally_ee2ce32c_t3w7WNCj. Status changed: ACTIVE => RESCUE in 61.38017654418945
2019-10-29 01:05:00.706 20863 INFO rally.task.runner [-] Task edcdffdd-a1a4-4565-be03-103d25643787 | ITER: 7 END: OK
2019-10-29 01:05:32.881 20865 RALLYDEBUG rally.task.utils [-] Waiting for resource s_rally_ee2ce32c_UuADf0NK. Status changed: ACTIVE => SHUTOFF in 61.85569953918457
2019-10-29 01:05:33.345 20865 RALLYDEBUG rally.task.utils [-] Waiting for resource s_rally_ee2ce32c_UuADf0NK. Status changed: ACTIVE => SHUTOFF in 0.308748722076416
2019-10-29 01:05:34.524 20865 RALLYDEBUG rally.task.utils [-] Waiting for resource s_rally_ee2ce32c_UuADf0NK. Status changed: SHUTOFF => ACTIVE in 1.1790006160736084
2019-10-29 01:05:54.160 20866 RALLYDEBUG rally.task.utils [-] Waiting for resource s_rally_ee2ce32c_5KfO74Ps. Status changed: ACTIVE => RESCUE in 61.90800452232361
2019-10-29 01:05:58.877 20866 INFO rally.task.runner [-] Task edcdffdd-a1a4-4565-be03-103d25643787 | ITER: 10 END: OK
2019-10-29 01:06:38.682 20865 RALLYDEBUG rally.task.utils [-] Waiting for resource s_rally_ee2ce32c_UuADf0NK. Status changed: ACTIVE => RESCUE in 62.02843761444092
2019-10-29 01:06:43.332 20865 INFO rally.task.runner [-] Task edcdffdd-a1a4-4565-be03-103d25643787 | ITER: 9 END: OK
2019-10-29 01:06:43.362 20411 INFO rally.task.context [-] Task edcdffdd-a1a4-4565-be03-103d25643787 | Context cleanup@openstack cleanup() started
2019-10-29 01:06:43.367 20411 RALLYDEBUG rally_openstack.cleanup.manager [-] Cleaning up nova servers objects
2019-10-29 01:06:44.958 20411 RALLYDEBUG rally_openstack.cleanup.manager [-] Cleaning up nova server_groups objects
2019-10-29 01:06:46.091 20411 RALLYDEBUG rally_openstack.cleanup.manager [-] Cleaning up nova keypairs objects
2019-10-29 01:06:48.813 20411 INFO rally.task.context [-] Task edcdffdd-a1a4-4565-be03-103d25643787 | Context cleanup@openstack cleanup() finished in 5.45 sec
2019-10-29 01:06:48.814 20411 INFO rally.task.context [-] Task edcdffdd-a1a4-4565-be03-103d25643787 | Context network@openstack cleanup() started
2019-10-29 01:07:12.501 20411 INFO rally.task.context [-] Task edcdffdd-a1a4-4565-be03-103d25643787 | Context network@openstack cleanup() finished in 23.69 sec
2019-10-29 01:07:12.501 20411 INFO rally.task.context [-] Task edcdffdd-a1a4-4565-be03-103d25643787 | Context quotas@openstack cleanup() started
2019-10-29 01:07:12.877 20411 INFO rally.task.context [-] Task edcdffdd-a1a4-4565-be03-103d25643787 | Context quotas@openstack cleanup() finished in 0.38 sec
2019-10-29 01:07:12.877 20411 INFO rally.task.context [-] Task edcdffdd-a1a4-4565-be03-103d25643787 | Context users@openstack cleanup() started
2019-10-29 01:07:17.519 20411 INFO rally.task.context [-] Task edcdffdd-a1a4-4565-be03-103d25643787 | Context users@openstack cleanup() finished in 4.64 sec
2019-10-29 01:07:18.545 20411 INFO rally.task.engine [-] Load duration is: 629.887189
2019-10-29 01:07:18.545 20411 INFO rally.task.engine [-] Full runner duration is: 638.938979
2019-10-29 01:07:18.546 20411 INFO rally.task.engine [-] Full duration is: 691.670964
2019-10-29 01:07:18.897 20411 INFO rally.task.engine [-] Running workload: position = 0 config = { "version": 2, "title": "A cropped version of a bigger task.", "description": "Auto-generated task from a single workload (uuid=b89063f1-6307-469a-a96e-c32671320eec)", "subtasks": [ { "title": "NovaServers.boot_and_delete_server", "description": "Boot and delete a server.", "scenario": { "NovaServers.boot_and_delete_server": { "flavor": { "name": "rally_full-flavor_b1bdd5ff-a94b-4b0b-abed-4a39b4cd7a4c" }, "image": { "name": "rally_full-img_b1bdd5ff-a94b-4b0b-abed-4a39b4cd7a4c" }, "nics": [ { "net-id": "1a84dcc6-e694-4461-af1d-1b42ba763d82" } ] } }, "contexts": { "users": { "tenants": 3, "users_per_tenant": 2 }, "network": { "networks_per_tenant": 1, "start_cidr": "100.1.0.0/25" }, "quotas": { "neutron": { "network": -1, "port": -1, "subnet": -1 }, "nova": { "cores": -1, "floating_ips": -1, "instances": -1, "ram": -1, "security_group_rules": -1, "security_groups": -1 } } }, "runner": { "constant": { "concurrency": 4, "times": 10 } }, "hooks": [], "sla": { "failure_rate": { "max": 0 } } } ] }
2019-10-29 01:07:18.922 20411 RALLYDEBUG rally_openstack.contexts.keystone.users [-] Creating 3 tenants using 20 threads
2019-10-29 01:07:19.983 20411 RALLYDEBUG rally_openstack.contexts.keystone.users [-] Creating 6 users using 20 threads
2019-10-29 01:07:21.541 20411 INFO rally.task.context [-] Task edcdffdd-a1a4-4565-be03-103d25643787 | Context users@openstack setup() finished in 2.62 sec
2019-10-29 01:07:23.286 20411 INFO rally.task.context [-] Task edcdffdd-a1a4-4565-be03-103d25643787 | Context quotas@openstack setup() finished in 1.74 sec
2019-10-29 01:07:25.623 20411 RALLYDEBUG rally_openstack.wrappers.network [-] CIDR generated: 100.1.1.128/25
