2019-10-29 00:24:44.712 6547 INFO rally.task.context [-] Task 3a9279fc-b20a-45ef-b8f1-55260707c41e | Context users@openstack cleanup() finished in 4.30 sec
2019-10-29 00:24:46.410 6547 INFO rally.task.engine [-] Load duration is: 1.424094
2019-10-29 00:24:46.410 6547 INFO rally.task.engine [-] Full runner duration is: 1.473773
2019-10-29 00:24:46.411 6547 INFO rally.task.engine [-] Full duration is: 8.377374
2019-10-29 00:24:46.754 6547 INFO rally.task.engine [-] Running workload: position = 0 config = { "version": 2, "title": "A cropped version of a bigger task.", "description": "Auto-generated task from a single workload (uuid=00ea537e-78f2-402b-96ca-413f8ab1b295)", "subtasks": [ { "title": "GnocchiResourceType.create_resource_type", "description": "Create resource type.", "scenario": { "GnocchiResourceType.create_resource_type": { "attributes": { "foo": { "required": false, "type": "string" }, "bar": { "required": true, "type": "number" } } } }, "contexts": { "users": { "tenants": 3, "users_per_tenant": 2 } }, "runner": { "constant": { "concurrency": 4, "times": 10 } }, "hooks": [], "sla": { "failure_rate": { "max": 0 } } } ] }
2019-10-29 00:24:46.779 6547 RALLYDEBUG rally_openstack.contexts.keystone.users [-] Creating 3 tenants using 20 threads
2019-10-29 00:24:47.790 6547 RALLYDEBUG rally_openstack.contexts.keystone.users [-] Creating 6 users using 20 threads
2019-10-29 00:24:49.396 6547 INFO rally.task.context [-] Task 3a9279fc-b20a-45ef-b8f1-55260707c41e | Context users@openstack setup() finished in 2.62 sec
2019-10-29 00:24:49.396 6547 INFO rally.task.context [-] Task 3a9279fc-b20a-45ef-b8f1-55260707c41e | Context admin_cleanup@openstack setup() finished in 0.01 msec
2019-10-29 00:24:49.405 6547 RALLYDEBUG rally.task.runner [-] Starting the constant runner (task UUID: 3a9279fc-b20a-45ef-b8f1-55260707c41e). times: 10 concurrency: 4 timeout: 0 max_cpu_used: 16 processes_to_start: 4 concurrency_per_worker: 1 concurrency_overhead: 0
2019-10-29 00:24:49.416 7687 RALLYDEBUG rally.task.runner [-] Starting a worker. times: 10 duration: None concurrency: 1 timeout: 0 cls: method_name: run args: {"attributes": {"foo": {"required": false, "type": "string"}, "bar": {"required": true, "type": "number"}}}
2019-10-29 00:24:49.420 7688 RALLYDEBUG rally.task.runner [-] Starting a worker. times: 10 duration: None concurrency: 1 timeout: 0 cls: method_name: run args: {"attributes": {"foo": {"required": false, "type": "string"}, "bar": {"required": true, "type": "number"}}}
2019-10-29 00:24:49.423 7687 INFO rally.task.runner [-] Task 3a9279fc-b20a-45ef-b8f1-55260707c41e | ITER: 1 START
2019-10-29 00:24:49.424 7689 RALLYDEBUG rally.task.runner [-] Starting a worker. times: 10 duration: None concurrency: 1 timeout: 0 cls: method_name: run args: {"attributes": {"foo": {"required": false, "type": "string"}, "bar": {"required": true, "type": "number"}}}
2019-10-29 00:24:49.427 7688 INFO rally.task.runner [-] Task 3a9279fc-b20a-45ef-b8f1-55260707c41e | ITER: 2 START
2019-10-29 00:24:49.428 7692 RALLYDEBUG rally.task.runner [-] Starting a worker. times: 10 duration: None concurrency: 1 timeout: 0 cls: method_name: run args: {"attributes": {"foo": {"required": false, "type": "string"}, "bar": {"required": true, "type": "number"}}}
2019-10-29 00:24:49.430 7689 INFO rally.task.runner [-] Task 3a9279fc-b20a-45ef-b8f1-55260707c41e | ITER: 3 START
2019-10-29 00:24:49.434 7692 INFO rally.task.runner [-] Task 3a9279fc-b20a-45ef-b8f1-55260707c41e | ITER: 4 START
2019-10-29 00:24:53.226 7688 INFO rally.task.runner [-] Task 3a9279fc-b20a-45ef-b8f1-55260707c41e | ITER: 2 END: OK
2019-10-29 00:24:53.227 7689 INFO rally.task.runner [-] Task 3a9279fc-b20a-45ef-b8f1-55260707c41e | ITER: 3 END: OK
2019-10-29 00:24:53.227 7687 INFO rally.task.runner [-] Task 3a9279fc-b20a-45ef-b8f1-55260707c41e | ITER: 1 END: OK
2019-10-29 00:24:53.230 7688 INFO rally.task.runner [-] Task 3a9279fc-b20a-45ef-b8f1-55260707c41e | ITER: 5 START
2019-10-29 00:24:53.231 7687 INFO rally.task.runner [-] Task 3a9279fc-b20a-45ef-b8f1-55260707c41e | ITER: 6 START
2019-10-29 00:24:53.231 7689 INFO rally.task.runner [-] Task 3a9279fc-b20a-45ef-b8f1-55260707c41e | ITER: 7 START
2019-10-29 00:24:53.245 7692 INFO rally.task.runner [-] Task 3a9279fc-b20a-45ef-b8f1-55260707c41e | ITER: 4 END: OK
2019-10-29 00:24:53.250 7692 INFO rally.task.runner [-] Task 3a9279fc-b20a-45ef-b8f1-55260707c41e | ITER: 8 START
2019-10-29 00:24:56.437 7687 INFO rally.task.runner [-] Task 3a9279fc-b20a-45ef-b8f1-55260707c41e | ITER: 6 END: OK
2019-10-29 00:24:56.437 7688 INFO rally.task.runner [-] Task 3a9279fc-b20a-45ef-b8f1-55260707c41e | ITER: 5 END: OK
2019-10-29 00:24:56.441 7688 INFO rally.task.runner [-] Task 3a9279fc-b20a-45ef-b8f1-55260707c41e | ITER: 10 START
2019-10-29 00:24:56.441 7687 INFO rally.task.runner [-] Task 3a9279fc-b20a-45ef-b8f1-55260707c41e | ITER: 9 START
2019-10-29 00:24:56.959 7689 INFO rally.task.runner [-] Task 3a9279fc-b20a-45ef-b8f1-55260707c41e | ITER: 7 END: OK
2019-10-29 00:24:57.271 7692 INFO rally.task.runner [-] Task 3a9279fc-b20a-45ef-b8f1-55260707c41e | ITER: 8 END: OK
2019-10-29 00:24:58.513 7687 INFO rally.task.runner [-] Task 3a9279fc-b20a-45ef-b8f1-55260707c41e | ITER: 9 END: OK
2019-10-29 00:24:58.541 7688 INFO rally.task.runner [-] Task 3a9279fc-b20a-45ef-b8f1-55260707c41e | ITER: 10 END: OK
2019-10-29 00:24:58.572 6547 INFO rally.task.context [-] Task 3a9279fc-b20a-45ef-b8f1-55260707c41e | Context admin_cleanup@openstack cleanup() started
2019-10-29 00:24:58.575 6547 RALLYDEBUG rally_openstack.cleanup.manager [-] Cleaning up gnocchi resource_type objects
2019-10-29 00:24:59.045 6547 RALLYDEBUG rally_openstack.cleanup.manager [-] Deleting gnocchi.resource_type object s_rally_00ea537e_d6m16ItV (s_rally_00ea537e_d6m16ItV)
2019-10-29 00:24:59.050 6547 RALLYDEBUG rally_openstack.cleanup.manager [-] Deleting gnocchi.resource_type object s_rally_00ea537e_F6ZrMP8M (s_rally_00ea537e_F6ZrMP8M)
2019-10-29 00:24:59.055 6547 RALLYDEBUG rally_openstack.cleanup.manager [-] Deleting gnocchi.resource_type object s_rally_00ea537e_huzAD0S8 (s_rally_00ea537e_huzAD0S8)
2019-10-29 00:24:59.057 6547 RALLYDEBUG rally_openstack.cleanup.manager [-] Deleting gnocchi.resource_type object s_rally_00ea537e_98N0wWaN (s_rally_00ea537e_98N0wWaN)
2019-10-29 00:24:59.065 6547 RALLYDEBUG rally_openstack.cleanup.manager [-] Deleting gnocchi.resource_type object s_rally_00ea537e_Q8C4pPiP (s_rally_00ea537e_Q8C4pPiP)
2019-10-29 00:24:59.069 6547 RALLYDEBUG rally_openstack.cleanup.manager [-] Deleting gnocchi.resource_type object s_rally_00ea537e_qEXKHDIk (s_rally_00ea537e_qEXKHDIk)
2019-10-29 00:24:59.072 6547 RALLYDEBUG rally_openstack.cleanup.manager [-] Deleting gnocchi.resource_type object s_rally_00ea537e_RkBwAd0p (s_rally_00ea537e_RkBwAd0p)
2019-10-29 00:24:59.062 6547 RALLYDEBUG rally_openstack.cleanup.manager [-] Deleting gnocchi.resource_type object s_rally_00ea537e_Jrn8G6Pz (s_rally_00ea537e_Jrn8G6Pz)
2019-10-29 00:24:59.079 6547 RALLYDEBUG rally_openstack.cleanup.manager [-] Deleting gnocchi.resource_type object s_rally_00ea537e_tAcGm3wp (s_rally_00ea537e_tAcGm3wp)
2019-10-29 00:24:59.082 6547 RALLYDEBUG rally_openstack.cleanup.manager [-] Deleting gnocchi.resource_type object s_rally_00ea537e_zOwTxWUe (s_rally_00ea537e_zOwTxWUe)
2019-10-29 00:25:03.949 6547 INFO rally.task.context [-] Task 3a9279fc-b20a-45ef-b8f1-55260707c41e | Context admin_cleanup@openstack cleanup() finished in 5.38 sec
2019-10-29 00:25:03.950 6547 INFO rally.task.context [-] Task 3a9279fc-b20a-45ef-b8f1-55260707c41e | Context users@openstack cleanup() started
2019-10-29 00:25:08.828 6547 INFO rally.task.context [-] Task 3a9279fc-b20a-45ef-b8f1-55260707c41e | Context users@openstack cleanup() finished in 4.88 sec
2019-10-29 00:25:08.924 6547 INFO rally.task.engine [-] Load duration is: 9.116302
2019-10-29 00:25:08.924 6547 INFO rally.task.engine [-] Full runner duration is: 9.166847
2019-10-29 00:25:08.925 6547 INFO rally.task.engine [-] Full duration is: 22.050998
2019-10-29 00:25:09.282 6547 INFO rally.task.engine [-] Running workload: position = 0 config = { "version": 2, "title": "A cropped version of a bigger task.", "description": "Auto-generated task from a single workload (uuid=a670f35a-d114-47fe-b3e4-a5bec065e8ff)", "subtasks": [ { "title": "GnocchiResourceType.create_delete_resource_type", "description": "Create resource type and then delete it.", "scenario": { "GnocchiResourceType.create_delete_resource_type": { "attributes": { "foo": { "required": false, "type": "string" }, "bar": { "required": true, "type": "number" } } } }, "contexts": { "users": { "tenants": 3, "users_per_tenant": 2 } }, "runner": { "constant": { "concurrency": 4, "times": 10 } }, "hooks": [], "sla": { "failure_rate": { "max": 0 } } } ] }
2019-10-29 00:25:09.307 6547 RALLYDEBUG rally_openstack.contexts.keystone.users [-] Creating 3 tenants using 20 threads
2019-10-29 00:25:10.313 6547 RALLYDEBUG rally_openstack.contexts.keystone.users [-] Creating 6 users using 20 threads
2019-10-29 00:25:11.839 6547 INFO rally.task.context [-] Task 3a9279fc-b20a-45ef-b8f1-55260707c41e | Context users@openstack setup() finished in 2.53 sec
2019-10-29 00:25:11.840 6547 INFO rally.task.context [-] Task 3a9279fc-b20a-45ef-b8f1-55260707c41e | Context admin_cleanup@openstack setup() finished in 0.01 msec
2019-10-29 00:25:11.849 6547 RALLYDEBUG rally.task.runner [-] Starting the constant runner (task UUID: 3a9279fc-b20a-45ef-b8f1-55260707c41e). times: 10 concurrency: 4 timeout: 0 max_cpu_used: 16 processes_to_start: 4 concurrency_per_worker: 1 concurrency_overhead: 0
2019-10-29 00:25:11.860 7811 RALLYDEBUG rally.task.runner [-] Starting a worker. times: 10 duration: None concurrency: 1 timeout: 0 cls: method_name: run args: {"attributes": {"foo": {"required": false, "type": "string"}, "bar": {"required": true, "type": "number"}}}
2019-10-29 00:25:11.864 7812 RALLYDEBUG rally.task.runner [-] Starting a worker. times: 10 duration: None concurrency: 1 timeout: 0 cls: method_name: run args: {"attributes": {"foo": {"required": false, "type": "string"}, "bar": {"required": true, "type": "number"}}}
2019-10-29 00:25:11.868 7811 INFO rally.task.runner [-] Task 3a9279fc-b20a-45ef-b8f1-55260707c41e | ITER: 1 START
2019-10-29 00:25:11.867 7813 RALLYDEBUG rally.task.runner [-] Starting a worker. times: 10 duration: None concurrency: 1 timeout: 0 cls: method_name: run args: {"attributes": {"foo": {"required": false, "type": "string"}, "bar": {"required": true, "type": "number"}}}
2019-10-29 00:25:11.870 7812 INFO rally.task.runner [-] Task 3a9279fc-b20a-45ef-b8f1-55260707c41e | ITER: 2 START
2019-10-29 00:25:11.871 7814 RALLYDEBUG rally.task.runner [-] Starting a worker. times: 10 duration: None concurrency: 1 timeout: 0 cls: method_name: run args: {"attributes": {"foo": {"required": false, "type": "string"}, "bar": {"required": true, "type": "number"}}}
2019-10-29 00:25:11.874 7813 INFO rally.task.runner [-] Task 3a9279fc-b20a-45ef-b8f1-55260707c41e | ITER: 3 START
2019-10-29 00:25:11.877 7814 INFO rally.task.runner [-] Task 3a9279fc-b20a-45ef-b8f1-55260707c41e | ITER: 4 START
2019-10-29 00:25:16.496 7814 INFO rally.task.runner [-] Task 3a9279fc-b20a-45ef-b8f1-55260707c41e | ITER: 4 END: OK
2019-10-29 00:25:16.496 7813 INFO rally.task.runner [-] Task 3a9279fc-b20a-45ef-b8f1-55260707c41e | ITER: 3 END: OK
2019-10-29 00:25:16.496 7812 INFO rally.task.runner [-] Task 3a9279fc-b20a-45ef-b8f1-55260707c41e | ITER: 2 END: OK
2019-10-29 00:25:16.500 7812 INFO rally.task.runner [-] Task 3a9279fc-b20a-45ef-b8f1-55260707c41e | ITER: 5 START
2019-10-29 00:25:16.501 7814 INFO rally.task.runner [-] Task 3a9279fc-b20a-45ef-b8f1-55260707c41e | ITER: 7 START
2019-10-29 00:25:16.501 7813 INFO rally.task.runner [-] Task 3a9279fc-b20a-45ef-b8f1-55260707c41e | ITER: 6 START
2019-10-29 00:25:16.582 7811 INFO rally.task.runner [-] Task 3a9279fc-b20a-45ef-b8f1-55260707c41e | ITER: 1 END: OK
2019-10-29 00:25:16.587 7811 INFO rally.task.runner [-] Task 3a9279fc-b20a-45ef-b8f1-55260707c41e | ITER: 8 START
2019-10-29 00:25:21.351 7812 INFO rally.task.runner [-] Task 3a9279fc-b20a-45ef-b8f1-55260707c41e | ITER: 5 END: OK
2019-10-29 00:25:21.351 7813 INFO rally.task.runner [-] Task 3a9279fc-b20a-45ef-b8f1-55260707c41e | ITER: 6 END: OK
2019-10-29 00:25:21.355 7813 INFO rally.task.runner [-] Task 3a9279fc-b20a-45ef-b8f1-55260707c41e | ITER: 10 START
2019-10-29 00:25:21.355 7812 INFO rally.task.runner [-] Task 3a9279fc-b20a-45ef-b8f1-55260707c41e | ITER: 9 START
2019-10-29 00:25:21.423 7814 INFO rally.task.runner [-] Task 3a9279fc-b20a-45ef-b8f1-55260707c41e | ITER: 7 END: OK
2019-10-29 00:25:21.524 7811 INFO rally.task.runner [-] Task 3a9279fc-b20a-45ef-b8f1-55260707c41e | ITER: 8 END: OK
2019-10-29 00:25:24.058 7812 INFO rally.task.runner [-] Task 3a9279fc-b20a-45ef-b8f1-55260707c41e | ITER: 9 END: OK
2019-10-29 00:25:24.094 7813 INFO rally.task.runner [-] Task 3a9279fc-b20a-45ef-b8f1-55260707c41e | ITER: 10 END: OK
2019-10-29 00:25:24.121 6547 INFO rally.task.context [-] Task 3a9279fc-b20a-45ef-b8f1-55260707c41e | Context admin_cleanup@openstack cleanup() started
2019-10-29 00:25:24.124 6547 RALLYDEBUG rally_openstack.cleanup.manager [-] Cleaning up gnocchi resource_type objects
2019-10-29 00:25:24.574 6547 INFO rally.task.context [-] Task 3a9279fc-b20a-45ef-b8f1-55260707c41e | Context admin_cleanup@openstack cleanup() finished in 0.45 sec
2019-10-29 00:25:24.574 6547 INFO rally.task.context [-] Task 3a9279fc-b20a-45ef-b8f1-55260707c41e | Context users@openstack cleanup() started
2019-10-29 00:25:29.765 6547 INFO rally.task.context [-] Task 3a9279fc-b20a-45ef-b8f1-55260707c41e | Context users@openstack cleanup() finished in 5.19 sec
2019-10-29 00:25:31.430 6547 INFO rally.task.engine [-] Load duration is: 12.224277
2019-10-29 00:25:31.431 6547 INFO rally.task.engine [-] Full runner duration is: 12.272818
2019-10-29 00:25:31.431 6547 INFO rally.task.engine [-] Full duration is: 20.460394
2019-10-29 00:25:31.786 6547 INFO rally.task.engine [-] Running workload: position = 0 config = { "version": 2, "title": "A cropped version of a bigger task.", "description": "Auto-generated task from a single workload (uuid=87169cab-e29c-43b6-a59f-2eeef9131e7d)", "subtasks": [ { "title": "GnocchiMetric.list_metric", "description": "List metrics.", "scenario": { "GnocchiMetric.list_metric": { "limit": 10000 } }, "contexts": { "users": { "tenants": 3, "users_per_tenant": 2 } }, "runner": { "constant": { "concurrency": 4, "times": 10 } }, "hooks": [], "sla": { "failure_rate": { "max": 0 } } } ] }
2019-10-29 00:25:31.811 6547 RALLYDEBUG rally_openstack.contexts.keystone.users [-] Creating 3 tenants using 20 threads
2019-10-29 00:25:32.826 6547 RALLYDEBUG rally_openstack.contexts.keystone.users [-] Creating 6 users using 20 threads
2019-10-29 00:25:34.352 6547 INFO rally.task.context [-] Task 3a9279fc-b20a-45ef-b8f1-55260707c41e | Context users@openstack setup() finished in 2.54 sec
2019-10-29 00:25:34.361 6547 RALLYDEBUG rally.task.runner [-] Starting the constant runner (task UUID: 3a9279fc-b20a-45ef-b8f1-55260707c41e). times: 10 concurrency: 4 timeout: 0 max_cpu_used: 16 processes_to_start: 4 concurrency_per_worker: 1 concurrency_overhead: 0
2019-10-29 00:25:34.373 7935 RALLYDEBUG rally.task.runner [-] Starting a worker. times: 10 duration: None concurrency: 1 timeout: 0 cls: method_name: run args: {"limit": 10000}
2019-10-29 00:25:34.377 7936 RALLYDEBUG rally.task.runner [-] Starting a worker. times: 10 duration: None concurrency: 1 timeout: 0 cls: method_name: run args: {"limit": 10000}
2019-10-29 00:25:34.379 7935 INFO rally.task.runner [-] Task 3a9279fc-b20a-45ef-b8f1-55260707c41e | ITER: 1 START
2019-10-29 00:25:34.380 7937 RALLYDEBUG rally.task.runner [-] Starting a worker. times: 10 duration: None concurrency: 1 timeout: 0 cls: method_name: run args: {"limit": 10000}
2019-10-29 00:25:34.384 7936 INFO rally.task.runner [-] Task 3a9279fc-b20a-45ef-b8f1-55260707c41e | ITER: 2 START
2019-10-29 00:25:34.384 7940 RALLYDEBUG rally.task.runner [-] Starting a worker. times: 10 duration: None concurrency: 1 timeout: 0 cls: method_name: run args: {"limit": 10000}
2019-10-29 00:25:34.386 7937 INFO rally.task.runner [-] Task 3a9279fc-b20a-45ef-b8f1-55260707c41e | ITER: 3 START
2019-10-29 00:25:34.391 7940 INFO rally.task.runner [-] Task 3a9279fc-b20a-45ef-b8f1-55260707c41e | ITER: 4 START
2019-10-29 00:25:34.892 7937 INFO rally.task.runner [-] Task 3a9279fc-b20a-45ef-b8f1-55260707c41e | ITER: 3 END: OK
2019-10-29 00:25:34.896 7937 INFO rally.task.runner [-] Task 3a9279fc-b20a-45ef-b8f1-55260707c41e | ITER: 5 START
2019-10-29 00:25:34.919 7935 INFO rally.task.runner [-] Task 3a9279fc-b20a-45ef-b8f1-55260707c41e | ITER: 1 END: OK
2019-10-29 00:25:34.919 7936 INFO rally.task.runner [-] Task 3a9279fc-b20a-45ef-b8f1-55260707c41e | ITER: 2 END: OK
2019-10-29 00:25:34.923 7935 INFO rally.task.runner [-] Task 3a9279fc-b20a-45ef-b8f1-55260707c41e | ITER: 6 START
2019-10-29 00:25:34.924 7936 INFO rally.task.runner [-] Task 3a9279fc-b20a-45ef-b8f1-55260707c41e | ITER: 7 START
2019-10-29 00:25:34.930 7940 INFO rally.task.runner [-] Task 3a9279fc-b20a-45ef-b8f1-55260707c41e | ITER: 4 END: OK
2019-10-29 00:25:34.934 7940 INFO rally.task.runner [-] Task 3a9279fc-b20a-45ef-b8f1-55260707c41e | ITER: 8 START
2019-10-29 00:25:35.285 7935 INFO rally.task.runner [-] Task 3a9279fc-b20a-45ef-b8f1-55260707c41e | ITER: 6 END: OK
2019-10-29 00:25:35.285 7936 INFO rally.task.runner [-] Task 3a9279fc-b20a-45ef-b8f1-55260707c41e | ITER: 7 END: OK
2019-10-29 00:25:35.288 7936 INFO rally.task.runner [-] Task 3a9279fc-b20a-45ef-b8f1-55260707c41e | ITER: 10 START
2019-10-29 00:25:35.288 7935 INFO rally.task.runner [-] Task 3a9279fc-b20a-45ef-b8f1-55260707c41e | ITER: 9 START
2019-10-29 00:25:35.369 7937 INFO rally.task.runner [-] Task 3a9279fc-b20a-45ef-b8f1-55260707c41e | ITER: 5 END: OK
2019-10-29 00:25:35.385 7940 INFO rally.task.runner [-] Task 3a9279fc-b20a-45ef-b8f1-55260707c41e | ITER: 8 END: OK
2019-10-29 00:25:35.654 7935 INFO rally.task.runner [-] Task 3a9279fc-b20a-45ef-b8f1-55260707c41e | ITER: 9 END: OK
2019-10-29 00:25:35.746 7936 INFO rally.task.runner [-] Task 3a9279fc-b20a-45ef-b8f1-55260707c41e | ITER: 10 END: OK
2019-10-29 00:25:35.775 6547 INFO rally.task.context [-] Task 3a9279fc-b20a-45ef-b8f1-55260707c41e | Context users@openstack cleanup() started
2019-10-29 00:25:40.144 6547 INFO rally.task.context [-] Task 3a9279fc-b20a-45ef-b8f1-55260707c41e | Context users@openstack cleanup() finished in 4.37 sec
2019-10-29 00:25:41.885 6547 INFO rally.task.engine [-] Load duration is: 1.365547
2019-10-29 00:25:41.886 6547 INFO rally.task.engine [-] Full runner duration is: 1.4144
2019-10-29 00:25:41.886 6547 INFO rally.task.engine [-] Full duration is: 8.334406
2019-10-29 00:25:42.289 6547 INFO rally.task.engine [-] Running workload: position = 0 config = { "version": 2, "title": "A cropped version of a bigger task.", "description": "Auto-generated task from a single workload (uuid=f6a90c7d-2bf0-4368-a5f0-fba20e4a8108)", "subtasks": [ { "title": "GnocchiMetric.create_metric", "description": "Create metric.", "scenario": { "GnocchiMetric.create_metric": { "archive_policy_name": "low" } }, "contexts": { "users": { "tenants": 3, "users_per_tenant": 2 } }, "runner": { "constant": { "concurrency": 4, "times": 10 } }, "hooks": [], "sla": { "failure_rate": { "max": 0 } } } ] }
2019-10-29 00:25:42.316 6547 RALLYDEBUG rally_openstack.contexts.keystone.users [-] Creating 3 tenants using 20 threads
2019-10-29 00:25:43.378 6547 RALLYDEBUG rally_openstack.contexts.keystone.users [-] Creating 6 users using 20 threads
2019-10-29 00:25:44.862 6547 INFO rally.task.context [-] Task 3a9279fc-b20a-45ef-b8f1-55260707c41e | Context users@openstack setup() finished in 2.55 sec
2019-10-29 00:25:44.863 6547 INFO rally.task.context [-] Task 3a9279fc-b20a-45ef-b8f1-55260707c41e | Context cleanup@openstack setup() finished in 0.02 msec
2019-10-29 00:25:44.871 6547 RALLYDEBUG rally.task.runner [-] Starting the constant runner (task UUID: 3a9279fc-b20a-45ef-b8f1-55260707c41e). times: 10 concurrency: 4 timeout: 0 max_cpu_used: 16 processes_to_start: 4 concurrency_per_worker: 1 concurrency_overhead: 0
2019-10-29 00:25:44.883 8039 RALLYDEBUG rally.task.runner [-] Starting a worker. times: 10 duration: None concurrency: 1 timeout: 0 cls: method_name: run args: {"archive_policy_name": "low"}
2019-10-29 00:25:44.886 8040 RALLYDEBUG rally.task.runner [-] Starting a worker. times: 10 duration: None concurrency: 1 timeout: 0 cls: method_name: run args: {"archive_policy_name": "low"}
2019-10-29 00:25:44.890 8039 INFO rally.task.runner [-] Task 3a9279fc-b20a-45ef-b8f1-55260707c41e | ITER: 1 START
2019-10-29 00:25:44.889 8041 RALLYDEBUG rally.task.runner [-] Starting a worker. times: 10 duration: None concurrency: 1 timeout: 0 cls: method_name: run args: {"archive_policy_name": "low"}
2019-10-29 00:25:44.893 8040 INFO rally.task.runner [-] Task 3a9279fc-b20a-45ef-b8f1-55260707c41e | ITER: 2 START
2019-10-29 00:25:44.893 8042 RALLYDEBUG rally.task.runner [-] Starting a worker. times: 10 duration: None concurrency: 1 timeout: 0 cls: method_name: run args: {"archive_policy_name": "low"}
2019-10-29 00:25:44.896 8041 INFO rally.task.runner [-] Task 3a9279fc-b20a-45ef-b8f1-55260707c41e | ITER: 3 START
2019-10-29 00:25:44.899 8042 INFO rally.task.runner [-] Task 3a9279fc-b20a-45ef-b8f1-55260707c41e | ITER: 4 START
2019-10-29 00:25:45.417 8041 INFO rally.task.runner [-] Task 3a9279fc-b20a-45ef-b8f1-55260707c41e | ITER: 3 END: OK
2019-10-29 00:25:45.421 8042 INFO rally.task.runner [-] Task 3a9279fc-b20a-45ef-b8f1-55260707c41e | ITER: 4 END: OK
2019-10-29 00:25:45.422 8041 INFO rally.task.runner [-] Task 3a9279fc-b20a-45ef-b8f1-55260707c41e | ITER: 5 START
2019-10-29 00:25:45.426 8042 INFO rally.task.runner [-] Task 3a9279fc-b20a-45ef-b8f1-55260707c41e | ITER: 6 START
2019-10-29 00:25:45.466 8039 INFO rally.task.runner [-] Task 3a9279fc-b20a-45ef-b8f1-55260707c41e | ITER: 1 END: OK
2019-10-29 00:25:45.470 8039 INFO rally.task.runner [-] Task 3a9279fc-b20a-45ef-b8f1-55260707c41e | ITER: 7 START
2019-10-29 00:25:45.506 8040 INFO rally.task.runner [-] Task 3a9279fc-b20a-45ef-b8f1-55260707c41e | ITER: 2 END: OK
2019-10-29 00:25:45.511 8040 INFO rally.task.runner [-] Task 3a9279fc-b20a-45ef-b8f1-55260707c41e | ITER: 8 START
2019-10-29 00:25:45.804 8041 INFO rally.task.runner [-] Task 3a9279fc-b20a-45ef-b8f1-55260707c41e | ITER: 5 END: OK
2019-10-29 00:25:45.807 8041 INFO rally.task.runner [-] Task 3a9279fc-b20a-45ef-b8f1-55260707c41e | ITER: 9 START
2019-10-29 00:25:45.855 8039 INFO rally.task.runner [-] Task 3a9279fc-b20a-45ef-b8f1-55260707c41e | ITER: 7 END: OK
2019-10-29 00:25:45.858 8039 INFO rally.task.runner [-] Task 3a9279fc-b20a-45ef-b8f1-55260707c41e | ITER: 10 START
2019-10-29 00:25:45.896 8040 INFO rally.task.runner [-] Task 3a9279fc-b20a-45ef-b8f1-55260707c41e | ITER: 8 END: OK
2019-10-29 00:25:45.909 8042 INFO rally.task.runner [-] Task 3a9279fc-b20a-45ef-b8f1-55260707c41e | ITER: 6 END: OK
2019-10-29 00:25:46.197 8041 INFO rally.task.runner [-] Task 3a9279fc-b20a-45ef-b8f1-55260707c41e | ITER: 9 END: OK
2019-10-29 00:25:46.239 8039 INFO rally.task.runner [-] Task 3a9279fc-b20a-45ef-b8f1-55260707c41e | ITER: 10 END: OK
2019-10-29 00:25:46.264 6547 INFO rally.task.context [-] Task 3a9279fc-b20a-45ef-b8f1-55260707c41e | Context cleanup@openstack cleanup() started
2019-10-29 00:25:46.268 6547 RALLYDEBUG rally_openstack.cleanup.manager [-] Cleaning up gnocchi metric objects
2019-10-29 00:25:47.498 6547 INFO rally.task.context [-] Task 3a9279fc-b20a-45ef-b8f1-55260707c41e | Context cleanup@openstack cleanup() finished in 1.23 sec
2019-10-29 00:25:47.498 6547 INFO rally.task.context [-] Task 3a9279fc-b20a-45ef-b8f1-55260707c41e | Context users@openstack cleanup() started
2019-10-29 00:25:52.067 6547 INFO rally.task.context [-] Task 3a9279fc-b20a-45ef-b8f1-55260707c41e | Context users@openstack cleanup() finished in 4.57 sec
2019-10-29 00:25:52.392 6547 INFO rally.task.engine [-] Load duration is: 1.347781
2019-10-29 00:25:52.392 6547 INFO rally.task.engine [-] Full runner duration is: 1.393065
2019-10-29 00:25:52.393 6547 INFO rally.task.engine [-] Full duration is: 9.752372
2019-10-29 00:25:52.761 6547 INFO rally.task.engine [-] Running workload: position = 0 config = { "version": 2, "title": "A cropped version of a bigger task.", "description": "Auto-generated task from a single workload (uuid=3d1298cd-ea97-48eb-bcfe-12a11d2f1824)", "subtasks": [ { "title": "GnocchiMetric.create_delete_metric", "description": "Create metric and then delete it.", "scenario": { "GnocchiMetric.create_delete_metric": { "archive_policy_name": "low" } }, "contexts": { "users": { "tenants": 3, "users_per_tenant": 2 } }, "runner": { "constant": { "concurrency": 4, "times": 10 } }, "hooks": [], "sla": { "failure_rate": { "max": 0 } } } ] }
2019-10-29 00:25:52.786 6547 RALLYDEBUG rally_openstack.contexts.keystone.users [-] Creating 3 tenants using 20 threads
2019-10-29 00:25:53.869 6547 RALLYDEBUG rally_openstack.contexts.keystone.users [-] Creating 6 users using 20 threads
2019-10-29 00:25:55.356 6547 INFO rally.task.context [-] Task 3a9279fc-b20a-45ef-b8f1-55260707c41e | Context users@openstack setup() finished in 2.57 sec
2019-10-29 00:25:55.357 6547 INFO rally.task.context [-] Task 3a9279fc-b20a-45ef-b8f1-55260707c41e | Context cleanup@openstack setup() finished in 0.01 msec
2019-10-29 00:25:55.364 6547 RALLYDEBUG rally.task.runner [-] Starting the constant runner (task UUID: 3a9279fc-b20a-45ef-b8f1-55260707c41e). times: 10 concurrency: 4 timeout: 0 max_cpu_used: 16 processes_to_start: 4 concurrency_per_worker: 1 concurrency_overhead: 0
2019-10-29 00:25:55.375 8163 RALLYDEBUG rally.task.runner [-] Starting a worker. times: 10 duration: None concurrency: 1 timeout: 0 cls: method_name: run args: {"archive_policy_name": "low"}
2019-10-29 00:25:55.377 8164 RALLYDEBUG rally.task.runner [-] Starting a worker. times: 10 duration: None concurrency: 1 timeout: 0 cls: method_name: run args: {"archive_policy_name": "low"}
2019-10-29 00:25:55.381 8163 INFO rally.task.runner [-] Task 3a9279fc-b20a-45ef-b8f1-55260707c41e | ITER: 1 START
2019-10-29 00:25:55.381 8165 RALLYDEBUG rally.task.runner [-] Starting a worker. times: 10 duration: None concurrency: 1 timeout: 0 cls: method_name: run args: {"archive_policy_name": "low"}
2019-10-29 00:25:55.383 8166 RALLYDEBUG rally.task.runner [-] Starting a worker. times: 10 duration: None concurrency: 1 timeout: 0 cls: method_name: run args: {"archive_policy_name": "low"}
2019-10-29 00:25:55.384 8164 INFO rally.task.runner [-] Task 3a9279fc-b20a-45ef-b8f1-55260707c41e | ITER: 2 START
2019-10-29 00:25:55.387 8165 INFO rally.task.runner [-] Task 3a9279fc-b20a-45ef-b8f1-55260707c41e | ITER: 3 START
2019-10-29 00:25:55.388 8166 INFO rally.task.runner [-] Task 3a9279fc-b20a-45ef-b8f1-55260707c41e | ITER: 4 START
2019-10-29 00:25:55.937 8164 INFO rally.task.runner [-] Task 3a9279fc-b20a-45ef-b8f1-55260707c41e | ITER: 2 END: OK
2019-10-29 00:25:55.939 8166 INFO rally.task.runner [-] Task 3a9279fc-b20a-45ef-b8f1-55260707c41e | ITER: 4 END: OK
2019-10-29 00:25:55.940 8164 INFO rally.task.runner [-] Task 3a9279fc-b20a-45ef-b8f1-55260707c41e | ITER: 5 START
2019-10-29 00:25:55.941 8163 INFO rally.task.runner [-] Task 3a9279fc-b20a-45ef-b8f1-55260707c41e | ITER: 1 END: OK
2019-10-29 00:25:55.943 8166 INFO rally.task.runner [-] Task 3a9279fc-b20a-45ef-b8f1-55260707c41e | ITER: 6 START
2019-10-29 00:25:55.945 8163 INFO rally.task.runner [-] Task 3a9279fc-b20a-45ef-b8f1-55260707c41e | ITER: 7 START
2019-10-29 00:25:55.946 8165 INFO rally.task.runner [-] Task 3a9279fc-b20a-45ef-b8f1-55260707c41e | ITER: 3 END: OK
2019-10-29 00:25:55.948 8165 INFO rally.task.runner [-] Task 3a9279fc-b20a-45ef-b8f1-55260707c41e | ITER: 8 START
2019-10-29 00:25:56.337 8166 INFO rally.task.runner [-] Task 3a9279fc-b20a-45ef-b8f1-55260707c41e | ITER: 6 END: OK
2019-10-29 00:25:56.340 8166 INFO rally.task.runner [-] Task 3a9279fc-b20a-45ef-b8f1-55260707c41e | ITER: 9 START
2019-10-29 00:25:56.407 8164 INFO rally.task.runner [-] Task 3a9279fc-b20a-45ef-b8f1-55260707c41e | ITER: 5 END: OK
2019-10-29 00:25:56.410 8164 INFO rally.task.runner [-] Task 3a9279fc-b20a-45ef-b8f1-55260707c41e | ITER: 10 START
2019-10-29 00:25:56.413 8165 INFO rally.task.runner [-] Task 3a9279fc-b20a-45ef-b8f1-55260707c41e | ITER: 8 END: OK
2019-10-29 00:25:56.413 8163 INFO rally.task.runner [-] Task 3a9279fc-b20a-45ef-b8f1-55260707c41e | ITER: 7 END: OK
2019-10-29 00:25:56.808 8166 INFO rally.task.runner [-] Task 3a9279fc-b20a-45ef-b8f1-55260707c41e | ITER: 9 END: OK
2019-10-29 00:25:56.816 8164 INFO rally.task.runner [-] Task 3a9279fc-b20a-45ef-b8f1-55260707c41e | ITER: 10 END: OK
2019-10-29 00:25:56.842 6547 INFO rally.task.context [-] Task 3a9279fc-b20a-45ef-b8f1-55260707c41e | Context cleanup@openstack cleanup() started
2019-10-29 00:25:56.846 6547 RALLYDEBUG rally_openstack.cleanup.manager [-] Cleaning up gnocchi metric objects
2019-10-29 00:25:58.107 6547 INFO rally.task.context [-] Task 3a9279fc-b20a-45ef-b8f1-55260707c41e | Context cleanup@openstack cleanup() finished in 1.26 sec
2019-10-29 00:25:58.107 6547 INFO rally.task.context [-] Task 3a9279fc-b20a-45ef-b8f1-55260707c41e | Context users@openstack cleanup() started
2019-10-29 00:26:02.451 6547 INFO rally.task.context [-] Task 3a9279fc-b20a-45ef-b8f1-55260707c41e | Context users@openstack cleanup() finished in 4.34 sec
2019-10-29 00:26:02.861 6547 INFO rally.task.engine [-] Load duration is: 1.433196
2019-10-29 00:26:02.861 6547 INFO rally.task.engine [-] Full runner duration is: 1.4788
2019-10-29 00:26:02.862 6547 INFO rally.task.engine [-] Full duration is: 9.66649
2019-10-29 00:26:03.222 6547 INFO rally.task.engine [-] Running workload: position = 0 config = { "version": 2, "title": "A cropped version of a bigger task.", "description": "Auto-generated task from a single workload (uuid=f792208e-98e0-4f6e-ba30-fb985b0d7cc2)", "subtasks": [ { "title": "GnocchiResource.create_resource", "description": "Create resource.", "scenario": { "GnocchiResource.create_resource": {} }, "contexts": { "users": { "tenants": 3, "users_per_tenant": 2 } }, "runner": { "constant": { "concurrency": 4, "times": 10 } }, "hooks": [], "sla": { "failure_rate": { "max": 0 } } } ] }
2019-10-29 00:26:03.247 6547 RALLYDEBUG rally_openstack.contexts.keystone.users [-] Creating 3 tenants using 20 threads
2019-10-29 00:26:04.319 6547 RALLYDEBUG rally_openstack.contexts.keystone.users [-] Creating 6 users using 20 threads
2019-10-29 00:26:06.009 6547 INFO rally.task.context [-] Task 3a9279fc-b20a-45ef-b8f1-55260707c41e | Context users@openstack setup() finished in 2.76 sec
2019-10-29 00:26:06.010 6547 INFO rally.task.context [-] Task 3a9279fc-b20a-45ef-b8f1-55260707c41e | Context cleanup@openstack setup() finished in 0.01 msec
2019-10-29 00:26:06.019 6547 RALLYDEBUG rally.task.runner [-] Starting the constant runner (task UUID: 3a9279fc-b20a-45ef-b8f1-55260707c41e). times: 10 concurrency: 4 timeout: 0 max_cpu_used: 16 processes_to_start: 4 concurrency_per_worker: 1 concurrency_overhead: 0
2019-10-29 00:26:06.030 8287 RALLYDEBUG rally.task.runner [-] Starting a worker. times: 10 duration: None concurrency: 1 timeout: 0 cls: method_name: run args: {}
2019-10-29 00:26:06.034 8288 RALLYDEBUG rally.task.runner [-] Starting a worker. times: 10 duration: None concurrency: 1 timeout: 0 cls: method_name: run args: {}
2019-10-29 00:26:06.037 8287 INFO rally.task.runner [-] Task 3a9279fc-b20a-45ef-b8f1-55260707c41e | ITER: 1 START
2019-10-29 00:26:06.037 8289 RALLYDEBUG rally.task.runner [-] Starting a worker. times: 10 duration: None concurrency: 1 timeout: 0 cls: method_name: run args: {}
2019-10-29 00:26:06.040 8288 INFO rally.task.runner [-] Task 3a9279fc-b20a-45ef-b8f1-55260707c41e | ITER: 2 START
2019-10-29 00:26:06.040 8291 RALLYDEBUG rally.task.runner [-] Starting a worker. times: 10 duration: None concurrency: 1 timeout: 0 cls: method_name: run args: {}
2019-10-29 00:26:06.043 8289 INFO rally.task.runner [-] Task 3a9279fc-b20a-45ef-b8f1-55260707c41e | ITER: 3 START
2019-10-29 00:26:06.047 8291 INFO rally.task.runner [-] Task 3a9279fc-b20a-45ef-b8f1-55260707c41e | ITER: 4 START
2019-10-29 00:26:06.543 8288 INFO rally.task.runner [-] Task 3a9279fc-b20a-45ef-b8f1-55260707c41e | ITER: 2 END: OK
2019-10-29 00:26:06.545 8291 INFO rally.task.runner [-] Task 3a9279fc-b20a-45ef-b8f1-55260707c41e | ITER: 4 END: OK
2019-10-29 00:26:06.545 8287 INFO rally.task.runner [-] Task 3a9279fc-b20a-45ef-b8f1-55260707c41e | ITER: 1 END: OK
2019-10-29 00:26:06.546 8289 INFO rally.task.runner [-] Task 3a9279fc-b20a-45ef-b8f1-55260707c41e | ITER: 3 END: OK
2019-10-29 00:26:06.548 8288 INFO rally.task.runner [-] Task 3a9279fc-b20a-45ef-b8f1-55260707c41e | ITER: 5 START
2019-10-29 00:26:06.550 8287 INFO rally.task.runner [-] Task 3a9279fc-b20a-45ef-b8f1-55260707c41e | ITER: 7 START
2019-10-29 00:26:06.550 8291 INFO rally.task.runner [-] Task 3a9279fc-b20a-45ef-b8f1-55260707c41e | ITER: 6 START
2019-10-29 00:26:06.550 8289 INFO rally.task.runner [-] Task 3a9279fc-b20a-45ef-b8f1-55260707c41e | ITER: 8 START
2019-10-29 00:26:06.909 8289 INFO rally.task.runner [-] Task 3a9279fc-b20a-45ef-b8f1-55260707c41e | ITER: 8 END: OK
2019-10-29 00:26:06.912 8289 INFO rally.task.runner [-] Task 3a9279fc-b20a-45ef-b8f1-55260707c41e | ITER: 9 START
2019-10-29 00:26:07.011 8291 INFO rally.task.runner [-] Task 3a9279fc-b20a-45ef-b8f1-55260707c41e | ITER: 6 END: OK
2019-10-29 00:26:07.014 8291 INFO rally.task.runner [-] Task 3a9279fc-b20a-45ef-b8f1-55260707c41e | ITER: 10 START
2019-10-29 00:26:07.052 8288 INFO rally.task.runner [-] Task 3a9279fc-b20a-45ef-b8f1-55260707c41e | ITER: 5 END: OK
2019-10-29 00:26:07.062 8287 INFO rally.task.runner [-] Task 3a9279fc-b20a-45ef-b8f1-55260707c41e | ITER: 7 END: OK
2019-10-29 00:26:07.287 8289 INFO rally.task.runner [-] Task 3a9279fc-b20a-45ef-b8f1-55260707c41e | ITER: 9 END: OK
2019-10-29 00:26:07.553 8291 INFO rally.task.runner [-] Task 3a9279fc-b20a-45ef-b8f1-55260707c41e | ITER: 10 END: OK
2019-10-29 00:26:07.578 6547 INFO rally.task.context [-] Task 3a9279fc-b20a-45ef-b8f1-55260707c41e | Context cleanup@openstack cleanup() started
2019-10-29 00:26:07.582 6547 RALLYDEBUG rally_openstack.cleanup.manager [-] Cleaning up gnocchi resource objects
2019-10-29 00:26:09.026 6547 RALLYDEBUG rally_openstack.cleanup.manager [-] Deleting gnocchi.resource object s_rally_f792208e_j9C6GNxl (9d96c03a-f424-5e7a-9548-18079013a56f)
2019-10-29 00:26:09.031 6547 RALLYDEBUG rally_openstack.cleanup.manager [-] Deleting gnocchi.resource object s_rally_f792208e_gTEvzzsk (6eb479a2-05c3-5c49-8946-9cfcd146fbb5)
2019-10-29 00:26:09.040 6547 RALLYDEBUG rally_openstack.cleanup.manager [-] Deleting gnocchi.resource object s_rally_f792208e_Y1y48Bsz (e74fb1e0-8a7e-5e25-b69f-eba475e25156)
2019-10-29 00:26:09.043 6547 RALLYDEBUG rally_openstack.cleanup.manager [-] Deleting gnocchi.resource object s_rally_f792208e_14DWww6p (272deda3-754d-50d1-8655-d8b960e47969)
2019-10-29 00:26:09.063 6547 RALLYDEBUG rally_openstack.cleanup.manager [-] Deleting gnocchi.resource object s_rally_f792208e_xJ2UloHe (052cf159-729a-5daf-89ee-02056d2bf5b2)
2019-10-29 00:26:09.073 6547 RALLYDEBUG rally_openstack.cleanup.manager [-] Deleting gnocchi.resource object s_rally_f792208e_XKYV9XUw (d52ce780-7727-5442-9143-ecbc81d0a239)
2019-10-29 00:26:09.098 6547 RALLYDEBUG rally_openstack.cleanup.manager [-] Deleting gnocchi.resource object s_rally_f792208e_swpwHn81 (397a27a6-e798-56e6-9dc9-ecf26e430f4c)
2019-10-29 00:26:09.109 6547 RALLYDEBUG rally_openstack.cleanup.manager [-] Deleting gnocchi.resource object s_rally_f792208e_YZevUaKv (494bb60e-1396-56f7-ab83-cbfd9cf5dd29)
2019-10-29 00:26:09.132 6547 RALLYDEBUG rally_openstack.cleanup.manager [-] Deleting gnocchi.resource object s_rally_f792208e_OyXOz4I1 (0885c01d-b1d4-5f13-86bc-cd093e396621)
2019-10-29 00:26:09.145 6547 RALLYDEBUG rally_openstack.cleanup.manager [-] Deleting gnocchi.resource object s_rally_f792208e_CkPIAZXq (5cc2a1a8-34b3-5881-911d-096eea14c1a3)
2019-10-29 00:26:10.637 6547 INFO rally.task.context [-] Task 3a9279fc-b20a-45ef-b8f1-55260707c41e | Context cleanup@openstack cleanup() finished in 3.06 sec
2019-10-29 00:26:10.638 6547 INFO rally.task.context [-] Task 3a9279fc-b20a-45ef-b8f1-55260707c41e | Context users@openstack cleanup() started
2019-10-29 00:26:14.958 6547 INFO rally.task.context [-] Task 3a9279fc-b20a-45ef-b8f1-55260707c41e | Context users@openstack cleanup() finished in 4.32 sec
2019-10-29 00:26:15.367 6547 INFO rally.task.engine [-] Load duration is: 1.513746
2019-10-29 00:26:15.368 6547 INFO rally.task.engine [-] Full runner duration is: 1.559482
2019-10-29 00:26:15.368 6547 INFO rally.task.engine [-] Full duration is: 11.712757
2019-10-29 00:26:15.720 6547 INFO rally.task.engine [-] Running workload: position = 0 config = { "version": 2, "title": "A cropped version of a bigger task.", "description": "Auto-generated task from a single workload (uuid=ec109c87-b775-4bc4-a75e-69371c40c813)", "subtasks": [ { "title": "GnocchiResource.create_delete_resource", "description": "Create resource and then delete it.", "scenario": { "GnocchiResource.create_delete_resource": {} }, "contexts": { "users": { "tenants": 3, "users_per_tenant": 2 } }, "runner": { "constant": { "concurrency": 4, "times": 10 } }, "hooks": [], "sla": { "failure_rate": { "max": 0 } } } ] }
2019-10-29 00:26:15.744 6547 RALLYDEBUG rally_openstack.contexts.keystone.users [-] Creating 3 tenants using 20 threads
2019-10-29 00:26:16.749 6547 RALLYDEBUG rally_openstack.contexts.keystone.users [-] Creating 6 users using 20 threads
2019-10-29 00:26:18.322 6547 INFO rally.task.context [-] Task 3a9279fc-b20a-45ef-b8f1-55260707c41e | Context users@openstack setup() finished in 2.58 sec
2019-10-29 00:26:18.322 6547 INFO rally.task.context [-] Task 3a9279fc-b20a-45ef-b8f1-55260707c41e | Context cleanup@openstack setup() finished in 0.01 msec
2019-10-29 00:26:18.330 6547 RALLYDEBUG rally.task.runner [-] Starting the constant runner (task UUID: 3a9279fc-b20a-45ef-b8f1-55260707c41e). times: 10 concurrency: 4 timeout: 0 max_cpu_used: 16 processes_to_start: 4 concurrency_per_worker: 1 concurrency_overhead: 0
2019-10-29 00:26:18.341 8411 RALLYDEBUG rally.task.runner [-] Starting a worker. times: 10 duration: None concurrency: 1 timeout: 0 cls: method_name: run args: {}
2019-10-29 00:26:18.345 8412 RALLYDEBUG rally.task.runner [-] Starting a worker. times: 10 duration: None concurrency: 1 timeout: 0 cls: method_name: run args: {}
2019-10-29 00:26:18.347 8411 INFO rally.task.runner [-] Task 3a9279fc-b20a-45ef-b8f1-55260707c41e | ITER: 1 START
2019-10-29 00:26:18.348 8413 RALLYDEBUG rally.task.runner [-] Starting a worker. times: 10 duration: None concurrency: 1 timeout: 0 cls: method_name: run args: {}
2019-10-29 00:26:18.351 8412 INFO rally.task.runner [-] Task 3a9279fc-b20a-45ef-b8f1-55260707c41e | ITER: 2 START
2019-10-29 00:26:18.351 8416 RALLYDEBUG rally.task.runner [-] Starting a worker. times: 10 duration: None concurrency: 1 timeout: 0 cls: method_name: run args: {}
2019-10-29 00:26:18.354 8413 INFO rally.task.runner [-] Task 3a9279fc-b20a-45ef-b8f1-55260707c41e | ITER: 3 START
2019-10-29 00:26:18.356 8416 INFO rally.task.runner [-] Task 3a9279fc-b20a-45ef-b8f1-55260707c41e | ITER: 4 START
2019-10-29 00:26:18.877 8412 INFO rally.task.runner [-] Task 3a9279fc-b20a-45ef-b8f1-55260707c41e | ITER: 2 END: OK
2019-10-29 00:26:18.882 8412 INFO rally.task.runner [-] Task 3a9279fc-b20a-45ef-b8f1-55260707c41e | ITER: 5 START
2019-10-29 00:26:18.884 8413 INFO rally.task.runner [-] Task 3a9279fc-b20a-45ef-b8f1-55260707c41e | ITER: 3 END: OK
2019-10-29 00:26:18.888 8413 INFO rally.task.runner [-] Task 3a9279fc-b20a-45ef-b8f1-55260707c41e | ITER: 6 START
2019-10-29 00:26:18.888 8416 INFO rally.task.runner [-] Task 3a9279fc-b20a-45ef-b8f1-55260707c41e | ITER: 4 END: OK
2019-10-29 00:26:18.895 8416 INFO rally.task.runner [-] Task 3a9279fc-b20a-45ef-b8f1-55260707c41e | ITER: 7 START
2019-10-29 00:26:18.898 8411 INFO rally.task.runner [-] Task 3a9279fc-b20a-45ef-b8f1-55260707c41e | ITER: 1 END: OK
2019-10-29 00:26:18.902 8411 INFO rally.task.runner [-] Task 3a9279fc-b20a-45ef-b8f1-55260707c41e | ITER: 8 START
2019-10-29 00:26:19.280 8413 INFO rally.task.runner [-] Task 3a9279fc-b20a-45ef-b8f1-55260707c41e | ITER: 6 END: OK
2019-10-29 00:26:19.282 8412 INFO rally.task.runner [-] Task 3a9279fc-b20a-45ef-b8f1-55260707c41e | ITER: 5 END: OK
2019-10-29 00:26:19.282 8416 INFO rally.task.runner [-] Task 3a9279fc-b20a-45ef-b8f1-55260707c41e | ITER: 7 END: OK
2019-10-29 00:26:19.285 8412 INFO rally.task.runner [-] Task 3a9279fc-b20a-45ef-b8f1-55260707c41e | ITER: 10 START
2019-10-29 00:26:19.285 8413 INFO rally.task.runner [-] Task 3a9279fc-b20a-45ef-b8f1-55260707c41e | ITER: 9 START
2019-10-29 00:26:19.362 8411 INFO rally.task.runner [-] Task 3a9279fc-b20a-45ef-b8f1-55260707c41e | ITER: 8 END: OK
2019-10-29 00:26:19.686 8412 INFO rally.task.runner [-] Task 3a9279fc-b20a-45ef-b8f1-55260707c41e | ITER: 10 END: OK
2019-10-29 00:26:19.860 8413 INFO rally.task.runner [-] Task 3a9279fc-b20a-45ef-b8f1-55260707c41e | ITER: 9 END: OK
2019-10-29 00:26:19.889 6547 INFO rally.task.context [-] Task 3a9279fc-b20a-45ef-b8f1-55260707c41e | Context cleanup@openstack cleanup() started
2019-10-29 00:26:19.893 6547 RALLYDEBUG rally_openstack.cleanup.manager [-] Cleaning up gnocchi resource objects
2019-10-29 00:26:21.159 6547 INFO rally.task.context [-] Task 3a9279fc-b20a-45ef-b8f1-55260707c41e | Context cleanup@openstack cleanup() finished in 1.27 sec
2019-10-29 00:26:21.160 6547 INFO rally.task.context [-] Task 3a9279fc-b20a-45ef-b8f1-55260707c41e | Context users@openstack cleanup() started
2019-10-29 00:26:25.505 6547 INFO rally.task.context [-] Task 3a9279fc-b20a-45ef-b8f1-55260707c41e | Context users@openstack cleanup() finished in 4.34 sec
2019-10-29 00:26:25.816 6547 INFO rally.task.engine [-] Load duration is: 1.5099
2019-10-29 00:26:25.816 6547 INFO rally.task.engine [-] Full runner duration is: 1.559023
2019-10-29 00:26:25.817 6547 INFO rally.task.engine [-] Full duration is: 9.762763
2019-10-29 00:26:26.133 6547 INFO rally.task.engine [-] Task 3a9279fc-b20a-45ef-b8f1-55260707c41e | Completed: Running task.
2019-10-29 00:26:27.670 8493 RALLYDEBUG rally.api [-] INFO logs from urllib3 and requests module are hide.
2019-10-29 00:26:27.671 8493 RALLYDEBUG rally.api [-] urllib3 insecure warnings are hidden.
2019-10-29 00:26:27.671 8493 RALLYDEBUG rally.api [-] ERROR log from boto module is hide.
2019-10-29 00:26:28.885 8494 RALLYDEBUG rally.api [-] INFO logs from urllib3 and requests module are hide.
2019-10-29 00:26:28.885 8494 RALLYDEBUG rally.api [-] urllib3 insecure warnings are hidden.
2019-10-29 00:26:28.885 8494 RALLYDEBUG rally.api [-] ERROR log from boto module is hide.
2019-10-29 00:26:30.171 8495 RALLYDEBUG rally.api [-] INFO logs from urllib3 and requests module are hide.
2019-10-29 00:26:30.171 8495 RALLYDEBUG rally.api [-] urllib3 insecure warnings are hidden.
2019-10-29 00:26:30.171 8495 RALLYDEBUG rally.api [-] ERROR log from boto module is hide.
2019-10-29 00:26:31.774 8495 INFO rally.api [-] Building 'json' report for the following task(s): '3a9279fc-b20a-45ef-b8f1-55260707c41e'.
2019-10-29 00:26:31.795 8495 INFO rally.api [-] The report has been successfully built.
2019-10-29 00:26:33.156 8497 RALLYDEBUG rally.api [-] INFO logs from urllib3 and requests module are hide.
2019-10-29 00:26:33.156 8497 RALLYDEBUG rally.api [-] urllib3 insecure warnings are hidden.
2019-10-29 00:26:33.157 8497 RALLYDEBUG rally.api [-] ERROR log from boto module is hide.
2019-10-29 00:26:35.072 8497 INFO rally.task.engine [-] Task 61db9aa9-4d18-4ebd-8709-bae1978e7a0d | Starting: Task validation.
2019-10-29 00:26:35.134 8497 INFO rally.task.engine [-] Task 61db9aa9-4d18-4ebd-8709-bae1978e7a0d | Starting: Task validation of syntax.
2019-10-29 00:26:35.335 8497 INFO rally.task.engine [-] Task 61db9aa9-4d18-4ebd-8709-bae1978e7a0d | Completed: Task validation of syntax.
2019-10-29 00:26:35.337 8497 INFO rally.task.engine [-] Task 61db9aa9-4d18-4ebd-8709-bae1978e7a0d | Starting: Task validation of required platforms.
2019-10-29 00:26:35.416 8497 INFO rally.task.engine [-] Task 61db9aa9-4d18-4ebd-8709-bae1978e7a0d | Completed: Task validation of required platforms.
2019-10-29 00:26:35.417 8497 INFO rally.task.engine [-] Task 61db9aa9-4d18-4ebd-8709-bae1978e7a0d | Starting: Task validation of semantic.
2019-10-29 00:26:35.417 8497 INFO rally.task.engine [-] Check health of the environment 'fd54644d-cf90-477f-9184-e98e06bc8d2e'.
2019-10-29 00:26:36.408 8497 INFO rally.task.engine [-] Platform existing@openstack (available: True): OK!
2019-10-29 00:26:36.428 8497 RALLYDEBUG rally_openstack.contexts.keystone.users [-] Creating 1 tenants using 20 threads
2019-10-29 00:26:37.325 8497 RALLYDEBUG rally_openstack.contexts.keystone.users [-] Creating 1 users using 20 threads
2019-10-29 00:26:38.725 8497 INFO rally.task.context [-] Task 61db9aa9-4d18-4ebd-8709-bae1978e7a0d | Context users@openstack setup() finished in 2.30 sec
2019-10-29 00:26:39.425 8497 RALLYDEBUG rally_openstack.contexts.keystone.roles [-] Adding role heat_stack_owner having ID 579daece61944a47927af2df1e9fafc8 to all users using 30 threads
2019-10-29 00:26:41.471 8497 RALLYDEBUG rally_openstack.contexts.keystone.roles [-] Removing assigned role 579daece61944a47927af2df1e9fafc8 from all users
2019-10-29 00:26:43.339 8497 RALLYDEBUG rally_openstack.contexts.keystone.roles [-] Adding role heat_stack_owner having ID 579daece61944a47927af2df1e9fafc8 to all users using 30 threads
2019-10-29 00:26:44.813 8497 RALLYDEBUG rally_openstack.contexts.keystone.roles [-] Removing assigned role 579daece61944a47927af2df1e9fafc8 from all users
2019-10-29 00:26:46.787 8497 RALLYDEBUG rally_openstack.contexts.keystone.roles [-] Adding role heat_stack_owner having ID 579daece61944a47927af2df1e9fafc8 to all users using 30 threads
2019-10-29 00:26:48.024 8497 RALLYDEBUG rally_openstack.contexts.keystone.roles [-] Removing assigned role 579daece61944a47927af2df1e9fafc8 from all users
2019-10-29 00:26:49.932 8497 RALLYDEBUG rally_openstack.contexts.keystone.roles [-] Adding role heat_stack_owner having ID 579daece61944a47927af2df1e9fafc8 to all users using 30 threads
2019-10-29 00:26:51.551 8497 RALLYDEBUG rally_openstack.contexts.keystone.roles [-] Removing assigned role 579daece61944a47927af2df1e9fafc8 from all users
2019-10-29 00:26:53.424 8497 RALLYDEBUG rally_openstack.contexts.keystone.roles [-] Adding role heat_stack_owner having ID 579daece61944a47927af2df1e9fafc8 to all users using 30 threads
2019-10-29 00:26:54.903 8497 RALLYDEBUG rally_openstack.contexts.keystone.roles [-] Removing assigned role 579daece61944a47927af2df1e9fafc8 from all users
2019-10-29 00:26:56.753 8497 RALLYDEBUG rally_openstack.contexts.keystone.roles [-] Adding role heat_stack_owner having ID 579daece61944a47927af2df1e9fafc8 to all users using 30 threads
2019-10-29 00:26:57.972 8497 RALLYDEBUG rally_openstack.contexts.keystone.roles [-] Removing assigned role 579daece61944a47927af2df1e9fafc8 from all users
2019-10-29 00:26:59.895 8497 RALLYDEBUG rally_openstack.contexts.keystone.roles [-] Adding role heat_stack_owner having ID 579daece61944a47927af2df1e9fafc8 to all users using 30 threads
2019-10-29 00:27:01.088 8497 RALLYDEBUG rally_openstack.contexts.keystone.roles [-] Removing assigned role 579daece61944a47927af2df1e9fafc8 from all users
2019-10-29 00:27:02.933 8497 RALLYDEBUG rally_openstack.contexts.keystone.roles [-] Adding role heat_stack_owner having ID 579daece61944a47927af2df1e9fafc8 to all users using 30 threads
2019-10-29 00:27:04.163 8497 RALLYDEBUG rally_openstack.contexts.keystone.roles [-] Removing assigned role 579daece61944a47927af2df1e9fafc8 from all users
2019-10-29 00:27:06.143 8497 RALLYDEBUG rally_openstack.contexts.keystone.roles [-] Adding role heat_stack_owner having ID 579daece61944a47927af2df1e9fafc8 to all users using 30 threads
2019-10-29 00:27:07.346 8497 RALLYDEBUG rally_openstack.contexts.keystone.roles [-] Removing assigned role 579daece61944a47927af2df1e9fafc8 from all users
2019-10-29 00:27:09.215 8497 RALLYDEBUG rally_openstack.contexts.keystone.roles [-] Adding role heat_stack_owner having ID 579daece61944a47927af2df1e9fafc8 to all users using 30 threads
2019-10-29 00:27:10.428 8497 RALLYDEBUG rally_openstack.contexts.keystone.roles [-] Removing assigned role 579daece61944a47927af2df1e9fafc8 from all users
2019-10-29 00:27:12.285 8497 RALLYDEBUG rally_openstack.contexts.keystone.roles [-] Adding role heat_stack_owner having ID 579daece61944a47927af2df1e9fafc8 to all users using 30 threads
2019-10-29 00:27:13.503 8497 RALLYDEBUG rally_openstack.contexts.keystone.roles [-] Removing assigned role 579daece61944a47927af2df1e9fafc8 from all users
2019-10-29 00:27:15.378 8497 RALLYDEBUG rally_openstack.contexts.keystone.roles [-] Adding role heat_stack_owner having ID 579daece61944a47927af2df1e9fafc8 to all users using 30 threads
2019-10-29 00:27:16.593 8497 RALLYDEBUG rally_openstack.contexts.keystone.roles [-] Removing assigned role 579daece61944a47927af2df1e9fafc8 from all users
2019-10-29 00:27:18.095 8497 INFO rally.task.context [-] Task 61db9aa9-4d18-4ebd-8709-bae1978e7a0d | Context users@openstack cleanup() started
2019-10-29 00:27:20.996 8497 INFO rally.task.context [-] Task 61db9aa9-4d18-4ebd-8709-bae1978e7a0d | Context users@openstack cleanup() finished in 2.90 sec
2019-10-29 00:27:20.997 8497 INFO rally.task.engine [-] Task 61db9aa9-4d18-4ebd-8709-bae1978e7a0d | Completed: Task validation of semantic.
2019-10-29 00:27:20.997 8497 INFO rally.task.engine [-] Task 61db9aa9-4d18-4ebd-8709-bae1978e7a0d | Completed: Task validation.
2019-10-29 00:27:20.997 8497 INFO rally.api [-] Task 61db9aa9-4d18-4ebd-8709-bae1978e7a0d input file is valid.
