2019-10-29 00:01:40.976 727 RALLYDEBUG rally.task.runner [-] Starting the constant runner (task UUID: 1a29150a-d69b-4725-b80b-853984d28fae). times: 10 concurrency: 4 timeout: 0 max_cpu_used: 16 processes_to_start: 4 concurrency_per_worker: 1 concurrency_overhead: 0
2019-10-29 00:01:40.987 975 RALLYDEBUG rally.task.runner [-] Starting a worker. times: 10 duration: None concurrency: 1 timeout: 0 cls: method_name: run args: {"container_format": "bare", "disk_format": "qcow2", "image_location": "/home/opnfv/functest/images/cirros-0.4.0-x86_64-disk.img"}
2019-10-29 00:01:40.990 976 RALLYDEBUG rally.task.runner [-] Starting a worker. times: 10 duration: None concurrency: 1 timeout: 0 cls: method_name: run args: {"container_format": "bare", "disk_format": "qcow2", "image_location": "/home/opnfv/functest/images/cirros-0.4.0-x86_64-disk.img"}
2019-10-29 00:01:40.994 975 INFO rally.task.runner [-] Task 1a29150a-d69b-4725-b80b-853984d28fae | ITER: 1 START
2019-10-29 00:01:40.994 977 RALLYDEBUG rally.task.runner [-] Starting a worker. times: 10 duration: None concurrency: 1 timeout: 0 cls: method_name: run args: {"container_format": "bare", "disk_format": "qcow2", "image_location": "/home/opnfv/functest/images/cirros-0.4.0-x86_64-disk.img"}
2019-10-29 00:01:40.997 976 INFO rally.task.runner [-] Task 1a29150a-d69b-4725-b80b-853984d28fae | ITER: 2 START
2019-10-29 00:01:40.998 978 RALLYDEBUG rally.task.runner [-] Starting a worker. times: 10 duration: None concurrency: 1 timeout: 0 cls: method_name: run args: {"container_format": "bare", "disk_format": "qcow2", "image_location": "/home/opnfv/functest/images/cirros-0.4.0-x86_64-disk.img"}
2019-10-29 00:01:41.001 977 INFO rally.task.runner [-] Task 1a29150a-d69b-4725-b80b-853984d28fae | ITER: 3 START
2019-10-29 00:01:41.004 978 INFO rally.task.runner [-] Task 1a29150a-d69b-4725-b80b-853984d28fae | ITER: 4 START
2019-10-29 00:01:43.925 978 RALLYDEBUG rally.task.utils [-] Waiting for resource 'f66bd369-93e1-4a44-9a7f-cc803a930704'. Status changed: NONE => QUEUED in 0.043825626373291016
2019-10-29 00:01:43.928 977 RALLYDEBUG rally.task.utils [-] Waiting for resource '76faf990-04d0-475b-9a6c-081d42cb04d8'. Status changed: NONE => QUEUED in 0.040686845779418945
2019-10-29 00:01:43.929 976 RALLYDEBUG rally.task.utils [-] Waiting for resource 'e10fcf10-59ab-4e79-8711-58cbb9a290dc'. Status changed: NONE => QUEUED in 0.03648853302001953
2019-10-29 00:01:43.936 975 RALLYDEBUG rally.task.utils [-] Waiting for resource 'f37bf404-67b8-4d1b-a829-31595c93404e'. Status changed: NONE => QUEUED in 0.043032169342041016
2019-10-29 00:01:44.151 977 RALLYDEBUG rally.task.utils [-] Waiting for resource s_rally_17cdd156_vBeoNSsi. Status changed: QUEUED => ACTIVE in 0.020077943801879883
2019-10-29 00:01:44.154 976 RALLYDEBUG rally.task.utils [-] Waiting for resource s_rally_17cdd156_QxjKusyX. Status changed: QUEUED => ACTIVE in 0.019432544708251953
2019-10-29 00:01:44.187 976 INFO rally.task.runner [-] Task 1a29150a-d69b-4725-b80b-853984d28fae | ITER: 2 END: OK
2019-10-29 00:01:44.191 976 INFO rally.task.runner [-] Task 1a29150a-d69b-4725-b80b-853984d28fae | ITER: 5 START
2019-10-29 00:01:44.197 977 INFO rally.task.runner [-] Task 1a29150a-d69b-4725-b80b-853984d28fae | ITER: 3 END: OK
2019-10-29 00:01:44.201 977 INFO rally.task.runner [-] Task 1a29150a-d69b-4725-b80b-853984d28fae | ITER: 6 START
2019-10-29 00:01:44.297 978 RALLYDEBUG rally.task.utils [-] Waiting for resource s_rally_17cdd156_1dSJ3PwD. Status changed: QUEUED => ACTIVE in 0.020100116729736328
2019-10-29 00:01:44.303 975 RALLYDEBUG rally.task.utils [-] Waiting for resource s_rally_17cdd156_wGQfJev2. Status changed: QUEUED => ACTIVE in 0.017601490020751953
2019-10-29 00:01:44.331 978 INFO rally.task.runner [-] Task 1a29150a-d69b-4725-b80b-853984d28fae | ITER: 4 END: OK
2019-10-29 00:01:44.335 978 INFO rally.task.runner [-] Task 1a29150a-d69b-4725-b80b-853984d28fae | ITER: 7 START
2019-10-29 00:01:44.337 975 INFO rally.task.runner [-] Task 1a29150a-d69b-4725-b80b-853984d28fae | ITER: 1 END: OK
2019-10-29 00:01:44.341 975 INFO rally.task.runner [-] Task 1a29150a-d69b-4725-b80b-853984d28fae | ITER: 8 START
2019-10-29 00:01:46.984 977 RALLYDEBUG rally.task.utils [-] Waiting for resource '1496f5e8-f205-403b-9a65-6c1ae4960996'. Status changed: NONE => QUEUED in 0.04138350486755371
2019-10-29 00:01:47.074 976 RALLYDEBUG rally.task.utils [-] Waiting for resource '0750b1e3-0e83-4cba-a4df-3d44f533db94'. Status changed: NONE => QUEUED in 0.0403292179107666
2019-10-29 00:01:47.122 975 RALLYDEBUG rally.task.utils [-] Waiting for resource '1a1f53fd-3223-4f19-a296-5e98372599c2'. Status changed: NONE => QUEUED in 0.03484988212585449
2019-10-29 00:01:47.160 978 RALLYDEBUG rally.task.utils [-] Waiting for resource '02281965-b08b-46ff-9af0-032680ec90fc'. Status changed: NONE => QUEUED in 0.032877445220947266
2019-10-29 00:01:47.232 977 RALLYDEBUG rally.task.utils [-] Waiting for resource s_rally_17cdd156_C8ciz3dX. Status changed: QUEUED => ACTIVE in 0.024439573287963867
2019-10-29 00:01:47.278 977 INFO rally.task.runner [-] Task 1a29150a-d69b-4725-b80b-853984d28fae | ITER: 6 END: OK
2019-10-29 00:01:47.282 977 INFO rally.task.runner [-] Task 1a29150a-d69b-4725-b80b-853984d28fae | ITER: 9 START
2019-10-29 00:01:47.395 976 RALLYDEBUG rally.task.utils [-] Waiting for resource s_rally_17cdd156_7hHqd7M9. Status changed: QUEUED => ACTIVE in 0.01868915557861328
2019-10-29 00:01:47.426 975 RALLYDEBUG rally.task.utils [-] Waiting for resource s_rally_17cdd156_2KlkAJ4b. Status changed: QUEUED => ACTIVE in 0.02161121368408203
2019-10-29 00:01:47.431 976 INFO rally.task.runner [-] Task 1a29150a-d69b-4725-b80b-853984d28fae | ITER: 5 END: OK
2019-10-29 00:01:47.432 978 RALLYDEBUG rally.task.utils [-] Waiting for resource s_rally_17cdd156_DD9G7wCe. Status changed: QUEUED => ACTIVE in 0.01778268814086914
2019-10-29 00:01:47.436 976 INFO rally.task.runner [-] Task 1a29150a-d69b-4725-b80b-853984d28fae | ITER: 10 START
2019-10-29 00:01:47.462 975 INFO rally.task.runner [-] Task 1a29150a-d69b-4725-b80b-853984d28fae | ITER: 8 END: OK
2019-10-29 00:01:47.468 978 INFO rally.task.runner [-] Task 1a29150a-d69b-4725-b80b-853984d28fae | ITER: 7 END: OK
2019-10-29 00:01:50.131 977 RALLYDEBUG rally.task.utils [-] Waiting for resource 'a6ef3caa-53d3-4b0c-ac70-dcda8e6048d6'. Status changed: NONE => QUEUED in 0.04378795623779297
2019-10-29 00:01:50.229 976 RALLYDEBUG rally.task.utils [-] Waiting for resource '93eaca69-3f77-4cbf-939b-4608968eece0'. Status changed: NONE => QUEUED in 0.03982830047607422
2019-10-29 00:01:50.386 977 RALLYDEBUG rally.task.utils [-] Waiting for resource s_rally_17cdd156_4Q1os3Xe. Status changed: QUEUED => ACTIVE in 0.023070096969604492
2019-10-29 00:01:50.428 977 INFO rally.task.runner [-] Task 1a29150a-d69b-4725-b80b-853984d28fae | ITER: 9 END: OK
2019-10-29 00:01:50.457 976 RALLYDEBUG rally.task.utils [-] Waiting for resource s_rally_17cdd156_t12nl3VW. Status changed: QUEUED => ACTIVE in 0.01772022247314453
2019-10-29 00:01:50.497 976 INFO rally.task.runner [-] Task 1a29150a-d69b-4725-b80b-853984d28fae | ITER: 10 END: OK
2019-10-29 00:01:50.528 727 INFO rally.task.context [-] Task 1a29150a-d69b-4725-b80b-853984d28fae | Context cleanup@openstack cleanup() started
2019-10-29 00:01:50.531 727 RALLYDEBUG rally_openstack.cleanup.manager [-] Cleaning up glance images objects
2019-10-29 00:01:51.972 727 RALLYDEBUG rally_openstack.cleanup.manager [-] Deleting glance.images object s_rally_17cdd156_t12nl3VW (93eaca69-3f77-4cbf-939b-4608968eece0)
2019-10-29 00:01:51.982 727 RALLYDEBUG rally_openstack.cleanup.manager [-] Deleting glance.images object s_rally_17cdd156_C8ciz3dX (1496f5e8-f205-403b-9a65-6c1ae4960996)
2019-10-29 00:01:51.991 727 RALLYDEBUG rally_openstack.cleanup.manager [-] Deleting glance.images object s_rally_17cdd156_DD9G7wCe (02281965-b08b-46ff-9af0-032680ec90fc)
2019-10-29 00:01:52.000 727 RALLYDEBUG rally_openstack.cleanup.manager [-] Deleting glance.images object s_rally_17cdd156_1dSJ3PwD (f66bd369-93e1-4a44-9a7f-cc803a930704)
2019-10-29 00:01:52.006 727 RALLYDEBUG rally_openstack.cleanup.manager [-] Deleting glance.images object s_rally_17cdd156_wGQfJev2 (f37bf404-67b8-4d1b-a829-31595c93404e)
2019-10-29 00:01:52.019 727 RALLYDEBUG rally_openstack.cleanup.manager [-] Deleting glance.images object s_rally_17cdd156_QxjKusyX (e10fcf10-59ab-4e79-8711-58cbb9a290dc)
2019-10-29 00:01:52.030 727 RALLYDEBUG rally_openstack.cleanup.manager [-] Deleting glance.images object s_rally_17cdd156_4Q1os3Xe (a6ef3caa-53d3-4b0c-ac70-dcda8e6048d6)
2019-10-29 00:01:52.045 727 RALLYDEBUG rally_openstack.cleanup.manager [-] Deleting glance.images object s_rally_17cdd156_2KlkAJ4b (1a1f53fd-3223-4f19-a296-5e98372599c2)
2019-10-29 00:01:52.059 727 RALLYDEBUG rally_openstack.cleanup.manager [-] Deleting glance.images object s_rally_17cdd156_7hHqd7M9 (0750b1e3-0e83-4cba-a4df-3d44f533db94)
2019-10-29 00:01:52.073 727 RALLYDEBUG rally_openstack.cleanup.manager [-] Deleting glance.images object s_rally_17cdd156_vBeoNSsi (76faf990-04d0-475b-9a6c-081d42cb04d8)
2019-10-29 00:01:52.552 727 DEBUG glanceclient.common.http [-] Request returned failure status 404. _handle_response /usr/lib/python3.6/site-packages/glanceclient/common/http.py:125
2019-10-29 00:01:52.569 727 DEBUG glanceclient.common.http [-] Request returned failure status 404. _handle_response /usr/lib/python3.6/site-packages/glanceclient/common/http.py:125
2019-10-29 00:01:52.590 727 DEBUG glanceclient.common.http [-] Request returned failure status 404. _handle_response /usr/lib/python3.6/site-packages/glanceclient/common/http.py:125
2019-10-29 00:01:52.605 727 DEBUG glanceclient.common.http [-] Request returned failure status 404. _handle_response /usr/lib/python3.6/site-packages/glanceclient/common/http.py:125
2019-10-29 00:01:52.613 727 DEBUG glanceclient.common.http [-] Request returned failure status 404. _handle_response /usr/lib/python3.6/site-packages/glanceclient/common/http.py:125
2019-10-29 00:01:52.618 727 DEBUG glanceclient.common.http [-] Request returned failure status 404. _handle_response /usr/lib/python3.6/site-packages/glanceclient/common/http.py:125
2019-10-29 00:01:52.622 727 DEBUG glanceclient.common.http [-] Request returned failure status 404. _handle_response /usr/lib/python3.6/site-packages/glanceclient/common/http.py:125
2019-10-29 00:01:52.635 727 DEBUG glanceclient.common.http [-] Request returned failure status 404. _handle_response /usr/lib/python3.6/site-packages/glanceclient/common/http.py:125
2019-10-29 00:01:52.647 727 DEBUG glanceclient.common.http [-] Request returned failure status 404. _handle_response /usr/lib/python3.6/site-packages/glanceclient/common/http.py:125
2019-10-29 00:01:52.654 727 DEBUG glanceclient.common.http [-] Request returned failure status 404. _handle_response /usr/lib/python3.6/site-packages/glanceclient/common/http.py:125
2019-10-29 00:01:52.655 727 DEBUG glanceclient.common.http [-] Request returned failure status 404. _handle_response /usr/lib/python3.6/site-packages/glanceclient/common/http.py:125
2019-10-29 00:01:52.660 727 DEBUG glanceclient.common.http [-] Request returned failure status 404. _handle_response /usr/lib/python3.6/site-packages/glanceclient/common/http.py:125
2019-10-29 00:01:52.666 727 DEBUG glanceclient.common.http [-] Request returned failure status 404. _handle_response /usr/lib/python3.6/site-packages/glanceclient/common/http.py:125
2019-10-29 00:01:52.678 727 DEBUG glanceclient.common.http [-] Request returned failure status 404. _handle_response /usr/lib/python3.6/site-packages/glanceclient/common/http.py:125
2019-10-29 00:01:52.680 727 DEBUG glanceclient.common.http [-] Request returned failure status 404. _handle_response /usr/lib/python3.6/site-packages/glanceclient/common/http.py:125
2019-10-29 00:01:52.689 727 DEBUG glanceclient.common.http [-] Request returned failure status 404. _handle_response /usr/lib/python3.6/site-packages/glanceclient/common/http.py:125
2019-10-29 00:01:52.697 727 DEBUG glanceclient.common.http [-] Request returned failure status 404. _handle_response /usr/lib/python3.6/site-packages/glanceclient/common/http.py:125
2019-10-29 00:01:52.699 727 DEBUG glanceclient.common.http [-] Request returned failure status 404. _handle_response /usr/lib/python3.6/site-packages/glanceclient/common/http.py:125
2019-10-29 00:01:52.820 727 DEBUG glanceclient.common.http [-] Request returned failure status 404. _handle_response /usr/lib/python3.6/site-packages/glanceclient/common/http.py:125
2019-10-29 00:01:52.834 727 DEBUG glanceclient.common.http [-] Request returned failure status 404. _handle_response /usr/lib/python3.6/site-packages/glanceclient/common/http.py:125
2019-10-29 00:01:53.837 727 INFO rally.task.context [-] Task 1a29150a-d69b-4725-b80b-853984d28fae | Context cleanup@openstack cleanup() finished in 3.31 sec
2019-10-29 00:01:53.838 727 INFO rally.task.context [-] Task 1a29150a-d69b-4725-b80b-853984d28fae | Context users@openstack cleanup() started
2019-10-29 00:01:58.266 727 INFO rally.task.context [-] Task 1a29150a-d69b-4725-b80b-853984d28fae | Context users@openstack cleanup() finished in 4.43 sec
2019-10-29 00:01:58.515 727 INFO rally.task.engine [-] Load duration is: 8.807884
2019-10-29 00:01:58.515 727 INFO rally.task.engine [-] Full runner duration is: 9.552699
2019-10-29 00:01:58.516 727 INFO rally.task.engine [-] Full duration is: 19.873965
2019-10-29 00:01:59.186 727 INFO rally.task.engine [-] Running workload: position = 0 config = { "version": 2, "title": "A cropped version of a bigger task.", "description": "Auto-generated task from a single workload (uuid=b4e44bf9-5607-4885-a0b1-9ee150f4e0cd)", "subtasks": [ { "title": "GlanceImages.list_images", "description": "List all images.", "scenario": { "GlanceImages.list_images": {} }, "contexts": { "users": { "tenants": 3, "users_per_tenant": 2 } }, "runner": { "constant": { "concurrency": 4, "times": 10 } }, "hooks": [], "sla": { "failure_rate": { "max": 0 } } } ] }
2019-10-29 00:01:59.209 727 RALLYDEBUG rally_openstack.contexts.keystone.users [-] Creating 3 tenants using 20 threads
2019-10-29 00:02:00.138 727 RALLYDEBUG rally_openstack.contexts.keystone.users [-] Creating 6 users using 20 threads
2019-10-29 00:02:01.634 727 INFO rally.task.context [-] Task 1a29150a-d69b-4725-b80b-853984d28fae | Context users@openstack setup() finished in 2.42 sec
2019-10-29 00:02:01.642 727 RALLYDEBUG rally.task.runner [-] Starting the constant runner (task UUID: 1a29150a-d69b-4725-b80b-853984d28fae). times: 10 concurrency: 4 timeout: 0 max_cpu_used: 16 processes_to_start: 4 concurrency_per_worker: 1 concurrency_overhead: 0
2019-10-29 00:02:01.654 1099 RALLYDEBUG rally.task.runner [-] Starting a worker. times: 10 duration: None concurrency: 1 timeout: 0 cls: method_name: run args: {}
2019-10-29 00:02:01.658 1100 RALLYDEBUG rally.task.runner [-] Starting a worker. times: 10 duration: None concurrency: 1 timeout: 0 cls: method_name: run args: {}
2019-10-29 00:02:01.661 1099 INFO rally.task.runner [-] Task 1a29150a-d69b-4725-b80b-853984d28fae | ITER: 1 START
2019-10-29 00:02:01.661 1101 RALLYDEBUG rally.task.runner [-] Starting a worker. times: 10 duration: None concurrency: 1 timeout: 0 cls: method_name: run args: {}
2019-10-29 00:02:01.664 1100 INFO rally.task.runner [-] Task 1a29150a-d69b-4725-b80b-853984d28fae | ITER: 2 START
2019-10-29 00:02:01.665 1104 RALLYDEBUG rally.task.runner [-] Starting a worker. times: 10 duration: None concurrency: 1 timeout: 0 cls: method_name: run args: {}
2019-10-29 00:02:01.668 1101 INFO rally.task.runner [-] Task 1a29150a-d69b-4725-b80b-853984d28fae | ITER: 3 START
2019-10-29 00:02:01.672 1104 INFO rally.task.runner [-] Task 1a29150a-d69b-4725-b80b-853984d28fae | ITER: 4 START
2019-10-29 00:02:02.486 1099 INFO rally.task.runner [-] Task 1a29150a-d69b-4725-b80b-853984d28fae | ITER: 1 END: OK
2019-10-29 00:02:02.491 1099 INFO rally.task.runner [-] Task 1a29150a-d69b-4725-b80b-853984d28fae | ITER: 5 START
2019-10-29 00:02:02.492 1100 INFO rally.task.runner [-] Task 1a29150a-d69b-4725-b80b-853984d28fae | ITER: 2 END: OK
2019-10-29 00:02:02.496 1100 INFO rally.task.runner [-] Task 1a29150a-d69b-4725-b80b-853984d28fae | ITER: 6 START
2019-10-29 00:02:02.505 1101 INFO rally.task.runner [-] Task 1a29150a-d69b-4725-b80b-853984d28fae | ITER: 3 END: OK
2019-10-29 00:02:02.508 1101 INFO rally.task.runner [-] Task 1a29150a-d69b-4725-b80b-853984d28fae | ITER: 7 START
2019-10-29 00:02:02.517 1104 INFO rally.task.runner [-] Task 1a29150a-d69b-4725-b80b-853984d28fae | ITER: 4 END: OK
2019-10-29 00:02:02.521 1104 INFO rally.task.runner [-] Task 1a29150a-d69b-4725-b80b-853984d28fae | ITER: 8 START
2019-10-29 00:02:03.209 1099 INFO rally.task.runner [-] Task 1a29150a-d69b-4725-b80b-853984d28fae | ITER: 5 END: OK
2019-10-29 00:02:03.213 1099 INFO rally.task.runner [-] Task 1a29150a-d69b-4725-b80b-853984d28fae | ITER: 9 START
2019-10-29 00:02:03.250 1100 INFO rally.task.runner [-] Task 1a29150a-d69b-4725-b80b-853984d28fae | ITER: 6 END: OK
2019-10-29 00:02:03.254 1100 INFO rally.task.runner [-] Task 1a29150a-d69b-4725-b80b-853984d28fae | ITER: 10 START
2019-10-29 00:02:03.258 1104 INFO rally.task.runner [-] Task 1a29150a-d69b-4725-b80b-853984d28fae | ITER: 8 END: OK
2019-10-29 00:02:03.275 1101 INFO rally.task.runner [-] Task 1a29150a-d69b-4725-b80b-853984d28fae | ITER: 7 END: OK
2019-10-29 00:02:03.991 1100 INFO rally.task.runner [-] Task 1a29150a-d69b-4725-b80b-853984d28fae | ITER: 10 END: OK
2019-10-29 00:02:03.997 1099 INFO rally.task.runner [-] Task 1a29150a-d69b-4725-b80b-853984d28fae | ITER: 9 END: OK
2019-10-29 00:02:04.024 727 INFO rally.task.context [-] Task 1a29150a-d69b-4725-b80b-853984d28fae | Context users@openstack cleanup() started
2019-10-29 00:02:08.283 727 INFO rally.task.context [-] Task 1a29150a-d69b-4725-b80b-853984d28fae | Context users@openstack cleanup() finished in 4.26 sec
2019-10-29 00:02:09.308 727 INFO rally.task.engine [-] Load duration is: 1.651042
2019-10-29 00:02:09.309 727 INFO rally.task.engine [-] Full runner duration is: 2.382004
2019-10-29 00:02:09.309 727 INFO rally.task.engine [-] Full duration is: 9.075634
2019-10-29 00:02:09.992 727 INFO rally.task.engine [-] Running workload: position = 0 config = { "version": 2, "title": "A cropped version of a bigger task.", "description": "Auto-generated task from a single workload (uuid=2786403b-189b-4567-935a-86125e18cdc2)", "subtasks": [ { "title": "GlanceImages.create_image_and_boot_instances", "description": "Create an image and boot several instances from it.", "scenario": { "GlanceImages.create_image_and_boot_instances": { "container_format": "bare", "disk_format": "qcow2", "image_location": "/home/opnfv/functest/images/cirros-0.4.0-x86_64-disk.img", "flavor": { "name": "rally_full-flavor_b1bdd5ff-a94b-4b0b-abed-4a39b4cd7a4c" }, "number_instances": 2, "nics": [ { "net-id": "1a84dcc6-e694-4461-af1d-1b42ba763d82" } ] } }, "contexts": { "users": { "tenants": 3, "users_per_tenant": 2 }, "quotas": { "nova": { "cores": -1, "floating_ips": -1, "instances": -1, "ram": -1, "security_group_rules": -1, "security_groups": -1 } } }, "runner": { "constant": { "concurrency": 4, "times": 10 } }, "hooks": [], "sla": { "failure_rate": { "max": 0 } } } ] }
2019-10-29 00:02:10.017 727 RALLYDEBUG rally_openstack.contexts.keystone.users [-] Creating 3 tenants using 20 threads
2019-10-29 00:02:10.965 727 RALLYDEBUG rally_openstack.contexts.keystone.users [-] Creating 6 users using 20 threads
2019-10-29 00:02:12.475 727 INFO rally.task.context [-] Task 1a29150a-d69b-4725-b80b-853984d28fae | Context users@openstack setup() finished in 2.46 sec
2019-10-29 00:02:13.560 727 INFO rally.task.context [-] Task 1a29150a-d69b-4725-b80b-853984d28fae | Context quotas@openstack setup() finished in 1.08 sec
2019-10-29 00:02:13.560 727 INFO rally.task.context [-] Task 1a29150a-d69b-4725-b80b-853984d28fae | Context cleanup@openstack setup() finished in 0.01 msec
2019-10-29 00:02:13.939 727 RALLYDEBUG rally.task.runner [-] Starting the constant runner (task UUID: 1a29150a-d69b-4725-b80b-853984d28fae). times: 10 concurrency: 4 timeout: 0 max_cpu_used: 16 processes_to_start: 4 concurrency_per_worker: 1 concurrency_overhead: 0
2019-10-29 00:02:13.951 1203 RALLYDEBUG rally.task.runner [-] Starting a worker. times: 10 duration: None concurrency: 1 timeout: 0 cls: method_name: run args: {"container_format": "bare", "disk_format": "qcow2", "image_location": "/home/opnfv/functest/images/cirros-0.4.0-x86_64-disk.img", "flavor": "2b968296-870b-41ac-8f70-620d226e1dc6", "number_instances": 2, "nics": [{"net-id": "1a84dcc6-e694-4461-af1d-1b42ba763d82"}]}
2019-10-29 00:02:13.955 1204 RALLYDEBUG rally.task.runner [-] Starting a worker. times: 10 duration: None concurrency: 1 timeout: 0 cls: method_name: run args: {"container_format": "bare", "disk_format": "qcow2", "image_location": "/home/opnfv/functest/images/cirros-0.4.0-x86_64-disk.img", "flavor": "2b968296-870b-41ac-8f70-620d226e1dc6", "number_instances": 2, "nics": [{"net-id": "1a84dcc6-e694-4461-af1d-1b42ba763d82"}]}
2019-10-29 00:02:13.959 1205 RALLYDEBUG rally.task.runner [-] Starting a worker. times: 10 duration: None concurrency: 1 timeout: 0 cls: method_name: run args: {"container_format": "bare", "disk_format": "qcow2", "image_location": "/home/opnfv/functest/images/cirros-0.4.0-x86_64-disk.img", "flavor": "2b968296-870b-41ac-8f70-620d226e1dc6", "number_instances": 2, "nics": [{"net-id": "1a84dcc6-e694-4461-af1d-1b42ba763d82"}]}
2019-10-29 00:02:13.958 1203 INFO rally.task.runner [-] Task 1a29150a-d69b-4725-b80b-853984d28fae | ITER: 1 START
2019-10-29 00:02:13.963 1204 INFO rally.task.runner [-] Task 1a29150a-d69b-4725-b80b-853984d28fae | ITER: 2 START
2019-10-29 00:02:13.963 1208 RALLYDEBUG rally.task.runner [-] Starting a worker. times: 10 duration: None concurrency: 1 timeout: 0 cls: method_name: run args: {"container_format": "bare", "disk_format": "qcow2", "image_location": "/home/opnfv/functest/images/cirros-0.4.0-x86_64-disk.img", "flavor": "2b968296-870b-41ac-8f70-620d226e1dc6", "number_instances": 2, "nics": [{"net-id": "1a84dcc6-e694-4461-af1d-1b42ba763d82"}]}
2019-10-29 00:02:13.967 1205 INFO rally.task.runner [-] Task 1a29150a-d69b-4725-b80b-853984d28fae | ITER: 3 START
2019-10-29 00:02:13.971 1208 INFO rally.task.runner [-] Task 1a29150a-d69b-4725-b80b-853984d28fae | ITER: 4 START
2019-10-29 00:02:14.650 1205 WARNING rally_openstack.scenarios.glance.images [-] 'kwargs' is deprecated in Rally v0.8.0: Use 'boot_server_kwargs' for additional parameters when booting servers.
2019-10-29 00:02:14.657 1203 WARNING rally_openstack.scenarios.glance.images [-] 'kwargs' is deprecated in Rally v0.8.0: Use 'boot_server_kwargs' for additional parameters when booting servers.
2019-10-29 00:02:14.661 1204 WARNING rally_openstack.scenarios.glance.images [-] 'kwargs' is deprecated in Rally v0.8.0: Use 'boot_server_kwargs' for additional parameters when booting servers.
2019-10-29 00:02:14.664 1208 WARNING rally_openstack.scenarios.glance.images [-] 'kwargs' is deprecated in Rally v0.8.0: Use 'boot_server_kwargs' for additional parameters when booting servers.
2019-10-29 00:02:16.889 1205 RALLYDEBUG rally.task.utils [-] Waiting for resource 'd231e6a3-8f86-4fde-9028-a1a0439ed911'. Status changed: NONE => QUEUED in 0.04304933547973633
2019-10-29 00:02:16.891 1204 RALLYDEBUG rally.task.utils [-] Waiting for resource 'f50c9b70-6e41-4144-9edf-fffbf556b9a3'. Status changed: NONE => QUEUED in 0.03972053527832031
2019-10-29 00:02:16.900 1208 RALLYDEBUG rally.task.utils [-] Waiting for resource 'ec8e0463-0e63-43c3-8a54-b2e523b1bbcd'. Status changed: NONE => QUEUED in 0.03849148750305176
2019-10-29 00:02:16.900 1203 RALLYDEBUG rally.task.utils [-] Waiting for resource '58bc3e41-b2d1-490d-ba00-807273b06bd0'. Status changed: NONE => QUEUED in 0.041249990463256836
2019-10-29 00:02:17.138 1204 RALLYDEBUG rally.task.utils [-] Waiting for resource s_rally_2786403b_wqFRmvCE. Status changed: QUEUED => ACTIVE in 0.01982283592224121
2019-10-29 00:02:17.145 1208 RALLYDEBUG rally.task.utils [-] Waiting for resource s_rally_2786403b_yaKEIRuY. Status changed: QUEUED => ACTIVE in 0.019978761672973633
2019-10-29 00:02:17.146 1203 RALLYDEBUG rally.task.utils [-] Waiting for resource s_rally_2786403b_WnLAduMw. Status changed: QUEUED => ACTIVE in 0.018993616104125977
2019-10-29 00:02:17.154 1205 RALLYDEBUG rally.task.utils [-] Waiting for resource s_rally_2786403b_bxc0159d. Status changed: QUEUED => ACTIVE in 0.01875162124633789
2019-10-29 00:02:29.771 1205 RALLYDEBUG rally.task.utils [-] Waiting for resource s_rally_2786403b_W3L6kt1f_1. Status changed: BUILD => ACTIVE in 8.986018419265747
2019-10-29 00:02:30.058 1205 RALLYDEBUG rally.task.utils [-] Waiting for resource s_rally_2786403b_W3L6kt1f_0. Status changed: BUILD => ACTIVE in 0.2866508960723877
2019-10-29 00:02:30.059 1205 INFO rally.task.runner [-] Task 1a29150a-d69b-4725-b80b-853984d28fae | ITER: 3 END: OK
2019-10-29 00:02:30.063 1205 INFO rally.task.runner [-] Task 1a29150a-d69b-4725-b80b-853984d28fae | ITER: 5 START
2019-10-29 00:02:30.407 1203 RALLYDEBUG rally.task.utils [-] Waiting for resource s_rally_2786403b_mNVCPOC1_1. Status changed: BUILD => ACTIVE in 9.224759817123413
2019-10-29 00:02:30.600 1203 RALLYDEBUG rally.task.utils [-] Waiting for resource s_rally_2786403b_mNVCPOC1_0. Status changed: BUILD => ACTIVE in 0.19293928146362305
2019-10-29 00:02:30.601 1203 INFO rally.task.runner [-] Task 1a29150a-d69b-4725-b80b-853984d28fae | ITER: 1 END: OK
2019-10-29 00:02:30.605 1203 INFO rally.task.runner [-] Task 1a29150a-d69b-4725-b80b-853984d28fae | ITER: 6 START
2019-10-29 00:02:30.788 1205 WARNING rally_openstack.scenarios.glance.images [-] 'kwargs' is deprecated in Rally v0.8.0: Use 'boot_server_kwargs' for additional parameters when booting servers.
2019-10-29 00:02:31.317 1203 WARNING rally_openstack.scenarios.glance.images [-] 'kwargs' is deprecated in Rally v0.8.0: Use 'boot_server_kwargs' for additional parameters when booting servers.
2019-10-29 00:02:31.528 1208 RALLYDEBUG rally.task.utils [-] Waiting for resource s_rally_2786403b_mprFw5UH_1. Status changed: BUILD => ACTIVE in 11.054677248001099
2019-10-29 00:02:31.722 1208 RALLYDEBUG rally.task.utils [-] Waiting for resource s_rally_2786403b_mprFw5UH_0. Status changed: BUILD => ACTIVE in 0.1931915283203125
2019-10-29 00:02:31.723 1208 INFO rally.task.runner [-] Task 1a29150a-d69b-4725-b80b-853984d28fae | ITER: 4 END: OK
2019-10-29 00:02:31.727 1208 INFO rally.task.runner [-] Task 1a29150a-d69b-4725-b80b-853984d28fae | ITER: 7 START
2019-10-29 00:02:32.435 1208 WARNING rally_openstack.scenarios.glance.images [-] 'kwargs' is deprecated in Rally v0.8.0: Use 'boot_server_kwargs' for additional parameters when booting servers.
2019-10-29 00:02:32.965 1205 RALLYDEBUG rally.task.utils [-] Waiting for resource 'ada5d4fe-8e28-416c-b0ac-1add400b75d5'. Status changed: NONE => QUEUED in 0.03297257423400879
2019-10-29 00:02:33.075 1204 RALLYDEBUG rally.task.utils [-] Waiting for resource s_rally_2786403b_dv6IUZG7_1. Status changed: BUILD => ACTIVE in 11.282307386398315
2019-10-29 00:02:33.224 1204 RALLYDEBUG rally.task.utils [-] Waiting for resource s_rally_2786403b_dv6IUZG7_0. Status changed: BUILD => ACTIVE in 0.14851737022399902
2019-10-29 00:02:33.225 1204 INFO rally.task.runner [-] Task 1a29150a-d69b-4725-b80b-853984d28fae | ITER: 2 END: OK
2019-10-29 00:02:33.229 1204 INFO rally.task.runner [-] Task 1a29150a-d69b-4725-b80b-853984d28fae | ITER: 8 START
2019-10-29 00:02:33.269 1205 RALLYDEBUG rally.task.utils [-] Waiting for resource s_rally_2786403b_1KiKufnm. Status changed: QUEUED => ACTIVE in 0.02022695541381836
2019-10-29 00:02:33.498 1203 RALLYDEBUG rally.task.utils [-] Waiting for resource '3522c70b-b34d-402f-8970-fe27ca1cbd62'. Status changed: NONE => QUEUED in 0.03589439392089844
2019-10-29 00:02:33.841 1204 WARNING rally_openstack.scenarios.glance.images [-] 'kwargs' is deprecated in Rally v0.8.0: Use 'boot_server_kwargs' for additional parameters when booting servers.
2019-10-29 00:02:33.870 1203 RALLYDEBUG rally.task.utils [-] Waiting for resource s_rally_2786403b_vXrTmuU3. Status changed: QUEUED => ACTIVE in 0.01964259147644043
2019-10-29 00:02:34.627 1208 RALLYDEBUG rally.task.utils [-] Waiting for resource '8cd7e650-0b89-4b3b-9418-cbb0cfa3c655'. Status changed: NONE => QUEUED in 0.03899645805358887
2019-10-29 00:02:34.986 1208 RALLYDEBUG rally.task.utils [-] Waiting for resource s_rally_2786403b_MaUD9Bdv. Status changed: QUEUED => ACTIVE in 0.018644094467163086
2019-10-29 00:02:36.026 1204 RALLYDEBUG rally.task.utils [-] Waiting for resource 'de06aeb8-c095-465b-835f-63365402fc2b'. Status changed: NONE => QUEUED in 0.04375910758972168
2019-10-29 00:02:36.344 1204 RALLYDEBUG rally.task.utils [-] Waiting for resource s_rally_2786403b_C6aUbAvK. Status changed: QUEUED => ACTIVE in 0.027604103088378906
2019-10-29 00:02:49.168 1204 RALLYDEBUG rally.task.utils [-] Waiting for resource s_rally_2786403b_i3fx6ymG_1. Status changed: BUILD => ACTIVE in 8.91194462776184
2019-10-29 00:02:49.356 1204 RALLYDEBUG rally.task.utils [-] Waiting for resource s_rally_2786403b_i3fx6ymG_0. Status changed: BUILD => ACTIVE in 0.18704938888549805
2019-10-29 00:02:49.357 1204 INFO rally.task.runner [-] Task 1a29150a-d69b-4725-b80b-853984d28fae | ITER: 8 END: OK
2019-10-29 00:02:49.362 1204 INFO rally.task.runner [-] Task 1a29150a-d69b-4725-b80b-853984d28fae | ITER: 9 START
2019-10-29 00:02:49.938 1205 RALLYDEBUG rally.task.utils [-] Waiting for resource s_rally_2786403b_7fJf1XaK_1. Status changed: BUILD => ACTIVE in 13.435215950012207
2019-10-29 00:02:49.975 1204 WARNING rally_openstack.scenarios.glance.images [-] 'kwargs' is deprecated in Rally v0.8.0: Use 'boot_server_kwargs' for additional parameters when booting servers.
2019-10-29 00:02:50.093 1205 RALLYDEBUG rally.task.utils [-] Waiting for resource s_rally_2786403b_7fJf1XaK_0. Status changed: BUILD => ACTIVE in 0.15311551094055176
2019-10-29 00:02:50.094 1205 INFO rally.task.runner [-] Task 1a29150a-d69b-4725-b80b-853984d28fae | ITER: 5 END: OK
2019-10-29 00:02:50.099 1205 INFO rally.task.runner [-] Task 1a29150a-d69b-4725-b80b-853984d28fae | ITER: 10 START
2019-10-29 00:02:50.715 1205 WARNING rally_openstack.scenarios.glance.images [-] 'kwargs' is deprecated in Rally v0.8.0: Use 'boot_server_kwargs' for additional parameters when booting servers.
2019-10-29 00:02:51.185 1208 RALLYDEBUG rally.task.utils [-] Waiting for resource s_rally_2786403b_frTG6fTN_1. Status changed: BUILD => ACTIVE in 13.34795355796814
2019-10-29 00:02:51.375 1208 RALLYDEBUG rally.task.utils [-] Waiting for resource s_rally_2786403b_frTG6fTN_0. Status changed: BUILD => ACTIVE in 0.19005918502807617
2019-10-29 00:02:51.376 1208 INFO rally.task.runner [-] Task 1a29150a-d69b-4725-b80b-853984d28fae | ITER: 7 END: OK
2019-10-29 00:02:52.250 1204 RALLYDEBUG rally.task.utils [-] Waiting for resource 'b22ede50-8da1-46ae-9681-b1944bb47f06'. Status changed: NONE => QUEUED in 0.03942275047302246
2019-10-29 00:02:52.498 1203 RALLYDEBUG rally.task.utils [-] Waiting for resource s_rally_2786403b_0Sst9Ipi_1. Status changed: BUILD => ACTIVE in 15.743593215942383
2019-10-29 00:02:52.588 1204 RALLYDEBUG rally.task.utils [-] Waiting for resource s_rally_2786403b_i9dpgIIJ. Status changed: QUEUED => ACTIVE in 0.01914072036743164
2019-10-29 00:02:52.655 1203 RALLYDEBUG rally.task.utils [-] Waiting for resource s_rally_2786403b_0Sst9Ipi_0. Status changed: BUILD => ACTIVE in 0.15593194961547852
2019-10-29 00:02:52.656 1203 INFO rally.task.runner [-] Task 1a29150a-d69b-4725-b80b-853984d28fae | ITER: 6 END: OK
2019-10-29 00:02:52.903 1205 RALLYDEBUG rally.task.utils [-] Waiting for resource 'a50a6992-dba6-40ec-a91e-d7494122ab6a'. Status changed: NONE => QUEUED in 0.034234046936035156
2019-10-29 00:02:53.187 1205 RALLYDEBUG rally.task.utils [-] Waiting for resource s_rally_2786403b_QvGc1BRe. Status changed: QUEUED => ACTIVE in 0.022144079208374023
2019-10-29 00:03:04.657 1204 RALLYDEBUG rally.task.utils [-] Waiting for resource s_rally_2786403b_OZN6E8vR_1. Status changed: BUILD => ACTIVE in 9.291172742843628
2019-10-29 00:03:04.818 1204 RALLYDEBUG rally.task.utils [-] Waiting for resource s_rally_2786403b_OZN6E8vR_0. Status changed: BUILD => ACTIVE in 0.16056203842163086
2019-10-29 00:03:04.819 1204 INFO rally.task.runner [-] Task 1a29150a-d69b-4725-b80b-853984d28fae | ITER: 9 END: OK
2019-10-29 00:03:07.216 1205 RALLYDEBUG rally.task.utils [-] Waiting for resource s_rally_2786403b_M9UYrJRA_1. Status changed: BUILD => ACTIVE in 11.017909288406372
2019-10-29 00:03:07.388 1205 RALLYDEBUG rally.task.utils [-] Waiting for resource s_rally_2786403b_M9UYrJRA_0. Status changed: BUILD => ACTIVE in 0.17139387130737305
2019-10-29 00:03:07.389 1205 INFO rally.task.runner [-] Task 1a29150a-d69b-4725-b80b-853984d28fae | ITER: 10 END: OK
2019-10-29 00:03:07.421 727 INFO rally.task.context [-] Task 1a29150a-d69b-4725-b80b-853984d28fae | Context cleanup@openstack cleanup() started
2019-10-29 00:03:07.427 727 RALLYDEBUG rally_openstack.cleanup.manager [-] Cleaning up nova servers objects
2019-10-29 00:03:09.785 727 RALLYDEBUG rally_openstack.cleanup.manager [-] Deleting nova.servers object s_rally_2786403b_M9UYrJRA_0 (220f95f5-9391-481b-8b10-024774c0677f)
2019-10-29 00:03:09.795 727 RALLYDEBUG rally_openstack.cleanup.manager [-] Deleting nova.servers object s_rally_2786403b_M9UYrJRA_1 (557d841f-551a-47ba-877b-71689bb008f9)
2019-10-29 00:03:09.804 727 RALLYDEBUG rally_openstack.cleanup.manager [-] Deleting nova.servers object s_rally_2786403b_OZN6E8vR_1 (54691bfc-a5bf-4e8a-9bb4-98283a1f4cb3)
2019-10-29 00:03:09.810 727 RALLYDEBUG rally_openstack.cleanup.manager [-] Deleting nova.servers object s_rally_2786403b_OZN6E8vR_0 (d617917d-1fed-4e7e-a103-0767a6d95ed1)
2019-10-29 00:03:09.822 727 RALLYDEBUG rally_openstack.cleanup.manager [-] Deleting nova.servers object s_rally_2786403b_frTG6fTN_1 (68df6a88-330d-411d-80a5-475f4beb6315)
2019-10-29 00:03:09.832 727 RALLYDEBUG rally_openstack.cleanup.manager [-] Deleting nova.servers object s_rally_2786403b_frTG6fTN_0 (1cd28d93-67ff-4e48-a138-9e11a8019122)
2019-10-29 00:03:09.848 727 RALLYDEBUG rally_openstack.cleanup.manager [-] Deleting nova.servers object s_rally_2786403b_0Sst9Ipi_1 (eb23719b-08dc-48a9-b28f-51494adc80e4)
2019-10-29 00:03:09.853 727 RALLYDEBUG rally_openstack.cleanup.manager [-] Deleting nova.servers object s_rally_2786403b_0Sst9Ipi_0 (c632237e-d545-48b8-b13c-0d2864b81e60)
2019-10-29 00:03:09.863 727 RALLYDEBUG rally_openstack.cleanup.manager [-] Deleting nova.servers object s_rally_2786403b_i3fx6ymG_1 (2b07c053-cb14-46bf-a370-79dac508451d)
2019-10-29 00:03:09.892 727 RALLYDEBUG rally_openstack.cleanup.manager [-] Deleting nova.servers object s_rally_2786403b_i3fx6ymG_0 (f32a80e7-afff-49f1-8998-55da3cc96984)
2019-10-29 00:03:09.900 727 RALLYDEBUG rally_openstack.cleanup.manager [-] Deleting nova.servers object s_rally_2786403b_dv6IUZG7_1 (6db9b6e6-5606-408e-8d1e-369611367037)
2019-10-29 00:03:09.920 727 RALLYDEBUG rally_openstack.cleanup.manager [-] Deleting nova.servers object s_rally_2786403b_W3L6kt1f_1 (8cf59ba6-f377-430d-9af8-abd1c3df424b)
2019-10-29 00:03:09.926 727 RALLYDEBUG rally_openstack.cleanup.manager [-] Deleting nova.servers object s_rally_2786403b_mNVCPOC1_1 (be39eb29-7449-43d6-9622-365b7f7ef089)
2019-10-29 00:03:09.939 727 RALLYDEBUG rally_openstack.cleanup.manager [-] Deleting nova.servers object s_rally_2786403b_dv6IUZG7_0 (2fe0066f-e5ea-4c51-acf9-f343093ec1ee)
2019-10-29 00:03:09.947 727 RALLYDEBUG rally_openstack.cleanup.manager [-] Deleting nova.servers object s_rally_2786403b_W3L6kt1f_0 (3cd08b65-c7a7-4195-94ac-e3c51a9a0c7f)
2019-10-29 00:03:09.953 727 RALLYDEBUG rally_openstack.cleanup.manager [-] Deleting nova.servers object s_rally_2786403b_mNVCPOC1_0 (9b20d158-144e-4d9e-9e00-7aff4e2a4348)
2019-10-29 00:03:09.980 727 RALLYDEBUG rally_openstack.cleanup.manager [-] Deleting nova.servers object s_rally_2786403b_7fJf1XaK_1 (43213315-2ba8-4703-a0ce-82641ca72401)
2019-10-29 00:03:09.986 727 RALLYDEBUG rally_openstack.cleanup.manager [-] Deleting nova.servers object s_rally_2786403b_7fJf1XaK_0 (253f0fb0-2464-48ee-bf6c-11eea1091d68)
2019-10-29 00:03:10.006 727 RALLYDEBUG rally_openstack.cleanup.manager [-] Deleting nova.servers object s_rally_2786403b_mprFw5UH_1 (2b264107-01a1-4621-9b1e-aa20a1f26c92)
2019-10-29 00:03:10.039 727 RALLYDEBUG rally_openstack.cleanup.manager [-] Deleting nova.servers object s_rally_2786403b_mprFw5UH_0 (00ba84ad-87e0-4d96-9a24-6c818644a620)
2019-10-29 00:03:18.763 727 RALLYDEBUG rally_openstack.cleanup.manager [-] Cleaning up nova server_groups objects
2019-10-29 00:03:19.896 727 RALLYDEBUG rally_openstack.cleanup.manager [-] Cleaning up nova keypairs objects
2019-10-29 00:03:22.187 727 RALLYDEBUG rally_openstack.cleanup.manager [-] Cleaning up glance images objects
2019-10-29 00:03:23.508 727 RALLYDEBUG rally_openstack.cleanup.manager [-] Deleting glance.images object s_rally_2786403b_QvGc1BRe (a50a6992-dba6-40ec-a91e-d7494122ab6a)
2019-10-29 00:03:23.518 727 RALLYDEBUG rally_openstack.cleanup.manager [-] Deleting glance.images object s_rally_2786403b_i9dpgIIJ (b22ede50-8da1-46ae-9681-b1944bb47f06)
2019-10-29 00:03:23.527 727 RALLYDEBUG rally_openstack.cleanup.manager [-] Deleting glance.images object s_rally_2786403b_MaUD9Bdv (8cd7e650-0b89-4b3b-9418-cbb0cfa3c655)
2019-10-29 00:03:23.537 727 RALLYDEBUG rally_openstack.cleanup.manager [-] Deleting glance.images object s_rally_2786403b_vXrTmuU3 (3522c70b-b34d-402f-8970-fe27ca1cbd62)
2019-10-29 00:03:23.542 727 RALLYDEBUG rally_openstack.cleanup.manager [-] Deleting glance.images object s_rally_2786403b_C6aUbAvK (de06aeb8-c095-465b-835f-63365402fc2b)
2019-10-29 00:03:23.564 727 RALLYDEBUG rally_openstack.cleanup.manager [-] Deleting glance.images object s_rally_2786403b_wqFRmvCE (f50c9b70-6e41-4144-9edf-fffbf556b9a3)
2019-10-29 00:03:23.573 727 RALLYDEBUG rally_openstack.cleanup.manager [-] Deleting glance.images object s_rally_2786403b_bxc0159d (d231e6a3-8f86-4fde-9028-a1a0439ed911)
2019-10-29 00:03:23.579 727 RALLYDEBUG rally_openstack.cleanup.manager [-] Deleting glance.images object s_rally_2786403b_WnLAduMw (58bc3e41-b2d1-490d-ba00-807273b06bd0)
2019-10-29 00:03:23.591 727 RALLYDEBUG rally_openstack.cleanup.manager [-] Deleting glance.images object s_rally_2786403b_1KiKufnm (ada5d4fe-8e28-416c-b0ac-1add400b75d5)
2019-10-29 00:03:23.596 727 RALLYDEBUG rally_openstack.cleanup.manager [-] Deleting glance.images object s_rally_2786403b_yaKEIRuY (ec8e0463-0e63-43c3-8a54-b2e523b1bbcd)
2019-10-29 00:03:24.024 727 DEBUG glanceclient.common.http [-] Request returned failure status 404. _handle_response /usr/lib/python3.6/site-packages/glanceclient/common/http.py:125
2019-10-29 00:03:24.044 727 DEBUG glanceclient.common.http [-] Request returned failure status 404. _handle_response /usr/lib/python3.6/site-packages/glanceclient/common/http.py:125
2019-10-29 00:03:24.153 727 DEBUG glanceclient.common.http [-] Request returned failure status 404. _handle_response /usr/lib/python3.6/site-packages/glanceclient/common/http.py:125
2019-10-29 00:03:24.154 727 DEBUG glanceclient.common.http [-] Request returned failure status 404. _handle_response /usr/lib/python3.6/site-packages/glanceclient/common/http.py:125
2019-10-29 00:03:24.169 727 DEBUG glanceclient.common.http [-] Request returned failure status 404. _handle_response /usr/lib/python3.6/site-packages/glanceclient/common/http.py:125
2019-10-29 00:03:24.175 727 DEBUG glanceclient.common.http [-] Request returned failure status 404. _handle_response /usr/lib/python3.6/site-packages/glanceclient/common/http.py:125
2019-10-29 00:03:24.193 727 DEBUG glanceclient.common.http [-] Request returned failure status 404. _handle_response /usr/lib/python3.6/site-packages/glanceclient/common/http.py:125
2019-10-29 00:03:24.198 727 DEBUG glanceclient.common.http [-] Request returned failure status 404. _handle_response /usr/lib/python3.6/site-packages/glanceclient/common/http.py:125
2019-10-29 00:03:24.204 727 DEBUG glanceclient.common.http [-] Request returned failure status 404. _handle_response /usr/lib/python3.6/site-packages/glanceclient/common/http.py:125
2019-10-29 00:03:24.205 727 DEBUG glanceclient.common.http [-] Request returned failure status 404. _handle_response /usr/lib/python3.6/site-packages/glanceclient/common/http.py:125
2019-10-29 00:03:24.206 727 DEBUG glanceclient.common.http [-] Request returned failure status 404. _handle_response /usr/lib/python3.6/site-packages/glanceclient/common/http.py:125
2019-10-29 00:03:24.210 727 DEBUG glanceclient.common.http [-] Request returned failure status 404. _handle_response /usr/lib/python3.6/site-packages/glanceclient/common/http.py:125
2019-10-29 00:03:24.217 727 DEBUG glanceclient.common.http [-] Request returned failure status 404. _handle_response /usr/lib/python3.6/site-packages/glanceclient/common/http.py:125
2019-10-29 00:03:24.222 727 DEBUG glanceclient.common.http [-] Request returned failure status 404. _handle_response /usr/lib/python3.6/site-packages/glanceclient/common/http.py:125
2019-10-29 00:03:24.224 727 DEBUG glanceclient.common.http [-] Request returned failure status 404. _handle_response /usr/lib/python3.6/site-packages/glanceclient/common/http.py:125
2019-10-29 00:03:24.234 727 DEBUG glanceclient.common.http [-] Request returned failure status 404. _handle_response /usr/lib/python3.6/site-packages/glanceclient/common/http.py:125
2019-10-29 00:03:24.236 727 DEBUG glanceclient.common.http [-] Request returned failure status 404. _handle_response /usr/lib/python3.6/site-packages/glanceclient/common/http.py:125
2019-10-29 00:03:24.238 727 DEBUG glanceclient.common.http [-] Request returned failure status 404. _handle_response /usr/lib/python3.6/site-packages/glanceclient/common/http.py:125
2019-10-29 00:03:24.313 727 DEBUG glanceclient.common.http [-] Request returned failure status 404. _handle_response /usr/lib/python3.6/site-packages/glanceclient/common/http.py:125
2019-10-29 00:03:24.329 727 DEBUG glanceclient.common.http [-] Request returned failure status 404. _handle_response /usr/lib/python3.6/site-packages/glanceclient/common/http.py:125
2019-10-29 00:03:25.333 727 INFO rally.task.context [-] Task 1a29150a-d69b-4725-b80b-853984d28fae | Context cleanup@openstack cleanup() finished in 17.91 sec
2019-10-29 00:03:25.333 727 INFO rally.task.context [-] Task 1a29150a-d69b-4725-b80b-853984d28fae | Context quotas@openstack cleanup() started
2019-10-29 00:03:25.395 727 INFO rally.task.context [-] Task 1a29150a-d69b-4725-b80b-853984d28fae | Context quotas@openstack cleanup() finished in 62.01 msec
2019-10-29 00:03:25.396 727 INFO rally.task.context [-] Task 1a29150a-d69b-4725-b80b-853984d28fae | Context users@openstack cleanup() started
2019-10-29 00:03:29.323 727 INFO rally.task.context [-] Task 1a29150a-d69b-4725-b80b-853984d28fae | Context users@openstack cleanup() finished in 3.93 sec
2019-10-29 00:03:30.452 727 INFO rally.task.engine [-] Load duration is: 51.73916
2019-10-29 00:03:30.453 727 INFO rally.task.engine [-] Full runner duration is: 53.481566
2019-10-29 00:03:30.453 727 INFO rally.task.engine [-] Full duration is: 79.307968
2019-10-29 00:03:31.159 727 INFO rally.task.engine [-] Running workload: position = 0 config = { "version": 2, "title": "A cropped version of a bigger task.", "description": "Auto-generated task from a single workload (uuid=1e8f882f-92ea-46e6-b109-f831d2fba38f)", "subtasks": [ { "title": "GlanceImages.create_and_deactivate_image", "description": "Create an image, then deactivate it.", "scenario": { "GlanceImages.create_and_deactivate_image": { "container_format": "bare", "disk_format": "qcow2", "image_location": "/home/opnfv/functest/images/cirros-0.4.0-x86_64-disk.img" } }, "contexts": { "users": { "tenants": 3, "users_per_tenant": 2 } }, "runner": { "constant": { "concurrency": 4, "times": 10 } }, "hooks": [], "sla": { "failure_rate": { "max": 0 } } } ] }
2019-10-29 00:03:31.185 727 RALLYDEBUG rally_openstack.contexts.keystone.users [-] Creating 3 tenants using 20 threads
2019-10-29 00:03:32.250 727 RALLYDEBUG rally_openstack.contexts.keystone.users [-] Creating 6 users using 20 threads
2019-10-29 00:03:33.838 727 INFO rally.task.context [-] Task 1a29150a-d69b-4725-b80b-853984d28fae | Context users@openstack setup() finished in 2.65 sec
2019-10-29 00:03:33.839 727 INFO rally.task.context [-] Task 1a29150a-d69b-4725-b80b-853984d28fae | Context cleanup@openstack setup() finished in 0.02 msec
2019-10-29 00:03:33.848 727 RALLYDEBUG rally.task.runner [-] Starting the constant runner (task UUID: 1a29150a-d69b-4725-b80b-853984d28fae). times: 10 concurrency: 4 timeout: 0 max_cpu_used: 16 processes_to_start: 4 concurrency_per_worker: 1 concurrency_overhead: 0
2019-10-29 00:03:33.861 1387 RALLYDEBUG rally.task.runner [-] Starting a worker. times: 10 duration: None concurrency: 1 timeout: 0 cls: method_name: run args: {"container_format": "bare", "disk_format": "qcow2", "image_location": "/home/opnfv/functest/images/cirros-0.4.0-x86_64-disk.img"}
2019-10-29 00:03:33.864 1388 RALLYDEBUG rally.task.runner [-] Starting a worker. times: 10 duration: None concurrency: 1 timeout: 0 cls: method_name: run args: {"container_format": "bare", "disk_format": "qcow2", "image_location": "/home/opnfv/functest/images/cirros-0.4.0-x86_64-disk.img"}
2019-10-29 00:03:33.868 1387 INFO rally.task.runner [-] Task 1a29150a-d69b-4725-b80b-853984d28fae | ITER: 1 START
2019-10-29 00:03:33.868 1389 RALLYDEBUG rally.task.runner [-] Starting a worker. times: 10 duration: None concurrency: 1 timeout: 0 cls: method_name: run args: {"container_format": "bare", "disk_format": "qcow2", "image_location": "/home/opnfv/functest/images/cirros-0.4.0-x86_64-disk.img"}
2019-10-29 00:03:33.871 1388 INFO rally.task.runner [-] Task 1a29150a-d69b-4725-b80b-853984d28fae | ITER: 2 START
2019-10-29 00:03:33.871 1390 RALLYDEBUG rally.task.runner [-] Starting a worker. times: 10 duration: None concurrency: 1 timeout: 0 cls: method_name: run args: {"container_format": "bare", "disk_format": "qcow2", "image_location": "/home/opnfv/functest/images/cirros-0.4.0-x86_64-disk.img"}
2019-10-29 00:03:33.875 1389 INFO rally.task.runner [-] Task 1a29150a-d69b-4725-b80b-853984d28fae | ITER: 3 START
2019-10-29 00:03:33.878 1390 INFO rally.task.runner [-] Task 1a29150a-d69b-4725-b80b-853984d28fae | ITER: 4 START
2019-10-29 00:03:36.810 1389 RALLYDEBUG rally.task.utils [-] Waiting for resource '7dd3bbb2-c540-4e20-bf86-81feed524d86'. Status changed: NONE => QUEUED in 0.04587912559509277
2019-10-29 00:03:36.811 1390 RALLYDEBUG rally.task.utils [-] Waiting for resource '5b70f155-4ec9-4f44-be7c-1f56ef032036'. Status changed: NONE => QUEUED in 0.043512821197509766
2019-10-29 00:03:36.835 1388 RALLYDEBUG rally.task.utils [-] Waiting for resource '31a4e548-db4e-470b-ad6c-8f9c2ccb5843'. Status changed: NONE => QUEUED in 0.0383148193359375
2019-10-29 00:03:36.838 1387 RALLYDEBUG rally.task.utils [-] Waiting for resource '4fb92f49-8557-499e-8872-eb9d544c11a9'. Status changed: NONE => QUEUED in 0.04111981391906738
2019-10-29 00:03:37.034 1389 RALLYDEBUG rally.task.utils [-] Waiting for resource s_rally_1e8f882f_M4OFhqRs. Status changed: QUEUED => ACTIVE in 0.02202010154724121
2019-10-29 00:03:37.037 1390 RALLYDEBUG rally.task.utils [-] Waiting for resource s_rally_1e8f882f_mfnPpxLr. Status changed: QUEUED => ACTIVE in 0.019791841506958008
2019-10-29 00:03:37.052 1387 RALLYDEBUG rally.task.utils [-] Waiting for resource s_rally_1e8f882f_kE5EdesP. Status changed: QUEUED => ACTIVE in 0.018608808517456055
2019-10-29 00:03:37.097 1390 INFO rally.task.runner [-] Task 1a29150a-d69b-4725-b80b-853984d28fae | ITER: 4 END: OK
2019-10-29 00:03:37.098 1389 INFO rally.task.runner [-] Task 1a29150a-d69b-4725-b80b-853984d28fae | ITER: 3 END: OK
2019-10-29 00:03:37.102 1390 INFO rally.task.runner [-] Task 1a29150a-d69b-4725-b80b-853984d28fae | ITER: 5 START
2019-10-29 00:03:37.102 1389 INFO rally.task.runner [-] Task 1a29150a-d69b-4725-b80b-853984d28fae | ITER: 6 START
2019-10-29 00:03:37.119 1387 INFO rally.task.runner [-] Task 1a29150a-d69b-4725-b80b-853984d28fae | ITER: 1 END: OK
2019-10-29 00:03:37.124 1387 INFO rally.task.runner [-] Task 1a29150a-d69b-4725-b80b-853984d28fae | ITER: 7 START
2019-10-29 00:03:37.130 1388 RALLYDEBUG rally.task.utils [-] Waiting for resource s_rally_1e8f882f_YCl1dUyB. Status changed: QUEUED => ACTIVE in 0.020250797271728516
2019-10-29 00:03:37.185 1388 INFO rally.task.runner [-] Task 1a29150a-d69b-4725-b80b-853984d28fae | ITER: 2 END: OK
2019-10-29 00:03:37.189 1388 INFO rally.task.runner [-] Task 1a29150a-d69b-4725-b80b-853984d28fae | ITER: 8 START
2019-10-29 00:03:39.906 1390 RALLYDEBUG rally.task.utils [-] Waiting for resource 'bc8a856f-1cc3-40fa-8b0c-3ece292a96c9'. Status changed: NONE => QUEUED in 0.03845047950744629
2019-10-29 00:03:39.977 1388 RALLYDEBUG rally.task.utils [-] Waiting for resource 'a76b908a-4776-44a8-8ba8-70f5a10e3ba2'. Status changed: NONE => QUEUED in 0.03432869911193848
2019-10-29 00:03:39.984 1389 RALLYDEBUG rally.task.utils [-] Waiting for resource '92672042-76f2-4605-a4bb-015ef556e080'. Status changed: NONE => QUEUED in 0.037604570388793945
2019-10-29 00:03:40.006 1387 RALLYDEBUG rally.task.utils [-] Waiting for resource 'f836c963-d476-409c-90df-f7fb40d80c1f'. Status changed: NONE => QUEUED in 0.04548335075378418
2019-10-29 00:03:40.172 1390 RALLYDEBUG rally.task.utils [-] Waiting for resource s_rally_1e8f882f_olE4nO9z. Status changed: QUEUED => ACTIVE in 0.030602693557739258
2019-10-29 00:03:40.228 1389 RALLYDEBUG rally.task.utils [-] Waiting for resource s_rally_1e8f882f_9gZL3bQU. Status changed: QUEUED => ACTIVE in 0.01897573471069336
2019-10-29 00:03:40.248 1390 INFO rally.task.runner [-] Task 1a29150a-d69b-4725-b80b-853984d28fae | ITER: 5 END: OK
2019-10-29 00:03:40.252 1390 INFO rally.task.runner [-] Task 1a29150a-d69b-4725-b80b-853984d28fae | ITER: 9 START
