2019-10-29 00:04:49.930 727 DEBUG glanceclient.common.http [-] Request returned failure status 404. _handle_response /usr/lib/python3.6/site-packages/glanceclient/common/http.py:125
2019-10-29 00:04:49.932 727 DEBUG glanceclient.common.http [-] Request returned failure status 404. _handle_response /usr/lib/python3.6/site-packages/glanceclient/common/http.py:125
2019-10-29 00:04:49.933 727 DEBUG glanceclient.common.http [-] Request returned failure status 404. _handle_response /usr/lib/python3.6/site-packages/glanceclient/common/http.py:125
2019-10-29 00:04:49.934 727 DEBUG glanceclient.common.http [-] Request returned failure status 404. _handle_response /usr/lib/python3.6/site-packages/glanceclient/common/http.py:125
2019-10-29 00:04:49.947 727 DEBUG glanceclient.common.http [-] Request returned failure status 404. _handle_response /usr/lib/python3.6/site-packages/glanceclient/common/http.py:125
2019-10-29 00:04:49.948 727 DEBUG glanceclient.common.http [-] Request returned failure status 404. _handle_response /usr/lib/python3.6/site-packages/glanceclient/common/http.py:125
2019-10-29 00:04:49.949 727 DEBUG glanceclient.common.http [-] Request returned failure status 404. _handle_response /usr/lib/python3.6/site-packages/glanceclient/common/http.py:125
2019-10-29 00:04:49.955 727 DEBUG glanceclient.common.http [-] Request returned failure status 404. _handle_response /usr/lib/python3.6/site-packages/glanceclient/common/http.py:125
2019-10-29 00:04:49.965 727 DEBUG glanceclient.common.http [-] Request returned failure status 404. _handle_response /usr/lib/python3.6/site-packages/glanceclient/common/http.py:125
2019-10-29 00:04:50.968 727 INFO rally.task.context [-] Task 1a29150a-d69b-4725-b80b-853984d28fae | Context cleanup@openstack cleanup() finished in 3.13 sec
2019-10-29 00:04:50.969 727 INFO rally.task.context [-] Task 1a29150a-d69b-4725-b80b-853984d28fae | Context users@openstack cleanup() started
2019-10-29 00:04:55.523 727 INFO rally.task.context [-] Task 1a29150a-d69b-4725-b80b-853984d28fae | Context users@openstack cleanup() finished in 4.55 sec
2019-10-29 00:04:55.613 727 INFO rally.task.engine [-] Load duration is: 8.939558
2019-10-29 00:04:55.614 727 INFO rally.task.engine [-] Full runner duration is: 9.673761
2019-10-29 00:04:55.614 727 INFO rally.task.engine [-] Full duration is: 20.057276
2019-10-29 00:04:56.152 727 INFO rally.task.engine [-] Task 1a29150a-d69b-4725-b80b-853984d28fae | Completed: Running task.
2019-10-29 00:04:57.688 1841 RALLYDEBUG rally.api [-] INFO logs from urllib3 and requests module are hide.
2019-10-29 00:04:57.688 1841 RALLYDEBUG rally.api [-] urllib3 insecure warnings are hidden.
2019-10-29 00:04:57.689 1841 RALLYDEBUG rally.api [-] ERROR log from boto module is hide.
2019-10-29 00:04:58.897 1842 RALLYDEBUG rally.api [-] INFO logs from urllib3 and requests module are hide.
2019-10-29 00:04:58.897 1842 RALLYDEBUG rally.api [-] urllib3 insecure warnings are hidden.
2019-10-29 00:04:58.898 1842 RALLYDEBUG rally.api [-] ERROR log from boto module is hide.
2019-10-29 00:05:00.187 1843 RALLYDEBUG rally.api [-] INFO logs from urllib3 and requests module are hide.
2019-10-29 00:05:00.187 1843 RALLYDEBUG rally.api [-] urllib3 insecure warnings are hidden.
2019-10-29 00:05:00.187 1843 RALLYDEBUG rally.api [-] ERROR log from boto module is hide.
2019-10-29 00:05:01.857 1843 INFO rally.api [-] Building 'json' report for the following task(s): '1a29150a-d69b-4725-b80b-853984d28fae'.
2019-10-29 00:05:01.875 1843 INFO rally.api [-] The report has been successfully built.
2019-10-29 00:05:03.272 1845 RALLYDEBUG rally.api [-] INFO logs from urllib3 and requests module are hide.
2019-10-29 00:05:03.273 1845 RALLYDEBUG rally.api [-] urllib3 insecure warnings are hidden.
2019-10-29 00:05:03.273 1845 RALLYDEBUG rally.api [-] ERROR log from boto module is hide.
2019-10-29 00:05:05.378 1845 INFO rally.task.engine [-] Task b00f7ca6-c9e2-4a16-bd7b-5f016dcebeb6 | Starting: Task validation.
2019-10-29 00:05:05.467 1845 INFO rally.task.engine [-] Task b00f7ca6-c9e2-4a16-bd7b-5f016dcebeb6 | Starting: Task validation of syntax.
2019-10-29 00:05:05.825 1845 INFO rally.task.engine [-] Task b00f7ca6-c9e2-4a16-bd7b-5f016dcebeb6 | Completed: Task validation of syntax.
2019-10-29 00:05:05.827 1845 INFO rally.task.engine [-] Task b00f7ca6-c9e2-4a16-bd7b-5f016dcebeb6 | Starting: Task validation of required platforms.
2019-10-29 00:05:05.960 1845 INFO rally.task.engine [-] Task b00f7ca6-c9e2-4a16-bd7b-5f016dcebeb6 | Completed: Task validation of required platforms.
2019-10-29 00:05:05.960 1845 INFO rally.task.engine [-] Task b00f7ca6-c9e2-4a16-bd7b-5f016dcebeb6 | Starting: Task validation of semantic.
2019-10-29 00:05:05.961 1845 INFO rally.task.engine [-] Check health of the environment 'fd54644d-cf90-477f-9184-e98e06bc8d2e'.
2019-10-29 00:05:06.937 1845 INFO rally.task.engine [-] Platform existing@openstack (available: True): OK!
2019-10-29 00:05:06.957 1845 RALLYDEBUG rally_openstack.contexts.keystone.users [-] Creating 1 tenants using 20 threads
2019-10-29 00:05:07.815 1845 RALLYDEBUG rally_openstack.contexts.keystone.users [-] Creating 1 users using 20 threads
2019-10-29 00:05:09.239 1845 INFO rally.task.context [-] Task b00f7ca6-c9e2-4a16-bd7b-5f016dcebeb6 | Context users@openstack setup() finished in 2.28 sec
2019-10-29 00:05:22.656 1845 INFO rally.task.context [-] Task b00f7ca6-c9e2-4a16-bd7b-5f016dcebeb6 | Context users@openstack cleanup() started
2019-10-29 00:05:25.458 1845 INFO rally.task.context [-] Task b00f7ca6-c9e2-4a16-bd7b-5f016dcebeb6 | Context users@openstack cleanup() finished in 2.80 sec
2019-10-29 00:05:25.458 1845 INFO rally.task.engine [-] Task b00f7ca6-c9e2-4a16-bd7b-5f016dcebeb6 | Completed: Task validation of semantic.
2019-10-29 00:05:25.459 1845 INFO rally.task.engine [-] Task b00f7ca6-c9e2-4a16-bd7b-5f016dcebeb6 | Completed: Task validation.
2019-10-29 00:05:25.459 1845 INFO rally.api [-] Task b00f7ca6-c9e2-4a16-bd7b-5f016dcebeb6 input file is valid.
2019-10-29 00:05:25.459 1845 INFO rally.api [-] Run Task b00f7ca6-c9e2-4a16-bd7b-5f016dcebeb6 against Deployment fd54644d-cf90-477f-9184-e98e06bc8d2e
2019-10-29 00:05:25.460 1845 INFO rally.task.engine [-] Task b00f7ca6-c9e2-4a16-bd7b-5f016dcebeb6 | Starting: Running task.
2019-10-29 00:05:25.738 1845 INFO rally.task.engine [-] Running workload: position = 0 config = { "version": 2, "title": "A cropped version of a bigger task.", "description": "Auto-generated task from a single workload (uuid=9e85878e-851c-4104-9781-93d8f854f13c)", "subtasks": [ { "title": "CinderVolumes.create_and_attach_volume", "description": "Create a VM and attach a volume to it.", "scenario": { "CinderVolumes.create_and_attach_volume": { "flavor": { "name": "rally_full-flavor_b1bdd5ff-a94b-4b0b-abed-4a39b4cd7a4c" }, "image": { "name": "rally_full-img_b1bdd5ff-a94b-4b0b-abed-4a39b4cd7a4c" }, "size": 1, "nics": [ { "net-id": "1a84dcc6-e694-4461-af1d-1b42ba763d82" } ] } }, "contexts": { "users": { "tenants": 3, "users_per_tenant": 2 }, "quotas": { "cinder": { "gigabytes": -1, "snapshots": -1, "volumes": -1 } }, "api_versions": { "cinder": { "version": 3, "service_type": "volumev3" } } }, "runner": { "constant": { "concurrency": 4, "times": 10 } }, "hooks": [], "sla": { "failure_rate": { "max": 0 } } } ] }
2019-10-29 00:05:25.762 1845 RALLYDEBUG rally_openstack.contexts.keystone.users [-] Creating 3 tenants using 20 threads
2019-10-29 00:05:26.710 1845 RALLYDEBUG rally_openstack.contexts.keystone.users [-] Creating 6 users using 20 threads
2019-10-29 00:05:28.250 1845 INFO rally.task.context [-] Task b00f7ca6-c9e2-4a16-bd7b-5f016dcebeb6 | Context users@openstack setup() finished in 2.49 sec
2019-10-29 00:05:28.671 1845 INFO rally.task.context [-] Task b00f7ca6-c9e2-4a16-bd7b-5f016dcebeb6 | Context api_versions@openstack setup() finished in 0.42 sec
2019-10-29 00:05:29.606 1845 INFO rally.task.context [-] Task b00f7ca6-c9e2-4a16-bd7b-5f016dcebeb6 | Context quotas@openstack setup() finished in 0.93 sec
2019-10-29 00:05:29.607 1845 INFO rally.task.context [-] Task b00f7ca6-c9e2-4a16-bd7b-5f016dcebeb6 | Context cleanup@openstack setup() finished in 0.03 msec
2019-10-29 00:05:30.605 1845 RALLYDEBUG rally.task.runner [-] Starting the constant runner (task UUID: b00f7ca6-c9e2-4a16-bd7b-5f016dcebeb6). times: 10 concurrency: 4 timeout: 0 max_cpu_used: 16 processes_to_start: 4 concurrency_per_worker: 1 concurrency_overhead: 0
2019-10-29 00:05:30.620 1969 RALLYDEBUG rally.task.runner [-] Starting a worker. times: 10 duration: None concurrency: 1 timeout: 0 cls: method_name: run args: {"flavor": "2b968296-870b-41ac-8f70-620d226e1dc6", "image": "ea3ac222-ed8c-4767-bd2c-fae77a59be81", "size": 1, "nics": [{"net-id": "1a84dcc6-e694-4461-af1d-1b42ba763d82"}]}
2019-10-29 00:05:30.623 1970 RALLYDEBUG rally.task.runner [-] Starting a worker. times: 10 duration: None concurrency: 1 timeout: 0 cls: method_name: run args: {"flavor": "2b968296-870b-41ac-8f70-620d226e1dc6", "image": "ea3ac222-ed8c-4767-bd2c-fae77a59be81", "size": 1, "nics": [{"net-id": "1a84dcc6-e694-4461-af1d-1b42ba763d82"}]}
2019-10-29 00:05:30.626 1969 INFO rally.task.runner [-] Task b00f7ca6-c9e2-4a16-bd7b-5f016dcebeb6 | ITER: 1 START
2019-10-29 00:05:30.627 1971 RALLYDEBUG rally.task.runner [-] Starting a worker. times: 10 duration: None concurrency: 1 timeout: 0 cls: method_name: run args: {"flavor": "2b968296-870b-41ac-8f70-620d226e1dc6", "image": "ea3ac222-ed8c-4767-bd2c-fae77a59be81", "size": 1, "nics": [{"net-id": "1a84dcc6-e694-4461-af1d-1b42ba763d82"}]}
2019-10-29 00:05:30.630 1970 INFO rally.task.runner [-] Task b00f7ca6-c9e2-4a16-bd7b-5f016dcebeb6 | ITER: 2 START
2019-10-29 00:05:30.630 1973 RALLYDEBUG rally.task.runner [-] Starting a worker. times: 10 duration: None concurrency: 1 timeout: 0 cls: method_name: run args: {"flavor": "2b968296-870b-41ac-8f70-620d226e1dc6", "image": "ea3ac222-ed8c-4767-bd2c-fae77a59be81", "size": 1, "nics": [{"net-id": "1a84dcc6-e694-4461-af1d-1b42ba763d82"}]}
2019-10-29 00:05:30.633 1971 INFO rally.task.runner [-] Task b00f7ca6-c9e2-4a16-bd7b-5f016dcebeb6 | ITER: 3 START
2019-10-29 00:05:30.636 1973 INFO rally.task.runner [-] Task b00f7ca6-c9e2-4a16-bd7b-5f016dcebeb6 | ITER: 4 START
2019-10-29 00:05:37.538 1970 RALLYDEBUG rally.task.utils [-] Waiting for resource s_rally_9e85878e_RHlbP4Or. Status changed: BUILD => ACTIVE in 4.567076683044434
2019-10-29 00:05:37.546 1971 RALLYDEBUG rally.task.utils [-] Waiting for resource s_rally_9e85878e_9bYywIVs. Status changed: BUILD => ACTIVE in 4.505287408828735
2019-10-29 00:05:39.822 1973 RALLYDEBUG rally.task.utils [-] Waiting for resource s_rally_9e85878e_1s6ZyTfX. Status changed: BUILD => ACTIVE in 6.919090032577515
2019-10-29 00:05:40.073 1969 RALLYDEBUG rally.task.utils [-] Waiting for resource s_rally_9e85878e_wpxV08bc. Status changed: BUILD => ACTIVE in 6.744529962539673
2019-10-29 00:05:40.592 1971 RALLYDEBUG rally.task.utils [-] Waiting for resource s_rally_9e85878e_mRDhxR9j. Status changed: AVAILABLE => RESERVED in 0.40308046340942383
2019-10-29 00:05:40.903 1970 RALLYDEBUG rally.task.utils [-] Waiting for resource s_rally_9e85878e_AsIoYcZs. Status changed: AVAILABLE => ATTACHING in 0.7441973686218262
2019-10-29 00:05:43.008 1971 RALLYDEBUG rally.task.utils [-] Waiting for resource s_rally_9e85878e_mRDhxR9j. Status changed: RESERVED => ATTACHING in 2.415518283843994
2019-10-29 00:05:43.032 1973 RALLYDEBUG rally.task.utils [-] Waiting for resource s_rally_9e85878e_STYaf33a. Status changed: AVAILABLE => RESERVED in 0.4133632183074951
2019-10-29 00:05:43.452 1969 RALLYDEBUG rally.task.utils [-] Waiting for resource s_rally_9e85878e_R03w9whj. Status changed: AVAILABLE => RESERVED in 0.4169740676879883
2019-10-29 00:05:43.600 1970 RALLYDEBUG rally.task.utils [-] Waiting for resource s_rally_9e85878e_AsIoYcZs. Status changed: ATTACHING => IN-USE in 2.696787118911743
2019-10-29 00:05:44.178 1970 RALLYDEBUG rally.task.utils [-] Waiting for resource s_rally_9e85878e_AsIoYcZs. Status changed: AVAILABLE => DETACHING in 0.4113328456878662
2019-10-29 00:05:45.426 1971 RALLYDEBUG rally.task.utils [-] Waiting for resource s_rally_9e85878e_mRDhxR9j. Status changed: ATTACHING => IN-USE in 2.418382406234741
2019-10-29 00:05:45.444 1973 RALLYDEBUG rally.task.utils [-] Waiting for resource s_rally_9e85878e_STYaf33a. Status changed: RESERVED => IN-USE in 2.4114065170288086
2019-10-29 00:05:45.885 1969 RALLYDEBUG rally.task.utils [-] Waiting for resource s_rally_9e85878e_R03w9whj. Status changed: RESERVED => IN-USE in 2.4328393936157227
2019-10-29 00:05:45.994 1971 RALLYDEBUG rally.task.utils [-] Waiting for resource s_rally_9e85878e_mRDhxR9j. Status changed: AVAILABLE => DETACHING in 0.4066810607910156
2019-10-29 00:05:46.157 1973 RALLYDEBUG rally.task.utils [-] Waiting for resource s_rally_9e85878e_STYaf33a. Status changed: AVAILABLE => DETACHING in 0.41107726097106934
2019-10-29 00:05:46.496 1969 RALLYDEBUG rally.task.utils [-] Waiting for resource s_rally_9e85878e_R03w9whj. Status changed: AVAILABLE => DETACHING in 0.40745043754577637
2019-10-29 00:05:46.876 1970 RALLYDEBUG rally.task.utils [-] Waiting for resource s_rally_9e85878e_AsIoYcZs. Status changed: DETACHING => AVAILABLE in 2.697749376296997
2019-10-29 00:05:46.989 1970 RALLYDEBUG rally.task.utils [-] Waiting for resource s_rally_9e85878e_AsIoYcZs. Status changed: AVAILABLE => DELETING in 0.054495811462402344
2019-10-29 00:05:48.433 1971 RALLYDEBUG rally.task.utils [-] Waiting for resource s_rally_9e85878e_mRDhxR9j. Status changed: DETACHING => AVAILABLE in 2.438781976699829
2019-10-29 00:05:48.561 1973 RALLYDEBUG rally.task.utils [-] Waiting for resource s_rally_9e85878e_STYaf33a. Status changed: DETACHING => AVAILABLE in 2.4039011001586914
2019-10-29 00:05:48.566 1971 RALLYDEBUG rally.task.utils [-] Waiting for resource s_rally_9e85878e_mRDhxR9j. Status changed: AVAILABLE => DELETING in 0.06334757804870605
2019-10-29 00:05:48.676 1973 RALLYDEBUG rally.task.utils [-] Waiting for resource s_rally_9e85878e_STYaf33a. Status changed: AVAILABLE => DELETING in 0.052744388580322266
2019-10-29 00:05:48.907 1969 RALLYDEBUG rally.task.utils [-] Waiting for resource s_rally_9e85878e_R03w9whj. Status changed: DETACHING => AVAILABLE in 2.4109439849853516
2019-10-29 00:05:49.044 1969 RALLYDEBUG rally.task.utils [-] Waiting for resource s_rally_9e85878e_R03w9whj. Status changed: AVAILABLE => DELETING in 0.06523561477661133
2019-10-29 00:05:51.462 1970 INFO rally.task.runner [-] Task b00f7ca6-c9e2-4a16-bd7b-5f016dcebeb6 | ITER: 2 END: OK
2019-10-29 00:05:51.471 1970 INFO rally.task.runner [-] Task b00f7ca6-c9e2-4a16-bd7b-5f016dcebeb6 | ITER: 5 START
2019-10-29 00:05:53.105 1971 INFO rally.task.runner [-] Task b00f7ca6-c9e2-4a16-bd7b-5f016dcebeb6 | ITER: 3 END: OK
2019-10-29 00:05:53.112 1971 INFO rally.task.runner [-] Task b00f7ca6-c9e2-4a16-bd7b-5f016dcebeb6 | ITER: 6 START
2019-10-29 00:05:53.132 1973 INFO rally.task.runner [-] Task b00f7ca6-c9e2-4a16-bd7b-5f016dcebeb6 | ITER: 4 END: OK
2019-10-29 00:05:53.140 1973 INFO rally.task.runner [-] Task b00f7ca6-c9e2-4a16-bd7b-5f016dcebeb6 | ITER: 7 START
2019-10-29 00:05:53.458 1969 INFO rally.task.runner [-] Task b00f7ca6-c9e2-4a16-bd7b-5f016dcebeb6 | ITER: 1 END: OK
2019-10-29 00:05:53.465 1969 INFO rally.task.runner [-] Task b00f7ca6-c9e2-4a16-bd7b-5f016dcebeb6 | ITER: 8 START
2019-10-29 00:05:58.530 1970 RALLYDEBUG rally.task.utils [-] Waiting for resource s_rally_9e85878e_a2DYVz58. Status changed: BUILD => ACTIVE in 4.619401216506958
2019-10-29 00:06:00.406 1969 RALLYDEBUG rally.task.utils [-] Waiting for resource s_rally_9e85878e_tEupGowa. Status changed: BUILD => ACTIVE in 4.682009220123291
2019-10-29 00:06:01.659 1970 RALLYDEBUG rally.task.utils [-] Waiting for resource s_rally_9e85878e_4GEsGKTG. Status changed: AVAILABLE => RESERVED in 0.40899014472961426
2019-10-29 00:06:02.269 1971 RALLYDEBUG rally.task.utils [-] Waiting for resource s_rally_9e85878e_HYcw26Sr. Status changed: BUILD => ACTIVE in 6.9978320598602295
2019-10-29 00:06:02.346 1973 RALLYDEBUG rally.task.utils [-] Waiting for resource s_rally_9e85878e_eIqTtiZI. Status changed: BUILD => ACTIVE in 6.729115009307861
2019-10-29 00:06:03.422 1969 RALLYDEBUG rally.task.utils [-] Waiting for resource s_rally_9e85878e_J04uiJ8p. Status changed: AVAILABLE => RESERVED in 0.4218735694885254
2019-10-29 00:06:04.060 1970 RALLYDEBUG rally.task.utils [-] Waiting for resource s_rally_9e85878e_4GEsGKTG. Status changed: RESERVED => IN-USE in 2.40085506439209
2019-10-29 00:06:04.687 1970 RALLYDEBUG rally.task.utils [-] Waiting for resource s_rally_9e85878e_4GEsGKTG. Status changed: AVAILABLE => DETACHING in 0.4161672592163086
2019-10-29 00:06:05.404 1971 RALLYDEBUG rally.task.utils [-] Waiting for resource s_rally_9e85878e_veT31m23. Status changed: AVAILABLE => RESERVED in 0.5312042236328125
2019-10-29 00:06:05.580 1973 RALLYDEBUG rally.task.utils [-] Waiting for resource s_rally_9e85878e_SG4HvqOu. Status changed: AVAILABLE => RESERVED in 0.41347837448120117
2019-10-29 00:06:05.843 1969 RALLYDEBUG rally.task.utils [-] Waiting for resource s_rally_9e85878e_J04uiJ8p. Status changed: RESERVED => IN-USE in 2.420938014984131
2019-10-29 00:06:06.556 1969 RALLYDEBUG rally.task.utils [-] Waiting for resource s_rally_9e85878e_J04uiJ8p. Status changed: AVAILABLE => DETACHING in 0.41283369064331055
2019-10-29 00:06:07.083 1970 RALLYDEBUG rally.task.utils [-] Waiting for resource s_rally_9e85878e_4GEsGKTG. Status changed: DETACHING => AVAILABLE in 2.396181106567383
2019-10-29 00:06:07.196 1970 RALLYDEBUG rally.task.utils [-] Waiting for resource s_rally_9e85878e_4GEsGKTG. Status changed: AVAILABLE => DELETING in 0.05712723731994629
2019-10-29 00:06:07.816 1971 RALLYDEBUG rally.task.utils [-] Waiting for resource s_rally_9e85878e_veT31m23. Status changed: RESERVED => IN-USE in 2.4118471145629883
2019-10-29 00:06:08.006 1973 RALLYDEBUG rally.task.utils [-] Waiting for resource s_rally_9e85878e_SG4HvqOu. Status changed: RESERVED => IN-USE in 2.426438093185425
2019-10-29 00:06:08.370 1971 RALLYDEBUG rally.task.utils [-] Waiting for resource s_rally_9e85878e_veT31m23. Status changed: AVAILABLE => DETACHING in 0.40424323081970215
2019-10-29 00:06:08.948 1973 RALLYDEBUG rally.task.utils [-] Waiting for resource s_rally_9e85878e_SG4HvqOu. Status changed: AVAILABLE => DELETING in 0.056052207946777344
2019-10-29 00:06:08.973 1969 RALLYDEBUG rally.task.utils [-] Waiting for resource s_rally_9e85878e_J04uiJ8p. Status changed: DETACHING => AVAILABLE in 2.41766619682312
2019-10-29 00:06:09.088 1969 RALLYDEBUG rally.task.utils [-] Waiting for resource s_rally_9e85878e_J04uiJ8p. Status changed: AVAILABLE => DELETING in 0.054125308990478516
2019-10-29 00:06:10.997 1971 RALLYDEBUG rally.task.utils [-] Waiting for resource s_rally_9e85878e_veT31m23. Status changed: DETACHING => AVAILABLE in 2.6260550022125244
2019-10-29 00:06:11.127 1971 RALLYDEBUG rally.task.utils [-] Waiting for resource s_rally_9e85878e_veT31m23. Status changed: AVAILABLE => DELETING in 0.05829048156738281
2019-10-29 00:06:11.912 1970 INFO rally.task.runner [-] Task b00f7ca6-c9e2-4a16-bd7b-5f016dcebeb6 | ITER: 5 END: OK
2019-10-29 00:06:11.917 1970 INFO rally.task.runner [-] Task b00f7ca6-c9e2-4a16-bd7b-5f016dcebeb6 | ITER: 9 START
2019-10-29 00:06:13.369 1973 INFO rally.task.runner [-] Task b00f7ca6-c9e2-4a16-bd7b-5f016dcebeb6 | ITER: 7 END: OK
2019-10-29 00:06:13.373 1973 INFO rally.task.runner [-] Task b00f7ca6-c9e2-4a16-bd7b-5f016dcebeb6 | ITER: 10 START
2019-10-29 00:06:13.486 1969 INFO rally.task.runner [-] Task b00f7ca6-c9e2-4a16-bd7b-5f016dcebeb6 | ITER: 8 END: OK
2019-10-29 00:06:15.520 1971 INFO rally.task.runner [-] Task b00f7ca6-c9e2-4a16-bd7b-5f016dcebeb6 | ITER: 6 END: OK
2019-10-29 00:06:21.085 1973 RALLYDEBUG rally.task.utils [-] Waiting for resource s_rally_9e85878e_nA4uxHWn. Status changed: BUILD => ACTIVE in 5.073366403579712
2019-10-29 00:06:21.109 1970 RALLYDEBUG rally.task.utils [-] Waiting for resource s_rally_9e85878e_vX2vGuZP. Status changed: BUILD => ACTIVE in 6.764650106430054
2019-10-29 00:06:24.115 1970 RALLYDEBUG rally.task.utils [-] Waiting for resource s_rally_9e85878e_EriITnpQ. Status changed: AVAILABLE => RESERVED in 0.4167947769165039
2019-10-29 00:06:24.299 1973 RALLYDEBUG rally.task.utils [-] Waiting for resource s_rally_9e85878e_1pS1db7R. Status changed: AVAILABLE => RESERVED in 0.5874247550964355
2019-10-29 00:06:26.572 1970 RALLYDEBUG rally.task.utils [-] Waiting for resource s_rally_9e85878e_EriITnpQ. Status changed: RESERVED => IN-USE in 2.4568986892700195
2019-10-29 00:06:26.733 1973 RALLYDEBUG rally.task.utils [-] Waiting for resource s_rally_9e85878e_1pS1db7R. Status changed: RESERVED => IN-USE in 2.4343924522399902
2019-10-29 00:06:27.152 1970 RALLYDEBUG rally.task.utils [-] Waiting for resource s_rally_9e85878e_EriITnpQ. Status changed: AVAILABLE => DETACHING in 0.4122779369354248
2019-10-29 00:06:27.423 1973 RALLYDEBUG rally.task.utils [-] Waiting for resource s_rally_9e85878e_1pS1db7R. Status changed: AVAILABLE => DETACHING in 0.5178604125976562
2019-10-29 00:06:29.588 1970 RALLYDEBUG rally.task.utils [-] Waiting for resource s_rally_9e85878e_EriITnpQ. Status changed: DETACHING => AVAILABLE in 2.435985803604126
2019-10-29 00:06:29.706 1970 RALLYDEBUG rally.task.utils [-] Waiting for resource s_rally_9e85878e_EriITnpQ. Status changed: AVAILABLE => DELETING in 0.05669212341308594
2019-10-29 00:06:29.851 1973 RALLYDEBUG rally.task.utils [-] Waiting for resource s_rally_9e85878e_1pS1db7R. Status changed: DETACHING => AVAILABLE in 2.4282565116882324
2019-10-29 00:06:29.972 1973 RALLYDEBUG rally.task.utils [-] Waiting for resource s_rally_9e85878e_1pS1db7R. Status changed: AVAILABLE => DELETING in 0.061055660247802734
2019-10-29 00:06:34.177 1970 INFO rally.task.runner [-] Task b00f7ca6-c9e2-4a16-bd7b-5f016dcebeb6 | ITER: 9 END: OK
2019-10-29 00:06:34.399 1973 INFO rally.task.runner [-] Task b00f7ca6-c9e2-4a16-bd7b-5f016dcebeb6 | ITER: 10 END: OK
2019-10-29 00:06:34.437 1845 INFO rally.task.context [-] Task b00f7ca6-c9e2-4a16-bd7b-5f016dcebeb6 | Context cleanup@openstack cleanup() started
2019-10-29 00:06:34.440 1845 RALLYDEBUG rally_openstack.cleanup.manager [-] Cleaning up nova servers objects
2019-10-29 00:06:36.002 1845 RALLYDEBUG rally_openstack.cleanup.manager [-] Cleaning up nova server_groups objects
2019-10-29 00:06:37.166 1845 RALLYDEBUG rally_openstack.cleanup.manager [-] Cleaning up nova keypairs objects
2019-10-29 00:06:39.485 1845 RALLYDEBUG rally_openstack.cleanup.manager [-] Cleaning up cinder backups objects
2019-10-29 00:06:40.669 1845 RALLYDEBUG rally_openstack.cleanup.manager [-] Cleaning up cinder volume_snapshots objects
2019-10-29 00:06:41.828 1845 RALLYDEBUG rally_openstack.cleanup.manager [-] Cleaning up cinder transfers objects
2019-10-29 00:06:42.992 1845 RALLYDEBUG rally_openstack.cleanup.manager [-] Cleaning up cinder volumes objects
2019-10-29 00:06:44.185 1845 INFO rally.task.context [-] Task b00f7ca6-c9e2-4a16-bd7b-5f016dcebeb6 | Context cleanup@openstack cleanup() finished in 9.75 sec
2019-10-29 00:06:44.186 1845 INFO rally.task.context [-] Task b00f7ca6-c9e2-4a16-bd7b-5f016dcebeb6 | Context quotas@openstack cleanup() started
2019-10-29 00:06:44.259 1845 INFO rally.task.context [-] Task b00f7ca6-c9e2-4a16-bd7b-5f016dcebeb6 | Context quotas@openstack cleanup() finished in 73.11 msec
2019-10-29 00:06:44.260 1845 INFO rally.task.context [-] Task b00f7ca6-c9e2-4a16-bd7b-5f016dcebeb6 | Context api_versions@openstack cleanup() started
2019-10-29 00:06:44.260 1845 INFO rally.task.context [-] Task b00f7ca6-c9e2-4a16-bd7b-5f016dcebeb6 | Context api_versions@openstack cleanup() finished in 0.32 msec
2019-10-29 00:06:44.260 1845 INFO rally.task.context [-] Task b00f7ca6-c9e2-4a16-bd7b-5f016dcebeb6 | Context users@openstack cleanup() started
2019-10-29 00:06:48.346 1845 INFO rally.task.context [-] Task b00f7ca6-c9e2-4a16-bd7b-5f016dcebeb6 | Context users@openstack cleanup() finished in 4.09 sec
2019-10-29 00:06:50.159 1845 INFO rally.task.engine [-] Load duration is: 62.767754
2019-10-29 00:06:50.160 1845 INFO rally.task.engine [-] Full runner duration is: 63.831713
2019-10-29 00:06:50.160 1845 INFO rally.task.engine [-] Full duration is: 82.58758
2019-10-29 00:06:50.860 1845 INFO rally.task.engine [-] Running workload: position = 0 config = { "version": 2, "title": "A cropped version of a bigger task.", "description": "Auto-generated task from a single workload (uuid=126a9328-1620-461b-ab5a-33ce6d2f0122)", "subtasks": [ { "title": "CinderVolumes.create_and_list_snapshots", "description": "Create and then list a volume-snapshot.", "scenario": { "CinderVolumes.create_and_list_snapshots": { "detailed": true, "force": false } }, "contexts": { "users": { "tenants": 3, "users_per_tenant": 2 }, "quotas": { "cinder": { "gigabytes": -1, "snapshots": -1, "volumes": -1 } }, "api_versions": { "cinder": { "version": 3, "service_type": "volumev3" } }, "volumes": { "size": 1, "volumes_per_tenant": 1 } }, "runner": { "constant": { "concurrency": 4, "times": 10 } }, "hooks": [], "sla": { "failure_rate": { "max": 0 } } } ] }
2019-10-29 00:06:50.888 1845 RALLYDEBUG rally_openstack.contexts.keystone.users [-] Creating 3 tenants using 20 threads
2019-10-29 00:06:51.929 1845 RALLYDEBUG rally_openstack.contexts.keystone.users [-] Creating 6 users using 20 threads
2019-10-29 00:06:53.412 1845 INFO rally.task.context [-] Task b00f7ca6-c9e2-4a16-bd7b-5f016dcebeb6 | Context users@openstack setup() finished in 2.52 sec
2019-10-29 00:06:53.830 1845 INFO rally.task.context [-] Task b00f7ca6-c9e2-4a16-bd7b-5f016dcebeb6 | Context api_versions@openstack setup() finished in 0.42 sec
2019-10-29 00:06:54.787 1845 INFO rally.task.context [-] Task b00f7ca6-c9e2-4a16-bd7b-5f016dcebeb6 | Context quotas@openstack setup() finished in 0.96 sec
2019-10-29 00:07:03.369 1845 INFO rally.task.context [-] Task b00f7ca6-c9e2-4a16-bd7b-5f016dcebeb6 | Context volumes@openstack setup() finished in 8.58 sec
2019-10-29 00:07:03.370 1845 INFO rally.task.context [-] Task b00f7ca6-c9e2-4a16-bd7b-5f016dcebeb6 | Context cleanup@openstack setup() finished in 0.02 msec
2019-10-29 00:07:03.379 1845 RALLYDEBUG rally.task.runner [-] Starting the constant runner (task UUID: b00f7ca6-c9e2-4a16-bd7b-5f016dcebeb6). times: 10 concurrency: 4 timeout: 0 max_cpu_used: 16 processes_to_start: 4 concurrency_per_worker: 1 concurrency_overhead: 0
2019-10-29 00:07:03.391 2213 RALLYDEBUG rally.task.runner [-] Starting a worker. times: 10 duration: None concurrency: 1 timeout: 0 cls: method_name: run args: {"detailed": true, "force": false}
2019-10-29 00:07:03.395 2214 RALLYDEBUG rally.task.runner [-] Starting a worker. times: 10 duration: None concurrency: 1 timeout: 0 cls: method_name: run args: {"detailed": true, "force": false}
2019-10-29 00:07:03.399 2213 INFO rally.task.runner [-] Task b00f7ca6-c9e2-4a16-bd7b-5f016dcebeb6 | ITER: 1 START
2019-10-29 00:07:03.398 2215 RALLYDEBUG rally.task.runner [-] Starting a worker. times: 10 duration: None concurrency: 1 timeout: 0 cls: method_name: run args: {"detailed": true, "force": false}
2019-10-29 00:07:03.402 2214 INFO rally.task.runner [-] Task b00f7ca6-c9e2-4a16-bd7b-5f016dcebeb6 | ITER: 2 START
2019-10-29 00:07:03.402 2216 RALLYDEBUG rally.task.runner [-] Starting a worker. times: 10 duration: None concurrency: 1 timeout: 0 cls: method_name: run args: {"detailed": true, "force": false}
2019-10-29 00:07:03.405 2215 INFO rally.task.runner [-] Task b00f7ca6-c9e2-4a16-bd7b-5f016dcebeb6 | ITER: 3 START
2019-10-29 00:07:03.409 2216 INFO rally.task.runner [-] Task b00f7ca6-c9e2-4a16-bd7b-5f016dcebeb6 | ITER: 4 START
2019-10-29 00:07:06.043 2214 INFO rally.task.runner [-] Task b00f7ca6-c9e2-4a16-bd7b-5f016dcebeb6 | ITER: 2 END: OK
2019-10-29 00:07:06.047 2214 INFO rally.task.runner [-] Task b00f7ca6-c9e2-4a16-bd7b-5f016dcebeb6 | ITER: 5 START
2019-10-29 00:07:06.059 2216 INFO rally.task.runner [-] Task b00f7ca6-c9e2-4a16-bd7b-5f016dcebeb6 | ITER: 4 END: OK
2019-10-29 00:07:06.064 2216 INFO rally.task.runner [-] Task b00f7ca6-c9e2-4a16-bd7b-5f016dcebeb6 | ITER: 6 START
2019-10-29 00:07:06.096 2213 INFO rally.task.runner [-] Task b00f7ca6-c9e2-4a16-bd7b-5f016dcebeb6 | ITER: 1 END: OK
2019-10-29 00:07:06.102 2213 INFO rally.task.runner [-] Task b00f7ca6-c9e2-4a16-bd7b-5f016dcebeb6 | ITER: 7 START
2019-10-29 00:07:06.130 2215 INFO rally.task.runner [-] Task b00f7ca6-c9e2-4a16-bd7b-5f016dcebeb6 | ITER: 3 END: OK
2019-10-29 00:07:06.135 2215 INFO rally.task.runner [-] Task b00f7ca6-c9e2-4a16-bd7b-5f016dcebeb6 | ITER: 8 START
2019-10-29 00:07:08.661 2214 INFO rally.task.runner [-] Task b00f7ca6-c9e2-4a16-bd7b-5f016dcebeb6 | ITER: 5 END: OK
2019-10-29 00:07:08.665 2214 INFO rally.task.runner [-] Task b00f7ca6-c9e2-4a16-bd7b-5f016dcebeb6 | ITER: 9 START
2019-10-29 00:07:08.704 2213 INFO rally.task.runner [-] Task b00f7ca6-c9e2-4a16-bd7b-5f016dcebeb6 | ITER: 7 END: OK
2019-10-29 00:07:08.708 2213 INFO rally.task.runner [-] Task b00f7ca6-c9e2-4a16-bd7b-5f016dcebeb6 | ITER: 10 START
2019-10-29 00:07:08.751 2215 INFO rally.task.runner [-] Task b00f7ca6-c9e2-4a16-bd7b-5f016dcebeb6 | ITER: 8 END: OK
2019-10-29 00:07:08.780 2216 INFO rally.task.runner [-] Task b00f7ca6-c9e2-4a16-bd7b-5f016dcebeb6 | ITER: 6 END: OK
2019-10-29 00:07:11.294 2213 INFO rally.task.runner [-] Task b00f7ca6-c9e2-4a16-bd7b-5f016dcebeb6 | ITER: 10 END: OK
2019-10-29 00:07:11.387 2214 INFO rally.task.runner [-] Task b00f7ca6-c9e2-4a16-bd7b-5f016dcebeb6 | ITER: 9 END: OK
2019-10-29 00:07:11.419 1845 INFO rally.task.context [-] Task b00f7ca6-c9e2-4a16-bd7b-5f016dcebeb6 | Context cleanup@openstack cleanup() started
2019-10-29 00:07:11.423 1845 RALLYDEBUG rally_openstack.cleanup.manager [-] Cleaning up cinder backups objects
2019-10-29 00:07:12.582 1845 RALLYDEBUG rally_openstack.cleanup.manager [-] Cleaning up cinder volume_snapshots objects
2019-10-29 00:07:13.724 1845 RALLYDEBUG rally_openstack.cleanup.manager [-] Deleting cinder.volume_snapshots object s_rally_126a9328_Wp9xVBgq (54c92795-cb1f-4d48-8d20-881cc5755dfb)
2019-10-29 00:07:13.733 1845 RALLYDEBUG rally_openstack.cleanup.manager [-] Deleting cinder.volume_snapshots object s_rally_126a9328_iR9tu2pr (023cf9d0-d97d-4e53-a904-df8224ff774e)
2019-10-29 00:07:13.742 1845 RALLYDEBUG rally_openstack.cleanup.manager [-] Deleting cinder.volume_snapshots object s_rally_126a9328_5MwsHNlX (d90f7239-d97a-4c5d-bf65-eb28812999be)
2019-10-29 00:07:13.746 1845 RALLYDEBUG rally_openstack.cleanup.manager [-] Deleting cinder.volume_snapshots object s_rally_126a9328_8XC2UyNV (c88e826e-91f7-4a83-a6cb-acad23e08598)
2019-10-29 00:07:13.754 1845 RALLYDEBUG rally_openstack.cleanup.manager [-] Deleting cinder.volume_snapshots object s_rally_126a9328_TUbBABQw (dfa02b08-ccbb-46a2-a14a-35f355a0b8ed)
2019-10-29 00:07:13.757 1845 RALLYDEBUG rally_openstack.cleanup.manager [-] Deleting cinder.volume_snapshots object s_rally_126a9328_Gm4ifrfF (816c357f-aa6d-47a2-9860-ed2655cf58bd)
2019-10-29 00:07:13.761 1845 RALLYDEBUG rally_openstack.cleanup.manager [-] Deleting cinder.volume_snapshots object s_rally_126a9328_ZhoSLoB6 (5f3d785e-d87c-4e8b-99c6-aef177a57154)
2019-10-29 00:07:13.771 1845 RALLYDEBUG rally_openstack.cleanup.manager [-] Deleting cinder.volume_snapshots object s_rally_126a9328_6nVCo8g9 (a9f3ac84-9475-49a4-81d9-31f82a268967)
2019-10-29 00:07:13.792 1845 RALLYDEBUG rally_openstack.cleanup.manager [-] Deleting cinder.volume_snapshots object s_rally_126a9328_goxgvD8L (9e0e4689-3bce-41e2-8829-4d4596ac5f93)
2019-10-29 00:07:13.802 1845 RALLYDEBUG rally_openstack.cleanup.manager [-] Deleting cinder.volume_snapshots object s_rally_126a9328_3Ido6H0f (421a80c5-f910-4cd2-b9da-30dc5cf09ca7)
2019-10-29 00:07:17.455 1845 RALLYDEBUG rally_openstack.cleanup.manager [-] Cleaning up cinder transfers objects
2019-10-29 00:07:18.588 1845 RALLYDEBUG rally_openstack.cleanup.manager [-] Cleaning up cinder volumes objects
2019-10-29 00:07:19.847 1845 INFO rally.task.context [-] Task b00f7ca6-c9e2-4a16-bd7b-5f016dcebeb6 | Context cleanup@openstack cleanup() finished in 8.43 sec
2019-10-29 00:07:19.848 1845 INFO rally.task.context [-] Task b00f7ca6-c9e2-4a16-bd7b-5f016dcebeb6 | Context volumes@openstack cleanup() started
2019-10-29 00:07:19.849 1845 RALLYDEBUG rally_openstack.cleanup.manager [-] Cleaning up cinder volumes objects
2019-10-29 00:07:21.075 1845 RALLYDEBUG rally_openstack.cleanup.manager [-] Deleting cinder.volumes object c_rally_126a9328_0ZEdc1kN (18723308-b921-4483-980e-e3bb6be8c856)
2019-10-29 00:07:21.086 1845 RALLYDEBUG rally_openstack.cleanup.manager [-] Deleting cinder.volumes object c_rally_126a9328_8LWYwpbx (e5e8ad95-ba94-4c95-ad2a-bdeea050767d)
2019-10-29 00:07:21.092 1845 RALLYDEBUG rally_openstack.cleanup.manager [-] Deleting cinder.volumes object c_rally_126a9328_ZbxsdN8U (2699e8c7-7530-4645-a715-3585aa72cfc6)
2019-10-29 00:07:23.611 1845 INFO rally.task.context [-] Task b00f7ca6-c9e2-4a16-bd7b-5f016dcebeb6 | Context volumes@openstack cleanup() finished in 3.76 sec
2019-10-29 00:07:23.612 1845 INFO rally.task.context [-] Task b00f7ca6-c9e2-4a16-bd7b-5f016dcebeb6 | Context quotas@openstack cleanup() started
2019-10-29 00:07:23.693 1845 INFO rally.task.context [-] Task b00f7ca6-c9e2-4a16-bd7b-5f016dcebeb6 | Context quotas@openstack cleanup() finished in 80.97 msec
2019-10-29 00:07:23.693 1845 INFO rally.task.context [-] Task b00f7ca6-c9e2-4a16-bd7b-5f016dcebeb6 | Context api_versions@openstack cleanup() started
2019-10-29 00:07:23.694 1845 INFO rally.task.context [-] Task b00f7ca6-c9e2-4a16-bd7b-5f016dcebeb6 | Context api_versions@openstack cleanup() finished in 0.37 msec
2019-10-29 00:07:23.694 1845 INFO rally.task.context [-] Task b00f7ca6-c9e2-4a16-bd7b-5f016dcebeb6 | Context users@openstack cleanup() started
2019-10-29 00:07:27.935 1845 INFO rally.task.context [-] Task b00f7ca6-c9e2-4a16-bd7b-5f016dcebeb6 | Context users@openstack cleanup() finished in 4.24 sec
2019-10-29 00:07:29.084 1845 INFO rally.task.engine [-] Load duration is: 7.984339
2019-10-29 00:07:29.085 1845 INFO rally.task.engine [-] Full runner duration is: 8.040855
2019-10-29 00:07:29.085 1845 INFO rally.task.engine [-] Full duration is: 37.049807
2019-10-29 00:07:29.391 1845 INFO rally.task.engine [-] Running workload: position = 0 config = { "version": 2, "title": "A cropped version of a bigger task.", "description": "Auto-generated task from a single workload (uuid=b78a6391-527f-4f19-8ed2-aaac561abb3d)", "subtasks": [ { "title": "CinderVolumes.create_and_list_volume", "description": "Create a volume and list all volumes.", "scenario": { "CinderVolumes.create_and_list_volume": { "detailed": true, "image": { "name": "rally_full-img_b1bdd5ff-a94b-4b0b-abed-4a39b4cd7a4c" }, "size": 1 } }, "contexts": { "users": { "tenants": 3, "users_per_tenant": 2 }, "quotas": { "cinder": { "gigabytes": -1, "snapshots": -1, "volumes": -1 } }, "api_versions": { "cinder": { "version": 3, "service_type": "volumev3" } } }, "runner": { "constant": { "concurrency": 4, "times": 10 } }, "hooks": [], "sla": { "failure_rate": { "max": 0 } } } ] }
2019-10-29 00:07:29.417 1845 RALLYDEBUG rally_openstack.contexts.keystone.users [-] Creating 3 tenants using 20 threads
2019-10-29 00:07:30.509 1845 RALLYDEBUG rally_openstack.contexts.keystone.users [-] Creating 6 users using 20 threads
2019-10-29 00:07:32.037 1845 INFO rally.task.context [-] Task b00f7ca6-c9e2-4a16-bd7b-5f016dcebeb6 | Context users@openstack setup() finished in 2.62 sec
2019-10-29 00:07:32.446 1845 INFO rally.task.context [-] Task b00f7ca6-c9e2-4a16-bd7b-5f016dcebeb6 | Context api_versions@openstack setup() finished in 0.41 sec
2019-10-29 00:07:33.383 1845 INFO rally.task.context [-] Task b00f7ca6-c9e2-4a16-bd7b-5f016dcebeb6 | Context quotas@openstack setup() finished in 0.94 sec
2019-10-29 00:07:33.384 1845 INFO rally.task.context [-] Task b00f7ca6-c9e2-4a16-bd7b-5f016dcebeb6 | Context cleanup@openstack setup() finished in 0.01 msec
2019-10-29 00:07:33.850 1845 RALLYDEBUG rally.task.runner [-] Starting the constant runner (task UUID: b00f7ca6-c9e2-4a16-bd7b-5f016dcebeb6). times: 10 concurrency: 4 timeout: 0 max_cpu_used: 16 processes_to_start: 4 concurrency_per_worker: 1 concurrency_overhead: 0
2019-10-29 00:07:33.862 2417 RALLYDEBUG rally.task.runner [-] Starting a worker. times: 10 duration: None concurrency: 1 timeout: 0 cls: method_name: run args: {"detailed": true, "image": "ea3ac222-ed8c-4767-bd2c-fae77a59be81", "size": 1}
2019-10-29 00:07:33.865 2418 RALLYDEBUG rally.task.runner [-] Starting a worker. times: 10 duration: None concurrency: 1 timeout: 0 cls: method_name: run args: {"detailed": true, "image": "ea3ac222-ed8c-4767-bd2c-fae77a59be81", "size": 1}
2019-10-29 00:07:33.869 2417 INFO rally.task.runner [-] Task b00f7ca6-c9e2-4a16-bd7b-5f016dcebeb6 | ITER: 1 START
2019-10-29 00:07:33.869 2419 RALLYDEBUG rally.task.runner [-] Starting a worker. times: 10 duration: None concurrency: 1 timeout: 0 cls: method_name: run args: {"detailed": true, "image": "ea3ac222-ed8c-4767-bd2c-fae77a59be81", "size": 1}
2019-10-29 00:07:33.873 2418 INFO rally.task.runner [-] Task b00f7ca6-c9e2-4a16-bd7b-5f016dcebeb6 | ITER: 2 START
2019-10-29 00:07:33.873 2420 RALLYDEBUG rally.task.runner [-] Starting a worker. times: 10 duration: None concurrency: 1 timeout: 0 cls: method_name: run args: {"detailed": true, "image": "ea3ac222-ed8c-4767-bd2c-fae77a59be81", "size": 1}
2019-10-29 00:07:33.876 2419 INFO rally.task.runner [-] Task b00f7ca6-c9e2-4a16-bd7b-5f016dcebeb6 | ITER: 3 START
2019-10-29 00:07:33.879 2420 INFO rally.task.runner [-] Task b00f7ca6-c9e2-4a16-bd7b-5f016dcebeb6 | ITER: 4 START
2019-10-29 00:07:49.561 2417 RALLYDEBUG rally.task.utils [-] Waiting for resource s_rally_b78a6391_dZyI57Ee. Status changed: DOWNLOADING => AVAILABLE in 12.537059545516968
2019-10-29 00:07:49.620 2417 INFO rally.task.runner [-] Task b00f7ca6-c9e2-4a16-bd7b-5f016dcebeb6 | ITER: 1 END: OK
2019-10-29 00:07:49.625 2417 INFO rally.task.runner [-] Task b00f7ca6-c9e2-4a16-bd7b-5f016dcebeb6 | ITER: 5 START
2019-10-29 00:07:59.721 2419 RALLYDEBUG rally.task.utils [-] Waiting for resource s_rally_b78a6391_3vtKr6j2. Status changed: DOWNLOADING => AVAILABLE in 23.01729440689087
2019-10-29 00:07:59.789 2419 INFO rally.task.runner [-] Task b00f7ca6-c9e2-4a16-bd7b-5f016dcebeb6 | ITER: 3 END: OK
2019-10-29 00:07:59.796 2419 INFO rally.task.runner [-] Task b00f7ca6-c9e2-4a16-bd7b-5f016dcebeb6 | ITER: 6 START
2019-10-29 00:08:04.802 2419 RALLYDEBUG rally.task.utils [-] Waiting for resource s_rally_b78a6391_aAN1Q130. Status changed: CREATING => DOWNLOADING in 2.22873592376709
2019-10-29 00:08:05.366 2417 RALLYDEBUG rally.task.utils [-] Waiting for resource s_rally_b78a6391_ucRFUSXF. Status changed: DOWNLOADING => AVAILABLE in 12.57215428352356
2019-10-29 00:08:05.427 2417 INFO rally.task.runner [-] Task b00f7ca6-c9e2-4a16-bd7b-5f016dcebeb6 | ITER: 5 END: OK
2019-10-29 00:08:05.433 2417 INFO rally.task.runner [-] Task b00f7ca6-c9e2-4a16-bd7b-5f016dcebeb6 | ITER: 7 START
2019-10-29 00:08:16.950 2417 RALLYDEBUG rally.task.utils [-] Waiting for resource s_rally_b78a6391_p5XFAeKC. Status changed: CREATING => DOWNLOADING in 8.433026790618896
2019-10-29 00:08:17.219 2419 RALLYDEBUG rally.task.utils [-] Waiting for resource s_rally_b78a6391_aAN1Q130. Status changed: DOWNLOADING => AVAILABLE in 12.41671347618103
2019-10-29 00:08:17.279 2419 INFO rally.task.runner [-] Task b00f7ca6-c9e2-4a16-bd7b-5f016dcebeb6 | ITER: 6 END: OK
2019-10-29 00:08:17.284 2419 INFO rally.task.runner [-] Task b00f7ca6-c9e2-4a16-bd7b-5f016dcebeb6 | ITER: 8 START
2019-10-29 00:08:28.529 2419 RALLYDEBUG rally.task.utils [-] Waiting for resource s_rally_b78a6391_O47otUXQ. Status changed: CREATING => DOWNLOADING in 8.406424283981323
2019-10-29 00:08:29.378 2417 RALLYDEBUG rally.task.utils [-] Waiting for resource s_rally_b78a6391_p5XFAeKC. Status changed: DOWNLOADING => AVAILABLE in 12.428324460983276
2019-10-29 00:08:29.435 2417 INFO rally.task.runner [-] Task b00f7ca6-c9e2-4a16-bd7b-5f016dcebeb6 | ITER: 7 END: OK
2019-10-29 00:08:29.440 2417 INFO rally.task.runner [-] Task b00f7ca6-c9e2-4a16-bd7b-5f016dcebeb6 | ITER: 9 START
2019-10-29 00:08:30.635 2420 RALLYDEBUG rally.task.utils [-] Waiting for resource s_rally_b78a6391_H4jvnJgP. Status changed: DOWNLOADING => AVAILABLE in 53.9573130607605
2019-10-29 00:08:30.687 2420 INFO rally.task.runner [-] Task b00f7ca6-c9e2-4a16-bd7b-5f016dcebeb6 | ITER: 4 END: OK
2019-10-29 00:08:30.693 2420 INFO rally.task.runner [-] Task b00f7ca6-c9e2-4a16-bd7b-5f016dcebeb6 | ITER: 10 START
2019-10-29 00:08:31.070 2418 RALLYDEBUG rally.task.utils [-] Waiting for resource s_rally_b78a6391_kXzzdtfz. Status changed: DOWNLOADING => AVAILABLE in 54.05657172203064
2019-10-29 00:08:31.131 2418 INFO rally.task.runner [-] Task b00f7ca6-c9e2-4a16-bd7b-5f016dcebeb6 | ITER: 2 END: OK
2019-10-29 00:08:40.960 2419 RALLYDEBUG rally.task.utils [-] Waiting for resource s_rally_b78a6391_O47otUXQ. Status changed: DOWNLOADING => AVAILABLE in 12.430527210235596
2019-10-29 00:08:41.033 2419 INFO rally.task.runner [-] Task b00f7ca6-c9e2-4a16-bd7b-5f016dcebeb6 | ITER: 8 END: OK
2019-10-29 00:08:53.119 2417 RALLYDEBUG rally.task.utils [-] Waiting for resource s_rally_b78a6391_QEo7hKeX. Status changed: DOWNLOADING => AVAILABLE in 20.856263637542725
2019-10-29 00:08:53.178 2417 INFO rally.task.runner [-] Task b00f7ca6-c9e2-4a16-bd7b-5f016dcebeb6 | ITER: 9 END: OK
2019-10-29 00:09:09.087 2420 RALLYDEBUG rally.task.utils [-] Waiting for resource s_rally_b78a6391_y4Xi2W3q. Status changed: DOWNLOADING => AVAILABLE in 35.34049868583679
2019-10-29 00:09:09.146 2420 INFO rally.task.runner [-] Task b00f7ca6-c9e2-4a16-bd7b-5f016dcebeb6 | ITER: 10 END: OK
2019-10-29 00:09:09.175 1845 INFO rally.task.context [-] Task b00f7ca6-c9e2-4a16-bd7b-5f016dcebeb6 | Context cleanup@openstack cleanup() started
2019-10-29 00:09:09.180 1845 RALLYDEBUG rally_openstack.cleanup.manager [-] Cleaning up cinder backups objects
2019-10-29 00:09:10.646 1845 RALLYDEBUG rally_openstack.cleanup.manager [-] Cleaning up cinder volume_snapshots objects
2019-10-29 00:09:11.800 1845 RALLYDEBUG rally_openstack.cleanup.manager [-] Cleaning up cinder transfers objects
2019-10-29 00:09:12.906 1845 RALLYDEBUG rally_openstack.cleanup.manager [-] Cleaning up cinder volumes objects
2019-10-29 00:09:14.140 1845 RALLYDEBUG rally_openstack.cleanup.manager [-] Deleting cinder.volumes object s_rally_b78a6391_ucRFUSXF (6fabd624-c7cf-4cc2-b975-d9dba48d5f8d)
2019-10-29 00:09:14.147 1845 RALLYDEBUG rally_openstack.cleanup.manager [-] Deleting cinder.volumes object s_rally_b78a6391_H4jvnJgP (338bfd44-b54f-49ef-8683-454c76cb6a2c)
2019-10-29 00:09:14.159 1845 RALLYDEBUG rally_openstack.cleanup.manager [-] Deleting cinder.volumes object s_rally_b78a6391_3vtKr6j2 (246fd0ed-6926-43f5-aa58-6d074400392f)
2019-10-29 00:09:14.167 1845 RALLYDEBUG rally_openstack.cleanup.manager [-] Deleting cinder.volumes object s_rally_b78a6391_O47otUXQ (0e41f891-df6c-4208-8ccc-f11e607f7363)
2019-10-29 00:09:14.177 1845 RALLYDEBUG rally_openstack.cleanup.manager [-] Deleting cinder.volumes object s_rally_b78a6391_aAN1Q130 (426dcdba-30fe-4e8e-bfe8-05e88209a354)
2019-10-29 00:09:14.180 1845 RALLYDEBUG rally_openstack.cleanup.manager [-] Deleting cinder.volumes object s_rally_b78a6391_dZyI57Ee (a6b42e94-5fff-47ab-a35d-4a6a68605aaf)
2019-10-29 00:09:14.189 1845 RALLYDEBUG rally_openstack.cleanup.manager [-] Deleting cinder.volumes object s_rally_b78a6391_kXzzdtfz (726f54ea-e078-4502-b418-c42956ffd090)
2019-10-29 00:09:14.225 1845 RALLYDEBUG rally_openstack.cleanup.manager [-] Deleting cinder.volumes object s_rally_b78a6391_y4Xi2W3q (3fd46a3b-09a6-45b2-a99f-2b9c4a103bd5)
2019-10-29 00:09:14.238 1845 RALLYDEBUG rally_openstack.cleanup.manager [-] Deleting cinder.volumes object s_rally_b78a6391_QEo7hKeX (4790675f-5e34-409e-8f25-9c68faf1de8f)
2019-10-29 00:09:14.251 1845 RALLYDEBUG rally_openstack.cleanup.manager [-] Deleting cinder.volumes object s_rally_b78a6391_p5XFAeKC (ba7c9e64-d3c4-4bd0-803a-602f7d24fb36)
2019-10-29 00:09:17.911 1845 INFO rally.task.context [-] Task b00f7ca6-c9e2-4a16-bd7b-5f016dcebeb6 | Context cleanup@openstack cleanup() finished in 8.74 sec
2019-10-29 00:09:17.912 1845 INFO rally.task.context [-] Task b00f7ca6-c9e2-4a16-bd7b-5f016dcebeb6 | Context quotas@openstack cleanup() started
2019-10-29 00:09:18.001 1845 INFO rally.task.context [-] Task b00f7ca6-c9e2-4a16-bd7b-5f016dcebeb6 | Context quotas@openstack cleanup() finished in 89.74 msec
2019-10-29 00:09:18.002 1845 INFO rally.task.context [-] Task b00f7ca6-c9e2-4a16-bd7b-5f016dcebeb6 | Context api_versions@openstack cleanup() started
2019-10-29 00:09:18.002 1845 INFO rally.task.context [-] Task b00f7ca6-c9e2-4a16-bd7b-5f016dcebeb6 | Context api_versions@openstack cleanup() finished in 0.39 msec
2019-10-29 00:09:18.003 1845 INFO rally.task.context [-] Task b00f7ca6-c9e2-4a16-bd7b-5f016dcebeb6 | Context users@openstack cleanup() started
2019-10-29 00:09:22.329 1845 INFO rally.task.context [-] Task b00f7ca6-c9e2-4a16-bd7b-5f016dcebeb6 | Context users@openstack cleanup() finished in 4.33 sec
2019-10-29 00:09:23.905 1845 INFO rally.task.engine [-] Load duration is: 95.27228
2019-10-29 00:09:23.906 1845 INFO rally.task.engine [-] Full runner duration is: 95.32474
2019-10-29 00:09:23.906 1845 INFO rally.task.engine [-] Full duration is: 112.915376
2019-10-29 00:09:24.130 1845 INFO rally.task.engine [-] Running workload: position = 1 config = { "version": 2, "title": "A cropped version of a bigger task.", "description": "Auto-generated task from a single workload (uuid=8e2b19a3-682a-4766-a3c0-72e3a16b9164)", "subtasks": [ { "title": "CinderVolumes.create_and_list_volume", "description": "Create a volume and list all volumes.", "scenario": { "CinderVolumes.create_and_list_volume": { "detailed": true, "size": 1 } }, "contexts": { "users": { "tenants": 3, "users_per_tenant": 2 }, "quotas": { "cinder": { "gigabytes": -1, "snapshots": -1, "volumes": -1 } }, "api_versions": { "cinder": { "version": 3, "service_type": "volumev3" } } }, "runner": { "constant": { "concurrency": 4, "times": 10 } }, "hooks": [], "sla": { "failure_rate": { "max": 0 } } } ] }
2019-10-29 00:09:24.157 1845 RALLYDEBUG rally_openstack.contexts.keystone.users [-] Creating 3 tenants using 20 threads
2019-10-29 00:09:25.161 1845 RALLYDEBUG rally_openstack.contexts.keystone.users [-] Creating 6 users using 20 threads
2019-10-29 00:09:26.689 1845 INFO rally.task.context [-] Task b00f7ca6-c9e2-4a16-bd7b-5f016dcebeb6 | Context users@openstack setup() finished in 2.53 sec
2019-10-29 00:09:27.097 1845 INFO rally.task.context [-] Task b00f7ca6-c9e2-4a16-bd7b-5f016dcebeb6 | Context api_versions@openstack setup() finished in 0.41 sec
2019-10-29 00:09:27.971 1845 INFO rally.task.context [-] Task b00f7ca6-c9e2-4a16-bd7b-5f016dcebeb6 | Context quotas@openstack setup() finished in 0.87 sec
2019-10-29 00:09:27.972 1845 INFO rally.task.context [-] Task b00f7ca6-c9e2-4a16-bd7b-5f016dcebeb6 | Context cleanup@openstack setup() finished in 0.02 msec
2019-10-29 00:09:27.982 1845 RALLYDEBUG rally.task.runner [-] Starting the constant runner (task UUID: b00f7ca6-c9e2-4a16-bd7b-5f016dcebeb6). times: 10 concurrency: 4 timeout: 0 max_cpu_used: 16 processes_to_start: 4 concurrency_per_worker: 1 concurrency_overhead: 0
2019-10-29 00:09:27.994 2601 RALLYDEBUG rally.task.runner [-] Starting a worker. times: 10 duration: None concurrency: 1 timeout: 0 cls: method_name: run args: {"detailed": true, "size": 1}
2019-10-29 00:09:27.997 2602 RALLYDEBUG rally.task.runner [-] Starting a worker. times: 10 duration: None concurrency: 1 timeout: 0 cls: method_name: run args: {"detailed": true, "size": 1}
2019-10-29 00:09:28.001 2601 INFO rally.task.runner [-] Task b00f7ca6-c9e2-4a16-bd7b-5f016dcebeb6 | ITER: 1 START
2019-10-29 00:09:28.001 2603 RALLYDEBUG rally.task.runner [-] Starting a worker. times: 10 duration: None concurrency: 1 timeout: 0 cls: method_name: run args: {"detailed": true, "size": 1}
2019-10-29 00:09:28.004 2602 INFO rally.task.runner [-] Task b00f7ca6-c9e2-4a16-bd7b-5f016dcebeb6 | ITER: 2 START
2019-10-29 00:09:28.004 2605 RALLYDEBUG rally.task.runner [-] Starting a worker. times: 10 duration: None concurrency: 1 timeout: 0 cls: method_name: run args: {"detailed": true, "size": 1}
2019-10-29 00:09:28.008 2603 INFO rally.task.runner [-] Task b00f7ca6-c9e2-4a16-bd7b-5f016dcebeb6 | ITER: 3 START
2019-10-29 00:09:28.010 2605 INFO rally.task.runner [-] Task b00f7ca6-c9e2-4a16-bd7b-5f016dcebeb6 | ITER: 4 START
2019-10-29 00:09:30.807 2601 INFO rally.task.runner [-] Task b00f7ca6-c9e2-4a16-bd7b-5f016dcebeb6 | ITER: 1 END: OK
2019-10-29 00:09:30.812 2601 INFO rally.task.runner [-] Task b00f7ca6-c9e2-4a16-bd7b-5f016dcebeb6 | ITER: 5 START
2019-10-29 00:09:30.845 2603 INFO rally.task.runner [-] Task b00f7ca6-c9e2-4a16-bd7b-5f016dcebeb6 | ITER: 3 END: OK
2019-10-29 00:09:30.850 2603 INFO rally.task.runner [-] Task b00f7ca6-c9e2-4a16-bd7b-5f016dcebeb6 | ITER: 6 START
2019-10-29 00:09:30.870 2605 INFO rally.task.runner [-] Task b00f7ca6-c9e2-4a16-bd7b-5f016dcebeb6 | ITER: 4 END: OK
2019-10-29 00:09:30.876 2605 INFO rally.task.runner [-] Task b00f7ca6-c9e2-4a16-bd7b-5f016dcebeb6 | ITER: 7 START
2019-10-29 00:09:30.970 2602 INFO rally.task.runner [-] Task b00f7ca6-c9e2-4a16-bd7b-5f016dcebeb6 | ITER: 2 END: OK
2019-10-29 00:09:30.974 2602 INFO rally.task.runner [-] Task b00f7ca6-c9e2-4a16-bd7b-5f016dcebeb6 | ITER: 8 START
2019-10-29 00:09:33.639 2603 INFO rally.task.runner [-] Task b00f7ca6-c9e2-4a16-bd7b-5f016dcebeb6 | ITER: 6 END: OK
2019-10-29 00:09:33.643 2603 INFO rally.task.runner [-] Task b00f7ca6-c9e2-4a16-bd7b-5f016dcebeb6 | ITER: 9 START
2019-10-29 00:09:33.648 2601 INFO rally.task.runner [-] Task b00f7ca6-c9e2-4a16-bd7b-5f016dcebeb6 | ITER: 5 END: OK
2019-10-29 00:09:33.653 2601 INFO rally.task.runner [-] Task b00f7ca6-c9e2-4a16-bd7b-5f016dcebeb6 | ITER: 10 START
2019-10-29 00:09:33.679 2602 INFO rally.task.runner [-] Task b00f7ca6-c9e2-4a16-bd7b-5f016dcebeb6 | ITER: 8 END: OK
