2019-10-28 23:59:36.495 8 RALLYDEBUG rally.api [-] INFO logs from urllib3 and requests module are hide.
2019-10-28 23:59:36.496 8 RALLYDEBUG rally.api [-] urllib3 insecure warnings are hidden.
2019-10-28 23:59:36.496 8 RALLYDEBUG rally.api [-] ERROR log from boto module is hide.
2019-10-28 23:59:38.257 8 ERROR rally.cli.cliutils [-] Unexpected exception in CLI: rally.exceptions.DBRecordNotFound: Record for uuid or name is opnfv-rally not found in table envs
2019-10-28 23:59:38.257 8 ERROR rally.cli.cliutils
Traceback (most recent call last):
2019-10-28 23:59:38.257 8 ERROR rally.cli.cliutils
File "/usr/lib/python3.6/site-packages/rally/cli/cliutils.py", line 674, in run
2019-10-28 23:59:38.257 8 ERROR rally.cli.cliutils ret = fn(*fn_args, **fn_kwargs)
2019-10-28 23:59:38.257 8 ERROR rally.cli.cliutils File "", line 2, in destroy
2019-10-28 23:59:38.257 8 ERROR rally.cli.cliutils
File "/usr/lib/python3.6/site-packages/rally/cli/envutils.py", line 68, in default_from_global
2019-10-28 23:59:38.257 8 ERROR rally.cli.cliutils return f(*args, **kwargs)
2019-10-28 23:59:38.257 8 ERROR rally.cli.cliutils File "", line 2, in destroy
2019-10-28 23:59:38.257 8 ERROR rally.cli.cliutils
File "/usr/lib/python3.6/site-packages/rally/plugins/__init__.py", line 51, in ensure_plugins_are_loaded
2019-10-28 23:59:38.257 8 ERROR rally.cli.cliutils return f(*args, **kwargs)
2019-10-28 23:59:38.257 8 ERROR rally.cli.cliutils
File "/usr/lib/python3.6/site-packages/rally/cli/commands/deployment.py", line 157, in destroy
2019-10-28 23:59:38.257 8 ERROR rally.cli.cliutils api.deployment.destroy(deployment=deployment)
2019-10-28 23:59:38.257 8 ERROR rally.cli.cliutils
File "/usr/lib/python3.6/site-packages/rally/api.py", line 115, in destroy
2019-10-28 23:59:38.257 8 ERROR rally.cli.cliutils deploy = objects.Deployment.get(deployment)
2019-10-28 23:59:38.257 8 ERROR rally.cli.cliutils
File "/usr/lib/python3.6/site-packages/rally/common/objects/deploy.py", line 124, in get
2019-10-28 23:59:38.257 8 ERROR rally.cli.cliutils return Deployment(env_mgr.EnvManager.get(deploy))
2019-10-28 23:59:38.257 8 ERROR rally.cli.cliutils
File "/usr/lib/python3.6/site-packages/rally/env/env_mgr.py", line 212, in get
2019-10-28 23:59:38.257 8 ERROR rally.cli.cliutils return cls(db.env_get(uuid_or_name))
2019-10-28 23:59:38.257 8 ERROR rally.cli.cliutils
File "/usr/lib/python3.6/site-packages/rally/common/db/api.py", line 135, in wrapper
2019-10-28 23:59:38.257 8 ERROR rally.cli.cliutils result = f(session, *args, **kwargs)
2019-10-28 23:59:38.257 8 ERROR rally.cli.cliutils
File "/usr/lib/python3.6/site-packages/rally/common/db/api.py", line 521, in env_get
2019-10-28 23:59:38.257 8 ERROR rally.cli.cliutils criteria="uuid or name is %s" % uuid_or_name, table="envs")
2019-10-28 23:59:38.257 8 ERROR rally.cli.cliutils rally.exceptions.DBRecordNotFound: Record for uuid or name is opnfv-rally not found in table envs
2019-10-28 23:59:38.257 8 ERROR rally.cli.cliutils
2019-10-28 23:59:39.483 10 RALLYDEBUG rally.api [-] INFO logs from urllib3 and requests module are hide.
2019-10-28 23:59:39.483 10 RALLYDEBUG rally.api [-] urllib3 insecure warnings are hidden.
2019-10-28 23:59:39.483 10 RALLYDEBUG rally.api [-] ERROR log from boto module is hide.
2019-10-28 23:59:43.194 12 RALLYDEBUG rally.api [-] INFO logs from urllib3 and requests module are hide.
2019-10-28 23:59:43.195 12 RALLYDEBUG rally.api [-] urllib3 insecure warnings are hidden.
2019-10-28 23:59:43.195 12 RALLYDEBUG rally.api [-] ERROR log from boto module is hide.
2019-10-28 23:59:47.303 15 RALLYDEBUG rally.api [-] INFO logs from urllib3 and requests module are hide.
2019-10-28 23:59:47.304 15 RALLYDEBUG rally.api [-] urllib3 insecure warnings are hidden.
2019-10-28 23:59:47.304 15 RALLYDEBUG rally.api [-] ERROR log from boto module is hide.
2019-10-28 23:59:48.855 17 RALLYDEBUG rally.api [-] INFO logs from urllib3 and requests module are hide.
2019-10-28 23:59:48.855 17 RALLYDEBUG rally.api [-] urllib3 insecure warnings are hidden.
2019-10-28 23:59:48.855 17 RALLYDEBUG rally.api [-] ERROR log from boto module is hide.
2019-10-28 23:59:50.745 17 INFO rally.task.engine [-] Task 3df1bc8e-e7ee-465c-9c45-0d307c75f25c | Starting: Task validation.
2019-10-28 23:59:50.792 17 INFO rally.task.engine [-] Task 3df1bc8e-e7ee-465c-9c45-0d307c75f25c | Starting: Task validation of syntax.
2019-10-28 23:59:50.880 17 INFO rally.task.engine [-] Task 3df1bc8e-e7ee-465c-9c45-0d307c75f25c | Completed: Task validation of syntax.
2019-10-28 23:59:50.881 17 INFO rally.task.engine [-] Task 3df1bc8e-e7ee-465c-9c45-0d307c75f25c | Starting: Task validation of required platforms.
2019-10-28 23:59:50.924 17 INFO rally.task.engine [-] Task 3df1bc8e-e7ee-465c-9c45-0d307c75f25c | Completed: Task validation of required platforms.
2019-10-28 23:59:50.924 17 INFO rally.task.engine [-] Task 3df1bc8e-e7ee-465c-9c45-0d307c75f25c | Starting: Task validation of semantic.
2019-10-28 23:59:50.925 17 INFO rally.task.engine [-] Check health of the environment 'fd54644d-cf90-477f-9184-e98e06bc8d2e'.
2019-10-28 23:59:51.874 17 INFO rally.task.engine [-] Platform existing@openstack (available: True): OK!
2019-10-28 23:59:51.907 17 RALLYDEBUG rally_openstack.contexts.keystone.users [-] Creating 1 tenants using 20 threads
2019-10-28 23:59:52.733 17 RALLYDEBUG rally_openstack.contexts.keystone.users [-] Creating 1 users using 20 threads
2019-10-28 23:59:54.037 17 INFO rally.task.context [-] Task 3df1bc8e-e7ee-465c-9c45-0d307c75f25c | Context users@openstack setup() finished in 2.13 sec
2019-10-28 23:59:54.097 17 INFO rally.task.context [-] Task 3df1bc8e-e7ee-465c-9c45-0d307c75f25c | Context users@openstack cleanup() started
2019-10-28 23:59:56.923 17 INFO rally.task.context [-] Task 3df1bc8e-e7ee-465c-9c45-0d307c75f25c | Context users@openstack cleanup() finished in 2.83 sec
2019-10-28 23:59:56.924 17 INFO rally.task.engine [-] Task 3df1bc8e-e7ee-465c-9c45-0d307c75f25c | Completed: Task validation of semantic.
2019-10-28 23:59:56.924 17 INFO rally.task.engine [-] Task 3df1bc8e-e7ee-465c-9c45-0d307c75f25c | Completed: Task validation.
2019-10-28 23:59:56.925 17 INFO rally.api [-] Task 3df1bc8e-e7ee-465c-9c45-0d307c75f25c input file is valid.
2019-10-28 23:59:56.925 17 INFO rally.api [-] Run Task 3df1bc8e-e7ee-465c-9c45-0d307c75f25c against Deployment fd54644d-cf90-477f-9184-e98e06bc8d2e
2019-10-28 23:59:56.926 17 INFO rally.task.engine [-] Task 3df1bc8e-e7ee-465c-9c45-0d307c75f25c | Starting: Running task.
2019-10-28 23:59:57.280 17 INFO rally.task.engine [-] Running workload: position = 0 config = { "version": 2, "title": "A cropped version of a bigger task.", "description": "Auto-generated task from a single workload (uuid=c6e534c7-d6b7-4308-ab08-0fb2bef3fed3)", "subtasks": [ { "title": "Authenticate.keystone", "description": "Check Keystone Client.", "scenario": { "Authenticate.keystone": {} }, "contexts": { "users": { "tenants": 3, "users_per_tenant": 2 } }, "runner": { "constant": { "concurrency": 4, "times": 10 } }, "hooks": [], "sla": { "failure_rate": { "max": 0 } } } ] }
2019-10-28 23:59:57.304 17 RALLYDEBUG rally_openstack.contexts.keystone.users [-] Creating 3 tenants using 20 threads
2019-10-28 23:59:58.359 17 RALLYDEBUG rally_openstack.contexts.keystone.users [-] Creating 6 users using 20 threads
2019-10-28 23:59:59.841 17 INFO rally.task.context [-] Task 3df1bc8e-e7ee-465c-9c45-0d307c75f25c | Context users@openstack setup() finished in 2.54 sec
2019-10-28 23:59:59.851 17 RALLYDEBUG rally.task.runner [-] Starting the constant runner (task UUID: 3df1bc8e-e7ee-465c-9c45-0d307c75f25c). times: 10 concurrency: 4 timeout: 0 max_cpu_used: 16 processes_to_start: 4 concurrency_per_worker: 1 concurrency_overhead: 0
2019-10-28 23:59:59.865 141 RALLYDEBUG rally.task.runner [-] Starting a worker. times: 10 duration: None concurrency: 1 timeout: 0 cls: method_name: run args: {}
2019-10-28 23:59:59.868 142 RALLYDEBUG rally.task.runner [-] Starting a worker. times: 10 duration: None concurrency: 1 timeout: 0 cls: method_name: run args: {}
2019-10-28 23:59:59.871 141 INFO rally.task.runner [-] Task 3df1bc8e-e7ee-465c-9c45-0d307c75f25c | ITER: 1 START
2019-10-28 23:59:59.872 143 RALLYDEBUG rally.task.runner [-] Starting a worker. times: 10 duration: None concurrency: 1 timeout: 0 cls: method_name: run args: {}
2019-10-28 23:59:59.874 142 INFO rally.task.runner [-] Task 3df1bc8e-e7ee-465c-9c45-0d307c75f25c | ITER: 2 START
2019-10-28 23:59:59.875 146 RALLYDEBUG rally.task.runner [-] Starting a worker. times: 10 duration: None concurrency: 1 timeout: 0 cls: method_name: run args: {}
2019-10-28 23:59:59.878 143 INFO rally.task.runner [-] Task 3df1bc8e-e7ee-465c-9c45-0d307c75f25c | ITER: 3 START
2019-10-28 23:59:59.882 146 INFO rally.task.runner [-] Task 3df1bc8e-e7ee-465c-9c45-0d307c75f25c | ITER: 4 START
2019-10-29 00:00:00.575 142 INFO rally.task.runner [-] Task 3df1bc8e-e7ee-465c-9c45-0d307c75f25c | ITER: 2 END: OK
2019-10-29 00:00:00.579 142 INFO rally.task.runner [-] Task 3df1bc8e-e7ee-465c-9c45-0d307c75f25c | ITER: 5 START
2019-10-29 00:00:00.582 141 INFO rally.task.runner [-] Task 3df1bc8e-e7ee-465c-9c45-0d307c75f25c | ITER: 1 END: OK
2019-10-29 00:00:00.584 146 INFO rally.task.runner [-] Task 3df1bc8e-e7ee-465c-9c45-0d307c75f25c | ITER: 4 END: OK
2019-10-29 00:00:00.586 141 INFO rally.task.runner [-] Task 3df1bc8e-e7ee-465c-9c45-0d307c75f25c | ITER: 6 START
2019-10-29 00:00:00.589 146 INFO rally.task.runner [-] Task 3df1bc8e-e7ee-465c-9c45-0d307c75f25c | ITER: 7 START
2019-10-29 00:00:00.672 143 INFO rally.task.runner [-] Task 3df1bc8e-e7ee-465c-9c45-0d307c75f25c | ITER: 3 END: OK
2019-10-29 00:00:00.677 143 INFO rally.task.runner [-] Task 3df1bc8e-e7ee-465c-9c45-0d307c75f25c | ITER: 8 START
2019-10-29 00:00:01.212 141 INFO rally.task.runner [-] Task 3df1bc8e-e7ee-465c-9c45-0d307c75f25c | ITER: 6 END: OK
2019-10-29 00:00:01.216 141 INFO rally.task.runner [-] Task 3df1bc8e-e7ee-465c-9c45-0d307c75f25c | ITER: 9 START
2019-10-29 00:00:01.303 143 INFO rally.task.runner [-] Task 3df1bc8e-e7ee-465c-9c45-0d307c75f25c | ITER: 8 END: OK
2019-10-29 00:00:01.307 143 INFO rally.task.runner [-] Task 3df1bc8e-e7ee-465c-9c45-0d307c75f25c | ITER: 10 START
2019-10-29 00:00:01.308 142 INFO rally.task.runner [-] Task 3df1bc8e-e7ee-465c-9c45-0d307c75f25c | ITER: 5 END: OK
2019-10-29 00:00:01.317 146 INFO rally.task.runner [-] Task 3df1bc8e-e7ee-465c-9c45-0d307c75f25c | ITER: 7 END: OK
2019-10-29 00:00:01.837 141 INFO rally.task.runner [-] Task 3df1bc8e-e7ee-465c-9c45-0d307c75f25c | ITER: 9 END: OK
2019-10-29 00:00:01.930 143 INFO rally.task.runner [-] Task 3df1bc8e-e7ee-465c-9c45-0d307c75f25c | ITER: 10 END: OK
2019-10-29 00:00:01.956 17 INFO rally.task.context [-] Task 3df1bc8e-e7ee-465c-9c45-0d307c75f25c | Context users@openstack cleanup() started
2019-10-29 00:00:06.499 17 INFO rally.task.context [-] Task 3df1bc8e-e7ee-465c-9c45-0d307c75f25c | Context users@openstack cleanup() finished in 4.54 sec
2019-10-29 00:00:07.387 17 INFO rally.task.engine [-] Load duration is: 2.057398
2019-10-29 00:00:07.388 17 INFO rally.task.engine [-] Full runner duration is: 2.10609
2019-10-29 00:00:07.388 17 INFO rally.task.engine [-] Full duration is: 9.196549
2019-10-29 00:00:07.706 17 INFO rally.task.engine [-] Running workload: position = 0 config = { "version": 2, "title": "A cropped version of a bigger task.", "description": "Auto-generated task from a single workload (uuid=19ac56b8-d457-4d6c-8480-4af2bdfb39a3)", "subtasks": [ { "title": "Authenticate.validate_cinder", "description": "Check Cinder Client to ensure validation of token.", "scenario": { "Authenticate.validate_cinder": { "repetitions": 2 } }, "contexts": { "users": { "tenants": 3, "users_per_tenant": 2 } }, "runner": { "constant": { "concurrency": 4, "times": 10 } }, "hooks": [], "sla": { "failure_rate": { "max": 0 } } } ] }
2019-10-29 00:00:07.730 17 RALLYDEBUG rally_openstack.contexts.keystone.users [-] Creating 3 tenants using 20 threads
2019-10-29 00:00:08.742 17 RALLYDEBUG rally_openstack.contexts.keystone.users [-] Creating 6 users using 20 threads
2019-10-29 00:00:10.281 17 INFO rally.task.context [-] Task 3df1bc8e-e7ee-465c-9c45-0d307c75f25c | Context users@openstack setup() finished in 2.55 sec
2019-10-29 00:00:10.291 17 RALLYDEBUG rally.task.runner [-] Starting the constant runner (task UUID: 3df1bc8e-e7ee-465c-9c45-0d307c75f25c). times: 10 concurrency: 4 timeout: 0 max_cpu_used: 16 processes_to_start: 4 concurrency_per_worker: 1 concurrency_overhead: 0
2019-10-29 00:00:10.302 245 RALLYDEBUG rally.task.runner [-] Starting a worker. times: 10 duration: None concurrency: 1 timeout: 0 cls: method_name: run args: {"repetitions": 2}
2019-10-29 00:00:10.306 246 RALLYDEBUG rally.task.runner [-] Starting a worker. times: 10 duration: None concurrency: 1 timeout: 0 cls: method_name: run args: {"repetitions": 2}
2019-10-29 00:00:10.309 245 INFO rally.task.runner [-] Task 3df1bc8e-e7ee-465c-9c45-0d307c75f25c | ITER: 1 START
2019-10-29 00:00:10.310 247 RALLYDEBUG rally.task.runner [-] Starting a worker. times: 10 duration: None concurrency: 1 timeout: 0 cls: method_name: run args: {"repetitions": 2}
2019-10-29 00:00:10.312 246 INFO rally.task.runner [-] Task 3df1bc8e-e7ee-465c-9c45-0d307c75f25c | ITER: 2 START
2019-10-29 00:00:10.313 250 RALLYDEBUG rally.task.runner [-] Starting a worker. times: 10 duration: None concurrency: 1 timeout: 0 cls: method_name: run args: {"repetitions": 2}
2019-10-29 00:00:10.316 247 INFO rally.task.runner [-] Task 3df1bc8e-e7ee-465c-9c45-0d307c75f25c | ITER: 3 START
2019-10-29 00:00:10.318 250 INFO rally.task.runner [-] Task 3df1bc8e-e7ee-465c-9c45-0d307c75f25c | ITER: 4 START
2019-10-29 00:00:10.928 250 INFO rally.task.runner [-] Task 3df1bc8e-e7ee-465c-9c45-0d307c75f25c | ITER: 4 END: OK
2019-10-29 00:00:10.929 247 INFO rally.task.runner [-] Task 3df1bc8e-e7ee-465c-9c45-0d307c75f25c | ITER: 3 END: OK
2019-10-29 00:00:10.930 245 INFO rally.task.runner [-] Task 3df1bc8e-e7ee-465c-9c45-0d307c75f25c | ITER: 1 END: OK
2019-10-29 00:00:10.933 250 INFO rally.task.runner [-] Task 3df1bc8e-e7ee-465c-9c45-0d307c75f25c | ITER: 5 START
2019-10-29 00:00:10.934 245 INFO rally.task.runner [-] Task 3df1bc8e-e7ee-465c-9c45-0d307c75f25c | ITER: 7 START
2019-10-29 00:00:10.934 247 INFO rally.task.runner [-] Task 3df1bc8e-e7ee-465c-9c45-0d307c75f25c | ITER: 6 START
2019-10-29 00:00:10.934 246 INFO rally.task.runner [-] Task 3df1bc8e-e7ee-465c-9c45-0d307c75f25c | ITER: 2 END: OK
2019-10-29 00:00:10.938 246 INFO rally.task.runner [-] Task 3df1bc8e-e7ee-465c-9c45-0d307c75f25c | ITER: 8 START
2019-10-29 00:00:11.321 245 INFO rally.task.runner [-] Task 3df1bc8e-e7ee-465c-9c45-0d307c75f25c | ITER: 7 END: OK
2019-10-29 00:00:11.325 245 INFO rally.task.runner [-] Task 3df1bc8e-e7ee-465c-9c45-0d307c75f25c | ITER: 9 START
2019-10-29 00:00:11.327 250 INFO rally.task.runner [-] Task 3df1bc8e-e7ee-465c-9c45-0d307c75f25c | ITER: 5 END: OK
2019-10-29 00:00:11.331 250 INFO rally.task.runner [-] Task 3df1bc8e-e7ee-465c-9c45-0d307c75f25c | ITER: 10 START
2019-10-29 00:00:11.413 246 INFO rally.task.runner [-] Task 3df1bc8e-e7ee-465c-9c45-0d307c75f25c | ITER: 8 END: OK
2019-10-29 00:00:11.454 247 INFO rally.task.runner [-] Task 3df1bc8e-e7ee-465c-9c45-0d307c75f25c | ITER: 6 END: OK
2019-10-29 00:00:11.701 245 INFO rally.task.runner [-] Task 3df1bc8e-e7ee-465c-9c45-0d307c75f25c | ITER: 9 END: OK
2019-10-29 00:00:11.808 250 INFO rally.task.runner [-] Task 3df1bc8e-e7ee-465c-9c45-0d307c75f25c | ITER: 10 END: OK
2019-10-29 00:00:11.835 17 INFO rally.task.context [-] Task 3df1bc8e-e7ee-465c-9c45-0d307c75f25c | Context users@openstack cleanup() started
2019-10-29 00:00:15.997 17 INFO rally.task.context [-] Task 3df1bc8e-e7ee-465c-9c45-0d307c75f25c | Context users@openstack cleanup() finished in 4.16 sec
2019-10-29 00:00:17.804 17 INFO rally.task.engine [-] Load duration is: 1.497165
2019-10-29 00:00:17.804 17 INFO rally.task.engine [-] Full runner duration is: 1.544762
2019-10-29 00:00:17.805 17 INFO rally.task.engine [-] Full duration is: 8.268995
2019-10-29 00:00:18.183 17 INFO rally.task.engine [-] Running workload: position = 0 config = { "version": 2, "title": "A cropped version of a bigger task.", "description": "Auto-generated task from a single workload (uuid=d72882b5-ce04-4bd9-ad21-77d41af6d8d0)", "subtasks": [ { "title": "Authenticate.validate_glance", "description": "Check Glance Client to ensure validation of token.", "scenario": { "Authenticate.validate_glance": { "repetitions": 2 } }, "contexts": { "users": { "tenants": 3, "users_per_tenant": 2 } }, "runner": { "constant": { "concurrency": 4, "times": 10 } }, "hooks": [], "sla": { "failure_rate": { "max": 0 } } } ] }
2019-10-29 00:00:18.207 17 RALLYDEBUG rally_openstack.contexts.keystone.users [-] Creating 3 tenants using 20 threads
2019-10-29 00:00:19.211 17 RALLYDEBUG rally_openstack.contexts.keystone.users [-] Creating 6 users using 20 threads
2019-10-29 00:00:20.744 17 INFO rally.task.context [-] Task 3df1bc8e-e7ee-465c-9c45-0d307c75f25c | Context users@openstack setup() finished in 2.54 sec
2019-10-29 00:00:20.754 17 RALLYDEBUG rally.task.runner [-] Starting the constant runner (task UUID: 3df1bc8e-e7ee-465c-9c45-0d307c75f25c). times: 10 concurrency: 4 timeout: 0 max_cpu_used: 16 processes_to_start: 4 concurrency_per_worker: 1 concurrency_overhead: 0
2019-10-29 00:00:20.766 349 RALLYDEBUG rally.task.runner [-] Starting a worker. times: 10 duration: None concurrency: 1 timeout: 0 cls: method_name: run args: {"repetitions": 2}
2019-10-29 00:00:20.769 350 RALLYDEBUG rally.task.runner [-] Starting a worker. times: 10 duration: None concurrency: 1 timeout: 0 cls: method_name: run args: {"repetitions": 2}
2019-10-29 00:00:20.772 349 INFO rally.task.runner [-] Task 3df1bc8e-e7ee-465c-9c45-0d307c75f25c | ITER: 1 START
2019-10-29 00:00:20.772 351 RALLYDEBUG rally.task.runner [-] Starting a worker. times: 10 duration: None concurrency: 1 timeout: 0 cls: method_name: run args: {"repetitions": 2}
2019-10-29 00:00:20.776 350 INFO rally.task.runner [-] Task 3df1bc8e-e7ee-465c-9c45-0d307c75f25c | ITER: 2 START
2019-10-29 00:00:20.775 352 RALLYDEBUG rally.task.runner [-] Starting a worker. times: 10 duration: None concurrency: 1 timeout: 0 cls: method_name: run args: {"repetitions": 2}
2019-10-29 00:00:20.777 351 INFO rally.task.runner [-] Task 3df1bc8e-e7ee-465c-9c45-0d307c75f25c | ITER: 3 START
2019-10-29 00:00:20.781 352 INFO rally.task.runner [-] Task 3df1bc8e-e7ee-465c-9c45-0d307c75f25c | ITER: 4 START
2019-10-29 00:00:21.424 350 INFO rally.task.runner [-] Task 3df1bc8e-e7ee-465c-9c45-0d307c75f25c | ITER: 2 END: OK
2019-10-29 00:00:21.424 352 INFO rally.task.runner [-] Task 3df1bc8e-e7ee-465c-9c45-0d307c75f25c | ITER: 4 END: OK
2019-10-29 00:00:21.428 352 INFO rally.task.runner [-] Task 3df1bc8e-e7ee-465c-9c45-0d307c75f25c | ITER: 5 START
2019-10-29 00:00:21.429 350 INFO rally.task.runner [-] Task 3df1bc8e-e7ee-465c-9c45-0d307c75f25c | ITER: 6 START
2019-10-29 00:00:21.706 349 INFO rally.task.runner [-] Task 3df1bc8e-e7ee-465c-9c45-0d307c75f25c | ITER: 1 END: OK
2019-10-29 00:00:21.706 351 INFO rally.task.runner [-] Task 3df1bc8e-e7ee-465c-9c45-0d307c75f25c | ITER: 3 END: OK
2019-10-29 00:00:21.710 349 INFO rally.task.runner [-] Task 3df1bc8e-e7ee-465c-9c45-0d307c75f25c | ITER: 7 START
2019-10-29 00:00:21.710 351 INFO rally.task.runner [-] Task 3df1bc8e-e7ee-465c-9c45-0d307c75f25c | ITER: 8 START
2019-10-29 00:00:21.887 352 INFO rally.task.runner [-] Task 3df1bc8e-e7ee-465c-9c45-0d307c75f25c | ITER: 5 END: OK
2019-10-29 00:00:21.891 352 INFO rally.task.runner [-] Task 3df1bc8e-e7ee-465c-9c45-0d307c75f25c | ITER: 9 START
2019-10-29 00:00:22.130 349 INFO rally.task.runner [-] Task 3df1bc8e-e7ee-465c-9c45-0d307c75f25c | ITER: 7 END: OK
2019-10-29 00:00:22.134 349 INFO rally.task.runner [-] Task 3df1bc8e-e7ee-465c-9c45-0d307c75f25c | ITER: 10 START
2019-10-29 00:00:22.237 351 INFO rally.task.runner [-] Task 3df1bc8e-e7ee-465c-9c45-0d307c75f25c | ITER: 8 END: OK
2019-10-29 00:00:22.244 350 INFO rally.task.runner [-] Task 3df1bc8e-e7ee-465c-9c45-0d307c75f25c | ITER: 6 END: OK
2019-10-29 00:00:22.307 352 INFO rally.task.runner [-] Task 3df1bc8e-e7ee-465c-9c45-0d307c75f25c | ITER: 9 END: OK
2019-10-29 00:00:22.621 349 INFO rally.task.runner [-] Task 3df1bc8e-e7ee-465c-9c45-0d307c75f25c | ITER: 10 END: OK
2019-10-29 00:00:22.646 17 INFO rally.task.context [-] Task 3df1bc8e-e7ee-465c-9c45-0d307c75f25c | Context users@openstack cleanup() started
2019-10-29 00:00:26.977 17 INFO rally.task.context [-] Task 3df1bc8e-e7ee-465c-9c45-0d307c75f25c | Context users@openstack cleanup() finished in 4.33 sec
2019-10-29 00:00:28.282 17 INFO rally.task.engine [-] Load duration is: 1.84799
2019-10-29 00:00:28.283 17 INFO rally.task.engine [-] Full runner duration is: 1.892477
2019-10-29 00:00:28.283 17 INFO rally.task.engine [-] Full duration is: 8.771675
2019-10-29 00:00:28.838 17 INFO rally.task.engine [-] Running workload: position = 0 config = { "version": 2, "title": "A cropped version of a bigger task.", "description": "Auto-generated task from a single workload (uuid=d7a9032b-da95-4572-b076-1028d2276fef)", "subtasks": [ { "title": "Authenticate.validate_heat", "description": "Check Heat Client to ensure validation of token.", "scenario": { "Authenticate.validate_heat": { "repetitions": 2 } }, "contexts": { "users": { "tenants": 3, "users_per_tenant": 2 } }, "runner": { "constant": { "concurrency": 4, "times": 10 } }, "hooks": [], "sla": { "failure_rate": { "max": 0 } } } ] }
2019-10-29 00:00:28.860 17 RALLYDEBUG rally_openstack.contexts.keystone.users [-] Creating 3 tenants using 20 threads
2019-10-29 00:00:29.884 17 RALLYDEBUG rally_openstack.contexts.keystone.users [-] Creating 6 users using 20 threads
2019-10-29 00:00:31.444 17 INFO rally.task.context [-] Task 3df1bc8e-e7ee-465c-9c45-0d307c75f25c | Context users@openstack setup() finished in 2.58 sec
2019-10-29 00:00:31.454 17 RALLYDEBUG rally.task.runner [-] Starting the constant runner (task UUID: 3df1bc8e-e7ee-465c-9c45-0d307c75f25c). times: 10 concurrency: 4 timeout: 0 max_cpu_used: 16 processes_to_start: 4 concurrency_per_worker: 1 concurrency_overhead: 0
2019-10-29 00:00:31.466 453 RALLYDEBUG rally.task.runner [-] Starting a worker. times: 10 duration: None concurrency: 1 timeout: 0 cls: method_name: run args: {"repetitions": 2}
2019-10-29 00:00:31.468 454 RALLYDEBUG rally.task.runner [-] Starting a worker. times: 10 duration: None concurrency: 1 timeout: 0 cls: method_name: run args: {"repetitions": 2}
2019-10-29 00:00:31.472 453 INFO rally.task.runner [-] Task 3df1bc8e-e7ee-465c-9c45-0d307c75f25c | ITER: 1 START
2019-10-29 00:00:31.472 455 RALLYDEBUG rally.task.runner [-] Starting a worker. times: 10 duration: None concurrency: 1 timeout: 0 cls: method_name: run args: {"repetitions": 2}
2019-10-29 00:00:31.474 454 INFO rally.task.runner [-] Task 3df1bc8e-e7ee-465c-9c45-0d307c75f25c | ITER: 2 START
2019-10-29 00:00:31.476 456 RALLYDEBUG rally.task.runner [-] Starting a worker. times: 10 duration: None concurrency: 1 timeout: 0 cls: method_name: run args: {"repetitions": 2}
2019-10-29 00:00:31.479 455 INFO rally.task.runner [-] Task 3df1bc8e-e7ee-465c-9c45-0d307c75f25c | ITER: 3 START
2019-10-29 00:00:31.482 456 INFO rally.task.runner [-] Task 3df1bc8e-e7ee-465c-9c45-0d307c75f25c | ITER: 4 START
2019-10-29 00:00:32.366 454 INFO rally.task.runner [-] Task 3df1bc8e-e7ee-465c-9c45-0d307c75f25c | ITER: 2 END: OK
2019-10-29 00:00:32.370 454 INFO rally.task.runner [-] Task 3df1bc8e-e7ee-465c-9c45-0d307c75f25c | ITER: 5 START
2019-10-29 00:00:32.397 456 INFO rally.task.runner [-] Task 3df1bc8e-e7ee-465c-9c45-0d307c75f25c | ITER: 4 END: OK
2019-10-29 00:00:32.401 456 INFO rally.task.runner [-] Task 3df1bc8e-e7ee-465c-9c45-0d307c75f25c | ITER: 6 START
2019-10-29 00:00:32.412 453 INFO rally.task.runner [-] Task 3df1bc8e-e7ee-465c-9c45-0d307c75f25c | ITER: 1 END: OK
2019-10-29 00:00:32.413 455 INFO rally.task.runner [-] Task 3df1bc8e-e7ee-465c-9c45-0d307c75f25c | ITER: 3 END: OK
2019-10-29 00:00:32.417 453 INFO rally.task.runner [-] Task 3df1bc8e-e7ee-465c-9c45-0d307c75f25c | ITER: 7 START
2019-10-29 00:00:32.418 455 INFO rally.task.runner [-] Task 3df1bc8e-e7ee-465c-9c45-0d307c75f25c | ITER: 8 START
2019-10-29 00:00:32.790 453 INFO rally.task.runner [-] Task 3df1bc8e-e7ee-465c-9c45-0d307c75f25c | ITER: 7 END: OK
2019-10-29 00:00:32.793 453 INFO rally.task.runner [-] Task 3df1bc8e-e7ee-465c-9c45-0d307c75f25c | ITER: 9 START
2019-10-29 00:00:33.152 456 INFO rally.task.runner [-] Task 3df1bc8e-e7ee-465c-9c45-0d307c75f25c | ITER: 6 END: OK
2019-10-29 00:00:33.156 456 INFO rally.task.runner [-] Task 3df1bc8e-e7ee-465c-9c45-0d307c75f25c | ITER: 10 START
2019-10-29 00:00:33.175 455 INFO rally.task.runner [-] Task 3df1bc8e-e7ee-465c-9c45-0d307c75f25c | ITER: 8 END: OK
2019-10-29 00:00:33.175 454 INFO rally.task.runner [-] Task 3df1bc8e-e7ee-465c-9c45-0d307c75f25c | ITER: 5 END: OK
2019-10-29 00:00:33.216 453 INFO rally.task.runner [-] Task 3df1bc8e-e7ee-465c-9c45-0d307c75f25c | ITER: 9 END: OK
2019-10-29 00:00:33.674 456 INFO rally.task.runner [-] Task 3df1bc8e-e7ee-465c-9c45-0d307c75f25c | ITER: 10 END: OK
2019-10-29 00:00:33.696 17 INFO rally.task.context [-] Task 3df1bc8e-e7ee-465c-9c45-0d307c75f25c | Context users@openstack cleanup() started
2019-10-29 00:00:37.883 17 INFO rally.task.context [-] Task 3df1bc8e-e7ee-465c-9c45-0d307c75f25c | Context users@openstack cleanup() finished in 4.19 sec
2019-10-29 00:00:38.969 17 INFO rally.task.engine [-] Load duration is: 2.200148
2019-10-29 00:00:38.969 17 INFO rally.task.engine [-] Full runner duration is: 2.242795
2019-10-29 00:00:38.970 17 INFO rally.task.engine [-] Full duration is: 9.025388
2019-10-29 00:00:39.537 17 INFO rally.task.engine [-] Running workload: position = 0 config = { "version": 2, "title": "A cropped version of a bigger task.", "description": "Auto-generated task from a single workload (uuid=9b5df472-34ea-47fd-b3a9-2e2781ddc632)", "subtasks": [ { "title": "Authenticate.validate_neutron", "description": "Check Neutron Client to ensure validation of token.", "scenario": { "Authenticate.validate_neutron": { "repetitions": 2 } }, "contexts": { "users": { "tenants": 3, "users_per_tenant": 2 } }, "runner": { "constant": { "concurrency": 4, "times": 10 } }, "hooks": [], "sla": { "failure_rate": { "max": 0 } } } ] }
2019-10-29 00:00:39.561 17 RALLYDEBUG rally_openstack.contexts.keystone.users [-] Creating 3 tenants using 20 threads
2019-10-29 00:00:40.599 17 RALLYDEBUG rally_openstack.contexts.keystone.users [-] Creating 6 users using 20 threads
2019-10-29 00:00:42.160 17 INFO rally.task.context [-] Task 3df1bc8e-e7ee-465c-9c45-0d307c75f25c | Context users@openstack setup() finished in 2.60 sec
2019-10-29 00:00:42.169 17 RALLYDEBUG rally.task.runner [-] Starting the constant runner (task UUID: 3df1bc8e-e7ee-465c-9c45-0d307c75f25c). times: 10 concurrency: 4 timeout: 0 max_cpu_used: 16 processes_to_start: 4 concurrency_per_worker: 1 concurrency_overhead: 0
2019-10-29 00:00:42.181 557 RALLYDEBUG rally.task.runner [-] Starting a worker. times: 10 duration: None concurrency: 1 timeout: 0 cls: method_name: run args: {"repetitions": 2}
2019-10-29 00:00:42.184 558 RALLYDEBUG rally.task.runner [-] Starting a worker. times: 10 duration: None concurrency: 1 timeout: 0 cls: method_name: run args: {"repetitions": 2}
2019-10-29 00:00:42.187 557 INFO rally.task.runner [-] Task 3df1bc8e-e7ee-465c-9c45-0d307c75f25c | ITER: 1 START
2019-10-29 00:00:42.188 559 RALLYDEBUG rally.task.runner [-] Starting a worker. times: 10 duration: None concurrency: 1 timeout: 0 cls: method_name: run args: {"repetitions": 2}
2019-10-29 00:00:42.191 558 INFO rally.task.runner [-] Task 3df1bc8e-e7ee-465c-9c45-0d307c75f25c | ITER: 2 START
2019-10-29 00:00:42.191 562 RALLYDEBUG rally.task.runner [-] Starting a worker. times: 10 duration: None concurrency: 1 timeout: 0 cls: method_name: run args: {"repetitions": 2}
2019-10-29 00:00:42.194 559 INFO rally.task.runner [-] Task 3df1bc8e-e7ee-465c-9c45-0d307c75f25c | ITER: 3 START
2019-10-29 00:00:42.198 562 INFO rally.task.runner [-] Task 3df1bc8e-e7ee-465c-9c45-0d307c75f25c | ITER: 4 START
2019-10-29 00:00:42.976 559 INFO rally.task.runner [-] Task 3df1bc8e-e7ee-465c-9c45-0d307c75f25c | ITER: 3 END: OK
2019-10-29 00:00:42.980 559 INFO rally.task.runner [-] Task 3df1bc8e-e7ee-465c-9c45-0d307c75f25c | ITER: 5 START
2019-10-29 00:00:42.999 562 INFO rally.task.runner [-] Task 3df1bc8e-e7ee-465c-9c45-0d307c75f25c | ITER: 4 END: OK
2019-10-29 00:00:43.003 562 INFO rally.task.runner [-] Task 3df1bc8e-e7ee-465c-9c45-0d307c75f25c | ITER: 6 START
2019-10-29 00:00:43.074 558 INFO rally.task.runner [-] Task 3df1bc8e-e7ee-465c-9c45-0d307c75f25c | ITER: 2 END: OK
2019-10-29 00:00:43.078 558 INFO rally.task.runner [-] Task 3df1bc8e-e7ee-465c-9c45-0d307c75f25c | ITER: 7 START
2019-10-29 00:00:43.081 557 INFO rally.task.runner [-] Task 3df1bc8e-e7ee-465c-9c45-0d307c75f25c | ITER: 1 END: OK
2019-10-29 00:00:43.085 557 INFO rally.task.runner [-] Task 3df1bc8e-e7ee-465c-9c45-0d307c75f25c | ITER: 8 START
2019-10-29 00:00:43.542 562 INFO rally.task.runner [-] Task 3df1bc8e-e7ee-465c-9c45-0d307c75f25c | ITER: 6 END: OK
2019-10-29 00:00:43.546 562 INFO rally.task.runner [-] Task 3df1bc8e-e7ee-465c-9c45-0d307c75f25c | ITER: 9 START
2019-10-29 00:00:43.644 559 INFO rally.task.runner [-] Task 3df1bc8e-e7ee-465c-9c45-0d307c75f25c | ITER: 5 END: OK
2019-10-29 00:00:43.648 559 INFO rally.task.runner [-] Task 3df1bc8e-e7ee-465c-9c45-0d307c75f25c | ITER: 10 START
2019-10-29 00:00:43.747 558 INFO rally.task.runner [-] Task 3df1bc8e-e7ee-465c-9c45-0d307c75f25c | ITER: 7 END: OK
2019-10-29 00:00:43.916 557 INFO rally.task.runner [-] Task 3df1bc8e-e7ee-465c-9c45-0d307c75f25c | ITER: 8 END: OK
2019-10-29 00:00:44.241 559 INFO rally.task.runner [-] Task 3df1bc8e-e7ee-465c-9c45-0d307c75f25c | ITER: 10 END: OK
2019-10-29 00:00:44.434 562 INFO rally.task.runner [-] Task 3df1bc8e-e7ee-465c-9c45-0d307c75f25c | ITER: 9 END: OK
2019-10-29 00:00:44.458 17 INFO rally.task.context [-] Task 3df1bc8e-e7ee-465c-9c45-0d307c75f25c | Context users@openstack cleanup() started
2019-10-29 00:00:48.856 17 INFO rally.task.context [-] Task 3df1bc8e-e7ee-465c-9c45-0d307c75f25c | Context users@openstack cleanup() finished in 4.40 sec
2019-10-29 00:00:49.661 17 INFO rally.task.engine [-] Load duration is: 2.24569
2019-10-29 00:00:49.661 17 INFO rally.task.engine [-] Full runner duration is: 2.289978
2019-10-29 00:00:49.662 17 INFO rally.task.engine [-] Full duration is: 9.298237
2019-10-29 00:00:50.246 17 INFO rally.task.engine [-] Running workload: position = 0 config = { "version": 2, "title": "A cropped version of a bigger task.", "description": "Auto-generated task from a single workload (uuid=2b4055cb-c053-44eb-a8ab-ea4084037581)", "subtasks": [ { "title": "Authenticate.validate_nova", "description": "Check Nova Client to ensure validation of token.", "scenario": { "Authenticate.validate_nova": { "repetitions": 2 } }, "contexts": { "users": { "tenants": 3, "users_per_tenant": 2 } }, "runner": { "constant": { "concurrency": 4, "times": 10 } }, "hooks": [], "sla": { "failure_rate": { "max": 0 } } } ] }
2019-10-29 00:00:50.272 17 RALLYDEBUG rally_openstack.contexts.keystone.users [-] Creating 3 tenants using 20 threads
2019-10-29 00:00:51.186 17 RALLYDEBUG rally_openstack.contexts.keystone.users [-] Creating 6 users using 20 threads
2019-10-29 00:00:52.871 17 INFO rally.task.context [-] Task 3df1bc8e-e7ee-465c-9c45-0d307c75f25c | Context users@openstack setup() finished in 2.60 sec
2019-10-29 00:00:52.881 17 RALLYDEBUG rally.task.runner [-] Starting the constant runner (task UUID: 3df1bc8e-e7ee-465c-9c45-0d307c75f25c). times: 10 concurrency: 4 timeout: 0 max_cpu_used: 16 processes_to_start: 4 concurrency_per_worker: 1 concurrency_overhead: 0
2019-10-29 00:00:52.893 661 RALLYDEBUG rally.task.runner [-] Starting a worker. times: 10 duration: None concurrency: 1 timeout: 0 cls: method_name: run args: {"repetitions": 2}
2019-10-29 00:00:52.896 662 RALLYDEBUG rally.task.runner [-] Starting a worker. times: 10 duration: None concurrency: 1 timeout: 0 cls: method_name: run args: {"repetitions": 2}
2019-10-29 00:00:52.900 661 INFO rally.task.runner [-] Task 3df1bc8e-e7ee-465c-9c45-0d307c75f25c | ITER: 1 START
2019-10-29 00:00:52.901 662 INFO rally.task.runner [-] Task 3df1bc8e-e7ee-465c-9c45-0d307c75f25c | ITER: 2 START
2019-10-29 00:00:52.900 663 RALLYDEBUG rally.task.runner [-] Starting a worker. times: 10 duration: None concurrency: 1 timeout: 0 cls: method_name: run args: {"repetitions": 2}
2019-10-29 00:00:52.904 664 RALLYDEBUG rally.task.runner [-] Starting a worker. times: 10 duration: None concurrency: 1 timeout: 0 cls: method_name: run args: {"repetitions": 2}
2019-10-29 00:00:52.907 663 INFO rally.task.runner [-] Task 3df1bc8e-e7ee-465c-9c45-0d307c75f25c | ITER: 3 START
2019-10-29 00:00:52.910 664 INFO rally.task.runner [-] Task 3df1bc8e-e7ee-465c-9c45-0d307c75f25c | ITER: 4 START
2019-10-29 00:00:53.591 661 INFO rally.task.runner [-] Task 3df1bc8e-e7ee-465c-9c45-0d307c75f25c | ITER: 1 END: OK
2019-10-29 00:00:53.596 661 INFO rally.task.runner [-] Task 3df1bc8e-e7ee-465c-9c45-0d307c75f25c | ITER: 5 START
2019-10-29 00:00:53.596 664 INFO rally.task.runner [-] Task 3df1bc8e-e7ee-465c-9c45-0d307c75f25c | ITER: 4 END: OK
2019-10-29 00:00:53.599 663 INFO rally.task.runner [-] Task 3df1bc8e-e7ee-465c-9c45-0d307c75f25c | ITER: 3 END: OK
2019-10-29 00:00:53.601 664 INFO rally.task.runner [-] Task 3df1bc8e-e7ee-465c-9c45-0d307c75f25c | ITER: 6 START
2019-10-29 00:00:53.605 663 INFO rally.task.runner [-] Task 3df1bc8e-e7ee-465c-9c45-0d307c75f25c | ITER: 7 START
2019-10-29 00:00:53.626 662 INFO rally.task.runner [-] Task 3df1bc8e-e7ee-465c-9c45-0d307c75f25c | ITER: 2 END: OK
2019-10-29 00:00:53.629 662 INFO rally.task.runner [-] Task 3df1bc8e-e7ee-465c-9c45-0d307c75f25c | ITER: 8 START
2019-10-29 00:00:53.990 661 INFO rally.task.runner [-] Task 3df1bc8e-e7ee-465c-9c45-0d307c75f25c | ITER: 5 END: OK
2019-10-29 00:00:53.993 661 INFO rally.task.runner [-] Task 3df1bc8e-e7ee-465c-9c45-0d307c75f25c | ITER: 9 START
2019-10-29 00:00:54.072 664 INFO rally.task.runner [-] Task 3df1bc8e-e7ee-465c-9c45-0d307c75f25c | ITER: 6 END: OK
2019-10-29 00:00:54.075 664 INFO rally.task.runner [-] Task 3df1bc8e-e7ee-465c-9c45-0d307c75f25c | ITER: 10 START
2019-10-29 00:00:54.082 663 INFO rally.task.runner [-] Task 3df1bc8e-e7ee-465c-9c45-0d307c75f25c | ITER: 7 END: OK
2019-10-29 00:00:54.169 662 INFO rally.task.runner [-] Task 3df1bc8e-e7ee-465c-9c45-0d307c75f25c | ITER: 8 END: OK
2019-10-29 00:00:54.390 661 INFO rally.task.runner [-] Task 3df1bc8e-e7ee-465c-9c45-0d307c75f25c | ITER: 9 END: OK
2019-10-29 00:00:54.467 664 INFO rally.task.runner [-] Task 3df1bc8e-e7ee-465c-9c45-0d307c75f25c | ITER: 10 END: OK
2019-10-29 00:00:54.491 17 INFO rally.task.context [-] Task 3df1bc8e-e7ee-465c-9c45-0d307c75f25c | Context users@openstack cleanup() started
2019-10-29 00:00:59.058 17 INFO rally.task.context [-] Task 3df1bc8e-e7ee-465c-9c45-0d307c75f25c | Context users@openstack cleanup() finished in 4.57 sec
2019-10-29 00:01:00.362 17 INFO rally.task.engine [-] Load duration is: 1.56466
2019-10-29 00:01:00.362 17 INFO rally.task.engine [-] Full runner duration is: 1.611562
2019-10-29 00:01:00.363 17 INFO rally.task.engine [-] Full duration is: 8.788252
2019-10-29 00:01:00.857 17 INFO rally.task.engine [-] Task 3df1bc8e-e7ee-465c-9c45-0d307c75f25c | Completed: Running task.
2019-10-29 00:01:02.322 723 RALLYDEBUG rally.api [-] INFO logs from urllib3 and requests module are hide.
2019-10-29 00:01:02.323 723 RALLYDEBUG rally.api [-] urllib3 insecure warnings are hidden.
2019-10-29 00:01:02.323 723 RALLYDEBUG rally.api [-] ERROR log from boto module is hide.
2019-10-29 00:01:03.362 724 RALLYDEBUG rally.api [-] INFO logs from urllib3 and requests module are hide.
2019-10-29 00:01:03.362 724 RALLYDEBUG rally.api [-] urllib3 insecure warnings are hidden.
2019-10-29 00:01:03.362 724 RALLYDEBUG rally.api [-] ERROR log from boto module is hide.
2019-10-29 00:01:04.431 725 RALLYDEBUG rally.api [-] INFO logs from urllib3 and requests module are hide.
2019-10-29 00:01:04.431 725 RALLYDEBUG rally.api [-] urllib3 insecure warnings are hidden.
2019-10-29 00:01:04.431 725 RALLYDEBUG rally.api [-] ERROR log from boto module is hide.
2019-10-29 00:01:06.140 725 INFO rally.api [-] Building 'json' report for the following task(s): '3df1bc8e-e7ee-465c-9c45-0d307c75f25c'.
2019-10-29 00:01:06.148 725 INFO rally.api [-] The report has been successfully built.
2019-10-29 00:01:07.498 727 RALLYDEBUG rally.api [-] INFO logs from urllib3 and requests module are hide.
2019-10-29 00:01:07.499 727 RALLYDEBUG rally.api [-] urllib3 insecure warnings are hidden.
2019-10-29 00:01:07.499 727 RALLYDEBUG rally.api [-] ERROR log from boto module is hide.
2019-10-29 00:01:09.440 727 INFO rally.task.engine [-] Task 1a29150a-d69b-4725-b80b-853984d28fae | Starting: Task validation.
2019-10-29 00:01:09.525 727 INFO rally.task.engine [-] Task 1a29150a-d69b-4725-b80b-853984d28fae | Starting: Task validation of syntax.
2019-10-29 00:01:09.649 727 INFO rally.task.engine [-] Task 1a29150a-d69b-4725-b80b-853984d28fae | Completed: Task validation of syntax.
2019-10-29 00:01:09.649 727 INFO rally.task.engine [-] Task 1a29150a-d69b-4725-b80b-853984d28fae | Starting: Task validation of required platforms.
2019-10-29 00:01:09.702 727 INFO rally.task.engine [-] Task 1a29150a-d69b-4725-b80b-853984d28fae | Completed: Task validation of required platforms.
2019-10-29 00:01:09.702 727 INFO rally.task.engine [-] Task 1a29150a-d69b-4725-b80b-853984d28fae | Starting: Task validation of semantic.
2019-10-29 00:01:09.702 727 INFO rally.task.engine [-] Check health of the environment 'fd54644d-cf90-477f-9184-e98e06bc8d2e'.
2019-10-29 00:01:10.673 727 INFO rally.task.engine [-] Platform existing@openstack (available: True): OK!
2019-10-29 00:01:10.698 727 RALLYDEBUG rally_openstack.contexts.keystone.users [-] Creating 1 tenants using 20 threads
2019-10-29 00:01:11.511 727 RALLYDEBUG rally_openstack.contexts.keystone.users [-] Creating 1 users using 20 threads
2019-10-29 00:01:12.879 727 INFO rally.task.context [-] Task 1a29150a-d69b-4725-b80b-853984d28fae | Context users@openstack setup() finished in 2.18 sec
2019-10-29 00:01:16.531 727 INFO rally.task.context [-] Task 1a29150a-d69b-4725-b80b-853984d28fae | Context users@openstack cleanup() started
2019-10-29 00:01:19.296 727 INFO rally.task.context [-] Task 1a29150a-d69b-4725-b80b-853984d28fae | Context users@openstack cleanup() finished in 2.76 sec
2019-10-29 00:01:19.296 727 INFO rally.task.engine [-] Task 1a29150a-d69b-4725-b80b-853984d28fae | Completed: Task validation of semantic.
2019-10-29 00:01:19.297 727 INFO rally.task.engine [-] Task 1a29150a-d69b-4725-b80b-853984d28fae | Completed: Task validation.
2019-10-29 00:01:19.297 727 INFO rally.api [-] Task 1a29150a-d69b-4725-b80b-853984d28fae input file is valid.
2019-10-29 00:01:19.297 727 INFO rally.api [-] Run Task 1a29150a-d69b-4725-b80b-853984d28fae against Deployment fd54644d-cf90-477f-9184-e98e06bc8d2e
2019-10-29 00:01:19.298 727 INFO rally.task.engine [-] Task 1a29150a-d69b-4725-b80b-853984d28fae | Starting: Running task.
2019-10-29 00:01:19.601 727 INFO rally.task.engine [-] Running workload: position = 0 config = { "version": 2, "title": "A cropped version of a bigger task.", "description": "Auto-generated task from a single workload (uuid=495a1ddc-9676-4446-a922-1215f6beef27)", "subtasks": [ { "title": "GlanceImages.create_and_delete_image", "description": "Create and then delete an image.", "scenario": { "GlanceImages.create_and_delete_image": { "container_format": "bare", "disk_format": "qcow2", "image_location": "/home/opnfv/functest/images/cirros-0.4.0-x86_64-disk.img" } }, "contexts": { "users": { "tenants": 3, "users_per_tenant": 2 } }, "runner": { "constant": { "concurrency": 4, "times": 10 } }, "hooks": [], "sla": { "failure_rate": { "max": 0 } } } ] }
2019-10-29 00:01:19.623 727 RALLYDEBUG rally_openstack.contexts.keystone.users [-] Creating 3 tenants using 20 threads
2019-10-29 00:01:20.504 727 RALLYDEBUG rally_openstack.contexts.keystone.users [-] Creating 6 users using 20 threads
2019-10-29 00:01:22.054 727 INFO rally.task.context [-] Task 1a29150a-d69b-4725-b80b-853984d28fae | Context users@openstack setup() finished in 2.43 sec
2019-10-29 00:01:22.055 727 INFO rally.task.context [-] Task 1a29150a-d69b-4725-b80b-853984d28fae | Context cleanup@openstack setup() finished in 0.05 msec
2019-10-29 00:01:22.064 727 RALLYDEBUG rally.task.runner [-] Starting the constant runner (task UUID: 1a29150a-d69b-4725-b80b-853984d28fae). times: 10 concurrency: 4 timeout: 0 max_cpu_used: 16 processes_to_start: 4 concurrency_per_worker: 1 concurrency_overhead: 0
2019-10-29 00:01:22.078 851 RALLYDEBUG rally.task.runner [-] Starting a worker. times: 10 duration: None concurrency: 1 timeout: 0 cls: method_name: run args: {"container_format": "bare", "disk_format": "qcow2", "image_location": "/home/opnfv/functest/images/cirros-0.4.0-x86_64-disk.img"}
2019-10-29 00:01:22.081 852 RALLYDEBUG rally.task.runner [-] Starting a worker. times: 10 duration: None concurrency: 1 timeout: 0 cls: method_name: run args: {"container_format": "bare", "disk_format": "qcow2", "image_location": "/home/opnfv/functest/images/cirros-0.4.0-x86_64-disk.img"}
2019-10-29 00:01:22.084 851 INFO rally.task.runner [-] Task 1a29150a-d69b-4725-b80b-853984d28fae | ITER: 1 START
2019-10-29 00:01:22.084 853 RALLYDEBUG rally.task.runner [-] Starting a worker. times: 10 duration: None concurrency: 1 timeout: 0 cls: method_name: run args: {"container_format": "bare", "disk_format": "qcow2", "image_location": "/home/opnfv/functest/images/cirros-0.4.0-x86_64-disk.img"}
2019-10-29 00:01:22.087 852 INFO rally.task.runner [-] Task 1a29150a-d69b-4725-b80b-853984d28fae | ITER: 2 START
2019-10-29 00:01:22.088 854 RALLYDEBUG rally.task.runner [-] Starting a worker. times: 10 duration: None concurrency: 1 timeout: 0 cls: method_name: run args: {"container_format": "bare", "disk_format": "qcow2", "image_location": "/home/opnfv/functest/images/cirros-0.4.0-x86_64-disk.img"}
2019-10-29 00:01:22.091 853 INFO rally.task.runner [-] Task 1a29150a-d69b-4725-b80b-853984d28fae | ITER: 3 START
2019-10-29 00:01:22.094 854 INFO rally.task.runner [-] Task 1a29150a-d69b-4725-b80b-853984d28fae | ITER: 4 START
2019-10-29 00:01:25.066 854 RALLYDEBUG rally.task.utils [-] Waiting for resource '08c64db3-35a2-451e-95f5-02852aecd3f7'. Status changed: NONE => QUEUED in 0.036339521408081055
2019-10-29 00:01:25.067 851 RALLYDEBUG rally.task.utils [-] Waiting for resource '7b8aa0e3-ac36-4817-a4fa-0883ea0ed67e'. Status changed: NONE => QUEUED in 0.038446664810180664
2019-10-29 00:01:25.077 852 RALLYDEBUG rally.task.utils [-] Waiting for resource '622eb95b-1f67-40c7-8108-26d89871c1ac'. Status changed: NONE => QUEUED in 0.042402029037475586
2019-10-29 00:01:25.097 853 RALLYDEBUG rally.task.utils [-] Waiting for resource '328afb44-00a2-4ba7-b885-c8a430b8c287'. Status changed: NONE => QUEUED in 0.03785991668701172
2019-10-29 00:01:25.310 852 RALLYDEBUG rally.task.utils [-] Waiting for resource s_rally_495a1ddc_g9blIxmI. Status changed: QUEUED => ACTIVE in 0.020891189575195312
2019-10-29 00:01:25.317 851 RALLYDEBUG rally.task.utils [-] Waiting for resource s_rally_495a1ddc_nFF4IE90. Status changed: QUEUED => ACTIVE in 0.025350093841552734
2019-10-29 00:01:25.341 854 RALLYDEBUG rally.task.utils [-] Waiting for resource s_rally_495a1ddc_ICYKxRTM. Status changed: QUEUED => ACTIVE in 0.02019977569580078
2019-10-29 00:01:25.377 851 INFO rally.task.runner [-] Task 1a29150a-d69b-4725-b80b-853984d28fae | ITER: 1 END: OK
2019-10-29 00:01:25.381 851 INFO rally.task.runner [-] Task 1a29150a-d69b-4725-b80b-853984d28fae | ITER: 5 START
2019-10-29 00:01:25.385 853 RALLYDEBUG rally.task.utils [-] Waiting for resource s_rally_495a1ddc_emrGzSWZ. Status changed: QUEUED => ACTIVE in 0.019325971603393555
2019-10-29 00:01:25.392 852 INFO rally.task.runner [-] Task 1a29150a-d69b-4725-b80b-853984d28fae | ITER: 2 END: OK
2019-10-29 00:01:25.397 852 INFO rally.task.runner [-] Task 1a29150a-d69b-4725-b80b-853984d28fae | ITER: 6 START
2019-10-29 00:01:25.437 854 INFO rally.task.runner [-] Task 1a29150a-d69b-4725-b80b-853984d28fae | ITER: 4 END: OK
2019-10-29 00:01:25.440 854 INFO rally.task.runner [-] Task 1a29150a-d69b-4725-b80b-853984d28fae | ITER: 7 START
2019-10-29 00:01:25.448 853 INFO rally.task.runner [-] Task 1a29150a-d69b-4725-b80b-853984d28fae | ITER: 3 END: OK
2019-10-29 00:01:25.452 853 INFO rally.task.runner [-] Task 1a29150a-d69b-4725-b80b-853984d28fae | ITER: 8 START
2019-10-29 00:01:28.178 852 RALLYDEBUG rally.task.utils [-] Waiting for resource 'd54fd9bc-7bad-45ee-bcc1-7cf056b979a3'. Status changed: NONE => QUEUED in 0.04204678535461426
2019-10-29 00:01:28.190 853 RALLYDEBUG rally.task.utils [-] Waiting for resource 'f001f9f7-885b-405e-b485-0ed14f170f54'. Status changed: NONE => QUEUED in 0.03939342498779297
2019-10-29 00:01:28.218 851 RALLYDEBUG rally.task.utils [-] Waiting for resource 'fd7a4079-6b34-4a43-9b06-86bb24e70021'. Status changed: NONE => QUEUED in 0.032219648361206055
2019-10-29 00:01:28.220 854 RALLYDEBUG rally.task.utils [-] Waiting for resource '24ef1bb3-e03d-4b98-8efd-6d3df504403b'. Status changed: NONE => QUEUED in 0.03542447090148926
2019-10-29 00:01:28.444 852 RALLYDEBUG rally.task.utils [-] Waiting for resource s_rally_495a1ddc_JSJc33NG. Status changed: QUEUED => ACTIVE in 0.023329496383666992
2019-10-29 00:01:28.533 852 INFO rally.task.runner [-] Task 1a29150a-d69b-4725-b80b-853984d28fae | ITER: 6 END: OK
2019-10-29 00:01:28.536 854 RALLYDEBUG rally.task.utils [-] Waiting for resource s_rally_495a1ddc_bxEOdOui. Status changed: QUEUED => ACTIVE in 0.01789999008178711
2019-10-29 00:01:28.536 852 INFO rally.task.runner [-] Task 1a29150a-d69b-4725-b80b-853984d28fae | ITER: 9 START
2019-10-29 00:01:28.604 854 INFO rally.task.runner [-] Task 1a29150a-d69b-4725-b80b-853984d28fae | ITER: 7 END: OK
2019-10-29 00:01:28.607 854 INFO rally.task.runner [-] Task 1a29150a-d69b-4725-b80b-853984d28fae | ITER: 10 START
2019-10-29 00:01:28.607 853 RALLYDEBUG rally.task.utils [-] Waiting for resource s_rally_495a1ddc_gn0XcTkT. Status changed: QUEUED => ACTIVE in 0.020096778869628906
2019-10-29 00:01:28.617 851 RALLYDEBUG rally.task.utils [-] Waiting for resource s_rally_495a1ddc_YgKHSE0W. Status changed: QUEUED => ACTIVE in 0.019903182983398438
2019-10-29 00:01:28.681 853 INFO rally.task.runner [-] Task 1a29150a-d69b-4725-b80b-853984d28fae | ITER: 8 END: OK
2019-10-29 00:01:28.687 851 INFO rally.task.runner [-] Task 1a29150a-d69b-4725-b80b-853984d28fae | ITER: 5 END: OK
2019-10-29 00:01:31.520 854 RALLYDEBUG rally.task.utils [-] Waiting for resource '5be901e2-72ce-44cd-80c5-13bea159c974'. Status changed: NONE => QUEUED in 0.04222583770751953
2019-10-29 00:01:31.783 854 RALLYDEBUG rally.task.utils [-] Waiting for resource s_rally_495a1ddc_HGPZZLgY. Status changed: QUEUED => ACTIVE in 0.022028207778930664
2019-10-29 00:01:31.798 852 RALLYDEBUG rally.task.utils [-] Waiting for resource '83b0ceba-6d07-4666-a715-be294ce37644'. Status changed: NONE => QUEUED in 0.034299612045288086
2019-10-29 00:01:31.850 854 INFO rally.task.runner [-] Task 1a29150a-d69b-4725-b80b-853984d28fae | ITER: 10 END: OK
2019-10-29 00:01:32.033 852 RALLYDEBUG rally.task.utils [-] Waiting for resource s_rally_495a1ddc_THCBJA3l. Status changed: QUEUED => ACTIVE in 0.021274805068969727
2019-10-29 00:01:32.097 852 INFO rally.task.runner [-] Task 1a29150a-d69b-4725-b80b-853984d28fae | ITER: 9 END: OK
2019-10-29 00:01:32.124 727 INFO rally.task.context [-] Task 1a29150a-d69b-4725-b80b-853984d28fae | Context cleanup@openstack cleanup() started
2019-10-29 00:01:32.130 727 RALLYDEBUG rally_openstack.cleanup.manager [-] Cleaning up glance images objects
2019-10-29 00:01:33.439 727 INFO rally.task.context [-] Task 1a29150a-d69b-4725-b80b-853984d28fae | Context cleanup@openstack cleanup() finished in 1.31 sec
2019-10-29 00:01:33.440 727 INFO rally.task.context [-] Task 1a29150a-d69b-4725-b80b-853984d28fae | Context users@openstack cleanup() started
2019-10-29 00:01:37.656 727 INFO rally.task.context [-] Task 1a29150a-d69b-4725-b80b-853984d28fae | Context users@openstack cleanup() finished in 4.22 sec
2019-10-29 00:01:37.743 727 INFO rally.task.engine [-] Load duration is: 9.292479
2019-10-29 00:01:37.744 727 INFO rally.task.engine [-] Full runner duration is: 10.060954
2019-10-29 00:01:37.744 727 INFO rally.task.engine [-] Full duration is: 18.034746
2019-10-29 00:01:38.368 727 INFO rally.task.engine [-] Running workload: position = 0 config = { "version": 2, "title": "A cropped version of a bigger task.", "description": "Auto-generated task from a single workload (uuid=17cdd156-30aa-4441-b6df-75e6450ece3b)", "subtasks": [ { "title": "GlanceImages.create_and_list_image", "description": "Create an image and then list all images.", "scenario": { "GlanceImages.create_and_list_image": { "container_format": "bare", "disk_format": "qcow2", "image_location": "/home/opnfv/functest/images/cirros-0.4.0-x86_64-disk.img" } }, "contexts": { "users": { "tenants": 3, "users_per_tenant": 2 } }, "runner": { "constant": { "concurrency": 4, "times": 10 } }, "hooks": [], "sla": { "failure_rate": { "max": 0 } } } ] }
2019-10-29 00:01:38.394 727 RALLYDEBUG rally_openstack.contexts.keystone.users [-] Creating 3 tenants using 20 threads
2019-10-29 00:01:39.449 727 RALLYDEBUG rally_openstack.contexts.keystone.users [-] Creating 6 users using 20 threads
2019-10-29 00:01:40.966 727 INFO rally.task.context [-] Task 1a29150a-d69b-4725-b80b-853984d28fae | Context users@openstack setup() finished in 2.57 sec
2019-10-29 00:01:40.967 727 INFO rally.task.context [-] Task 1a29150a-d69b-4725-b80b-853984d28fae | Context cleanup@openstack setup() finished in 0.02 msec
