2019-10-29 00:17:02.629 1845 INFO rally.task.context [-] Task b00f7ca6-c9e2-4a16-bd7b-5f016dcebeb6 | Context users@openstack cleanup() started
2019-10-29 00:17:06.892 1845 INFO rally.task.context [-] Task b00f7ca6-c9e2-4a16-bd7b-5f016dcebeb6 | Context users@openstack cleanup() finished in 4.26 sec
2019-10-29 00:17:07.418 1845 INFO rally.task.engine [-] Load duration is: 14.635275
2019-10-29 00:17:07.419 1845 INFO rally.task.engine [-] Full runner duration is: 14.688786
2019-10-29 00:17:07.419 1845 INFO rally.task.engine [-] Full duration is: 27.678172
2019-10-29 00:17:07.689 1845 INFO rally.task.engine [-] Running workload: position = 1 config = { "version": 2, "title": "A cropped version of a bigger task.", "description": "Auto-generated task from a single workload (uuid=f39e63bc-ccf6-41a3-b3cc-b15fad739282)", "subtasks": [ { "title": "CinderVolumes.create_and_delete_volume", "description": "Create and then delete a volume.", "scenario": { "CinderVolumes.create_and_delete_volume": { "image": { "name": "rally_full-img_b1bdd5ff-a94b-4b0b-abed-4a39b4cd7a4c" }, "size": 1 } }, "contexts": { "users": { "tenants": 3, "users_per_tenant": 2 }, "quotas": { "cinder": { "gigabytes": -1, "snapshots": -1, "volumes": -1 } }, "api_versions": { "cinder": { "version": 3, "service_type": "volumev3" } } }, "runner": { "constant": { "concurrency": 4, "times": 10 } }, "hooks": [], "sla": { "failure_rate": { "max": 0 } } } ] }
2019-10-29 00:17:07.714 1845 RALLYDEBUG rally_openstack.contexts.keystone.users [-] Creating 3 tenants using 20 threads
2019-10-29 00:17:08.769 1845 RALLYDEBUG rally_openstack.contexts.keystone.users [-] Creating 6 users using 20 threads
2019-10-29 00:17:10.282 1845 INFO rally.task.context [-] Task b00f7ca6-c9e2-4a16-bd7b-5f016dcebeb6 | Context users@openstack setup() finished in 2.57 sec
2019-10-29 00:17:10.688 1845 INFO rally.task.context [-] Task b00f7ca6-c9e2-4a16-bd7b-5f016dcebeb6 | Context api_versions@openstack setup() finished in 0.41 sec
2019-10-29 00:17:11.811 1845 INFO rally.task.context [-] Task b00f7ca6-c9e2-4a16-bd7b-5f016dcebeb6 | Context quotas@openstack setup() finished in 1.12 sec
2019-10-29 00:17:11.811 1845 INFO rally.task.context [-] Task b00f7ca6-c9e2-4a16-bd7b-5f016dcebeb6 | Context cleanup@openstack setup() finished in 0.01 msec
2019-10-29 00:17:12.334 1845 RALLYDEBUG rally.task.runner [-] Starting the constant runner (task UUID: b00f7ca6-c9e2-4a16-bd7b-5f016dcebeb6). times: 10 concurrency: 4 timeout: 0 max_cpu_used: 16 processes_to_start: 4 concurrency_per_worker: 1 concurrency_overhead: 0
2019-10-29 00:17:12.346 4357 RALLYDEBUG rally.task.runner [-] Starting a worker. times: 10 duration: None concurrency: 1 timeout: 0 cls: method_name: run args: {"image": "ea3ac222-ed8c-4767-bd2c-fae77a59be81", "size": 1}
2019-10-29 00:17:12.350 4358 RALLYDEBUG rally.task.runner [-] Starting a worker. times: 10 duration: None concurrency: 1 timeout: 0 cls: method_name: run args: {"image": "ea3ac222-ed8c-4767-bd2c-fae77a59be81", "size": 1}
2019-10-29 00:17:12.353 4357 INFO rally.task.runner [-] Task b00f7ca6-c9e2-4a16-bd7b-5f016dcebeb6 | ITER: 1 START
2019-10-29 00:17:12.353 4359 RALLYDEBUG rally.task.runner [-] Starting a worker. times: 10 duration: None concurrency: 1 timeout: 0 cls: method_name: run args: {"image": "ea3ac222-ed8c-4767-bd2c-fae77a59be81", "size": 1}
2019-10-29 00:17:12.357 4358 INFO rally.task.runner [-] Task b00f7ca6-c9e2-4a16-bd7b-5f016dcebeb6 | ITER: 2 START
2019-10-29 00:17:12.356 4361 RALLYDEBUG rally.task.runner [-] Starting a worker. times: 10 duration: None concurrency: 1 timeout: 0 cls: method_name: run args: {"image": "ea3ac222-ed8c-4767-bd2c-fae77a59be81", "size": 1}
2019-10-29 00:17:12.360 4359 INFO rally.task.runner [-] Task b00f7ca6-c9e2-4a16-bd7b-5f016dcebeb6 | ITER: 3 START
2019-10-29 00:17:12.362 4361 INFO rally.task.runner [-] Task b00f7ca6-c9e2-4a16-bd7b-5f016dcebeb6 | ITER: 4 START
2019-10-29 00:17:28.133 4359 RALLYDEBUG rally.task.utils [-] Waiting for resource s_rally_f39e63bc_swOQB1zB. Status changed: DOWNLOADING => AVAILABLE in 12.564523935317993
2019-10-29 00:17:28.281 4359 RALLYDEBUG rally.task.utils [-] Waiting for resource s_rally_f39e63bc_swOQB1zB. Status changed: AVAILABLE => DELETING in 0.07260584831237793
2019-10-29 00:17:30.325 4359 INFO rally.task.runner [-] Task b00f7ca6-c9e2-4a16-bd7b-5f016dcebeb6 | ITER: 3 END: OK
2019-10-29 00:17:30.330 4359 INFO rally.task.runner [-] Task b00f7ca6-c9e2-4a16-bd7b-5f016dcebeb6 | ITER: 5 START
2019-10-29 00:17:36.038 4357 RALLYDEBUG rally.task.utils [-] Waiting for resource s_rally_f39e63bc_vqof3wbS. Status changed: DOWNLOADING => AVAILABLE in 20.856520652770996
2019-10-29 00:17:36.184 4357 RALLYDEBUG rally.task.utils [-] Waiting for resource s_rally_f39e63bc_vqof3wbS. Status changed: AVAILABLE => DELETING in 0.06908082962036133
2019-10-29 00:17:38.225 4357 INFO rally.task.runner [-] Task b00f7ca6-c9e2-4a16-bd7b-5f016dcebeb6 | ITER: 1 END: OK
2019-10-29 00:17:38.233 4357 INFO rally.task.runner [-] Task b00f7ca6-c9e2-4a16-bd7b-5f016dcebeb6 | ITER: 6 START
2019-10-29 00:17:45.340 4357 RALLYDEBUG rally.task.utils [-] Waiting for resource s_rally_f39e63bc_2NrTWa27. Status changed: CREATING => DOWNLOADING in 4.287583351135254
2019-10-29 00:17:45.793 4359 RALLYDEBUG rally.task.utils [-] Waiting for resource s_rally_f39e63bc_tNKJmiwV. Status changed: DOWNLOADING => AVAILABLE in 12.593272686004639
2019-10-29 00:17:45.945 4359 RALLYDEBUG rally.task.utils [-] Waiting for resource s_rally_f39e63bc_tNKJmiwV. Status changed: AVAILABLE => DELETING in 0.07051706314086914
2019-10-29 00:17:50.061 4359 INFO rally.task.runner [-] Task b00f7ca6-c9e2-4a16-bd7b-5f016dcebeb6 | ITER: 5 END: OK
2019-10-29 00:17:50.066 4359 INFO rally.task.runner [-] Task b00f7ca6-c9e2-4a16-bd7b-5f016dcebeb6 | ITER: 7 START
2019-10-29 00:17:57.823 4359 RALLYDEBUG rally.task.utils [-] Waiting for resource s_rally_f39e63bc_sUXtSSZU. Status changed: CREATING => DOWNLOADING in 4.27648138999939
2019-10-29 00:17:57.877 4357 RALLYDEBUG rally.task.utils [-] Waiting for resource s_rally_f39e63bc_2NrTWa27. Status changed: DOWNLOADING => AVAILABLE in 12.536314725875854
2019-10-29 00:17:58.018 4357 RALLYDEBUG rally.task.utils [-] Waiting for resource s_rally_f39e63bc_2NrTWa27. Status changed: AVAILABLE => DELETING in 0.06494545936584473
2019-10-29 00:18:04.197 4357 INFO rally.task.runner [-] Task b00f7ca6-c9e2-4a16-bd7b-5f016dcebeb6 | ITER: 6 END: OK
2019-10-29 00:18:04.200 4357 INFO rally.task.runner [-] Task b00f7ca6-c9e2-4a16-bd7b-5f016dcebeb6 | ITER: 8 START
2019-10-29 00:18:09.383 4358 RALLYDEBUG rally.task.utils [-] Waiting for resource s_rally_f39e63bc_MJlLIj5T. Status changed: DOWNLOADING => AVAILABLE in 54.154003381729126
2019-10-29 00:18:09.464 4357 RALLYDEBUG rally.task.utils [-] Waiting for resource s_rally_f39e63bc_mldkakrr. Status changed: CREATING => DOWNLOADING in 2.204524517059326
2019-10-29 00:18:09.524 4358 RALLYDEBUG rally.task.utils [-] Waiting for resource s_rally_f39e63bc_MJlLIj5T. Status changed: AVAILABLE => DELETING in 0.06766414642333984
2019-10-29 00:18:09.628 4361 RALLYDEBUG rally.task.utils [-] Waiting for resource s_rally_f39e63bc_Wbrj28ST. Status changed: DOWNLOADING => AVAILABLE in 54.16515755653381
2019-10-29 00:18:09.776 4361 RALLYDEBUG rally.task.utils [-] Waiting for resource s_rally_f39e63bc_Wbrj28ST. Status changed: AVAILABLE => DELETING in 0.07244729995727539
2019-10-29 00:18:10.252 4359 RALLYDEBUG rally.task.utils [-] Waiting for resource s_rally_f39e63bc_sUXtSSZU. Status changed: DOWNLOADING => AVAILABLE in 12.429346561431885
2019-10-29 00:18:10.373 4359 RALLYDEBUG rally.task.utils [-] Waiting for resource s_rally_f39e63bc_sUXtSSZU. Status changed: AVAILABLE => DELETING in 0.06000661849975586
2019-10-29 00:18:11.568 4358 INFO rally.task.runner [-] Task b00f7ca6-c9e2-4a16-bd7b-5f016dcebeb6 | ITER: 2 END: OK
2019-10-29 00:18:11.575 4358 INFO rally.task.runner [-] Task b00f7ca6-c9e2-4a16-bd7b-5f016dcebeb6 | ITER: 9 START
2019-10-29 00:18:11.822 4361 INFO rally.task.runner [-] Task b00f7ca6-c9e2-4a16-bd7b-5f016dcebeb6 | ITER: 4 END: OK
2019-10-29 00:18:11.828 4361 INFO rally.task.runner [-] Task b00f7ca6-c9e2-4a16-bd7b-5f016dcebeb6 | ITER: 10 START
2019-10-29 00:18:16.539 4359 INFO rally.task.runner [-] Task b00f7ca6-c9e2-4a16-bd7b-5f016dcebeb6 | ITER: 7 END: OK
2019-10-29 00:18:23.998 4357 RALLYDEBUG rally.task.utils [-] Waiting for resource s_rally_f39e63bc_mldkakrr. Status changed: DOWNLOADING => AVAILABLE in 14.533774852752686
2019-10-29 00:18:24.130 4357 RALLYDEBUG rally.task.utils [-] Waiting for resource s_rally_f39e63bc_mldkakrr. Status changed: AVAILABLE => DELETING in 0.06380605697631836
2019-10-29 00:18:26.176 4357 INFO rally.task.runner [-] Task b00f7ca6-c9e2-4a16-bd7b-5f016dcebeb6 | ITER: 8 END: OK
2019-10-29 00:18:35.338 4358 RALLYDEBUG rally.task.utils [-] Waiting for resource s_rally_f39e63bc_afMXoXvN. Status changed: DOWNLOADING => AVAILABLE in 20.81443452835083
2019-10-29 00:18:35.480 4358 RALLYDEBUG rally.task.utils [-] Waiting for resource s_rally_f39e63bc_afMXoXvN. Status changed: AVAILABLE => DELETING in 0.07107710838317871
2019-10-29 00:18:39.588 4358 INFO rally.task.runner [-] Task b00f7ca6-c9e2-4a16-bd7b-5f016dcebeb6 | ITER: 9 END: OK
2019-10-29 00:18:52.179 4361 RALLYDEBUG rally.task.utils [-] Waiting for resource s_rally_f39e63bc_QVkBXfTF. Status changed: DOWNLOADING => AVAILABLE in 37.420140981674194
2019-10-29 00:18:52.324 4361 RALLYDEBUG rally.task.utils [-] Waiting for resource s_rally_f39e63bc_QVkBXfTF. Status changed: AVAILABLE => DELETING in 0.0709843635559082
2019-10-29 00:18:54.374 4361 INFO rally.task.runner [-] Task b00f7ca6-c9e2-4a16-bd7b-5f016dcebeb6 | ITER: 10 END: OK
2019-10-29 00:18:54.403 1845 INFO rally.task.context [-] Task b00f7ca6-c9e2-4a16-bd7b-5f016dcebeb6 | Context cleanup@openstack cleanup() started
2019-10-29 00:18:54.407 1845 RALLYDEBUG rally_openstack.cleanup.manager [-] Cleaning up cinder backups objects
2019-10-29 00:18:55.697 1845 RALLYDEBUG rally_openstack.cleanup.manager [-] Cleaning up cinder volume_snapshots objects
2019-10-29 00:18:56.851 1845 RALLYDEBUG rally_openstack.cleanup.manager [-] Cleaning up cinder transfers objects
2019-10-29 00:18:57.989 1845 RALLYDEBUG rally_openstack.cleanup.manager [-] Cleaning up cinder volumes objects
2019-10-29 00:18:59.192 1845 INFO rally.task.context [-] Task b00f7ca6-c9e2-4a16-bd7b-5f016dcebeb6 | Context cleanup@openstack cleanup() finished in 4.79 sec
2019-10-29 00:18:59.193 1845 INFO rally.task.context [-] Task b00f7ca6-c9e2-4a16-bd7b-5f016dcebeb6 | Context quotas@openstack cleanup() started
2019-10-29 00:18:59.269 1845 INFO rally.task.context [-] Task b00f7ca6-c9e2-4a16-bd7b-5f016dcebeb6 | Context quotas@openstack cleanup() finished in 75.65 msec
2019-10-29 00:18:59.269 1845 INFO rally.task.context [-] Task b00f7ca6-c9e2-4a16-bd7b-5f016dcebeb6 | Context api_versions@openstack cleanup() started
2019-10-29 00:18:59.270 1845 INFO rally.task.context [-] Task b00f7ca6-c9e2-4a16-bd7b-5f016dcebeb6 | Context api_versions@openstack cleanup() finished in 0.34 msec
2019-10-29 00:18:59.270 1845 INFO rally.task.context [-] Task b00f7ca6-c9e2-4a16-bd7b-5f016dcebeb6 | Context users@openstack cleanup() started
2019-10-29 00:19:03.612 1845 INFO rally.task.context [-] Task b00f7ca6-c9e2-4a16-bd7b-5f016dcebeb6 | Context users@openstack cleanup() finished in 4.34 sec
2019-10-29 00:19:04.196 1845 INFO rally.task.engine [-] Load duration is: 102.016303
2019-10-29 00:19:04.196 1845 INFO rally.task.engine [-] Full runner duration is: 102.070062
2019-10-29 00:19:04.197 1845 INFO rally.task.engine [-] Full duration is: 115.900529
2019-10-29 00:19:04.410 1845 INFO rally.task.engine [-] Running workload: position = 2 config = { "version": 2, "title": "A cropped version of a bigger task.", "description": "Auto-generated task from a single workload (uuid=2646baef-de1e-479a-927d-f65a2d9955bb)", "subtasks": [ { "title": "CinderVolumes.create_and_delete_volume", "description": "Create and then delete a volume.", "scenario": { "CinderVolumes.create_and_delete_volume": { "size": 1 } }, "contexts": { "users": { "tenants": 3, "users_per_tenant": 2 }, "quotas": { "cinder": { "gigabytes": -1, "snapshots": -1, "volumes": -1 } }, "api_versions": { "cinder": { "version": 3, "service_type": "volumev3" } } }, "runner": { "constant": { "concurrency": 4, "times": 10 } }, "hooks": [], "sla": { "failure_rate": { "max": 0 } } } ] }
2019-10-29 00:19:04.435 1845 RALLYDEBUG rally_openstack.contexts.keystone.users [-] Creating 3 tenants using 20 threads
2019-10-29 00:19:05.361 1845 RALLYDEBUG rally_openstack.contexts.keystone.users [-] Creating 6 users using 20 threads
2019-10-29 00:19:06.926 1845 INFO rally.task.context [-] Task b00f7ca6-c9e2-4a16-bd7b-5f016dcebeb6 | Context users@openstack setup() finished in 2.49 sec
2019-10-29 00:19:07.330 1845 INFO rally.task.context [-] Task b00f7ca6-c9e2-4a16-bd7b-5f016dcebeb6 | Context api_versions@openstack setup() finished in 0.40 sec
2019-10-29 00:19:08.216 1845 INFO rally.task.context [-] Task b00f7ca6-c9e2-4a16-bd7b-5f016dcebeb6 | Context quotas@openstack setup() finished in 0.89 sec
2019-10-29 00:19:08.216 1845 INFO rally.task.context [-] Task b00f7ca6-c9e2-4a16-bd7b-5f016dcebeb6 | Context cleanup@openstack setup() finished in 0.01 msec
2019-10-29 00:19:08.226 1845 RALLYDEBUG rally.task.runner [-] Starting the constant runner (task UUID: b00f7ca6-c9e2-4a16-bd7b-5f016dcebeb6). times: 10 concurrency: 4 timeout: 0 max_cpu_used: 16 processes_to_start: 4 concurrency_per_worker: 1 concurrency_overhead: 0
2019-10-29 00:19:08.238 4541 RALLYDEBUG rally.task.runner [-] Starting a worker. times: 10 duration: None concurrency: 1 timeout: 0 cls: method_name: run args: {"size": 1}
2019-10-29 00:19:08.241 4542 RALLYDEBUG rally.task.runner [-] Starting a worker. times: 10 duration: None concurrency: 1 timeout: 0 cls: method_name: run args: {"size": 1}
2019-10-29 00:19:08.245 4541 INFO rally.task.runner [-] Task b00f7ca6-c9e2-4a16-bd7b-5f016dcebeb6 | ITER: 1 START
2019-10-29 00:19:08.245 4543 RALLYDEBUG rally.task.runner [-] Starting a worker. times: 10 duration: None concurrency: 1 timeout: 0 cls: method_name: run args: {"size": 1}
2019-10-29 00:19:08.248 4542 INFO rally.task.runner [-] Task b00f7ca6-c9e2-4a16-bd7b-5f016dcebeb6 | ITER: 2 START
2019-10-29 00:19:08.248 4545 RALLYDEBUG rally.task.runner [-] Starting a worker. times: 10 duration: None concurrency: 1 timeout: 0 cls: method_name: run args: {"size": 1}
2019-10-29 00:19:08.252 4543 INFO rally.task.runner [-] Task b00f7ca6-c9e2-4a16-bd7b-5f016dcebeb6 | ITER: 3 START
2019-10-29 00:19:08.254 4545 INFO rally.task.runner [-] Task b00f7ca6-c9e2-4a16-bd7b-5f016dcebeb6 | ITER: 4 START
2019-10-29 00:19:11.163 4545 RALLYDEBUG rally.task.utils [-] Waiting for resource s_rally_2646baef_h1P5QdXe. Status changed: AVAILABLE => DELETING in 0.05402779579162598
2019-10-29 00:19:11.165 4543 RALLYDEBUG rally.task.utils [-] Waiting for resource s_rally_2646baef_9UOqIqaP. Status changed: AVAILABLE => DELETING in 0.053166866302490234
2019-10-29 00:19:11.199 4542 RALLYDEBUG rally.task.utils [-] Waiting for resource s_rally_2646baef_uFmuchRM. Status changed: AVAILABLE => DELETING in 0.057692766189575195
2019-10-29 00:19:11.222 4541 RALLYDEBUG rally.task.utils [-] Waiting for resource s_rally_2646baef_8VHFlxEU. Status changed: AVAILABLE => DELETING in 0.06228804588317871
2019-10-29 00:19:13.205 4545 INFO rally.task.runner [-] Task b00f7ca6-c9e2-4a16-bd7b-5f016dcebeb6 | ITER: 4 END: OK
2019-10-29 00:19:13.208 4543 INFO rally.task.runner [-] Task b00f7ca6-c9e2-4a16-bd7b-5f016dcebeb6 | ITER: 3 END: OK
2019-10-29 00:19:13.210 4545 INFO rally.task.runner [-] Task b00f7ca6-c9e2-4a16-bd7b-5f016dcebeb6 | ITER: 5 START
2019-10-29 00:19:13.212 4543 INFO rally.task.runner [-] Task b00f7ca6-c9e2-4a16-bd7b-5f016dcebeb6 | ITER: 6 START
2019-10-29 00:19:13.240 4542 INFO rally.task.runner [-] Task b00f7ca6-c9e2-4a16-bd7b-5f016dcebeb6 | ITER: 2 END: OK
2019-10-29 00:19:13.245 4542 INFO rally.task.runner [-] Task b00f7ca6-c9e2-4a16-bd7b-5f016dcebeb6 | ITER: 7 START
2019-10-29 00:19:13.268 4541 INFO rally.task.runner [-] Task b00f7ca6-c9e2-4a16-bd7b-5f016dcebeb6 | ITER: 1 END: OK
2019-10-29 00:19:13.273 4541 INFO rally.task.runner [-] Task b00f7ca6-c9e2-4a16-bd7b-5f016dcebeb6 | ITER: 8 START
2019-10-29 00:19:16.034 4545 RALLYDEBUG rally.task.utils [-] Waiting for resource s_rally_2646baef_Xl2pG6A0. Status changed: AVAILABLE => DELETING in 0.053269386291503906
2019-10-29 00:19:16.099 4541 RALLYDEBUG rally.task.utils [-] Waiting for resource s_rally_2646baef_i1wxigum. Status changed: AVAILABLE => DELETING in 0.05656313896179199
2019-10-29 00:19:16.126 4543 RALLYDEBUG rally.task.utils [-] Waiting for resource s_rally_2646baef_e9yr7ksS. Status changed: AVAILABLE => DELETING in 0.05593538284301758
2019-10-29 00:19:16.148 4542 RALLYDEBUG rally.task.utils [-] Waiting for resource s_rally_2646baef_Ahs1C8QG. Status changed: AVAILABLE => DELETING in 0.056269168853759766
2019-10-29 00:19:18.079 4545 INFO rally.task.runner [-] Task b00f7ca6-c9e2-4a16-bd7b-5f016dcebeb6 | ITER: 5 END: OK
2019-10-29 00:19:18.083 4545 INFO rally.task.runner [-] Task b00f7ca6-c9e2-4a16-bd7b-5f016dcebeb6 | ITER: 9 START
2019-10-29 00:19:18.144 4541 INFO rally.task.runner [-] Task b00f7ca6-c9e2-4a16-bd7b-5f016dcebeb6 | ITER: 8 END: OK
2019-10-29 00:19:18.148 4541 INFO rally.task.runner [-] Task b00f7ca6-c9e2-4a16-bd7b-5f016dcebeb6 | ITER: 10 START
2019-10-29 00:19:18.170 4543 INFO rally.task.runner [-] Task b00f7ca6-c9e2-4a16-bd7b-5f016dcebeb6 | ITER: 6 END: OK
2019-10-29 00:19:18.187 4542 INFO rally.task.runner [-] Task b00f7ca6-c9e2-4a16-bd7b-5f016dcebeb6 | ITER: 7 END: OK
2019-10-29 00:19:20.940 4545 RALLYDEBUG rally.task.utils [-] Waiting for resource s_rally_2646baef_aB3NAQ66. Status changed: AVAILABLE => DELETING in 0.05916476249694824
2019-10-29 00:19:20.952 4541 RALLYDEBUG rally.task.utils [-] Waiting for resource s_rally_2646baef_X2Lhjr7T. Status changed: AVAILABLE => DELETING in 0.0552983283996582
2019-10-29 00:19:22.984 4545 INFO rally.task.runner [-] Task b00f7ca6-c9e2-4a16-bd7b-5f016dcebeb6 | ITER: 9 END: OK
2019-10-29 00:19:23.006 4541 INFO rally.task.runner [-] Task b00f7ca6-c9e2-4a16-bd7b-5f016dcebeb6 | ITER: 10 END: OK
2019-10-29 00:19:23.035 1845 INFO rally.task.context [-] Task b00f7ca6-c9e2-4a16-bd7b-5f016dcebeb6 | Context cleanup@openstack cleanup() started
2019-10-29 00:19:23.039 1845 RALLYDEBUG rally_openstack.cleanup.manager [-] Cleaning up cinder backups objects
2019-10-29 00:19:24.253 1845 RALLYDEBUG rally_openstack.cleanup.manager [-] Cleaning up cinder volume_snapshots objects
2019-10-29 00:19:25.417 1845 RALLYDEBUG rally_openstack.cleanup.manager [-] Cleaning up cinder transfers objects
2019-10-29 00:19:26.578 1845 RALLYDEBUG rally_openstack.cleanup.manager [-] Cleaning up cinder volumes objects
2019-10-29 00:19:27.804 1845 INFO rally.task.context [-] Task b00f7ca6-c9e2-4a16-bd7b-5f016dcebeb6 | Context cleanup@openstack cleanup() finished in 4.77 sec
2019-10-29 00:19:27.805 1845 INFO rally.task.context [-] Task b00f7ca6-c9e2-4a16-bd7b-5f016dcebeb6 | Context quotas@openstack cleanup() started
2019-10-29 00:19:27.881 1845 INFO rally.task.context [-] Task b00f7ca6-c9e2-4a16-bd7b-5f016dcebeb6 | Context quotas@openstack cleanup() finished in 76.01 msec
2019-10-29 00:19:27.881 1845 INFO rally.task.context [-] Task b00f7ca6-c9e2-4a16-bd7b-5f016dcebeb6 | Context api_versions@openstack cleanup() started
2019-10-29 00:19:27.882 1845 INFO rally.task.context [-] Task b00f7ca6-c9e2-4a16-bd7b-5f016dcebeb6 | Context api_versions@openstack cleanup() finished in 0.33 msec
2019-10-29 00:19:27.882 1845 INFO rally.task.context [-] Task b00f7ca6-c9e2-4a16-bd7b-5f016dcebeb6 | Context users@openstack cleanup() started
2019-10-29 00:19:32.185 1845 INFO rally.task.context [-] Task b00f7ca6-c9e2-4a16-bd7b-5f016dcebeb6 | Context users@openstack cleanup() finished in 4.30 sec
2019-10-29 00:19:32.603 1845 INFO rally.task.engine [-] Load duration is: 14.756938
2019-10-29 00:19:32.604 1845 INFO rally.task.engine [-] Full runner duration is: 14.809921
2019-10-29 00:19:32.604 1845 INFO rally.task.engine [-] Full duration is: 27.752189
2019-10-29 00:19:32.925 1845 INFO rally.task.engine [-] Running workload: position = 0 config = { "version": 2, "title": "A cropped version of a bigger task.", "description": "Auto-generated task from a single workload (uuid=c06bb502-4f45-4120-9918-3c31aa4906c3)", "subtasks": [ { "title": "CinderVolumes.create_and_extend_volume", "description": "Create and extend a volume and then delete it.", "scenario": { "CinderVolumes.create_and_extend_volume": { "new_size": 2, "size": 1 } }, "contexts": { "users": { "tenants": 3, "users_per_tenant": 2 }, "quotas": { "cinder": { "gigabytes": -1, "snapshots": -1, "volumes": -1 } }, "api_versions": { "cinder": { "version": 3, "service_type": "volumev3" } } }, "runner": { "constant": { "concurrency": 4, "times": 10 } }, "hooks": [], "sla": { "failure_rate": { "max": 0 } } } ] }
2019-10-29 00:19:32.949 1845 RALLYDEBUG rally_openstack.contexts.keystone.users [-] Creating 3 tenants using 20 threads
2019-10-29 00:19:34.007 1845 RALLYDEBUG rally_openstack.contexts.keystone.users [-] Creating 6 users using 20 threads
2019-10-29 00:19:35.613 1845 INFO rally.task.context [-] Task b00f7ca6-c9e2-4a16-bd7b-5f016dcebeb6 | Context users@openstack setup() finished in 2.66 sec
2019-10-29 00:19:36.028 1845 INFO rally.task.context [-] Task b00f7ca6-c9e2-4a16-bd7b-5f016dcebeb6 | Context api_versions@openstack setup() finished in 0.41 sec
2019-10-29 00:19:36.944 1845 INFO rally.task.context [-] Task b00f7ca6-c9e2-4a16-bd7b-5f016dcebeb6 | Context quotas@openstack setup() finished in 0.92 sec
2019-10-29 00:19:36.945 1845 INFO rally.task.context [-] Task b00f7ca6-c9e2-4a16-bd7b-5f016dcebeb6 | Context cleanup@openstack setup() finished in 0.01 msec
2019-10-29 00:19:36.955 1845 RALLYDEBUG rally.task.runner [-] Starting the constant runner (task UUID: b00f7ca6-c9e2-4a16-bd7b-5f016dcebeb6). times: 10 concurrency: 4 timeout: 0 max_cpu_used: 16 processes_to_start: 4 concurrency_per_worker: 1 concurrency_overhead: 0
2019-10-29 00:19:36.967 4725 RALLYDEBUG rally.task.runner [-] Starting a worker. times: 10 duration: None concurrency: 1 timeout: 0 cls: method_name: run args: {"new_size": 2, "size": 1}
2019-10-29 00:19:36.970 4726 RALLYDEBUG rally.task.runner [-] Starting a worker. times: 10 duration: None concurrency: 1 timeout: 0 cls: method_name: run args: {"new_size": 2, "size": 1}
2019-10-29 00:19:36.974 4725 INFO rally.task.runner [-] Task b00f7ca6-c9e2-4a16-bd7b-5f016dcebeb6 | ITER: 1 START
2019-10-29 00:19:36.973 4727 RALLYDEBUG rally.task.runner [-] Starting a worker. times: 10 duration: None concurrency: 1 timeout: 0 cls: method_name: run args: {"new_size": 2, "size": 1}
2019-10-29 00:19:36.977 4726 INFO rally.task.runner [-] Task b00f7ca6-c9e2-4a16-bd7b-5f016dcebeb6 | ITER: 2 START
2019-10-29 00:19:36.977 4729 RALLYDEBUG rally.task.runner [-] Starting a worker. times: 10 duration: None concurrency: 1 timeout: 0 cls: method_name: run args: {"new_size": 2, "size": 1}
2019-10-29 00:19:36.979 4727 INFO rally.task.runner [-] Task b00f7ca6-c9e2-4a16-bd7b-5f016dcebeb6 | ITER: 3 START
2019-10-29 00:19:36.983 4729 INFO rally.task.runner [-] Task b00f7ca6-c9e2-4a16-bd7b-5f016dcebeb6 | ITER: 4 START
2019-10-29 00:19:39.937 4729 RALLYDEBUG rally.task.utils [-] Waiting for resource s_rally_c06bb502_zuoprD4I. Status changed: AVAILABLE => EXTENDING in 0.05426979064941406
2019-10-29 00:19:39.975 4727 RALLYDEBUG rally.task.utils [-] Waiting for resource s_rally_c06bb502_9eRyeU2a. Status changed: AVAILABLE => EXTENDING in 0.053902626037597656
2019-10-29 00:19:39.998 4726 RALLYDEBUG rally.task.utils [-] Waiting for resource s_rally_c06bb502_mNUqvxLM. Status changed: AVAILABLE => EXTENDING in 0.06420612335205078
2019-10-29 00:19:40.022 4725 RALLYDEBUG rally.task.utils [-] Waiting for resource s_rally_c06bb502_eWLWmPUl. Status changed: AVAILABLE => EXTENDING in 0.07227849960327148
2019-10-29 00:19:42.010 4729 RALLYDEBUG rally.task.utils [-] Waiting for resource s_rally_c06bb502_zuoprD4I. Status changed: EXTENDING => AVAILABLE in 2.0736751556396484
2019-10-29 00:19:42.046 4727 RALLYDEBUG rally.task.utils [-] Waiting for resource s_rally_c06bb502_9eRyeU2a. Status changed: EXTENDING => AVAILABLE in 2.0716419219970703
2019-10-29 00:19:42.065 4726 RALLYDEBUG rally.task.utils [-] Waiting for resource s_rally_c06bb502_mNUqvxLM. Status changed: EXTENDING => AVAILABLE in 2.0668652057647705
2019-10-29 00:19:42.090 4725 RALLYDEBUG rally.task.utils [-] Waiting for resource s_rally_c06bb502_eWLWmPUl. Status changed: EXTENDING => AVAILABLE in 2.0679612159729004
2019-10-29 00:19:42.144 4729 RALLYDEBUG rally.task.utils [-] Waiting for resource s_rally_c06bb502_zuoprD4I. Status changed: AVAILABLE => DELETING in 0.06741714477539062
2019-10-29 00:19:42.169 4727 RALLYDEBUG rally.task.utils [-] Waiting for resource s_rally_c06bb502_9eRyeU2a. Status changed: AVAILABLE => DELETING in 0.05585145950317383
2019-10-29 00:19:42.181 4726 RALLYDEBUG rally.task.utils [-] Waiting for resource s_rally_c06bb502_mNUqvxLM. Status changed: AVAILABLE => DELETING in 0.05868387222290039
2019-10-29 00:19:42.211 4725 RALLYDEBUG rally.task.utils [-] Waiting for resource s_rally_c06bb502_eWLWmPUl. Status changed: AVAILABLE => DELETING in 0.05905866622924805
2019-10-29 00:19:44.190 4729 INFO rally.task.runner [-] Task b00f7ca6-c9e2-4a16-bd7b-5f016dcebeb6 | ITER: 4 END: OK
2019-10-29 00:19:44.195 4729 INFO rally.task.runner [-] Task b00f7ca6-c9e2-4a16-bd7b-5f016dcebeb6 | ITER: 5 START
2019-10-29 00:19:44.209 4727 INFO rally.task.runner [-] Task b00f7ca6-c9e2-4a16-bd7b-5f016dcebeb6 | ITER: 3 END: OK
2019-10-29 00:19:44.214 4727 INFO rally.task.runner [-] Task b00f7ca6-c9e2-4a16-bd7b-5f016dcebeb6 | ITER: 6 START
2019-10-29 00:19:44.225 4726 INFO rally.task.runner [-] Task b00f7ca6-c9e2-4a16-bd7b-5f016dcebeb6 | ITER: 2 END: OK
2019-10-29 00:19:44.230 4726 INFO rally.task.runner [-] Task b00f7ca6-c9e2-4a16-bd7b-5f016dcebeb6 | ITER: 7 START
2019-10-29 00:19:44.253 4725 INFO rally.task.runner [-] Task b00f7ca6-c9e2-4a16-bd7b-5f016dcebeb6 | ITER: 1 END: OK
2019-10-29 00:19:44.258 4725 INFO rally.task.runner [-] Task b00f7ca6-c9e2-4a16-bd7b-5f016dcebeb6 | ITER: 8 START
2019-10-29 00:19:47.023 4727 RALLYDEBUG rally.task.utils [-] Waiting for resource s_rally_c06bb502_Y2zIdLnl. Status changed: AVAILABLE => EXTENDING in 0.05364108085632324
2019-10-29 00:19:47.062 4729 RALLYDEBUG rally.task.utils [-] Waiting for resource s_rally_c06bb502_eTefYRHW. Status changed: AVAILABLE => EXTENDING in 0.07713484764099121
2019-10-29 00:19:47.110 4726 RALLYDEBUG rally.task.utils [-] Waiting for resource s_rally_c06bb502_CeQzMBfS. Status changed: AVAILABLE => EXTENDING in 0.07187867164611816
2019-10-29 00:19:47.392 4725 RALLYDEBUG rally.task.utils [-] Waiting for resource s_rally_c06bb502_vKf604Os. Status changed: AVAILABLE => EXTENDING in 0.0658414363861084
2019-10-29 00:19:49.094 4727 RALLYDEBUG rally.task.utils [-] Waiting for resource s_rally_c06bb502_Y2zIdLnl. Status changed: EXTENDING => AVAILABLE in 2.070945978164673
2019-10-29 00:19:49.132 4729 RALLYDEBUG rally.task.utils [-] Waiting for resource s_rally_c06bb502_eTefYRHW. Status changed: EXTENDING => AVAILABLE in 2.06984543800354
2019-10-29 00:19:49.174 4726 RALLYDEBUG rally.task.utils [-] Waiting for resource s_rally_c06bb502_CeQzMBfS. Status changed: EXTENDING => AVAILABLE in 2.0632259845733643
2019-10-29 00:19:49.223 4727 RALLYDEBUG rally.task.utils [-] Waiting for resource s_rally_c06bb502_Y2zIdLnl. Status changed: AVAILABLE => DELETING in 0.05991768836975098
2019-10-29 00:19:49.259 4729 RALLYDEBUG rally.task.utils [-] Waiting for resource s_rally_c06bb502_eTefYRHW. Status changed: AVAILABLE => DELETING in 0.06299924850463867
2019-10-29 00:19:49.297 4726 RALLYDEBUG rally.task.utils [-] Waiting for resource s_rally_c06bb502_CeQzMBfS. Status changed: AVAILABLE => DELETING in 0.06453609466552734
2019-10-29 00:19:49.456 4725 RALLYDEBUG rally.task.utils [-] Waiting for resource s_rally_c06bb502_vKf604Os. Status changed: EXTENDING => AVAILABLE in 2.063979387283325
2019-10-29 00:19:49.589 4725 RALLYDEBUG rally.task.utils [-] Waiting for resource s_rally_c06bb502_vKf604Os. Status changed: AVAILABLE => DELETING in 0.06435465812683105
2019-10-29 00:19:51.270 4727 INFO rally.task.runner [-] Task b00f7ca6-c9e2-4a16-bd7b-5f016dcebeb6 | ITER: 6 END: OK
2019-10-29 00:19:51.274 4727 INFO rally.task.runner [-] Task b00f7ca6-c9e2-4a16-bd7b-5f016dcebeb6 | ITER: 9 START
2019-10-29 00:19:51.302 4729 INFO rally.task.runner [-] Task b00f7ca6-c9e2-4a16-bd7b-5f016dcebeb6 | ITER: 5 END: OK
2019-10-29 00:19:51.305 4729 INFO rally.task.runner [-] Task b00f7ca6-c9e2-4a16-bd7b-5f016dcebeb6 | ITER: 10 START
2019-10-29 00:19:51.339 4726 INFO rally.task.runner [-] Task b00f7ca6-c9e2-4a16-bd7b-5f016dcebeb6 | ITER: 7 END: OK
2019-10-29 00:19:51.626 4725 INFO rally.task.runner [-] Task b00f7ca6-c9e2-4a16-bd7b-5f016dcebeb6 | ITER: 8 END: OK
2019-10-29 00:19:54.146 4727 RALLYDEBUG rally.task.utils [-] Waiting for resource s_rally_c06bb502_rtIb7All. Status changed: AVAILABLE => EXTENDING in 0.06296396255493164
2019-10-29 00:19:54.148 4729 RALLYDEBUG rally.task.utils [-] Waiting for resource s_rally_c06bb502_J0I4CskN. Status changed: AVAILABLE => EXTENDING in 0.06509804725646973
2019-10-29 00:19:56.213 4729 RALLYDEBUG rally.task.utils [-] Waiting for resource s_rally_c06bb502_J0I4CskN. Status changed: EXTENDING => AVAILABLE in 2.064852714538574
2019-10-29 00:19:56.216 4727 RALLYDEBUG rally.task.utils [-] Waiting for resource s_rally_c06bb502_rtIb7All. Status changed: EXTENDING => AVAILABLE in 2.069784164428711
2019-10-29 00:19:56.336 4727 RALLYDEBUG rally.task.utils [-] Waiting for resource s_rally_c06bb502_rtIb7All. Status changed: AVAILABLE => DELETING in 0.05849766731262207
2019-10-29 00:19:56.339 4729 RALLYDEBUG rally.task.utils [-] Waiting for resource s_rally_c06bb502_J0I4CskN. Status changed: AVAILABLE => DELETING in 0.06028461456298828
2019-10-29 00:19:58.381 4727 INFO rally.task.runner [-] Task b00f7ca6-c9e2-4a16-bd7b-5f016dcebeb6 | ITER: 9 END: OK
2019-10-29 00:19:58.394 4729 INFO rally.task.runner [-] Task b00f7ca6-c9e2-4a16-bd7b-5f016dcebeb6 | ITER: 10 END: OK
2019-10-29 00:19:58.427 1845 INFO rally.task.context [-] Task b00f7ca6-c9e2-4a16-bd7b-5f016dcebeb6 | Context cleanup@openstack cleanup() started
2019-10-29 00:19:58.430 1845 RALLYDEBUG rally_openstack.cleanup.manager [-] Cleaning up cinder backups objects
2019-10-29 00:19:59.714 1845 RALLYDEBUG rally_openstack.cleanup.manager [-] Cleaning up cinder volume_snapshots objects
2019-10-29 00:20:00.846 1845 RALLYDEBUG rally_openstack.cleanup.manager [-] Cleaning up cinder transfers objects
2019-10-29 00:20:01.993 1845 RALLYDEBUG rally_openstack.cleanup.manager [-] Cleaning up cinder volumes objects
2019-10-29 00:20:03.197 1845 INFO rally.task.context [-] Task b00f7ca6-c9e2-4a16-bd7b-5f016dcebeb6 | Context cleanup@openstack cleanup() finished in 4.77 sec
2019-10-29 00:20:03.197 1845 INFO rally.task.context [-] Task b00f7ca6-c9e2-4a16-bd7b-5f016dcebeb6 | Context quotas@openstack cleanup() started
2019-10-29 00:20:03.293 1845 INFO rally.task.context [-] Task b00f7ca6-c9e2-4a16-bd7b-5f016dcebeb6 | Context quotas@openstack cleanup() finished in 95.23 msec
2019-10-29 00:20:03.293 1845 INFO rally.task.context [-] Task b00f7ca6-c9e2-4a16-bd7b-5f016dcebeb6 | Context api_versions@openstack cleanup() started
2019-10-29 00:20:03.293 1845 INFO rally.task.context [-] Task b00f7ca6-c9e2-4a16-bd7b-5f016dcebeb6 | Context api_versions@openstack cleanup() finished in 0.30 msec
2019-10-29 00:20:03.294 1845 INFO rally.task.context [-] Task b00f7ca6-c9e2-4a16-bd7b-5f016dcebeb6 | Context users@openstack cleanup() started
2019-10-29 00:20:07.740 1845 INFO rally.task.context [-] Task b00f7ca6-c9e2-4a16-bd7b-5f016dcebeb6 | Context users@openstack cleanup() finished in 4.45 sec
2019-10-29 00:20:09.139 1845 INFO rally.task.engine [-] Load duration is: 21.415781
2019-10-29 00:20:09.139 1845 INFO rally.task.engine [-] Full runner duration is: 21.472987
2019-10-29 00:20:09.139 1845 INFO rally.task.engine [-] Full duration is: 34.793944
2019-10-29 00:20:09.481 1845 INFO rally.task.engine [-] Running workload: position = 0 config = { "version": 2, "title": "A cropped version of a bigger task.", "description": "Auto-generated task from a single workload (uuid=330258cc-b7f2-4e6e-ac94-3177499990dd)", "subtasks": [ { "title": "CinderVolumes.create_from_volume_and_delete_volume", "description": "Create volume from volume and then delete it.", "scenario": { "CinderVolumes.create_from_volume_and_delete_volume": { "size": 1 } }, "contexts": { "users": { "tenants": 3, "users_per_tenant": 2 }, "quotas": { "cinder": { "gigabytes": -1, "snapshots": -1, "volumes": -1 } }, "api_versions": { "cinder": { "version": 3, "service_type": "volumev3" } }, "volumes": { "size": 1, "volumes_per_tenant": 1 } }, "runner": { "constant": { "concurrency": 4, "times": 10 } }, "hooks": [], "sla": { "failure_rate": { "max": 0 } } } ] }
2019-10-29 00:20:09.508 1845 RALLYDEBUG rally_openstack.contexts.keystone.users [-] Creating 3 tenants using 20 threads
2019-10-29 00:20:10.435 1845 RALLYDEBUG rally_openstack.contexts.keystone.users [-] Creating 6 users using 20 threads
2019-10-29 00:20:12.032 1845 INFO rally.task.context [-] Task b00f7ca6-c9e2-4a16-bd7b-5f016dcebeb6 | Context users@openstack setup() finished in 2.52 sec
2019-10-29 00:20:12.443 1845 INFO rally.task.context [-] Task b00f7ca6-c9e2-4a16-bd7b-5f016dcebeb6 | Context api_versions@openstack setup() finished in 0.41 sec
2019-10-29 00:20:13.447 1845 INFO rally.task.context [-] Task b00f7ca6-c9e2-4a16-bd7b-5f016dcebeb6 | Context quotas@openstack setup() finished in 1.00 sec
2019-10-29 00:20:21.957 1845 INFO rally.task.context [-] Task b00f7ca6-c9e2-4a16-bd7b-5f016dcebeb6 | Context volumes@openstack setup() finished in 8.51 sec
2019-10-29 00:20:21.958 1845 INFO rally.task.context [-] Task b00f7ca6-c9e2-4a16-bd7b-5f016dcebeb6 | Context cleanup@openstack setup() finished in 0.01 msec
2019-10-29 00:20:21.967 1845 RALLYDEBUG rally.task.runner [-] Starting the constant runner (task UUID: b00f7ca6-c9e2-4a16-bd7b-5f016dcebeb6). times: 10 concurrency: 4 timeout: 0 max_cpu_used: 16 processes_to_start: 4 concurrency_per_worker: 1 concurrency_overhead: 0
2019-10-29 00:20:21.978 4909 RALLYDEBUG rally.task.runner [-] Starting a worker. times: 10 duration: None concurrency: 1 timeout: 0 cls: method_name: run args: {"size": 1}
2019-10-29 00:20:21.981 4910 RALLYDEBUG rally.task.runner [-] Starting a worker. times: 10 duration: None concurrency: 1 timeout: 0 cls: method_name: run args: {"size": 1}
2019-10-29 00:20:21.986 4909 INFO rally.task.runner [-] Task b00f7ca6-c9e2-4a16-bd7b-5f016dcebeb6 | ITER: 1 START
2019-10-29 00:20:21.985 4911 RALLYDEBUG rally.task.runner [-] Starting a worker. times: 10 duration: None concurrency: 1 timeout: 0 cls: method_name: run args: {"size": 1}
2019-10-29 00:20:21.988 4910 INFO rally.task.runner [-] Task b00f7ca6-c9e2-4a16-bd7b-5f016dcebeb6 | ITER: 2 START
2019-10-29 00:20:21.988 4912 RALLYDEBUG rally.task.runner [-] Starting a worker. times: 10 duration: None concurrency: 1 timeout: 0 cls: method_name: run args: {"size": 1}
2019-10-29 00:20:21.992 4911 INFO rally.task.runner [-] Task b00f7ca6-c9e2-4a16-bd7b-5f016dcebeb6 | ITER: 3 START
2019-10-29 00:20:21.995 4912 INFO rally.task.runner [-] Task b00f7ca6-c9e2-4a16-bd7b-5f016dcebeb6 | ITER: 4 START
2019-10-29 00:20:24.878 4909 RALLYDEBUG rally.task.utils [-] Waiting for resource s_rally_330258cc_Rd3frdLI. Status changed: AVAILABLE => DELETING in 0.05709409713745117
2019-10-29 00:20:24.883 4912 RALLYDEBUG rally.task.utils [-] Waiting for resource s_rally_330258cc_uH0ra47t. Status changed: AVAILABLE => DELETING in 0.06223154067993164
2019-10-29 00:20:25.008 4910 RALLYDEBUG rally.task.utils [-] Waiting for resource s_rally_330258cc_AMlTgbzF. Status changed: AVAILABLE => DELETING in 0.05721569061279297
2019-10-29 00:20:25.050 4911 RALLYDEBUG rally.task.utils [-] Waiting for resource s_rally_330258cc_YqqVwVif. Status changed: AVAILABLE => DELETING in 0.06039309501647949
2019-10-29 00:20:26.919 4909 INFO rally.task.runner [-] Task b00f7ca6-c9e2-4a16-bd7b-5f016dcebeb6 | ITER: 1 END: OK
2019-10-29 00:20:26.923 4909 INFO rally.task.runner [-] Task b00f7ca6-c9e2-4a16-bd7b-5f016dcebeb6 | ITER: 5 START
2019-10-29 00:20:26.927 4912 INFO rally.task.runner [-] Task b00f7ca6-c9e2-4a16-bd7b-5f016dcebeb6 | ITER: 4 END: OK
2019-10-29 00:20:26.932 4912 INFO rally.task.runner [-] Task b00f7ca6-c9e2-4a16-bd7b-5f016dcebeb6 | ITER: 6 START
2019-10-29 00:20:27.049 4910 INFO rally.task.runner [-] Task b00f7ca6-c9e2-4a16-bd7b-5f016dcebeb6 | ITER: 2 END: OK
2019-10-29 00:20:27.054 4910 INFO rally.task.runner [-] Task b00f7ca6-c9e2-4a16-bd7b-5f016dcebeb6 | ITER: 7 START
2019-10-29 00:20:27.085 4911 INFO rally.task.runner [-] Task b00f7ca6-c9e2-4a16-bd7b-5f016dcebeb6 | ITER: 3 END: OK
2019-10-29 00:20:27.090 4911 INFO rally.task.runner [-] Task b00f7ca6-c9e2-4a16-bd7b-5f016dcebeb6 | ITER: 8 START
2019-10-29 00:20:29.780 4912 RALLYDEBUG rally.task.utils [-] Waiting for resource s_rally_330258cc_EG5X9OWU. Status changed: CREATING => AVAILABLE in 0.12512922286987305
2019-10-29 00:20:29.828 4909 RALLYDEBUG rally.task.utils [-] Waiting for resource s_rally_330258cc_jYGC9vWS. Status changed: AVAILABLE => DELETING in 0.060945987701416016
2019-10-29 00:20:29.891 4912 RALLYDEBUG rally.task.utils [-] Waiting for resource s_rally_330258cc_EG5X9OWU. Status changed: AVAILABLE => DELETING in 0.05424952507019043
2019-10-29 00:20:30.056 4910 RALLYDEBUG rally.task.utils [-] Waiting for resource s_rally_330258cc_MWYr7NxC. Status changed: AVAILABLE => DELETING in 0.06204986572265625
2019-10-29 00:20:31.868 4909 INFO rally.task.runner [-] Task b00f7ca6-c9e2-4a16-bd7b-5f016dcebeb6 | ITER: 5 END: OK
2019-10-29 00:20:31.872 4909 INFO rally.task.runner [-] Task b00f7ca6-c9e2-4a16-bd7b-5f016dcebeb6 | ITER: 9 START
2019-10-29 00:20:31.915 4911 RALLYDEBUG rally.task.utils [-] Waiting for resource s_rally_330258cc_FJUmoNmz. Status changed: CREATING => AVAILABLE in 2.187166929244995
2019-10-29 00:20:31.926 4912 INFO rally.task.runner [-] Task b00f7ca6-c9e2-4a16-bd7b-5f016dcebeb6 | ITER: 6 END: OK
2019-10-29 00:20:31.931 4912 INFO rally.task.runner [-] Task b00f7ca6-c9e2-4a16-bd7b-5f016dcebeb6 | ITER: 10 START
2019-10-29 00:20:32.034 4911 RALLYDEBUG rally.task.utils [-] Waiting for resource s_rally_330258cc_FJUmoNmz. Status changed: AVAILABLE => DELETING in 0.05233192443847656
2019-10-29 00:20:32.090 4910 INFO rally.task.runner [-] Task b00f7ca6-c9e2-4a16-bd7b-5f016dcebeb6 | ITER: 7 END: OK
2019-10-29 00:20:34.083 4911 INFO rally.task.runner [-] Task b00f7ca6-c9e2-4a16-bd7b-5f016dcebeb6 | ITER: 8 END: OK
2019-10-29 00:20:34.825 4912 RALLYDEBUG rally.task.utils [-] Waiting for resource s_rally_330258cc_IhGAfeLM. Status changed: AVAILABLE => DELETING in 0.059157609939575195
2019-10-29 00:20:34.896 4909 RALLYDEBUG rally.task.utils [-] Waiting for resource s_rally_330258cc_9p69lB2V. Status changed: AVAILABLE => DELETING in 0.054923057556152344
2019-10-29 00:20:36.872 4912 INFO rally.task.runner [-] Task b00f7ca6-c9e2-4a16-bd7b-5f016dcebeb6 | ITER: 10 END: OK
2019-10-29 00:20:36.940 4909 INFO rally.task.runner [-] Task b00f7ca6-c9e2-4a16-bd7b-5f016dcebeb6 | ITER: 9 END: OK
2019-10-29 00:20:36.971 1845 INFO rally.task.context [-] Task b00f7ca6-c9e2-4a16-bd7b-5f016dcebeb6 | Context cleanup@openstack cleanup() started
2019-10-29 00:20:36.975 1845 RALLYDEBUG rally_openstack.cleanup.manager [-] Cleaning up cinder backups objects
2019-10-29 00:20:38.157 1845 RALLYDEBUG rally_openstack.cleanup.manager [-] Cleaning up cinder volume_snapshots objects
2019-10-29 00:20:39.276 1845 RALLYDEBUG rally_openstack.cleanup.manager [-] Cleaning up cinder transfers objects
2019-10-29 00:20:40.395 1845 RALLYDEBUG rally_openstack.cleanup.manager [-] Cleaning up cinder volumes objects
2019-10-29 00:20:41.604 1845 INFO rally.task.context [-] Task b00f7ca6-c9e2-4a16-bd7b-5f016dcebeb6 | Context cleanup@openstack cleanup() finished in 4.63 sec
2019-10-29 00:20:41.605 1845 INFO rally.task.context [-] Task b00f7ca6-c9e2-4a16-bd7b-5f016dcebeb6 | Context volumes@openstack cleanup() started
2019-10-29 00:20:41.606 1845 RALLYDEBUG rally_openstack.cleanup.manager [-] Cleaning up cinder volumes objects
2019-10-29 00:20:42.801 1845 RALLYDEBUG rally_openstack.cleanup.manager [-] Deleting cinder.volumes object c_rally_330258cc_XuVmkSaO (e5471b1d-82b4-4dc6-bc30-7a4fdc453a9c)
2019-10-29 00:20:42.802 1845 RALLYDEBUG rally_openstack.cleanup.manager [-] Deleting cinder.volumes object c_rally_330258cc_MaqPHTry (78e8f57a-1e9f-4e21-a6d2-736352500b16)
2019-10-29 00:20:42.809 1845 RALLYDEBUG rally_openstack.cleanup.manager [-] Deleting cinder.volumes object c_rally_330258cc_bW9Owg6o (4d68d627-16d9-4604-acdf-fce9c1ca4b35)
2019-10-29 00:20:45.356 1845 INFO rally.task.context [-] Task b00f7ca6-c9e2-4a16-bd7b-5f016dcebeb6 | Context volumes@openstack cleanup() finished in 3.75 sec
2019-10-29 00:20:45.357 1845 INFO rally.task.context [-] Task b00f7ca6-c9e2-4a16-bd7b-5f016dcebeb6 | Context quotas@openstack cleanup() started
2019-10-29 00:20:45.440 1845 INFO rally.task.context [-] Task b00f7ca6-c9e2-4a16-bd7b-5f016dcebeb6 | Context quotas@openstack cleanup() finished in 83.44 msec
2019-10-29 00:20:45.441 1845 INFO rally.task.context [-] Task b00f7ca6-c9e2-4a16-bd7b-5f016dcebeb6 | Context api_versions@openstack cleanup() started
2019-10-29 00:20:45.441 1845 INFO rally.task.context [-] Task b00f7ca6-c9e2-4a16-bd7b-5f016dcebeb6 | Context api_versions@openstack cleanup() finished in 0.38 msec
2019-10-29 00:20:45.442 1845 INFO rally.task.context [-] Task b00f7ca6-c9e2-4a16-bd7b-5f016dcebeb6 | Context users@openstack cleanup() started
2019-10-29 00:20:49.761 1845 INFO rally.task.context [-] Task b00f7ca6-c9e2-4a16-bd7b-5f016dcebeb6 | Context users@openstack cleanup() finished in 4.32 sec
2019-10-29 00:20:51.712 1845 INFO rally.task.engine [-] Load duration is: 14.950398
2019-10-29 00:20:51.712 1845 INFO rally.task.engine [-] Full runner duration is: 15.005021
2019-10-29 00:20:51.712 1845 INFO rally.task.engine [-] Full duration is: 40.255486
2019-10-29 00:20:52.051 1845 INFO rally.task.engine [-] Running workload: position = 0 config = { "version": 2, "title": "A cropped version of a bigger task.", "description": "Auto-generated task from a single workload (uuid=1212083b-1960-4a33-9f7d-3c77f935bfbf)", "subtasks": [ { "title": "CinderQos.create_and_get_qos", "description": "Create a qos, then get details of the qos.", "scenario": { "CinderQos.create_and_get_qos": { "consumer": "both", "write_iops_sec": "10", "read_iops_sec": "1000" } }, "contexts": { "users": { "tenants": 3, "users_per_tenant": 2 }, "api_versions": { "cinder": { "version": 3, "service_type": "volumev3" } } }, "runner": { "constant": { "concurrency": 4, "times": 10 } }, "hooks": [], "sla": { "failure_rate": { "max": 0 } } } ] }
2019-10-29 00:20:52.076 1845 RALLYDEBUG rally_openstack.contexts.keystone.users [-] Creating 3 tenants using 20 threads
2019-10-29 00:20:53.101 1845 RALLYDEBUG rally_openstack.contexts.keystone.users [-] Creating 6 users using 20 threads
2019-10-29 00:20:54.629 1845 INFO rally.task.context [-] Task b00f7ca6-c9e2-4a16-bd7b-5f016dcebeb6 | Context users@openstack setup() finished in 2.55 sec
2019-10-29 00:20:55.036 1845 INFO rally.task.context [-] Task b00f7ca6-c9e2-4a16-bd7b-5f016dcebeb6 | Context api_versions@openstack setup() finished in 0.41 sec
2019-10-29 00:20:55.036 1845 INFO rally.task.context [-] Task b00f7ca6-c9e2-4a16-bd7b-5f016dcebeb6 | Context admin_cleanup@openstack setup() finished in 0.01 msec
2019-10-29 00:20:55.045 1845 RALLYDEBUG rally.task.runner [-] Starting the constant runner (task UUID: b00f7ca6-c9e2-4a16-bd7b-5f016dcebeb6). times: 10 concurrency: 4 timeout: 0 max_cpu_used: 16 processes_to_start: 4 concurrency_per_worker: 1 concurrency_overhead: 0
2019-10-29 00:20:55.057 5113 RALLYDEBUG rally.task.runner [-] Starting a worker. times: 10 duration: None concurrency: 1 timeout: 0 cls: method_name: run args: {"consumer": "both", "write_iops_sec": "10", "read_iops_sec": "1000"}
2019-10-29 00:20:55.060 5114 RALLYDEBUG rally.task.runner [-] Starting a worker. times: 10 duration: None concurrency: 1 timeout: 0 cls: method_name: run args: {"consumer": "both", "write_iops_sec": "10", "read_iops_sec": "1000"}
2019-10-29 00:20:55.064 5113 INFO rally.task.runner [-] Task b00f7ca6-c9e2-4a16-bd7b-5f016dcebeb6 | ITER: 1 START
2019-10-29 00:20:55.063 5115 RALLYDEBUG rally.task.runner [-] Starting a worker. times: 10 duration: None concurrency: 1 timeout: 0 cls: method_name: run args: {"consumer": "both", "write_iops_sec": "10", "read_iops_sec": "1000"}
2019-10-29 00:20:55.067 5114 INFO rally.task.runner [-] Task b00f7ca6-c9e2-4a16-bd7b-5f016dcebeb6 | ITER: 2 START
2019-10-29 00:20:55.067 5116 RALLYDEBUG rally.task.runner [-] Starting a worker. times: 10 duration: None concurrency: 1 timeout: 0 cls: method_name: run args: {"consumer": "both", "write_iops_sec": "10", "read_iops_sec": "1000"}
2019-10-29 00:20:55.070 5115 INFO rally.task.runner [-] Task b00f7ca6-c9e2-4a16-bd7b-5f016dcebeb6 | ITER: 3 START
2019-10-29 00:20:55.074 5116 INFO rally.task.runner [-] Task b00f7ca6-c9e2-4a16-bd7b-5f016dcebeb6 | ITER: 4 START
2019-10-29 00:20:55.515 5116 INFO rally.task.runner [-] Task b00f7ca6-c9e2-4a16-bd7b-5f016dcebeb6 | ITER: 4 END: OK
2019-10-29 00:20:55.520 5116 INFO rally.task.runner [-] Task b00f7ca6-c9e2-4a16-bd7b-5f016dcebeb6 | ITER: 5 START
2019-10-29 00:20:55.554 5113 INFO rally.task.runner [-] Task b00f7ca6-c9e2-4a16-bd7b-5f016dcebeb6 | ITER: 1 END: OK
2019-10-29 00:20:55.554 5114 INFO rally.task.runner [-] Task b00f7ca6-c9e2-4a16-bd7b-5f016dcebeb6 | ITER: 2 END: OK
2019-10-29 00:20:55.556 5115 INFO rally.task.runner [-] Task b00f7ca6-c9e2-4a16-bd7b-5f016dcebeb6 | ITER: 3 END: OK
2019-10-29 00:20:55.558 5113 INFO rally.task.runner [-] Task b00f7ca6-c9e2-4a16-bd7b-5f016dcebeb6 | ITER: 6 START
2019-10-29 00:20:55.559 5114 INFO rally.task.runner [-] Task b00f7ca6-c9e2-4a16-bd7b-5f016dcebeb6 | ITER: 7 START
2019-10-29 00:20:55.560 5115 INFO rally.task.runner [-] Task b00f7ca6-c9e2-4a16-bd7b-5f016dcebeb6 | ITER: 8 START
2019-10-29 00:20:55.912 5116 INFO rally.task.runner [-] Task b00f7ca6-c9e2-4a16-bd7b-5f016dcebeb6 | ITER: 5 END: OK
2019-10-29 00:20:55.916 5116 INFO rally.task.runner [-] Task b00f7ca6-c9e2-4a16-bd7b-5f016dcebeb6 | ITER: 9 START
2019-10-29 00:20:55.937 5113 INFO rally.task.runner [-] Task b00f7ca6-c9e2-4a16-bd7b-5f016dcebeb6 | ITER: 6 END: OK
2019-10-29 00:20:55.941 5113 INFO rally.task.runner [-] Task b00f7ca6-c9e2-4a16-bd7b-5f016dcebeb6 | ITER: 10 START
2019-10-29 00:20:55.953 5114 INFO rally.task.runner [-] Task b00f7ca6-c9e2-4a16-bd7b-5f016dcebeb6 | ITER: 7 END: OK
2019-10-29 00:20:56.001 5115 INFO rally.task.runner [-] Task b00f7ca6-c9e2-4a16-bd7b-5f016dcebeb6 | ITER: 8 END: OK
2019-10-29 00:20:56.325 5116 INFO rally.task.runner [-] Task b00f7ca6-c9e2-4a16-bd7b-5f016dcebeb6 | ITER: 9 END: OK
2019-10-29 00:20:56.336 5113 INFO rally.task.runner [-] Task b00f7ca6-c9e2-4a16-bd7b-5f016dcebeb6 | ITER: 10 END: OK
2019-10-29 00:20:56.360 1845 INFO rally.task.context [-] Task b00f7ca6-c9e2-4a16-bd7b-5f016dcebeb6 | Context admin_cleanup@openstack cleanup() started
2019-10-29 00:20:56.364 1845 RALLYDEBUG rally_openstack.cleanup.manager [-] Cleaning up cinder volume_types objects
2019-10-29 00:20:56.773 1845 RALLYDEBUG rally_openstack.cleanup.manager [-] Cleaning up cinder image_volumes_cache objects
2019-10-29 00:20:57.303 1845 RALLYDEBUG rally_openstack.cleanup.manager [-] Cleaning up cinder quotas objects
2019-10-29 00:20:58.108 1845 RALLYDEBUG rally_openstack.cleanup.manager [-] Cleaning up cinder qos_specs objects
2019-10-29 00:20:58.499 1845 RALLYDEBUG rally_openstack.cleanup.manager [-] Deleting cinder.qos_specs object s_rally_1212083b_aXn2n9Oj (b03521f4-ef0c-4852-add0-117cfc29e2a1)
2019-10-29 00:20:58.508 1845 RALLYDEBUG rally_openstack.cleanup.manager [-] Deleting cinder.qos_specs object s_rally_1212083b_hpoEQKFe (8ac86b73-195b-4347-9961-1a877084eeaf)
2019-10-29 00:20:58.519 1845 RALLYDEBUG rally_openstack.cleanup.manager [-] Deleting cinder.qos_specs object s_rally_1212083b_k1L1ujQc (7272282b-4ad6-4c49-918e-dbea1fde2587)
2019-10-29 00:20:58.527 1845 RALLYDEBUG rally_openstack.cleanup.manager [-] Deleting cinder.qos_specs object s_rally_1212083b_RuJqgdf3 (5bd70ebb-6126-4cba-85c4-521d3f3cc2a9)
2019-10-29 00:20:58.532 1845 RALLYDEBUG rally_openstack.cleanup.manager [-] Deleting cinder.qos_specs object s_rally_1212083b_4kQRH6CY (53e0ff53-e832-4427-b52f-97db843e03fc)
2019-10-29 00:20:58.539 1845 RALLYDEBUG rally_openstack.cleanup.manager [-] Deleting cinder.qos_specs object s_rally_1212083b_wlTDNBKw (509d964b-e1e0-4c86-89c1-915a35bdb220)
2019-10-29 00:20:58.548 1845 RALLYDEBUG rally_openstack.cleanup.manager [-] Deleting cinder.qos_specs object s_rally_1212083b_zEwWZpuX (205582e0-8252-4b5e-873f-2943c897799c)
2019-10-29 00:20:58.558 1845 RALLYDEBUG rally_openstack.cleanup.manager [-] Deleting cinder.qos_specs object s_rally_1212083b_KrhzDM4h (162e5db6-da4b-4e78-90a3-e36df93785d2)
2019-10-29 00:20:58.572 1845 RALLYDEBUG rally_openstack.cleanup.manager [-] Deleting cinder.qos_specs object s_rally_1212083b_I31oPykv (0400816d-fab3-481f-926a-d1f879b2a9b0)
2019-10-29 00:20:58.581 1845 RALLYDEBUG rally_openstack.cleanup.manager [-] Deleting cinder.qos_specs object s_rally_1212083b_YUaVmlcV (b2f4cfa2-5792-463a-8ad3-f12260ff5fa4)
2019-10-29 00:21:00.115 1845 INFO rally.task.context [-] Task b00f7ca6-c9e2-4a16-bd7b-5f016dcebeb6 | Context admin_cleanup@openstack cleanup() finished in 3.75 sec
2019-10-29 00:21:00.116 1845 INFO rally.task.context [-] Task b00f7ca6-c9e2-4a16-bd7b-5f016dcebeb6 | Context api_versions@openstack cleanup() started
