2019-10-28 02:23:00.078 32142 INFO rally.task.runner [-] Task 58fbdd56-e129-409c-ab38-a6976574e4bd | ITER: 3 END: OK
2019-10-28 02:23:00.081 32142 INFO rally.task.runner [-] Task 58fbdd56-e129-409c-ab38-a6976574e4bd | ITER: 37 START
2019-10-28 02:23:00.081 32142 WARNING rally_openstack.scenarios.neutron.utils [-] Running this scenario without either the 'network' or 'existing_network' context is deprecated
2019-10-28 02:23:00.453 32161 INFO rally.task.runner [-] Task 58fbdd56-e129-409c-ab38-a6976574e4bd | ITER: 14 END: OK
2019-10-28 02:23:00.458 32161 INFO rally.task.runner [-] Task 58fbdd56-e129-409c-ab38-a6976574e4bd | ITER: 38 START
2019-10-28 02:23:00.459 32161 WARNING rally_openstack.scenarios.neutron.utils [-] Running this scenario without either the 'network' or 'existing_network' context is deprecated
2019-10-28 02:23:00.638 32189 INFO rally.task.runner [-] Task 58fbdd56-e129-409c-ab38-a6976574e4bd | ITER: 20 END: OK
2019-10-28 02:23:00.642 32189 INFO rally.task.runner [-] Task 58fbdd56-e129-409c-ab38-a6976574e4bd | ITER: 39 START
2019-10-28 02:23:00.643 32189 WARNING rally_openstack.scenarios.neutron.utils [-] Running this scenario without either the 'network' or 'existing_network' context is deprecated
2019-10-28 02:23:02.331 32155 INFO rally.task.runner [-] Task 58fbdd56-e129-409c-ab38-a6976574e4bd | ITER: 11 END: OK
2019-10-28 02:23:02.335 32155 INFO rally.task.runner [-] Task 58fbdd56-e129-409c-ab38-a6976574e4bd | ITER: 40 START
2019-10-28 02:23:02.335 32155 WARNING rally_openstack.scenarios.neutron.utils [-] Running this scenario without either the 'network' or 'existing_network' context is deprecated
2019-10-28 02:23:04.352 32177 INFO rally.task.runner [-] Task 58fbdd56-e129-409c-ab38-a6976574e4bd | ITER: 21 END: OK
2019-10-28 02:23:05.982 32159 INFO rally.task.runner [-] Task 58fbdd56-e129-409c-ab38-a6976574e4bd | ITER: 24 END: OK
2019-10-28 02:23:07.004 32142 INFO rally.task.runner [-] Task 58fbdd56-e129-409c-ab38-a6976574e4bd | ITER: 25 END: OK
2019-10-28 02:23:07.100 32144 INFO rally.task.runner [-] Task 58fbdd56-e129-409c-ab38-a6976574e4bd | ITER: 28 END: OK
2019-10-28 02:23:07.220 32151 INFO rally.task.runner [-] Task 58fbdd56-e129-409c-ab38-a6976574e4bd | ITER: 23 END: OK
2019-10-28 02:23:07.284 32143 INFO rally.task.runner [-] Task 58fbdd56-e129-409c-ab38-a6976574e4bd | ITER: 22 END: OK
2019-10-28 02:23:07.617 32143 INFO rally.task.runner [-] Task 58fbdd56-e129-409c-ab38-a6976574e4bd | ITER: 29 END: OK
2019-10-28 02:23:07.675 32160 INFO rally.task.runner [-] Task 58fbdd56-e129-409c-ab38-a6976574e4bd | ITER: 32 END: OK
2019-10-28 02:23:07.766 32147 INFO rally.task.runner [-] Task 58fbdd56-e129-409c-ab38-a6976574e4bd | ITER: 35 END: OK
2019-10-28 02:23:07.780 32161 INFO rally.task.runner [-] Task 58fbdd56-e129-409c-ab38-a6976574e4bd | ITER: 38 END: OK
2019-10-28 02:23:08.056 32150 INFO rally.task.runner [-] Task 58fbdd56-e129-409c-ab38-a6976574e4bd | ITER: 26 END: OK
2019-10-28 02:23:08.100 32144 INFO rally.task.runner [-] Task 58fbdd56-e129-409c-ab38-a6976574e4bd | ITER: 33 END: OK
2019-10-28 02:23:08.250 32189 INFO rally.task.runner [-] Task 58fbdd56-e129-409c-ab38-a6976574e4bd | ITER: 39 END: OK
2019-10-28 02:23:08.377 32183 INFO rally.task.runner [-] Task 58fbdd56-e129-409c-ab38-a6976574e4bd | ITER: 27 END: OK
2019-10-28 02:23:08.383 32147 INFO rally.task.runner [-] Task 58fbdd56-e129-409c-ab38-a6976574e4bd | ITER: 36 END: OK
2019-10-28 02:23:08.497 32182 INFO rally.task.runner [-] Task 58fbdd56-e129-409c-ab38-a6976574e4bd | ITER: 30 END: OK
2019-10-28 02:23:08.924 32186 INFO rally.task.runner [-] Task 58fbdd56-e129-409c-ab38-a6976574e4bd | ITER: 34 END: OK
2019-10-28 02:23:08.929 32142 INFO rally.task.runner [-] Task 58fbdd56-e129-409c-ab38-a6976574e4bd | ITER: 37 END: OK
2019-10-28 02:23:09.505 32168 INFO rally.task.runner [-] Task 58fbdd56-e129-409c-ab38-a6976574e4bd | ITER: 31 END: OK
2019-10-28 02:23:10.132 32155 INFO rally.task.runner [-] Task 58fbdd56-e129-409c-ab38-a6976574e4bd | ITER: 40 END: OK
2019-10-28 02:23:10.163 27676 INFO rally.task.context [-] Task 58fbdd56-e129-409c-ab38-a6976574e4bd | Context cleanup@openstack cleanup() started
2019-10-28 02:23:10.167 27676 RALLYDEBUG rally_openstack.cleanup.manager [-] Cleaning up neutron vip objects
2019-10-28 02:23:10.543 27676 RALLYDEBUG rally_openstack.cleanup.manager [-] Cleaning up neutron health_monitor objects
2019-10-28 02:23:10.908 27676 RALLYDEBUG rally_openstack.cleanup.manager [-] Cleaning up neutron pool objects
2019-10-28 02:23:11.273 27676 RALLYDEBUG rally_openstack.cleanup.manager [-] Cleaning up neutron loadbalancer objects
2019-10-28 02:23:11.634 27676 RALLYDEBUG rally_openstack.cleanup.manager [-] Cleaning up neutron floatingip objects
2019-10-28 02:23:12.032 27676 RALLYDEBUG rally_openstack.cleanup.manager [-] Cleaning up neutron trunk objects
2019-10-28 02:23:12.414 27676 RALLYDEBUG rally_openstack.cleanup.manager [-] Cleaning up neutron port objects
2019-10-28 02:23:12.809 27676 RALLYDEBUG rally_openstack.cleanup.manager [-] Cleaning up neutron subnet objects
2019-10-28 02:23:13.201 27676 RALLYDEBUG rally_openstack.cleanup.manager [-] Cleaning up neutron network objects
2019-10-28 02:23:13.775 27676 RALLYDEBUG rally_openstack.cleanup.manager [-] Deleting neutron.network object s_rally_e149e547_lJTXYj4b (00ad9b0e-19e4-4d6c-96a1-2901ffd39b04)
2019-10-28 02:23:13.784 27676 RALLYDEBUG rally_openstack.cleanup.manager [-] Deleting neutron.network object s_rally_e149e547_zHVuuq2L (058927e3-5910-4673-a806-14fb3247cf2b)
2019-10-28 02:23:13.792 27676 RALLYDEBUG rally_openstack.cleanup.manager [-] Deleting neutron.network object s_rally_e149e547_Uc5HJ9CC (067c75e4-7994-4127-ba40-03dda8c93c7f)
2019-10-28 02:23:13.796 27676 RALLYDEBUG rally_openstack.cleanup.manager [-] Deleting neutron.network object s_rally_e149e547_pzR7LFmu (073b059b-fded-4732-838e-d3c0fdebc2b4)
2019-10-28 02:23:13.810 27676 RALLYDEBUG rally_openstack.cleanup.manager [-] Deleting neutron.network object s_rally_e149e547_hg11Z8th (0e7bb356-cf68-4a41-87a9-16d7b8365728)
2019-10-28 02:23:13.829 27676 RALLYDEBUG rally_openstack.cleanup.manager [-] Deleting neutron.network object s_rally_e149e547_WtGsdiCy (15c811aa-9d21-49f4-bdca-1669cfafdbd2)
2019-10-28 02:23:13.847 27676 RALLYDEBUG rally_openstack.cleanup.manager [-] Deleting neutron.network object s_rally_e149e547_ap4XWNnq (17511d8a-a753-4fc8-b0f4-61cb3ddc3a69)
2019-10-28 02:23:13.852 27676 RALLYDEBUG rally_openstack.cleanup.manager [-] Deleting neutron.network object s_rally_e149e547_pmu9AXmm (19e36718-d349-48f3-aa1a-26018662251b)
2019-10-28 02:23:13.858 27676 RALLYDEBUG rally_openstack.cleanup.manager [-] Deleting neutron.network object s_rally_e149e547_SlPzYhD4 (1fd6f640-56e8-41b9-be84-4b0d39d46343)
2019-10-28 02:23:13.863 27676 RALLYDEBUG rally_openstack.cleanup.manager [-] Deleting neutron.network object s_rally_e149e547_W9OyN9vT (2e7dcf98-6456-458d-a79a-884345bff4ac)
2019-10-28 02:23:13.885 27676 RALLYDEBUG rally_openstack.cleanup.manager [-] Deleting neutron.network object s_rally_e149e547_4VPlKDk1 (3fdb646d-228b-48bc-b5ff-76c305d516d7)
2019-10-28 02:23:13.902 27676 RALLYDEBUG rally_openstack.cleanup.manager [-] Deleting neutron.network object s_rally_e149e547_UWv7DJ8E (4220f0a2-ca12-4951-afa8-27af37ef1c90)
2019-10-28 02:23:13.908 27676 RALLYDEBUG rally_openstack.cleanup.manager [-] Deleting neutron.network object s_rally_e149e547_LfLEd6Gx (4b53bc3f-c0e3-47a7-8a8f-97990af7025c)
2019-10-28 02:23:13.917 27676 RALLYDEBUG rally_openstack.cleanup.manager [-] Deleting neutron.network object s_rally_e149e547_XEjKOTYV (4e78e60a-1a13-40d4-a734-d9a59d5e21f1)
2019-10-28 02:23:13.930 27676 RALLYDEBUG rally_openstack.cleanup.manager [-] Deleting neutron.network object s_rally_e149e547_FUuBWkng (4f83a1af-2f2b-41f0-aa6c-a97f57b9d352)
2019-10-28 02:23:13.945 27676 RALLYDEBUG rally_openstack.cleanup.manager [-] Deleting neutron.network object s_rally_e149e547_zgYRy7b0 (51b804a9-96b9-4edb-a410-9d1ee65e3d6b)
2019-10-28 02:23:13.959 27676 RALLYDEBUG rally_openstack.cleanup.manager [-] Deleting neutron.network object s_rally_e149e547_HgxbbjSm (5556610c-5d78-4e47-b6ff-718058384eab)
2019-10-28 02:23:13.966 27676 RALLYDEBUG rally_openstack.cleanup.manager [-] Deleting neutron.network object s_rally_e149e547_m0wHiGhl (57eb8204-6bd2-4997-81cd-a59cb3def400)
2019-10-28 02:23:13.983 27676 RALLYDEBUG rally_openstack.cleanup.manager [-] Deleting neutron.network object s_rally_e149e547_L767OZlr (65953398-0d94-4845-b4d1-e3073c5fdff9)
2019-10-28 02:23:13.989 27676 RALLYDEBUG rally_openstack.cleanup.manager [-] Deleting neutron.network object s_rally_e149e547_gbWJZGNV (81cd65cb-9d84-41c0-bee9-9f29f955a9b5)
2019-10-28 02:23:15.895 27676 RALLYDEBUG rally_openstack.cleanup.manager [-] Deleting neutron.network object s_rally_e149e547_cEXZ1A0d (975495ad-cac1-4d27-8456-1339c1aad3ce)
2019-10-28 02:23:16.031 27676 RALLYDEBUG rally_openstack.cleanup.manager [-] Deleting neutron.network object s_rally_e149e547_58HfkFRE (9d39b174-8c75-479f-b84d-27611df5910e)
2019-10-28 02:23:16.035 27676 RALLYDEBUG rally_openstack.cleanup.manager [-] Deleting neutron.network object s_rally_e149e547_SfWGtdlX (9e458720-fc78-480b-b1cb-b249df890441)
2019-10-28 02:23:16.058 27676 RALLYDEBUG rally_openstack.cleanup.manager [-] Deleting neutron.network object s_rally_e149e547_drG4tTAC (a09dbfe6-8445-45a6-a4f5-f7655e36bd4f)
2019-10-28 02:23:16.087 27676 RALLYDEBUG rally_openstack.cleanup.manager [-] Deleting neutron.network object s_rally_e149e547_kk0r8fyy (a2b74c9d-2697-48bd-8671-034b1097bc8f)
2019-10-28 02:23:16.164 27676 RALLYDEBUG rally_openstack.cleanup.manager [-] Deleting neutron.network object s_rally_e149e547_5Woqk5pX (a309c222-4f40-4777-90be-1cd620296ea5)
2019-10-28 02:23:16.573 27676 RALLYDEBUG rally_openstack.cleanup.manager [-] Deleting neutron.network object s_rally_e149e547_yFbCCx0A (a38f81d8-ef24-4dbe-928a-20087f095c90)
2019-10-28 02:23:16.582 27676 RALLYDEBUG rally_openstack.cleanup.manager [-] Deleting neutron.network object s_rally_e149e547_WPwDIU6s (b2a1d368-78d1-4f45-847f-d508db0aa4dc)
2019-10-28 02:23:16.627 27676 RALLYDEBUG rally_openstack.cleanup.manager [-] Deleting neutron.network object s_rally_e149e547_sWmP9ehI (bdd3ef41-ea95-4ddb-bc5e-b2d9fc41ee9a)
2019-10-28 02:23:16.644 27676 RALLYDEBUG rally_openstack.cleanup.manager [-] Deleting neutron.network object s_rally_e149e547_BsdGa6O8 (cfe6dec0-79d2-4f17-a29d-031a9520679d)
2019-10-28 02:23:16.665 27676 RALLYDEBUG rally_openstack.cleanup.manager [-] Deleting neutron.network object s_rally_e149e547_TZXBkrQq (d5425f2b-4d70-4885-bcf9-d217350bdc1d)
2019-10-28 02:23:16.673 27676 RALLYDEBUG rally_openstack.cleanup.manager [-] Deleting neutron.network object s_rally_e149e547_WbPDSIID (d5bb715f-dfcf-4407-bed5-315d6fb7db6d)
2019-10-28 02:23:16.690 27676 RALLYDEBUG rally_openstack.cleanup.manager [-] Deleting neutron.network object s_rally_e149e547_qM6oi7xB (df9d1109-f706-4813-a79b-e5f09d023749)
2019-10-28 02:23:16.720 27676 RALLYDEBUG rally_openstack.cleanup.manager [-] Deleting neutron.network object s_rally_e149e547_0e9Nz7Jx (e11288f3-6944-4ba6-9f70-815d5d5fa88c)
2019-10-28 02:23:16.799 27676 RALLYDEBUG rally_openstack.cleanup.manager [-] Deleting neutron.network object s_rally_e149e547_gJ49dlkc (e6d602a7-dc20-40b7-a426-2fe76587f258)
2019-10-28 02:23:16.840 27676 RALLYDEBUG rally_openstack.cleanup.manager [-] Deleting neutron.network object s_rally_e149e547_g0KmSDV5 (f358e77b-843d-468a-90d9-636926b6e878)
2019-10-28 02:23:16.849 27676 RALLYDEBUG rally_openstack.cleanup.manager [-] Deleting neutron.network object s_rally_e149e547_vwCgOW5v (f482b8ad-04dc-457a-a484-c0187091d178)
2019-10-28 02:23:16.865 27676 RALLYDEBUG rally_openstack.cleanup.manager [-] Deleting neutron.network object s_rally_e149e547_jIbffr37 (f4832db0-51b9-4677-b17a-244ae902ee4a)
2019-10-28 02:23:16.958 27676 RALLYDEBUG rally_openstack.cleanup.manager [-] Deleting neutron.network object s_rally_e149e547_bgfman2m (f63cddd3-7205-455b-adf5-58cb524e3244)
2019-10-28 02:23:16.983 27676 RALLYDEBUG rally_openstack.cleanup.manager [-] Deleting neutron.network object s_rally_e149e547_PtkL8mLJ (fb6d7e69-1bce-44f0-a242-152c375ceba0)
2019-10-28 02:23:19.436 27676 RALLYDEBUG rally_openstack.cleanup.manager [-] Cleaning up neutron router objects
2019-10-28 02:23:19.869 27676 RALLYDEBUG rally_openstack.cleanup.manager [-] Cleaning up neutron security_group objects
2019-10-28 02:23:20.291 27676 INFO rally.task.context [-] Task 58fbdd56-e129-409c-ab38-a6976574e4bd | Context cleanup@openstack cleanup() finished in 10.13 sec
2019-10-28 02:23:20.291 27676 INFO rally.task.context [-] Task 58fbdd56-e129-409c-ab38-a6976574e4bd | Context quotas@openstack cleanup() started
2019-10-28 02:23:20.359 27676 INFO rally.task.context [-] Task 58fbdd56-e129-409c-ab38-a6976574e4bd | Context quotas@openstack cleanup() finished in 67.48 msec
2019-10-28 02:23:20.359 27676 INFO rally.task.context [-] Task 58fbdd56-e129-409c-ab38-a6976574e4bd | Context users@openstack cleanup() started
2019-10-28 02:23:22.904 27676 INFO rally.task.context [-] Task 58fbdd56-e129-409c-ab38-a6976574e4bd | Context users@openstack cleanup() finished in 2.54 sec
2019-10-28 02:23:24.327 27676 INFO rally.task.engine [-] Load duration is: 21.305214
2019-10-28 02:23:24.327 27676 INFO rally.task.engine [-] Full runner duration is: 21.355932
2019-10-28 02:23:24.328 27676 INFO rally.task.engine [-] Full duration is: 36.800132
2019-10-28 02:23:24.695 27676 INFO rally.task.engine [-] Running workload: position = 0 config = { "version": 2, "title": "A cropped version of a bigger task.", "description": "Auto-generated task from a single workload (uuid=0eb1d95f-c66f-4fed-bfb9-6d74f54157b5)", "subtasks": [ { "title": "Quotas.neutron_update", "description": "Update quotas for neutron.", "scenario": { "Quotas.neutron_update": { "max_quota": 1024 } }, "contexts": { "users": { "tenants": 20, "users_per_tenant": 1 } }, "runner": { "constant": { "times": 40, "concurrency": 20 } }, "hooks": [], "sla": { "failure_rate": { "max": 0 } } } ] }
2019-10-28 02:23:24.720 27676 RALLYDEBUG rally_openstack.contexts.keystone.users [-] Creating 20 tenants using 20 threads
2019-10-28 02:23:26.722 27676 RALLYDEBUG rally_openstack.contexts.keystone.users [-] Creating 20 users using 20 threads
2019-10-28 02:23:29.779 27676 INFO rally.task.context [-] Task 58fbdd56-e129-409c-ab38-a6976574e4bd | Context users@openstack setup() finished in 5.06 sec
2019-10-28 02:23:29.780 27676 INFO rally.task.context [-] Task 58fbdd56-e129-409c-ab38-a6976574e4bd | Context admin_cleanup@openstack setup() finished in 0.01 msec
2019-10-28 02:23:29.790 27676 RALLYDEBUG rally.task.runner [-] Starting the constant runner (task UUID: 58fbdd56-e129-409c-ab38-a6976574e4bd). times: 40 concurrency: 20 timeout: 0 max_cpu_used: 16 processes_to_start: 16 concurrency_per_worker: 1 concurrency_overhead: 4
2019-10-28 02:23:29.801 32532 RALLYDEBUG rally.task.runner [-] Starting a worker. times: 40 duration: None concurrency: 2 timeout: 0 cls: method_name: run args: {"max_quota": 1024}
2019-10-28 02:23:29.805 32533 RALLYDEBUG rally.task.runner [-] Starting a worker. times: 40 duration: None concurrency: 2 timeout: 0 cls: method_name: run args: {"max_quota": 1024}
2019-10-28 02:23:29.809 32534 RALLYDEBUG rally.task.runner [-] Starting a worker. times: 40 duration: None concurrency: 2 timeout: 0 cls: method_name: run args: {"max_quota": 1024}
2019-10-28 02:23:29.813 32535 RALLYDEBUG rally.task.runner [-] Starting a worker. times: 40 duration: None concurrency: 2 timeout: 0 cls: method_name: run args: {"max_quota": 1024}
2019-10-28 02:23:29.816 32532 INFO rally.task.runner [-] Task 58fbdd56-e129-409c-ab38-a6976574e4bd | ITER: 1 START
2019-10-28 02:23:29.820 32533 INFO rally.task.runner [-] Task 58fbdd56-e129-409c-ab38-a6976574e4bd | ITER: 2 START
2019-10-28 02:23:29.822 32541 RALLYDEBUG rally.task.runner [-] Starting a worker. times: 40 duration: None concurrency: 1 timeout: 0 cls: method_name: run args: {"max_quota": 1024}
2019-10-28 02:23:29.824 32534 INFO rally.task.runner [-] Task 58fbdd56-e129-409c-ab38-a6976574e4bd | ITER: 3 START
2019-10-28 02:23:29.817 32532 INFO rally.task.runner [-] Task 58fbdd56-e129-409c-ab38-a6976574e4bd | ITER: 4 START
2019-10-28 02:23:29.830 32535 INFO rally.task.runner [-] Task 58fbdd56-e129-409c-ab38-a6976574e4bd | ITER: 6 START
2019-10-28 02:23:29.830 32548 RALLYDEBUG rally.task.runner [-] Starting a worker. times: 40 duration: None concurrency: 1 timeout: 0 cls: method_name: run args: {"max_quota": 1024}
2019-10-28 02:23:29.821 32533 INFO rally.task.runner [-] Task 58fbdd56-e129-409c-ab38-a6976574e4bd | ITER: 5 START
2019-10-28 02:23:29.835 32541 INFO rally.task.runner [-] Task 58fbdd56-e129-409c-ab38-a6976574e4bd | ITER: 9 START
2019-10-28 02:23:29.837 32550 RALLYDEBUG rally.task.runner [-] Starting a worker. times: 40 duration: None concurrency: 1 timeout: 0 cls: method_name: run args: {"max_quota": 1024}
2019-10-28 02:23:29.832 32534 INFO rally.task.runner [-] Task 58fbdd56-e129-409c-ab38-a6976574e4bd | ITER: 7 START
2019-10-28 02:23:29.843 32548 INFO rally.task.runner [-] Task 58fbdd56-e129-409c-ab38-a6976574e4bd | ITER: 10 START
2019-10-28 02:23:29.831 32535 INFO rally.task.runner [-] Task 58fbdd56-e129-409c-ab38-a6976574e4bd | ITER: 8 START
2019-10-28 02:23:29.847 32553 RALLYDEBUG rally.task.runner [-] Starting a worker. times: 40 duration: None concurrency: 1 timeout: 0 cls: method_name: run args: {"max_quota": 1024}
2019-10-28 02:23:29.848 32550 INFO rally.task.runner [-] Task 58fbdd56-e129-409c-ab38-a6976574e4bd | ITER: 11 START
2019-10-28 02:23:29.852 32557 RALLYDEBUG rally.task.runner [-] Starting a worker. times: 40 duration: None concurrency: 1 timeout: 0 cls: method_name: run args: {"max_quota": 1024}
2019-10-28 02:23:29.855 32553 INFO rally.task.runner [-] Task 58fbdd56-e129-409c-ab38-a6976574e4bd | ITER: 12 START
2019-10-28 02:23:29.861 32561 RALLYDEBUG rally.task.runner [-] Starting a worker. times: 40 duration: None concurrency: 1 timeout: 0 cls: method_name: run args: {"max_quota": 1024}
2019-10-28 02:23:29.863 32557 INFO rally.task.runner [-] Task 58fbdd56-e129-409c-ab38-a6976574e4bd | ITER: 13 START
2019-10-28 02:23:29.867 32563 RALLYDEBUG rally.task.runner [-] Starting a worker. times: 40 duration: None concurrency: 1 timeout: 0 cls: method_name: run args: {"max_quota": 1024}
2019-10-28 02:23:29.871 32561 INFO rally.task.runner [-] Task 58fbdd56-e129-409c-ab38-a6976574e4bd | ITER: 14 START
2019-10-28 02:23:29.875 32567 RALLYDEBUG rally.task.runner [-] Starting a worker. times: 40 duration: None concurrency: 1 timeout: 0 cls: method_name: run args: {"max_quota": 1024}
2019-10-28 02:23:29.875 32563 INFO rally.task.runner [-] Task 58fbdd56-e129-409c-ab38-a6976574e4bd | ITER: 15 START
2019-10-28 02:23:29.882 32567 INFO rally.task.runner [-] Task 58fbdd56-e129-409c-ab38-a6976574e4bd | ITER: 16 START
2019-10-28 02:23:29.881 32570 RALLYDEBUG rally.task.runner [-] Starting a worker. times: 40 duration: None concurrency: 1 timeout: 0 cls: method_name: run args: {"max_quota": 1024}
2019-10-28 02:23:29.889 32573 RALLYDEBUG rally.task.runner [-] Starting a worker. times: 40 duration: None concurrency: 1 timeout: 0 cls: method_name: run args: {"max_quota": 1024}
2019-10-28 02:23:29.890 32570 INFO rally.task.runner [-] Task 58fbdd56-e129-409c-ab38-a6976574e4bd | ITER: 17 START
2019-10-28 02:23:29.895 32576 RALLYDEBUG rally.task.runner [-] Starting a worker. times: 40 duration: None concurrency: 1 timeout: 0 cls: method_name: run args: {"max_quota": 1024}
2019-10-28 02:23:29.896 32573 INFO rally.task.runner [-] Task 58fbdd56-e129-409c-ab38-a6976574e4bd | ITER: 18 START
2019-10-28 02:23:29.902 32579 RALLYDEBUG rally.task.runner [-] Starting a worker. times: 40 duration: None concurrency: 1 timeout: 0 cls: method_name: run args: {"max_quota": 1024}
2019-10-28 02:23:29.903 32576 INFO rally.task.runner [-] Task 58fbdd56-e129-409c-ab38-a6976574e4bd | ITER: 19 START
2019-10-28 02:23:29.909 32579 INFO rally.task.runner [-] Task 58fbdd56-e129-409c-ab38-a6976574e4bd | ITER: 20 START
2019-10-28 02:23:30.337 32534 INFO rally.task.runner [-] Task 58fbdd56-e129-409c-ab38-a6976574e4bd | ITER: 7 END: OK
2019-10-28 02:23:30.341 32534 INFO rally.task.runner [-] Task 58fbdd56-e129-409c-ab38-a6976574e4bd | ITER: 21 START
2019-10-28 02:23:30.348 32533 INFO rally.task.runner [-] Task 58fbdd56-e129-409c-ab38-a6976574e4bd | ITER: 2 END: OK
2019-10-28 02:23:30.352 32550 INFO rally.task.runner [-] Task 58fbdd56-e129-409c-ab38-a6976574e4bd | ITER: 11 END: OK
2019-10-28 02:23:30.354 32533 INFO rally.task.runner [-] Task 58fbdd56-e129-409c-ab38-a6976574e4bd | ITER: 22 START
2019-10-28 02:23:30.356 32535 INFO rally.task.runner [-] Task 58fbdd56-e129-409c-ab38-a6976574e4bd | ITER: 8 END: OK
2019-10-28 02:23:30.359 32550 INFO rally.task.runner [-] Task 58fbdd56-e129-409c-ab38-a6976574e4bd | ITER: 23 START
2019-10-28 02:23:30.364 32535 INFO rally.task.runner [-] Task 58fbdd56-e129-409c-ab38-a6976574e4bd | ITER: 24 START
2019-10-28 02:23:30.385 32533 INFO rally.task.runner [-] Task 58fbdd56-e129-409c-ab38-a6976574e4bd | ITER: 5 END: OK
2019-10-28 02:23:30.390 32533 INFO rally.task.runner [-] Task 58fbdd56-e129-409c-ab38-a6976574e4bd | ITER: 25 START
2019-10-28 02:23:30.394 32532 INFO rally.task.runner [-] Task 58fbdd56-e129-409c-ab38-a6976574e4bd | ITER: 1 END: OK
2019-10-28 02:23:30.395 32535 INFO rally.task.runner [-] Task 58fbdd56-e129-409c-ab38-a6976574e4bd | ITER: 6 END: OK
2019-10-28 02:23:30.400 32532 INFO rally.task.runner [-] Task 58fbdd56-e129-409c-ab38-a6976574e4bd | ITER: 26 START
2019-10-28 02:23:30.400 32535 INFO rally.task.runner [-] Task 58fbdd56-e129-409c-ab38-a6976574e4bd | ITER: 27 START
2019-10-28 02:23:30.443 32557 INFO rally.task.runner [-] Task 58fbdd56-e129-409c-ab38-a6976574e4bd | ITER: 13 END: OK
2019-10-28 02:23:30.450 32557 INFO rally.task.runner [-] Task 58fbdd56-e129-409c-ab38-a6976574e4bd | ITER: 28 START
2019-10-28 02:23:30.457 32548 INFO rally.task.runner [-] Task 58fbdd56-e129-409c-ab38-a6976574e4bd | ITER: 10 END: OK
2019-10-28 02:23:30.461 32548 INFO rally.task.runner [-] Task 58fbdd56-e129-409c-ab38-a6976574e4bd | ITER: 29 START
2019-10-28 02:23:30.526 32532 INFO rally.task.runner [-] Task 58fbdd56-e129-409c-ab38-a6976574e4bd | ITER: 4 END: OK
2019-10-28 02:23:30.529 32532 INFO rally.task.runner [-] Task 58fbdd56-e129-409c-ab38-a6976574e4bd | ITER: 30 START
2019-10-28 02:23:30.565 32573 INFO rally.task.runner [-] Task 58fbdd56-e129-409c-ab38-a6976574e4bd | ITER: 18 END: OK
2019-10-28 02:23:30.572 32573 INFO rally.task.runner [-] Task 58fbdd56-e129-409c-ab38-a6976574e4bd | ITER: 31 START
2019-10-28 02:23:30.609 32561 INFO rally.task.runner [-] Task 58fbdd56-e129-409c-ab38-a6976574e4bd | ITER: 14 END: OK
2019-10-28 02:23:30.613 32561 INFO rally.task.runner [-] Task 58fbdd56-e129-409c-ab38-a6976574e4bd | ITER: 32 START
2019-10-28 02:23:30.630 32567 INFO rally.task.runner [-] Task 58fbdd56-e129-409c-ab38-a6976574e4bd | ITER: 16 END: OK
2019-10-28 02:23:30.636 32567 INFO rally.task.runner [-] Task 58fbdd56-e129-409c-ab38-a6976574e4bd | ITER: 33 START
2019-10-28 02:23:30.643 32534 INFO rally.task.runner [-] Task 58fbdd56-e129-409c-ab38-a6976574e4bd | ITER: 3 END: OK
2019-10-28 02:23:30.656 32534 INFO rally.task.runner [-] Task 58fbdd56-e129-409c-ab38-a6976574e4bd | ITER: 34 START
2019-10-28 02:23:30.689 32570 INFO rally.task.runner [-] Task 58fbdd56-e129-409c-ab38-a6976574e4bd | ITER: 17 END: OK
2019-10-28 02:23:30.693 32570 INFO rally.task.runner [-] Task 58fbdd56-e129-409c-ab38-a6976574e4bd | ITER: 35 START
2019-10-28 02:23:30.738 32553 INFO rally.task.runner [-] Task 58fbdd56-e129-409c-ab38-a6976574e4bd | ITER: 12 END: OK
2019-10-28 02:23:30.744 32553 INFO rally.task.runner [-] Task 58fbdd56-e129-409c-ab38-a6976574e4bd | ITER: 36 START
2019-10-28 02:23:30.756 32534 INFO rally.task.runner [-] Task 58fbdd56-e129-409c-ab38-a6976574e4bd | ITER: 21 END: OK
2019-10-28 02:23:30.763 32534 INFO rally.task.runner [-] Task 58fbdd56-e129-409c-ab38-a6976574e4bd | ITER: 37 START
2019-10-28 02:23:30.772 32541 INFO rally.task.runner [-] Task 58fbdd56-e129-409c-ab38-a6976574e4bd | ITER: 9 END: OK
2019-10-28 02:23:30.777 32541 INFO rally.task.runner [-] Task 58fbdd56-e129-409c-ab38-a6976574e4bd | ITER: 38 START
2019-10-28 02:23:30.826 32535 INFO rally.task.runner [-] Task 58fbdd56-e129-409c-ab38-a6976574e4bd | ITER: 24 END: OK
2019-10-28 02:23:30.829 32535 INFO rally.task.runner [-] Task 58fbdd56-e129-409c-ab38-a6976574e4bd | ITER: 39 START
2019-10-28 02:23:30.865 32532 INFO rally.task.runner [-] Task 58fbdd56-e129-409c-ab38-a6976574e4bd | ITER: 26 END: OK
2019-10-28 02:23:30.869 32532 INFO rally.task.runner [-] Task 58fbdd56-e129-409c-ab38-a6976574e4bd | ITER: 40 START
2019-10-28 02:23:30.925 32579 INFO rally.task.runner [-] Task 58fbdd56-e129-409c-ab38-a6976574e4bd | ITER: 20 END: OK
2019-10-28 02:23:30.927 32563 INFO rally.task.runner [-] Task 58fbdd56-e129-409c-ab38-a6976574e4bd | ITER: 15 END: OK
2019-10-28 02:23:30.948 32548 INFO rally.task.runner [-] Task 58fbdd56-e129-409c-ab38-a6976574e4bd | ITER: 29 END: OK
2019-10-28 02:23:30.979 32576 INFO rally.task.runner [-] Task 58fbdd56-e129-409c-ab38-a6976574e4bd | ITER: 19 END: OK
2019-10-28 02:23:30.983 32532 INFO rally.task.runner [-] Task 58fbdd56-e129-409c-ab38-a6976574e4bd | ITER: 30 END: OK
2019-10-28 02:23:31.090 32550 INFO rally.task.runner [-] Task 58fbdd56-e129-409c-ab38-a6976574e4bd | ITER: 23 END: OK
2019-10-28 02:23:31.093 32533 INFO rally.task.runner [-] Task 58fbdd56-e129-409c-ab38-a6976574e4bd | ITER: 25 END: OK
2019-10-28 02:23:31.098 32534 INFO rally.task.runner [-] Task 58fbdd56-e129-409c-ab38-a6976574e4bd | ITER: 34 END: OK
2019-10-28 02:23:31.206 32561 INFO rally.task.runner [-] Task 58fbdd56-e129-409c-ab38-a6976574e4bd | ITER: 32 END: OK
2019-10-28 02:23:31.261 32541 INFO rally.task.runner [-] Task 58fbdd56-e129-409c-ab38-a6976574e4bd | ITER: 38 END: OK
2019-10-28 02:23:31.275 32553 INFO rally.task.runner [-] Task 58fbdd56-e129-409c-ab38-a6976574e4bd | ITER: 36 END: OK
2019-10-28 02:23:31.371 32533 INFO rally.task.runner [-] Task 58fbdd56-e129-409c-ab38-a6976574e4bd | ITER: 22 END: OK
2019-10-28 02:23:31.389 32570 INFO rally.task.runner [-] Task 58fbdd56-e129-409c-ab38-a6976574e4bd | ITER: 35 END: OK
2019-10-28 02:23:31.390 32557 INFO rally.task.runner [-] Task 58fbdd56-e129-409c-ab38-a6976574e4bd | ITER: 28 END: OK
2019-10-28 02:23:31.393 32532 INFO rally.task.runner [-] Task 58fbdd56-e129-409c-ab38-a6976574e4bd | ITER: 40 END: OK
2019-10-28 02:23:31.401 32573 INFO rally.task.runner [-] Task 58fbdd56-e129-409c-ab38-a6976574e4bd | ITER: 31 END: OK
2019-10-28 02:23:31.416 32535 INFO rally.task.runner [-] Task 58fbdd56-e129-409c-ab38-a6976574e4bd | ITER: 27 END: OK
2019-10-28 02:23:31.437 32535 INFO rally.task.runner [-] Task 58fbdd56-e129-409c-ab38-a6976574e4bd | ITER: 39 END: OK
2019-10-28 02:23:31.508 32567 INFO rally.task.runner [-] Task 58fbdd56-e129-409c-ab38-a6976574e4bd | ITER: 33 END: OK
2019-10-28 02:23:31.659 32534 INFO rally.task.runner [-] Task 58fbdd56-e129-409c-ab38-a6976574e4bd | ITER: 37 END: OK
2019-10-28 02:23:31.689 27676 INFO rally.task.context [-] Task 58fbdd56-e129-409c-ab38-a6976574e4bd | Context admin_cleanup@openstack cleanup() started
2019-10-28 02:23:31.692 27676 RALLYDEBUG rally_openstack.cleanup.manager [-] Cleaning up neutron quota objects
2019-10-28 02:23:33.139 27676 INFO rally.task.context [-] Task 58fbdd56-e129-409c-ab38-a6976574e4bd | Context admin_cleanup@openstack cleanup() finished in 1.45 sec
2019-10-28 02:23:33.140 27676 INFO rally.task.context [-] Task 58fbdd56-e129-409c-ab38-a6976574e4bd | Context users@openstack cleanup() started
2019-10-28 02:23:51.597 27676 INFO rally.task.context [-] Task 58fbdd56-e129-409c-ab38-a6976574e4bd | Context users@openstack cleanup() finished in 18.46 sec
2019-10-28 02:23:53.028 27676 INFO rally.task.engine [-] Load duration is: 1.840256
2019-10-28 02:23:53.029 27676 INFO rally.task.engine [-] Full runner duration is: 1.899614
2019-10-28 02:23:53.029 27676 INFO rally.task.engine [-] Full duration is: 26.879495
2019-10-28 02:23:53.367 27676 INFO rally.task.engine [-] Running workload: position = 0 config = { "version": 2, "title": "A cropped version of a bigger task.", "description": "Auto-generated task from a single workload (uuid=599edbd2-58ab-46c6-acd7-f18fee93b0f2)", "subtasks": [ { "title": "NeutronTrunks.create_and_list_trunks", "description": "Create and a given number of trunks with subports and list all trunks", "scenario": { "NeutronTrunks.create_and_list_trunks": { "subport_count": 125 } }, "contexts": { "users": { "tenants": 1, "users_per_tenant": 1 }, "quotas": { "neutron": { "network": -1, "port": 1000 } } }, "runner": { "constant": { "times": 4, "concurrency": 4 } }, "hooks": [], "sla": { "failure_rate": { "max": 0 } } } ] }
2019-10-28 02:23:53.391 27676 RALLYDEBUG rally_openstack.contexts.keystone.users [-] Creating 1 tenants using 20 threads
2019-10-28 02:23:54.306 27676 RALLYDEBUG rally_openstack.contexts.keystone.users [-] Creating 1 users using 20 threads
2019-10-28 02:23:55.589 27676 INFO rally.task.context [-] Task 58fbdd56-e129-409c-ab38-a6976574e4bd | Context users@openstack setup() finished in 2.20 sec
2019-10-28 02:23:56.092 27676 INFO rally.task.context [-] Task 58fbdd56-e129-409c-ab38-a6976574e4bd | Context quotas@openstack setup() finished in 0.50 sec
2019-10-28 02:23:56.092 27676 INFO rally.task.context [-] Task 58fbdd56-e129-409c-ab38-a6976574e4bd | Context cleanup@openstack setup() finished in 0.01 msec
2019-10-28 02:23:56.101 27676 RALLYDEBUG rally.task.runner [-] Starting the constant runner (task UUID: 58fbdd56-e129-409c-ab38-a6976574e4bd). times: 4 concurrency: 4 timeout: 0 max_cpu_used: 16 processes_to_start: 4 concurrency_per_worker: 1 concurrency_overhead: 0
2019-10-28 02:23:56.113 32722 RALLYDEBUG rally.task.runner [-] Starting a worker. times: 4 duration: None concurrency: 1 timeout: 0 cls: method_name: run args: {"subport_count": 125}
2019-10-28 02:23:56.117 32723 RALLYDEBUG rally.task.runner [-] Starting a worker. times: 4 duration: None concurrency: 1 timeout: 0 cls: method_name: run args: {"subport_count": 125}
2019-10-28 02:23:56.119 32722 INFO rally.task.runner [-] Task 58fbdd56-e129-409c-ab38-a6976574e4bd | ITER: 1 START
2019-10-28 02:23:56.121 32724 RALLYDEBUG rally.task.runner [-] Starting a worker. times: 4 duration: None concurrency: 1 timeout: 0 cls: method_name: run args: {"subport_count": 125}
2019-10-28 02:23:56.123 32723 INFO rally.task.runner [-] Task 58fbdd56-e129-409c-ab38-a6976574e4bd | ITER: 2 START
2019-10-28 02:23:56.125 32727 RALLYDEBUG rally.task.runner [-] Starting a worker. times: 4 duration: None concurrency: 1 timeout: 0 cls: method_name: run args: {"subport_count": 125}
2019-10-28 02:23:56.126 32724 INFO rally.task.runner [-] Task 58fbdd56-e129-409c-ab38-a6976574e4bd | ITER: 3 START
2019-10-28 02:23:56.130 32727 INFO rally.task.runner [-] Task 58fbdd56-e129-409c-ab38-a6976574e4bd | ITER: 4 START
2019-10-28 02:25:08.179 32722 INFO rally.task.runner [-] Task 58fbdd56-e129-409c-ab38-a6976574e4bd | ITER: 1 END: OK
2019-10-28 02:25:08.291 32727 INFO rally.task.runner [-] Task 58fbdd56-e129-409c-ab38-a6976574e4bd | ITER: 4 END: OK
2019-10-28 02:25:08.461 32723 INFO rally.task.runner [-] Task 58fbdd56-e129-409c-ab38-a6976574e4bd | ITER: 2 END: OK
2019-10-28 02:25:09.051 32724 INFO rally.task.runner [-] Task 58fbdd56-e129-409c-ab38-a6976574e4bd | ITER: 3 END: OK
2019-10-28 02:25:09.084 27676 INFO rally.task.context [-] Task 58fbdd56-e129-409c-ab38-a6976574e4bd | Context cleanup@openstack cleanup() started
2019-10-28 02:25:09.087 27676 RALLYDEBUG rally_openstack.cleanup.manager [-] Cleaning up neutron vip objects
2019-10-28 02:25:09.471 27676 RALLYDEBUG rally_openstack.cleanup.manager [-] Cleaning up neutron health_monitor objects
2019-10-28 02:25:09.854 27676 RALLYDEBUG rally_openstack.cleanup.manager [-] Cleaning up neutron pool objects
2019-10-28 02:25:10.242 27676 RALLYDEBUG rally_openstack.cleanup.manager [-] Cleaning up neutron loadbalancer objects
2019-10-28 02:25:10.607 27676 RALLYDEBUG rally_openstack.cleanup.manager [-] Cleaning up neutron floatingip objects
2019-10-28 02:25:11.022 27676 RALLYDEBUG rally_openstack.cleanup.manager [-] Cleaning up neutron trunk objects
2019-10-28 02:25:11.452 27676 RALLYDEBUG rally_openstack.cleanup.manager [-] Deleting neutron.trunk object s_rally_599edbd2_Ec0UaaFQ (59018854-775e-45bc-a18d-106256ce1d5d)
2019-10-28 02:25:11.462 27676 RALLYDEBUG rally_openstack.cleanup.manager [-] Deleting neutron.trunk object s_rally_599edbd2_55QWar4J (85f1630f-aa8d-419b-82e0-5530887d5f84)
2019-10-28 02:25:11.471 27676 RALLYDEBUG rally_openstack.cleanup.manager [-] Deleting neutron.trunk object s_rally_599edbd2_H4ecyZqZ (9109fb3b-60c7-4011-bd1f-ed866799755f)
2019-10-28 02:25:11.474 27676 RALLYDEBUG rally_openstack.cleanup.manager [-] Deleting neutron.trunk object s_rally_599edbd2_u291Xcbx (eae93083-2f80-412d-ab66-b20ce6161c5d)
2019-10-28 02:25:13.160 27676 RALLYDEBUG rally_openstack.cleanup.manager [-] Cleaning up neutron port objects
2019-10-28 02:25:15.021 27676 RALLYDEBUG rally_openstack.cleanup.manager [-] Deleting neutron.port object s_rally_599edbd2_qaGNvvZg (0026112a-30a3-4558-aea8-79d57fc5592c)
2019-10-28 02:25:15.031 27676 RALLYDEBUG rally_openstack.cleanup.manager [-] Deleting neutron.port object s_rally_599edbd2_3PVZbeb9 (00ed1414-5cd8-47dc-9eda-22b04df5191c)
2019-10-28 02:25:15.040 27676 RALLYDEBUG rally_openstack.cleanup.manager [-] Deleting neutron.port object s_rally_599edbd2_8qkfSF92 (016de6c9-7000-4ebe-9f4d-ca3ed40063a6)
2019-10-28 02:25:15.055 27676 RALLYDEBUG rally_openstack.cleanup.manager [-] Deleting neutron.port object s_rally_599edbd2_Hfq0Tt4x (019ec178-75f6-4790-ad37-844bc99bb875)
2019-10-28 02:25:15.064 27676 RALLYDEBUG rally_openstack.cleanup.manager [-] Deleting neutron.port object s_rally_599edbd2_YhEKY3h5 (03d53b99-a853-47b2-bc00-07d59c90b7c0)
2019-10-28 02:25:15.071 27676 RALLYDEBUG rally_openstack.cleanup.manager [-] Deleting neutron.port object s_rally_599edbd2_3Vsmrrkj (04e0a078-dfc0-49a8-8d2b-2092eafd4a76)
2019-10-28 02:25:15.081 27676 RALLYDEBUG rally_openstack.cleanup.manager [-] Deleting neutron.port object s_rally_599edbd2_gSJWv2hy (04e6f8a5-9a98-412b-82d7-74b1aaf8da19)
2019-10-28 02:25:15.093 27676 RALLYDEBUG rally_openstack.cleanup.manager [-] Deleting neutron.port object s_rally_599edbd2_hgn34Bin (055ace72-1fc3-4362-80e7-301dbd910b8f)
2019-10-28 02:25:15.110 27676 RALLYDEBUG rally_openstack.cleanup.manager [-] Deleting neutron.port object s_rally_599edbd2_DOEaHiBs (06fdea85-a913-4b7a-bc4e-a7741944ae98)
2019-10-28 02:25:15.128 27676 RALLYDEBUG rally_openstack.cleanup.manager [-] Deleting neutron.port object s_rally_599edbd2_8xKCPFKO (0745ae23-cf75-463f-a17c-2d9725641afe)
2019-10-28 02:25:15.138 27676 RALLYDEBUG rally_openstack.cleanup.manager [-] Deleting neutron.port object s_rally_599edbd2_KtWsTmTa (085b393d-4801-4b62-88e5-4cf2d163188f)
2019-10-28 02:25:15.148 27676 RALLYDEBUG rally_openstack.cleanup.manager [-] Deleting neutron.port object s_rally_599edbd2_oXcVREvt (0873ddee-7878-4944-9610-fab9003a5ea4)
2019-10-28 02:25:15.168 27676 RALLYDEBUG rally_openstack.cleanup.manager [-] Deleting neutron.port object s_rally_599edbd2_ILF58enh (08fdc613-e493-4257-ad14-29f51a81ef55)
2019-10-28 02:25:15.184 27676 RALLYDEBUG rally_openstack.cleanup.manager [-] Deleting neutron.port object s_rally_599edbd2_JCAZJRp6 (09eea320-43e7-4ae0-b418-9b3e8811f6ba)
2019-10-28 02:25:15.193 27676 RALLYDEBUG rally_openstack.cleanup.manager [-] Deleting neutron.port object s_rally_599edbd2_YUTNrFRb (0a07de03-5d0d-43a9-a914-72b83396b231)
2019-10-28 02:25:15.199 27676 RALLYDEBUG rally_openstack.cleanup.manager [-] Deleting neutron.port object s_rally_599edbd2_B01NF9Mt (0b6a22ae-5622-4779-849a-c1c200a7d63c)
2019-10-28 02:25:15.209 27676 RALLYDEBUG rally_openstack.cleanup.manager [-] Deleting neutron.port object s_rally_599edbd2_6IPv4A2j (0ba61773-4c99-41e1-90cc-5de9407d8deb)
2019-10-28 02:25:15.217 27676 RALLYDEBUG rally_openstack.cleanup.manager [-] Deleting neutron.port object s_rally_599edbd2_mByWnObD (0ca6f3b0-72de-4e48-9dd4-0966f56f0648)
2019-10-28 02:25:15.221 27676 RALLYDEBUG rally_openstack.cleanup.manager [-] Deleting neutron.port object s_rally_599edbd2_AS6YuJgN (0dad5faa-d32c-4d27-bde4-33774b727788)
2019-10-28 02:25:15.230 27676 RALLYDEBUG rally_openstack.cleanup.manager [-] Deleting neutron.port object s_rally_599edbd2_Bwn9svJf (0ea87b2c-e7df-408b-afa4-34406649c821)
2019-10-28 02:25:16.875 27676 RALLYDEBUG rally_openstack.cleanup.manager [-] Deleting neutron.port object s_rally_599edbd2_iwo4yzT3 (0f9cabd2-4416-4969-b74a-71f553368a1b)
2019-10-28 02:25:17.029 27676 RALLYDEBUG rally_openstack.cleanup.manager [-] Deleting neutron.port object s_rally_599edbd2_Lq2zU5MJ (0faaecee-5c22-4540-b6e1-99224eb9a23c)
2019-10-28 02:25:17.038 27676 RALLYDEBUG rally_openstack.cleanup.manager [-] Deleting neutron.port object s_rally_599edbd2_4WjR15hj (100f5f09-a90d-4a30-b64e-e8bd309a1e06)
2019-10-28 02:25:17.115 27676 RALLYDEBUG rally_openstack.cleanup.manager [-] Deleting neutron.port object s_rally_599edbd2_EIfuGYSw (1038e695-a322-4e05-abb5-0b04b862ab2f)
2019-10-28 02:25:17.185 27676 RALLYDEBUG rally_openstack.cleanup.manager [-] Deleting neutron.port object s_rally_599edbd2_Zue1bPSL (10c63e3b-5c32-4e3c-9393-be87273df22c)
2019-10-28 02:25:17.224 27676 RALLYDEBUG rally_openstack.cleanup.manager [-] Deleting neutron.port object s_rally_599edbd2_Q9LlRJ23 (10fc21b2-1ebd-46f5-a14e-8870fbc75311)
2019-10-28 02:25:17.252 27676 RALLYDEBUG rally_openstack.cleanup.manager [-] Deleting neutron.port object s_rally_599edbd2_5iCHLQ15 (11d9250a-5c54-4618-9068-7e4f3e0ae071)
2019-10-28 02:25:17.302 27676 RALLYDEBUG rally_openstack.cleanup.manager [-] Deleting neutron.port object s_rally_599edbd2_Ohit7Bsw (11e8f8e7-9dbd-4438-aac9-d69ec62eb607)
2019-10-28 02:25:17.351 27676 RALLYDEBUG rally_openstack.cleanup.manager [-] Deleting neutron.port object s_rally_599edbd2_qRc6oQ8G (12606da9-13e5-4f79-a72e-6d2339f75c14)
2019-10-28 02:25:17.394 27676 RALLYDEBUG rally_openstack.cleanup.manager [-] Deleting neutron.port object s_rally_599edbd2_kx6q3VT0 (129d4c5a-4dc5-4aaa-862f-ce56dbec8da8)
2019-10-28 02:25:17.398 27676 RALLYDEBUG rally_openstack.cleanup.manager [-] Deleting neutron.port object s_rally_599edbd2_6EgTuskQ (131d46f9-3935-4a13-9a30-33508bd8f2d4)
2019-10-28 02:25:17.418 27676 RALLYDEBUG rally_openstack.cleanup.manager [-] Deleting neutron.port object s_rally_599edbd2_JBP1Dr4h (1375bfc2-c13e-477e-bf9a-47377eaf864a)
2019-10-28 02:25:17.460 27676 RALLYDEBUG rally_openstack.cleanup.manager [-] Deleting neutron.port object s_rally_599edbd2_v4uh8JvT (140da0da-f1c9-47d2-8eec-54b46020505b)
2019-10-28 02:25:17.568 27676 RALLYDEBUG rally_openstack.cleanup.manager [-] Deleting neutron.port object s_rally_599edbd2_isQ8wvDm (141891b1-353d-4e02-b199-bf0037b4f68a)
2019-10-28 02:25:17.577 27676 RALLYDEBUG rally_openstack.cleanup.manager [-] Deleting neutron.port object s_rally_599edbd2_ow4Xrb6B (1428e5ac-de2a-400f-ab69-3fa705478608)
2019-10-28 02:25:17.764 27676 RALLYDEBUG rally_openstack.cleanup.manager [-] Deleting neutron.port object s_rally_599edbd2_voU1f9bA (14540a7b-ffed-4fb6-9e8e-eb6682986327)
2019-10-28 02:25:17.879 27676 RALLYDEBUG rally_openstack.cleanup.manager [-] Deleting neutron.port object s_rally_599edbd2_OL4aTTxd (14a1fe0a-a30f-4d67-9e6a-635b04533d86)
2019-10-28 02:25:18.000 27676 RALLYDEBUG rally_openstack.cleanup.manager [-] Deleting neutron.port object s_rally_599edbd2_y281LtEn (155606cc-c6ad-4326-882b-cd9ba8208295)
2019-10-28 02:25:18.009 27676 RALLYDEBUG rally_openstack.cleanup.manager [-] Deleting neutron.port object s_rally_599edbd2_Xdvpf0f1 (15975fa4-981f-4253-836a-da0c2cdeac46)
2019-10-28 02:25:18.013 27676 RALLYDEBUG rally_openstack.cleanup.manager [-] Deleting neutron.port object s_rally_599edbd2_mTBx9L5i (15ee2ff4-33d6-4e2d-8ca8-e60569e4d0e8)
2019-10-28 02:25:18.785 27676 RALLYDEBUG rally_openstack.cleanup.manager [-] Deleting neutron.port object s_rally_599edbd2_p8gBdFGe (1783cbed-eed8-4cb0-befe-08df16ecaf82)
2019-10-28 02:25:18.845 27676 RALLYDEBUG rally_openstack.cleanup.manager [-] Deleting neutron.port object s_rally_599edbd2_jIuWkaeV (1789af79-7941-4d29-89e3-c6392a6f192f)
2019-10-28 02:25:18.891 27676 RALLYDEBUG rally_openstack.cleanup.manager [-] Deleting neutron.port object s_rally_599edbd2_mGs6lL0u (17dee75f-4d93-4405-b701-08dc40ccf107)
2019-10-28 02:25:18.942 27676 RALLYDEBUG rally_openstack.cleanup.manager [-] Deleting neutron.port object s_rally_599edbd2_Gg1wJLeL (18353ec1-04e0-4e00-8884-7c34c2253b44)
2019-10-28 02:25:19.059 27676 RALLYDEBUG rally_openstack.cleanup.manager [-] Deleting neutron.port object s_rally_599edbd2_38i83Wx3 (184bb8b3-4c07-47fd-85a1-c355980d91a7)
2019-10-28 02:25:19.100 27676 RALLYDEBUG rally_openstack.cleanup.manager [-] Deleting neutron.port object s_rally_599edbd2_PpFwdBvC (18671794-c602-4d56-8910-5bed7758c5e4)
2019-10-28 02:25:19.205 27676 RALLYDEBUG rally_openstack.cleanup.manager [-] Deleting neutron.port object s_rally_599edbd2_vGBWthv7 (18bbb7f8-5900-44d8-9145-03676ea37aaf)
2019-10-28 02:25:19.224 27676 RALLYDEBUG rally_openstack.cleanup.manager [-] Deleting neutron.port object s_rally_599edbd2_i4zNFyhw (18e83069-3abf-4fdb-8857-55f7e22eaa4f)
2019-10-28 02:25:19.293 27676 RALLYDEBUG rally_openstack.cleanup.manager [-] Deleting neutron.port object s_rally_599edbd2_rS98YDh4 (1af2410e-1879-4a90-a659-db27534c8a31)
2019-10-28 02:25:19.296 27676 RALLYDEBUG rally_openstack.cleanup.manager [-] Deleting neutron.port object s_rally_599edbd2_8AAEQUt9 (1b406b5d-198d-4eb2-b4ec-cc59bcb01c0a)
2019-10-28 02:25:19.417 27676 RALLYDEBUG rally_openstack.cleanup.manager [-] Deleting neutron.port object s_rally_599edbd2_9HHyiPAQ (1b658c5c-5943-4a64-9513-f88cc46c93b5)
2019-10-28 02:25:19.537 27676 RALLYDEBUG rally_openstack.cleanup.manager [-] Deleting neutron.port object s_rally_599edbd2_Y1cYVedt (1c5a22ef-c2dc-4739-9ff9-d4b23b1f2635)
2019-10-28 02:25:19.564 27676 RALLYDEBUG rally_openstack.cleanup.manager [-] Deleting neutron.port object s_rally_599edbd2_DJM0ZigN (1cf1f1fb-3ad8-4f81-b281-3a44f03dd2f6)
2019-10-28 02:25:19.622 27676 RALLYDEBUG rally_openstack.cleanup.manager [-] Deleting neutron.port object s_rally_599edbd2_3YjvHPUE (1d075835-02f2-4f57-bce7-e850813051f9)
2019-10-28 02:25:19.645 27676 RALLYDEBUG rally_openstack.cleanup.manager [-] Deleting neutron.port object s_rally_599edbd2_UMJQyd06 (1d1f4734-2597-450a-9990-2af911168a8d)
2019-10-28 02:25:19.733 27676 RALLYDEBUG rally_openstack.cleanup.manager [-] Deleting neutron.port object s_rally_599edbd2_eRJ0INpK (1d6512d1-cb91-4eaf-95cf-d75ffc9408d9)
2019-10-28 02:25:19.742 27676 RALLYDEBUG rally_openstack.cleanup.manager [-] Deleting neutron.port object s_rally_599edbd2_Cb6qShbn (1e1216b2-fe24-4002-8e88-748710d64ed5)
2019-10-28 02:25:19.752 27676 RALLYDEBUG rally_openstack.cleanup.manager [-] Deleting neutron.port object s_rally_599edbd2_NQYRIBRY (1ed3ecdd-d493-4c7d-9723-9e308b015dc6)
2019-10-28 02:25:19.793 27676 RALLYDEBUG rally_openstack.cleanup.manager [-] Deleting neutron.port object s_rally_599edbd2_R7PwOc9k (1ed4db7a-1677-4552-af22-0b17c07cfd14)
2019-10-28 02:25:19.802 27676 RALLYDEBUG rally_openstack.cleanup.manager [-] Deleting neutron.port object s_rally_599edbd2_3BQRj2P8 (1f356f5a-fec6-4731-8947-1dd009785a9e)
2019-10-28 02:25:20.618 27676 RALLYDEBUG rally_openstack.cleanup.manager [-] Deleting neutron.port object s_rally_599edbd2_SY99EgFj (1fc9dfab-939e-403a-bb46-e6a659398d23)
2019-10-28 02:25:20.768 27676 RALLYDEBUG rally_openstack.cleanup.manager [-] Deleting neutron.port object s_rally_599edbd2_BztCe0PZ (1fe059a5-76be-4a12-8ce0-a4bfd9024bd1)
2019-10-28 02:25:20.808 27676 RALLYDEBUG rally_openstack.cleanup.manager [-] Deleting neutron.port object s_rally_599edbd2_xuv3euxG (20c13ad3-8bf6-4490-99d1-c347d6b7002d)
2019-10-28 02:25:20.840 27676 RALLYDEBUG rally_openstack.cleanup.manager [-] Deleting neutron.port object s_rally_599edbd2_6lCMG40q (21f5581c-891e-4d8e-b0cc-1cbf1cdfa1aa)
2019-10-28 02:25:20.896 27676 RALLYDEBUG rally_openstack.cleanup.manager [-] Deleting neutron.port object s_rally_599edbd2_x29nRYga (220a3dd6-4b6d-46e3-9e1b-8d49e3b83297)
2019-10-28 02:25:20.957 27676 RALLYDEBUG rally_openstack.cleanup.manager [-] Deleting neutron.port object s_rally_599edbd2_8JOfPXyP (22f9d2c7-b980-4a04-8956-0db4fc4ed3e0)
2019-10-28 02:25:21.038 27676 RALLYDEBUG rally_openstack.cleanup.manager [-] Deleting neutron.port object s_rally_599edbd2_Qv2cYAVd (23e8fd67-1a53-42f1-ba0f-a59169269c1d)
2019-10-28 02:25:21.061 27676 RALLYDEBUG rally_openstack.cleanup.manager [-] Deleting neutron.port object s_rally_599edbd2_QyYRBDMA (245143e5-8bbd-447b-b11e-90ebb61a80e0)
2019-10-28 02:25:21.149 27676 RALLYDEBUG rally_openstack.cleanup.manager [-] Deleting neutron.port object s_rally_599edbd2_Lihi51Kc (24a05a04-5e60-4a9a-8059-85871a2e17f7)
2019-10-28 02:25:21.394 27676 RALLYDEBUG rally_openstack.cleanup.manager [-] Deleting neutron.port object s_rally_599edbd2_XA070FYS (24ab00a6-7dc4-4f96-b3e1-60b9bcdf1995)
2019-10-28 02:25:21.448 27676 RALLYDEBUG rally_openstack.cleanup.manager [-] Deleting neutron.port object s_rally_599edbd2_BagBTGni (255ed98b-5d38-4bcf-8866-42a98b2c8f1e)
2019-10-28 02:25:21.512 27676 RALLYDEBUG rally_openstack.cleanup.manager [-] Deleting neutron.port object s_rally_599edbd2_45teeDn1 (2585c001-a0e6-402a-8493-3d5c692f4f64)
2019-10-28 02:25:21.548 27676 RALLYDEBUG rally_openstack.cleanup.manager [-] Deleting neutron.port object s_rally_599edbd2_FR2Ic0UK (25e75555-1319-4c5f-85a3-034603e671dd)
2019-10-28 02:25:21.556 27676 RALLYDEBUG rally_openstack.cleanup.manager [-] Deleting neutron.port object s_rally_599edbd2_ayPpru3O (261bc1ad-05b0-4445-94b9-2df44c669bc7)
2019-10-28 02:25:21.565 27676 RALLYDEBUG rally_openstack.cleanup.manager [-] Deleting neutron.port object s_rally_599edbd2_CoKCKokO (2675b703-ef26-404d-9e13-9f2a3c6c76f1)
2019-10-28 02:25:21.590 27676 RALLYDEBUG rally_openstack.cleanup.manager [-] Deleting neutron.port object s_rally_599edbd2_2xVajJHu (26939030-8ed6-43e0-98ba-cd2f14c685c0)
2019-10-28 02:25:21.616 27676 RALLYDEBUG rally_openstack.cleanup.manager [-] Deleting neutron.port object s_rally_599edbd2_xTYTaZQW (26948684-f362-41d9-b32f-99ebd717e9da)
2019-10-28 02:25:21.690 27676 RALLYDEBUG rally_openstack.cleanup.manager [-] Deleting neutron.port object s_rally_599edbd2_IhmuzRCE (277244b9-f8fc-448c-8dd7-d796be8985b4)
2019-10-28 02:25:21.905 27676 RALLYDEBUG rally_openstack.cleanup.manager [-] Deleting neutron.port object s_rally_599edbd2_yVdqc4C3 (277f6509-e928-47e3-9f90-de2375854788)
2019-10-28 02:25:21.910 27676 RALLYDEBUG rally_openstack.cleanup.manager [-] Deleting neutron.port object s_rally_599edbd2_2CtLT5a2 (27f4700c-accb-4dcf-af59-52812ab9eaed)
2019-10-28 02:25:22.376 27676 RALLYDEBUG rally_openstack.cleanup.manager [-] Deleting neutron.port object s_rally_599edbd2_oz0ZL6zi (280e7790-310f-4884-91b7-f57f59a166c2)
2019-10-28 02:25:22.528 27676 RALLYDEBUG rally_openstack.cleanup.manager [-] Deleting neutron.port object s_rally_599edbd2_bieOqeah (2818ce62-309d-4c42-bc51-764daef5a5bd)
2019-10-28 02:25:22.537 27676 RALLYDEBUG rally_openstack.cleanup.manager [-] Deleting neutron.port object s_rally_599edbd2_u6hO0YrW (29748866-1b92-4bdd-9f96-ad36a630dc0e)
2019-10-28 02:25:22.616 27676 RALLYDEBUG rally_openstack.cleanup.manager [-] Deleting neutron.port object s_rally_599edbd2_I0jA36ZD (29ee75fd-be89-439d-b0e4-5681cc873880)
2019-10-28 02:25:22.677 27676 RALLYDEBUG rally_openstack.cleanup.manager [-] Deleting neutron.port object s_rally_599edbd2_uLVj5qcg (2a112dcf-5ef7-4fe3-9244-cc245da7a6fb)
2019-10-28 02:25:22.886 27676 RALLYDEBUG rally_openstack.cleanup.manager [-] Deleting neutron.port object s_rally_599edbd2_O427eY00 (2b9744bf-f5a3-4c3d-ad48-43f2f1614c31)
2019-10-28 02:25:23.033 27676 RALLYDEBUG rally_openstack.cleanup.manager [-] Deleting neutron.port object s_rally_599edbd2_1CPOkfme (2bb18335-bd5f-4167-8254-bf65771c02c1)
2019-10-28 02:25:23.077 27676 RALLYDEBUG rally_openstack.cleanup.manager [-] Deleting neutron.port object s_rally_599edbd2_QZdmL797 (2bbadaec-5d9e-43a3-91e1-3f7560f4a083)
2019-10-28 02:25:23.125 27676 RALLYDEBUG rally_openstack.cleanup.manager [-] Deleting neutron.port object s_rally_599edbd2_iZyofXgB (2bf8fe2b-941d-4d04-b2c6-b465d7636e63)
2019-10-28 02:25:23.258 27676 RALLYDEBUG rally_openstack.cleanup.manager [-] Deleting neutron.port object s_rally_599edbd2_jE9gyeCS (2d5b637e-f7bf-45bc-b63d-b50f73f3ad5f)
2019-10-28 02:25:23.308 27676 RALLYDEBUG rally_openstack.cleanup.manager [-] Deleting neutron.port object s_rally_599edbd2_LDoYekMz (2ea84a8b-45b3-481f-8c8e-d5e52313aea1)
2019-10-28 02:25:23.356 27676 RALLYDEBUG rally_openstack.cleanup.manager [-] Deleting neutron.port object s_rally_599edbd2_R8Igy0U8 (2f0776fa-1af9-4320-b210-1e3d23eadf38)
2019-10-28 02:25:23.403 27676 RALLYDEBUG rally_openstack.cleanup.manager [-] Deleting neutron.port object s_rally_599edbd2_fwyWEh97 (2fa838ae-bb46-4502-aeba-9ab509dd3ec2)
2019-10-28 02:25:23.445 27676 RALLYDEBUG rally_openstack.cleanup.manager [-] Deleting neutron.port object s_rally_599edbd2_kvKLYboR (2fc202a8-8420-48a9-ac8d-d3c9c50a57bd)
2019-10-28 02:25:23.455 27676 RALLYDEBUG rally_openstack.cleanup.manager [-] Deleting neutron.port object s_rally_599edbd2_KT37tqtc (2fd15172-ddb7-403a-b3dc-ca667c2765af)
2019-10-28 02:25:23.640 27676 RALLYDEBUG rally_openstack.cleanup.manager [-] Deleting neutron.port object s_rally_599edbd2_G3KMtRve (2fdb963d-9a62-4c89-8a16-69f462ec5c78)
2019-10-28 02:25:23.664 27676 RALLYDEBUG rally_openstack.cleanup.manager [-] Deleting neutron.port object s_rally_599edbd2_bakR7nq5 (300f927a-e87e-4447-b029-6a823f6c67c9)
2019-10-28 02:25:23.766 27676 RALLYDEBUG rally_openstack.cleanup.manager [-] Deleting neutron.port object s_rally_599edbd2_oFndr05Q (306ceaf2-f446-44a6-9bc5-1ebe1023d0cf)
2019-10-28 02:25:23.875 27676 RALLYDEBUG rally_openstack.cleanup.manager [-] Deleting neutron.port object s_rally_599edbd2_SeS0Koml (3098eb80-d293-478b-9992-03d16feca840)
