2019-10-28 02:30:31.317 27676 RALLYDEBUG rally_openstack.cleanup.manager [-] Deleting neutron.security_group object s_rally_ed49a38c_P3XQLG9I (f7b788c8-ac22-47c0-9344-81ade8b13e6e)
2019-10-28 02:30:32.791 27676 INFO rally.task.context [-] Task 58fbdd56-e129-409c-ab38-a6976574e4bd | Context cleanup@openstack cleanup() finished in 13.60 sec
2019-10-28 02:30:32.791 27676 INFO rally.task.context [-] Task 58fbdd56-e129-409c-ab38-a6976574e4bd | Context quotas@openstack cleanup() started
2019-10-28 02:30:32.930 27676 INFO rally.task.context [-] Task 58fbdd56-e129-409c-ab38-a6976574e4bd | Context quotas@openstack cleanup() finished in 0.14 sec
2019-10-28 02:30:32.930 27676 INFO rally.task.context [-] Task 58fbdd56-e129-409c-ab38-a6976574e4bd | Context users@openstack cleanup() started
2019-10-28 02:30:36.249 27676 INFO rally.task.context [-] Task 58fbdd56-e129-409c-ab38-a6976574e4bd | Context users@openstack cleanup() finished in 3.32 sec
2019-10-28 02:30:36.495 27676 INFO rally.task.engine [-] Load duration is: 3.703049
2019-10-28 02:30:36.496 27676 INFO rally.task.engine [-] Full runner duration is: 3.745483
2019-10-28 02:30:36.496 27676 INFO rally.task.engine [-] Full duration is: 23.92888
2019-10-28 02:30:36.783 27676 INFO rally.task.engine [-] Running workload: position = 6 config = { "version": 2, "title": "A cropped version of a bigger task.", "description": "Auto-generated task from a single workload (uuid=78f059fb-8d9d-4d13-b92a-0634417341dd)", "subtasks": [ { "title": "NeutronSecurityGroup.create_and_update_security_groups", "description": "Create and update Neutron security-groups.", "scenario": { "NeutronSecurityGroup.create_and_update_security_groups": { "security_group_create_args": {}, "security_group_update_args": {} } }, "contexts": { "users": { "tenants": 2, "users_per_tenant": 3 }, "quotas": { "neutron": { "security_group": -1 } } }, "runner": { "constant": { "times": 50, "concurrency": 10 } }, "hooks": [], "sla": { "failure_rate": { "max": 0 } } } ] }
2019-10-28 02:30:36.806 27676 RALLYDEBUG rally_openstack.contexts.keystone.users [-] Creating 2 tenants using 20 threads
2019-10-28 02:30:37.699 27676 RALLYDEBUG rally_openstack.contexts.keystone.users [-] Creating 6 users using 20 threads
2019-10-28 02:30:39.260 27676 INFO rally.task.context [-] Task 58fbdd56-e129-409c-ab38-a6976574e4bd | Context users@openstack setup() finished in 2.45 sec
2019-10-28 02:30:39.820 27676 INFO rally.task.context [-] Task 58fbdd56-e129-409c-ab38-a6976574e4bd | Context quotas@openstack setup() finished in 0.56 sec
2019-10-28 02:30:39.820 27676 INFO rally.task.context [-] Task 58fbdd56-e129-409c-ab38-a6976574e4bd | Context cleanup@openstack setup() finished in 0.01 msec
2019-10-28 02:30:39.830 27676 RALLYDEBUG rally.task.runner [-] Starting the constant runner (task UUID: 58fbdd56-e129-409c-ab38-a6976574e4bd). times: 50 concurrency: 10 timeout: 0 max_cpu_used: 16 processes_to_start: 10 concurrency_per_worker: 1 concurrency_overhead: 0
2019-10-28 02:30:39.842 3845 RALLYDEBUG rally.task.runner [-] Starting a worker. times: 50 duration: None concurrency: 1 timeout: 0 cls: method_name: run args: {"security_group_create_args": {}, "security_group_update_args": {}}
2019-10-28 02:30:39.845 3846 RALLYDEBUG rally.task.runner [-] Starting a worker. times: 50 duration: None concurrency: 1 timeout: 0 cls: method_name: run args: {"security_group_create_args": {}, "security_group_update_args": {}}
2019-10-28 02:30:39.848 3845 INFO rally.task.runner [-] Task 58fbdd56-e129-409c-ab38-a6976574e4bd | ITER: 1 START
2019-10-28 02:30:39.849 3847 RALLYDEBUG rally.task.runner [-] Starting a worker. times: 50 duration: None concurrency: 1 timeout: 0 cls: method_name: run args: {"security_group_create_args": {}, "security_group_update_args": {}}
2019-10-28 02:30:39.852 3846 INFO rally.task.runner [-] Task 58fbdd56-e129-409c-ab38-a6976574e4bd | ITER: 2 START
2019-10-28 02:30:39.852 3849 RALLYDEBUG rally.task.runner [-] Starting a worker. times: 50 duration: None concurrency: 1 timeout: 0 cls: method_name: run args: {"security_group_create_args": {}, "security_group_update_args": {}}
2019-10-28 02:30:39.856 3847 INFO rally.task.runner [-] Task 58fbdd56-e129-409c-ab38-a6976574e4bd | ITER: 3 START
2019-10-28 02:30:39.856 3853 RALLYDEBUG rally.task.runner [-] Starting a worker. times: 50 duration: None concurrency: 1 timeout: 0 cls: method_name: run args: {"security_group_create_args": {}, "security_group_update_args": {}}
2019-10-28 02:30:39.858 3849 INFO rally.task.runner [-] Task 58fbdd56-e129-409c-ab38-a6976574e4bd | ITER: 4 START
2019-10-28 02:30:39.861 3856 RALLYDEBUG rally.task.runner [-] Starting a worker. times: 50 duration: None concurrency: 1 timeout: 0 cls: method_name: run args: {"security_group_create_args": {}, "security_group_update_args": {}}
2019-10-28 02:30:39.862 3853 INFO rally.task.runner [-] Task 58fbdd56-e129-409c-ab38-a6976574e4bd | ITER: 5 START
2019-10-28 02:30:39.865 3859 RALLYDEBUG rally.task.runner [-] Starting a worker. times: 50 duration: None concurrency: 1 timeout: 0 cls: method_name: run args: {"security_group_create_args": {}, "security_group_update_args": {}}
2019-10-28 02:30:39.867 3856 INFO rally.task.runner [-] Task 58fbdd56-e129-409c-ab38-a6976574e4bd | ITER: 6 START
2019-10-28 02:30:39.871 3859 INFO rally.task.runner [-] Task 58fbdd56-e129-409c-ab38-a6976574e4bd | ITER: 7 START
2019-10-28 02:30:39.871 3862 RALLYDEBUG rally.task.runner [-] Starting a worker. times: 50 duration: None concurrency: 1 timeout: 0 cls: method_name: run args: {"security_group_create_args": {}, "security_group_update_args": {}}
2019-10-28 02:30:39.876 3867 RALLYDEBUG rally.task.runner [-] Starting a worker. times: 50 duration: None concurrency: 1 timeout: 0 cls: method_name: run args: {"security_group_create_args": {}, "security_group_update_args": {}}
2019-10-28 02:30:39.878 3862 INFO rally.task.runner [-] Task 58fbdd56-e129-409c-ab38-a6976574e4bd | ITER: 8 START
2019-10-28 02:30:39.881 3867 INFO rally.task.runner [-] Task 58fbdd56-e129-409c-ab38-a6976574e4bd | ITER: 9 START
2019-10-28 02:30:39.881 3868 RALLYDEBUG rally.task.runner [-] Starting a worker. times: 50 duration: None concurrency: 1 timeout: 0 cls: method_name: run args: {"security_group_create_args": {}, "security_group_update_args": {}}
2019-10-28 02:30:39.886 3868 INFO rally.task.runner [-] Task 58fbdd56-e129-409c-ab38-a6976574e4bd | ITER: 10 START
2019-10-28 02:30:40.612 3868 INFO rally.task.runner [-] Task 58fbdd56-e129-409c-ab38-a6976574e4bd | ITER: 10 END: OK
2019-10-28 02:30:40.616 3868 INFO rally.task.runner [-] Task 58fbdd56-e129-409c-ab38-a6976574e4bd | ITER: 11 START
2019-10-28 02:30:40.673 3853 INFO rally.task.runner [-] Task 58fbdd56-e129-409c-ab38-a6976574e4bd | ITER: 5 END: OK
2019-10-28 02:30:40.677 3853 INFO rally.task.runner [-] Task 58fbdd56-e129-409c-ab38-a6976574e4bd | ITER: 12 START
2019-10-28 02:30:41.104 3856 INFO rally.task.runner [-] Task 58fbdd56-e129-409c-ab38-a6976574e4bd | ITER: 6 END: OK
2019-10-28 02:30:41.108 3856 INFO rally.task.runner [-] Task 58fbdd56-e129-409c-ab38-a6976574e4bd | ITER: 13 START
2019-10-28 02:30:41.144 3849 INFO rally.task.runner [-] Task 58fbdd56-e129-409c-ab38-a6976574e4bd | ITER: 4 END: OK
2019-10-28 02:30:41.149 3849 INFO rally.task.runner [-] Task 58fbdd56-e129-409c-ab38-a6976574e4bd | ITER: 14 START
2019-10-28 02:30:41.200 3845 INFO rally.task.runner [-] Task 58fbdd56-e129-409c-ab38-a6976574e4bd | ITER: 1 END: OK
2019-10-28 02:30:41.205 3845 INFO rally.task.runner [-] Task 58fbdd56-e129-409c-ab38-a6976574e4bd | ITER: 15 START
2019-10-28 02:30:41.205 3867 INFO rally.task.runner [-] Task 58fbdd56-e129-409c-ab38-a6976574e4bd | ITER: 9 END: OK
2019-10-28 02:30:41.211 3867 INFO rally.task.runner [-] Task 58fbdd56-e129-409c-ab38-a6976574e4bd | ITER: 16 START
2019-10-28 02:30:41.253 3853 INFO rally.task.runner [-] Task 58fbdd56-e129-409c-ab38-a6976574e4bd | ITER: 12 END: OK
2019-10-28 02:30:41.254 3868 INFO rally.task.runner [-] Task 58fbdd56-e129-409c-ab38-a6976574e4bd | ITER: 11 END: OK
2019-10-28 02:30:41.257 3868 INFO rally.task.runner [-] Task 58fbdd56-e129-409c-ab38-a6976574e4bd | ITER: 17 START
2019-10-28 02:30:41.257 3853 INFO rally.task.runner [-] Task 58fbdd56-e129-409c-ab38-a6976574e4bd | ITER: 18 START
2019-10-28 02:30:41.393 3859 INFO rally.task.runner [-] Task 58fbdd56-e129-409c-ab38-a6976574e4bd | ITER: 7 END: OK
2019-10-28 02:30:41.397 3859 INFO rally.task.runner [-] Task 58fbdd56-e129-409c-ab38-a6976574e4bd | ITER: 19 START
2019-10-28 02:30:41.626 3862 INFO rally.task.runner [-] Task 58fbdd56-e129-409c-ab38-a6976574e4bd | ITER: 8 END: OK
2019-10-28 02:30:41.630 3862 INFO rally.task.runner [-] Task 58fbdd56-e129-409c-ab38-a6976574e4bd | ITER: 20 START
2019-10-28 02:30:41.633 3847 INFO rally.task.runner [-] Task 58fbdd56-e129-409c-ab38-a6976574e4bd | ITER: 3 END: OK
2019-10-28 02:30:41.635 3846 INFO rally.task.runner [-] Task 58fbdd56-e129-409c-ab38-a6976574e4bd | ITER: 2 END: OK
2019-10-28 02:30:41.637 3847 INFO rally.task.runner [-] Task 58fbdd56-e129-409c-ab38-a6976574e4bd | ITER: 21 START
2019-10-28 02:30:41.639 3846 INFO rally.task.runner [-] Task 58fbdd56-e129-409c-ab38-a6976574e4bd | ITER: 22 START
2019-10-28 02:30:41.721 3856 INFO rally.task.runner [-] Task 58fbdd56-e129-409c-ab38-a6976574e4bd | ITER: 13 END: OK
2019-10-28 02:30:41.721 3849 INFO rally.task.runner [-] Task 58fbdd56-e129-409c-ab38-a6976574e4bd | ITER: 14 END: OK
2019-10-28 02:30:41.725 3856 INFO rally.task.runner [-] Task 58fbdd56-e129-409c-ab38-a6976574e4bd | ITER: 23 START
2019-10-28 02:30:41.726 3849 INFO rally.task.runner [-] Task 58fbdd56-e129-409c-ab38-a6976574e4bd | ITER: 24 START
2019-10-28 02:30:41.804 3853 INFO rally.task.runner [-] Task 58fbdd56-e129-409c-ab38-a6976574e4bd | ITER: 18 END: OK
2019-10-28 02:30:41.807 3845 INFO rally.task.runner [-] Task 58fbdd56-e129-409c-ab38-a6976574e4bd | ITER: 15 END: OK
2019-10-28 02:30:41.807 3853 INFO rally.task.runner [-] Task 58fbdd56-e129-409c-ab38-a6976574e4bd | ITER: 25 START
2019-10-28 02:30:41.810 3867 INFO rally.task.runner [-] Task 58fbdd56-e129-409c-ab38-a6976574e4bd | ITER: 16 END: OK
2019-10-28 02:30:41.811 3845 INFO rally.task.runner [-] Task 58fbdd56-e129-409c-ab38-a6976574e4bd | ITER: 26 START
2019-10-28 02:30:41.813 3867 INFO rally.task.runner [-] Task 58fbdd56-e129-409c-ab38-a6976574e4bd | ITER: 27 START
2019-10-28 02:30:41.920 3868 INFO rally.task.runner [-] Task 58fbdd56-e129-409c-ab38-a6976574e4bd | ITER: 17 END: OK
2019-10-28 02:30:41.924 3868 INFO rally.task.runner [-] Task 58fbdd56-e129-409c-ab38-a6976574e4bd | ITER: 28 START
2019-10-28 02:30:41.961 3859 INFO rally.task.runner [-] Task 58fbdd56-e129-409c-ab38-a6976574e4bd | ITER: 19 END: OK
2019-10-28 02:30:41.964 3859 INFO rally.task.runner [-] Task 58fbdd56-e129-409c-ab38-a6976574e4bd | ITER: 29 START
2019-10-28 02:30:42.140 3862 INFO rally.task.runner [-] Task 58fbdd56-e129-409c-ab38-a6976574e4bd | ITER: 20 END: OK
2019-10-28 02:30:42.144 3862 INFO rally.task.runner [-] Task 58fbdd56-e129-409c-ab38-a6976574e4bd | ITER: 30 START
2019-10-28 02:30:42.241 3847 INFO rally.task.runner [-] Task 58fbdd56-e129-409c-ab38-a6976574e4bd | ITER: 21 END: OK
2019-10-28 02:30:42.245 3847 INFO rally.task.runner [-] Task 58fbdd56-e129-409c-ab38-a6976574e4bd | ITER: 31 START
2019-10-28 02:30:42.253 3846 INFO rally.task.runner [-] Task 58fbdd56-e129-409c-ab38-a6976574e4bd | ITER: 22 END: OK
2019-10-28 02:30:42.257 3846 INFO rally.task.runner [-] Task 58fbdd56-e129-409c-ab38-a6976574e4bd | ITER: 32 START
2019-10-28 02:30:42.294 3849 INFO rally.task.runner [-] Task 58fbdd56-e129-409c-ab38-a6976574e4bd | ITER: 24 END: OK
2019-10-28 02:30:42.298 3849 INFO rally.task.runner [-] Task 58fbdd56-e129-409c-ab38-a6976574e4bd | ITER: 33 START
2019-10-28 02:30:42.323 3856 INFO rally.task.runner [-] Task 58fbdd56-e129-409c-ab38-a6976574e4bd | ITER: 23 END: OK
2019-10-28 02:30:42.326 3856 INFO rally.task.runner [-] Task 58fbdd56-e129-409c-ab38-a6976574e4bd | ITER: 34 START
2019-10-28 02:30:42.406 3853 INFO rally.task.runner [-] Task 58fbdd56-e129-409c-ab38-a6976574e4bd | ITER: 25 END: OK
2019-10-28 02:30:42.410 3853 INFO rally.task.runner [-] Task 58fbdd56-e129-409c-ab38-a6976574e4bd | ITER: 35 START
2019-10-28 02:30:42.420 3845 INFO rally.task.runner [-] Task 58fbdd56-e129-409c-ab38-a6976574e4bd | ITER: 26 END: OK
2019-10-28 02:30:42.424 3845 INFO rally.task.runner [-] Task 58fbdd56-e129-409c-ab38-a6976574e4bd | ITER: 36 START
2019-10-28 02:30:42.438 3867 INFO rally.task.runner [-] Task 58fbdd56-e129-409c-ab38-a6976574e4bd | ITER: 27 END: OK
2019-10-28 02:30:42.441 3867 INFO rally.task.runner [-] Task 58fbdd56-e129-409c-ab38-a6976574e4bd | ITER: 37 START
2019-10-28 02:30:42.540 3868 INFO rally.task.runner [-] Task 58fbdd56-e129-409c-ab38-a6976574e4bd | ITER: 28 END: OK
2019-10-28 02:30:42.543 3868 INFO rally.task.runner [-] Task 58fbdd56-e129-409c-ab38-a6976574e4bd | ITER: 38 START
2019-10-28 02:30:42.585 3859 INFO rally.task.runner [-] Task 58fbdd56-e129-409c-ab38-a6976574e4bd | ITER: 29 END: OK
2019-10-28 02:30:42.589 3859 INFO rally.task.runner [-] Task 58fbdd56-e129-409c-ab38-a6976574e4bd | ITER: 39 START
2019-10-28 02:30:42.651 3862 INFO rally.task.runner [-] Task 58fbdd56-e129-409c-ab38-a6976574e4bd | ITER: 30 END: OK
2019-10-28 02:30:42.654 3862 INFO rally.task.runner [-] Task 58fbdd56-e129-409c-ab38-a6976574e4bd | ITER: 40 START
2019-10-28 02:30:42.789 3847 INFO rally.task.runner [-] Task 58fbdd56-e129-409c-ab38-a6976574e4bd | ITER: 31 END: OK
2019-10-28 02:30:42.792 3847 INFO rally.task.runner [-] Task 58fbdd56-e129-409c-ab38-a6976574e4bd | ITER: 41 START
2019-10-28 02:30:42.830 3846 INFO rally.task.runner [-] Task 58fbdd56-e129-409c-ab38-a6976574e4bd | ITER: 32 END: OK
2019-10-28 02:30:42.833 3846 INFO rally.task.runner [-] Task 58fbdd56-e129-409c-ab38-a6976574e4bd | ITER: 42 START
2019-10-28 02:30:42.839 3849 INFO rally.task.runner [-] Task 58fbdd56-e129-409c-ab38-a6976574e4bd | ITER: 33 END: OK
2019-10-28 02:30:42.842 3849 INFO rally.task.runner [-] Task 58fbdd56-e129-409c-ab38-a6976574e4bd | ITER: 43 START
2019-10-28 02:30:42.935 3856 INFO rally.task.runner [-] Task 58fbdd56-e129-409c-ab38-a6976574e4bd | ITER: 34 END: OK
2019-10-28 02:30:42.939 3856 INFO rally.task.runner [-] Task 58fbdd56-e129-409c-ab38-a6976574e4bd | ITER: 44 START
2019-10-28 02:30:42.984 3853 INFO rally.task.runner [-] Task 58fbdd56-e129-409c-ab38-a6976574e4bd | ITER: 35 END: OK
2019-10-28 02:30:42.988 3853 INFO rally.task.runner [-] Task 58fbdd56-e129-409c-ab38-a6976574e4bd | ITER: 45 START
2019-10-28 02:30:42.995 3867 INFO rally.task.runner [-] Task 58fbdd56-e129-409c-ab38-a6976574e4bd | ITER: 37 END: OK
2019-10-28 02:30:42.998 3867 INFO rally.task.runner [-] Task 58fbdd56-e129-409c-ab38-a6976574e4bd | ITER: 46 START
2019-10-28 02:30:43.050 3845 INFO rally.task.runner [-] Task 58fbdd56-e129-409c-ab38-a6976574e4bd | ITER: 36 END: OK
2019-10-28 02:30:43.053 3845 INFO rally.task.runner [-] Task 58fbdd56-e129-409c-ab38-a6976574e4bd | ITER: 47 START
2019-10-28 02:30:43.109 3868 INFO rally.task.runner [-] Task 58fbdd56-e129-409c-ab38-a6976574e4bd | ITER: 38 END: OK
2019-10-28 02:30:43.114 3868 INFO rally.task.runner [-] Task 58fbdd56-e129-409c-ab38-a6976574e4bd | ITER: 48 START
2019-10-28 02:30:43.204 3859 INFO rally.task.runner [-] Task 58fbdd56-e129-409c-ab38-a6976574e4bd | ITER: 39 END: OK
2019-10-28 02:30:43.208 3859 INFO rally.task.runner [-] Task 58fbdd56-e129-409c-ab38-a6976574e4bd | ITER: 49 START
2019-10-28 02:30:43.225 3862 INFO rally.task.runner [-] Task 58fbdd56-e129-409c-ab38-a6976574e4bd | ITER: 40 END: OK
2019-10-28 02:30:43.229 3862 INFO rally.task.runner [-] Task 58fbdd56-e129-409c-ab38-a6976574e4bd | ITER: 50 START
2019-10-28 02:30:43.352 3847 INFO rally.task.runner [-] Task 58fbdd56-e129-409c-ab38-a6976574e4bd | ITER: 41 END: OK
2019-10-28 02:30:43.392 3846 INFO rally.task.runner [-] Task 58fbdd56-e129-409c-ab38-a6976574e4bd | ITER: 42 END: OK
2019-10-28 02:30:43.415 3849 INFO rally.task.runner [-] Task 58fbdd56-e129-409c-ab38-a6976574e4bd | ITER: 43 END: OK
2019-10-28 02:30:43.518 3856 INFO rally.task.runner [-] Task 58fbdd56-e129-409c-ab38-a6976574e4bd | ITER: 44 END: OK
2019-10-28 02:30:43.569 3853 INFO rally.task.runner [-] Task 58fbdd56-e129-409c-ab38-a6976574e4bd | ITER: 45 END: OK
2019-10-28 02:30:43.576 3867 INFO rally.task.runner [-] Task 58fbdd56-e129-409c-ab38-a6976574e4bd | ITER: 46 END: OK
2019-10-28 02:30:43.671 3868 INFO rally.task.runner [-] Task 58fbdd56-e129-409c-ab38-a6976574e4bd | ITER: 48 END: OK
2019-10-28 02:30:43.754 3862 INFO rally.task.runner [-] Task 58fbdd56-e129-409c-ab38-a6976574e4bd | ITER: 50 END: OK
2019-10-28 02:30:43.860 3845 INFO rally.task.runner [-] Task 58fbdd56-e129-409c-ab38-a6976574e4bd | ITER: 47 END: OK
2019-10-28 02:30:43.961 3859 INFO rally.task.runner [-] Task 58fbdd56-e129-409c-ab38-a6976574e4bd | ITER: 49 END: OK
2019-10-28 02:30:43.991 27676 INFO rally.task.context [-] Task 58fbdd56-e129-409c-ab38-a6976574e4bd | Context cleanup@openstack cleanup() started
2019-10-28 02:30:43.994 27676 RALLYDEBUG rally_openstack.cleanup.manager [-] Cleaning up neutron vip objects
2019-10-28 02:30:44.713 27676 RALLYDEBUG rally_openstack.cleanup.manager [-] Cleaning up neutron health_monitor objects
2019-10-28 02:30:45.442 27676 RALLYDEBUG rally_openstack.cleanup.manager [-] Cleaning up neutron pool objects
2019-10-28 02:30:46.167 27676 RALLYDEBUG rally_openstack.cleanup.manager [-] Cleaning up neutron loadbalancer objects
2019-10-28 02:30:46.903 27676 RALLYDEBUG rally_openstack.cleanup.manager [-] Cleaning up neutron floatingip objects
2019-10-28 02:30:47.709 27676 RALLYDEBUG rally_openstack.cleanup.manager [-] Cleaning up neutron trunk objects
2019-10-28 02:30:48.476 27676 RALLYDEBUG rally_openstack.cleanup.manager [-] Cleaning up neutron port objects
2019-10-28 02:30:49.263 27676 RALLYDEBUG rally_openstack.cleanup.manager [-] Cleaning up neutron subnet objects
2019-10-28 02:30:50.044 27676 RALLYDEBUG rally_openstack.cleanup.manager [-] Cleaning up neutron network objects
2019-10-28 02:30:50.822 27676 RALLYDEBUG rally_openstack.cleanup.manager [-] Cleaning up neutron router objects
2019-10-28 02:30:51.616 27676 RALLYDEBUG rally_openstack.cleanup.manager [-] Cleaning up neutron security_group objects
2019-10-28 02:30:52.821 27676 RALLYDEBUG rally_openstack.cleanup.manager [-] Deleting neutron.security_group object s_rally_78f059fb_z8VOLlvi (0273bbad-e7c8-4a52-bacd-9a6c7662615d)
2019-10-28 02:30:52.826 27676 RALLYDEBUG rally_openstack.cleanup.manager [-] Deleting neutron.security_group object s_rally_78f059fb_dAc43KQH (0e480d7a-8d99-49d5-a439-59cc93718b47)
2019-10-28 02:30:52.840 27676 RALLYDEBUG rally_openstack.cleanup.manager [-] Deleting neutron.security_group object s_rally_78f059fb_Sx6bVO2F (10c31c04-e758-48d6-9f2d-dfc140c61a50)
2019-10-28 02:30:52.849 27676 RALLYDEBUG rally_openstack.cleanup.manager [-] Deleting neutron.security_group object s_rally_78f059fb_dJRmz4uS (157238d6-8bca-4d0f-8194-b9f84a85ea85)
2019-10-28 02:30:52.855 27676 RALLYDEBUG rally_openstack.cleanup.manager [-] Deleting neutron.security_group object s_rally_78f059fb_gU27vuET (1e2b73ec-0eff-4595-be8c-db5ec31f289a)
2019-10-28 02:30:52.860 27676 RALLYDEBUG rally_openstack.cleanup.manager [-] Deleting neutron.security_group object s_rally_78f059fb_2nwEbAhx (2010c15a-cfcd-440c-aa5c-b9472fe4c8fb)
2019-10-28 02:30:52.877 27676 RALLYDEBUG rally_openstack.cleanup.manager [-] Deleting neutron.security_group object s_rally_78f059fb_wB6lOtJW (21fe535d-0039-4f82-8cfc-6262536293ba)
2019-10-28 02:30:52.893 27676 RALLYDEBUG rally_openstack.cleanup.manager [-] Deleting neutron.security_group object s_rally_78f059fb_J36V15Hk (23a4dc14-e5fd-4889-a876-466e61b95f8d)
2019-10-28 02:30:52.905 27676 RALLYDEBUG rally_openstack.cleanup.manager [-] Deleting neutron.security_group object s_rally_78f059fb_sbWcePJN (3191d8df-6a67-479b-9ca9-6f973f378d09)
2019-10-28 02:30:52.918 27676 RALLYDEBUG rally_openstack.cleanup.manager [-] Deleting neutron.security_group object s_rally_78f059fb_WS2rw187 (3ff9934d-b8f7-425d-8f42-12d480db0217)
2019-10-28 02:30:52.935 27676 RALLYDEBUG rally_openstack.cleanup.manager [-] Deleting neutron.security_group object s_rally_78f059fb_E11rRGfA (40dd4949-795b-4080-9ba2-de3eb6541aa4)
2019-10-28 02:30:52.950 27676 RALLYDEBUG rally_openstack.cleanup.manager [-] Deleting neutron.security_group object s_rally_78f059fb_RZjRqBEq (41900f75-0f5d-497c-8fc4-bd068a00fc16)
2019-10-28 02:30:52.963 27676 RALLYDEBUG rally_openstack.cleanup.manager [-] Deleting neutron.security_group object s_rally_78f059fb_semTvXNA (437cc84e-5d5f-4d43-b013-20342897db38)
2019-10-28 02:30:52.972 27676 RALLYDEBUG rally_openstack.cleanup.manager [-] Deleting neutron.security_group object s_rally_78f059fb_XqKS63mw (4a0f8614-18e8-4720-8bc4-a8262357b739)
2019-10-28 02:30:52.986 27676 RALLYDEBUG rally_openstack.cleanup.manager [-] Deleting neutron.security_group object s_rally_78f059fb_YCT8G3hM (5f126957-cc3c-40c4-8837-a893dc8e8750)
2019-10-28 02:30:53.002 27676 RALLYDEBUG rally_openstack.cleanup.manager [-] Deleting neutron.security_group object s_rally_78f059fb_YogUiAih (6474a1db-88e7-4c2b-a091-1cfa81d96213)
2019-10-28 02:30:53.017 27676 RALLYDEBUG rally_openstack.cleanup.manager [-] Deleting neutron.security_group object s_rally_78f059fb_nBFPkw78 (68a7f71a-af05-45bc-adc4-a9d6e77ca35e)
2019-10-28 02:30:53.027 27676 RALLYDEBUG rally_openstack.cleanup.manager [-] Deleting neutron.security_group object s_rally_78f059fb_2jjEtog8 (7617548f-c191-4025-8749-1c3846f4660c)
2019-10-28 02:30:53.034 27676 RALLYDEBUG rally_openstack.cleanup.manager [-] Deleting neutron.security_group object s_rally_78f059fb_OYYIm3HE (96d773aa-ac8d-4d6f-81fb-8df5812de236)
2019-10-28 02:30:53.041 27676 RALLYDEBUG rally_openstack.cleanup.manager [-] Deleting neutron.security_group object s_rally_78f059fb_Pi6SMuLS (99163ed6-df7b-4f13-b3fa-69c218e8e1ec)
2019-10-28 02:30:54.431 27676 RALLYDEBUG rally_openstack.cleanup.manager [-] Deleting neutron.security_group object s_rally_78f059fb_zNKCA7eq (ab784a32-ee10-4402-bac2-d01f42426b64)
2019-10-28 02:30:54.441 27676 RALLYDEBUG rally_openstack.cleanup.manager [-] Deleting neutron.security_group object s_rally_78f059fb_3hKCfLq9 (b02fa656-cae6-4967-b438-ebdeaecc443c)
2019-10-28 02:30:54.476 27676 RALLYDEBUG rally_openstack.cleanup.manager [-] Deleting neutron.security_group object s_rally_78f059fb_pQdk179D (bdb244d5-5692-49fc-8988-d843ec37d160)
2019-10-28 02:30:54.494 27676 RALLYDEBUG rally_openstack.cleanup.manager [-] Deleting neutron.security_group object s_rally_78f059fb_ekmei1iB (c5ceda99-d22f-4d4c-9a4b-b13515b0cf1a)
2019-10-28 02:30:54.585 27676 RALLYDEBUG rally_openstack.cleanup.manager [-] Deleting neutron.security_group object s_rally_78f059fb_BOPCR8vU (c7d16f11-9730-47c4-83a6-8bff86a1070c)
2019-10-28 02:30:54.594 27676 RALLYDEBUG rally_openstack.cleanup.manager [-] Deleting neutron.security_group object s_rally_78f059fb_nt62UR2c (e0b6e4dd-1078-4bc8-b626-f82f662a3a2d)
2019-10-28 02:30:54.602 27676 RALLYDEBUG rally_openstack.cleanup.manager [-] Deleting neutron.security_group object s_rally_78f059fb_pw9QyJqo (e4b57917-b97b-4924-8c82-59a674a0fc5a)
2019-10-28 02:30:54.610 27676 RALLYDEBUG rally_openstack.cleanup.manager [-] Deleting neutron.security_group object s_rally_78f059fb_cv1PlRpv (ee006c40-ea23-4d74-8726-32e864e2170b)
2019-10-28 02:30:54.614 27676 RALLYDEBUG rally_openstack.cleanup.manager [-] Deleting neutron.security_group object s_rally_78f059fb_HUcUBwqy (efc92006-0f3f-41a4-bf7d-c56e609bf8cf)
2019-10-28 02:30:54.671 27676 RALLYDEBUG rally_openstack.cleanup.manager [-] Deleting neutron.security_group object s_rally_78f059fb_0ElKqeVs (00dc4ced-9428-4217-8a51-e4b787c07282)
2019-10-28 02:30:54.689 27676 RALLYDEBUG rally_openstack.cleanup.manager [-] Deleting neutron.security_group object s_rally_78f059fb_JNybIlde (09ac4bb5-d84e-409a-80fc-e85671b08a5c)
2019-10-28 02:30:54.770 27676 RALLYDEBUG rally_openstack.cleanup.manager [-] Deleting neutron.security_group object s_rally_78f059fb_SlsGnVsM (0c391696-dcd6-4b1b-b6f8-d27bd6a4b382)
2019-10-28 02:30:54.785 27676 RALLYDEBUG rally_openstack.cleanup.manager [-] Deleting neutron.security_group object s_rally_78f059fb_Y1Dp16gT (0e43af94-386f-4e61-99a2-c92273e65ca2)
2019-10-28 02:30:54.820 27676 RALLYDEBUG rally_openstack.cleanup.manager [-] Deleting neutron.security_group object s_rally_78f059fb_XQq6KM3d (13942dad-f19b-4d1d-b06c-4fae5fd59f86)
2019-10-28 02:30:54.824 27676 RALLYDEBUG rally_openstack.cleanup.manager [-] Deleting neutron.security_group object s_rally_78f059fb_2G2MTLyg (1a7d751d-f9f4-4522-9d54-ab49b9766d08)
2019-10-28 02:30:54.924 27676 RALLYDEBUG rally_openstack.cleanup.manager [-] Deleting neutron.security_group object s_rally_78f059fb_CmFhBpqt (2fe3033b-713d-4489-807c-52233467e797)
2019-10-28 02:30:54.932 27676 RALLYDEBUG rally_openstack.cleanup.manager [-] Deleting neutron.security_group object s_rally_78f059fb_4XhzmDab (395e3464-e84a-459d-965c-733274b93002)
2019-10-28 02:30:54.941 27676 RALLYDEBUG rally_openstack.cleanup.manager [-] Deleting neutron.security_group object s_rally_78f059fb_YoPpEtKR (3b18494a-5294-44aa-8d8d-46d06dfa1171)
2019-10-28 02:30:54.944 27676 RALLYDEBUG rally_openstack.cleanup.manager [-] Deleting neutron.security_group object s_rally_78f059fb_yzGbwU6G (3c40f5c6-6066-4971-b686-8cc921aa0bec)
2019-10-28 02:30:54.992 27676 RALLYDEBUG rally_openstack.cleanup.manager [-] Deleting neutron.security_group object s_rally_78f059fb_kEoySQKs (3cd12cb9-b481-4426-9a73-72af83457d6f)
2019-10-28 02:30:55.927 27676 RALLYDEBUG rally_openstack.cleanup.manager [-] Deleting neutron.security_group object s_rally_78f059fb_pDZwgPNg (3db3a5d6-8fac-43e3-ad88-b715654b0b36)
2019-10-28 02:30:55.937 27676 RALLYDEBUG rally_openstack.cleanup.manager [-] Deleting neutron.security_group object s_rally_78f059fb_PQRHYSjS (49f41df4-dea1-45c2-ab18-0850415ee4c5)
2019-10-28 02:30:55.995 27676 RALLYDEBUG rally_openstack.cleanup.manager [-] Deleting neutron.security_group object s_rally_78f059fb_40Y9GI7a (8fc8781d-0ba3-4267-a352-47394fac3401)
2019-10-28 02:30:56.004 27676 RALLYDEBUG rally_openstack.cleanup.manager [-] Deleting neutron.security_group object s_rally_78f059fb_76aaDeeC (b02654aa-d82f-4653-bcf1-0097adb353d0)
2019-10-28 02:30:56.146 27676 RALLYDEBUG rally_openstack.cleanup.manager [-] Deleting neutron.security_group object s_rally_78f059fb_jKALJmVy (b37c6a0a-0c31-4f4b-bb67-a3e2184ccdbc)
2019-10-28 02:30:56.213 27676 RALLYDEBUG rally_openstack.cleanup.manager [-] Deleting neutron.security_group object s_rally_78f059fb_udhVbkwa (b6817d6f-32fc-4936-a143-4a866e23136e)
2019-10-28 02:30:56.217 27676 RALLYDEBUG rally_openstack.cleanup.manager [-] Deleting neutron.security_group object s_rally_78f059fb_MOWZ1gqj (c80e6c82-55de-4ad5-8518-04ba7cbd3531)
2019-10-28 02:30:56.237 27676 RALLYDEBUG rally_openstack.cleanup.manager [-] Deleting neutron.security_group object s_rally_78f059fb_HUCD50SX (c9efc5aa-7a11-4d24-b4e8-1ae9559d160b)
2019-10-28 02:30:56.258 27676 RALLYDEBUG rally_openstack.cleanup.manager [-] Deleting neutron.security_group object s_rally_78f059fb_gPTju7Ah (cea7fbca-c218-40bb-b6ac-3241eaecc0c9)
2019-10-28 02:30:56.303 27676 RALLYDEBUG rally_openstack.cleanup.manager [-] Deleting neutron.security_group object s_rally_78f059fb_ErlUilP7 (ed8ecde1-8579-4261-9516-f9cb0d7c2b2a)
2019-10-28 02:30:57.784 27676 INFO rally.task.context [-] Task 58fbdd56-e129-409c-ab38-a6976574e4bd | Context cleanup@openstack cleanup() finished in 13.79 sec
2019-10-28 02:30:57.784 27676 INFO rally.task.context [-] Task 58fbdd56-e129-409c-ab38-a6976574e4bd | Context quotas@openstack cleanup() started
2019-10-28 02:30:57.936 27676 INFO rally.task.context [-] Task 58fbdd56-e129-409c-ab38-a6976574e4bd | Context quotas@openstack cleanup() finished in 0.15 sec
2019-10-28 02:30:57.936 27676 INFO rally.task.context [-] Task 58fbdd56-e129-409c-ab38-a6976574e4bd | Context users@openstack cleanup() started
2019-10-28 02:31:01.250 27676 INFO rally.task.context [-] Task 58fbdd56-e129-409c-ab38-a6976574e4bd | Context users@openstack cleanup() finished in 3.31 sec
2019-10-28 02:31:03.083 27676 INFO rally.task.engine [-] Load duration is: 4.111022
2019-10-28 02:31:03.084 27676 INFO rally.task.engine [-] Full runner duration is: 4.161562
2019-10-28 02:31:03.084 27676 INFO rally.task.engine [-] Full duration is: 24.445772
2019-10-28 02:31:03.369 27676 INFO rally.task.engine [-] Task 58fbdd56-e129-409c-ab38-a6976574e4bd | Completed: Running task.
2019-10-28 02:31:05.098 4185 RALLYDEBUG rally.api [-] INFO logs from urllib3 and requests module are hide.
2019-10-28 02:31:05.098 4185 RALLYDEBUG rally.api [-] urllib3 insecure warnings are hidden.
2019-10-28 02:31:05.098 4185 RALLYDEBUG rally.api [-] ERROR log from boto module is hide.
2019-10-28 02:31:06.312 4186 RALLYDEBUG rally.api [-] INFO logs from urllib3 and requests module are hide.
2019-10-28 02:31:06.313 4186 RALLYDEBUG rally.api [-] urllib3 insecure warnings are hidden.
2019-10-28 02:31:06.313 4186 RALLYDEBUG rally.api [-] ERROR log from boto module is hide.
2019-10-28 02:31:07.542 4187 RALLYDEBUG rally.api [-] INFO logs from urllib3 and requests module are hide.
2019-10-28 02:31:07.543 4187 RALLYDEBUG rally.api [-] urllib3 insecure warnings are hidden.
2019-10-28 02:31:07.543 4187 RALLYDEBUG rally.api [-] ERROR log from boto module is hide.
2019-10-28 02:31:09.174 4187 INFO rally.common.plugin.discover [-] Loading plugins from directories /root/.rally/plugins/*
2019-10-28 02:31:09.175 4187 INFO rally.common.plugin.discover [-] Loaded module with plugins: /root/.rally/plugins/__init__.py
2019-10-28 02:31:09.338 4187 INFO rally.api [-] Building 'json' report for the following task(s): '58fbdd56-e129-409c-ab38-a6976574e4bd'.
2019-10-28 02:31:09.521 4187 INFO rally.api [-] The report has been successfully built.
2019-10-28 02:31:10.982 4189 RALLYDEBUG rally.api [-] INFO logs from urllib3 and requests module are hide.
2019-10-28 02:31:10.983 4189 RALLYDEBUG rally.api [-] urllib3 insecure warnings are hidden.
2019-10-28 02:31:10.983 4189 RALLYDEBUG rally.api [-] ERROR log from boto module is hide.
2019-10-28 02:31:12.581 4189 INFO rally.common.plugin.discover [-] Loading plugins from directories /root/.rally/plugins/*
2019-10-28 02:31:12.582 4189 INFO rally.common.plugin.discover [-] Loaded module with plugins: /root/.rally/plugins/__init__.py
2019-10-28 02:31:12.758 4189 INFO rally.api [-] Building 'html' report for the following task(s): '58fbdd56-e129-409c-ab38-a6976574e4bd'.
2019-10-28 02:31:12.941 4189 INFO rally.api [-] The report has been successfully built.
2019-10-28 02:31:14.248 4191 RALLYDEBUG rally.api [-] INFO logs from urllib3 and requests module are hide.
2019-10-28 02:31:14.248 4191 RALLYDEBUG rally.api [-] urllib3 insecure warnings are hidden.
2019-10-28 02:31:14.248 4191 RALLYDEBUG rally.api [-] ERROR log from boto module is hide.
2019-10-28 02:31:15.830 4191 INFO rally.common.plugin.discover [-] Loading plugins from directories /root/.rally/plugins/*
2019-10-28 02:31:15.830 4191 INFO rally.common.plugin.discover [-] Loaded module with plugins: /root/.rally/plugins/__init__.py
2019-10-28 02:31:16.003 4191 INFO rally.api [-] Building 'junit-xml' report for the following task(s): '58fbdd56-e129-409c-ab38-a6976574e4bd'.
2019-10-28 02:31:16.008 4191 INFO rally.api [-] The report has been successfully built.