2019-10-28 02:21:33.571 27676 RALLYDEBUG rally_openstack.cleanup.manager [-] Deleting neutron.port object s_rally_b6a3d5d3_47yrGLpj (da86f3e0-07c5-4009-a127-745fda205165)
2019-10-28 02:21:33.598 27676 RALLYDEBUG rally_openstack.cleanup.manager [-] Deleting neutron.port object s_rally_b6a3d5d3_0SmLmz45 (dabbe4ce-ae0d-4c57-89c7-d2fc96aa6a8f)
2019-10-28 02:21:33.625 27676 RALLYDEBUG rally_openstack.cleanup.manager [-] Deleting neutron.port object s_rally_b6a3d5d3_T9IV6jba (daee20e0-750b-41fa-a92f-a85129141183)
2019-10-28 02:21:33.706 27676 RALLYDEBUG rally_openstack.cleanup.manager [-] Deleting neutron.port object s_rally_b6a3d5d3_28xK7Ta7 (db0692c7-6a5a-495a-b991-28e5f73e7997)
2019-10-28 02:21:33.759 27676 RALLYDEBUG rally_openstack.cleanup.manager [-] Deleting neutron.port object s_rally_b6a3d5d3_XRRyEr2o (db985917-eab1-4878-9df7-94575941fcc5)
2019-10-28 02:21:34.060 27676 RALLYDEBUG rally_openstack.cleanup.manager [-] Deleting neutron.port object s_rally_b6a3d5d3_ZycwEsuF (dbd01830-d1d5-44bc-ba45-68ac39b7e27c)
2019-10-28 02:21:34.080 27676 RALLYDEBUG rally_openstack.cleanup.manager [-] Deleting neutron.port object s_rally_b6a3d5d3_lEwJxVru (dc65dc2e-80f2-4cab-820f-46b012eae0a4)
2019-10-28 02:21:34.281 27676 RALLYDEBUG rally_openstack.cleanup.manager [-] Deleting neutron.port object s_rally_b6a3d5d3_VCaG5alR (dd617d92-1e66-40b8-b354-63cd218057f6)
2019-10-28 02:21:34.347 27676 RALLYDEBUG rally_openstack.cleanup.manager [-] Deleting neutron.port object s_rally_b6a3d5d3_z2RPjUgy (ddd7bc62-9ba9-4e31-b02e-9fdf6c9721b5)
2019-10-28 02:21:34.464 27676 RALLYDEBUG rally_openstack.cleanup.manager [-] Deleting neutron.port object s_rally_b6a3d5d3_LcfI4TY4 (de9d2bf4-c3b7-4e4a-a172-a3c92cebd8b5)
2019-10-28 02:21:34.535 27676 RALLYDEBUG rally_openstack.cleanup.manager [-] Deleting neutron.port object s_rally_b6a3d5d3_d4ozXeo7 (dee824b0-6763-4aba-8cbd-983a082b7678)
2019-10-28 02:21:34.589 27676 RALLYDEBUG rally_openstack.cleanup.manager [-] Deleting neutron.port object s_rally_b6a3d5d3_6hccnnse (df73379f-608c-4972-beca-24bfb65121f4)
2019-10-28 02:21:34.790 27676 RALLYDEBUG rally_openstack.cleanup.manager [-] Deleting neutron.port object s_rally_b6a3d5d3_G87vtHKQ (e026e0b7-6381-47ea-bb53-6a22137ddedd)
2019-10-28 02:21:34.863 27676 RALLYDEBUG rally_openstack.cleanup.manager [-] Deleting neutron.port object s_rally_b6a3d5d3_mWlR7qMM (e0d12050-ccc5-467f-9a4f-fe8cb1ba5df7)
2019-10-28 02:21:34.867 27676 RALLYDEBUG rally_openstack.cleanup.manager [-] Deleting neutron.port object s_rally_b6a3d5d3_V7i9DDDd (e0fcef8f-c611-477a-bff1-a82280ead9b2)
2019-10-28 02:21:34.924 27676 RALLYDEBUG rally_openstack.cleanup.manager [-] Deleting neutron.port object s_rally_b6a3d5d3_3H9hGtI3 (e20ec162-ef84-42e4-a3fa-d1e78a81fb9a)
2019-10-28 02:21:34.976 27676 RALLYDEBUG rally_openstack.cleanup.manager [-] Deleting neutron.port object s_rally_b6a3d5d3_KqMjuVHt (e2218e9e-b097-4ec1-b83a-6bb8d8cb16a4)
2019-10-28 02:21:35.035 27676 RALLYDEBUG rally_openstack.cleanup.manager [-] Deleting neutron.port object s_rally_b6a3d5d3_Oj8ZyuVR (e236ce31-17b0-42da-8800-f4bfcc1a509b)
2019-10-28 02:21:35.053 27676 RALLYDEBUG rally_openstack.cleanup.manager [-] Deleting neutron.port object s_rally_b6a3d5d3_1KRB7C9M (e3709269-4e7d-4f92-8daa-c32eb1eecc73)
2019-10-28 02:21:35.287 27676 RALLYDEBUG rally_openstack.cleanup.manager [-] Deleting neutron.port object s_rally_b6a3d5d3_yonWWedH (e407219b-63ec-4641-a4f0-0744f30b508a)
2019-10-28 02:21:35.304 27676 RALLYDEBUG rally_openstack.cleanup.manager [-] Deleting neutron.port object s_rally_b6a3d5d3_Y4R4Nzc9 (e448f94f-205c-4c7a-aa85-58c24beeda25)
2019-10-28 02:21:35.376 27676 RALLYDEBUG rally_openstack.cleanup.manager [-] Deleting neutron.port object s_rally_b6a3d5d3_SwHXvLv4 (e549694c-f022-4639-8608-5b2dd211c52b)
2019-10-28 02:21:35.404 27676 RALLYDEBUG rally_openstack.cleanup.manager [-] Deleting neutron.port object s_rally_b6a3d5d3_aN5GHG1C (e57e84bb-667c-4819-a873-9c3f48872535)
2019-10-28 02:21:35.458 27676 RALLYDEBUG rally_openstack.cleanup.manager [-] Deleting neutron.port object s_rally_b6a3d5d3_72KL9T6B (e82699e4-4a33-454d-bbba-79f7339c51a7)
2019-10-28 02:21:35.553 27676 RALLYDEBUG rally_openstack.cleanup.manager [-] Deleting neutron.port object s_rally_b6a3d5d3_UhRuplIo (e83ac67a-1081-4aa1-8e28-5e8fa97c167c)
2019-10-28 02:21:35.793 27676 RALLYDEBUG rally_openstack.cleanup.manager [-] Deleting neutron.port object s_rally_b6a3d5d3_vnnJRPEs (e8ec35b5-661e-434a-a6fe-77376398fa27)
2019-10-28 02:21:35.811 27676 RALLYDEBUG rally_openstack.cleanup.manager [-] Deleting neutron.port object s_rally_b6a3d5d3_ytD5x01p (e91d6b9a-0d7d-4976-9c25-8b5a5c355083)
2019-10-28 02:21:35.997 27676 RALLYDEBUG rally_openstack.cleanup.manager [-] Deleting neutron.port object s_rally_b6a3d5d3_pxdt5x1g (e9b62c43-f4a0-4df1-a7ae-5c0379f02eee)
2019-10-28 02:21:36.164 27676 RALLYDEBUG rally_openstack.cleanup.manager [-] Deleting neutron.port object s_rally_b6a3d5d3_3FSqRmU0 (e9e37379-164b-4b56-afb4-3b4b67b41186)
2019-10-28 02:21:36.324 27676 RALLYDEBUG rally_openstack.cleanup.manager [-] Deleting neutron.port object s_rally_b6a3d5d3_sD6qa27s (ea5c2472-6635-4cf0-972d-acb00bd5ba5b)
2019-10-28 02:21:36.473 27676 RALLYDEBUG rally_openstack.cleanup.manager [-] Deleting neutron.port object s_rally_b6a3d5d3_lvM5igXb (ead6fb5e-b4e8-433e-b6a2-f79ea415183a)
2019-10-28 02:21:36.583 27676 RALLYDEBUG rally_openstack.cleanup.manager [-] Deleting neutron.port object s_rally_b6a3d5d3_RQsGexLh (eb26c184-bc67-432c-90e5-d11c8afc14c5)
2019-10-28 02:21:36.615 27676 RALLYDEBUG rally_openstack.cleanup.manager [-] Deleting neutron.port object s_rally_b6a3d5d3_ZIeQEkOS (eb7c00a0-5c22-4fa9-8ddf-cda5a56e5a53)
2019-10-28 02:21:36.625 27676 RALLYDEBUG rally_openstack.cleanup.manager [-] Deleting neutron.port object s_rally_b6a3d5d3_VwD2cyw5 (ec58fab0-99d1-4194-9d77-319b02495da3)
2019-10-28 02:21:36.651 27676 RALLYDEBUG rally_openstack.cleanup.manager [-] Deleting neutron.port object s_rally_b6a3d5d3_FAll55y9 (ecbd048e-6162-4904-a094-ef6a40be3b8f)
2019-10-28 02:21:36.759 27676 RALLYDEBUG rally_openstack.cleanup.manager [-] Deleting neutron.port object s_rally_b6a3d5d3_zbyXvWMM (ed0ab116-4e8e-483a-b8ab-8381eb0678de)
2019-10-28 02:21:36.790 27676 RALLYDEBUG rally_openstack.cleanup.manager [-] Deleting neutron.port object s_rally_b6a3d5d3_K50H5HV3 (ed18213c-9e4a-43bb-a82e-de36118347cd)
2019-10-28 02:21:36.904 27676 RALLYDEBUG rally_openstack.cleanup.manager [-] Deleting neutron.port object s_rally_b6a3d5d3_NXfvz6xd (ed53eaa2-fb5f-4db0-ad6b-ab0c36a6bf55)
2019-10-28 02:21:37.095 27676 RALLYDEBUG rally_openstack.cleanup.manager [-] Deleting neutron.port object s_rally_b6a3d5d3_x8jq1iNA (efb05260-6cc0-4303-9900-eebbd756e1bf)
2019-10-28 02:21:37.101 27676 RALLYDEBUG rally_openstack.cleanup.manager [-] Deleting neutron.port object s_rally_b6a3d5d3_EjnbdDby (efbd3290-abdb-4cae-abb4-095aa4ef2104)
2019-10-28 02:21:37.120 27676 RALLYDEBUG rally_openstack.cleanup.manager [-] Deleting neutron.port object s_rally_b6a3d5d3_4ipEFpnP (efbdf8bb-5962-469e-a002-cc8b992122ac)
2019-10-28 02:21:37.202 27676 RALLYDEBUG rally_openstack.cleanup.manager [-] Deleting neutron.port object s_rally_b6a3d5d3_VC7J6ndQ (f1cc96d1-01a0-463a-b74b-91c95bdb359b)
2019-10-28 02:21:37.215 27676 RALLYDEBUG rally_openstack.cleanup.manager [-] Deleting neutron.port object s_rally_b6a3d5d3_imdbBYYb (f219e6af-be5c-49e6-9404-7869dc8dee59)
2019-10-28 02:21:37.328 27676 RALLYDEBUG rally_openstack.cleanup.manager [-] Deleting neutron.port object s_rally_b6a3d5d3_Qd9TIIps (f23dc332-d432-451e-ae30-b1ff8fefdd3b)
2019-10-28 02:21:37.507 27676 RALLYDEBUG rally_openstack.cleanup.manager [-] Deleting neutron.port object s_rally_b6a3d5d3_HCTBHuLZ (f2a565ab-82f6-4318-8079-b9afa26ce783)
2019-10-28 02:21:37.520 27676 RALLYDEBUG rally_openstack.cleanup.manager [-] Deleting neutron.port object s_rally_b6a3d5d3_TGtlImCq (f3719e1e-015c-4987-b63b-f2449624abca)
2019-10-28 02:21:37.538 27676 RALLYDEBUG rally_openstack.cleanup.manager [-] Deleting neutron.port object s_rally_b6a3d5d3_SVaIBctO (f384b062-3f20-4681-8e7d-3e00bdb7770c)
2019-10-28 02:21:37.715 27676 RALLYDEBUG rally_openstack.cleanup.manager [-] Deleting neutron.port object s_rally_b6a3d5d3_SMRj1TW6 (f3a25c8e-e418-4956-aa78-8639d2790dc3)
2019-10-28 02:21:37.877 27676 RALLYDEBUG rally_openstack.cleanup.manager [-] Deleting neutron.port object s_rally_b6a3d5d3_49DeVn59 (f3bfad8d-3203-4ca2-8f43-d8291620c91f)
2019-10-28 02:21:38.056 27676 RALLYDEBUG rally_openstack.cleanup.manager [-] Deleting neutron.port object s_rally_b6a3d5d3_Ea8Ff0XJ (f49df7a0-fdee-44af-b1c1-b8f7e81b38b0)
2019-10-28 02:21:38.156 27676 RALLYDEBUG rally_openstack.cleanup.manager [-] Deleting neutron.port object s_rally_b6a3d5d3_zxc7rXlD (f6997803-f982-45d1-9d58-13d6361c20f0)
2019-10-28 02:21:38.294 27676 RALLYDEBUG rally_openstack.cleanup.manager [-] Deleting neutron.port object s_rally_b6a3d5d3_1LbVJ2RI (f7366296-1fab-4162-a598-72a8378bf31b)
2019-10-28 02:21:38.366 27676 RALLYDEBUG rally_openstack.cleanup.manager [-] Deleting neutron.port object s_rally_b6a3d5d3_gbldXsWa (f7c4160d-e668-4f43-8761-65895f2f01d2)
2019-10-28 02:21:38.388 27676 RALLYDEBUG rally_openstack.cleanup.manager [-] Deleting neutron.port object s_rally_b6a3d5d3_VnwsVfYf (f7d70f95-35ee-4a70-93c2-0b4c08b81695)
2019-10-28 02:21:38.547 27676 RALLYDEBUG rally_openstack.cleanup.manager [-] Deleting neutron.port object s_rally_b6a3d5d3_7IfDpzWp (f83c71d2-afe1-4b9d-a66d-7f0ba9e67211)
2019-10-28 02:21:38.555 27676 RALLYDEBUG rally_openstack.cleanup.manager [-] Deleting neutron.port object s_rally_b6a3d5d3_8NgGP4JI (f882960f-fded-418b-b31f-2e42041b7ee7)
2019-10-28 02:21:38.633 27676 RALLYDEBUG rally_openstack.cleanup.manager [-] Deleting neutron.port object s_rally_b6a3d5d3_dLEinBwX (f8a1b89d-2e0d-45ea-a0cd-2afdda780f08)
2019-10-28 02:21:38.777 27676 RALLYDEBUG rally_openstack.cleanup.manager [-] Deleting neutron.port object s_rally_b6a3d5d3_oI7FHKsS (f8da36d2-e784-4255-aafc-67d729e6d6ed)
2019-10-28 02:21:38.870 27676 RALLYDEBUG rally_openstack.cleanup.manager [-] Deleting neutron.port object s_rally_b6a3d5d3_t733mKTL (fa6ad98e-c5c5-448d-b042-ff269075d243)
2019-10-28 02:21:39.075 27676 RALLYDEBUG rally_openstack.cleanup.manager [-] Deleting neutron.port object s_rally_b6a3d5d3_L1oi7rNH (fae98a07-ed57-4fd7-936f-067b15ff401d)
2019-10-28 02:21:39.106 27676 RALLYDEBUG rally_openstack.cleanup.manager [-] Deleting neutron.port object s_rally_b6a3d5d3_0YEKfWSu (fb70737c-4ca2-404b-9215-2b4798fe303f)
2019-10-28 02:21:39.180 27676 RALLYDEBUG rally_openstack.cleanup.manager [-] Deleting neutron.port object s_rally_b6a3d5d3_UUrBpwWT (fbb4cdbb-99cc-4771-abb6-88393652e54c)
2019-10-28 02:21:39.206 27676 RALLYDEBUG rally_openstack.cleanup.manager [-] Deleting neutron.port object s_rally_b6a3d5d3_cQZbEmyj (fbdc08ad-6218-456f-9e3f-d7c37660d440)
2019-10-28 02:21:39.220 27676 RALLYDEBUG rally_openstack.cleanup.manager [-] Deleting neutron.port object s_rally_b6a3d5d3_TKpX6CJI (fc77a505-adba-49ab-9f71-bc24812ec023)
2019-10-28 02:21:39.278 27676 RALLYDEBUG rally_openstack.cleanup.manager [-] Deleting neutron.port object s_rally_b6a3d5d3_4MJaDo0h (fc7853a9-a20e-4b38-8cad-3a90b1c19059)
2019-10-28 02:21:39.296 27676 RALLYDEBUG rally_openstack.cleanup.manager [-] Deleting neutron.port object s_rally_b6a3d5d3_TbWiFXSj (fd4b5de4-5bc6-4498-95a5-b601bcd9c6fa)
2019-10-28 02:21:41.226 27676 RALLYDEBUG rally_openstack.cleanup.manager [-] Cleaning up neutron subnet objects
2019-10-28 02:21:41.605 27676 RALLYDEBUG rally_openstack.cleanup.manager [-] Cleaning up neutron network objects
2019-10-28 02:21:42.050 27676 RALLYDEBUG rally_openstack.cleanup.manager [-] Deleting neutron.network object s_rally_b6a3d5d3_x8LNMno1 (12db82a8-ee88-4250-9cd0-cb03e41ecd66)
2019-10-28 02:21:42.060 27676 RALLYDEBUG rally_openstack.cleanup.manager [-] Deleting neutron.network object s_rally_b6a3d5d3_QwOANyCf (a69ea51f-44b6-4082-8b44-df1cc0995b31)
2019-10-28 02:21:42.068 27676 RALLYDEBUG rally_openstack.cleanup.manager [-] Deleting neutron.network object s_rally_b6a3d5d3_MnT6e5Kg (b7764378-af66-4638-b124-d1c003f7c92f)
2019-10-28 02:21:42.077 27676 RALLYDEBUG rally_openstack.cleanup.manager [-] Deleting neutron.network object s_rally_b6a3d5d3_I90auapQ (c0b8a2ea-a246-4ab6-baf4-31b1df3c8dd8)
2019-10-28 02:21:42.083 27676 RALLYDEBUG rally_openstack.cleanup.manager [-] Deleting neutron.network object s_rally_b6a3d5d3_B0llu3jr (cd1d20f5-386f-4531-86f7-07d73c438e7e)
2019-10-28 02:21:42.088 27676 RALLYDEBUG rally_openstack.cleanup.manager [-] Deleting neutron.network object s_rally_b6a3d5d3_lWwed77g (ce1844b0-eef0-4271-a259-79f50de3fa09)
2019-10-28 02:21:42.102 27676 RALLYDEBUG rally_openstack.cleanup.manager [-] Deleting neutron.network object s_rally_b6a3d5d3_lGxNk89l (d21d8ca2-27ac-4a61-8ef9-898a8440d973)
2019-10-28 02:21:42.120 27676 RALLYDEBUG rally_openstack.cleanup.manager [-] Deleting neutron.network object s_rally_b6a3d5d3_galyNVGi (f2c77d3f-1e99-44b2-a3b1-0cdb97802945)
2019-10-28 02:21:44.648 27676 RALLYDEBUG rally_openstack.cleanup.manager [-] Cleaning up neutron router objects
2019-10-28 02:21:45.054 27676 RALLYDEBUG rally_openstack.cleanup.manager [-] Cleaning up neutron security_group objects
2019-10-28 02:21:45.466 27676 INFO rally.task.context [-] Task 58fbdd56-e129-409c-ab38-a6976574e4bd | Context cleanup@openstack cleanup() finished in 46.12 sec
2019-10-28 02:21:45.466 27676 INFO rally.task.context [-] Task 58fbdd56-e129-409c-ab38-a6976574e4bd | Context quotas@openstack cleanup() started
2019-10-28 02:21:45.538 27676 INFO rally.task.context [-] Task 58fbdd56-e129-409c-ab38-a6976574e4bd | Context quotas@openstack cleanup() finished in 72.12 msec
2019-10-28 02:21:45.539 27676 INFO rally.task.context [-] Task 58fbdd56-e129-409c-ab38-a6976574e4bd | Context users@openstack cleanup() started
2019-10-28 02:21:48.135 27676 INFO rally.task.context [-] Task 58fbdd56-e129-409c-ab38-a6976574e4bd | Context users@openstack cleanup() finished in 2.60 sec
2019-10-28 02:21:49.198 27676 INFO rally.task.engine [-] Load duration is: 55.906015
2019-10-28 02:21:49.198 27676 INFO rally.task.engine [-] Full runner duration is: 55.951681
2019-10-28 02:21:49.198 27676 INFO rally.task.engine [-] Full duration is: 107.478299
2019-10-28 02:21:49.493 27676 INFO rally.task.engine [-] Running workload: position = 1 config = { "version": 2, "title": "A cropped version of a bigger task.", "description": "Auto-generated task from a single workload (uuid=2dbd9ddc-ea80-4685-a70b-3fcf0a3f5954)", "subtasks": [ { "title": "NeutronNetworks.create_and_update_ports", "description": "Create and update a given number of ports.", "scenario": { "NeutronNetworks.create_and_update_ports": { "network_create_args": {}, "port_create_args": {}, "ports_per_network": 5, "port_update_args": { "admin_state_up": false, "device_id": "dummy_id", "device_owner": "dummy_owner", "name": "_port_updated" } } }, "contexts": { "users": { "tenants": 1, "users_per_tenant": 1 }, "quotas": { "neutron": { "network": -1, "port": -1 } } }, "runner": { "constant": { "times": 40, "concurrency": 20 } }, "hooks": [], "sla": { "failure_rate": { "max": 0 } } } ] }
2019-10-28 02:21:49.518 27676 RALLYDEBUG rally_openstack.contexts.keystone.users [-] Creating 1 tenants using 20 threads
2019-10-28 02:21:50.402 27676 RALLYDEBUG rally_openstack.contexts.keystone.users [-] Creating 1 users using 20 threads
2019-10-28 02:21:51.712 27676 INFO rally.task.context [-] Task 58fbdd56-e129-409c-ab38-a6976574e4bd | Context users@openstack setup() finished in 2.19 sec
2019-10-28 02:21:52.149 27676 INFO rally.task.context [-] Task 58fbdd56-e129-409c-ab38-a6976574e4bd | Context quotas@openstack setup() finished in 0.44 sec
2019-10-28 02:21:52.150 27676 INFO rally.task.context [-] Task 58fbdd56-e129-409c-ab38-a6976574e4bd | Context cleanup@openstack setup() finished in 0.02 msec
2019-10-28 02:21:52.160 27676 RALLYDEBUG rally.task.runner [-] Starting the constant runner (task UUID: 58fbdd56-e129-409c-ab38-a6976574e4bd). times: 40 concurrency: 20 timeout: 0 max_cpu_used: 16 processes_to_start: 16 concurrency_per_worker: 1 concurrency_overhead: 4
2019-10-28 02:21:52.172 31752 RALLYDEBUG rally.task.runner [-] Starting a worker. times: 40 duration: None concurrency: 2 timeout: 0 cls: method_name: run args: {"network_create_args": {}, "port_create_args": {}, "ports_per_network": 5, "port_update_args": {"admin_state_up": false, "device_id": "dummy_id", "device_owner": "dummy_owner", "name": "_port_updated"}}
2019-10-28 02:21:52.175 31753 RALLYDEBUG rally.task.runner [-] Starting a worker. times: 40 duration: None concurrency: 2 timeout: 0 cls: method_name: run args: {"network_create_args": {}, "port_create_args": {}, "ports_per_network": 5, "port_update_args": {"admin_state_up": false, "device_id": "dummy_id", "device_owner": "dummy_owner", "name": "_port_updated"}}
2019-10-28 02:21:52.179 31752 INFO rally.task.runner [-] Task 58fbdd56-e129-409c-ab38-a6976574e4bd | ITER: 2 START
2019-10-28 02:21:52.179 31754 RALLYDEBUG rally.task.runner [-] Starting a worker. times: 40 duration: None concurrency: 2 timeout: 0 cls: method_name: run args: {"network_create_args": {}, "port_create_args": {}, "ports_per_network": 5, "port_update_args": {"admin_state_up": false, "device_id": "dummy_id", "device_owner": "dummy_owner", "name": "_port_updated"}}
2019-10-28 02:21:52.181 31752 WARNING rally_openstack.scenarios.neutron.utils [-] Running this scenario without either the 'network' or 'existing_network' context is deprecated
2019-10-28 02:21:52.183 31753 INFO rally.task.runner [-] Task 58fbdd56-e129-409c-ab38-a6976574e4bd | ITER: 3 START
2019-10-28 02:21:52.183 31756 RALLYDEBUG rally.task.runner [-] Starting a worker. times: 40 duration: None concurrency: 2 timeout: 0 cls: method_name: run args: {"network_create_args": {}, "port_create_args": {}, "ports_per_network": 5, "port_update_args": {"admin_state_up": false, "device_id": "dummy_id", "device_owner": "dummy_owner", "name": "_port_updated"}}
2019-10-28 02:21:52.184 31753 INFO rally.task.runner [-] Task 58fbdd56-e129-409c-ab38-a6976574e4bd | ITER: 4 START
2019-10-28 02:21:52.186 31754 INFO rally.task.runner [-] Task 58fbdd56-e129-409c-ab38-a6976574e4bd | ITER: 5 START
2019-10-28 02:21:52.185 31753 WARNING rally_openstack.scenarios.neutron.utils [-] Running this scenario without either the 'network' or 'existing_network' context is deprecated
2019-10-28 02:21:52.187 31761 RALLYDEBUG rally.task.runner [-] Starting a worker. times: 40 duration: None concurrency: 1 timeout: 0 cls: method_name: run args: {"network_create_args": {}, "port_create_args": {}, "ports_per_network": 5, "port_update_args": {"admin_state_up": false, "device_id": "dummy_id", "device_owner": "dummy_owner", "name": "_port_updated"}}
2019-10-28 02:21:52.188 31754 WARNING rally_openstack.scenarios.neutron.utils [-] Running this scenario without either the 'network' or 'existing_network' context is deprecated
2019-10-28 02:21:52.190 31756 INFO rally.task.runner [-] Task 58fbdd56-e129-409c-ab38-a6976574e4bd | ITER: 7 START
2019-10-28 02:21:52.192 31761 INFO rally.task.runner [-] Task 58fbdd56-e129-409c-ab38-a6976574e4bd | ITER: 9 START
2019-10-28 02:21:52.192 31765 RALLYDEBUG rally.task.runner [-] Starting a worker. times: 40 duration: None concurrency: 1 timeout: 0 cls: method_name: run args: {"network_create_args": {}, "port_create_args": {}, "ports_per_network": 5, "port_update_args": {"admin_state_up": false, "device_id": "dummy_id", "device_owner": "dummy_owner", "name": "_port_updated"}}
2019-10-28 02:21:52.192 31756 INFO rally.task.runner [-] Task 58fbdd56-e129-409c-ab38-a6976574e4bd | ITER: 8 START
2019-10-28 02:21:52.193 31752 INFO rally.task.runner [-] Task 58fbdd56-e129-409c-ab38-a6976574e4bd | ITER: 1 START
2019-10-28 02:21:52.193 31761 WARNING rally_openstack.scenarios.neutron.utils [-] Running this scenario without either the 'network' or 'existing_network' context is deprecated
2019-10-28 02:21:52.193 31756 WARNING rally_openstack.scenarios.neutron.utils [-] Running this scenario without either the 'network' or 'existing_network' context is deprecated
2019-10-28 02:21:52.195 31752 WARNING rally_openstack.scenarios.neutron.utils [-] Running this scenario without either the 'network' or 'existing_network' context is deprecated
2019-10-28 02:21:52.195 31769 RALLYDEBUG rally.task.runner [-] Starting a worker. times: 40 duration: None concurrency: 1 timeout: 0 cls: method_name: run args: {"network_create_args": {}, "port_create_args": {}, "ports_per_network": 5, "port_update_args": {"admin_state_up": false, "device_id": "dummy_id", "device_owner": "dummy_owner", "name": "_port_updated"}}
2019-10-28 02:21:52.187 31753 WARNING rally_openstack.scenarios.neutron.utils [-] Running this scenario without either the 'network' or 'existing_network' context is deprecated
2019-10-28 02:21:52.199 31765 INFO rally.task.runner [-] Task 58fbdd56-e129-409c-ab38-a6976574e4bd | ITER: 10 START
2019-10-28 02:21:52.199 31773 RALLYDEBUG rally.task.runner [-] Starting a worker. times: 40 duration: None concurrency: 1 timeout: 0 cls: method_name: run args: {"network_create_args": {}, "port_create_args": {}, "ports_per_network": 5, "port_update_args": {"admin_state_up": false, "device_id": "dummy_id", "device_owner": "dummy_owner", "name": "_port_updated"}}
2019-10-28 02:21:52.200 31769 INFO rally.task.runner [-] Task 58fbdd56-e129-409c-ab38-a6976574e4bd | ITER: 11 START
2019-10-28 02:21:52.201 31765 WARNING rally_openstack.scenarios.neutron.utils [-] Running this scenario without either the 'network' or 'existing_network' context is deprecated
2019-10-28 02:21:52.202 31769 WARNING rally_openstack.scenarios.neutron.utils [-] Running this scenario without either the 'network' or 'existing_network' context is deprecated
2019-10-28 02:21:52.195 31754 INFO rally.task.runner [-] Task 58fbdd56-e129-409c-ab38-a6976574e4bd | ITER: 6 START
2019-10-28 02:21:52.194 31756 WARNING rally_openstack.scenarios.neutron.utils [-] Running this scenario without either the 'network' or 'existing_network' context is deprecated
2019-10-28 02:21:52.204 31773 INFO rally.task.runner [-] Task 58fbdd56-e129-409c-ab38-a6976574e4bd | ITER: 12 START
2019-10-28 02:21:52.205 31754 WARNING rally_openstack.scenarios.neutron.utils [-] Running this scenario without either the 'network' or 'existing_network' context is deprecated
2019-10-28 02:21:52.205 31778 RALLYDEBUG rally.task.runner [-] Starting a worker. times: 40 duration: None concurrency: 1 timeout: 0 cls: method_name: run args: {"network_create_args": {}, "port_create_args": {}, "ports_per_network": 5, "port_update_args": {"admin_state_up": false, "device_id": "dummy_id", "device_owner": "dummy_owner", "name": "_port_updated"}}
2019-10-28 02:21:52.206 31773 WARNING rally_openstack.scenarios.neutron.utils [-] Running this scenario without either the 'network' or 'existing_network' context is deprecated
2019-10-28 02:21:52.210 31778 INFO rally.task.runner [-] Task 58fbdd56-e129-409c-ab38-a6976574e4bd | ITER: 13 START
2019-10-28 02:21:52.212 31778 WARNING rally_openstack.scenarios.neutron.utils [-] Running this scenario without either the 'network' or 'existing_network' context is deprecated
2019-10-28 02:21:52.211 31781 RALLYDEBUG rally.task.runner [-] Starting a worker. times: 40 duration: None concurrency: 1 timeout: 0 cls: method_name: run args: {"network_create_args": {}, "port_create_args": {}, "ports_per_network": 5, "port_update_args": {"admin_state_up": false, "device_id": "dummy_id", "device_owner": "dummy_owner", "name": "_port_updated"}}
2019-10-28 02:21:52.216 31781 INFO rally.task.runner [-] Task 58fbdd56-e129-409c-ab38-a6976574e4bd | ITER: 14 START
2019-10-28 02:21:52.218 31781 WARNING rally_openstack.scenarios.neutron.utils [-] Running this scenario without either the 'network' or 'existing_network' context is deprecated
2019-10-28 02:21:52.223 31786 RALLYDEBUG rally.task.runner [-] Starting a worker. times: 40 duration: None concurrency: 1 timeout: 0 cls: method_name: run args: {"network_create_args": {}, "port_create_args": {}, "ports_per_network": 5, "port_update_args": {"admin_state_up": false, "device_id": "dummy_id", "device_owner": "dummy_owner", "name": "_port_updated"}}
2019-10-28 02:21:52.229 31786 INFO rally.task.runner [-] Task 58fbdd56-e129-409c-ab38-a6976574e4bd | ITER: 15 START
2019-10-28 02:21:52.228 31787 RALLYDEBUG rally.task.runner [-] Starting a worker. times: 40 duration: None concurrency: 1 timeout: 0 cls: method_name: run args: {"network_create_args": {}, "port_create_args": {}, "ports_per_network": 5, "port_update_args": {"admin_state_up": false, "device_id": "dummy_id", "device_owner": "dummy_owner", "name": "_port_updated"}}
2019-10-28 02:21:52.230 31786 WARNING rally_openstack.scenarios.neutron.utils [-] Running this scenario without either the 'network' or 'existing_network' context is deprecated
2019-10-28 02:21:52.233 31787 INFO rally.task.runner [-] Task 58fbdd56-e129-409c-ab38-a6976574e4bd | ITER: 16 START
2019-10-28 02:21:52.235 31787 WARNING rally_openstack.scenarios.neutron.utils [-] Running this scenario without either the 'network' or 'existing_network' context is deprecated
2019-10-28 02:21:52.235 31790 RALLYDEBUG rally.task.runner [-] Starting a worker. times: 40 duration: None concurrency: 1 timeout: 0 cls: method_name: run args: {"network_create_args": {}, "port_create_args": {}, "ports_per_network": 5, "port_update_args": {"admin_state_up": false, "device_id": "dummy_id", "device_owner": "dummy_owner", "name": "_port_updated"}}
2019-10-28 02:21:52.239 31793 RALLYDEBUG rally.task.runner [-] Starting a worker. times: 40 duration: None concurrency: 1 timeout: 0 cls: method_name: run args: {"network_create_args": {}, "port_create_args": {}, "ports_per_network": 5, "port_update_args": {"admin_state_up": false, "device_id": "dummy_id", "device_owner": "dummy_owner", "name": "_port_updated"}}
2019-10-28 02:21:52.240 31790 INFO rally.task.runner [-] Task 58fbdd56-e129-409c-ab38-a6976574e4bd | ITER: 17 START
2019-10-28 02:21:52.241 31790 WARNING rally_openstack.scenarios.neutron.utils [-] Running this scenario without either the 'network' or 'existing_network' context is deprecated
2019-10-28 02:21:52.241 31794 RALLYDEBUG rally.task.runner [-] Starting a worker. times: 40 duration: None concurrency: 1 timeout: 0 cls: method_name: run args: {"network_create_args": {}, "port_create_args": {}, "ports_per_network": 5, "port_update_args": {"admin_state_up": false, "device_id": "dummy_id", "device_owner": "dummy_owner", "name": "_port_updated"}}
2019-10-28 02:21:52.243 31793 INFO rally.task.runner [-] Task 58fbdd56-e129-409c-ab38-a6976574e4bd | ITER: 18 START
2019-10-28 02:21:52.244 31793 WARNING rally_openstack.scenarios.neutron.utils [-] Running this scenario without either the 'network' or 'existing_network' context is deprecated
2019-10-28 02:21:52.245 31794 INFO rally.task.runner [-] Task 58fbdd56-e129-409c-ab38-a6976574e4bd | ITER: 19 START
2019-10-28 02:21:52.247 31794 WARNING rally_openstack.scenarios.neutron.utils [-] Running this scenario without either the 'network' or 'existing_network' context is deprecated
2019-10-28 02:21:52.247 31799 RALLYDEBUG rally.task.runner [-] Starting a worker. times: 40 duration: None concurrency: 1 timeout: 0 cls: method_name: run args: {"network_create_args": {}, "port_create_args": {}, "ports_per_network": 5, "port_update_args": {"admin_state_up": false, "device_id": "dummy_id", "device_owner": "dummy_owner", "name": "_port_updated"}}
2019-10-28 02:21:52.251 31799 INFO rally.task.runner [-] Task 58fbdd56-e129-409c-ab38-a6976574e4bd | ITER: 20 START
2019-10-28 02:21:52.252 31799 WARNING rally_openstack.scenarios.neutron.utils [-] Running this scenario without either the 'network' or 'existing_network' context is deprecated
2019-10-28 02:21:59.711 31778 INFO rally.task.runner [-] Task 58fbdd56-e129-409c-ab38-a6976574e4bd | ITER: 13 END: OK
2019-10-28 02:21:59.715 31778 INFO rally.task.runner [-] Task 58fbdd56-e129-409c-ab38-a6976574e4bd | ITER: 21 START
2019-10-28 02:21:59.716 31778 WARNING rally_openstack.scenarios.neutron.utils [-] Running this scenario without either the 'network' or 'existing_network' context is deprecated
2019-10-28 02:22:00.184 31754 INFO rally.task.runner [-] Task 58fbdd56-e129-409c-ab38-a6976574e4bd | ITER: 6 END: OK
2019-10-28 02:22:00.188 31754 INFO rally.task.runner [-] Task 58fbdd56-e129-409c-ab38-a6976574e4bd | ITER: 22 START
2019-10-28 02:22:00.189 31754 WARNING rally_openstack.scenarios.neutron.utils [-] Running this scenario without either the 'network' or 'existing_network' context is deprecated
2019-10-28 02:22:00.363 31769 INFO rally.task.runner [-] Task 58fbdd56-e129-409c-ab38-a6976574e4bd | ITER: 11 END: OK
2019-10-28 02:22:00.367 31769 INFO rally.task.runner [-] Task 58fbdd56-e129-409c-ab38-a6976574e4bd | ITER: 23 START
2019-10-28 02:22:00.368 31769 WARNING rally_openstack.scenarios.neutron.utils [-] Running this scenario without either the 'network' or 'existing_network' context is deprecated
2019-10-28 02:22:00.533 31756 INFO rally.task.runner [-] Task 58fbdd56-e129-409c-ab38-a6976574e4bd | ITER: 8 END: OK
2019-10-28 02:22:00.536 31756 INFO rally.task.runner [-] Task 58fbdd56-e129-409c-ab38-a6976574e4bd | ITER: 24 START
2019-10-28 02:22:00.537 31756 WARNING rally_openstack.scenarios.neutron.utils [-] Running this scenario without either the 'network' or 'existing_network' context is deprecated
2019-10-28 02:22:00.907 31754 INFO rally.task.runner [-] Task 58fbdd56-e129-409c-ab38-a6976574e4bd | ITER: 5 END: OK
2019-10-28 02:22:00.910 31754 INFO rally.task.runner [-] Task 58fbdd56-e129-409c-ab38-a6976574e4bd | ITER: 25 START
2019-10-28 02:22:00.911 31754 WARNING rally_openstack.scenarios.neutron.utils [-] Running this scenario without either the 'network' or 'existing_network' context is deprecated
2019-10-28 02:22:01.029 31765 INFO rally.task.runner [-] Task 58fbdd56-e129-409c-ab38-a6976574e4bd | ITER: 10 END: OK
2019-10-28 02:22:01.033 31765 INFO rally.task.runner [-] Task 58fbdd56-e129-409c-ab38-a6976574e4bd | ITER: 26 START
2019-10-28 02:22:01.034 31765 WARNING rally_openstack.scenarios.neutron.utils [-] Running this scenario without either the 'network' or 'existing_network' context is deprecated
2019-10-28 02:22:01.107 31756 INFO rally.task.runner [-] Task 58fbdd56-e129-409c-ab38-a6976574e4bd | ITER: 7 END: OK
2019-10-28 02:22:01.110 31756 INFO rally.task.runner [-] Task 58fbdd56-e129-409c-ab38-a6976574e4bd | ITER: 27 START
2019-10-28 02:22:01.111 31756 WARNING rally_openstack.scenarios.neutron.utils [-] Running this scenario without either the 'network' or 'existing_network' context is deprecated
2019-10-28 02:22:01.189 31790 INFO rally.task.runner [-] Task 58fbdd56-e129-409c-ab38-a6976574e4bd | ITER: 17 END: OK
2019-10-28 02:22:01.193 31790 INFO rally.task.runner [-] Task 58fbdd56-e129-409c-ab38-a6976574e4bd | ITER: 28 START
2019-10-28 02:22:01.194 31790 WARNING rally_openstack.scenarios.neutron.utils [-] Running this scenario without either the 'network' or 'existing_network' context is deprecated
2019-10-28 02:22:01.349 31773 INFO rally.task.runner [-] Task 58fbdd56-e129-409c-ab38-a6976574e4bd | ITER: 12 END: OK
2019-10-28 02:22:01.349 31752 INFO rally.task.runner [-] Task 58fbdd56-e129-409c-ab38-a6976574e4bd | ITER: 2 END: OK
2019-10-28 02:22:01.353 31773 INFO rally.task.runner [-] Task 58fbdd56-e129-409c-ab38-a6976574e4bd | ITER: 29 START
2019-10-28 02:22:01.353 31752 INFO rally.task.runner [-] Task 58fbdd56-e129-409c-ab38-a6976574e4bd | ITER: 30 START
2019-10-28 02:22:01.353 31773 WARNING rally_openstack.scenarios.neutron.utils [-] Running this scenario without either the 'network' or 'existing_network' context is deprecated
2019-10-28 02:22:01.354 31752 WARNING rally_openstack.scenarios.neutron.utils [-] Running this scenario without either the 'network' or 'existing_network' context is deprecated
2019-10-28 02:22:01.580 31753 INFO rally.task.runner [-] Task 58fbdd56-e129-409c-ab38-a6976574e4bd | ITER: 4 END: OK
2019-10-28 02:22:01.585 31753 INFO rally.task.runner [-] Task 58fbdd56-e129-409c-ab38-a6976574e4bd | ITER: 31 START
2019-10-28 02:22:01.585 31753 WARNING rally_openstack.scenarios.neutron.utils [-] Running this scenario without either the 'network' or 'existing_network' context is deprecated
2019-10-28 02:22:02.009 31753 INFO rally.task.runner [-] Task 58fbdd56-e129-409c-ab38-a6976574e4bd | ITER: 3 END: OK
2019-10-28 02:22:02.013 31753 INFO rally.task.runner [-] Task 58fbdd56-e129-409c-ab38-a6976574e4bd | ITER: 32 START
2019-10-28 02:22:02.013 31753 WARNING rally_openstack.scenarios.neutron.utils [-] Running this scenario without either the 'network' or 'existing_network' context is deprecated
2019-10-28 02:22:02.142 31794 INFO rally.task.runner [-] Task 58fbdd56-e129-409c-ab38-a6976574e4bd | ITER: 19 END: OK
2019-10-28 02:22:02.146 31794 INFO rally.task.runner [-] Task 58fbdd56-e129-409c-ab38-a6976574e4bd | ITER: 33 START
2019-10-28 02:22:02.147 31794 WARNING rally_openstack.scenarios.neutron.utils [-] Running this scenario without either the 'network' or 'existing_network' context is deprecated
2019-10-28 02:22:02.157 31786 INFO rally.task.runner [-] Task 58fbdd56-e129-409c-ab38-a6976574e4bd | ITER: 15 END: OK
2019-10-28 02:22:02.161 31786 INFO rally.task.runner [-] Task 58fbdd56-e129-409c-ab38-a6976574e4bd | ITER: 34 START
2019-10-28 02:22:02.162 31786 WARNING rally_openstack.scenarios.neutron.utils [-] Running this scenario without either the 'network' or 'existing_network' context is deprecated
2019-10-28 02:22:02.614 31787 INFO rally.task.runner [-] Task 58fbdd56-e129-409c-ab38-a6976574e4bd | ITER: 16 END: OK
2019-10-28 02:22:02.617 31787 INFO rally.task.runner [-] Task 58fbdd56-e129-409c-ab38-a6976574e4bd | ITER: 35 START
2019-10-28 02:22:02.618 31787 WARNING rally_openstack.scenarios.neutron.utils [-] Running this scenario without either the 'network' or 'existing_network' context is deprecated
2019-10-28 02:22:02.667 31799 INFO rally.task.runner [-] Task 58fbdd56-e129-409c-ab38-a6976574e4bd | ITER: 20 END: OK
2019-10-28 02:22:02.670 31799 INFO rally.task.runner [-] Task 58fbdd56-e129-409c-ab38-a6976574e4bd | ITER: 36 START
2019-10-28 02:22:02.671 31799 WARNING rally_openstack.scenarios.neutron.utils [-] Running this scenario without either the 'network' or 'existing_network' context is deprecated
2019-10-28 02:22:03.238 31752 INFO rally.task.runner [-] Task 58fbdd56-e129-409c-ab38-a6976574e4bd | ITER: 1 END: OK
2019-10-28 02:22:03.241 31752 INFO rally.task.runner [-] Task 58fbdd56-e129-409c-ab38-a6976574e4bd | ITER: 37 START
2019-10-28 02:22:03.242 31752 WARNING rally_openstack.scenarios.neutron.utils [-] Running this scenario without either the 'network' or 'existing_network' context is deprecated
2019-10-28 02:22:03.256 31781 INFO rally.task.runner [-] Task 58fbdd56-e129-409c-ab38-a6976574e4bd | ITER: 14 END: OK
2019-10-28 02:22:03.260 31781 INFO rally.task.runner [-] Task 58fbdd56-e129-409c-ab38-a6976574e4bd | ITER: 38 START
2019-10-28 02:22:03.261 31781 WARNING rally_openstack.scenarios.neutron.utils [-] Running this scenario without either the 'network' or 'existing_network' context is deprecated
2019-10-28 02:22:04.007 31793 INFO rally.task.runner [-] Task 58fbdd56-e129-409c-ab38-a6976574e4bd | ITER: 18 END: OK
2019-10-28 02:22:04.011 31793 INFO rally.task.runner [-] Task 58fbdd56-e129-409c-ab38-a6976574e4bd | ITER: 39 START
2019-10-28 02:22:04.012 31793 WARNING rally_openstack.scenarios.neutron.utils [-] Running this scenario without either the 'network' or 'existing_network' context is deprecated
2019-10-28 02:22:04.750 31761 INFO rally.task.runner [-] Task 58fbdd56-e129-409c-ab38-a6976574e4bd | ITER: 9 END: OK
2019-10-28 02:22:04.753 31761 INFO rally.task.runner [-] Task 58fbdd56-e129-409c-ab38-a6976574e4bd | ITER: 40 START
2019-10-28 02:22:04.754 31761 WARNING rally_openstack.scenarios.neutron.utils [-] Running this scenario without either the 'network' or 'existing_network' context is deprecated
2019-10-28 02:22:08.024 31754 INFO rally.task.runner [-] Task 58fbdd56-e129-409c-ab38-a6976574e4bd | ITER: 22 END: OK
2019-10-28 02:22:08.980 31769 INFO rally.task.runner [-] Task 58fbdd56-e129-409c-ab38-a6976574e4bd | ITER: 23 END: OK
2019-10-28 02:22:08.984 31752 INFO rally.task.runner [-] Task 58fbdd56-e129-409c-ab38-a6976574e4bd | ITER: 37 END: OK
2019-10-28 02:22:09.315 31778 INFO rally.task.runner [-] Task 58fbdd56-e129-409c-ab38-a6976574e4bd | ITER: 21 END: OK
2019-10-28 02:22:09.868 31756 INFO rally.task.runner [-] Task 58fbdd56-e129-409c-ab38-a6976574e4bd | ITER: 27 END: OK
2019-10-28 02:22:09.943 31756 INFO rally.task.runner [-] Task 58fbdd56-e129-409c-ab38-a6976574e4bd | ITER: 24 END: OK
2019-10-28 02:22:09.970 31754 INFO rally.task.runner [-] Task 58fbdd56-e129-409c-ab38-a6976574e4bd | ITER: 25 END: OK
2019-10-28 02:22:10.208 31773 INFO rally.task.runner [-] Task 58fbdd56-e129-409c-ab38-a6976574e4bd | ITER: 29 END: OK
2019-10-28 02:22:10.383 31787 INFO rally.task.runner [-] Task 58fbdd56-e129-409c-ab38-a6976574e4bd | ITER: 35 END: OK
2019-10-28 02:22:10.652 31786 INFO rally.task.runner [-] Task 58fbdd56-e129-409c-ab38-a6976574e4bd | ITER: 34 END: OK
2019-10-28 02:22:10.665 31794 INFO rally.task.runner [-] Task 58fbdd56-e129-409c-ab38-a6976574e4bd | ITER: 33 END: OK
2019-10-28 02:22:10.809 31781 INFO rally.task.runner [-] Task 58fbdd56-e129-409c-ab38-a6976574e4bd | ITER: 38 END: OK
2019-10-28 02:22:10.822 31761 INFO rally.task.runner [-] Task 58fbdd56-e129-409c-ab38-a6976574e4bd | ITER: 40 END: OK
2019-10-28 02:22:10.961 31753 INFO rally.task.runner [-] Task 58fbdd56-e129-409c-ab38-a6976574e4bd | ITER: 31 END: OK
2019-10-28 02:22:11.072 31790 INFO rally.task.runner [-] Task 58fbdd56-e129-409c-ab38-a6976574e4bd | ITER: 28 END: OK
2019-10-28 02:22:11.231 31753 INFO rally.task.runner [-] Task 58fbdd56-e129-409c-ab38-a6976574e4bd | ITER: 32 END: OK
2019-10-28 02:22:11.298 31793 INFO rally.task.runner [-] Task 58fbdd56-e129-409c-ab38-a6976574e4bd | ITER: 39 END: OK
2019-10-28 02:22:11.408 31765 INFO rally.task.runner [-] Task 58fbdd56-e129-409c-ab38-a6976574e4bd | ITER: 26 END: OK
2019-10-28 02:22:11.471 31799 INFO rally.task.runner [-] Task 58fbdd56-e129-409c-ab38-a6976574e4bd | ITER: 36 END: OK
2019-10-28 02:22:11.478 31752 INFO rally.task.runner [-] Task 58fbdd56-e129-409c-ab38-a6976574e4bd | ITER: 30 END: OK
2019-10-28 02:22:11.505 27676 INFO rally.task.context [-] Task 58fbdd56-e129-409c-ab38-a6976574e4bd | Context cleanup@openstack cleanup() started
2019-10-28 02:22:11.509 27676 RALLYDEBUG rally_openstack.cleanup.manager [-] Cleaning up neutron vip objects
2019-10-28 02:22:11.874 27676 RALLYDEBUG rally_openstack.cleanup.manager [-] Cleaning up neutron health_monitor objects
2019-10-28 02:22:12.236 27676 RALLYDEBUG rally_openstack.cleanup.manager [-] Cleaning up neutron pool objects
2019-10-28 02:22:12.606 27676 RALLYDEBUG rally_openstack.cleanup.manager [-] Cleaning up neutron loadbalancer objects
2019-10-28 02:22:12.978 27676 RALLYDEBUG rally_openstack.cleanup.manager [-] Cleaning up neutron floatingip objects
2019-10-28 02:22:13.372 27676 RALLYDEBUG rally_openstack.cleanup.manager [-] Cleaning up neutron trunk objects
2019-10-28 02:22:13.756 27676 RALLYDEBUG rally_openstack.cleanup.manager [-] Cleaning up neutron port objects
2019-10-28 02:22:15.122 27676 RALLYDEBUG rally_openstack.cleanup.manager [-] Deleting neutron.port object s_rally_2dbd9ddc_ROPtPMqr (03b764c5-ae9d-4aaf-9f78-a38c56e676c7)
2019-10-28 02:22:15.129 27676 RALLYDEBUG rally_openstack.cleanup.manager [-] Deleting neutron.port object s_rally_2dbd9ddc_Ls72NWMI (0316bd64-954e-44f9-b967-842de53b72a8)
2019-10-28 02:22:15.137 27676 RALLYDEBUG rally_openstack.cleanup.manager [-] Deleting neutron.port object s_rally_2dbd9ddc_BYQlGsNg (056ba0fc-596c-4013-ac0c-39f7e57d8298)
2019-10-28 02:22:15.146 27676 RALLYDEBUG rally_openstack.cleanup.manager [-] Deleting neutron.port object s_rally_2dbd9ddc_iknl8mVV (05ab9efa-e918-4c15-9528-319598f70f43)
2019-10-28 02:22:15.151 27676 RALLYDEBUG rally_openstack.cleanup.manager [-] Deleting neutron.port object s_rally_2dbd9ddc_PCsSB34p (05bf84d4-ca66-4b35-9b1a-49315026999b)
2019-10-28 02:22:15.162 27676 RALLYDEBUG rally_openstack.cleanup.manager [-] Deleting neutron.port object s_rally_2dbd9ddc_masjNxDa (0711bb09-911c-44ae-8997-8fcd0821d083)
2019-10-28 02:22:15.167 27676 RALLYDEBUG rally_openstack.cleanup.manager [-] Deleting neutron.port object s_rally_2dbd9ddc_aMTY1JpB (0817d95e-e10f-459b-9573-fdf70b0d2d6b)
2019-10-28 02:22:15.172 27676 RALLYDEBUG rally_openstack.cleanup.manager [-] Deleting neutron.port object s_rally_2dbd9ddc_NqSieoAA (0da96990-d8ae-4fcd-b07d-a6f2f15426e7)
2019-10-28 02:22:15.176 27676 RALLYDEBUG rally_openstack.cleanup.manager [-] Deleting neutron.port object s_rally_2dbd9ddc_AN5JAKoq (0f4feed2-bb26-4bcc-9a30-c4a72fa71d33)
2019-10-28 02:22:15.190 27676 RALLYDEBUG rally_openstack.cleanup.manager [-] Deleting neutron.port object s_rally_2dbd9ddc_hNQ1AGfu (14d09c39-cedc-409c-a1a1-b2e53edea774)
2019-10-28 02:22:15.195 27676 RALLYDEBUG rally_openstack.cleanup.manager [-] Deleting neutron.port object s_rally_2dbd9ddc_1MMn1cmu (1742196b-d1c1-40cd-a45f-6f85b5d509d7)
2019-10-28 02:22:15.214 27676 RALLYDEBUG rally_openstack.cleanup.manager [-] Deleting neutron.port object s_rally_2dbd9ddc_5vRfQdWu (1a3fab6e-7507-4646-97fe-573909e71570)
2019-10-28 02:22:15.218 27676 RALLYDEBUG rally_openstack.cleanup.manager [-] Deleting neutron.port object s_rally_2dbd9ddc_nA7eKZIw (1ad5601c-9250-4d49-9432-df6c1816089e)
2019-10-28 02:22:15.245 27676 RALLYDEBUG rally_openstack.cleanup.manager [-] Deleting neutron.port object s_rally_2dbd9ddc_a6nk6mcx (1b8a5860-51c3-4de8-b872-992dc7b0dbc7)
2019-10-28 02:22:15.250 27676 RALLYDEBUG rally_openstack.cleanup.manager [-] Deleting neutron.port object s_rally_2dbd9ddc_1W1nn9W1 (1bd93a32-360e-444b-b1ed-9b146250ef73)
2019-10-28 02:22:15.276 27676 RALLYDEBUG rally_openstack.cleanup.manager [-] Deleting neutron.port object s_rally_2dbd9ddc_Q5NR6gKV (1e369a4a-4bd5-4d4b-99a0-15135cfad0d4)
2019-10-28 02:22:15.287 27676 RALLYDEBUG rally_openstack.cleanup.manager [-] Deleting neutron.port object s_rally_2dbd9ddc_JFUdvNZ1 (1e7f96cb-bedc-4d41-8153-9e0435b2025c)
2019-10-28 02:22:15.292 27676 RALLYDEBUG rally_openstack.cleanup.manager [-] Deleting neutron.port object s_rally_2dbd9ddc_3V8EvezA (1edb2f26-feef-4728-a716-79e3865b2b93)
2019-10-28 02:22:15.296 27676 RALLYDEBUG rally_openstack.cleanup.manager [-] Deleting neutron.port object s_rally_2dbd9ddc_wNVq7ppb (1ff5a472-f06e-44cd-8dfb-1d21745a5385)
2019-10-28 02:22:15.333 27676 RALLYDEBUG rally_openstack.cleanup.manager [-] Deleting neutron.port object s_rally_2dbd9ddc_DX73NtWp (210f75fa-a31a-412f-982b-576656a1749a)
2019-10-28 02:22:17.235 27676 RALLYDEBUG rally_openstack.cleanup.manager [-] Deleting neutron.port object s_rally_2dbd9ddc_KYD22JSX (2367f189-0b48-4863-b840-70855b29ca9f)
2019-10-28 02:22:17.244 27676 RALLYDEBUG rally_openstack.cleanup.manager [-] Deleting neutron.port object s_rally_2dbd9ddc_ItpOKt4g (23717063-5f1c-40c3-96e5-9326ab85a120)
2019-10-28 02:22:17.313 27676 RALLYDEBUG rally_openstack.cleanup.manager [-] Deleting neutron.port object s_rally_2dbd9ddc_1JfFssHE (23761e92-9c2f-44b9-bae2-a105506f23ad)
2019-10-28 02:22:17.317 27676 RALLYDEBUG rally_openstack.cleanup.manager [-] Deleting neutron.port object s_rally_2dbd9ddc_YyDxhLju (23d0c03e-8682-4960-b074-b9e5e41071d6)
2019-10-28 02:22:17.338 27676 RALLYDEBUG rally_openstack.cleanup.manager [-] Deleting neutron.port object s_rally_2dbd9ddc_sTdcJEtA (24764932-cf0f-4fb4-aa63-f1d184c945a2)
2019-10-28 02:22:17.406 27676 RALLYDEBUG rally_openstack.cleanup.manager [-] Deleting neutron.port object s_rally_2dbd9ddc_Rnoqw5Xk (24bd125d-477d-41aa-bb0f-b6c9089fa5d1)
2019-10-28 02:22:17.414 27676 RALLYDEBUG rally_openstack.cleanup.manager [-] Deleting neutron.port object s_rally_2dbd9ddc_8EibNq0s (25280e4f-f2f5-4d9e-a5e0-09e5b19e7afa)
2019-10-28 02:22:17.626 27676 RALLYDEBUG rally_openstack.cleanup.manager [-] Deleting neutron.port object s_rally_2dbd9ddc_b5lyobUO (26208f4e-0750-4964-b259-909d29afb3f3)
2019-10-28 02:22:17.643 27676 RALLYDEBUG rally_openstack.cleanup.manager [-] Deleting neutron.port object s_rally_2dbd9ddc_AKInUXSz (26aa683b-6f35-42b6-9c2a-50d53ed131ff)
2019-10-28 02:22:17.684 27676 RALLYDEBUG rally_openstack.cleanup.manager [-] Deleting neutron.port object s_rally_2dbd9ddc_3RSeyqPS (277e0ac7-b620-4ffe-9d1d-036704633694)
2019-10-28 02:22:17.687 27676 RALLYDEBUG rally_openstack.cleanup.manager [-] Deleting neutron.port object s_rally_2dbd9ddc_GzSvRQn4 (29aa53dc-28d7-4ced-9b38-b22de3a672b8)
2019-10-28 02:22:17.691 27676 RALLYDEBUG rally_openstack.cleanup.manager [-] Deleting neutron.port object s_rally_2dbd9ddc_A9giKTNx (29fb216a-20f3-4c24-a749-9a332ed287f7)
2019-10-28 02:22:17.698 27676 RALLYDEBUG rally_openstack.cleanup.manager [-] Deleting neutron.port object s_rally_2dbd9ddc_uPSYC3Pt (2ae66e27-1af4-46fa-9122-687848957c67)
2019-10-28 02:22:17.702 27676 RALLYDEBUG rally_openstack.cleanup.manager [-] Deleting neutron.port object s_rally_2dbd9ddc_VxXc9CdV (2b715207-8e04-4226-b183-48805ad3c1ab)
2019-10-28 02:22:17.833 27676 RALLYDEBUG rally_openstack.cleanup.manager [-] Deleting neutron.port object s_rally_2dbd9ddc_j1OXi4Fy (2ba84777-92fa-4789-8d7a-630346011c34)
2019-10-28 02:22:17.883 27676 RALLYDEBUG rally_openstack.cleanup.manager [-] Deleting neutron.port object s_rally_2dbd9ddc_UkmvfGuj (2ef654ac-96be-4f9d-bbe9-0b14cfb3f468)
2019-10-28 02:22:17.906 27676 RALLYDEBUG rally_openstack.cleanup.manager [-] Deleting neutron.port object s_rally_2dbd9ddc_gCoz83NM (2f2b7026-7c58-44eb-9579-3608cad237ae)
2019-10-28 02:22:17.915 27676 RALLYDEBUG rally_openstack.cleanup.manager [-] Deleting neutron.port object s_rally_2dbd9ddc_rOTzJ2ZO (30cbf52f-f137-43d5-bdf9-edb76b8862c0)
2019-10-28 02:22:17.963 27676 RALLYDEBUG rally_openstack.cleanup.manager [-] Deleting neutron.port object s_rally_2dbd9ddc_CIayKnw8 (31859227-964c-448e-85eb-c36e94242a74)
2019-10-28 02:22:18.153 27676 RALLYDEBUG rally_openstack.cleanup.manager [-] Deleting neutron.port object s_rally_2dbd9ddc_CkO99GlB (33acaf52-d266-43a6-a061-c8e758dae0a4)
2019-10-28 02:22:18.965 27676 RALLYDEBUG rally_openstack.cleanup.manager [-] Deleting neutron.port object s_rally_2dbd9ddc_2fChyn60 (346cbd9b-9b81-4372-bf80-f4507a6efd23)
2019-10-28 02:22:19.077 27676 RALLYDEBUG rally_openstack.cleanup.manager [-] Deleting neutron.port object s_rally_2dbd9ddc_ariqpm5I (34ed7a1d-c4bc-445a-9765-c1e70508c643)
2019-10-28 02:22:19.091 27676 RALLYDEBUG rally_openstack.cleanup.manager [-] Deleting neutron.port object s_rally_2dbd9ddc_GfvtPQAt (35e44438-06de-4e42-a335-15a4f44fc5b1)
2019-10-28 02:22:19.270 27676 RALLYDEBUG rally_openstack.cleanup.manager [-] Deleting neutron.port object s_rally_2dbd9ddc_qa1ukBh5 (38dfb5dc-4cd1-486f-8833-fb9964c4069a)
2019-10-28 02:22:19.291 27676 RALLYDEBUG rally_openstack.cleanup.manager [-] Deleting neutron.port object s_rally_2dbd9ddc_JAlmdCO9 (391000d6-da3b-4a36-b99c-473ab942b069)
2019-10-28 02:22:19.405 27676 RALLYDEBUG rally_openstack.cleanup.manager [-] Deleting neutron.port object s_rally_2dbd9ddc_DuUDmard (39309fd0-d3bf-4b4e-a393-611b6551bec7)
2019-10-28 02:22:19.596 27676 RALLYDEBUG rally_openstack.cleanup.manager [-] Deleting neutron.port object s_rally_2dbd9ddc_uXf1RdJH (3944642e-2275-4374-b12a-a3903d49d5a5)
2019-10-28 02:22:19.682 27676 RALLYDEBUG rally_openstack.cleanup.manager [-] Deleting neutron.port object s_rally_2dbd9ddc_PTIE5Q7w (3b402d3e-b0e5-4d37-8df9-039fc349b574)
2019-10-28 02:22:19.729 27676 RALLYDEBUG rally_openstack.cleanup.manager [-] Deleting neutron.port object s_rally_2dbd9ddc_koMAqX0m (3be1a974-6632-4e7d-a1c7-38176c235f6b)
2019-10-28 02:22:19.745 27676 RALLYDEBUG rally_openstack.cleanup.manager [-] Deleting neutron.port object s_rally_2dbd9ddc_zhvjCXGL (3bf2ebc9-8672-42f0-88e2-51105ff1c964)
2019-10-28 02:22:19.764 27676 RALLYDEBUG rally_openstack.cleanup.manager [-] Deleting neutron.port object s_rally_2dbd9ddc_YZfKj7Zx (3d0044b6-2f10-42ff-809c-7212236409a8)
2019-10-28 02:22:19.849 27676 RALLYDEBUG rally_openstack.cleanup.manager [-] Deleting neutron.port object s_rally_2dbd9ddc_IRd0In3x (3d0ea52b-d6ab-4b14-a3af-0c1b10ebf9a0)
2019-10-28 02:22:19.868 27676 RALLYDEBUG rally_openstack.cleanup.manager [-] Deleting neutron.port object s_rally_2dbd9ddc_7wq9uNCk (3d64229b-5f79-40bf-b812-c6aca3216151)
2019-10-28 02:22:19.916 27676 RALLYDEBUG rally_openstack.cleanup.manager [-] Deleting neutron.port object s_rally_2dbd9ddc_nJ39Dftk (3ddc1060-77c1-4c4a-95ed-fa79bd18700a)
2019-10-28 02:22:19.920 27676 RALLYDEBUG rally_openstack.cleanup.manager [-] Deleting neutron.port object s_rally_2dbd9ddc_4UPIJElc (3fe6e527-a796-45f6-9952-e028d3662977)
2019-10-28 02:22:20.009 27676 RALLYDEBUG rally_openstack.cleanup.manager [-] Deleting neutron.port object s_rally_2dbd9ddc_jZ93FGGL (41a9f3d5-6e79-421f-bcd2-97bdf5f6eed9)
2019-10-28 02:22:20.017 27676 RALLYDEBUG rally_openstack.cleanup.manager [-] Deleting neutron.port object s_rally_2dbd9ddc_qeeFu5bN (41e22bcd-0318-437f-a3b2-64f4bb2b5043)
2019-10-28 02:22:20.075 27676 RALLYDEBUG rally_openstack.cleanup.manager [-] Deleting neutron.port object s_rally_2dbd9ddc_aN7YPyQj (429cd651-4af6-43a0-a68a-737275829311)
2019-10-28 02:22:20.085 27676 RALLYDEBUG rally_openstack.cleanup.manager [-] Deleting neutron.port object s_rally_2dbd9ddc_ZB2FqT7X (44775d93-bd29-44f4-bee7-8fd1d0d4aa66)
2019-10-28 02:22:20.126 27676 RALLYDEBUG rally_openstack.cleanup.manager [-] Deleting neutron.port object s_rally_2dbd9ddc_04jkxTWD (4487ac4d-1c39-4352-bef7-fab21d639e91)
2019-10-28 02:22:20.690 27676 RALLYDEBUG rally_openstack.cleanup.manager [-] Deleting neutron.port object s_rally_2dbd9ddc_jaKIBF4Z (45fe72a6-62a4-4cec-9f28-6b3fe5829e25)
2019-10-28 02:22:20.802 27676 RALLYDEBUG rally_openstack.cleanup.manager [-] Deleting neutron.port object s_rally_2dbd9ddc_zTnM69h4 (48e33107-c07a-4ff2-a176-bae6b23a85e8)
