2019-10-28 02:09:37.343 27667 RALLYDEBUG rally.api [-] INFO logs from urllib3 and requests module are hide.
2019-10-28 02:09:37.344 27667 RALLYDEBUG rally.api [-] urllib3 insecure warnings are hidden.
2019-10-28 02:09:37.344 27667 RALLYDEBUG rally.api [-] ERROR log from boto module is hide.
2019-10-28 02:09:40.697 27669 RALLYDEBUG rally.api [-] INFO logs from urllib3 and requests module are hide.
2019-10-28 02:09:40.697 27669 RALLYDEBUG rally.api [-] urllib3 insecure warnings are hidden.
2019-10-28 02:09:40.697 27669 RALLYDEBUG rally.api [-] ERROR log from boto module is hide.
2019-10-28 02:09:44.047 27671 RALLYDEBUG rally.api [-] INFO logs from urllib3 and requests module are hide.
2019-10-28 02:09:44.047 27671 RALLYDEBUG rally.api [-] urllib3 insecure warnings are hidden.
2019-10-28 02:09:44.047 27671 RALLYDEBUG rally.api [-] ERROR log from boto module is hide.
2019-10-28 02:09:48.594 27674 RALLYDEBUG rally.api [-] INFO logs from urllib3 and requests module are hide.
2019-10-28 02:09:48.594 27674 RALLYDEBUG rally.api [-] urllib3 insecure warnings are hidden.
2019-10-28 02:09:48.594 27674 RALLYDEBUG rally.api [-] ERROR log from boto module is hide.
2019-10-28 02:09:50.307 27676 RALLYDEBUG rally.api [-] INFO logs from urllib3 and requests module are hide.
2019-10-28 02:09:50.308 27676 RALLYDEBUG rally.api [-] urllib3 insecure warnings are hidden.
2019-10-28 02:09:50.308 27676 RALLYDEBUG rally.api [-] ERROR log from boto module is hide.
2019-10-28 02:09:51.910 27676 INFO rally.common.plugin.discover [-] Loading plugins from directories /root/.rally/plugins/*
2019-10-28 02:09:51.911 27676 INFO rally.common.plugin.discover [-] Loaded module with plugins: /root/.rally/plugins/__init__.py
2019-10-28 02:09:52.258 27676 INFO rally.task.engine [-] Task 58fbdd56-e129-409c-ab38-a6976574e4bd | Starting: Task validation.
2019-10-28 02:09:52.315 27676 INFO rally.task.engine [-] Task 58fbdd56-e129-409c-ab38-a6976574e4bd | Starting: Task validation of syntax.
2019-10-28 02:09:52.642 27676 INFO rally.task.engine [-] Task 58fbdd56-e129-409c-ab38-a6976574e4bd | Completed: Task validation of syntax.
2019-10-28 02:09:52.643 27676 INFO rally.task.engine [-] Task 58fbdd56-e129-409c-ab38-a6976574e4bd | Starting: Task validation of required platforms.
2019-10-28 02:09:52.770 27676 INFO rally.task.engine [-] Task 58fbdd56-e129-409c-ab38-a6976574e4bd | Completed: Task validation of required platforms.
2019-10-28 02:09:52.770 27676 INFO rally.task.engine [-] Task 58fbdd56-e129-409c-ab38-a6976574e4bd | Starting: Task validation of semantic.
2019-10-28 02:09:52.770 27676 INFO rally.task.engine [-] Check health of the environment '046a5b9a-cf45-4a5b-b3cd-b7a8658cea3e'.
2019-10-28 02:09:53.739 27676 INFO rally.task.engine [-] Platform existing@openstack (available: True): OK!
2019-10-28 02:09:53.759 27676 RALLYDEBUG rally_openstack.contexts.keystone.users [-] Creating 1 tenants using 20 threads
2019-10-28 02:09:54.578 27676 RALLYDEBUG rally_openstack.contexts.keystone.users [-] Creating 1 users using 20 threads
2019-10-28 02:09:55.877 27676 INFO rally.task.context [-] Task 58fbdd56-e129-409c-ab38-a6976574e4bd | Context users@openstack setup() finished in 2.12 sec
2019-10-28 02:10:05.718 27676 INFO rally.task.context [-] Task 58fbdd56-e129-409c-ab38-a6976574e4bd | Context users@openstack cleanup() started
2019-10-28 02:10:08.320 27676 INFO rally.task.context [-] Task 58fbdd56-e129-409c-ab38-a6976574e4bd | Context users@openstack cleanup() finished in 2.60 sec
2019-10-28 02:10:08.321 27676 INFO rally.task.engine [-] Task 58fbdd56-e129-409c-ab38-a6976574e4bd | Completed: Task validation of semantic.
2019-10-28 02:10:08.321 27676 INFO rally.task.engine [-] Task 58fbdd56-e129-409c-ab38-a6976574e4bd | Completed: Task validation.
2019-10-28 02:10:08.321 27676 INFO rally.api [-] Task 58fbdd56-e129-409c-ab38-a6976574e4bd input file is valid.
2019-10-28 02:10:08.322 27676 INFO rally.api [-] Run Task 58fbdd56-e129-409c-ab38-a6976574e4bd against Deployment 046a5b9a-cf45-4a5b-b3cd-b7a8658cea3e
2019-10-28 02:10:08.322 27676 INFO rally.task.engine [-] Task 58fbdd56-e129-409c-ab38-a6976574e4bd | Starting: Running task.
2019-10-28 02:10:08.513 27676 INFO rally.task.engine [-] Running workload: position = 0 config = { "version": 2, "title": "A cropped version of a bigger task.", "description": "Auto-generated task from a single workload (uuid=f1454606-8c9b-4a39-bc80-8a645db89880)", "subtasks": [ { "title": "NeutronNetworks.create_and_list_networks", "description": "Check performance of list_networks action and ensure > network quotas are not exceeded", "scenario": { "NeutronNetworks.create_and_list_networks": {} }, "contexts": { "users": { "tenants": 1, "users_per_tenant": 1 }, "quotas": { "neutron": { "network": 119 } } }, "runner": { "constant": { "times": 100, "concurrency": 20 } }, "hooks": [], "sla": { "max_avg_duration_per_atomic": { "neutron.list_networks": 15 }, "failure_rate": { "max": 0 } } } ] }
2019-10-28 02:10:08.536 27676 RALLYDEBUG rally_openstack.contexts.keystone.users [-] Creating 1 tenants using 20 threads
2019-10-28 02:10:09.438 27676 RALLYDEBUG rally_openstack.contexts.keystone.users [-] Creating 1 users using 20 threads
2019-10-28 02:10:10.740 27676 INFO rally.task.context [-] Task 58fbdd56-e129-409c-ab38-a6976574e4bd | Context users@openstack setup() finished in 2.20 sec
2019-10-28 02:10:11.271 27676 INFO rally.task.context [-] Task 58fbdd56-e129-409c-ab38-a6976574e4bd | Context quotas@openstack setup() finished in 0.53 sec
2019-10-28 02:10:11.272 27676 INFO rally.task.context [-] Task 58fbdd56-e129-409c-ab38-a6976574e4bd | Context cleanup@openstack setup() finished in 0.01 msec
2019-10-28 02:10:11.281 27676 RALLYDEBUG rally.task.runner [-] Starting the constant runner (task UUID: 58fbdd56-e129-409c-ab38-a6976574e4bd). times: 100 concurrency: 20 timeout: 0 max_cpu_used: 16 processes_to_start: 16 concurrency_per_worker: 1 concurrency_overhead: 4
2019-10-28 02:10:11.294 27800 RALLYDEBUG rally.task.runner [-] Starting a worker. times: 100 duration: None concurrency: 2 timeout: 0 cls: method_name: run args: {}
2019-10-28 02:10:11.298 27801 RALLYDEBUG rally.task.runner [-] Starting a worker. times: 100 duration: None concurrency: 2 timeout: 0 cls: method_name: run args: {}
2019-10-28 02:10:11.302 27800 INFO rally.task.runner [-] Task 58fbdd56-e129-409c-ab38-a6976574e4bd | ITER: 1 START
2019-10-28 02:10:11.301 27802 RALLYDEBUG rally.task.runner [-] Starting a worker. times: 100 duration: None concurrency: 2 timeout: 0 cls: method_name: run args: {}
2019-10-28 02:10:11.304 27801 INFO rally.task.runner [-] Task 58fbdd56-e129-409c-ab38-a6976574e4bd | ITER: 2 START
2019-10-28 02:10:11.305 27805 RALLYDEBUG rally.task.runner [-] Starting a worker. times: 100 duration: None concurrency: 2 timeout: 0 cls: method_name: run args: {}
2019-10-28 02:10:11.308 27802 INFO rally.task.runner [-] Task 58fbdd56-e129-409c-ab38-a6976574e4bd | ITER: 5 START
2019-10-28 02:10:11.308 27810 RALLYDEBUG rally.task.runner [-] Starting a worker. times: 100 duration: None concurrency: 1 timeout: 0 cls: method_name: run args: {}
2019-10-28 02:10:11.312 27805 INFO rally.task.runner [-] Task 58fbdd56-e129-409c-ab38-a6976574e4bd | ITER: 8 START
2019-10-28 02:10:11.312 27814 RALLYDEBUG rally.task.runner [-] Starting a worker. times: 100 duration: None concurrency: 1 timeout: 0 cls: method_name: run args: {}
2019-10-28 02:10:11.310 27801 INFO rally.task.runner [-] Task 58fbdd56-e129-409c-ab38-a6976574e4bd | ITER: 4 START
2019-10-28 02:10:11.313 27810 INFO rally.task.runner [-] Task 58fbdd56-e129-409c-ab38-a6976574e4bd | ITER: 9 START
2019-10-28 02:10:11.317 27814 INFO rally.task.runner [-] Task 58fbdd56-e129-409c-ab38-a6976574e4bd | ITER: 10 START
2019-10-28 02:10:11.303 27800 INFO rally.task.runner [-] Task 58fbdd56-e129-409c-ab38-a6976574e4bd | ITER: 3 START
2019-10-28 02:10:11.317 27818 RALLYDEBUG rally.task.runner [-] Starting a worker. times: 100 duration: None concurrency: 1 timeout: 0 cls: method_name: run args: {}
2019-10-28 02:10:11.313 27805 INFO rally.task.runner [-] Task 58fbdd56-e129-409c-ab38-a6976574e4bd | ITER: 7 START
2019-10-28 02:10:11.321 27823 RALLYDEBUG rally.task.runner [-] Starting a worker. times: 100 duration: None concurrency: 1 timeout: 0 cls: method_name: run args: {}
2019-10-28 02:10:11.322 27818 INFO rally.task.runner [-] Task 58fbdd56-e129-409c-ab38-a6976574e4bd | ITER: 11 START
2019-10-28 02:10:11.308 27802 INFO rally.task.runner [-] Task 58fbdd56-e129-409c-ab38-a6976574e4bd | ITER: 6 START
2019-10-28 02:10:11.326 27823 INFO rally.task.runner [-] Task 58fbdd56-e129-409c-ab38-a6976574e4bd | ITER: 12 START
2019-10-28 02:10:11.329 27826 RALLYDEBUG rally.task.runner [-] Starting a worker. times: 100 duration: None concurrency: 1 timeout: 0 cls: method_name: run args: {}
2019-10-28 02:10:11.335 27826 INFO rally.task.runner [-] Task 58fbdd56-e129-409c-ab38-a6976574e4bd | ITER: 13 START
2019-10-28 02:10:11.335 27829 RALLYDEBUG rally.task.runner [-] Starting a worker. times: 100 duration: None concurrency: 1 timeout: 0 cls: method_name: run args: {}
2019-10-28 02:10:11.339 27829 INFO rally.task.runner [-] Task 58fbdd56-e129-409c-ab38-a6976574e4bd | ITER: 14 START
2019-10-28 02:10:11.346 27834 RALLYDEBUG rally.task.runner [-] Starting a worker. times: 100 duration: None concurrency: 1 timeout: 0 cls: method_name: run args: {}
2019-10-28 02:10:11.351 27834 INFO rally.task.runner [-] Task 58fbdd56-e129-409c-ab38-a6976574e4bd | ITER: 15 START
2019-10-28 02:10:11.352 27835 RALLYDEBUG rally.task.runner [-] Starting a worker. times: 100 duration: None concurrency: 1 timeout: 0 cls: method_name: run args: {}
2019-10-28 02:10:11.356 27835 INFO rally.task.runner [-] Task 58fbdd56-e129-409c-ab38-a6976574e4bd | ITER: 16 START
2019-10-28 02:10:11.358 27838 RALLYDEBUG rally.task.runner [-] Starting a worker. times: 100 duration: None concurrency: 1 timeout: 0 cls: method_name: run args: {}
2019-10-28 02:10:11.360 27841 RALLYDEBUG rally.task.runner [-] Starting a worker. times: 100 duration: None concurrency: 1 timeout: 0 cls: method_name: run args: {}
2019-10-28 02:10:11.363 27838 INFO rally.task.runner [-] Task 58fbdd56-e129-409c-ab38-a6976574e4bd | ITER: 17 START
2019-10-28 02:10:11.363 27842 RALLYDEBUG rally.task.runner [-] Starting a worker. times: 100 duration: None concurrency: 1 timeout: 0 cls: method_name: run args: {}
2019-10-28 02:10:11.364 27841 INFO rally.task.runner [-] Task 58fbdd56-e129-409c-ab38-a6976574e4bd | ITER: 18 START
2019-10-28 02:10:11.367 27842 INFO rally.task.runner [-] Task 58fbdd56-e129-409c-ab38-a6976574e4bd | ITER: 19 START
2019-10-28 02:10:11.367 27845 RALLYDEBUG rally.task.runner [-] Starting a worker. times: 100 duration: None concurrency: 1 timeout: 0 cls: method_name: run args: {}
2019-10-28 02:10:11.371 27845 INFO rally.task.runner [-] Task 58fbdd56-e129-409c-ab38-a6976574e4bd | ITER: 20 START
2019-10-28 02:10:12.352 27801 INFO rally.task.runner [-] Task 58fbdd56-e129-409c-ab38-a6976574e4bd | ITER: 2 END: OK
2019-10-28 02:10:12.355 27801 INFO rally.task.runner [-] Task 58fbdd56-e129-409c-ab38-a6976574e4bd | ITER: 21 START
2019-10-28 02:10:12.430 27814 INFO rally.task.runner [-] Task 58fbdd56-e129-409c-ab38-a6976574e4bd | ITER: 10 END: OK
2019-10-28 02:10:12.434 27814 INFO rally.task.runner [-] Task 58fbdd56-e129-409c-ab38-a6976574e4bd | ITER: 22 START
2019-10-28 02:10:12.516 27818 INFO rally.task.runner [-] Task 58fbdd56-e129-409c-ab38-a6976574e4bd | ITER: 11 END: OK
2019-10-28 02:10:12.519 27818 INFO rally.task.runner [-] Task 58fbdd56-e129-409c-ab38-a6976574e4bd | ITER: 23 START
2019-10-28 02:10:12.545 27802 INFO rally.task.runner [-] Task 58fbdd56-e129-409c-ab38-a6976574e4bd | ITER: 5 END: OK
2019-10-28 02:10:12.549 27802 INFO rally.task.runner [-] Task 58fbdd56-e129-409c-ab38-a6976574e4bd | ITER: 24 START
2019-10-28 02:10:12.602 27834 INFO rally.task.runner [-] Task 58fbdd56-e129-409c-ab38-a6976574e4bd | ITER: 15 END: OK
2019-10-28 02:10:12.605 27834 INFO rally.task.runner [-] Task 58fbdd56-e129-409c-ab38-a6976574e4bd | ITER: 25 START
2019-10-28 02:10:12.612 27841 INFO rally.task.runner [-] Task 58fbdd56-e129-409c-ab38-a6976574e4bd | ITER: 18 END: OK
2019-10-28 02:10:12.616 27841 INFO rally.task.runner [-] Task 58fbdd56-e129-409c-ab38-a6976574e4bd | ITER: 26 START
2019-10-28 02:10:12.680 27823 INFO rally.task.runner [-] Task 58fbdd56-e129-409c-ab38-a6976574e4bd | ITER: 12 END: OK
2019-10-28 02:10:12.683 27823 INFO rally.task.runner [-] Task 58fbdd56-e129-409c-ab38-a6976574e4bd | ITER: 27 START
2019-10-28 02:10:12.709 27805 INFO rally.task.runner [-] Task 58fbdd56-e129-409c-ab38-a6976574e4bd | ITER: 7 END: OK
2019-10-28 02:10:12.712 27826 INFO rally.task.runner [-] Task 58fbdd56-e129-409c-ab38-a6976574e4bd | ITER: 13 END: OK
2019-10-28 02:10:12.712 27805 INFO rally.task.runner [-] Task 58fbdd56-e129-409c-ab38-a6976574e4bd | ITER: 28 START
2019-10-28 02:10:12.715 27826 INFO rally.task.runner [-] Task 58fbdd56-e129-409c-ab38-a6976574e4bd | ITER: 29 START
2019-10-28 02:10:12.752 27845 INFO rally.task.runner [-] Task 58fbdd56-e129-409c-ab38-a6976574e4bd | ITER: 20 END: OK
2019-10-28 02:10:12.755 27845 INFO rally.task.runner [-] Task 58fbdd56-e129-409c-ab38-a6976574e4bd | ITER: 30 START
2019-10-28 02:10:12.766 27829 INFO rally.task.runner [-] Task 58fbdd56-e129-409c-ab38-a6976574e4bd | ITER: 14 END: OK
2019-10-28 02:10:12.770 27829 INFO rally.task.runner [-] Task 58fbdd56-e129-409c-ab38-a6976574e4bd | ITER: 31 START
2019-10-28 02:10:12.806 27838 INFO rally.task.runner [-] Task 58fbdd56-e129-409c-ab38-a6976574e4bd | ITER: 17 END: OK
2019-10-28 02:10:12.810 27838 INFO rally.task.runner [-] Task 58fbdd56-e129-409c-ab38-a6976574e4bd | ITER: 32 START
2019-10-28 02:10:12.846 27800 INFO rally.task.runner [-] Task 58fbdd56-e129-409c-ab38-a6976574e4bd | ITER: 1 END: OK
2019-10-28 02:10:12.850 27800 INFO rally.task.runner [-] Task 58fbdd56-e129-409c-ab38-a6976574e4bd | ITER: 33 START
2019-10-28 02:10:12.865 27810 INFO rally.task.runner [-] Task 58fbdd56-e129-409c-ab38-a6976574e4bd | ITER: 9 END: OK
2019-10-28 02:10:12.868 27810 INFO rally.task.runner [-] Task 58fbdd56-e129-409c-ab38-a6976574e4bd | ITER: 34 START
2019-10-28 02:10:12.925 27842 INFO rally.task.runner [-] Task 58fbdd56-e129-409c-ab38-a6976574e4bd | ITER: 19 END: OK
2019-10-28 02:10:12.929 27842 INFO rally.task.runner [-] Task 58fbdd56-e129-409c-ab38-a6976574e4bd | ITER: 35 START
2019-10-28 02:10:12.939 27835 INFO rally.task.runner [-] Task 58fbdd56-e129-409c-ab38-a6976574e4bd | ITER: 16 END: OK
2019-10-28 02:10:12.941 27835 INFO rally.task.runner [-] Task 58fbdd56-e129-409c-ab38-a6976574e4bd | ITER: 36 START
2019-10-28 02:10:13.203 27802 INFO rally.task.runner [-] Task 58fbdd56-e129-409c-ab38-a6976574e4bd | ITER: 6 END: OK
2019-10-28 02:10:13.205 27801 INFO rally.task.runner [-] Task 58fbdd56-e129-409c-ab38-a6976574e4bd | ITER: 4 END: OK
2019-10-28 02:10:13.207 27802 INFO rally.task.runner [-] Task 58fbdd56-e129-409c-ab38-a6976574e4bd | ITER: 37 START
2019-10-28 02:10:13.208 27801 INFO rally.task.runner [-] Task 58fbdd56-e129-409c-ab38-a6976574e4bd | ITER: 38 START
2019-10-28 02:10:13.258 27805 INFO rally.task.runner [-] Task 58fbdd56-e129-409c-ab38-a6976574e4bd | ITER: 8 END: OK
2019-10-28 02:10:13.260 27805 INFO rally.task.runner [-] Task 58fbdd56-e129-409c-ab38-a6976574e4bd | ITER: 39 START
2019-10-28 02:10:13.286 27800 INFO rally.task.runner [-] Task 58fbdd56-e129-409c-ab38-a6976574e4bd | ITER: 3 END: OK
2019-10-28 02:10:13.289 27800 INFO rally.task.runner [-] Task 58fbdd56-e129-409c-ab38-a6976574e4bd | ITER: 40 START
2019-10-28 02:10:13.395 27814 INFO rally.task.runner [-] Task 58fbdd56-e129-409c-ab38-a6976574e4bd | ITER: 22 END: OK
2019-10-28 02:10:13.398 27814 INFO rally.task.runner [-] Task 58fbdd56-e129-409c-ab38-a6976574e4bd | ITER: 41 START
2019-10-28 02:10:13.398 27801 INFO rally.task.runner [-] Task 58fbdd56-e129-409c-ab38-a6976574e4bd | ITER: 21 END: OK
2019-10-28 02:10:13.401 27801 INFO rally.task.runner [-] Task 58fbdd56-e129-409c-ab38-a6976574e4bd | ITER: 42 START
2019-10-28 02:10:13.546 27818 INFO rally.task.runner [-] Task 58fbdd56-e129-409c-ab38-a6976574e4bd | ITER: 23 END: OK
2019-10-28 02:10:13.547 27802 INFO rally.task.runner [-] Task 58fbdd56-e129-409c-ab38-a6976574e4bd | ITER: 24 END: OK
2019-10-28 02:10:13.548 27818 INFO rally.task.runner [-] Task 58fbdd56-e129-409c-ab38-a6976574e4bd | ITER: 43 START
2019-10-28 02:10:13.550 27802 INFO rally.task.runner [-] Task 58fbdd56-e129-409c-ab38-a6976574e4bd | ITER: 44 START
2019-10-28 02:10:13.587 27834 INFO rally.task.runner [-] Task 58fbdd56-e129-409c-ab38-a6976574e4bd | ITER: 25 END: OK
2019-10-28 02:10:13.590 27834 INFO rally.task.runner [-] Task 58fbdd56-e129-409c-ab38-a6976574e4bd | ITER: 45 START
2019-10-28 02:10:13.661 27841 INFO rally.task.runner [-] Task 58fbdd56-e129-409c-ab38-a6976574e4bd | ITER: 26 END: OK
2019-10-28 02:10:13.664 27841 INFO rally.task.runner [-] Task 58fbdd56-e129-409c-ab38-a6976574e4bd | ITER: 46 START
2019-10-28 02:10:13.834 27838 INFO rally.task.runner [-] Task 58fbdd56-e129-409c-ab38-a6976574e4bd | ITER: 32 END: OK
2019-10-28 02:10:13.837 27838 INFO rally.task.runner [-] Task 58fbdd56-e129-409c-ab38-a6976574e4bd | ITER: 47 START
2019-10-28 02:10:13.868 27826 INFO rally.task.runner [-] Task 58fbdd56-e129-409c-ab38-a6976574e4bd | ITER: 29 END: OK
2019-10-28 02:10:13.871 27826 INFO rally.task.runner [-] Task 58fbdd56-e129-409c-ab38-a6976574e4bd | ITER: 48 START
2019-10-28 02:10:13.946 27810 INFO rally.task.runner [-] Task 58fbdd56-e129-409c-ab38-a6976574e4bd | ITER: 34 END: OK
2019-10-28 02:10:13.949 27810 INFO rally.task.runner [-] Task 58fbdd56-e129-409c-ab38-a6976574e4bd | ITER: 49 START
2019-10-28 02:10:13.970 27845 INFO rally.task.runner [-] Task 58fbdd56-e129-409c-ab38-a6976574e4bd | ITER: 30 END: OK
2019-10-28 02:10:13.973 27845 INFO rally.task.runner [-] Task 58fbdd56-e129-409c-ab38-a6976574e4bd | ITER: 50 START
2019-10-28 02:10:14.060 27805 INFO rally.task.runner [-] Task 58fbdd56-e129-409c-ab38-a6976574e4bd | ITER: 28 END: OK
2019-10-28 02:10:14.063 27805 INFO rally.task.runner [-] Task 58fbdd56-e129-409c-ab38-a6976574e4bd | ITER: 51 START
2019-10-28 02:10:14.099 27829 INFO rally.task.runner [-] Task 58fbdd56-e129-409c-ab38-a6976574e4bd | ITER: 31 END: OK
2019-10-28 02:10:14.102 27829 INFO rally.task.runner [-] Task 58fbdd56-e129-409c-ab38-a6976574e4bd | ITER: 52 START
2019-10-28 02:10:14.138 27823 INFO rally.task.runner [-] Task 58fbdd56-e129-409c-ab38-a6976574e4bd | ITER: 27 END: OK
2019-10-28 02:10:14.141 27823 INFO rally.task.runner [-] Task 58fbdd56-e129-409c-ab38-a6976574e4bd | ITER: 53 START
2019-10-28 02:10:14.143 27802 INFO rally.task.runner [-] Task 58fbdd56-e129-409c-ab38-a6976574e4bd | ITER: 37 END: OK
2019-10-28 02:10:14.146 27802 INFO rally.task.runner [-] Task 58fbdd56-e129-409c-ab38-a6976574e4bd | ITER: 54 START
2019-10-28 02:10:14.236 27801 INFO rally.task.runner [-] Task 58fbdd56-e129-409c-ab38-a6976574e4bd | ITER: 38 END: OK
2019-10-28 02:10:14.239 27801 INFO rally.task.runner [-] Task 58fbdd56-e129-409c-ab38-a6976574e4bd | ITER: 55 START
2019-10-28 02:10:14.312 27842 INFO rally.task.runner [-] Task 58fbdd56-e129-409c-ab38-a6976574e4bd | ITER: 35 END: OK
2019-10-28 02:10:14.315 27842 INFO rally.task.runner [-] Task 58fbdd56-e129-409c-ab38-a6976574e4bd | ITER: 56 START
2019-10-28 02:10:14.321 27800 INFO rally.task.runner [-] Task 58fbdd56-e129-409c-ab38-a6976574e4bd | ITER: 33 END: OK
2019-10-28 02:10:14.324 27800 INFO rally.task.runner [-] Task 58fbdd56-e129-409c-ab38-a6976574e4bd | ITER: 57 START
2019-10-28 02:10:14.354 27800 INFO rally.task.runner [-] Task 58fbdd56-e129-409c-ab38-a6976574e4bd | ITER: 40 END: OK
2019-10-28 02:10:14.357 27800 INFO rally.task.runner [-] Task 58fbdd56-e129-409c-ab38-a6976574e4bd | ITER: 58 START
2019-10-28 02:10:14.501 27814 INFO rally.task.runner [-] Task 58fbdd56-e129-409c-ab38-a6976574e4bd | ITER: 41 END: OK
2019-10-28 02:10:14.504 27814 INFO rally.task.runner [-] Task 58fbdd56-e129-409c-ab38-a6976574e4bd | ITER: 59 START
2019-10-28 02:10:14.568 27805 INFO rally.task.runner [-] Task 58fbdd56-e129-409c-ab38-a6976574e4bd | ITER: 39 END: OK
2019-10-28 02:10:14.570 27805 INFO rally.task.runner [-] Task 58fbdd56-e129-409c-ab38-a6976574e4bd | ITER: 60 START
2019-10-28 02:10:14.577 27835 INFO rally.task.runner [-] Task 58fbdd56-e129-409c-ab38-a6976574e4bd | ITER: 36 END: OK
2019-10-28 02:10:14.581 27835 INFO rally.task.runner [-] Task 58fbdd56-e129-409c-ab38-a6976574e4bd | ITER: 61 START
2019-10-28 02:10:14.620 27802 INFO rally.task.runner [-] Task 58fbdd56-e129-409c-ab38-a6976574e4bd | ITER: 44 END: OK
2019-10-28 02:10:14.623 27802 INFO rally.task.runner [-] Task 58fbdd56-e129-409c-ab38-a6976574e4bd | ITER: 62 START
2019-10-28 02:10:14.638 27838 INFO rally.task.runner [-] Task 58fbdd56-e129-409c-ab38-a6976574e4bd | ITER: 47 END: OK
2019-10-28 02:10:14.642 27838 INFO rally.task.runner [-] Task 58fbdd56-e129-409c-ab38-a6976574e4bd | ITER: 63 START
2019-10-28 02:10:14.863 27818 INFO rally.task.runner [-] Task 58fbdd56-e129-409c-ab38-a6976574e4bd | ITER: 43 END: OK
2019-10-28 02:10:14.866 27818 INFO rally.task.runner [-] Task 58fbdd56-e129-409c-ab38-a6976574e4bd | ITER: 64 START
2019-10-28 02:10:15.168 27802 INFO rally.task.runner [-] Task 58fbdd56-e129-409c-ab38-a6976574e4bd | ITER: 54 END: OK
2019-10-28 02:10:15.172 27802 INFO rally.task.runner [-] Task 58fbdd56-e129-409c-ab38-a6976574e4bd | ITER: 65 START
2019-10-28 02:10:15.204 27841 INFO rally.task.runner [-] Task 58fbdd56-e129-409c-ab38-a6976574e4bd | ITER: 46 END: OK
2019-10-28 02:10:15.206 27841 INFO rally.task.runner [-] Task 58fbdd56-e129-409c-ab38-a6976574e4bd | ITER: 66 START
2019-10-28 02:10:15.270 27801 INFO rally.task.runner [-] Task 58fbdd56-e129-409c-ab38-a6976574e4bd | ITER: 42 END: OK
2019-10-28 02:10:15.273 27801 INFO rally.task.runner [-] Task 58fbdd56-e129-409c-ab38-a6976574e4bd | ITER: 67 START
2019-10-28 02:10:15.386 27826 INFO rally.task.runner [-] Task 58fbdd56-e129-409c-ab38-a6976574e4bd | ITER: 48 END: OK
2019-10-28 02:10:15.388 27826 INFO rally.task.runner [-] Task 58fbdd56-e129-409c-ab38-a6976574e4bd | ITER: 68 START
2019-10-28 02:10:15.436 27845 INFO rally.task.runner [-] Task 58fbdd56-e129-409c-ab38-a6976574e4bd | ITER: 50 END: OK
2019-10-28 02:10:15.439 27845 INFO rally.task.runner [-] Task 58fbdd56-e129-409c-ab38-a6976574e4bd | ITER: 69 START
2019-10-28 02:10:15.470 27834 INFO rally.task.runner [-] Task 58fbdd56-e129-409c-ab38-a6976574e4bd | ITER: 45 END: OK
2019-10-28 02:10:15.473 27834 INFO rally.task.runner [-] Task 58fbdd56-e129-409c-ab38-a6976574e4bd | ITER: 70 START
2019-10-28 02:10:15.579 27805 INFO rally.task.runner [-] Task 58fbdd56-e129-409c-ab38-a6976574e4bd | ITER: 51 END: OK
2019-10-28 02:10:15.582 27805 INFO rally.task.runner [-] Task 58fbdd56-e129-409c-ab38-a6976574e4bd | ITER: 71 START
2019-10-28 02:10:15.595 27842 INFO rally.task.runner [-] Task 58fbdd56-e129-409c-ab38-a6976574e4bd | ITER: 56 END: OK
2019-10-28 02:10:15.598 27842 INFO rally.task.runner [-] Task 58fbdd56-e129-409c-ab38-a6976574e4bd | ITER: 72 START
2019-10-28 02:10:15.607 27800 INFO rally.task.runner [-] Task 58fbdd56-e129-409c-ab38-a6976574e4bd | ITER: 58 END: OK
2019-10-28 02:10:15.610 27800 INFO rally.task.runner [-] Task 58fbdd56-e129-409c-ab38-a6976574e4bd | ITER: 73 START
2019-10-28 02:10:15.620 27823 INFO rally.task.runner [-] Task 58fbdd56-e129-409c-ab38-a6976574e4bd | ITER: 53 END: OK
2019-10-28 02:10:15.622 27823 INFO rally.task.runner [-] Task 58fbdd56-e129-409c-ab38-a6976574e4bd | ITER: 74 START
2019-10-28 02:10:15.930 27801 INFO rally.task.runner [-] Task 58fbdd56-e129-409c-ab38-a6976574e4bd | ITER: 55 END: OK
2019-10-28 02:10:15.933 27801 INFO rally.task.runner [-] Task 58fbdd56-e129-409c-ab38-a6976574e4bd | ITER: 75 START
2019-10-28 02:10:16.008 27838 INFO rally.task.runner [-] Task 58fbdd56-e129-409c-ab38-a6976574e4bd | ITER: 63 END: OK
2019-10-28 02:10:16.010 27838 INFO rally.task.runner [-] Task 58fbdd56-e129-409c-ab38-a6976574e4bd | ITER: 76 START
2019-10-28 02:10:16.039 27814 INFO rally.task.runner [-] Task 58fbdd56-e129-409c-ab38-a6976574e4bd | ITER: 59 END: OK
2019-10-28 02:10:16.043 27814 INFO rally.task.runner [-] Task 58fbdd56-e129-409c-ab38-a6976574e4bd | ITER: 77 START
2019-10-28 02:10:16.067 27829 INFO rally.task.runner [-] Task 58fbdd56-e129-409c-ab38-a6976574e4bd | ITER: 52 END: OK
2019-10-28 02:10:16.068 27810 INFO rally.task.runner [-] Task 58fbdd56-e129-409c-ab38-a6976574e4bd | ITER: 49 END: OK
2019-10-28 02:10:16.070 27829 INFO rally.task.runner [-] Task 58fbdd56-e129-409c-ab38-a6976574e4bd | ITER: 78 START
2019-10-28 02:10:16.071 27810 INFO rally.task.runner [-] Task 58fbdd56-e129-409c-ab38-a6976574e4bd | ITER: 79 START
2019-10-28 02:10:16.136 27802 INFO rally.task.runner [-] Task 58fbdd56-e129-409c-ab38-a6976574e4bd | ITER: 65 END: OK
2019-10-28 02:10:16.139 27802 INFO rally.task.runner [-] Task 58fbdd56-e129-409c-ab38-a6976574e4bd | ITER: 80 START
2019-10-28 02:10:16.174 27805 INFO rally.task.runner [-] Task 58fbdd56-e129-409c-ab38-a6976574e4bd | ITER: 60 END: OK
2019-10-28 02:10:16.177 27805 INFO rally.task.runner [-] Task 58fbdd56-e129-409c-ab38-a6976574e4bd | ITER: 81 START
2019-10-28 02:10:16.247 27841 INFO rally.task.runner [-] Task 58fbdd56-e129-409c-ab38-a6976574e4bd | ITER: 66 END: OK
2019-10-28 02:10:16.250 27841 INFO rally.task.runner [-] Task 58fbdd56-e129-409c-ab38-a6976574e4bd | ITER: 82 START
2019-10-28 02:10:16.311 27826 INFO rally.task.runner [-] Task 58fbdd56-e129-409c-ab38-a6976574e4bd | ITER: 68 END: OK
2019-10-28 02:10:16.314 27826 INFO rally.task.runner [-] Task 58fbdd56-e129-409c-ab38-a6976574e4bd | ITER: 83 START
2019-10-28 02:10:16.403 27845 INFO rally.task.runner [-] Task 58fbdd56-e129-409c-ab38-a6976574e4bd | ITER: 69 END: OK
2019-10-28 02:10:16.405 27845 INFO rally.task.runner [-] Task 58fbdd56-e129-409c-ab38-a6976574e4bd | ITER: 84 START
2019-10-28 02:10:16.433 27801 INFO rally.task.runner [-] Task 58fbdd56-e129-409c-ab38-a6976574e4bd | ITER: 67 END: OK
2019-10-28 02:10:16.436 27801 INFO rally.task.runner [-] Task 58fbdd56-e129-409c-ab38-a6976574e4bd | ITER: 85 START
2019-10-28 02:10:16.870 27800 INFO rally.task.runner [-] Task 58fbdd56-e129-409c-ab38-a6976574e4bd | ITER: 73 END: OK
2019-10-28 02:10:16.873 27800 INFO rally.task.runner [-] Task 58fbdd56-e129-409c-ab38-a6976574e4bd | ITER: 86 START
2019-10-28 02:10:16.895 27842 INFO rally.task.runner [-] Task 58fbdd56-e129-409c-ab38-a6976574e4bd | ITER: 72 END: OK
2019-10-28 02:10:16.898 27842 INFO rally.task.runner [-] Task 58fbdd56-e129-409c-ab38-a6976574e4bd | ITER: 87 START
2019-10-28 02:10:16.908 27818 INFO rally.task.runner [-] Task 58fbdd56-e129-409c-ab38-a6976574e4bd | ITER: 64 END: OK
2019-10-28 02:10:16.911 27818 INFO rally.task.runner [-] Task 58fbdd56-e129-409c-ab38-a6976574e4bd | ITER: 88 START
2019-10-28 02:10:16.956 27835 INFO rally.task.runner [-] Task 58fbdd56-e129-409c-ab38-a6976574e4bd | ITER: 61 END: OK
2019-10-28 02:10:16.959 27835 INFO rally.task.runner [-] Task 58fbdd56-e129-409c-ab38-a6976574e4bd | ITER: 89 START
2019-10-28 02:10:17.246 27805 INFO rally.task.runner [-] Task 58fbdd56-e129-409c-ab38-a6976574e4bd | ITER: 81 END: OK
2019-10-28 02:10:17.249 27805 INFO rally.task.runner [-] Task 58fbdd56-e129-409c-ab38-a6976574e4bd | ITER: 90 START
2019-10-28 02:10:17.308 27829 INFO rally.task.runner [-] Task 58fbdd56-e129-409c-ab38-a6976574e4bd | ITER: 78 END: OK
2019-10-28 02:10:17.311 27829 INFO rally.task.runner [-] Task 58fbdd56-e129-409c-ab38-a6976574e4bd | ITER: 91 START
2019-10-28 02:10:17.401 27801 INFO rally.task.runner [-] Task 58fbdd56-e129-409c-ab38-a6976574e4bd | ITER: 75 END: OK
2019-10-28 02:10:17.401 27834 INFO rally.task.runner [-] Task 58fbdd56-e129-409c-ab38-a6976574e4bd | ITER: 70 END: OK
2019-10-28 02:10:17.404 27834 INFO rally.task.runner [-] Task 58fbdd56-e129-409c-ab38-a6976574e4bd | ITER: 92 START
2019-10-28 02:10:17.404 27801 INFO rally.task.runner [-] Task 58fbdd56-e129-409c-ab38-a6976574e4bd | ITER: 93 START
2019-10-28 02:10:17.413 27823 INFO rally.task.runner [-] Task 58fbdd56-e129-409c-ab38-a6976574e4bd | ITER: 74 END: OK
2019-10-28 02:10:17.413 27805 INFO rally.task.runner [-] Task 58fbdd56-e129-409c-ab38-a6976574e4bd | ITER: 71 END: OK
2019-10-28 02:10:17.415 27823 INFO rally.task.runner [-] Task 58fbdd56-e129-409c-ab38-a6976574e4bd | ITER: 94 START
2019-10-28 02:10:17.417 27805 INFO rally.task.runner [-] Task 58fbdd56-e129-409c-ab38-a6976574e4bd | ITER: 95 START
2019-10-28 02:10:17.448 27838 INFO rally.task.runner [-] Task 58fbdd56-e129-409c-ab38-a6976574e4bd | ITER: 76 END: OK
2019-10-28 02:10:17.450 27838 INFO rally.task.runner [-] Task 58fbdd56-e129-409c-ab38-a6976574e4bd | ITER: 96 START
2019-10-28 02:10:17.465 27814 INFO rally.task.runner [-] Task 58fbdd56-e129-409c-ab38-a6976574e4bd | ITER: 77 END: OK
2019-10-28 02:10:17.468 27814 INFO rally.task.runner [-] Task 58fbdd56-e129-409c-ab38-a6976574e4bd | ITER: 97 START
2019-10-28 02:10:17.849 27845 INFO rally.task.runner [-] Task 58fbdd56-e129-409c-ab38-a6976574e4bd | ITER: 84 END: OK
2019-10-28 02:10:17.853 27845 INFO rally.task.runner [-] Task 58fbdd56-e129-409c-ab38-a6976574e4bd | ITER: 98 START
2019-10-28 02:10:17.867 27826 INFO rally.task.runner [-] Task 58fbdd56-e129-409c-ab38-a6976574e4bd | ITER: 83 END: OK
2019-10-28 02:10:17.870 27826 INFO rally.task.runner [-] Task 58fbdd56-e129-409c-ab38-a6976574e4bd | ITER: 99 START
2019-10-28 02:10:17.885 27810 INFO rally.task.runner [-] Task 58fbdd56-e129-409c-ab38-a6976574e4bd | ITER: 79 END: OK
2019-10-28 02:10:17.888 27810 INFO rally.task.runner [-] Task 58fbdd56-e129-409c-ab38-a6976574e4bd | ITER: 100 START
2019-10-28 02:10:18.134 27802 INFO rally.task.runner [-] Task 58fbdd56-e129-409c-ab38-a6976574e4bd | ITER: 62 END: OK
2019-10-28 02:10:18.139 27800 INFO rally.task.runner [-] Task 58fbdd56-e129-409c-ab38-a6976574e4bd | ITER: 57 END: OK
2019-10-28 02:10:18.212 27829 INFO rally.task.runner [-] Task 58fbdd56-e129-409c-ab38-a6976574e4bd | ITER: 91 END: OK
2019-10-28 02:10:18.451 27802 INFO rally.task.runner [-] Task 58fbdd56-e129-409c-ab38-a6976574e4bd | ITER: 80 END: OK
2019-10-28 02:10:18.488 27841 INFO rally.task.runner [-] Task 58fbdd56-e129-409c-ab38-a6976574e4bd | ITER: 82 END: OK
2019-10-28 02:10:18.526 27805 INFO rally.task.runner [-] Task 58fbdd56-e129-409c-ab38-a6976574e4bd | ITER: 90 END: OK
2019-10-28 02:10:18.602 27842 INFO rally.task.runner [-] Task 58fbdd56-e129-409c-ab38-a6976574e4bd | ITER: 87 END: OK
2019-10-28 02:10:18.632 27838 INFO rally.task.runner [-] Task 58fbdd56-e129-409c-ab38-a6976574e4bd | ITER: 96 END: OK
2019-10-28 02:10:18.776 27810 INFO rally.task.runner [-] Task 58fbdd56-e129-409c-ab38-a6976574e4bd | ITER: 100 END: OK
2019-10-28 02:10:18.791 27826 INFO rally.task.runner [-] Task 58fbdd56-e129-409c-ab38-a6976574e4bd | ITER: 99 END: OK
2019-10-28 02:10:18.805 27805 INFO rally.task.runner [-] Task 58fbdd56-e129-409c-ab38-a6976574e4bd | ITER: 95 END: OK
2019-10-28 02:10:18.853 27818 INFO rally.task.runner [-] Task 58fbdd56-e129-409c-ab38-a6976574e4bd | ITER: 88 END: OK
2019-10-28 02:10:18.969 27835 INFO rally.task.runner [-] Task 58fbdd56-e129-409c-ab38-a6976574e4bd | ITER: 89 END: OK
2019-10-28 02:10:18.976 27845 INFO rally.task.runner [-] Task 58fbdd56-e129-409c-ab38-a6976574e4bd | ITER: 98 END: OK
2019-10-28 02:10:18.982 27823 INFO rally.task.runner [-] Task 58fbdd56-e129-409c-ab38-a6976574e4bd | ITER: 94 END: OK
2019-10-28 02:10:19.018 27814 INFO rally.task.runner [-] Task 58fbdd56-e129-409c-ab38-a6976574e4bd | ITER: 97 END: OK
2019-10-28 02:10:19.019 27801 INFO rally.task.runner [-] Task 58fbdd56-e129-409c-ab38-a6976574e4bd | ITER: 93 END: OK
2019-10-28 02:10:19.027 27834 INFO rally.task.runner [-] Task 58fbdd56-e129-409c-ab38-a6976574e4bd | ITER: 92 END: OK
2019-10-28 02:10:19.051 27800 INFO rally.task.runner [-] Task 58fbdd56-e129-409c-ab38-a6976574e4bd | ITER: 86 END: OK
2019-10-28 02:10:19.265 27801 INFO rally.task.runner [-] Task 58fbdd56-e129-409c-ab38-a6976574e4bd | ITER: 85 END: OK
2019-10-28 02:10:19.288 27676 INFO rally.task.context [-] Task 58fbdd56-e129-409c-ab38-a6976574e4bd | Context cleanup@openstack cleanup() started
2019-10-28 02:10:19.292 27676 RALLYDEBUG rally_openstack.cleanup.manager [-] Cleaning up neutron vip objects
2019-10-28 02:10:19.680 27676 RALLYDEBUG rally_openstack.cleanup.manager [-] Cleaning up neutron health_monitor objects
2019-10-28 02:10:20.051 27676 RALLYDEBUG rally_openstack.cleanup.manager [-] Cleaning up neutron pool objects
2019-10-28 02:10:20.420 27676 RALLYDEBUG rally_openstack.cleanup.manager [-] Cleaning up neutron loadbalancer objects
2019-10-28 02:10:20.786 27676 RALLYDEBUG rally_openstack.cleanup.manager [-] Cleaning up neutron floatingip objects
2019-10-28 02:10:21.190 27676 RALLYDEBUG rally_openstack.cleanup.manager [-] Cleaning up neutron trunk objects
2019-10-28 02:10:21.580 27676 RALLYDEBUG rally_openstack.cleanup.manager [-] Cleaning up neutron port objects
2019-10-28 02:10:21.984 27676 RALLYDEBUG rally_openstack.cleanup.manager [-] Cleaning up neutron subnet objects
2019-10-28 02:10:22.381 27676 RALLYDEBUG rally_openstack.cleanup.manager [-] Cleaning up neutron network objects
2019-10-28 02:10:23.065 27676 RALLYDEBUG rally_openstack.cleanup.manager [-] Deleting neutron.network object s_rally_f1454606_yfcXe6bZ (06e3b608-6190-464e-a6c8-f72f8b07c761)
2019-10-28 02:10:23.074 27676 RALLYDEBUG rally_openstack.cleanup.manager [-] Deleting neutron.network object s_rally_f1454606_o4s8sshR (0b2403ef-fcea-41f9-a310-e1e28e46d133)
2019-10-28 02:10:23.083 27676 RALLYDEBUG rally_openstack.cleanup.manager [-] Deleting neutron.network object s_rally_f1454606_KeUuQp48 (0e17c62d-3b1f-4e74-b9c3-be9eb50610ef)
2019-10-28 02:10:23.087 27676 RALLYDEBUG rally_openstack.cleanup.manager [-] Deleting neutron.network object s_rally_f1454606_k1uWvZI0 (0ec71988-7a4f-453d-be9c-baa54770518d)
2019-10-28 02:10:23.100 27676 RALLYDEBUG rally_openstack.cleanup.manager [-] Deleting neutron.network object s_rally_f1454606_rVByWMlj (116e1729-e263-49b6-b19a-fb586297e417)
2019-10-28 02:10:23.113 27676 RALLYDEBUG rally_openstack.cleanup.manager [-] Deleting neutron.network object s_rally_f1454606_BTe3VRkO (120fda53-ff3e-4212-b853-c92617a95225)
2019-10-28 02:10:23.118 27676 RALLYDEBUG rally_openstack.cleanup.manager [-] Deleting neutron.network object s_rally_f1454606_KXi2Ew45 (1715e851-0bca-43f2-9a5e-d44af2873593)
2019-10-28 02:10:23.146 27676 RALLYDEBUG rally_openstack.cleanup.manager [-] Deleting neutron.network object s_rally_f1454606_e1GOxzvw (17a59c46-024b-4bf0-8160-c9ab14266aa0)
2019-10-28 02:10:23.149 27676 RALLYDEBUG rally_openstack.cleanup.manager [-] Deleting neutron.network object s_rally_f1454606_Q3Ke4EZm (17bb44a9-6fa9-4ac3-bf93-3e8223cfb8ed)
2019-10-28 02:10:23.162 27676 RALLYDEBUG rally_openstack.cleanup.manager [-] Deleting neutron.network object s_rally_f1454606_DfJaIebB (1929b3a3-9305-4095-9df0-2f93dfe92d87)
2019-10-28 02:10:23.165 27676 RALLYDEBUG rally_openstack.cleanup.manager [-] Deleting neutron.network object s_rally_f1454606_QipMQdiH (1b3d0eb6-db22-4d35-912b-461c6198073c)
2019-10-28 02:10:23.173 27676 RALLYDEBUG rally_openstack.cleanup.manager [-] Deleting neutron.network object s_rally_f1454606_y7qhGjEo (1b4a83d3-cce8-427e-aefe-bf8e890e09db)
2019-10-28 02:10:23.183 27676 RALLYDEBUG rally_openstack.cleanup.manager [-] Deleting neutron.network object s_rally_f1454606_zBUZiwNk (1da6d8a1-867f-456a-837e-33b54eb38d5d)
2019-10-28 02:10:23.194 27676 RALLYDEBUG rally_openstack.cleanup.manager [-] Deleting neutron.network object s_rally_f1454606_2RC8xEpf (201cc8c8-5134-4d31-8b95-4ab479dd0e26)
2019-10-28 02:10:23.228 27676 RALLYDEBUG rally_openstack.cleanup.manager [-] Deleting neutron.network object s_rally_f1454606_FauVab0D (20f9078a-6c09-4e47-be8c-f1190ea8b74d)
2019-10-28 02:10:23.236 27676 RALLYDEBUG rally_openstack.cleanup.manager [-] Deleting neutron.network object s_rally_f1454606_zBFyNu0C (21040ef5-0253-4659-ac80-e751ed1dca14)
2019-10-28 02:10:23.243 27676 RALLYDEBUG rally_openstack.cleanup.manager [-] Deleting neutron.network object s_rally_f1454606_39ypSqBl (24fa41f4-2f1d-4387-8b41-d97163ff63dc)
2019-10-28 02:10:23.263 27676 RALLYDEBUG rally_openstack.cleanup.manager [-] Deleting neutron.network object s_rally_f1454606_2Qk5AtFe (25e51d5d-1f34-4fe5-a1a0-1ce867d4b653)
2019-10-28 02:10:23.269 27676 RALLYDEBUG rally_openstack.cleanup.manager [-] Deleting neutron.network object s_rally_f1454606_W3JBAE4b (297481c8-0703-4de3-8715-2d6520a23f3f)
2019-10-28 02:10:23.279 27676 RALLYDEBUG rally_openstack.cleanup.manager [-] Deleting neutron.network object s_rally_f1454606_CWAYhFmX (2adccc3e-2997-4e99-8001-5f41e82180a1)
2019-10-28 02:10:25.353 27676 RALLYDEBUG rally_openstack.cleanup.manager [-] Deleting neutron.network object s_rally_f1454606_KlYlHb8q (2e7902c0-22e1-4dfd-950a-0cb92756279a)
2019-10-28 02:10:25.376 27676 RALLYDEBUG rally_openstack.cleanup.manager [-] Deleting neutron.network object s_rally_f1454606_fVSYc8WY (30d13469-2017-4fed-9c0c-a9b9b0f433b4)
2019-10-28 02:10:25.415 27676 RALLYDEBUG rally_openstack.cleanup.manager [-] Deleting neutron.network object s_rally_f1454606_th1ujs7v (30ed6725-f87e-478d-9051-5e7541f25994)
2019-10-28 02:10:25.460 27676 RALLYDEBUG rally_openstack.cleanup.manager [-] Deleting neutron.network object s_rally_f1454606_HfJoyGGa (3186f250-e7a1-4eef-9890-92e5f780f130)
2019-10-28 02:10:25.523 27676 RALLYDEBUG rally_openstack.cleanup.manager [-] Deleting neutron.network object s_rally_f1454606_oICNeR28 (39fb2bdf-d73e-4cf5-af3d-f518c6b40626)
2019-10-28 02:10:25.623 27676 RALLYDEBUG rally_openstack.cleanup.manager [-] Deleting neutron.network object s_rally_f1454606_pZUwmcPZ (3ccf06c1-eef5-47df-ba51-339fa9fb1881)
2019-10-28 02:10:25.633 27676 RALLYDEBUG rally_openstack.cleanup.manager [-] Deleting neutron.network object s_rally_f1454606_aYzIWViF (3d9cea0d-b007-4207-abf1-79c171ecf2a7)
2019-10-28 02:10:25.768 27676 RALLYDEBUG rally_openstack.cleanup.manager [-] Deleting neutron.network object s_rally_f1454606_c3CCHphd (432d66e8-648d-447c-b074-184988fd6689)
2019-10-28 02:10:25.778 27676 RALLYDEBUG rally_openstack.cleanup.manager [-] Deleting neutron.network object s_rally_f1454606_Ke4aiElM (4a233cad-9ffd-41b1-8f9c-5d54a9f26a0a)
2019-10-28 02:10:25.792 27676 RALLYDEBUG rally_openstack.cleanup.manager [-] Deleting neutron.network object s_rally_f1454606_vc18IJCt (4e968638-8697-4105-9bec-4dc6c8691e93)
2019-10-28 02:10:25.805 27676 RALLYDEBUG rally_openstack.cleanup.manager [-] Deleting neutron.network object s_rally_f1454606_Ar1rkYc2 (53aa5b7e-4ec2-4cbf-9e58-1a27e34df9bc)
2019-10-28 02:10:25.810 27676 RALLYDEBUG rally_openstack.cleanup.manager [-] Deleting neutron.network object s_rally_f1454606_ZSNM1DLe (542a74fe-07d2-4fe7-a67a-c5a04bdaca4e)
2019-10-28 02:10:25.969 27676 RALLYDEBUG rally_openstack.cleanup.manager [-] Deleting neutron.network object s_rally_f1454606_vWsZUYqM (544d8eba-eaf6-4f35-9489-4d3a0ec09c8e)
2019-10-28 02:10:26.038 27676 RALLYDEBUG rally_openstack.cleanup.manager [-] Deleting neutron.network object s_rally_f1454606_Kl5YCIXP (5831b10b-e053-41b4-8f2c-d6f87e5b214c)
2019-10-28 02:10:26.046 27676 RALLYDEBUG rally_openstack.cleanup.manager [-] Deleting neutron.network object s_rally_f1454606_Y9Pft5zq (5d68e67c-6ecb-4f0a-a8e8-1341187205f2)
2019-10-28 02:10:26.054 27676 RALLYDEBUG rally_openstack.cleanup.manager [-] Deleting neutron.network object s_rally_f1454606_FcbGi9JW (5f6dbdac-c334-4a06-a9b3-66605fec24ad)
2019-10-28 02:10:26.192 27676 RALLYDEBUG rally_openstack.cleanup.manager [-] Deleting neutron.network object s_rally_f1454606_LX4A26c4 (5f8ac47a-77cd-4e5f-94c6-c88102f5b0f9)
2019-10-28 02:10:26.271 27676 RALLYDEBUG rally_openstack.cleanup.manager [-] Deleting neutron.network object s_rally_f1454606_11v0uiav (628bfa69-b895-46d1-9d21-25fd7b64553d)
2019-10-28 02:10:26.304 27676 RALLYDEBUG rally_openstack.cleanup.manager [-] Deleting neutron.network object s_rally_f1454606_sKubcL60 (657d1811-096a-4d1f-8fe4-1653fea9c990)
2019-10-28 02:10:26.312 27676 RALLYDEBUG rally_openstack.cleanup.manager [-] Deleting neutron.network object s_rally_f1454606_Eb3eRgbV (6f64d1bb-231e-4283-bc05-9585fcd6018e)
2019-10-28 02:10:27.246 27676 RALLYDEBUG rally_openstack.cleanup.manager [-] Deleting neutron.network object s_rally_f1454606_qOj9kNuF (737c6fa7-fb2a-4ab3-91d1-32f137455f6c)
2019-10-28 02:10:27.261 27676 RALLYDEBUG rally_openstack.cleanup.manager [-] Deleting neutron.network object s_rally_f1454606_x09U0j8j (76fd0226-3d54-475f-b524-894894b1552b)
2019-10-28 02:10:27.272 27676 RALLYDEBUG rally_openstack.cleanup.manager [-] Deleting neutron.network object s_rally_f1454606_lAObKDmw (78f3de78-9277-4158-9c64-9096dc6c253a)
2019-10-28 02:10:27.487 27676 RALLYDEBUG rally_openstack.cleanup.manager [-] Deleting neutron.network object s_rally_f1454606_ofbOkawW (7928e026-bcf5-4371-8f9b-98f5e264e428)
2019-10-28 02:10:27.497 27676 RALLYDEBUG rally_openstack.cleanup.manager [-] Deleting neutron.network object s_rally_f1454606_Mh8Sa0k2 (7b696b7e-8096-41b9-8106-2f108efdbb83)
2019-10-28 02:10:27.804 27676 RALLYDEBUG rally_openstack.cleanup.manager [-] Deleting neutron.network object s_rally_f1454606_BdpD64ra (7c57f599-45fb-40b8-b3ff-8b9c1503ce82)
2019-10-28 02:10:27.815 27676 RALLYDEBUG rally_openstack.cleanup.manager [-] Deleting neutron.network object s_rally_f1454606_HRmVsPDT (7fc685e8-1a43-446b-905f-9b7beb7a9362)
2019-10-28 02:10:27.882 27676 RALLYDEBUG rally_openstack.cleanup.manager [-] Deleting neutron.network object s_rally_f1454606_uXAe0Dua (845f239b-110c-4da4-b78e-6cc07f31f84c)
2019-10-28 02:10:28.083 27676 RALLYDEBUG rally_openstack.cleanup.manager [-] Deleting neutron.network object s_rally_f1454606_Nttw61dw (8507cda1-3c9a-4f19-9391-d105e5cc51c5)
2019-10-28 02:10:28.115 27676 RALLYDEBUG rally_openstack.cleanup.manager [-] Deleting neutron.network object s_rally_f1454606_JkFU3ohI (86996e0e-12a0-490f-ad60-5e49da683f4d)
2019-10-28 02:10:28.156 27676 RALLYDEBUG rally_openstack.cleanup.manager [-] Deleting neutron.network object s_rally_f1454606_Wnczvw3Q (87c773b5-7c88-43f9-ad50-98d5dff1c7d0)
2019-10-28 02:10:28.192 27676 RALLYDEBUG rally_openstack.cleanup.manager [-] Deleting neutron.network object s_rally_f1454606_Aov2Ujsy (89940abf-13bc-4f34-9e9c-2624c701cd95)
2019-10-28 02:10:28.195 27676 RALLYDEBUG rally_openstack.cleanup.manager [-] Deleting neutron.network object s_rally_f1454606_N5kKcDSn (899e59d1-c3e5-4fac-933b-ec2cec085213)
2019-10-28 02:10:28.225 27676 RALLYDEBUG rally_openstack.cleanup.manager [-] Deleting neutron.network object s_rally_f1454606_IgzssJqZ (8c3b5f01-8aab-4a01-983c-00dd7708dba9)
2019-10-28 02:10:28.334 27676 RALLYDEBUG rally_openstack.cleanup.manager [-] Deleting neutron.network object s_rally_f1454606_yc4WVjAh (8e1eda5d-59ab-4700-8ae8-b2084b7fe301)
2019-10-28 02:10:28.356 27676 RALLYDEBUG rally_openstack.cleanup.manager [-] Deleting neutron.network object s_rally_f1454606_mZqWIiMA (8e5a1aba-90f9-4921-923f-bb48a20d41c7)
2019-10-28 02:10:28.392 27676 RALLYDEBUG rally_openstack.cleanup.manager [-] Deleting neutron.network object s_rally_f1454606_dfKrkS1k (8f129f9a-558d-481f-80e9-d0eb8590d14c)
2019-10-28 02:10:28.408 27676 RALLYDEBUG rally_openstack.cleanup.manager [-] Deleting neutron.network object s_rally_f1454606_ISsjwgoH (8f38b841-196d-432b-95ae-ef21bac7f21d)
2019-10-28 02:10:28.518 27676 RALLYDEBUG rally_openstack.cleanup.manager [-] Deleting neutron.network object s_rally_f1454606_N8c2KPI1 (93060d87-122b-41e8-b4c1-9742bd13f567)
2019-10-28 02:10:28.521 27676 RALLYDEBUG rally_openstack.cleanup.manager [-] Deleting neutron.network object s_rally_f1454606_dHj0s1B8 (95500373-ecd0-4369-84dd-239784701ac1)
2019-10-28 02:10:29.106 27676 RALLYDEBUG rally_openstack.cleanup.manager [-] Deleting neutron.network object s_rally_f1454606_4R2fJV7Q (95f953df-d1da-4413-aadb-d6d36032b66c)
2019-10-28 02:10:29.297 27676 RALLYDEBUG rally_openstack.cleanup.manager [-] Deleting neutron.network object s_rally_f1454606_WpaBSD57 (9a1f9cc3-de86-4bc7-a080-e01c39014a5e)
2019-10-28 02:10:29.358 27676 RALLYDEBUG rally_openstack.cleanup.manager [-] Deleting neutron.network object s_rally_f1454606_CgWXtklu (9c8971be-2ae5-4eb1-baa4-2e2e70b92a82)
2019-10-28 02:10:29.643 27676 RALLYDEBUG rally_openstack.cleanup.manager [-] Deleting neutron.network object s_rally_f1454606_rYaiVnFi (a7adebeb-3f22-4ab5-867a-6daa048da206)
2019-10-28 02:10:29.725 27676 RALLYDEBUG rally_openstack.cleanup.manager [-] Deleting neutron.network object s_rally_f1454606_DUozyBuk (a90a318f-e0c5-43b1-9ea8-27c9510443a0)
2019-10-28 02:10:29.754 27676 RALLYDEBUG rally_openstack.cleanup.manager [-] Deleting neutron.network object s_rally_f1454606_oW3DPNXT (a9a8baf3-07dc-4c24-a9e4-fc824cff6777)
2019-10-28 02:10:29.829 27676 RALLYDEBUG rally_openstack.cleanup.manager [-] Deleting neutron.network object s_rally_f1454606_FJUmokoj (afce0509-506b-4934-9558-717de45aca9b)
2019-10-28 02:10:30.002 27676 RALLYDEBUG rally_openstack.cleanup.manager [-] Deleting neutron.network object s_rally_f1454606_qtimMtKA (aff49e11-389b-4052-9bce-9eb41bea1db4)
2019-10-28 02:10:30.037 27676 RALLYDEBUG rally_openstack.cleanup.manager [-] Deleting neutron.network object s_rally_f1454606_JIHWB03z (b2444942-0893-4cfc-8d79-4275f8c7de35)
2019-10-28 02:10:30.220 27676 RALLYDEBUG rally_openstack.cleanup.manager [-] Deleting neutron.network object s_rally_f1454606_icB908wz (b33a6bfe-4f61-4ca9-9d48-6c8d26e2829b)
2019-10-28 02:10:30.248 27676 RALLYDEBUG rally_openstack.cleanup.manager [-] Deleting neutron.network object s_rally_f1454606_ZNs5CzpE (b3838360-5ae5-49c8-a6c4-0c7ce4bfa0f8)
2019-10-28 02:10:30.320 27676 RALLYDEBUG rally_openstack.cleanup.manager [-] Deleting neutron.network object s_rally_f1454606_jYxyH7b7 (b8e68448-0ef6-4ca0-8cfe-5eb82c93bbc5)
2019-10-28 02:10:30.371 27676 RALLYDEBUG rally_openstack.cleanup.manager [-] Deleting neutron.network object s_rally_f1454606_ltkplxdM (bbb2cac5-de65-42c1-95e5-c8ef64fcad93)
2019-10-28 02:10:30.446 27676 RALLYDEBUG rally_openstack.cleanup.manager [-] Deleting neutron.network object s_rally_f1454606_IjSIGt5d (bbe6d31c-6f7a-4eb1-b3eb-25867721fef6)
2019-10-28 02:10:30.487 27676 RALLYDEBUG rally_openstack.cleanup.manager [-] Deleting neutron.network object s_rally_f1454606_hMvlFTBp (bec8457d-2a53-4021-8afc-d8178203e9fd)
2019-10-28 02:10:30.557 27676 RALLYDEBUG rally_openstack.cleanup.manager [-] Deleting neutron.network object s_rally_f1454606_hhsrQQdx (bf96b241-2c7f-4e18-94cc-92049b1efb66)
2019-10-28 02:10:30.571 27676 RALLYDEBUG rally_openstack.cleanup.manager [-] Deleting neutron.network object s_rally_f1454606_6ZWoMtv6 (bfb513e4-182d-4739-8938-505a8904c22d)
2019-10-28 02:10:30.766 27676 RALLYDEBUG rally_openstack.cleanup.manager [-] Deleting neutron.network object s_rally_f1454606_raNkVomt (c44fff05-0698-46f3-9be4-cb684d4566b1)
2019-10-28 02:10:31.131 27676 RALLYDEBUG rally_openstack.cleanup.manager [-] Deleting neutron.network object s_rally_f1454606_agiGmEPW (c46097d3-1a38-4eed-a345-e148afbf1dfe)
2019-10-28 02:10:31.148 27676 RALLYDEBUG rally_openstack.cleanup.manager [-] Deleting neutron.network object s_rally_f1454606_h1ir3oiA (c5fae69b-a96a-4919-8819-f24e30201387)
2019-10-28 02:10:31.152 27676 RALLYDEBUG rally_openstack.cleanup.manager [-] Deleting neutron.network object s_rally_f1454606_gtFcly8O (c910aaaf-9840-4bd5-bea3-6f89c179fa9b)
2019-10-28 02:10:31.209 27676 RALLYDEBUG rally_openstack.cleanup.manager [-] Deleting neutron.network object s_rally_f1454606_J2VxJv8E (cbb725fd-653b-44ad-baa2-de8e9ee050dd)
2019-10-28 02:10:31.413 27676 RALLYDEBUG rally_openstack.cleanup.manager [-] Deleting neutron.network object s_rally_f1454606_G1FF9g8s (cc947ded-af7a-47f3-b14d-57de006d4a7b)
2019-10-28 02:10:31.489 27676 RALLYDEBUG rally_openstack.cleanup.manager [-] Deleting neutron.network object s_rally_f1454606_fQtYaPVZ (d0ccbf01-1036-4b1e-96e8-3fe1acc1f898)
2019-10-28 02:10:31.617 27676 RALLYDEBUG rally_openstack.cleanup.manager [-] Deleting neutron.network object s_rally_f1454606_5gkufmvS (d3dbd965-7002-4bcc-a2bd-58b24c487fa8)
2019-10-28 02:10:31.928 27676 RALLYDEBUG rally_openstack.cleanup.manager [-] Deleting neutron.network object s_rally_f1454606_zZSpK3vs (db2ebfc4-a12e-4c27-8506-25d365e22188)
2019-10-28 02:10:31.938 27676 RALLYDEBUG rally_openstack.cleanup.manager [-] Deleting neutron.network object s_rally_f1454606_YVxgGxBy (dc9c89d6-73cf-487d-98f9-260c6c50220b)
2019-10-28 02:10:31.946 27676 RALLYDEBUG rally_openstack.cleanup.manager [-] Deleting neutron.network object s_rally_f1454606_g1j6ZIPU (dd086b24-e8f5-47ef-99e0-e28169cc8fea)
2019-10-28 02:10:31.954 27676 RALLYDEBUG rally_openstack.cleanup.manager [-] Deleting neutron.network object s_rally_f1454606_09zIcur3 (dec74494-867d-479e-bddf-d8e500fe0660)
2019-10-28 02:10:32.138 27676 RALLYDEBUG rally_openstack.cleanup.manager [-] Deleting neutron.network object s_rally_f1454606_UFslnCnN (e0335614-55fe-48dc-8d03-653297e6a48e)
2019-10-28 02:10:32.228 27676 RALLYDEBUG rally_openstack.cleanup.manager [-] Deleting neutron.network object s_rally_f1454606_bXwmJumU (e676bb20-e517-4a81-b0b7-d3c41e9bc775)
2019-10-28 02:10:32.328 27676 RALLYDEBUG rally_openstack.cleanup.manager [-] Deleting neutron.network object s_rally_f1454606_F5ULy3wr (e750bd14-7d47-492c-bc94-e2d2a3ccece8)
2019-10-28 02:10:32.338 27676 RALLYDEBUG rally_openstack.cleanup.manager [-] Deleting neutron.network object s_rally_f1454606_kppNd522 (ec57f965-21c5-45ca-a657-bcd858652da3)
2019-10-28 02:10:32.444 27676 RALLYDEBUG rally_openstack.cleanup.manager [-] Deleting neutron.network object s_rally_f1454606_5721hUHZ (ee7104db-8ea9-42d5-8e37-75a85b52a020)
2019-10-28 02:10:32.476 27676 RALLYDEBUG rally_openstack.cleanup.manager [-] Deleting neutron.network object s_rally_f1454606_oFI9dK6C (eeb80204-06ae-45d3-9d29-7d5f41a59852)
2019-10-28 02:10:32.575 27676 RALLYDEBUG rally_openstack.cleanup.manager [-] Deleting neutron.network object s_rally_f1454606_2Ot5mScA (ef18a69d-4684-4134-9f1f-d7e52f77e856)
2019-10-28 02:10:32.586 27676 RALLYDEBUG rally_openstack.cleanup.manager [-] Deleting neutron.network object s_rally_f1454606_99zto86z (f596c8b7-fc93-4456-839b-f69785ae9311)
