2019-10-28 02:14:10.541 29878 INFO rally.task.runner [-] Task 58fbdd56-e129-409c-ab38-a6976574e4bd | ITER: 9 START
2019-10-28 02:14:10.543 29878 WARNING rally_openstack.scenarios.neutron.utils [-] Running this scenario without either the 'network' or 'existing_network' context is deprecated
2019-10-28 02:14:10.544 29883 INFO rally.task.runner [-] Task 58fbdd56-e129-409c-ab38-a6976574e4bd | ITER: 10 START
2019-10-28 02:14:10.533 29870 WARNING rally_openstack.scenarios.neutron.utils [-] Running this scenario without either the 'network' or 'existing_network' context is deprecated
2019-10-28 02:14:10.545 29890 RALLYDEBUG rally.task.runner [-] Starting a worker. times: 40 duration: None concurrency: 1 timeout: 0 cls: method_name: run args: {"network_create_args": {}, "subnet_create_args": {}, "subnet_cidr_start": "1.1.0.0/30", "subnets_per_network": 2}
2019-10-28 02:14:10.546 29883 WARNING rally_openstack.scenarios.neutron.utils [-] Running this scenario without either the 'network' or 'existing_network' context is deprecated
2019-10-28 02:14:10.537 29871 WARNING rally_openstack.scenarios.neutron.utils [-] Running this scenario without either the 'network' or 'existing_network' context is deprecated
2019-10-28 02:14:10.541 29875 INFO rally.task.runner [-] Task 58fbdd56-e129-409c-ab38-a6976574e4bd | ITER: 8 START
2019-10-28 02:14:10.550 29875 WARNING rally_openstack.scenarios.neutron.utils [-] Running this scenario without either the 'network' or 'existing_network' context is deprecated
2019-10-28 02:14:10.544 29872 INFO rally.task.runner [-] Task 58fbdd56-e129-409c-ab38-a6976574e4bd | ITER: 7 START
2019-10-28 02:14:10.551 29893 RALLYDEBUG rally.task.runner [-] Starting a worker. times: 40 duration: None concurrency: 1 timeout: 0 cls: method_name: run args: {"network_create_args": {}, "subnet_create_args": {}, "subnet_cidr_start": "1.1.0.0/30", "subnets_per_network": 2}
2019-10-28 02:14:10.551 29890 INFO rally.task.runner [-] Task 58fbdd56-e129-409c-ab38-a6976574e4bd | ITER: 11 START
2019-10-28 02:14:10.552 29872 WARNING rally_openstack.scenarios.neutron.utils [-] Running this scenario without either the 'network' or 'existing_network' context is deprecated
2019-10-28 02:14:10.553 29890 WARNING rally_openstack.scenarios.neutron.utils [-] Running this scenario without either the 'network' or 'existing_network' context is deprecated
2019-10-28 02:14:10.556 29893 INFO rally.task.runner [-] Task 58fbdd56-e129-409c-ab38-a6976574e4bd | ITER: 12 START
2019-10-28 02:14:10.558 29893 WARNING rally_openstack.scenarios.neutron.utils [-] Running this scenario without either the 'network' or 'existing_network' context is deprecated
2019-10-28 02:14:10.559 29896 RALLYDEBUG rally.task.runner [-] Starting a worker. times: 40 duration: None concurrency: 1 timeout: 0 cls: method_name: run args: {"network_create_args": {}, "subnet_create_args": {}, "subnet_cidr_start": "1.1.0.0/30", "subnets_per_network": 2}
2019-10-28 02:14:10.565 29896 INFO rally.task.runner [-] Task 58fbdd56-e129-409c-ab38-a6976574e4bd | ITER: 13 START
2019-10-28 02:14:10.565 29899 RALLYDEBUG rally.task.runner [-] Starting a worker. times: 40 duration: None concurrency: 1 timeout: 0 cls: method_name: run args: {"network_create_args": {}, "subnet_create_args": {}, "subnet_cidr_start": "1.1.0.0/30", "subnets_per_network": 2}
2019-10-28 02:14:10.568 29896 WARNING rally_openstack.scenarios.neutron.utils [-] Running this scenario without either the 'network' or 'existing_network' context is deprecated
2019-10-28 02:14:10.570 29902 RALLYDEBUG rally.task.runner [-] Starting a worker. times: 40 duration: None concurrency: 1 timeout: 0 cls: method_name: run args: {"network_create_args": {}, "subnet_create_args": {}, "subnet_cidr_start": "1.1.0.0/30", "subnets_per_network": 2}
2019-10-28 02:14:10.571 29899 INFO rally.task.runner [-] Task 58fbdd56-e129-409c-ab38-a6976574e4bd | ITER: 14 START
2019-10-28 02:14:10.573 29899 WARNING rally_openstack.scenarios.neutron.utils [-] Running this scenario without either the 'network' or 'existing_network' context is deprecated
2019-10-28 02:14:10.574 29902 INFO rally.task.runner [-] Task 58fbdd56-e129-409c-ab38-a6976574e4bd | ITER: 15 START
2019-10-28 02:14:10.576 29902 WARNING rally_openstack.scenarios.neutron.utils [-] Running this scenario without either the 'network' or 'existing_network' context is deprecated
2019-10-28 02:14:10.579 29907 RALLYDEBUG rally.task.runner [-] Starting a worker. times: 40 duration: None concurrency: 1 timeout: 0 cls: method_name: run args: {"network_create_args": {}, "subnet_create_args": {}, "subnet_cidr_start": "1.1.0.0/30", "subnets_per_network": 2}
2019-10-28 02:14:10.583 29907 INFO rally.task.runner [-] Task 58fbdd56-e129-409c-ab38-a6976574e4bd | ITER: 16 START
2019-10-28 02:14:10.584 29907 WARNING rally_openstack.scenarios.neutron.utils [-] Running this scenario without either the 'network' or 'existing_network' context is deprecated
2019-10-28 02:14:10.585 29908 RALLYDEBUG rally.task.runner [-] Starting a worker. times: 40 duration: None concurrency: 1 timeout: 0 cls: method_name: run args: {"network_create_args": {}, "subnet_create_args": {}, "subnet_cidr_start": "1.1.0.0/30", "subnets_per_network": 2}
2019-10-28 02:14:10.589 29908 INFO rally.task.runner [-] Task 58fbdd56-e129-409c-ab38-a6976574e4bd | ITER: 17 START
2019-10-28 02:14:10.591 29908 WARNING rally_openstack.scenarios.neutron.utils [-] Running this scenario without either the 'network' or 'existing_network' context is deprecated
2019-10-28 02:14:10.592 29911 RALLYDEBUG rally.task.runner [-] Starting a worker. times: 40 duration: None concurrency: 1 timeout: 0 cls: method_name: run args: {"network_create_args": {}, "subnet_create_args": {}, "subnet_cidr_start": "1.1.0.0/30", "subnets_per_network": 2}
2019-10-28 02:14:10.595 29914 RALLYDEBUG rally.task.runner [-] Starting a worker. times: 40 duration: None concurrency: 1 timeout: 0 cls: method_name: run args: {"network_create_args": {}, "subnet_create_args": {}, "subnet_cidr_start": "1.1.0.0/30", "subnets_per_network": 2}
2019-10-28 02:14:10.596 29911 INFO rally.task.runner [-] Task 58fbdd56-e129-409c-ab38-a6976574e4bd | ITER: 18 START
2019-10-28 02:14:10.597 29911 WARNING rally_openstack.scenarios.neutron.utils [-] Running this scenario without either the 'network' or 'existing_network' context is deprecated
2019-10-28 02:14:10.597 29915 RALLYDEBUG rally.task.runner [-] Starting a worker. times: 40 duration: None concurrency: 1 timeout: 0 cls: method_name: run args: {"network_create_args": {}, "subnet_create_args": {}, "subnet_cidr_start": "1.1.0.0/30", "subnets_per_network": 2}
2019-10-28 02:14:10.599 29914 INFO rally.task.runner [-] Task 58fbdd56-e129-409c-ab38-a6976574e4bd | ITER: 19 START
2019-10-28 02:14:10.600 29914 WARNING rally_openstack.scenarios.neutron.utils [-] Running this scenario without either the 'network' or 'existing_network' context is deprecated
2019-10-28 02:14:10.601 29915 INFO rally.task.runner [-] Task 58fbdd56-e129-409c-ab38-a6976574e4bd | ITER: 20 START
2019-10-28 02:14:10.602 29915 WARNING rally_openstack.scenarios.neutron.utils [-] Running this scenario without either the 'network' or 'existing_network' context is deprecated
2019-10-28 02:14:11.241 29872 RALLYDEBUG rally_openstack.wrappers.network [-] CIDR generated: 1.1.4.96/30
2019-10-28 02:14:11.322 29890 RALLYDEBUG rally_openstack.wrappers.network [-] CIDR generated: 1.1.4.100/30
2019-10-28 02:14:11.387 29875 RALLYDEBUG rally_openstack.wrappers.network [-] CIDR generated: 1.1.4.104/30
2019-10-28 02:14:11.438 29902 RALLYDEBUG rally_openstack.wrappers.network [-] CIDR generated: 1.1.4.108/30
2019-10-28 02:14:11.498 29914 RALLYDEBUG rally_openstack.wrappers.network [-] CIDR generated: 1.1.4.112/30
2019-10-28 02:14:11.529 29899 RALLYDEBUG rally_openstack.wrappers.network [-] CIDR generated: 1.1.4.116/30
2019-10-28 02:14:11.542 29896 RALLYDEBUG rally_openstack.wrappers.network [-] CIDR generated: 1.1.4.120/30
2019-10-28 02:14:11.570 29907 RALLYDEBUG rally_openstack.wrappers.network [-] CIDR generated: 1.1.4.124/30
2019-10-28 02:14:11.647 29915 RALLYDEBUG rally_openstack.wrappers.network [-] CIDR generated: 1.1.4.128/30
2019-10-28 02:14:11.656 29911 RALLYDEBUG rally_openstack.wrappers.network [-] CIDR generated: 1.1.4.132/30
2019-10-28 02:14:11.784 29872 RALLYDEBUG rally_openstack.wrappers.network [-] CIDR generated: 1.1.4.136/30
2019-10-28 02:14:11.862 29870 RALLYDEBUG rally_openstack.wrappers.network [-] CIDR generated: 1.1.4.140/30
2019-10-28 02:14:11.901 29870 RALLYDEBUG rally_openstack.wrappers.network [-] CIDR generated: 1.1.4.144/30
2019-10-28 02:14:12.077 29878 RALLYDEBUG rally_openstack.wrappers.network [-] CIDR generated: 1.1.4.148/30
2019-10-28 02:14:12.091 29902 RALLYDEBUG rally_openstack.wrappers.network [-] CIDR generated: 1.1.4.152/30
2019-10-28 02:14:12.098 29871 RALLYDEBUG rally_openstack.wrappers.network [-] CIDR generated: 1.1.4.156/30
2019-10-28 02:14:12.107 29883 RALLYDEBUG rally_openstack.wrappers.network [-] CIDR generated: 1.1.4.160/30
2019-10-28 02:14:12.110 29893 RALLYDEBUG rally_openstack.wrappers.network [-] CIDR generated: 1.1.4.164/30
2019-10-28 02:14:12.178 29908 RALLYDEBUG rally_openstack.wrappers.network [-] CIDR generated: 1.1.4.168/30
2019-10-28 02:14:12.306 29911 RALLYDEBUG rally_openstack.wrappers.network [-] CIDR generated: 1.1.4.172/30
2019-10-28 02:14:12.329 29907 RALLYDEBUG rally_openstack.wrappers.network [-] CIDR generated: 1.1.4.176/30
2019-10-28 02:14:12.435 29875 RALLYDEBUG rally_openstack.wrappers.network [-] CIDR generated: 1.1.4.180/30
2019-10-28 02:14:12.591 29871 RALLYDEBUG rally_openstack.wrappers.network [-] CIDR generated: 1.1.4.184/30
2019-10-28 02:14:12.611 29915 RALLYDEBUG rally_openstack.wrappers.network [-] CIDR generated: 1.1.4.188/30
2019-10-28 02:14:12.648 29914 RALLYDEBUG rally_openstack.wrappers.network [-] CIDR generated: 1.1.4.192/30
2019-10-28 02:14:13.004 29893 RALLYDEBUG rally_openstack.wrappers.network [-] CIDR generated: 1.1.4.196/30
2019-10-28 02:14:13.071 29899 RALLYDEBUG rally_openstack.wrappers.network [-] CIDR generated: 1.1.4.200/30
2019-10-28 02:14:13.388 29896 RALLYDEBUG rally_openstack.wrappers.network [-] CIDR generated: 1.1.4.204/30
2019-10-28 02:14:13.428 29871 RALLYDEBUG rally_openstack.wrappers.network [-] CIDR generated: 1.1.4.208/30
2019-10-28 02:14:13.598 29872 RALLYDEBUG rally_openstack.wrappers.network [-] CIDR generated: 1.1.4.212/30
2019-10-28 02:14:13.598 29870 RALLYDEBUG rally_openstack.wrappers.network [-] CIDR generated: 1.1.4.216/30
2019-10-28 02:14:13.606 29872 RALLYDEBUG rally_openstack.wrappers.network [-] CIDR generated: 1.1.4.220/30
2019-10-28 02:14:14.197 29890 RALLYDEBUG rally_openstack.wrappers.network [-] CIDR generated: 1.1.4.224/30
2019-10-28 02:14:14.216 29878 RALLYDEBUG rally_openstack.wrappers.network [-] CIDR generated: 1.1.4.228/30
2019-10-28 02:14:14.714 29875 RALLYDEBUG rally_openstack.wrappers.network [-] CIDR generated: 1.1.4.232/30
2019-10-28 02:14:14.785 29871 RALLYDEBUG rally_openstack.wrappers.network [-] CIDR generated: 1.1.4.236/30
2019-10-28 02:14:14.810 29870 RALLYDEBUG rally_openstack.wrappers.network [-] CIDR generated: 1.1.4.240/30
2019-10-28 02:14:14.890 29908 RALLYDEBUG rally_openstack.wrappers.network [-] CIDR generated: 1.1.4.244/30
2019-10-28 02:14:14.896 29883 RALLYDEBUG rally_openstack.wrappers.network [-] CIDR generated: 1.1.4.248/30
2019-10-28 02:14:14.901 29875 RALLYDEBUG rally_openstack.wrappers.network [-] CIDR generated: 1.1.4.252/30
2019-10-28 02:14:16.176 29890 INFO rally.task.runner [-] Task 58fbdd56-e129-409c-ab38-a6976574e4bd | ITER: 11 END: OK
2019-10-28 02:14:16.180 29890 INFO rally.task.runner [-] Task 58fbdd56-e129-409c-ab38-a6976574e4bd | ITER: 21 START
2019-10-28 02:14:16.181 29890 WARNING rally_openstack.scenarios.neutron.utils [-] Running this scenario without either the 'network' or 'existing_network' context is deprecated
2019-10-28 02:14:16.424 29902 INFO rally.task.runner [-] Task 58fbdd56-e129-409c-ab38-a6976574e4bd | ITER: 15 END: OK
2019-10-28 02:14:16.428 29902 INFO rally.task.runner [-] Task 58fbdd56-e129-409c-ab38-a6976574e4bd | ITER: 22 START
2019-10-28 02:14:16.429 29902 WARNING rally_openstack.scenarios.neutron.utils [-] Running this scenario without either the 'network' or 'existing_network' context is deprecated
2019-10-28 02:14:16.802 29890 RALLYDEBUG rally_openstack.wrappers.network [-] CIDR generated: 1.1.5.0/30
2019-10-28 02:14:16.998 29872 INFO rally.task.runner [-] Task 58fbdd56-e129-409c-ab38-a6976574e4bd | ITER: 7 END: OK
2019-10-28 02:14:17.001 29902 RALLYDEBUG rally_openstack.wrappers.network [-] CIDR generated: 1.1.5.4/30
2019-10-28 02:14:17.002 29872 INFO rally.task.runner [-] Task 58fbdd56-e129-409c-ab38-a6976574e4bd | ITER: 23 START
2019-10-28 02:14:17.003 29872 WARNING rally_openstack.scenarios.neutron.utils [-] Running this scenario without either the 'network' or 'existing_network' context is deprecated
2019-10-28 02:14:17.458 29915 INFO rally.task.runner [-] Task 58fbdd56-e129-409c-ab38-a6976574e4bd | ITER: 20 END: OK
2019-10-28 02:14:17.462 29915 INFO rally.task.runner [-] Task 58fbdd56-e129-409c-ab38-a6976574e4bd | ITER: 24 START
2019-10-28 02:14:17.463 29915 WARNING rally_openstack.scenarios.neutron.utils [-] Running this scenario without either the 'network' or 'existing_network' context is deprecated
2019-10-28 02:14:17.622 29902 RALLYDEBUG rally_openstack.wrappers.network [-] CIDR generated: 1.1.5.8/30
2019-10-28 02:14:17.659 29871 INFO rally.task.runner [-] Task 58fbdd56-e129-409c-ab38-a6976574e4bd | ITER: 2 END: OK
2019-10-28 02:14:17.663 29871 INFO rally.task.runner [-] Task 58fbdd56-e129-409c-ab38-a6976574e4bd | ITER: 25 START
2019-10-28 02:14:17.664 29871 WARNING rally_openstack.scenarios.neutron.utils [-] Running this scenario without either the 'network' or 'existing_network' context is deprecated
2019-10-28 02:14:17.669 29872 RALLYDEBUG rally_openstack.wrappers.network [-] CIDR generated: 1.1.5.12/30
2019-10-28 02:14:17.824 29908 INFO rally.task.runner [-] Task 58fbdd56-e129-409c-ab38-a6976574e4bd | ITER: 17 END: OK
2019-10-28 02:14:17.828 29908 INFO rally.task.runner [-] Task 58fbdd56-e129-409c-ab38-a6976574e4bd | ITER: 26 START
2019-10-28 02:14:17.828 29908 WARNING rally_openstack.scenarios.neutron.utils [-] Running this scenario without either the 'network' or 'existing_network' context is deprecated
2019-10-28 02:14:18.083 29890 RALLYDEBUG rally_openstack.wrappers.network [-] CIDR generated: 1.1.5.16/30
2019-10-28 02:14:18.130 29871 INFO rally.task.runner [-] Task 58fbdd56-e129-409c-ab38-a6976574e4bd | ITER: 5 END: OK
2019-10-28 02:14:18.133 29871 INFO rally.task.runner [-] Task 58fbdd56-e129-409c-ab38-a6976574e4bd | ITER: 27 START
2019-10-28 02:14:18.134 29871 WARNING rally_openstack.scenarios.neutron.utils [-] Running this scenario without either the 'network' or 'existing_network' context is deprecated
2019-10-28 02:14:18.152 29871 RALLYDEBUG rally_openstack.wrappers.network [-] CIDR generated: 1.1.5.20/30
2019-10-28 02:14:18.474 29908 RALLYDEBUG rally_openstack.wrappers.network [-] CIDR generated: 1.1.5.24/30
2019-10-28 02:14:18.666 29915 RALLYDEBUG rally_openstack.wrappers.network [-] CIDR generated: 1.1.5.28/30
2019-10-28 02:14:18.754 29871 RALLYDEBUG rally_openstack.wrappers.network [-] CIDR generated: 1.1.5.32/30
2019-10-28 02:14:18.996 29914 INFO rally.task.runner [-] Task 58fbdd56-e129-409c-ab38-a6976574e4bd | ITER: 19 END: OK
2019-10-28 02:14:19.000 29914 INFO rally.task.runner [-] Task 58fbdd56-e129-409c-ab38-a6976574e4bd | ITER: 28 START
2019-10-28 02:14:19.001 29914 WARNING rally_openstack.scenarios.neutron.utils [-] Running this scenario without either the 'network' or 'existing_network' context is deprecated
2019-10-28 02:14:19.090 29872 RALLYDEBUG rally_openstack.wrappers.network [-] CIDR generated: 1.1.5.36/30
2019-10-28 02:14:19.107 29871 RALLYDEBUG rally_openstack.wrappers.network [-] CIDR generated: 1.1.5.40/30
2019-10-28 02:14:19.114 29911 INFO rally.task.runner [-] Task 58fbdd56-e129-409c-ab38-a6976574e4bd | ITER: 18 END: OK
2019-10-28 02:14:19.117 29911 INFO rally.task.runner [-] Task 58fbdd56-e129-409c-ab38-a6976574e4bd | ITER: 29 START
2019-10-28 02:14:19.118 29911 WARNING rally_openstack.scenarios.neutron.utils [-] Running this scenario without either the 'network' or 'existing_network' context is deprecated
2019-10-28 02:14:19.345 29908 RALLYDEBUG rally_openstack.wrappers.network [-] CIDR generated: 1.1.5.44/30
2019-10-28 02:14:19.709 29878 INFO rally.task.runner [-] Task 58fbdd56-e129-409c-ab38-a6976574e4bd | ITER: 9 END: OK
2019-10-28 02:14:19.713 29878 INFO rally.task.runner [-] Task 58fbdd56-e129-409c-ab38-a6976574e4bd | ITER: 30 START
2019-10-28 02:14:19.714 29878 WARNING rally_openstack.scenarios.neutron.utils [-] Running this scenario without either the 'network' or 'existing_network' context is deprecated
2019-10-28 02:14:19.843 29914 RALLYDEBUG rally_openstack.wrappers.network [-] CIDR generated: 1.1.5.48/30
2019-10-28 02:14:20.471 29871 RALLYDEBUG rally_openstack.wrappers.network [-] CIDR generated: 1.1.5.52/30
2019-10-28 02:14:20.508 29915 RALLYDEBUG rally_openstack.wrappers.network [-] CIDR generated: 1.1.5.56/30
2019-10-28 02:14:20.516 29870 INFO rally.task.runner [-] Task 58fbdd56-e129-409c-ab38-a6976574e4bd | ITER: 3 END: OK
2019-10-28 02:14:20.520 29870 INFO rally.task.runner [-] Task 58fbdd56-e129-409c-ab38-a6976574e4bd | ITER: 31 START
2019-10-28 02:14:20.520 29870 WARNING rally_openstack.scenarios.neutron.utils [-] Running this scenario without either the 'network' or 'existing_network' context is deprecated
2019-10-28 02:14:20.615 29870 INFO rally.task.runner [-] Task 58fbdd56-e129-409c-ab38-a6976574e4bd | ITER: 1 END: OK
2019-10-28 02:14:20.617 29870 INFO rally.task.runner [-] Task 58fbdd56-e129-409c-ab38-a6976574e4bd | ITER: 32 START
2019-10-28 02:14:20.618 29870 WARNING rally_openstack.scenarios.neutron.utils [-] Running this scenario without either the 'network' or 'existing_network' context is deprecated
2019-10-28 02:14:20.690 29878 RALLYDEBUG rally_openstack.wrappers.network [-] CIDR generated: 1.1.5.60/30
2019-10-28 02:14:20.794 29899 INFO rally.task.runner [-] Task 58fbdd56-e129-409c-ab38-a6976574e4bd | ITER: 14 END: OK
2019-10-28 02:14:20.798 29899 INFO rally.task.runner [-] Task 58fbdd56-e129-409c-ab38-a6976574e4bd | ITER: 33 START
2019-10-28 02:14:20.799 29899 WARNING rally_openstack.scenarios.neutron.utils [-] Running this scenario without either the 'network' or 'existing_network' context is deprecated
2019-10-28 02:14:20.803 29907 INFO rally.task.runner [-] Task 58fbdd56-e129-409c-ab38-a6976574e4bd | ITER: 16 END: OK
2019-10-28 02:14:20.807 29907 INFO rally.task.runner [-] Task 58fbdd56-e129-409c-ab38-a6976574e4bd | ITER: 34 START
2019-10-28 02:14:20.807 29907 WARNING rally_openstack.scenarios.neutron.utils [-] Running this scenario without either the 'network' or 'existing_network' context is deprecated
2019-10-28 02:14:20.817 29911 RALLYDEBUG rally_openstack.wrappers.network [-] CIDR generated: 1.1.5.64/30
2019-10-28 02:14:21.201 29870 RALLYDEBUG rally_openstack.wrappers.network [-] CIDR generated: 1.1.5.68/30
2019-10-28 02:14:21.209 29896 INFO rally.task.runner [-] Task 58fbdd56-e129-409c-ab38-a6976574e4bd | ITER: 13 END: OK
2019-10-28 02:14:21.213 29896 INFO rally.task.runner [-] Task 58fbdd56-e129-409c-ab38-a6976574e4bd | ITER: 35 START
2019-10-28 02:14:21.214 29896 WARNING rally_openstack.scenarios.neutron.utils [-] Running this scenario without either the 'network' or 'existing_network' context is deprecated
2019-10-28 02:14:21.223 29872 INFO rally.task.runner [-] Task 58fbdd56-e129-409c-ab38-a6976574e4bd | ITER: 4 END: OK
2019-10-28 02:14:21.226 29872 INFO rally.task.runner [-] Task 58fbdd56-e129-409c-ab38-a6976574e4bd | ITER: 36 START
2019-10-28 02:14:21.227 29872 WARNING rally_openstack.scenarios.neutron.utils [-] Running this scenario without either the 'network' or 'existing_network' context is deprecated
2019-10-28 02:14:21.395 29872 INFO rally.task.runner [-] Task 58fbdd56-e129-409c-ab38-a6976574e4bd | ITER: 23 END: OK
2019-10-28 02:14:21.398 29872 INFO rally.task.runner [-] Task 58fbdd56-e129-409c-ab38-a6976574e4bd | ITER: 37 START
2019-10-28 02:14:21.399 29872 WARNING rally_openstack.scenarios.neutron.utils [-] Running this scenario without either the 'network' or 'existing_network' context is deprecated
2019-10-28 02:14:21.404 29870 RALLYDEBUG rally_openstack.wrappers.network [-] CIDR generated: 1.1.5.72/30
2019-10-28 02:14:21.538 29899 RALLYDEBUG rally_openstack.wrappers.network [-] CIDR generated: 1.1.5.76/30
2019-10-28 02:14:21.640 29914 RALLYDEBUG rally_openstack.wrappers.network [-] CIDR generated: 1.1.5.80/30
2019-10-28 02:14:21.864 29907 RALLYDEBUG rally_openstack.wrappers.network [-] CIDR generated: 1.1.5.84/30
2019-10-28 02:14:22.037 29893 INFO rally.task.runner [-] Task 58fbdd56-e129-409c-ab38-a6976574e4bd | ITER: 12 END: OK
2019-10-28 02:14:22.042 29893 INFO rally.task.runner [-] Task 58fbdd56-e129-409c-ab38-a6976574e4bd | ITER: 38 START
2019-10-28 02:14:22.042 29893 WARNING rally_openstack.scenarios.neutron.utils [-] Running this scenario without either the 'network' or 'existing_network' context is deprecated
2019-10-28 02:14:22.086 29872 RALLYDEBUG rally_openstack.wrappers.network [-] CIDR generated: 1.1.5.88/30
2019-10-28 02:14:22.091 29896 RALLYDEBUG rally_openstack.wrappers.network [-] CIDR generated: 1.1.5.92/30
2019-10-28 02:14:22.126 29883 INFO rally.task.runner [-] Task 58fbdd56-e129-409c-ab38-a6976574e4bd | ITER: 10 END: OK
2019-10-28 02:14:22.130 29883 INFO rally.task.runner [-] Task 58fbdd56-e129-409c-ab38-a6976574e4bd | ITER: 39 START
2019-10-28 02:14:22.131 29883 WARNING rally_openstack.scenarios.neutron.utils [-] Running this scenario without either the 'network' or 'existing_network' context is deprecated
2019-10-28 02:14:22.317 29911 RALLYDEBUG rally_openstack.wrappers.network [-] CIDR generated: 1.1.5.96/30
2019-10-28 02:14:22.353 29872 RALLYDEBUG rally_openstack.wrappers.network [-] CIDR generated: 1.1.5.100/30
2019-10-28 02:14:22.623 29878 RALLYDEBUG rally_openstack.wrappers.network [-] CIDR generated: 1.1.5.104/30
2019-10-28 02:14:22.699 29883 RALLYDEBUG rally_openstack.wrappers.network [-] CIDR generated: 1.1.5.108/30
2019-10-28 02:14:22.749 29875 INFO rally.task.runner [-] Task 58fbdd56-e129-409c-ab38-a6976574e4bd | ITER: 8 END: OK
2019-10-28 02:14:22.753 29875 INFO rally.task.runner [-] Task 58fbdd56-e129-409c-ab38-a6976574e4bd | ITER: 40 START
2019-10-28 02:14:22.754 29875 WARNING rally_openstack.scenarios.neutron.utils [-] Running this scenario without either the 'network' or 'existing_network' context is deprecated
2019-10-28 02:14:22.819 29899 RALLYDEBUG rally_openstack.wrappers.network [-] CIDR generated: 1.1.5.112/30
2019-10-28 02:14:22.922 29870 RALLYDEBUG rally_openstack.wrappers.network [-] CIDR generated: 1.1.5.116/30
2019-10-28 02:14:23.406 29907 RALLYDEBUG rally_openstack.wrappers.network [-] CIDR generated: 1.1.5.120/30
2019-10-28 02:14:23.803 29875 INFO rally.task.runner [-] Task 58fbdd56-e129-409c-ab38-a6976574e4bd | ITER: 6 END: OK
2019-10-28 02:14:23.829 29875 RALLYDEBUG rally_openstack.wrappers.network [-] CIDR generated: 1.1.5.124/30
2019-10-28 02:14:24.069 29893 RALLYDEBUG rally_openstack.wrappers.network [-] CIDR generated: 1.1.5.128/30
2019-10-28 02:14:24.073 29871 INFO rally.task.runner [-] Task 58fbdd56-e129-409c-ab38-a6976574e4bd | ITER: 25 END: OK
2019-10-28 02:14:24.191 29908 INFO rally.task.runner [-] Task 58fbdd56-e129-409c-ab38-a6976574e4bd | ITER: 26 END: OK
2019-10-28 02:14:24.420 29872 RALLYDEBUG rally_openstack.wrappers.network [-] CIDR generated: 1.1.5.132/30
2019-10-28 02:14:24.522 29872 RALLYDEBUG rally_openstack.wrappers.network [-] CIDR generated: 1.1.5.136/30
2019-10-28 02:14:24.668 29911 INFO rally.task.runner [-] Task 58fbdd56-e129-409c-ab38-a6976574e4bd | ITER: 29 END: OK
2019-10-28 02:14:24.835 29875 RALLYDEBUG rally_openstack.wrappers.network [-] CIDR generated: 1.1.5.140/30
2019-10-28 02:14:24.930 29893 RALLYDEBUG rally_openstack.wrappers.network [-] CIDR generated: 1.1.5.144/30
2019-10-28 02:14:25.076 29870 RALLYDEBUG rally_openstack.wrappers.network [-] CIDR generated: 1.1.5.148/30
2019-10-28 02:14:25.727 29896 RALLYDEBUG rally_openstack.wrappers.network [-] CIDR generated: 1.1.5.152/30
2019-10-28 02:14:25.883 29915 INFO rally.task.runner [-] Task 58fbdd56-e129-409c-ab38-a6976574e4bd | ITER: 24 END: OK
2019-10-28 02:14:26.181 29907 INFO rally.task.runner [-] Task 58fbdd56-e129-409c-ab38-a6976574e4bd | ITER: 34 END: OK
2019-10-28 02:14:26.360 29899 INFO rally.task.runner [-] Task 58fbdd56-e129-409c-ab38-a6976574e4bd | ITER: 33 END: OK
2019-10-28 02:14:26.495 29890 INFO rally.task.runner [-] Task 58fbdd56-e129-409c-ab38-a6976574e4bd | ITER: 21 END: OK
2019-10-28 02:14:27.350 29883 RALLYDEBUG rally_openstack.wrappers.network [-] CIDR generated: 1.1.5.156/30
2019-10-28 02:14:27.424 29902 INFO rally.task.runner [-] Task 58fbdd56-e129-409c-ab38-a6976574e4bd | ITER: 22 END: OK
2019-10-28 02:14:28.227 29893 INFO rally.task.runner [-] Task 58fbdd56-e129-409c-ab38-a6976574e4bd | ITER: 38 END: OK
2019-10-28 02:14:28.389 29896 INFO rally.task.runner [-] Task 58fbdd56-e129-409c-ab38-a6976574e4bd | ITER: 35 END: OK
2019-10-28 02:14:28.467 29871 INFO rally.task.runner [-] Task 58fbdd56-e129-409c-ab38-a6976574e4bd | ITER: 27 END: OK
2019-10-28 02:14:28.520 29914 INFO rally.task.runner [-] Task 58fbdd56-e129-409c-ab38-a6976574e4bd | ITER: 28 END: OK
2019-10-28 02:14:28.599 29870 INFO rally.task.runner [-] Task 58fbdd56-e129-409c-ab38-a6976574e4bd | ITER: 32 END: OK
2019-10-28 02:14:29.879 29878 INFO rally.task.runner [-] Task 58fbdd56-e129-409c-ab38-a6976574e4bd | ITER: 30 END: OK
2019-10-28 02:14:29.883 29875 INFO rally.task.runner [-] Task 58fbdd56-e129-409c-ab38-a6976574e4bd | ITER: 40 END: OK
2019-10-28 02:14:29.936 29872 INFO rally.task.runner [-] Task 58fbdd56-e129-409c-ab38-a6976574e4bd | ITER: 36 END: OK
2019-10-28 02:14:30.278 29872 INFO rally.task.runner [-] Task 58fbdd56-e129-409c-ab38-a6976574e4bd | ITER: 37 END: OK
2019-10-28 02:14:30.746 29883 INFO rally.task.runner [-] Task 58fbdd56-e129-409c-ab38-a6976574e4bd | ITER: 39 END: OK
2019-10-28 02:14:31.009 29870 INFO rally.task.runner [-] Task 58fbdd56-e129-409c-ab38-a6976574e4bd | ITER: 31 END: OK
2019-10-28 02:14:31.032 27676 INFO rally.task.context [-] Task 58fbdd56-e129-409c-ab38-a6976574e4bd | Context cleanup@openstack cleanup() started
2019-10-28 02:14:31.035 27676 RALLYDEBUG rally_openstack.cleanup.manager [-] Cleaning up neutron vip objects
2019-10-28 02:14:31.395 27676 RALLYDEBUG rally_openstack.cleanup.manager [-] Cleaning up neutron health_monitor objects
2019-10-28 02:14:31.770 27676 RALLYDEBUG rally_openstack.cleanup.manager [-] Cleaning up neutron pool objects
2019-10-28 02:14:32.133 27676 RALLYDEBUG rally_openstack.cleanup.manager [-] Cleaning up neutron loadbalancer objects
2019-10-28 02:14:32.485 27676 RALLYDEBUG rally_openstack.cleanup.manager [-] Cleaning up neutron floatingip objects
2019-10-28 02:14:32.884 27676 RALLYDEBUG rally_openstack.cleanup.manager [-] Cleaning up neutron trunk objects
2019-10-28 02:14:33.258 27676 RALLYDEBUG rally_openstack.cleanup.manager [-] Cleaning up neutron port objects
2019-10-28 02:14:33.737 27676 RALLYDEBUG rally_openstack.cleanup.manager [-] Cleaning up neutron subnet objects
2019-10-28 02:14:34.139 27676 RALLYDEBUG rally_openstack.cleanup.manager [-] Cleaning up neutron network objects
2019-10-28 02:14:34.692 27676 RALLYDEBUG rally_openstack.cleanup.manager [-] Deleting neutron.network object s_rally_94a12155_fzaUwIHI (08f792b1-2d69-494e-ad38-a2b29e605615)
2019-10-28 02:14:34.702 27676 RALLYDEBUG rally_openstack.cleanup.manager [-] Deleting neutron.network object s_rally_94a12155_N4pO7IVN (090f2c30-a7c8-4273-aa3e-4800756c788f)
2019-10-28 02:14:34.712 27676 RALLYDEBUG rally_openstack.cleanup.manager [-] Deleting neutron.network object s_rally_94a12155_RlPadrYM (0fb80f7b-afc4-4d41-9fc7-c83d816f0d5e)
2019-10-28 02:14:34.721 27676 RALLYDEBUG rally_openstack.cleanup.manager [-] Deleting neutron.network object s_rally_94a12155_i93jckVj (135b5afd-fe18-46f1-a966-860529e6a5ab)
2019-10-28 02:14:34.736 27676 RALLYDEBUG rally_openstack.cleanup.manager [-] Deleting neutron.network object s_rally_94a12155_HWYYBgjq (1ba5b95f-5866-4f41-9590-e991faba0c87)
2019-10-28 02:14:34.746 27676 RALLYDEBUG rally_openstack.cleanup.manager [-] Deleting neutron.network object s_rally_94a12155_3HCwBPpw (1bbbacd5-980c-40e7-9c91-9ca66e0b8cb1)
2019-10-28 02:14:34.754 27676 RALLYDEBUG rally_openstack.cleanup.manager [-] Deleting neutron.network object s_rally_94a12155_7mmoFrND (2ddc6da3-9036-466b-8326-726b80ccd351)
2019-10-28 02:14:34.765 27676 RALLYDEBUG rally_openstack.cleanup.manager [-] Deleting neutron.network object s_rally_94a12155_HrkBCxmd (2fddb33a-6d13-404c-a1db-f3cb4f477f97)
2019-10-28 02:14:34.777 27676 RALLYDEBUG rally_openstack.cleanup.manager [-] Deleting neutron.network object s_rally_94a12155_fdxx7KCB (3a026c60-d03b-4457-ae4b-51f8f22c53ed)
2019-10-28 02:14:34.790 27676 RALLYDEBUG rally_openstack.cleanup.manager [-] Deleting neutron.network object s_rally_94a12155_ervULZwK (3b4d45b0-7fd4-4dad-b2a1-d64b1924f21f)
2019-10-28 02:14:34.801 27676 RALLYDEBUG rally_openstack.cleanup.manager [-] Deleting neutron.network object s_rally_94a12155_TarJ1yEe (3bd78d86-8e94-41b0-90ea-0615fb88644c)
2019-10-28 02:14:34.819 27676 RALLYDEBUG rally_openstack.cleanup.manager [-] Deleting neutron.network object s_rally_94a12155_VsKugWph (3c09de57-8f45-4cbe-af50-34501e30eeee)
2019-10-28 02:14:34.835 27676 RALLYDEBUG rally_openstack.cleanup.manager [-] Deleting neutron.network object s_rally_94a12155_b1HkBJ5w (3f2d1277-6720-40bb-9635-9e84ff3369a5)
2019-10-28 02:14:34.844 27676 RALLYDEBUG rally_openstack.cleanup.manager [-] Deleting neutron.network object s_rally_94a12155_H1mlZ4ge (4e9282e9-0567-4c05-8fae-fde7413f6645)
2019-10-28 02:14:34.860 27676 RALLYDEBUG rally_openstack.cleanup.manager [-] Deleting neutron.network object s_rally_94a12155_EXYfDTCN (586385b6-a4c5-447d-8d7c-25ace8fa91d4)
2019-10-28 02:14:34.869 27676 RALLYDEBUG rally_openstack.cleanup.manager [-] Deleting neutron.network object s_rally_94a12155_9yEp2IrC (58f0ae2f-3956-4bd7-8b1d-47bf4cc7fb62)
2019-10-28 02:14:34.883 27676 RALLYDEBUG rally_openstack.cleanup.manager [-] Deleting neutron.network object s_rally_94a12155_wA6oAtlR (5c159e20-de96-4533-a5f6-a32347a0437f)
2019-10-28 02:14:34.910 27676 RALLYDEBUG rally_openstack.cleanup.manager [-] Deleting neutron.network object s_rally_94a12155_XZd6bONH (603d54c1-5bc2-4fa9-b5ec-c3cab735b891)
2019-10-28 02:14:34.922 27676 RALLYDEBUG rally_openstack.cleanup.manager [-] Deleting neutron.network object s_rally_94a12155_WoKi7s6F (625610de-d467-404b-b15f-d4becf78655f)
2019-10-28 02:14:34.930 27676 RALLYDEBUG rally_openstack.cleanup.manager [-] Deleting neutron.network object s_rally_94a12155_XJfnqJYF (6dba8495-f0c4-49db-9418-9c4d558b3354)
2019-10-28 02:14:36.895 27676 RALLYDEBUG rally_openstack.cleanup.manager [-] Deleting neutron.network object s_rally_94a12155_LrRNtmSg (70026ef0-f077-434b-9d16-c94908054c00)
2019-10-28 02:14:37.012 27676 RALLYDEBUG rally_openstack.cleanup.manager [-] Deleting neutron.network object s_rally_94a12155_OjJwAJl0 (708339b7-5963-4597-829f-a9f9b7154825)
2019-10-28 02:14:37.130 27676 RALLYDEBUG rally_openstack.cleanup.manager [-] Deleting neutron.network object s_rally_94a12155_O23Zt6xk (7e988a08-4523-4630-a0c3-2909a0f53117)
2019-10-28 02:14:37.212 27676 RALLYDEBUG rally_openstack.cleanup.manager [-] Deleting neutron.network object s_rally_94a12155_w6F41bsU (85efe018-9421-41b6-8e7d-902f90ef559e)
2019-10-28 02:14:37.330 27676 RALLYDEBUG rally_openstack.cleanup.manager [-] Deleting neutron.network object s_rally_94a12155_WHMgGPGo (865895d9-b683-4e5f-a016-f93ac65b3190)
2019-10-28 02:14:37.366 27676 RALLYDEBUG rally_openstack.cleanup.manager [-] Deleting neutron.network object s_rally_94a12155_NsAmMYj3 (88cc2c7b-73f1-4133-9c5d-8df9e4a1e83f)
2019-10-28 02:14:37.395 27676 RALLYDEBUG rally_openstack.cleanup.manager [-] Deleting neutron.network object s_rally_94a12155_VnBMl6us (997ebc40-8bd4-468c-8f07-2ef11603a0dc)
2019-10-28 02:14:37.404 27676 RALLYDEBUG rally_openstack.cleanup.manager [-] Deleting neutron.network object s_rally_94a12155_JSzL2zgB (a3db2220-7a6c-4270-a246-bb190ed37897)
2019-10-28 02:14:37.465 27676 RALLYDEBUG rally_openstack.cleanup.manager [-] Deleting neutron.network object s_rally_94a12155_6XENuulU (b10ab54e-7698-400a-b224-c7eb40c06ec2)
2019-10-28 02:14:37.539 27676 RALLYDEBUG rally_openstack.cleanup.manager [-] Deleting neutron.network object s_rally_94a12155_L8UlKnQA (b1af9b50-2ef7-4777-8c2b-2624758f5219)
2019-10-28 02:14:37.575 27676 RALLYDEBUG rally_openstack.cleanup.manager [-] Deleting neutron.network object s_rally_94a12155_NX7gyWJa (bfead4d9-0bd0-4998-814b-778f83433dff)
2019-10-28 02:14:37.605 27676 RALLYDEBUG rally_openstack.cleanup.manager [-] Deleting neutron.network object s_rally_94a12155_eaKedC97 (c4375e9b-9611-4ce7-9485-54b67f999aba)
2019-10-28 02:14:37.683 27676 RALLYDEBUG rally_openstack.cleanup.manager [-] Deleting neutron.network object s_rally_94a12155_tQlwRnJM (c93d2a6b-2e02-40e3-aaa3-58bdcbd865cd)
2019-10-28 02:14:37.702 27676 RALLYDEBUG rally_openstack.cleanup.manager [-] Deleting neutron.network object s_rally_94a12155_GIN6V7Sf (dd9b0938-9001-4862-b740-4c06721f0fdf)
2019-10-28 02:14:37.769 27676 RALLYDEBUG rally_openstack.cleanup.manager [-] Deleting neutron.network object s_rally_94a12155_aAFyTRI7 (dddf5260-4297-48c6-a244-6e0878d9ab75)
2019-10-28 02:14:37.788 27676 RALLYDEBUG rally_openstack.cleanup.manager [-] Deleting neutron.network object s_rally_94a12155_3HIjsleB (f45c32af-c318-4218-85c7-6d74ac1497a4)
2019-10-28 02:14:37.927 27676 RALLYDEBUG rally_openstack.cleanup.manager [-] Deleting neutron.network object s_rally_94a12155_DecqEphu (f60b7e5f-1f7b-4a37-9265-24cb9bcee439)
2019-10-28 02:14:38.066 27676 RALLYDEBUG rally_openstack.cleanup.manager [-] Deleting neutron.network object s_rally_94a12155_K2BHxfd4 (fa12d978-87ad-4693-9185-71f4245b5a59)
2019-10-28 02:14:38.604 27676 RALLYDEBUG rally_openstack.cleanup.manager [-] Deleting neutron.network object s_rally_94a12155_gVsRPmJ1 (fad25a05-8239-4832-bd75-79e0d1dff6d4)
2019-10-28 02:14:38.930 27676 RALLYDEBUG rally_openstack.cleanup.manager [-] Deleting neutron.network object s_rally_94a12155_9giQRtgu (fec7dc52-474a-4fcf-9fdf-9b276d653540)
2019-10-28 02:14:41.303 27676 RALLYDEBUG rally_openstack.cleanup.manager [-] Cleaning up neutron router objects
2019-10-28 02:14:41.714 27676 RALLYDEBUG rally_openstack.cleanup.manager [-] Cleaning up neutron security_group objects
2019-10-28 02:14:42.119 27676 INFO rally.task.context [-] Task 58fbdd56-e129-409c-ab38-a6976574e4bd | Context cleanup@openstack cleanup() finished in 11.09 sec
2019-10-28 02:14:42.120 27676 INFO rally.task.context [-] Task 58fbdd56-e129-409c-ab38-a6976574e4bd | Context quotas@openstack cleanup() started
2019-10-28 02:14:42.190 27676 INFO rally.task.context [-] Task 58fbdd56-e129-409c-ab38-a6976574e4bd | Context quotas@openstack cleanup() finished in 70.17 msec
2019-10-28 02:14:42.190 27676 INFO rally.task.context [-] Task 58fbdd56-e129-409c-ab38-a6976574e4bd | Context users@openstack cleanup() started
2019-10-28 02:14:44.717 27676 INFO rally.task.context [-] Task 58fbdd56-e129-409c-ab38-a6976574e4bd | Context users@openstack cleanup() finished in 2.53 sec
2019-10-28 02:14:45.865 27676 INFO rally.task.engine [-] Load duration is: 20.477199
2019-10-28 02:14:45.865 27676 INFO rally.task.engine [-] Full runner duration is: 20.522661
2019-10-28 02:14:45.866 27676 INFO rally.task.engine [-] Full duration is: 37.027292
2019-10-28 02:14:46.229 27676 INFO rally.task.engine [-] Running workload: position = 0 config = { "version": 2, "title": "A cropped version of a bigger task.", "description": "Auto-generated task from a single workload (uuid=4c0a3d09-0748-467a-89fd-d033f7abf332)", "subtasks": [ { "title": "NeutronNetworks.create_and_list_routers", "description": "Create and a given number of routers and list all routers.", "scenario": { "NeutronNetworks.create_and_list_routers": { "network_create_args": null, "subnet_create_args": null, "subnet_cidr_start": "1.1.0.0/30", "subnets_per_network": 2, "router_create_args": null } }, "contexts": { "users": { "tenants": 1, "users_per_tenant": 1 }, "quotas": { "neutron": { "network": -1, "subnet": -1, "router": -1 } } }, "runner": { "constant": { "times": 40, "concurrency": 20 } }, "hooks": [], "sla": { "failure_rate": { "max": 0 } } } ] }
2019-10-28 02:14:46.253 27676 RALLYDEBUG rally_openstack.contexts.keystone.users [-] Creating 1 tenants using 20 threads
2019-10-28 02:14:47.144 27676 RALLYDEBUG rally_openstack.contexts.keystone.users [-] Creating 1 users using 20 threads
2019-10-28 02:14:48.426 27676 INFO rally.task.context [-] Task 58fbdd56-e129-409c-ab38-a6976574e4bd | Context users@openstack setup() finished in 2.17 sec
2019-10-28 02:14:48.894 27676 INFO rally.task.context [-] Task 58fbdd56-e129-409c-ab38-a6976574e4bd | Context quotas@openstack setup() finished in 0.47 sec
2019-10-28 02:14:48.895 27676 INFO rally.task.context [-] Task 58fbdd56-e129-409c-ab38-a6976574e4bd | Context cleanup@openstack setup() finished in 0.01 msec
2019-10-28 02:14:48.905 27676 RALLYDEBUG rally.task.runner [-] Starting the constant runner (task UUID: 58fbdd56-e129-409c-ab38-a6976574e4bd). times: 40 concurrency: 20 timeout: 0 max_cpu_used: 16 processes_to_start: 16 concurrency_per_worker: 1 concurrency_overhead: 4
2019-10-28 02:14:48.916 30260 RALLYDEBUG rally.task.runner [-] Starting a worker. times: 40 duration: None concurrency: 2 timeout: 0 cls: method_name: run args: {"network_create_args": null, "subnet_create_args": null, "subnet_cidr_start": "1.1.0.0/30", "subnets_per_network": 2, "router_create_args": null}
2019-10-28 02:14:48.920 30261 RALLYDEBUG rally.task.runner [-] Starting a worker. times: 40 duration: None concurrency: 2 timeout: 0 cls: method_name: run args: {"network_create_args": null, "subnet_create_args": null, "subnet_cidr_start": "1.1.0.0/30", "subnets_per_network": 2, "router_create_args": null}
2019-10-28 02:14:48.924 30260 INFO rally.task.runner [-] Task 58fbdd56-e129-409c-ab38-a6976574e4bd | ITER: 1 START
2019-10-28 02:14:48.923 30262 RALLYDEBUG rally.task.runner [-] Starting a worker. times: 40 duration: None concurrency: 2 timeout: 0 cls: method_name: run args: {"network_create_args": null, "subnet_create_args": null, "subnet_cidr_start": "1.1.0.0/30", "subnets_per_network": 2, "router_create_args": null}
2019-10-28 02:14:48.928 30261 INFO rally.task.runner [-] Task 58fbdd56-e129-409c-ab38-a6976574e4bd | ITER: 2 START
2019-10-28 02:14:48.927 30265 RALLYDEBUG rally.task.runner [-] Starting a worker. times: 40 duration: None concurrency: 2 timeout: 0 cls: method_name: run args: {"network_create_args": null, "subnet_create_args": null, "subnet_cidr_start": "1.1.0.0/30", "subnets_per_network": 2, "router_create_args": null}
2019-10-28 02:14:48.931 30262 INFO rally.task.runner [-] Task 58fbdd56-e129-409c-ab38-a6976574e4bd | ITER: 4 START
2019-10-28 02:14:48.931 30269 RALLYDEBUG rally.task.runner [-] Starting a worker. times: 40 duration: None concurrency: 1 timeout: 0 cls: method_name: run args: {"network_create_args": null, "subnet_create_args": null, "subnet_cidr_start": "1.1.0.0/30", "subnets_per_network": 2, "router_create_args": null}
2019-10-28 02:14:48.935 30261 INFO rally.task.runner [-] Task 58fbdd56-e129-409c-ab38-a6976574e4bd | ITER: 5 START
2019-10-28 02:14:48.935 30265 INFO rally.task.runner [-] Task 58fbdd56-e129-409c-ab38-a6976574e4bd | ITER: 7 START
2019-10-28 02:14:48.936 30269 INFO rally.task.runner [-] Task 58fbdd56-e129-409c-ab38-a6976574e4bd | ITER: 9 START
2019-10-28 02:14:48.936 30274 RALLYDEBUG rally.task.runner [-] Starting a worker. times: 40 duration: None concurrency: 1 timeout: 0 cls: method_name: run args: {"network_create_args": null, "subnet_create_args": null, "subnet_cidr_start": "1.1.0.0/30", "subnets_per_network": 2, "router_create_args": null}
2019-10-28 02:14:48.937 30260 INFO rally.task.runner [-] Task 58fbdd56-e129-409c-ab38-a6976574e4bd | ITER: 3 START
2019-10-28 02:14:48.939 30278 RALLYDEBUG rally.task.runner [-] Starting a worker. times: 40 duration: None concurrency: 1 timeout: 0 cls: method_name: run args: {"network_create_args": null, "subnet_create_args": null, "subnet_cidr_start": "1.1.0.0/30", "subnets_per_network": 2, "router_create_args": null}
2019-10-28 02:14:48.942 30274 INFO rally.task.runner [-] Task 58fbdd56-e129-409c-ab38-a6976574e4bd | ITER: 10 START
2019-10-28 02:14:48.932 30262 INFO rally.task.runner [-] Task 58fbdd56-e129-409c-ab38-a6976574e4bd | ITER: 6 START
2019-10-28 02:14:48.945 30278 INFO rally.task.runner [-] Task 58fbdd56-e129-409c-ab38-a6976574e4bd | ITER: 11 START
2019-10-28 02:14:48.947 30282 RALLYDEBUG rally.task.runner [-] Starting a worker. times: 40 duration: None concurrency: 1 timeout: 0 cls: method_name: run args: {"network_create_args": null, "subnet_create_args": null, "subnet_cidr_start": "1.1.0.0/30", "subnets_per_network": 2, "router_create_args": null}
2019-10-28 02:14:48.935 30265 INFO rally.task.runner [-] Task 58fbdd56-e129-409c-ab38-a6976574e4bd | ITER: 8 START
2019-10-28 02:14:48.952 30282 INFO rally.task.runner [-] Task 58fbdd56-e129-409c-ab38-a6976574e4bd | ITER: 12 START
2019-10-28 02:14:48.954 30286 RALLYDEBUG rally.task.runner [-] Starting a worker. times: 40 duration: None concurrency: 1 timeout: 0 cls: method_name: run args: {"network_create_args": null, "subnet_create_args": null, "subnet_cidr_start": "1.1.0.0/30", "subnets_per_network": 2, "router_create_args": null}
2019-10-28 02:14:48.960 30286 INFO rally.task.runner [-] Task 58fbdd56-e129-409c-ab38-a6976574e4bd | ITER: 13 START
2019-10-28 02:14:48.961 30289 RALLYDEBUG rally.task.runner [-] Starting a worker. times: 40 duration: None concurrency: 1 timeout: 0 cls: method_name: run args: {"network_create_args": null, "subnet_create_args": null, "subnet_cidr_start": "1.1.0.0/30", "subnets_per_network": 2, "router_create_args": null}
2019-10-28 02:14:48.966 30289 INFO rally.task.runner [-] Task 58fbdd56-e129-409c-ab38-a6976574e4bd | ITER: 14 START
2019-10-28 02:14:48.968 30292 RALLYDEBUG rally.task.runner [-] Starting a worker. times: 40 duration: None concurrency: 1 timeout: 0 cls: method_name: run args: {"network_create_args": null, "subnet_create_args": null, "subnet_cidr_start": "1.1.0.0/30", "subnets_per_network": 2, "router_create_args": null}
2019-10-28 02:14:48.973 30292 INFO rally.task.runner [-] Task 58fbdd56-e129-409c-ab38-a6976574e4bd | ITER: 15 START
2019-10-28 02:14:48.976 30296 RALLYDEBUG rally.task.runner [-] Starting a worker. times: 40 duration: None concurrency: 1 timeout: 0 cls: method_name: run args: {"network_create_args": null, "subnet_create_args": null, "subnet_cidr_start": "1.1.0.0/30", "subnets_per_network": 2, "router_create_args": null}
2019-10-28 02:14:48.980 30296 INFO rally.task.runner [-] Task 58fbdd56-e129-409c-ab38-a6976574e4bd | ITER: 16 START
2019-10-28 02:14:48.984 30300 RALLYDEBUG rally.task.runner [-] Starting a worker. times: 40 duration: None concurrency: 1 timeout: 0 cls: method_name: run args: {"network_create_args": null, "subnet_create_args": null, "subnet_cidr_start": "1.1.0.0/30", "subnets_per_network": 2, "router_create_args": null}
2019-10-28 02:14:48.988 30301 RALLYDEBUG rally.task.runner [-] Starting a worker. times: 40 duration: None concurrency: 1 timeout: 0 cls: method_name: run args: {"network_create_args": null, "subnet_create_args": null, "subnet_cidr_start": "1.1.0.0/30", "subnets_per_network": 2, "router_create_args": null}
2019-10-28 02:14:48.989 30300 INFO rally.task.runner [-] Task 58fbdd56-e129-409c-ab38-a6976574e4bd | ITER: 17 START
2019-10-28 02:14:48.991 30302 RALLYDEBUG rally.task.runner [-] Starting a worker. times: 40 duration: None concurrency: 1 timeout: 0 cls: method_name: run args: {"network_create_args": null, "subnet_create_args": null, "subnet_cidr_start": "1.1.0.0/30", "subnets_per_network": 2, "router_create_args": null}
2019-10-28 02:14:48.992 30301 INFO rally.task.runner [-] Task 58fbdd56-e129-409c-ab38-a6976574e4bd | ITER: 18 START
2019-10-28 02:14:48.994 30305 RALLYDEBUG rally.task.runner [-] Starting a worker. times: 40 duration: None concurrency: 1 timeout: 0 cls: method_name: run args: {"network_create_args": null, "subnet_create_args": null, "subnet_cidr_start": "1.1.0.0/30", "subnets_per_network": 2, "router_create_args": null}
2019-10-28 02:14:48.995 30302 INFO rally.task.runner [-] Task 58fbdd56-e129-409c-ab38-a6976574e4bd | ITER: 19 START
2019-10-28 02:14:48.998 30305 INFO rally.task.runner [-] Task 58fbdd56-e129-409c-ab38-a6976574e4bd | ITER: 20 START
2019-10-28 02:14:49.633 30260 RALLYDEBUG rally_openstack.wrappers.network [-] CIDR generated: 1.1.5.160/30
2019-10-28 02:14:49.670 30261 RALLYDEBUG rally_openstack.wrappers.network [-] CIDR generated: 1.1.5.164/30
2019-10-28 02:14:49.728 30260 RALLYDEBUG rally_openstack.wrappers.network [-] CIDR generated: 1.1.5.168/30
2019-10-28 02:14:49.773 30265 RALLYDEBUG rally_openstack.wrappers.network [-] CIDR generated: 1.1.5.172/30
2019-10-28 02:14:49.780 30261 RALLYDEBUG rally_openstack.wrappers.network [-] CIDR generated: 1.1.5.176/30
2019-10-28 02:14:49.787 30262 RALLYDEBUG rally_openstack.wrappers.network [-] CIDR generated: 1.1.5.180/30
2019-10-28 02:14:49.788 30269 RALLYDEBUG rally_openstack.wrappers.network [-] CIDR generated: 1.1.5.184/30
2019-10-28 02:14:49.863 30289 RALLYDEBUG rally_openstack.wrappers.network [-] CIDR generated: 1.1.5.188/30
2019-10-28 02:14:49.949 30300 RALLYDEBUG rally_openstack.wrappers.network [-] CIDR generated: 1.1.5.192/30
2019-10-28 02:14:49.950 30296 RALLYDEBUG rally_openstack.wrappers.network [-] CIDR generated: 1.1.5.196/30
2019-10-28 02:14:49.971 30292 RALLYDEBUG rally_openstack.wrappers.network [-] CIDR generated: 1.1.5.200/30
2019-10-28 02:14:49.999 30302 RALLYDEBUG rally_openstack.wrappers.network [-] CIDR generated: 1.1.5.204/30
2019-10-28 02:14:50.196 30305 RALLYDEBUG rally_openstack.wrappers.network [-] CIDR generated: 1.1.5.208/30
2019-10-28 02:14:50.203 30265 RALLYDEBUG rally_openstack.wrappers.network [-] CIDR generated: 1.1.5.212/30
2019-10-28 02:14:50.236 30262 RALLYDEBUG rally_openstack.wrappers.network [-] CIDR generated: 1.1.5.216/30
2019-10-28 02:14:50.311 30301 RALLYDEBUG rally_openstack.wrappers.network [-] CIDR generated: 1.1.5.220/30
2019-10-28 02:14:50.321 30278 RALLYDEBUG rally_openstack.wrappers.network [-] CIDR generated: 1.1.5.224/30
2019-10-28 02:14:50.408 30274 RALLYDEBUG rally_openstack.wrappers.network [-] CIDR generated: 1.1.5.228/30
2019-10-28 02:14:50.408 30282 RALLYDEBUG rally_openstack.wrappers.network [-] CIDR generated: 1.1.5.232/30
2019-10-28 02:14:50.538 30260 RALLYDEBUG rally_openstack.wrappers.network [-] CIDR generated: 1.1.5.236/30
2019-10-28 02:14:50.654 30286 RALLYDEBUG rally_openstack.wrappers.network [-] CIDR generated: 1.1.5.240/30
2019-10-28 02:14:50.993 30262 RALLYDEBUG rally_openstack.wrappers.network [-] CIDR generated: 1.1.5.244/30
2019-10-28 02:14:51.104 30278 RALLYDEBUG rally_openstack.wrappers.network [-] CIDR generated: 1.1.5.248/30
2019-10-28 02:14:51.131 30296 RALLYDEBUG rally_openstack.wrappers.network [-] CIDR generated: 1.1.5.252/30
2019-10-28 02:14:51.198 30262 RALLYDEBUG rally_openstack.wrappers.network [-] CIDR generated: 1.1.6.0/30
2019-10-28 02:14:51.241 30289 RALLYDEBUG rally_openstack.wrappers.network [-] CIDR generated: 1.1.6.4/30
2019-10-28 02:14:51.245 30261 RALLYDEBUG rally_openstack.wrappers.network [-] CIDR generated: 1.1.6.8/30
2019-10-28 02:14:51.249 30305 RALLYDEBUG rally_openstack.wrappers.network [-] CIDR generated: 1.1.6.12/30
2019-10-28 02:14:51.313 30286 RALLYDEBUG rally_openstack.wrappers.network [-] CIDR generated: 1.1.6.16/30
2019-10-28 02:14:51.395 30265 RALLYDEBUG rally_openstack.wrappers.network [-] CIDR generated: 1.1.6.20/30
2019-10-28 02:14:51.498 30302 RALLYDEBUG rally_openstack.wrappers.network [-] CIDR generated: 1.1.6.24/30
2019-10-28 02:14:51.574 30260 RALLYDEBUG rally_openstack.wrappers.network [-] CIDR generated: 1.1.6.28/30
2019-10-28 02:14:51.723 30265 RALLYDEBUG rally_openstack.wrappers.network [-] CIDR generated: 1.1.6.32/30
2019-10-28 02:14:51.767 30269 RALLYDEBUG rally_openstack.wrappers.network [-] CIDR generated: 1.1.6.36/30
2019-10-28 02:14:52.406 30261 RALLYDEBUG rally_openstack.wrappers.network [-] CIDR generated: 1.1.6.40/30
2019-10-28 02:14:52.465 30300 RALLYDEBUG rally_openstack.wrappers.network [-] CIDR generated: 1.1.6.44/30
2019-10-28 02:14:52.489 30282 RALLYDEBUG rally_openstack.wrappers.network [-] CIDR generated: 1.1.6.48/30
2019-10-28 02:14:52.523 30292 RALLYDEBUG rally_openstack.wrappers.network [-] CIDR generated: 1.1.6.52/30
2019-10-28 02:14:52.726 30274 RALLYDEBUG rally_openstack.wrappers.network [-] CIDR generated: 1.1.6.56/30
2019-10-28 02:14:53.860 30301 RALLYDEBUG rally_openstack.wrappers.network [-] CIDR generated: 1.1.6.60/30
2019-10-28 02:14:59.373 30282 INFO rally.task.runner [-] Task 58fbdd56-e129-409c-ab38-a6976574e4bd | ITER: 12 END: OK
2019-10-28 02:14:59.376 30282 INFO rally.task.runner [-] Task 58fbdd56-e129-409c-ab38-a6976574e4bd | ITER: 21 START
2019-10-28 02:14:59.959 30286 INFO rally.task.runner [-] Task 58fbdd56-e129-409c-ab38-a6976574e4bd | ITER: 13 END: OK
2019-10-28 02:14:59.962 30286 INFO rally.task.runner [-] Task 58fbdd56-e129-409c-ab38-a6976574e4bd | ITER: 22 START
2019-10-28 02:15:00.528 30286 RALLYDEBUG rally_openstack.wrappers.network [-] CIDR generated: 1.1.6.64/30
2019-10-28 02:15:00.895 30296 INFO rally.task.runner [-] Task 58fbdd56-e129-409c-ab38-a6976574e4bd | ITER: 16 END: OK
2019-10-28 02:15:00.899 30296 INFO rally.task.runner [-] Task 58fbdd56-e129-409c-ab38-a6976574e4bd | ITER: 23 START
2019-10-28 02:15:01.543 30282 RALLYDEBUG rally_openstack.wrappers.network [-] CIDR generated: 1.1.6.68/30
