2019-10-28 02:22:20.810 27676 RALLYDEBUG rally_openstack.cleanup.manager [-] Deleting neutron.port object s_rally_2dbd9ddc_2YjEYMrn (4902e7ed-cde6-4ecc-9f3f-6a5268aff982)
2019-10-28 02:22:20.957 27676 RALLYDEBUG rally_openstack.cleanup.manager [-] Deleting neutron.port object s_rally_2dbd9ddc_SFymeGtI (49f555e4-275a-4bf8-9ca1-39af1304fb12)
2019-10-28 02:22:21.125 27676 RALLYDEBUG rally_openstack.cleanup.manager [-] Deleting neutron.port object s_rally_2dbd9ddc_mLFu34dU (4a50d6de-5e47-4c76-94ee-6075389aee31)
2019-10-28 02:22:21.325 27676 RALLYDEBUG rally_openstack.cleanup.manager [-] Deleting neutron.port object s_rally_2dbd9ddc_WgjVvoVE (4db1f684-df07-43c5-ad5f-ef45aab2b495)
2019-10-28 02:22:21.425 27676 RALLYDEBUG rally_openstack.cleanup.manager [-] Deleting neutron.port object s_rally_2dbd9ddc_yfuDp6S7 (4dbe8877-001e-4381-8cbd-f96081387f62)
2019-10-28 02:22:21.467 27676 RALLYDEBUG rally_openstack.cleanup.manager [-] Deleting neutron.port object s_rally_2dbd9ddc_fta7mWBa (4ef556a7-655d-4b40-b0d1-de454edc2d4e)
2019-10-28 02:22:21.600 27676 RALLYDEBUG rally_openstack.cleanup.manager [-] Deleting neutron.port object s_rally_2dbd9ddc_YT6Ptf8T (4f2b053c-81a1-4d70-85c8-70379129a7a8)
2019-10-28 02:22:21.677 27676 RALLYDEBUG rally_openstack.cleanup.manager [-] Deleting neutron.port object s_rally_2dbd9ddc_S9IgmCJ1 (51389ad4-bcf1-4c58-b98f-db3f43a20528)
2019-10-28 02:22:21.777 27676 RALLYDEBUG rally_openstack.cleanup.manager [-] Deleting neutron.port object s_rally_2dbd9ddc_WJJfoHqV (5449f6a4-6c5a-4b6e-814a-9a577a83999e)
2019-10-28 02:22:21.939 27676 RALLYDEBUG rally_openstack.cleanup.manager [-] Deleting neutron.port object s_rally_2dbd9ddc_ebsqRyKK (55346e2e-a96a-46bb-9de5-3a1e4e629e9b)
2019-10-28 02:22:21.948 27676 RALLYDEBUG rally_openstack.cleanup.manager [-] Deleting neutron.port object s_rally_2dbd9ddc_ZneUlskO (55489401-ed34-4417-9b1a-1f59ad469bb9)
2019-10-28 02:22:21.971 27676 RALLYDEBUG rally_openstack.cleanup.manager [-] Deleting neutron.port object s_rally_2dbd9ddc_nQY8Hldz (55829f54-f04f-4492-abcf-65f33a66ecf4)
2019-10-28 02:22:21.999 27676 RALLYDEBUG rally_openstack.cleanup.manager [-] Deleting neutron.port object s_rally_2dbd9ddc_58tlHLqE (569912c9-f971-4d94-a00f-ffe82cd02dca)
2019-10-28 02:22:22.017 27676 RALLYDEBUG rally_openstack.cleanup.manager [-] Deleting neutron.port object s_rally_2dbd9ddc_iX3T4F9K (572776eb-c79d-4dbc-97ce-d924ac43d49c)
2019-10-28 02:22:22.021 27676 RALLYDEBUG rally_openstack.cleanup.manager [-] Deleting neutron.port object s_rally_2dbd9ddc_56mhiPN9 (5a2983d0-4750-493b-9faf-a77c37ebf9c2)
2019-10-28 02:22:22.189 27676 RALLYDEBUG rally_openstack.cleanup.manager [-] Deleting neutron.port object s_rally_2dbd9ddc_aUO6EUys (5aa59c6f-5f6c-4138-8ad9-c1f670de39f7)
2019-10-28 02:22:22.237 27676 RALLYDEBUG rally_openstack.cleanup.manager [-] Deleting neutron.port object s_rally_2dbd9ddc_Bs9ZHfrg (5ab04a57-6b5b-42c9-a7b9-1dcfae69fc44)
2019-10-28 02:22:22.280 27676 RALLYDEBUG rally_openstack.cleanup.manager [-] Deleting neutron.port object s_rally_2dbd9ddc_QdbhIkcT (5ae63364-a8f7-44bf-a4cd-1b50ed7271df)
2019-10-28 02:22:22.399 27676 RALLYDEBUG rally_openstack.cleanup.manager [-] Deleting neutron.port object s_rally_2dbd9ddc_hhtIxorR (5bd1c101-7cc9-4362-8af7-7ca0d2c2b766)
2019-10-28 02:22:22.489 27676 RALLYDEBUG rally_openstack.cleanup.manager [-] Deleting neutron.port object s_rally_2dbd9ddc_kcQ1Z2ZD (5c89a5dd-3ef7-4245-8100-1485e361faa5)
2019-10-28 02:22:22.518 27676 RALLYDEBUG rally_openstack.cleanup.manager [-] Deleting neutron.port object s_rally_2dbd9ddc_8fut1h2p (5cbcfdca-040a-4e14-89cf-786987f4f8de)
2019-10-28 02:22:22.666 27676 RALLYDEBUG rally_openstack.cleanup.manager [-] Deleting neutron.port object s_rally_2dbd9ddc_QfCsp8y8 (61243428-8c77-408f-936d-f0ef7b50eb27)
2019-10-28 02:22:22.817 27676 RALLYDEBUG rally_openstack.cleanup.manager [-] Deleting neutron.port object s_rally_2dbd9ddc_hNZNSJOj (6532a40b-2f57-405f-8eae-15e98b383290)
2019-10-28 02:22:23.176 27676 RALLYDEBUG rally_openstack.cleanup.manager [-] Deleting neutron.port object s_rally_2dbd9ddc_Q6G2B8vk (6535dabb-6ae9-4d28-a88f-571a3903f76f)
2019-10-28 02:22:23.367 27676 RALLYDEBUG rally_openstack.cleanup.manager [-] Deleting neutron.port object s_rally_2dbd9ddc_iSagoxmf (682e8634-6e78-4d94-9dc2-6fed4886633b)
2019-10-28 02:22:23.385 27676 RALLYDEBUG rally_openstack.cleanup.manager [-] Deleting neutron.port object s_rally_2dbd9ddc_P8CrcJ3b (68f1b71b-05ce-4651-bba8-96cb454e4786)
2019-10-28 02:22:23.427 27676 RALLYDEBUG rally_openstack.cleanup.manager [-] Deleting neutron.port object s_rally_2dbd9ddc_qK7ECnO6 (69c3f059-d4ad-4e7f-be58-8c618fdde426)
2019-10-28 02:22:23.478 27676 RALLYDEBUG rally_openstack.cleanup.manager [-] Deleting neutron.port object s_rally_2dbd9ddc_00xqcvaC (6d43556c-06b8-4ef9-8b83-8020b221d816)
2019-10-28 02:22:23.545 27676 RALLYDEBUG rally_openstack.cleanup.manager [-] Deleting neutron.port object s_rally_2dbd9ddc_NmbcLnPE (6d8c0ff1-a029-4958-af87-0b856f213189)
2019-10-28 02:22:23.697 27676 RALLYDEBUG rally_openstack.cleanup.manager [-] Deleting neutron.port object s_rally_2dbd9ddc_rnSbkh9l (6db62ac4-0786-4868-b139-bba9e7bac76b)
2019-10-28 02:22:23.749 27676 RALLYDEBUG rally_openstack.cleanup.manager [-] Deleting neutron.port object s_rally_2dbd9ddc_Vo31BZGb (6e342ba9-b09f-4b96-8012-f8139ec26abb)
2019-10-28 02:22:23.801 27676 RALLYDEBUG rally_openstack.cleanup.manager [-] Deleting neutron.port object s_rally_2dbd9ddc_mC8kTBGp (6f085fd6-b91b-4c96-a29f-1523622523c5)
2019-10-28 02:22:23.831 27676 RALLYDEBUG rally_openstack.cleanup.manager [-] Deleting neutron.port object s_rally_2dbd9ddc_Vc8FTeUw (70930903-47d7-401a-a408-8e786efeca73)
2019-10-28 02:22:23.995 27676 RALLYDEBUG rally_openstack.cleanup.manager [-] Deleting neutron.port object s_rally_2dbd9ddc_1BXhlLfq (712b67ab-3a62-4f54-9a98-6752ab950e0e)
2019-10-28 02:22:23.999 27676 RALLYDEBUG rally_openstack.cleanup.manager [-] Deleting neutron.port object s_rally_2dbd9ddc_ejXztyjL (72395b0f-8e82-4ffa-a390-46efba380ae8)
2019-10-28 02:22:24.021 27676 RALLYDEBUG rally_openstack.cleanup.manager [-] Deleting neutron.port object s_rally_2dbd9ddc_cWJy4jHC (741d2ff5-88a6-4080-82cd-83ab729847ee)
2019-10-28 02:22:24.092 27676 RALLYDEBUG rally_openstack.cleanup.manager [-] Deleting neutron.port object s_rally_2dbd9ddc_gAlrBlTN (75934196-0984-42ce-ba50-c0b0ffe03a7b)
2019-10-28 02:22:24.130 27676 RALLYDEBUG rally_openstack.cleanup.manager [-] Deleting neutron.port object s_rally_2dbd9ddc_uInI774f (75d6c0fe-55c0-446c-9509-95a8528672e1)
2019-10-28 02:22:24.147 27676 RALLYDEBUG rally_openstack.cleanup.manager [-] Deleting neutron.port object s_rally_2dbd9ddc_B9A0QfV1 (78f877b4-cce5-463c-acf7-903a66c17d0f)
2019-10-28 02:22:24.209 27676 RALLYDEBUG rally_openstack.cleanup.manager [-] Deleting neutron.port object s_rally_2dbd9ddc_LGqfD4ML (7a58989c-b326-44d7-b4c2-a6e08c35689d)
2019-10-28 02:22:24.385 27676 RALLYDEBUG rally_openstack.cleanup.manager [-] Deleting neutron.port object s_rally_2dbd9ddc_vzmxymwF (7a9e9e28-a07f-41b0-920a-b7a9221085e0)
2019-10-28 02:22:24.530 27676 RALLYDEBUG rally_openstack.cleanup.manager [-] Deleting neutron.port object s_rally_2dbd9ddc_TP5ds4fl (7c367b29-2c87-4889-9b1d-c5135e7d52b0)
2019-10-28 02:22:24.533 27676 RALLYDEBUG rally_openstack.cleanup.manager [-] Deleting neutron.port object s_rally_2dbd9ddc_UnIKlYPQ (7d405701-0b85-40e5-9dc2-4393e5ec4c80)
2019-10-28 02:22:24.871 27676 RALLYDEBUG rally_openstack.cleanup.manager [-] Deleting neutron.port object s_rally_2dbd9ddc_zhXBC1bZ (7d85fdd1-76c5-4348-a85f-0687f219caa7)
2019-10-28 02:22:25.103 27676 RALLYDEBUG rally_openstack.cleanup.manager [-] Deleting neutron.port object s_rally_2dbd9ddc_loO8Dmxe (7f227f9d-02ba-46ad-b655-b4039f58e0fe)
2019-10-28 02:22:25.119 27676 RALLYDEBUG rally_openstack.cleanup.manager [-] Deleting neutron.port object s_rally_2dbd9ddc_u6nZvX0V (80cd349d-00e4-4ab9-a0b0-46e53281ccc2)
2019-10-28 02:22:25.143 27676 RALLYDEBUG rally_openstack.cleanup.manager [-] Deleting neutron.port object s_rally_2dbd9ddc_vIIqoxl7 (811683f2-12c3-4e15-8f27-28160bf41cba)
2019-10-28 02:22:25.179 27676 RALLYDEBUG rally_openstack.cleanup.manager [-] Deleting neutron.port object s_rally_2dbd9ddc_OlcsA4iz (82e0fa0a-7f7c-4379-8521-01dbbf2ad86a)
2019-10-28 02:22:25.308 27676 RALLYDEBUG rally_openstack.cleanup.manager [-] Deleting neutron.port object s_rally_2dbd9ddc_iueQF0u1 (851f1184-ea10-4a16-a2d1-73821403be8e)
2019-10-28 02:22:25.531 27676 RALLYDEBUG rally_openstack.cleanup.manager [-] Deleting neutron.port object s_rally_2dbd9ddc_08PRKsMN (85628b8e-f700-4dfa-a8cc-8791f12e40df)
2019-10-28 02:22:25.572 27676 RALLYDEBUG rally_openstack.cleanup.manager [-] Deleting neutron.port object s_rally_2dbd9ddc_QDGb3SZ7 (88d84c7b-9c19-48ec-bcde-04f298ec6639)
2019-10-28 02:22:25.651 27676 RALLYDEBUG rally_openstack.cleanup.manager [-] Deleting neutron.port object s_rally_2dbd9ddc_bn8keCHk (8aa55da4-103c-4ffa-8c97-07e2e8161753)
2019-10-28 02:22:25.658 27676 RALLYDEBUG rally_openstack.cleanup.manager [-] Deleting neutron.port object s_rally_2dbd9ddc_a6EWbENi (8abfe6ce-51bd-4f1d-a9d6-0ad1b1e10140)
2019-10-28 02:22:25.772 27676 RALLYDEBUG rally_openstack.cleanup.manager [-] Deleting neutron.port object s_rally_2dbd9ddc_3Fz6ZvQ4 (8ad9474a-0057-46b4-88c0-207f95d4227e)
2019-10-28 02:22:25.793 27676 RALLYDEBUG rally_openstack.cleanup.manager [-] Deleting neutron.port object s_rally_2dbd9ddc_xLUoq2gN (8b13c24f-8896-4d06-b193-49d951fd4b11)
2019-10-28 02:22:25.803 27676 RALLYDEBUG rally_openstack.cleanup.manager [-] Deleting neutron.port object s_rally_2dbd9ddc_RVSwWdAE (8ce23255-6935-4b6f-ba0e-10aa6c85881e)
2019-10-28 02:22:25.865 27676 RALLYDEBUG rally_openstack.cleanup.manager [-] Deleting neutron.port object s_rally_2dbd9ddc_KGSd3XLO (8d669ad1-df5b-493b-8460-8832ab661dac)
2019-10-28 02:22:25.875 27676 RALLYDEBUG rally_openstack.cleanup.manager [-] Deleting neutron.port object s_rally_2dbd9ddc_LTvdn7Bn (922d0b7e-c4e9-4245-ab63-28230e8a64b6)
2019-10-28 02:22:25.983 27676 RALLYDEBUG rally_openstack.cleanup.manager [-] Deleting neutron.port object s_rally_2dbd9ddc_ldTSLNsm (92f935c4-8dc0-44cc-9b34-e7d26aec060c)
2019-10-28 02:22:26.095 27676 RALLYDEBUG rally_openstack.cleanup.manager [-] Deleting neutron.port object s_rally_2dbd9ddc_CLrAOPil (93a0a3c6-5bda-4907-bb39-5190003a4f31)
2019-10-28 02:22:26.133 27676 RALLYDEBUG rally_openstack.cleanup.manager [-] Deleting neutron.port object s_rally_2dbd9ddc_8MRRfzDB (958b038c-662d-4e49-80d7-604f4ff389f2)
2019-10-28 02:22:26.247 27676 RALLYDEBUG rally_openstack.cleanup.manager [-] Deleting neutron.port object s_rally_2dbd9ddc_Mb5UWSEX (95c40f3d-2338-4ed5-9254-f2d3b2cec703)
2019-10-28 02:22:26.256 27676 RALLYDEBUG rally_openstack.cleanup.manager [-] Deleting neutron.port object s_rally_2dbd9ddc_kmxBhFbe (971f3794-45bb-4a74-9d57-133725c5d2b8)
2019-10-28 02:22:26.805 27676 RALLYDEBUG rally_openstack.cleanup.manager [-] Deleting neutron.port object s_rally_2dbd9ddc_VENBBdta (9b14c3b5-7261-4152-b343-8aae9cb4af25)
2019-10-28 02:22:26.850 27676 RALLYDEBUG rally_openstack.cleanup.manager [-] Deleting neutron.port object s_rally_2dbd9ddc_5fkvsP66 (9c6b8f35-8572-41af-9fd5-53dcf7d2b3a1)
2019-10-28 02:22:26.858 27676 RALLYDEBUG rally_openstack.cleanup.manager [-] Deleting neutron.port object s_rally_2dbd9ddc_QXUw3Jfr (9c8ee8e1-4c7d-4092-868c-3872635203b8)
2019-10-28 02:22:26.905 27676 RALLYDEBUG rally_openstack.cleanup.manager [-] Deleting neutron.port object s_rally_2dbd9ddc_mI6k3TKM (9d2f5224-df26-4680-8485-e7b6eb976814)
2019-10-28 02:22:27.170 27676 RALLYDEBUG rally_openstack.cleanup.manager [-] Deleting neutron.port object s_rally_2dbd9ddc_hyeQK1NP (9da6b764-ba13-4dfa-b97d-8b9be81006b1)
2019-10-28 02:22:27.279 27676 RALLYDEBUG rally_openstack.cleanup.manager [-] Deleting neutron.port object s_rally_2dbd9ddc_WKIStMHT (9e2b7360-572e-424b-874d-492eba873530)
2019-10-28 02:22:27.291 27676 RALLYDEBUG rally_openstack.cleanup.manager [-] Deleting neutron.port object s_rally_2dbd9ddc_Rxf52HU4 (9f47352a-0821-417e-ab82-e765e3c5d46e)
2019-10-28 02:22:27.315 27676 RALLYDEBUG rally_openstack.cleanup.manager [-] Deleting neutron.port object s_rally_2dbd9ddc_lc8tWaxp (a054aad6-132a-4b28-a7ca-ae08e9abc856)
2019-10-28 02:22:27.424 27676 RALLYDEBUG rally_openstack.cleanup.manager [-] Deleting neutron.port object s_rally_2dbd9ddc_xsvR5qNA (a27c1581-44bd-4535-94cd-3ff2bdf3f8e6)
2019-10-28 02:22:27.584 27676 RALLYDEBUG rally_openstack.cleanup.manager [-] Deleting neutron.port object s_rally_2dbd9ddc_z4LBnxQs (a33db78c-ba45-4557-a68c-824f80cf6968)
2019-10-28 02:22:27.649 27676 RALLYDEBUG rally_openstack.cleanup.manager [-] Deleting neutron.port object s_rally_2dbd9ddc_xEYjdL90 (a35f3f6a-2439-4234-abe4-ab523429267e)
2019-10-28 02:22:27.749 27676 RALLYDEBUG rally_openstack.cleanup.manager [-] Deleting neutron.port object s_rally_2dbd9ddc_FjmtR3bw (a5246caf-f160-48cb-96fb-72390307ab6d)
2019-10-28 02:22:27.798 27676 RALLYDEBUG rally_openstack.cleanup.manager [-] Deleting neutron.port object s_rally_2dbd9ddc_SlGrnK3B (a701abba-ca58-44f1-88e6-e89378c16a98)
2019-10-28 02:22:27.802 27676 RALLYDEBUG rally_openstack.cleanup.manager [-] Deleting neutron.port object s_rally_2dbd9ddc_xywvulvF (a7941cb0-3f9a-4430-9546-c9acddffd543)
2019-10-28 02:22:27.815 27676 RALLYDEBUG rally_openstack.cleanup.manager [-] Deleting neutron.port object s_rally_2dbd9ddc_ZJDIv495 (a80afbdf-be5b-4329-87f9-96e914d67f4a)
2019-10-28 02:22:27.838 27676 RALLYDEBUG rally_openstack.cleanup.manager [-] Deleting neutron.port object s_rally_2dbd9ddc_EEKnMKzl (a8101fd3-a0e9-4024-ac58-63ae5a6c26aa)
2019-10-28 02:22:27.850 27676 RALLYDEBUG rally_openstack.cleanup.manager [-] Deleting neutron.port object s_rally_2dbd9ddc_CPnPynv4 (a85c466c-1d16-4d87-a1f0-525540ed0525)
2019-10-28 02:22:27.950 27676 RALLYDEBUG rally_openstack.cleanup.manager [-] Deleting neutron.port object s_rally_2dbd9ddc_g9YYpWB8 (aa94ff24-818c-494d-8ce8-2bceb683dc36)
2019-10-28 02:22:27.994 27676 RALLYDEBUG rally_openstack.cleanup.manager [-] Deleting neutron.port object s_rally_2dbd9ddc_OLnySw21 (ad02d7c8-3816-4e40-bd18-bb04e6d7354b)
2019-10-28 02:22:28.235 27676 RALLYDEBUG rally_openstack.cleanup.manager [-] Deleting neutron.port object s_rally_2dbd9ddc_j9Tdbcza (af8d7ad8-cbdc-41ad-9d0b-023340ae3f26)
2019-10-28 02:22:28.500 27676 RALLYDEBUG rally_openstack.cleanup.manager [-] Deleting neutron.port object s_rally_2dbd9ddc_pLcf9m1D (b159d8a4-821b-4a63-b720-5805f159a777)
2019-10-28 02:22:28.565 27676 RALLYDEBUG rally_openstack.cleanup.manager [-] Deleting neutron.port object s_rally_2dbd9ddc_0v2oR1lk (b5090acc-f9dc-40d6-b7a1-0e5a845ba4dd)
2019-10-28 02:22:28.628 27676 RALLYDEBUG rally_openstack.cleanup.manager [-] Deleting neutron.port object s_rally_2dbd9ddc_loAHBwx8 (b6b7cffe-e01c-4428-86bf-8c30f4c1c12d)
2019-10-28 02:22:28.882 27676 RALLYDEBUG rally_openstack.cleanup.manager [-] Deleting neutron.port object s_rally_2dbd9ddc_GWHXxlVA (b6c073a2-29fa-4f84-8137-03ce95d0ad32)
2019-10-28 02:22:28.891 27676 RALLYDEBUG rally_openstack.cleanup.manager [-] Deleting neutron.port object s_rally_2dbd9ddc_zLY744DA (b76c79c3-3b59-4622-bcba-f50dfb64c6fb)
2019-10-28 02:22:29.012 27676 RALLYDEBUG rally_openstack.cleanup.manager [-] Deleting neutron.port object s_rally_2dbd9ddc_mBefwNAL (b7d9620c-5b61-4692-aeae-21982a44a36d)
2019-10-28 02:22:29.147 27676 RALLYDEBUG rally_openstack.cleanup.manager [-] Deleting neutron.port object s_rally_2dbd9ddc_GkLXyqrP (b969bf15-3abf-41b6-9efa-507f06d1cbff)
2019-10-28 02:22:29.324 27676 RALLYDEBUG rally_openstack.cleanup.manager [-] Deleting neutron.port object s_rally_2dbd9ddc_NCm5p3ss (baaf3d22-db8e-4be3-8120-c6fd2a61bc39)
2019-10-28 02:22:29.338 27676 RALLYDEBUG rally_openstack.cleanup.manager [-] Deleting neutron.port object s_rally_2dbd9ddc_IjJCxQCL (bcd528e8-9ce2-4324-aef2-4ba462fb1fe5)
2019-10-28 02:22:29.356 27676 RALLYDEBUG rally_openstack.cleanup.manager [-] Deleting neutron.port object s_rally_2dbd9ddc_ENdmltbp (bf85c2c7-27f3-49ab-bc4a-8d4c1b148503)
2019-10-28 02:22:29.472 27676 RALLYDEBUG rally_openstack.cleanup.manager [-] Deleting neutron.port object s_rally_2dbd9ddc_J6uRLRKR (c0294afd-a800-41f4-9c72-06bac9c79ddf)
2019-10-28 02:22:29.528 27676 RALLYDEBUG rally_openstack.cleanup.manager [-] Deleting neutron.port object s_rally_2dbd9ddc_BA7okJJU (c3276f74-a003-4c18-9d8a-129ee19f9569)
2019-10-28 02:22:29.630 27676 RALLYDEBUG rally_openstack.cleanup.manager [-] Deleting neutron.port object s_rally_2dbd9ddc_r8hac5B7 (c766d864-eaec-47fb-bf1d-c7d4eb82e0df)
2019-10-28 02:22:29.638 27676 RALLYDEBUG rally_openstack.cleanup.manager [-] Deleting neutron.port object s_rally_2dbd9ddc_aEH2CVoJ (c81eda77-aa59-4c06-8344-863b19bcc624)
2019-10-28 02:22:29.650 27676 RALLYDEBUG rally_openstack.cleanup.manager [-] Deleting neutron.port object s_rally_2dbd9ddc_IZvnzW6O (cadf6780-b80d-42ea-88c9-c2ad016db5c7)
2019-10-28 02:22:29.694 27676 RALLYDEBUG rally_openstack.cleanup.manager [-] Deleting neutron.port object s_rally_2dbd9ddc_TLdqaHlL (cb3a2b97-8b26-4fea-a682-a1d621357931)
2019-10-28 02:22:29.705 27676 RALLYDEBUG rally_openstack.cleanup.manager [-] Deleting neutron.port object s_rally_2dbd9ddc_gecvf9JU (cb687de1-a119-4a51-8c32-783bec5e7db7)
2019-10-28 02:22:29.714 27676 RALLYDEBUG rally_openstack.cleanup.manager [-] Deleting neutron.port object s_rally_2dbd9ddc_ortddiCg (cc266b03-2993-482d-aadb-ae79d1e3337e)
2019-10-28 02:22:29.738 27676 RALLYDEBUG rally_openstack.cleanup.manager [-] Deleting neutron.port object s_rally_2dbd9ddc_qdUNzdy3 (cd736ec0-8dc6-4772-b5ee-11c90f47645a)
2019-10-28 02:22:29.980 27676 RALLYDEBUG rally_openstack.cleanup.manager [-] Deleting neutron.port object s_rally_2dbd9ddc_eofU0J4R (d025988c-bd78-4035-be4c-cee82995b2d3)
2019-10-28 02:22:30.303 27676 RALLYDEBUG rally_openstack.cleanup.manager [-] Deleting neutron.port object s_rally_2dbd9ddc_BxVgqCFT (d0cd7ca9-ae8b-40db-b1e7-ac6ec1dd87e4)
2019-10-28 02:22:30.391 27676 RALLYDEBUG rally_openstack.cleanup.manager [-] Deleting neutron.port object s_rally_2dbd9ddc_cHwcxK8l (d1c24aa9-cfb1-40e4-945c-ecdcfc075521)
2019-10-28 02:22:30.508 27676 RALLYDEBUG rally_openstack.cleanup.manager [-] Deleting neutron.port object s_rally_2dbd9ddc_Q55VDCBF (d42c95e3-6c63-4f2f-97d8-b6ede203a370)
2019-10-28 02:22:30.604 27676 RALLYDEBUG rally_openstack.cleanup.manager [-] Deleting neutron.port object s_rally_2dbd9ddc_YO8FqHOn (d4abeffb-10e0-420b-a8cb-e24ecc028254)
2019-10-28 02:22:30.734 27676 RALLYDEBUG rally_openstack.cleanup.manager [-] Deleting neutron.port object s_rally_2dbd9ddc_yj6PkzM4 (d686a6c7-4ea7-4c4a-9f6c-dbb2bac13e63)
2019-10-28 02:22:30.871 27676 RALLYDEBUG rally_openstack.cleanup.manager [-] Deleting neutron.port object s_rally_2dbd9ddc_4zLJCIOO (d75e7355-e6aa-4bee-9edf-91d64bd30228)
2019-10-28 02:22:30.909 27676 RALLYDEBUG rally_openstack.cleanup.manager [-] Deleting neutron.port object s_rally_2dbd9ddc_IVY869aw (d78c32eb-3dde-4b1a-aaba-5cf27fcb070d)
2019-10-28 02:22:31.080 27676 RALLYDEBUG rally_openstack.cleanup.manager [-] Deleting neutron.port object s_rally_2dbd9ddc_LuSO7zHx (d7b7379f-57a2-4d3f-b0ec-d006920f2f36)
2019-10-28 02:22:31.148 27676 RALLYDEBUG rally_openstack.cleanup.manager [-] Deleting neutron.port object s_rally_2dbd9ddc_tTjx6cSd (d8b43fba-695b-413e-a792-962037cbf867)
2019-10-28 02:22:31.256 27676 RALLYDEBUG rally_openstack.cleanup.manager [-] Deleting neutron.port object s_rally_2dbd9ddc_YyQNdVD3 (ddb23735-dabb-4e84-8524-c7db9b2458a4)
2019-10-28 02:22:31.325 27676 RALLYDEBUG rally_openstack.cleanup.manager [-] Deleting neutron.port object s_rally_2dbd9ddc_ZOxuYaOZ (ddc0d575-c48f-4d54-b685-bf9bd518e913)
2019-10-28 02:22:31.490 27676 RALLYDEBUG rally_openstack.cleanup.manager [-] Deleting neutron.port object s_rally_2dbd9ddc_te3QAiMc (dedbd2da-a132-4326-bb07-23f505634a7d)
2019-10-28 02:22:31.504 27676 RALLYDEBUG rally_openstack.cleanup.manager [-] Deleting neutron.port object s_rally_2dbd9ddc_DmDAUKQS (e1ecaa96-13a9-4169-a400-976d697cf6e1)
2019-10-28 02:22:31.711 27676 RALLYDEBUG rally_openstack.cleanup.manager [-] Deleting neutron.port object s_rally_2dbd9ddc_xUwbxa8u (e3062d67-ce99-400a-b303-ada9cceaedb2)
2019-10-28 02:22:31.714 27676 RALLYDEBUG rally_openstack.cleanup.manager [-] Deleting neutron.port object s_rally_2dbd9ddc_Oz9g09cJ (e4679f68-01c2-4b36-b00d-4394428cbac3)
2019-10-28 02:22:31.741 27676 RALLYDEBUG rally_openstack.cleanup.manager [-] Deleting neutron.port object s_rally_2dbd9ddc_AI3T27hN (e4e52956-57fa-4233-b235-d518f674e322)
2019-10-28 02:22:31.776 27676 RALLYDEBUG rally_openstack.cleanup.manager [-] Deleting neutron.port object s_rally_2dbd9ddc_nID6vYL6 (e5630367-7a5b-42be-ad86-b45cb1c1c88f)
2019-10-28 02:22:31.945 27676 RALLYDEBUG rally_openstack.cleanup.manager [-] Deleting neutron.port object s_rally_2dbd9ddc_v0Rad7OB (e57932f4-8faa-40df-860a-d07357ebb1b9)
2019-10-28 02:22:31.967 27676 RALLYDEBUG rally_openstack.cleanup.manager [-] Deleting neutron.port object s_rally_2dbd9ddc_3SVPGate (e73042fa-ca35-4f3c-9c05-55addf8be984)
2019-10-28 02:22:31.971 27676 RALLYDEBUG rally_openstack.cleanup.manager [-] Deleting neutron.port object s_rally_2dbd9ddc_4JlSAKHb (e73a004c-ea5f-46ec-bfa5-f9b24c5c9016)
2019-10-28 02:22:32.096 27676 RALLYDEBUG rally_openstack.cleanup.manager [-] Deleting neutron.port object s_rally_2dbd9ddc_K8C3UfFt (e9a4318a-f448-4186-90a3-521586789df5)
2019-10-28 02:22:32.237 27676 RALLYDEBUG rally_openstack.cleanup.manager [-] Deleting neutron.port object s_rally_2dbd9ddc_3bGlwJ6o (eb6d0812-9d39-4f20-97ab-1b87f557e3d0)
2019-10-28 02:22:32.355 27676 RALLYDEBUG rally_openstack.cleanup.manager [-] Deleting neutron.port object s_rally_2dbd9ddc_eZNEottk (ec8a0cfe-3140-46f3-ad62-eefc92ef7106)
2019-10-28 02:22:32.505 27676 RALLYDEBUG rally_openstack.cleanup.manager [-] Deleting neutron.port object s_rally_2dbd9ddc_PycK6u14 (eee70180-0e24-40c4-ba81-cb43453d20f0)
2019-10-28 02:22:32.582 27676 RALLYDEBUG rally_openstack.cleanup.manager [-] Deleting neutron.port object s_rally_2dbd9ddc_KOOFnKs9 (ef29684c-b9f4-4a2f-aa9c-0b308d8df621)
2019-10-28 02:22:32.609 27676 RALLYDEBUG rally_openstack.cleanup.manager [-] Deleting neutron.port object s_rally_2dbd9ddc_H8pFFklr (ef43a02c-52b1-456a-9586-65c2bce0b785)
2019-10-28 02:22:32.799 27676 RALLYDEBUG rally_openstack.cleanup.manager [-] Deleting neutron.port object s_rally_2dbd9ddc_HiI5iXc8 (ef5ea6c9-1cc3-4fd8-9eb8-2fcb20a0d8f5)
2019-10-28 02:22:32.896 27676 RALLYDEBUG rally_openstack.cleanup.manager [-] Deleting neutron.port object s_rally_2dbd9ddc_ZuhGbFbq (efd569f0-cd70-49ca-8093-86ecaca58c73)
2019-10-28 02:22:32.966 27676 RALLYDEBUG rally_openstack.cleanup.manager [-] Deleting neutron.port object s_rally_2dbd9ddc_MbIjAZ6p (f43be645-011f-4f2b-b459-7baa600ed2da)
2019-10-28 02:22:32.974 27676 RALLYDEBUG rally_openstack.cleanup.manager [-] Deleting neutron.port object s_rally_2dbd9ddc_9GV1cwB5 (f5156221-fb52-4861-b9de-dbfde19760e0)
2019-10-28 02:22:33.031 27676 RALLYDEBUG rally_openstack.cleanup.manager [-] Deleting neutron.port object s_rally_2dbd9ddc_FwDhXjFN (f6f9297b-3ab5-42d4-ba9f-70d91e03f3a2)
2019-10-28 02:22:33.205 27676 RALLYDEBUG rally_openstack.cleanup.manager [-] Deleting neutron.port object s_rally_2dbd9ddc_VO8ARiCT (f731b271-cb35-453d-8018-6fc32efa6d35)
2019-10-28 02:22:33.454 27676 RALLYDEBUG rally_openstack.cleanup.manager [-] Deleting neutron.port object s_rally_2dbd9ddc_7zUuIhzH (f7be33e6-9081-4869-bc5c-282d9bfd3b8f)
2019-10-28 02:22:33.498 27676 RALLYDEBUG rally_openstack.cleanup.manager [-] Deleting neutron.port object s_rally_2dbd9ddc_QDf9QahQ (fcf4d1ae-b9cc-4512-b0d7-137e8de11c41)
2019-10-28 02:22:33.502 27676 RALLYDEBUG rally_openstack.cleanup.manager [-] Deleting neutron.port object s_rally_2dbd9ddc_BKpmazMl (fe9e3d66-b087-4876-9672-9bec0b69f7d1)
2019-10-28 02:22:35.485 27676 RALLYDEBUG rally_openstack.cleanup.manager [-] Cleaning up neutron subnet objects
2019-10-28 02:22:35.879 27676 RALLYDEBUG rally_openstack.cleanup.manager [-] Cleaning up neutron network objects
2019-10-28 02:22:36.440 27676 RALLYDEBUG rally_openstack.cleanup.manager [-] Deleting neutron.network object s_rally_2dbd9ddc_oLWI9qhl (00265a62-26fa-4873-b4c5-50a3de248293)
2019-10-28 02:22:36.449 27676 RALLYDEBUG rally_openstack.cleanup.manager [-] Deleting neutron.network object s_rally_2dbd9ddc_g6UORGrc (1085a4e3-7b9e-4fdc-a649-f6fb0e9752e2)
2019-10-28 02:22:36.458 27676 RALLYDEBUG rally_openstack.cleanup.manager [-] Deleting neutron.network object s_rally_2dbd9ddc_aSADwfvY (1fd08ec4-7e68-4398-8a03-df4571727ee1)
2019-10-28 02:22:36.468 27676 RALLYDEBUG rally_openstack.cleanup.manager [-] Deleting neutron.network object s_rally_2dbd9ddc_EFQE9uTm (241b0c5a-035f-452b-b372-55d66c60e4fe)
2019-10-28 02:22:36.478 27676 RALLYDEBUG rally_openstack.cleanup.manager [-] Deleting neutron.network object s_rally_2dbd9ddc_kuZ3ZJaM (24226a53-d89a-4180-bf45-6a2f580619dd)
2019-10-28 02:22:36.487 27676 RALLYDEBUG rally_openstack.cleanup.manager [-] Deleting neutron.network object s_rally_2dbd9ddc_RcJv2uPB (26787798-b27b-47ee-98b6-4308ef948573)
2019-10-28 02:22:36.492 27676 RALLYDEBUG rally_openstack.cleanup.manager [-] Deleting neutron.network object s_rally_2dbd9ddc_vz25H88k (2e095328-0f67-400e-8382-4a48e89aadb1)
2019-10-28 02:22:36.503 27676 RALLYDEBUG rally_openstack.cleanup.manager [-] Deleting neutron.network object s_rally_2dbd9ddc_75dBr7vn (2f3b891d-a4dc-45e8-a72a-58015bd07618)
2019-10-28 02:22:36.513 27676 RALLYDEBUG rally_openstack.cleanup.manager [-] Deleting neutron.network object s_rally_2dbd9ddc_Bk0L6E2C (2fd221c3-1106-46c3-8f80-c0d0ebb1dc15)
2019-10-28 02:22:36.530 27676 RALLYDEBUG rally_openstack.cleanup.manager [-] Deleting neutron.network object s_rally_2dbd9ddc_YdnSGrn6 (300f8186-690e-4915-bb19-d6412d06a80f)
2019-10-28 02:22:36.538 27676 RALLYDEBUG rally_openstack.cleanup.manager [-] Deleting neutron.network object s_rally_2dbd9ddc_iBukt5Rt (3504be9e-6cd2-4a5f-8c22-a5ba1eff40f1)
2019-10-28 02:22:36.561 27676 RALLYDEBUG rally_openstack.cleanup.manager [-] Deleting neutron.network object s_rally_2dbd9ddc_N3wWzj4W (39e64218-7964-47c2-bc97-c3bf63165da0)
2019-10-28 02:22:36.586 27676 RALLYDEBUG rally_openstack.cleanup.manager [-] Deleting neutron.network object s_rally_2dbd9ddc_C3ivg7OH (4a333f5a-1cc8-4949-9d2d-04a0583d667d)
2019-10-28 02:22:36.601 27676 RALLYDEBUG rally_openstack.cleanup.manager [-] Deleting neutron.network object s_rally_2dbd9ddc_S4nbxWEb (5320a438-371c-417a-b39f-d1eb567c38cd)
2019-10-28 02:22:36.613 27676 RALLYDEBUG rally_openstack.cleanup.manager [-] Deleting neutron.network object s_rally_2dbd9ddc_oh80LtJr (54f9cdc1-3ca6-4a55-9dc5-a572fe2a483d)
2019-10-28 02:22:36.640 27676 RALLYDEBUG rally_openstack.cleanup.manager [-] Deleting neutron.network object s_rally_2dbd9ddc_TuM4wEC8 (578db8c8-38b1-4c20-8f68-19ff4f7cc1d9)
2019-10-28 02:22:36.646 27676 RALLYDEBUG rally_openstack.cleanup.manager [-] Deleting neutron.network object s_rally_2dbd9ddc_odj4TO2H (5b57beaa-d235-4568-a044-3bc693061583)
2019-10-28 02:22:36.652 27676 RALLYDEBUG rally_openstack.cleanup.manager [-] Deleting neutron.network object s_rally_2dbd9ddc_kmerow1P (5ddff5e7-5242-43b9-8543-58a481ab42f8)
2019-10-28 02:22:36.661 27676 RALLYDEBUG rally_openstack.cleanup.manager [-] Deleting neutron.network object s_rally_2dbd9ddc_fcXNNfbv (68633287-fea9-49e5-aab3-80e267f03623)
2019-10-28 02:22:36.685 27676 RALLYDEBUG rally_openstack.cleanup.manager [-] Deleting neutron.network object s_rally_2dbd9ddc_Eh14eStC (709db55b-8846-47b1-a6da-32211d3bc40a)
2019-10-28 02:22:38.488 27676 RALLYDEBUG rally_openstack.cleanup.manager [-] Deleting neutron.network object s_rally_2dbd9ddc_9FZfuFR7 (767be179-0cc1-478d-abff-2d441824fdfc)
2019-10-28 02:22:38.699 27676 RALLYDEBUG rally_openstack.cleanup.manager [-] Deleting neutron.network object s_rally_2dbd9ddc_muuARi0q (7f0ccd90-048d-45da-a799-2c508ccf3f51)
2019-10-28 02:22:38.767 27676 RALLYDEBUG rally_openstack.cleanup.manager [-] Deleting neutron.network object s_rally_2dbd9ddc_AMIuVmG9 (823c7671-eb2e-43f0-8863-a92e4116e4ab)
2019-10-28 02:22:38.792 27676 RALLYDEBUG rally_openstack.cleanup.manager [-] Deleting neutron.network object s_rally_2dbd9ddc_YeygZ3GI (858ab1b8-09cb-438d-bbb5-2366886f764c)
2019-10-28 02:22:38.865 27676 RALLYDEBUG rally_openstack.cleanup.manager [-] Deleting neutron.network object s_rally_2dbd9ddc_al0MO54i (866bdd03-aa6b-4f03-9a72-2767ed756762)
2019-10-28 02:22:38.919 27676 RALLYDEBUG rally_openstack.cleanup.manager [-] Deleting neutron.network object s_rally_2dbd9ddc_xcPlDaDE (89f174ff-687c-4328-a7c2-d3e66a03c51e)
2019-10-28 02:22:38.957 27676 RALLYDEBUG rally_openstack.cleanup.manager [-] Deleting neutron.network object s_rally_2dbd9ddc_FuJMReQ4 (8b8c8370-3913-481f-ab42-ed08e75442d4)
2019-10-28 02:22:39.043 27676 RALLYDEBUG rally_openstack.cleanup.manager [-] Deleting neutron.network object s_rally_2dbd9ddc_hWCSLftF (94755497-866a-48d4-a415-546d30077e91)
2019-10-28 02:22:39.066 27676 RALLYDEBUG rally_openstack.cleanup.manager [-] Deleting neutron.network object s_rally_2dbd9ddc_D73HCRCe (a2924cc1-8ac1-4840-aef5-d42cdd2d6aab)
2019-10-28 02:22:39.135 27676 RALLYDEBUG rally_openstack.cleanup.manager [-] Deleting neutron.network object s_rally_2dbd9ddc_hK2WmXxB (a9832361-5a46-4009-8bbb-7d52483f295f)
2019-10-28 02:22:39.170 27676 RALLYDEBUG rally_openstack.cleanup.manager [-] Deleting neutron.network object s_rally_2dbd9ddc_UFUyu7lr (ae3863ce-eedf-4b87-9b5b-bc82465f2e4f)
2019-10-28 02:22:39.183 27676 RALLYDEBUG rally_openstack.cleanup.manager [-] Deleting neutron.network object s_rally_2dbd9ddc_zoq4L0ju (b2ba6ef1-ca16-4a4c-9a90-57f3177f2f3d)
2019-10-28 02:22:39.210 27676 RALLYDEBUG rally_openstack.cleanup.manager [-] Deleting neutron.network object s_rally_2dbd9ddc_j4j8XOWg (cb65eb79-b2fe-43e8-a193-cd14092136c7)
2019-10-28 02:22:39.248 27676 RALLYDEBUG rally_openstack.cleanup.manager [-] Deleting neutron.network object s_rally_2dbd9ddc_2mEvARit (cbfae272-ec92-4ef8-b9a3-5055ee3aee80)
2019-10-28 02:22:39.268 27676 RALLYDEBUG rally_openstack.cleanup.manager [-] Deleting neutron.network object s_rally_2dbd9ddc_wg4UkjJS (cfd91417-1502-45cb-ac3b-2aa03b6a5c5e)
2019-10-28 02:22:39.405 27676 RALLYDEBUG rally_openstack.cleanup.manager [-] Deleting neutron.network object s_rally_2dbd9ddc_VeVIeosX (d1ca114f-8dbb-4755-ae25-8d16d2555eb1)
2019-10-28 02:22:39.413 27676 RALLYDEBUG rally_openstack.cleanup.manager [-] Deleting neutron.network object s_rally_2dbd9ddc_ASsq9uvj (d3554a82-c046-428d-8719-555b9914efb2)
2019-10-28 02:22:39.461 27676 RALLYDEBUG rally_openstack.cleanup.manager [-] Deleting neutron.network object s_rally_2dbd9ddc_835W3aCW (ddfa0f24-b3a8-4994-9850-b71733cb497a)
2019-10-28 02:22:39.614 27676 RALLYDEBUG rally_openstack.cleanup.manager [-] Deleting neutron.network object s_rally_2dbd9ddc_IxDSj5tM (e52179f8-6fd9-4513-aaea-cb42563953d8)
2019-10-28 02:22:39.722 27676 RALLYDEBUG rally_openstack.cleanup.manager [-] Deleting neutron.network object s_rally_2dbd9ddc_8iuvW8I6 (fbc41fe5-9796-40f8-aa60-98414c360826)
2019-10-28 02:22:42.108 27676 RALLYDEBUG rally_openstack.cleanup.manager [-] Cleaning up neutron router objects
2019-10-28 02:22:42.518 27676 RALLYDEBUG rally_openstack.cleanup.manager [-] Cleaning up neutron security_group objects
2019-10-28 02:22:42.911 27676 INFO rally.task.context [-] Task 58fbdd56-e129-409c-ab38-a6976574e4bd | Context cleanup@openstack cleanup() finished in 31.41 sec
2019-10-28 02:22:42.911 27676 INFO rally.task.context [-] Task 58fbdd56-e129-409c-ab38-a6976574e4bd | Context quotas@openstack cleanup() started
2019-10-28 02:22:42.979 27676 INFO rally.task.context [-] Task 58fbdd56-e129-409c-ab38-a6976574e4bd | Context quotas@openstack cleanup() finished in 67.80 msec
2019-10-28 02:22:42.980 27676 INFO rally.task.context [-] Task 58fbdd56-e129-409c-ab38-a6976574e4bd | Context users@openstack cleanup() started
2019-10-28 02:22:45.568 27676 INFO rally.task.context [-] Task 58fbdd56-e129-409c-ab38-a6976574e4bd | Context users@openstack cleanup() finished in 2.59 sec
2019-10-28 02:22:45.868 27676 INFO rally.task.engine [-] Load duration is: 19.29758
2019-10-28 02:22:45.869 27676 INFO rally.task.engine [-] Full runner duration is: 19.34577
2019-10-28 02:22:45.869 27676 INFO rally.task.engine [-] Full duration is: 56.051816
2019-10-28 02:22:46.083 27676 INFO rally.task.engine [-] Running workload: position = 2 config = { "version": 2, "title": "A cropped version of a bigger task.", "description": "Auto-generated task from a single workload (uuid=e149e547-6fad-4641-a65c-b00236cca117)", "subtasks": [ { "title": "NeutronNetworks.create_and_delete_ports", "description": "Create and delete a port.", "scenario": { "NeutronNetworks.create_and_delete_ports": { "network_create_args": {}, "port_create_args": {}, "ports_per_network": 5 } }, "contexts": { "users": { "tenants": 1, "users_per_tenant": 1 }, "quotas": { "neutron": { "network": -1, "port": -1 } } }, "runner": { "constant": { "times": 40, "concurrency": 20 } }, "hooks": [], "sla": { "failure_rate": { "max": 0 } } } ] }
2019-10-28 02:22:46.106 27676 RALLYDEBUG rally_openstack.contexts.keystone.users [-] Creating 1 tenants using 20 threads
2019-10-28 02:22:46.973 27676 RALLYDEBUG rally_openstack.contexts.keystone.users [-] Creating 1 users using 20 threads
2019-10-28 02:22:48.292 27676 INFO rally.task.context [-] Task 58fbdd56-e129-409c-ab38-a6976574e4bd | Context users@openstack setup() finished in 2.19 sec
2019-10-28 02:22:48.798 27676 INFO rally.task.context [-] Task 58fbdd56-e129-409c-ab38-a6976574e4bd | Context quotas@openstack setup() finished in 0.50 sec
2019-10-28 02:22:48.798 27676 INFO rally.task.context [-] Task 58fbdd56-e129-409c-ab38-a6976574e4bd | Context cleanup@openstack setup() finished in 0.01 msec
2019-10-28 02:22:48.807 27676 RALLYDEBUG rally.task.runner [-] Starting the constant runner (task UUID: 58fbdd56-e129-409c-ab38-a6976574e4bd). times: 40 concurrency: 20 timeout: 0 max_cpu_used: 16 processes_to_start: 16 concurrency_per_worker: 1 concurrency_overhead: 4
2019-10-28 02:22:48.819 32142 RALLYDEBUG rally.task.runner [-] Starting a worker. times: 40 duration: None concurrency: 2 timeout: 0 cls: method_name: run args: {"network_create_args": {}, "port_create_args": {}, "ports_per_network": 5}
2019-10-28 02:22:48.823 32143 RALLYDEBUG rally.task.runner [-] Starting a worker. times: 40 duration: None concurrency: 2 timeout: 0 cls: method_name: run args: {"network_create_args": {}, "port_create_args": {}, "ports_per_network": 5}
2019-10-28 02:22:48.825 32142 INFO rally.task.runner [-] Task 58fbdd56-e129-409c-ab38-a6976574e4bd | ITER: 1 START
2019-10-28 02:22:48.826 32142 WARNING rally_openstack.scenarios.neutron.utils [-] Running this scenario without either the 'network' or 'existing_network' context is deprecated
2019-10-28 02:22:48.826 32144 RALLYDEBUG rally.task.runner [-] Starting a worker. times: 40 duration: None concurrency: 2 timeout: 0 cls: method_name: run args: {"network_create_args": {}, "port_create_args": {}, "ports_per_network": 5}
2019-10-28 02:22:48.829 32143 INFO rally.task.runner [-] Task 58fbdd56-e129-409c-ab38-a6976574e4bd | ITER: 2 START
2019-10-28 02:22:48.830 32143 WARNING rally_openstack.scenarios.neutron.utils [-] Running this scenario without either the 'network' or 'existing_network' context is deprecated
2019-10-28 02:22:48.830 32147 RALLYDEBUG rally.task.runner [-] Starting a worker. times: 40 duration: None concurrency: 2 timeout: 0 cls: method_name: run args: {"network_create_args": {}, "port_create_args": {}, "ports_per_network": 5}
2019-10-28 02:22:48.834 32150 RALLYDEBUG rally.task.runner [-] Starting a worker. times: 40 duration: None concurrency: 1 timeout: 0 cls: method_name: run args: {"network_create_args": {}, "port_create_args": {}, "ports_per_network": 5}
2019-10-28 02:22:48.836 32144 INFO rally.task.runner [-] Task 58fbdd56-e129-409c-ab38-a6976574e4bd | ITER: 4 START
2019-10-28 02:22:48.838 32144 WARNING rally_openstack.scenarios.neutron.utils [-] Running this scenario without either the 'network' or 'existing_network' context is deprecated
2019-10-28 02:22:48.838 32151 RALLYDEBUG rally.task.runner [-] Starting a worker. times: 40 duration: None concurrency: 1 timeout: 0 cls: method_name: run args: {"network_create_args": {}, "port_create_args": {}, "ports_per_network": 5}
2019-10-28 02:22:48.840 32147 INFO rally.task.runner [-] Task 58fbdd56-e129-409c-ab38-a6976574e4bd | ITER: 6 START
2019-10-28 02:22:48.835 32142 INFO rally.task.runner [-] Task 58fbdd56-e129-409c-ab38-a6976574e4bd | ITER: 3 START
2019-10-28 02:22:48.842 32147 WARNING rally_openstack.scenarios.neutron.utils [-] Running this scenario without either the 'network' or 'existing_network' context is deprecated
2019-10-28 02:22:48.842 32155 RALLYDEBUG rally.task.runner [-] Starting a worker. times: 40 duration: None concurrency: 1 timeout: 0 cls: method_name: run args: {"network_create_args": {}, "port_create_args": {}, "ports_per_network": 5}
2019-10-28 02:22:48.843 32142 WARNING rally_openstack.scenarios.neutron.utils [-] Running this scenario without either the 'network' or 'existing_network' context is deprecated
2019-10-28 02:22:48.846 32143 INFO rally.task.runner [-] Task 58fbdd56-e129-409c-ab38-a6976574e4bd | ITER: 5 START
2019-10-28 02:22:48.846 32159 RALLYDEBUG rally.task.runner [-] Starting a worker. times: 40 duration: None concurrency: 1 timeout: 0 cls: method_name: run args: {"network_create_args": {}, "port_create_args": {}, "ports_per_network": 5}
2019-10-28 02:22:48.847 32143 WARNING rally_openstack.scenarios.neutron.utils [-] Running this scenario without either the 'network' or 'existing_network' context is deprecated
2019-10-28 02:22:48.849 32160 RALLYDEBUG rally.task.runner [-] Starting a worker. times: 40 duration: None concurrency: 1 timeout: 0 cls: method_name: run args: {"network_create_args": {}, "port_create_args": {}, "ports_per_network": 5}
2019-10-28 02:22:48.849 32144 INFO rally.task.runner [-] Task 58fbdd56-e129-409c-ab38-a6976574e4bd | ITER: 7 START
2019-10-28 02:22:48.851 32144 WARNING rally_openstack.scenarios.neutron.utils [-] Running this scenario without either the 'network' or 'existing_network' context is deprecated
2019-10-28 02:22:48.854 32150 INFO rally.task.runner [-] Task 58fbdd56-e129-409c-ab38-a6976574e4bd | ITER: 8 START
2019-10-28 02:22:48.853 32151 INFO rally.task.runner [-] Task 58fbdd56-e129-409c-ab38-a6976574e4bd | ITER: 9 START
2019-10-28 02:22:48.853 32161 RALLYDEBUG rally.task.runner [-] Starting a worker. times: 40 duration: None concurrency: 1 timeout: 0 cls: method_name: run args: {"network_create_args": {}, "port_create_args": {}, "ports_per_network": 5}
2019-10-28 02:22:48.855 32155 INFO rally.task.runner [-] Task 58fbdd56-e129-409c-ab38-a6976574e4bd | ITER: 11 START
2019-10-28 02:22:48.855 32151 WARNING rally_openstack.scenarios.neutron.utils [-] Running this scenario without either the 'network' or 'existing_network' context is deprecated
2019-10-28 02:22:48.856 32150 WARNING rally_openstack.scenarios.neutron.utils [-] Running this scenario without either the 'network' or 'existing_network' context is deprecated
2019-10-28 02:22:48.857 32155 WARNING rally_openstack.scenarios.neutron.utils [-] Running this scenario without either the 'network' or 'existing_network' context is deprecated
2019-10-28 02:22:48.856 32159 INFO rally.task.runner [-] Task 58fbdd56-e129-409c-ab38-a6976574e4bd | ITER: 12 START
2019-10-28 02:22:48.857 32160 INFO rally.task.runner [-] Task 58fbdd56-e129-409c-ab38-a6976574e4bd | ITER: 13 START
2019-10-28 02:22:48.858 32159 WARNING rally_openstack.scenarios.neutron.utils [-] Running this scenario without either the 'network' or 'existing_network' context is deprecated
2019-10-28 02:22:48.859 32160 WARNING rally_openstack.scenarios.neutron.utils [-] Running this scenario without either the 'network' or 'existing_network' context is deprecated
2019-10-28 02:22:48.859 32168 RALLYDEBUG rally.task.runner [-] Starting a worker. times: 40 duration: None concurrency: 1 timeout: 0 cls: method_name: run args: {"network_create_args": {}, "port_create_args": {}, "ports_per_network": 5}
2019-10-28 02:22:48.860 32161 INFO rally.task.runner [-] Task 58fbdd56-e129-409c-ab38-a6976574e4bd | ITER: 14 START
2019-10-28 02:22:48.858 32147 INFO rally.task.runner [-] Task 58fbdd56-e129-409c-ab38-a6976574e4bd | ITER: 10 START
2019-10-28 02:22:48.862 32161 WARNING rally_openstack.scenarios.neutron.utils [-] Running this scenario without either the 'network' or 'existing_network' context is deprecated
2019-10-28 02:22:48.862 32147 WARNING rally_openstack.scenarios.neutron.utils [-] Running this scenario without either the 'network' or 'existing_network' context is deprecated
2019-10-28 02:22:48.864 32168 INFO rally.task.runner [-] Task 58fbdd56-e129-409c-ab38-a6976574e4bd | ITER: 15 START
2019-10-28 02:22:48.865 32168 WARNING rally_openstack.scenarios.neutron.utils [-] Running this scenario without either the 'network' or 'existing_network' context is deprecated
2019-10-28 02:22:48.864 32177 RALLYDEBUG rally.task.runner [-] Starting a worker. times: 40 duration: None concurrency: 1 timeout: 0 cls: method_name: run args: {"network_create_args": {}, "port_create_args": {}, "ports_per_network": 5}
2019-10-28 02:22:48.871 32177 INFO rally.task.runner [-] Task 58fbdd56-e129-409c-ab38-a6976574e4bd | ITER: 16 START
2019-10-28 02:22:48.873 32177 WARNING rally_openstack.scenarios.neutron.utils [-] Running this scenario without either the 'network' or 'existing_network' context is deprecated
2019-10-28 02:22:48.876 32182 RALLYDEBUG rally.task.runner [-] Starting a worker. times: 40 duration: None concurrency: 1 timeout: 0 cls: method_name: run args: {"network_create_args": {}, "port_create_args": {}, "ports_per_network": 5}
2019-10-28 02:22:48.882 32182 INFO rally.task.runner [-] Task 58fbdd56-e129-409c-ab38-a6976574e4bd | ITER: 17 START
2019-10-28 02:22:48.882 32183 RALLYDEBUG rally.task.runner [-] Starting a worker. times: 40 duration: None concurrency: 1 timeout: 0 cls: method_name: run args: {"network_create_args": {}, "port_create_args": {}, "ports_per_network": 5}
2019-10-28 02:22:48.883 32182 WARNING rally_openstack.scenarios.neutron.utils [-] Running this scenario without either the 'network' or 'existing_network' context is deprecated
2019-10-28 02:22:48.886 32183 INFO rally.task.runner [-] Task 58fbdd56-e129-409c-ab38-a6976574e4bd | ITER: 18 START
2019-10-28 02:22:48.888 32183 WARNING rally_openstack.scenarios.neutron.utils [-] Running this scenario without either the 'network' or 'existing_network' context is deprecated
2019-10-28 02:22:48.888 32186 RALLYDEBUG rally.task.runner [-] Starting a worker. times: 40 duration: None concurrency: 1 timeout: 0 cls: method_name: run args: {"network_create_args": {}, "port_create_args": {}, "ports_per_network": 5}
2019-10-28 02:22:48.893 32186 INFO rally.task.runner [-] Task 58fbdd56-e129-409c-ab38-a6976574e4bd | ITER: 19 START
2019-10-28 02:22:48.893 32189 RALLYDEBUG rally.task.runner [-] Starting a worker. times: 40 duration: None concurrency: 1 timeout: 0 cls: method_name: run args: {"network_create_args": {}, "port_create_args": {}, "ports_per_network": 5}
2019-10-28 02:22:48.894 32186 WARNING rally_openstack.scenarios.neutron.utils [-] Running this scenario without either the 'network' or 'existing_network' context is deprecated
2019-10-28 02:22:48.897 32189 INFO rally.task.runner [-] Task 58fbdd56-e129-409c-ab38-a6976574e4bd | ITER: 20 START
2019-10-28 02:22:48.898 32189 WARNING rally_openstack.scenarios.neutron.utils [-] Running this scenario without either the 'network' or 'existing_network' context is deprecated
2019-10-28 02:22:56.211 32177 INFO rally.task.runner [-] Task 58fbdd56-e129-409c-ab38-a6976574e4bd | ITER: 16 END: OK
2019-10-28 02:22:56.215 32177 INFO rally.task.runner [-] Task 58fbdd56-e129-409c-ab38-a6976574e4bd | ITER: 21 START
2019-10-28 02:22:56.216 32177 WARNING rally_openstack.scenarios.neutron.utils [-] Running this scenario without either the 'network' or 'existing_network' context is deprecated
2019-10-28 02:22:57.357 32143 INFO rally.task.runner [-] Task 58fbdd56-e129-409c-ab38-a6976574e4bd | ITER: 5 END: OK
2019-10-28 02:22:57.361 32143 INFO rally.task.runner [-] Task 58fbdd56-e129-409c-ab38-a6976574e4bd | ITER: 22 START
2019-10-28 02:22:57.362 32143 WARNING rally_openstack.scenarios.neutron.utils [-] Running this scenario without either the 'network' or 'existing_network' context is deprecated
2019-10-28 02:22:57.408 32151 INFO rally.task.runner [-] Task 58fbdd56-e129-409c-ab38-a6976574e4bd | ITER: 9 END: OK
2019-10-28 02:22:57.412 32151 INFO rally.task.runner [-] Task 58fbdd56-e129-409c-ab38-a6976574e4bd | ITER: 23 START
2019-10-28 02:22:57.413 32151 WARNING rally_openstack.scenarios.neutron.utils [-] Running this scenario without either the 'network' or 'existing_network' context is deprecated
2019-10-28 02:22:57.517 32159 INFO rally.task.runner [-] Task 58fbdd56-e129-409c-ab38-a6976574e4bd | ITER: 12 END: OK
2019-10-28 02:22:57.520 32159 INFO rally.task.runner [-] Task 58fbdd56-e129-409c-ab38-a6976574e4bd | ITER: 24 START
2019-10-28 02:22:57.521 32159 WARNING rally_openstack.scenarios.neutron.utils [-] Running this scenario without either the 'network' or 'existing_network' context is deprecated
2019-10-28 02:22:57.574 32142 INFO rally.task.runner [-] Task 58fbdd56-e129-409c-ab38-a6976574e4bd | ITER: 1 END: OK
2019-10-28 02:22:57.578 32142 INFO rally.task.runner [-] Task 58fbdd56-e129-409c-ab38-a6976574e4bd | ITER: 25 START
2019-10-28 02:22:57.579 32142 WARNING rally_openstack.scenarios.neutron.utils [-] Running this scenario without either the 'network' or 'existing_network' context is deprecated
2019-10-28 02:22:57.589 32150 INFO rally.task.runner [-] Task 58fbdd56-e129-409c-ab38-a6976574e4bd | ITER: 8 END: OK
2019-10-28 02:22:57.594 32150 INFO rally.task.runner [-] Task 58fbdd56-e129-409c-ab38-a6976574e4bd | ITER: 26 START
2019-10-28 02:22:57.595 32150 WARNING rally_openstack.scenarios.neutron.utils [-] Running this scenario without either the 'network' or 'existing_network' context is deprecated
2019-10-28 02:22:57.893 32183 INFO rally.task.runner [-] Task 58fbdd56-e129-409c-ab38-a6976574e4bd | ITER: 18 END: OK
2019-10-28 02:22:57.897 32183 INFO rally.task.runner [-] Task 58fbdd56-e129-409c-ab38-a6976574e4bd | ITER: 27 START
2019-10-28 02:22:57.898 32183 WARNING rally_openstack.scenarios.neutron.utils [-] Running this scenario without either the 'network' or 'existing_network' context is deprecated
2019-10-28 02:22:58.340 32144 INFO rally.task.runner [-] Task 58fbdd56-e129-409c-ab38-a6976574e4bd | ITER: 4 END: OK
2019-10-28 02:22:58.344 32144 INFO rally.task.runner [-] Task 58fbdd56-e129-409c-ab38-a6976574e4bd | ITER: 28 START
2019-10-28 02:22:58.344 32144 WARNING rally_openstack.scenarios.neutron.utils [-] Running this scenario without either the 'network' or 'existing_network' context is deprecated
2019-10-28 02:22:58.796 32143 INFO rally.task.runner [-] Task 58fbdd56-e129-409c-ab38-a6976574e4bd | ITER: 2 END: OK
2019-10-28 02:22:58.799 32143 INFO rally.task.runner [-] Task 58fbdd56-e129-409c-ab38-a6976574e4bd | ITER: 29 START
2019-10-28 02:22:58.800 32143 WARNING rally_openstack.scenarios.neutron.utils [-] Running this scenario without either the 'network' or 'existing_network' context is deprecated
2019-10-28 02:22:59.009 32182 INFO rally.task.runner [-] Task 58fbdd56-e129-409c-ab38-a6976574e4bd | ITER: 17 END: OK
2019-10-28 02:22:59.014 32182 INFO rally.task.runner [-] Task 58fbdd56-e129-409c-ab38-a6976574e4bd | ITER: 30 START
2019-10-28 02:22:59.014 32182 WARNING rally_openstack.scenarios.neutron.utils [-] Running this scenario without either the 'network' or 'existing_network' context is deprecated
2019-10-28 02:22:59.124 32168 INFO rally.task.runner [-] Task 58fbdd56-e129-409c-ab38-a6976574e4bd | ITER: 15 END: OK
2019-10-28 02:22:59.128 32168 INFO rally.task.runner [-] Task 58fbdd56-e129-409c-ab38-a6976574e4bd | ITER: 31 START
2019-10-28 02:22:59.129 32168 WARNING rally_openstack.scenarios.neutron.utils [-] Running this scenario without either the 'network' or 'existing_network' context is deprecated
2019-10-28 02:22:59.335 32160 INFO rally.task.runner [-] Task 58fbdd56-e129-409c-ab38-a6976574e4bd | ITER: 13 END: OK
2019-10-28 02:22:59.338 32160 INFO rally.task.runner [-] Task 58fbdd56-e129-409c-ab38-a6976574e4bd | ITER: 32 START
2019-10-28 02:22:59.339 32160 WARNING rally_openstack.scenarios.neutron.utils [-] Running this scenario without either the 'network' or 'existing_network' context is deprecated
2019-10-28 02:22:59.412 32144 INFO rally.task.runner [-] Task 58fbdd56-e129-409c-ab38-a6976574e4bd | ITER: 7 END: OK
2019-10-28 02:22:59.415 32144 INFO rally.task.runner [-] Task 58fbdd56-e129-409c-ab38-a6976574e4bd | ITER: 33 START
2019-10-28 02:22:59.416 32144 WARNING rally_openstack.scenarios.neutron.utils [-] Running this scenario without either the 'network' or 'existing_network' context is deprecated
2019-10-28 02:22:59.478 32186 INFO rally.task.runner [-] Task 58fbdd56-e129-409c-ab38-a6976574e4bd | ITER: 19 END: OK
2019-10-28 02:22:59.482 32186 INFO rally.task.runner [-] Task 58fbdd56-e129-409c-ab38-a6976574e4bd | ITER: 34 START
2019-10-28 02:22:59.483 32186 WARNING rally_openstack.scenarios.neutron.utils [-] Running this scenario without either the 'network' or 'existing_network' context is deprecated
2019-10-28 02:22:59.979 32147 INFO rally.task.runner [-] Task 58fbdd56-e129-409c-ab38-a6976574e4bd | ITER: 10 END: OK
2019-10-28 02:22:59.983 32147 INFO rally.task.runner [-] Task 58fbdd56-e129-409c-ab38-a6976574e4bd | ITER: 35 START
2019-10-28 02:22:59.984 32147 WARNING rally_openstack.scenarios.neutron.utils [-] Running this scenario without either the 'network' or 'existing_network' context is deprecated
2019-10-28 02:23:00.039 32147 INFO rally.task.runner [-] Task 58fbdd56-e129-409c-ab38-a6976574e4bd | ITER: 6 END: OK
2019-10-28 02:23:00.043 32147 INFO rally.task.runner [-] Task 58fbdd56-e129-409c-ab38-a6976574e4bd | ITER: 36 START
2019-10-28 02:23:00.044 32147 WARNING rally_openstack.scenarios.neutron.utils [-] Running this scenario without either the 'network' or 'existing_network' context is deprecated
