2019-10-28 01:28:33.391 21030 RALLYDEBUG rally.task.utils [-] Waiting for resource s_rally_a03e85dd_BIJoO1uw. Status changed: BUILD => ACTIVE in 9.042390584945679
2019-10-28 01:28:33.428 21029 RALLYDEBUG rally.task.utils [-] Waiting for resource s_rally_a03e85dd_gxNlg2yz. Status changed: BUILD => ACTIVE in 9.134799003601074
2019-10-28 01:28:33.766 21028 RALLYDEBUG rally.task.utils [-] Waiting for resource s_rally_a03e85dd_YxF39auI. Status changed: BUILD => ACTIVE in 9.126493453979492
2019-10-28 01:28:33.860 21027 INFO rally.task.runner [-] Task 0b5399c7-6330-4103-a825-8ad7cce983f7 | ITER: 1 END: OK
2019-10-28 01:28:33.866 21027 INFO rally.task.runner [-] Task 0b5399c7-6330-4103-a825-8ad7cce983f7 | ITER: 5 START
2019-10-28 01:28:35.766 21029 INFO rally.task.runner [-] Task 0b5399c7-6330-4103-a825-8ad7cce983f7 | ITER: 3 END: OK
2019-10-28 01:28:35.771 21029 INFO rally.task.runner [-] Task 0b5399c7-6330-4103-a825-8ad7cce983f7 | ITER: 6 START
2019-10-28 01:28:35.796 21030 INFO rally.task.runner [-] Task 0b5399c7-6330-4103-a825-8ad7cce983f7 | ITER: 4 END: OK
2019-10-28 01:28:35.801 21030 INFO rally.task.runner [-] Task 0b5399c7-6330-4103-a825-8ad7cce983f7 | ITER: 7 START
2019-10-28 01:28:36.081 21028 INFO rally.task.runner [-] Task 0b5399c7-6330-4103-a825-8ad7cce983f7 | ITER: 2 END: OK
2019-10-28 01:28:36.086 21028 INFO rally.task.runner [-] Task 0b5399c7-6330-4103-a825-8ad7cce983f7 | ITER: 8 START
2019-10-28 01:28:41.052 21027 RALLYDEBUG rally.task.utils [-] Waiting for resource s_rally_a03e85dd_z4Ek9hXW. Status changed: BUILD => ACTIVE in 4.6805031299591064
2019-10-28 01:28:42.892 21030 RALLYDEBUG rally.task.utils [-] Waiting for resource s_rally_a03e85dd_EwwtV7To. Status changed: BUILD => ACTIVE in 4.855766296386719
2019-10-28 01:28:43.391 21027 INFO rally.task.runner [-] Task 0b5399c7-6330-4103-a825-8ad7cce983f7 | ITER: 5 END: OK
2019-10-28 01:28:43.397 21027 INFO rally.task.runner [-] Task 0b5399c7-6330-4103-a825-8ad7cce983f7 | ITER: 9 START
2019-10-28 01:28:45.207 21030 INFO rally.task.runner [-] Task 0b5399c7-6330-4103-a825-8ad7cce983f7 | ITER: 7 END: OK
2019-10-28 01:28:45.212 21030 INFO rally.task.runner [-] Task 0b5399c7-6330-4103-a825-8ad7cce983f7 | ITER: 10 START
2019-10-28 01:28:45.407 21028 RALLYDEBUG rally.task.utils [-] Waiting for resource s_rally_a03e85dd_8CqSN3AW. Status changed: BUILD => ACTIVE in 6.806705474853516
2019-10-28 01:28:46.942 21029 RALLYDEBUG rally.task.utils [-] Waiting for resource s_rally_a03e85dd_znX4oRgs. Status changed: BUILD => ACTIVE in 9.020946264266968
2019-10-28 01:28:47.932 21028 INFO rally.task.runner [-] Task 0b5399c7-6330-4103-a825-8ad7cce983f7 | ITER: 8 END: OK
2019-10-28 01:28:49.275 21029 INFO rally.task.runner [-] Task 0b5399c7-6330-4103-a825-8ad7cce983f7 | ITER: 6 END: OK
2019-10-28 01:28:52.119 21027 RALLYDEBUG rally.task.utils [-] Waiting for resource s_rally_a03e85dd_tiNfc2vN. Status changed: BUILD => ACTIVE in 6.695979356765747
2019-10-28 01:28:54.157 21030 RALLYDEBUG rally.task.utils [-] Waiting for resource s_rally_a03e85dd_UoqL7KBk. Status changed: BUILD => ACTIVE in 6.900433778762817
2019-10-28 01:28:54.505 21027 INFO rally.task.runner [-] Task 0b5399c7-6330-4103-a825-8ad7cce983f7 | ITER: 9 END: OK
2019-10-28 01:28:56.490 21030 INFO rally.task.runner [-] Task 0b5399c7-6330-4103-a825-8ad7cce983f7 | ITER: 10 END: OK
2019-10-28 01:28:56.521 20411 INFO rally.task.context [-] Task 0b5399c7-6330-4103-a825-8ad7cce983f7 | Context cleanup@openstack cleanup() started
2019-10-28 01:28:56.525 20411 RALLYDEBUG rally_openstack.cleanup.manager [-] Cleaning up nova servers objects
2019-10-28 01:28:57.788 20411 RALLYDEBUG rally_openstack.cleanup.manager [-] Cleaning up nova server_groups objects
2019-10-28 01:28:58.919 20411 RALLYDEBUG rally_openstack.cleanup.manager [-] Cleaning up nova keypairs objects
2019-10-28 01:29:01.245 20411 INFO rally.task.context [-] Task 0b5399c7-6330-4103-a825-8ad7cce983f7 | Context cleanup@openstack cleanup() finished in 4.72 sec
2019-10-28 01:29:01.245 20411 INFO rally.task.context [-] Task 0b5399c7-6330-4103-a825-8ad7cce983f7 | Context network@openstack cleanup() started
2019-10-28 01:29:21.830 20411 INFO rally.task.context [-] Task 0b5399c7-6330-4103-a825-8ad7cce983f7 | Context network@openstack cleanup() finished in 20.58 sec
2019-10-28 01:29:21.830 20411 INFO rally.task.context [-] Task 0b5399c7-6330-4103-a825-8ad7cce983f7 | Context quotas@openstack cleanup() started
2019-10-28 01:29:22.112 20411 INFO rally.task.context [-] Task 0b5399c7-6330-4103-a825-8ad7cce983f7 | Context quotas@openstack cleanup() finished in 0.28 sec
2019-10-28 01:29:22.112 20411 INFO rally.task.context [-] Task 0b5399c7-6330-4103-a825-8ad7cce983f7 | Context users@openstack cleanup() started
2019-10-28 01:29:25.959 20411 INFO rally.task.context [-] Task 0b5399c7-6330-4103-a825-8ad7cce983f7 | Context users@openstack cleanup() finished in 3.85 sec
2019-10-28 01:29:27.580 20411 INFO rally.task.engine [-] Load duration is: 33.569148
2019-10-28 01:29:27.581 20411 INFO rally.task.engine [-] Full runner duration is: 34.621651
2019-10-28 01:29:27.581 20411 INFO rally.task.engine [-] Full duration is: 80.740373
2019-10-28 01:29:27.887 20411 INFO rally.task.engine [-] Running workload: position = 0 config = { "version": 2, "title": "A cropped version of a bigger task.", "description": "Auto-generated task from a single workload (uuid=e318154c-123f-4ee7-89fa-354a5c5b7844)", "subtasks": [ { "title": "NovaServers.boot_and_list_server", "description": "Boot a server from an image and then list all servers.", "scenario": { "NovaServers.boot_and_list_server": { "detailed": true, "flavor": { "name": "rally_full-flavor_94399dd7-70e5-4767-b49a-8f67339bf77d" }, "image": { "name": "rally_full-img_94399dd7-70e5-4767-b49a-8f67339bf77d" }, "nics": [ { "net-id": "2381ea0d-4449-473e-9297-21732a0ea467" } ] } }, "contexts": { "users": { "tenants": 3, "users_per_tenant": 2 }, "network": { "networks_per_tenant": 1, "start_cidr": "100.1.0.0/25" }, "quotas": { "neutron": { "network": -1, "port": -1, "subnet": -1 }, "nova": { "cores": -1, "floating_ips": -1, "instances": -1, "ram": -1, "security_group_rules": -1, "security_groups": -1 } } }, "runner": { "constant": { "concurrency": 4, "times": 10 } }, "hooks": [], "sla": { "failure_rate": { "max": 0 } } } ] }
2019-10-28 01:29:27.912 20411 RALLYDEBUG rally_openstack.contexts.keystone.users [-] Creating 3 tenants using 20 threads
2019-10-28 01:29:28.900 20411 RALLYDEBUG rally_openstack.contexts.keystone.users [-] Creating 6 users using 20 threads
2019-10-28 01:29:30.446 20411 INFO rally.task.context [-] Task 0b5399c7-6330-4103-a825-8ad7cce983f7 | Context users@openstack setup() finished in 2.53 sec
2019-10-28 01:29:31.761 20411 INFO rally.task.context [-] Task 0b5399c7-6330-4103-a825-8ad7cce983f7 | Context quotas@openstack setup() finished in 1.31 sec
2019-10-28 01:29:33.698 20411 RALLYDEBUG rally_openstack.wrappers.network [-] CIDR generated: 100.1.3.0/25
2019-10-28 01:29:37.501 20411 RALLYDEBUG rally_openstack.wrappers.network [-] CIDR generated: 100.1.3.128/25
2019-10-28 01:29:41.240 20411 RALLYDEBUG rally_openstack.wrappers.network [-] CIDR generated: 100.1.4.0/25
2019-10-28 01:29:43.424 20411 INFO rally.task.context [-] Task 0b5399c7-6330-4103-a825-8ad7cce983f7 | Context network@openstack setup() finished in 11.66 sec
2019-10-28 01:29:43.425 20411 INFO rally.task.context [-] Task 0b5399c7-6330-4103-a825-8ad7cce983f7 | Context cleanup@openstack setup() finished in 0.01 msec
2019-10-28 01:29:44.228 20411 RALLYDEBUG rally.task.runner [-] Starting the constant runner (task UUID: 0b5399c7-6330-4103-a825-8ad7cce983f7). times: 10 concurrency: 4 timeout: 0 max_cpu_used: 16 processes_to_start: 4 concurrency_per_worker: 1 concurrency_overhead: 0
2019-10-28 01:29:44.240 21191 RALLYDEBUG rally.task.runner [-] Starting a worker. times: 10 duration: None concurrency: 1 timeout: 0 cls: method_name: run args: {"detailed": true, "flavor": "f6e16333-aeab-48e5-b309-0e3bdd356d36", "image": "557170a9-5025-4cf4-a927-2cc8be496f7e", "nics": [{"net-id": "2381ea0d-4449-473e-9297-21732a0ea467"}]}
2019-10-28 01:29:44.244 21192 RALLYDEBUG rally.task.runner [-] Starting a worker. times: 10 duration: None concurrency: 1 timeout: 0 cls: method_name: run args: {"detailed": true, "flavor": "f6e16333-aeab-48e5-b309-0e3bdd356d36", "image": "557170a9-5025-4cf4-a927-2cc8be496f7e", "nics": [{"net-id": "2381ea0d-4449-473e-9297-21732a0ea467"}]}
2019-10-28 01:29:44.247 21191 INFO rally.task.runner [-] Task 0b5399c7-6330-4103-a825-8ad7cce983f7 | ITER: 1 START
2019-10-28 01:29:44.248 21193 RALLYDEBUG rally.task.runner [-] Starting a worker. times: 10 duration: None concurrency: 1 timeout: 0 cls: method_name: run args: {"detailed": true, "flavor": "f6e16333-aeab-48e5-b309-0e3bdd356d36", "image": "557170a9-5025-4cf4-a927-2cc8be496f7e", "nics": [{"net-id": "2381ea0d-4449-473e-9297-21732a0ea467"}]}
2019-10-28 01:29:44.251 21192 INFO rally.task.runner [-] Task 0b5399c7-6330-4103-a825-8ad7cce983f7 | ITER: 2 START
2019-10-28 01:29:44.252 21196 RALLYDEBUG rally.task.runner [-] Starting a worker. times: 10 duration: None concurrency: 1 timeout: 0 cls: method_name: run args: {"detailed": true, "flavor": "f6e16333-aeab-48e5-b309-0e3bdd356d36", "image": "557170a9-5025-4cf4-a927-2cc8be496f7e", "nics": [{"net-id": "2381ea0d-4449-473e-9297-21732a0ea467"}]}
2019-10-28 01:29:44.255 21193 INFO rally.task.runner [-] Task 0b5399c7-6330-4103-a825-8ad7cce983f7 | ITER: 3 START
2019-10-28 01:29:44.259 21196 INFO rally.task.runner [-] Task 0b5399c7-6330-4103-a825-8ad7cce983f7 | ITER: 4 START
2019-10-28 01:29:51.832 21193 RALLYDEBUG rally.task.utils [-] Waiting for resource s_rally_e318154c_LUGwGn4i. Status changed: BUILD => ACTIVE in 4.69800329208374
2019-10-28 01:29:52.080 21193 INFO rally.task.runner [-] Task 0b5399c7-6330-4103-a825-8ad7cce983f7 | ITER: 3 END: OK
2019-10-28 01:29:52.085 21193 INFO rally.task.runner [-] Task 0b5399c7-6330-4103-a825-8ad7cce983f7 | ITER: 5 START
2019-10-28 01:29:53.883 21191 RALLYDEBUG rally.task.utils [-] Waiting for resource s_rally_e318154c_brdXDBdR. Status changed: BUILD => ACTIVE in 6.89875340461731
2019-10-28 01:29:54.091 21191 INFO rally.task.runner [-] Task 0b5399c7-6330-4103-a825-8ad7cce983f7 | ITER: 1 END: OK
2019-10-28 01:29:54.096 21191 INFO rally.task.runner [-] Task 0b5399c7-6330-4103-a825-8ad7cce983f7 | ITER: 6 START
2019-10-28 01:29:54.395 21192 RALLYDEBUG rally.task.utils [-] Waiting for resource s_rally_e318154c_1eAaN1NN. Status changed: BUILD => ACTIVE in 7.227855443954468
2019-10-28 01:29:54.680 21192 INFO rally.task.runner [-] Task 0b5399c7-6330-4103-a825-8ad7cce983f7 | ITER: 2 END: OK
2019-10-28 01:29:54.685 21192 INFO rally.task.runner [-] Task 0b5399c7-6330-4103-a825-8ad7cce983f7 | ITER: 7 START
2019-10-28 01:29:56.520 21196 RALLYDEBUG rally.task.utils [-] Waiting for resource s_rally_e318154c_bHCO7N5f. Status changed: BUILD => ACTIVE in 9.366144895553589
2019-10-28 01:29:56.868 21196 INFO rally.task.runner [-] Task 0b5399c7-6330-4103-a825-8ad7cce983f7 | ITER: 4 END: OK
2019-10-28 01:29:56.873 21196 INFO rally.task.runner [-] Task 0b5399c7-6330-4103-a825-8ad7cce983f7 | ITER: 8 START
2019-10-28 01:29:58.948 21193 RALLYDEBUG rally.task.utils [-] Waiting for resource s_rally_e318154c_NzFKyhwr. Status changed: BUILD => ACTIVE in 4.735070705413818
2019-10-28 01:29:59.260 21193 INFO rally.task.runner [-] Task 0b5399c7-6330-4103-a825-8ad7cce983f7 | ITER: 5 END: OK
2019-10-28 01:29:59.265 21193 INFO rally.task.runner [-] Task 0b5399c7-6330-4103-a825-8ad7cce983f7 | ITER: 9 START
2019-10-28 01:30:02.996 21191 RALLYDEBUG rally.task.utils [-] Waiting for resource s_rally_e318154c_Jmeix0LF. Status changed: BUILD => ACTIVE in 6.796524524688721
2019-10-28 01:30:03.590 21191 INFO rally.task.runner [-] Task 0b5399c7-6330-4103-a825-8ad7cce983f7 | ITER: 6 END: OK
2019-10-28 01:30:03.594 21191 INFO rally.task.runner [-] Task 0b5399c7-6330-4103-a825-8ad7cce983f7 | ITER: 10 START
2019-10-28 01:30:05.839 21193 RALLYDEBUG rally.task.utils [-] Waiting for resource s_rally_e318154c_GaKAASQC. Status changed: BUILD => ACTIVE in 4.528798580169678
2019-10-28 01:30:05.893 21192 RALLYDEBUG rally.task.utils [-] Waiting for resource s_rally_e318154c_1TdtbNty. Status changed: BUILD => ACTIVE in 9.090353012084961
2019-10-28 01:30:06.059 21193 INFO rally.task.runner [-] Task 0b5399c7-6330-4103-a825-8ad7cce983f7 | ITER: 9 END: OK
2019-10-28 01:30:06.207 21192 INFO rally.task.runner [-] Task 0b5399c7-6330-4103-a825-8ad7cce983f7 | ITER: 7 END: OK
2019-10-28 01:30:08.157 21196 RALLYDEBUG rally.task.utils [-] Waiting for resource s_rally_e318154c_Wqb1H9Bc. Status changed: BUILD => ACTIVE in 8.976838827133179
2019-10-28 01:30:08.426 21196 INFO rally.task.runner [-] Task 0b5399c7-6330-4103-a825-8ad7cce983f7 | ITER: 8 END: OK
2019-10-28 01:30:10.270 21191 RALLYDEBUG rally.task.utils [-] Waiting for resource s_rally_e318154c_JXCAddDD. Status changed: BUILD => ACTIVE in 4.432610511779785
2019-10-28 01:30:10.533 21191 INFO rally.task.runner [-] Task 0b5399c7-6330-4103-a825-8ad7cce983f7 | ITER: 10 END: OK
2019-10-28 01:30:10.560 20411 INFO rally.task.context [-] Task 0b5399c7-6330-4103-a825-8ad7cce983f7 | Context cleanup@openstack cleanup() started
2019-10-28 01:30:10.563 20411 RALLYDEBUG rally_openstack.cleanup.manager [-] Cleaning up nova servers objects
2019-10-28 01:30:12.826 20411 RALLYDEBUG rally_openstack.cleanup.manager [-] Deleting nova.servers object s_rally_e318154c_JXCAddDD (23e08de5-8290-4e0f-820f-b159e4c346f9)
2019-10-28 01:30:12.836 20411 RALLYDEBUG rally_openstack.cleanup.manager [-] Deleting nova.servers object s_rally_e318154c_Wqb1H9Bc (1b374b1e-4c1a-4402-9c7b-70f2db9bd2ca)
2019-10-28 01:30:12.845 20411 RALLYDEBUG rally_openstack.cleanup.manager [-] Deleting nova.servers object s_rally_e318154c_1TdtbNty (1719ab4c-e040-4f1e-867a-8b15df2c4244)
2019-10-28 01:30:12.849 20411 RALLYDEBUG rally_openstack.cleanup.manager [-] Deleting nova.servers object s_rally_e318154c_bHCO7N5f (77376fe4-639a-4d21-bb1f-8287cf1c6ebe)
2019-10-28 01:30:12.861 20411 RALLYDEBUG rally_openstack.cleanup.manager [-] Deleting nova.servers object s_rally_e318154c_GaKAASQC (374d2769-9bd0-4ece-8f5d-a16cb948eaca)
2019-10-28 01:30:12.872 20411 RALLYDEBUG rally_openstack.cleanup.manager [-] Deleting nova.servers object s_rally_e318154c_NzFKyhwr (8bf7707a-12aa-42ec-b4d9-f87feb444811)
2019-10-28 01:30:12.888 20411 RALLYDEBUG rally_openstack.cleanup.manager [-] Deleting nova.servers object s_rally_e318154c_1eAaN1NN (6a753c5e-911c-43c5-bf73-4a6760709a0c)
2019-10-28 01:30:12.902 20411 RALLYDEBUG rally_openstack.cleanup.manager [-] Deleting nova.servers object s_rally_e318154c_brdXDBdR (96dfee35-919e-4a13-87df-073dc06acbb9)
2019-10-28 01:30:12.915 20411 RALLYDEBUG rally_openstack.cleanup.manager [-] Deleting nova.servers object s_rally_e318154c_Jmeix0LF (0366b81d-d13c-46f9-ac1c-fd2dc3b42d57)
2019-10-28 01:30:12.926 20411 RALLYDEBUG rally_openstack.cleanup.manager [-] Deleting nova.servers object s_rally_e318154c_LUGwGn4i (1cf3eb4c-2bc9-46ce-87c5-8e086a19340e)
2019-10-28 01:30:18.352 20411 RALLYDEBUG rally_openstack.cleanup.manager [-] Cleaning up nova server_groups objects
2019-10-28 01:30:19.478 20411 RALLYDEBUG rally_openstack.cleanup.manager [-] Cleaning up nova keypairs objects
2019-10-28 01:30:21.889 20411 INFO rally.task.context [-] Task 0b5399c7-6330-4103-a825-8ad7cce983f7 | Context cleanup@openstack cleanup() finished in 11.33 sec
2019-10-28 01:30:21.889 20411 INFO rally.task.context [-] Task 0b5399c7-6330-4103-a825-8ad7cce983f7 | Context network@openstack cleanup() started
2019-10-28 01:30:42.555 20411 INFO rally.task.context [-] Task 0b5399c7-6330-4103-a825-8ad7cce983f7 | Context network@openstack cleanup() finished in 20.67 sec
2019-10-28 01:30:42.556 20411 INFO rally.task.context [-] Task 0b5399c7-6330-4103-a825-8ad7cce983f7 | Context quotas@openstack cleanup() started
2019-10-28 01:30:42.798 20411 INFO rally.task.context [-] Task 0b5399c7-6330-4103-a825-8ad7cce983f7 | Context quotas@openstack cleanup() finished in 0.24 sec
2019-10-28 01:30:42.799 20411 INFO rally.task.context [-] Task 0b5399c7-6330-4103-a825-8ad7cce983f7 | Context users@openstack cleanup() started
2019-10-28 01:30:46.678 20411 INFO rally.task.context [-] Task 0b5399c7-6330-4103-a825-8ad7cce983f7 | Context users@openstack cleanup() finished in 3.88 sec
2019-10-28 01:30:48.282 20411 INFO rally.task.engine [-] Load duration is: 25.284696
2019-10-28 01:30:48.283 20411 INFO rally.task.engine [-] Full runner duration is: 26.331816
2019-10-28 01:30:48.283 20411 INFO rally.task.engine [-] Full duration is: 78.768181
2019-10-28 01:30:48.610 20411 INFO rally.task.engine [-] Running workload: position = 0 config = { "version": 2, "title": "A cropped version of a bigger task.", "description": "Auto-generated task from a single workload (uuid=631ad5c2-e5d8-4bf9-8a20-59f9753c15c1)", "subtasks": [ { "title": "NovaServers.boot_and_rebuild_server", "description": "Rebuild a server.", "scenario": { "NovaServers.boot_and_rebuild_server": { "flavor": { "name": "rally_full-flavor_94399dd7-70e5-4767-b49a-8f67339bf77d" }, "from_image": { "name": "rally_full-img_94399dd7-70e5-4767-b49a-8f67339bf77d" }, "to_image": { "name": "rally_full-img_94399dd7-70e5-4767-b49a-8f67339bf77d" }, "nics": [ { "net-id": "2381ea0d-4449-473e-9297-21732a0ea467" } ] } }, "contexts": { "users": { "tenants": 3, "users_per_tenant": 2 }, "network": { "networks_per_tenant": 1, "start_cidr": "100.1.0.0/25" }, "quotas": { "neutron": { "network": -1, "port": -1, "subnet": -1 }, "nova": { "cores": -1, "floating_ips": -1, "instances": -1, "ram": -1, "security_group_rules": -1, "security_groups": -1 } } }, "runner": { "constant": { "concurrency": 4, "times": 10 } }, "hooks": [], "sla": { "failure_rate": { "max": 0 } } } ] }
2019-10-28 01:30:48.635 20411 RALLYDEBUG rally_openstack.contexts.keystone.users [-] Creating 3 tenants using 20 threads
2019-10-28 01:30:49.597 20411 RALLYDEBUG rally_openstack.contexts.keystone.users [-] Creating 6 users using 20 threads
2019-10-28 01:30:51.122 20411 INFO rally.task.context [-] Task 0b5399c7-6330-4103-a825-8ad7cce983f7 | Context users@openstack setup() finished in 2.49 sec
2019-10-28 01:30:52.452 20411 INFO rally.task.context [-] Task 0b5399c7-6330-4103-a825-8ad7cce983f7 | Context quotas@openstack setup() finished in 1.33 sec
2019-10-28 01:30:54.725 20411 RALLYDEBUG rally_openstack.wrappers.network [-] CIDR generated: 100.1.4.128/25
2019-10-28 01:30:58.625 20411 RALLYDEBUG rally_openstack.wrappers.network [-] CIDR generated: 100.1.5.0/25
2019-10-28 01:31:02.218 20411 RALLYDEBUG rally_openstack.wrappers.network [-] CIDR generated: 100.1.5.128/25
2019-10-28 01:31:04.407 20411 INFO rally.task.context [-] Task 0b5399c7-6330-4103-a825-8ad7cce983f7 | Context network@openstack setup() finished in 11.95 sec
2019-10-28 01:31:04.408 20411 INFO rally.task.context [-] Task 0b5399c7-6330-4103-a825-8ad7cce983f7 | Context cleanup@openstack setup() finished in 0.01 msec
2019-10-28 01:31:05.234 20411 RALLYDEBUG rally.task.runner [-] Starting the constant runner (task UUID: 0b5399c7-6330-4103-a825-8ad7cce983f7). times: 10 concurrency: 4 timeout: 0 max_cpu_used: 16 processes_to_start: 4 concurrency_per_worker: 1 concurrency_overhead: 0
2019-10-28 01:31:05.245 21355 RALLYDEBUG rally.task.runner [-] Starting a worker. times: 10 duration: None concurrency: 1 timeout: 0 cls: method_name: run args: {"flavor": "f6e16333-aeab-48e5-b309-0e3bdd356d36", "from_image": "557170a9-5025-4cf4-a927-2cc8be496f7e", "to_image": "557170a9-5025-4cf4-a927-2cc8be496f7e", "nics": [{"net-id": "2381ea0d-4449-473e-9297-21732a0ea467"}]}
2019-10-28 01:31:05.250 21356 RALLYDEBUG rally.task.runner [-] Starting a worker. times: 10 duration: None concurrency: 1 timeout: 0 cls: method_name: run args: {"flavor": "f6e16333-aeab-48e5-b309-0e3bdd356d36", "from_image": "557170a9-5025-4cf4-a927-2cc8be496f7e", "to_image": "557170a9-5025-4cf4-a927-2cc8be496f7e", "nics": [{"net-id": "2381ea0d-4449-473e-9297-21732a0ea467"}]}
2019-10-28 01:31:05.251 21355 INFO rally.task.runner [-] Task 0b5399c7-6330-4103-a825-8ad7cce983f7 | ITER: 1 START
2019-10-28 01:31:05.254 21357 RALLYDEBUG rally.task.runner [-] Starting a worker. times: 10 duration: None concurrency: 1 timeout: 0 cls: method_name: run args: {"flavor": "f6e16333-aeab-48e5-b309-0e3bdd356d36", "from_image": "557170a9-5025-4cf4-a927-2cc8be496f7e", "to_image": "557170a9-5025-4cf4-a927-2cc8be496f7e", "nics": [{"net-id": "2381ea0d-4449-473e-9297-21732a0ea467"}]}
2019-10-28 01:31:05.257 21356 INFO rally.task.runner [-] Task 0b5399c7-6330-4103-a825-8ad7cce983f7 | ITER: 2 START
2019-10-28 01:31:05.257 21360 RALLYDEBUG rally.task.runner [-] Starting a worker. times: 10 duration: None concurrency: 1 timeout: 0 cls: method_name: run args: {"flavor": "f6e16333-aeab-48e5-b309-0e3bdd356d36", "from_image": "557170a9-5025-4cf4-a927-2cc8be496f7e", "to_image": "557170a9-5025-4cf4-a927-2cc8be496f7e", "nics": [{"net-id": "2381ea0d-4449-473e-9297-21732a0ea467"}]}
2019-10-28 01:31:05.261 21357 INFO rally.task.runner [-] Task 0b5399c7-6330-4103-a825-8ad7cce983f7 | ITER: 3 START
2019-10-28 01:31:05.262 21360 INFO rally.task.runner [-] Task 0b5399c7-6330-4103-a825-8ad7cce983f7 | ITER: 4 START
2019-10-28 01:31:12.641 21355 RALLYDEBUG rally.task.utils [-] Waiting for resource s_rally_631ad5c2_GxO9c1Hq. Status changed: BUILD => ACTIVE in 4.693850755691528
2019-10-28 01:31:14.153 21355 RALLYDEBUG rally.task.utils [-] Waiting for resource s_rally_631ad5c2_GxO9c1Hq. Status changed: ACTIVE => REBUILD in 0.25528979301452637
2019-10-28 01:31:14.308 21357 RALLYDEBUG rally.task.utils [-] Waiting for resource s_rally_631ad5c2_EeelCQce. Status changed: BUILD => ACTIVE in 6.889947414398193
2019-10-28 01:31:14.769 21356 RALLYDEBUG rally.task.utils [-] Waiting for resource s_rally_631ad5c2_HRdV60yt. Status changed: BUILD => ACTIVE in 6.900579929351807
2019-10-28 01:31:16.120 21357 RALLYDEBUG rally.task.utils [-] Waiting for resource s_rally_631ad5c2_EeelCQce. Status changed: ACTIVE => REBUILD in 0.4022204875946045
2019-10-28 01:31:16.282 21356 RALLYDEBUG rally.task.utils [-] Waiting for resource s_rally_631ad5c2_HRdV60yt. Status changed: ACTIVE => REBUILD in 0.22423529624938965
2019-10-28 01:31:16.316 21360 RALLYDEBUG rally.task.utils [-] Waiting for resource s_rally_631ad5c2_hdd2v2qv. Status changed: BUILD => ACTIVE in 8.905827522277832
2019-10-28 01:31:17.795 21360 RALLYDEBUG rally.task.utils [-] Waiting for resource s_rally_631ad5c2_hdd2v2qv. Status changed: ACTIVE => REBUILD in 0.19969725608825684
2019-10-28 01:31:29.857 21355 RALLYDEBUG rally.task.utils [-] Waiting for resource s_rally_631ad5c2_GxO9c1Hq. Status changed: REBUILD => ACTIVE in 15.703502893447876
2019-10-28 01:31:32.155 21355 INFO rally.task.runner [-] Task 0b5399c7-6330-4103-a825-8ad7cce983f7 | ITER: 1 END: OK
2019-10-28 01:31:32.162 21355 INFO rally.task.runner [-] Task 0b5399c7-6330-4103-a825-8ad7cce983f7 | ITER: 5 START
2019-10-28 01:31:32.968 21356 RALLYDEBUG rally.task.utils [-] Waiting for resource s_rally_631ad5c2_HRdV60yt. Status changed: REBUILD => ACTIVE in 16.686529636383057
2019-10-28 01:31:33.087 21360 RALLYDEBUG rally.task.utils [-] Waiting for resource s_rally_631ad5c2_hdd2v2qv. Status changed: REBUILD => ACTIVE in 15.291334390640259
2019-10-28 01:31:35.273 21356 INFO rally.task.runner [-] Task 0b5399c7-6330-4103-a825-8ad7cce983f7 | ITER: 2 END: OK
2019-10-28 01:31:35.279 21356 INFO rally.task.runner [-] Task 0b5399c7-6330-4103-a825-8ad7cce983f7 | ITER: 6 START
2019-10-28 01:31:35.388 21360 INFO rally.task.runner [-] Task 0b5399c7-6330-4103-a825-8ad7cce983f7 | ITER: 4 END: OK
2019-10-28 01:31:35.396 21360 INFO rally.task.runner [-] Task 0b5399c7-6330-4103-a825-8ad7cce983f7 | ITER: 7 START
2019-10-28 01:31:39.072 21355 RALLYDEBUG rally.task.utils [-] Waiting for resource s_rally_631ad5c2_AR7fiyQC. Status changed: BUILD => ACTIVE in 4.549999475479126
2019-10-28 01:31:40.568 21355 RALLYDEBUG rally.task.utils [-] Waiting for resource s_rally_631ad5c2_AR7fiyQC. Status changed: ACTIVE => REBUILD in 0.22478938102722168
2019-10-28 01:31:41.902 21360 RALLYDEBUG rally.task.utils [-] Waiting for resource s_rally_631ad5c2_aUjH7ST8. Status changed: BUILD => ACTIVE in 4.483476161956787
2019-10-28 01:31:42.269 21356 RALLYDEBUG rally.task.utils [-] Waiting for resource s_rally_631ad5c2_vQI1a2TI. Status changed: BUILD => ACTIVE in 4.602488994598389
2019-10-28 01:31:43.436 21360 RALLYDEBUG rally.task.utils [-] Waiting for resource s_rally_631ad5c2_aUjH7ST8. Status changed: ACTIVE => REBUILD in 0.22626161575317383
2019-10-28 01:31:43.844 21356 RALLYDEBUG rally.task.utils [-] Waiting for resource s_rally_631ad5c2_vQI1a2TI. Status changed: ACTIVE => REBUILD in 0.1647489070892334
2019-10-28 01:31:54.135 21357 RALLYDEBUG rally.task.utils [-] Waiting for resource s_rally_631ad5c2_EeelCQce. Status changed: REBUILD => ACTIVE in 38.014785051345825
2019-10-28 01:31:56.496 21357 INFO rally.task.runner [-] Task 0b5399c7-6330-4103-a825-8ad7cce983f7 | ITER: 3 END: OK
2019-10-28 01:31:56.504 21357 INFO rally.task.runner [-] Task 0b5399c7-6330-4103-a825-8ad7cce983f7 | ITER: 8 START
2019-10-28 01:31:58.162 21355 RALLYDEBUG rally.task.utils [-] Waiting for resource s_rally_631ad5c2_AR7fiyQC. Status changed: REBUILD => ACTIVE in 17.594672679901123
2019-10-28 01:31:59.408 21356 RALLYDEBUG rally.task.utils [-] Waiting for resource s_rally_631ad5c2_vQI1a2TI. Status changed: REBUILD => ACTIVE in 15.563109636306763
2019-10-28 01:31:59.842 21360 RALLYDEBUG rally.task.utils [-] Waiting for resource s_rally_631ad5c2_aUjH7ST8. Status changed: REBUILD => ACTIVE in 16.406018018722534
2019-10-28 01:32:00.480 21355 INFO rally.task.runner [-] Task 0b5399c7-6330-4103-a825-8ad7cce983f7 | ITER: 5 END: OK
2019-10-28 01:32:00.485 21355 INFO rally.task.runner [-] Task 0b5399c7-6330-4103-a825-8ad7cce983f7 | ITER: 9 START
2019-10-28 01:32:01.829 21356 INFO rally.task.runner [-] Task 0b5399c7-6330-4103-a825-8ad7cce983f7 | ITER: 6 END: OK
2019-10-28 01:32:01.833 21356 INFO rally.task.runner [-] Task 0b5399c7-6330-4103-a825-8ad7cce983f7 | ITER: 10 START
2019-10-28 01:32:02.438 21360 INFO rally.task.runner [-] Task 0b5399c7-6330-4103-a825-8ad7cce983f7 | ITER: 7 END: OK
2019-10-28 01:32:03.038 21357 RALLYDEBUG rally.task.utils [-] Waiting for resource s_rally_631ad5c2_OfbRfdwi. Status changed: BUILD => ACTIVE in 4.474133491516113
2019-10-28 01:32:04.498 21357 RALLYDEBUG rally.task.utils [-] Waiting for resource s_rally_631ad5c2_OfbRfdwi. Status changed: ACTIVE => REBUILD in 0.1972208023071289
2019-10-28 01:32:08.482 21356 RALLYDEBUG rally.task.utils [-] Waiting for resource s_rally_631ad5c2_j62LVtgq. Status changed: BUILD => ACTIVE in 4.682348728179932
2019-10-28 01:32:10.194 21356 RALLYDEBUG rally.task.utils [-] Waiting for resource s_rally_631ad5c2_j62LVtgq. Status changed: ACTIVE => REBUILD in 0.1892833709716797
2019-10-28 01:32:11.534 21355 RALLYDEBUG rally.task.utils [-] Waiting for resource s_rally_631ad5c2_wBKfpADr. Status changed: BUILD => ACTIVE in 8.984070301055908
2019-10-28 01:32:13.070 21355 RALLYDEBUG rally.task.utils [-] Waiting for resource s_rally_631ad5c2_wBKfpADr. Status changed: ACTIVE => REBUILD in 0.25528430938720703
2019-10-28 01:32:19.719 21357 RALLYDEBUG rally.task.utils [-] Waiting for resource s_rally_631ad5c2_OfbRfdwi. Status changed: REBUILD => ACTIVE in 15.220795154571533
2019-10-28 01:32:22.024 21357 INFO rally.task.runner [-] Task 0b5399c7-6330-4103-a825-8ad7cce983f7 | ITER: 8 END: OK
2019-10-28 01:32:25.543 21356 RALLYDEBUG rally.task.utils [-] Waiting for resource s_rally_631ad5c2_j62LVtgq. Status changed: REBUILD => ACTIVE in 15.349369049072266
2019-10-28 01:32:27.844 21356 INFO rally.task.runner [-] Task 0b5399c7-6330-4103-a825-8ad7cce983f7 | ITER: 10 END: OK
2019-10-28 01:32:28.087 21355 RALLYDEBUG rally.task.utils [-] Waiting for resource s_rally_631ad5c2_wBKfpADr. Status changed: REBUILD => ACTIVE in 15.017558336257935
2019-10-28 01:32:30.396 21355 INFO rally.task.runner [-] Task 0b5399c7-6330-4103-a825-8ad7cce983f7 | ITER: 9 END: OK
2019-10-28 01:32:30.425 20411 INFO rally.task.context [-] Task 0b5399c7-6330-4103-a825-8ad7cce983f7 | Context cleanup@openstack cleanup() started
2019-10-28 01:32:30.430 20411 RALLYDEBUG rally_openstack.cleanup.manager [-] Cleaning up nova servers objects
2019-10-28 01:32:31.667 20411 RALLYDEBUG rally_openstack.cleanup.manager [-] Cleaning up nova server_groups objects
2019-10-28 01:32:32.766 20411 RALLYDEBUG rally_openstack.cleanup.manager [-] Cleaning up nova keypairs objects
2019-10-28 01:32:35.164 20411 INFO rally.task.context [-] Task 0b5399c7-6330-4103-a825-8ad7cce983f7 | Context cleanup@openstack cleanup() finished in 4.74 sec
2019-10-28 01:32:35.165 20411 INFO rally.task.context [-] Task 0b5399c7-6330-4103-a825-8ad7cce983f7 | Context network@openstack cleanup() started
2019-10-28 01:32:56.437 20411 INFO rally.task.context [-] Task 0b5399c7-6330-4103-a825-8ad7cce983f7 | Context network@openstack cleanup() finished in 21.27 sec
2019-10-28 01:32:56.438 20411 INFO rally.task.context [-] Task 0b5399c7-6330-4103-a825-8ad7cce983f7 | Context quotas@openstack cleanup() started
2019-10-28 01:32:56.642 20411 INFO rally.task.context [-] Task 0b5399c7-6330-4103-a825-8ad7cce983f7 | Context quotas@openstack cleanup() finished in 0.20 sec
2019-10-28 01:32:56.642 20411 INFO rally.task.context [-] Task 0b5399c7-6330-4103-a825-8ad7cce983f7 | Context users@openstack cleanup() started
2019-10-28 01:33:00.458 20411 INFO rally.task.context [-] Task 0b5399c7-6330-4103-a825-8ad7cce983f7 | Context users@openstack cleanup() finished in 3.82 sec
2019-10-28 01:33:01.202 20411 INFO rally.task.engine [-] Load duration is: 83.143532
2019-10-28 01:33:01.202 20411 INFO rally.task.engine [-] Full runner duration is: 85.191326
2019-10-28 01:33:01.203 20411 INFO rally.task.engine [-] Full duration is: 131.825414
2019-10-28 01:33:01.511 20411 INFO rally.task.engine [-] Running workload: position = 0 config = { "version": 2, "title": "A cropped version of a bigger task.", "description": "Auto-generated task from a single workload (uuid=e763da0b-fa0b-47e9-9f05-764336de6e89)", "subtasks": [ { "title": "NovaServers.snapshot_server", "description": "Boot a server, make its snapshot and delete both.", "scenario": { "NovaServers.snapshot_server": { "flavor": { "name": "rally_full-flavor_94399dd7-70e5-4767-b49a-8f67339bf77d" }, "image": { "name": "rally_full-img_94399dd7-70e5-4767-b49a-8f67339bf77d" }, "nics": [ { "net-id": "2381ea0d-4449-473e-9297-21732a0ea467" } ] } }, "contexts": { "users": { "tenants": 3, "users_per_tenant": 2 }, "network": { "networks_per_tenant": 1, "start_cidr": "100.1.0.0/25" }, "quotas": { "neutron": { "network": -1, "port": -1, "subnet": -1 }, "nova": { "cores": -1, "floating_ips": -1, "instances": -1, "ram": -1, "security_group_rules": -1, "security_groups": -1 } } }, "runner": { "constant": { "concurrency": 4, "times": 10 } }, "hooks": [], "sla": { "failure_rate": { "max": 0 } } } ] }
2019-10-28 01:33:01.539 20411 RALLYDEBUG rally_openstack.contexts.keystone.users [-] Creating 3 tenants using 20 threads
2019-10-28 01:33:02.509 20411 RALLYDEBUG rally_openstack.contexts.keystone.users [-] Creating 6 users using 20 threads
2019-10-28 01:33:04.009 20411 INFO rally.task.context [-] Task 0b5399c7-6330-4103-a825-8ad7cce983f7 | Context users@openstack setup() finished in 2.47 sec
2019-10-28 01:33:05.506 20411 INFO rally.task.context [-] Task 0b5399c7-6330-4103-a825-8ad7cce983f7 | Context quotas@openstack setup() finished in 1.50 sec
2019-10-28 01:33:07.337 20411 RALLYDEBUG rally_openstack.wrappers.network [-] CIDR generated: 100.1.6.0/25
2019-10-28 01:33:11.095 20411 RALLYDEBUG rally_openstack.wrappers.network [-] CIDR generated: 100.1.6.128/25
2019-10-28 01:33:14.726 20411 RALLYDEBUG rally_openstack.wrappers.network [-] CIDR generated: 100.1.7.0/25
2019-10-28 01:33:17.139 20411 INFO rally.task.context [-] Task 0b5399c7-6330-4103-a825-8ad7cce983f7 | Context network@openstack setup() finished in 11.63 sec
2019-10-28 01:33:17.140 20411 INFO rally.task.context [-] Task 0b5399c7-6330-4103-a825-8ad7cce983f7 | Context cleanup@openstack setup() finished in 0.02 msec
2019-10-28 01:33:17.947 20411 RALLYDEBUG rally.task.runner [-] Starting the constant runner (task UUID: 0b5399c7-6330-4103-a825-8ad7cce983f7). times: 10 concurrency: 4 timeout: 0 max_cpu_used: 16 processes_to_start: 4 concurrency_per_worker: 1 concurrency_overhead: 0
2019-10-28 01:33:17.959 21519 RALLYDEBUG rally.task.runner [-] Starting a worker. times: 10 duration: None concurrency: 1 timeout: 0 cls: method_name: run args: {"flavor": "f6e16333-aeab-48e5-b309-0e3bdd356d36", "image": "557170a9-5025-4cf4-a927-2cc8be496f7e", "nics": [{"net-id": "2381ea0d-4449-473e-9297-21732a0ea467"}]}
2019-10-28 01:33:17.963 21520 RALLYDEBUG rally.task.runner [-] Starting a worker. times: 10 duration: None concurrency: 1 timeout: 0 cls: method_name: run args: {"flavor": "f6e16333-aeab-48e5-b309-0e3bdd356d36", "image": "557170a9-5025-4cf4-a927-2cc8be496f7e", "nics": [{"net-id": "2381ea0d-4449-473e-9297-21732a0ea467"}]}
2019-10-28 01:33:17.967 21519 INFO rally.task.runner [-] Task 0b5399c7-6330-4103-a825-8ad7cce983f7 | ITER: 1 START
2019-10-28 01:33:17.967 21521 RALLYDEBUG rally.task.runner [-] Starting a worker. times: 10 duration: None concurrency: 1 timeout: 0 cls: method_name: run args: {"flavor": "f6e16333-aeab-48e5-b309-0e3bdd356d36", "image": "557170a9-5025-4cf4-a927-2cc8be496f7e", "nics": [{"net-id": "2381ea0d-4449-473e-9297-21732a0ea467"}]}
2019-10-28 01:33:17.970 21520 INFO rally.task.runner [-] Task 0b5399c7-6330-4103-a825-8ad7cce983f7 | ITER: 2 START
2019-10-28 01:33:17.971 21522 RALLYDEBUG rally.task.runner [-] Starting a worker. times: 10 duration: None concurrency: 1 timeout: 0 cls: method_name: run args: {"flavor": "f6e16333-aeab-48e5-b309-0e3bdd356d36", "image": "557170a9-5025-4cf4-a927-2cc8be496f7e", "nics": [{"net-id": "2381ea0d-4449-473e-9297-21732a0ea467"}]}
2019-10-28 01:33:17.974 21521 INFO rally.task.runner [-] Task 0b5399c7-6330-4103-a825-8ad7cce983f7 | ITER: 3 START
2019-10-28 01:33:17.978 21522 INFO rally.task.runner [-] Task 0b5399c7-6330-4103-a825-8ad7cce983f7 | ITER: 4 START
2019-10-28 01:33:24.929 21519 RALLYDEBUG rally.task.utils [-] Waiting for resource s_rally_e763da0b_xNmVYbb8. Status changed: BUILD => ACTIVE in 4.4983134269714355
2019-10-28 01:33:24.961 21521 RALLYDEBUG rally.task.utils [-] Waiting for resource s_rally_e763da0b_D7F8yF6j. Status changed: BUILD => ACTIVE in 4.546396017074585
2019-10-28 01:33:27.212 21522 RALLYDEBUG rally.task.utils [-] Waiting for resource s_rally_e763da0b_B0Wtc5tC. Status changed: BUILD => ACTIVE in 6.660903692245483
2019-10-28 01:33:27.219 21519 RALLYDEBUG rally.task.utils [-] Waiting for resource s_rally_e763da0b_xNmVYbb8. Status changed: QUEUED => ACTIVE in 2.0459349155426025
2019-10-28 01:33:28.965 21520 RALLYDEBUG rally.task.utils [-] Waiting for resource s_rally_e763da0b_CY3jK6K0. Status changed: BUILD => ACTIVE in 8.801860332489014
2019-10-28 01:33:29.597 21521 RALLYDEBUG rally.task.utils [-] Waiting for resource s_rally_e763da0b_D7F8yF6j. Status changed: QUEUED => ACTIVE in 4.063183307647705
2019-10-28 01:33:31.616 21522 RALLYDEBUG rally.task.utils [-] Waiting for resource s_rally_e763da0b_B0Wtc5tC. Status changed: QUEUED => ACTIVE in 4.073729038238525
2019-10-28 01:33:33.259 21520 RALLYDEBUG rally.task.utils [-] Waiting for resource s_rally_e763da0b_CY3jK6K0. Status changed: QUEUED => ACTIVE in 4.066133499145508
2019-10-28 01:33:36.112 21519 RALLYDEBUG rally.task.utils [-] Waiting for resource s_rally_e763da0b_yPLFh9P3. Status changed: BUILD => ACTIVE in 4.535372495651245
2019-10-28 01:33:38.667 21519 WARNING /usr/lib/python3.6/site-packages/rally_openstack/scenarios/nova/utils.py [-] Method '_delete_image' of NovaScenario class is deprecated since Rally 0.10.0. Use GlanceUtils instead.
2019-10-28 01:33:38.803 21519 DEBUG glanceclient.common.http [-] Request returned failure status 404. _handle_response /usr/lib/python3.6/site-packages/glanceclient/common/http.py:125
2019-10-28 01:33:38.812 21519 INFO rally.task.runner [-] Task 0b5399c7-6330-4103-a825-8ad7cce983f7 | ITER: 1 END: OK
2019-10-28 01:33:38.819 21519 INFO rally.task.runner [-] Task 0b5399c7-6330-4103-a825-8ad7cce983f7 | ITER: 5 START
2019-10-28 01:33:38.942 21521 RALLYDEBUG rally.task.utils [-] Waiting for resource s_rally_e763da0b_oyVcA3wi. Status changed: BUILD => ACTIVE in 4.906472682952881
2019-10-28 01:33:41.308 21521 WARNING /usr/lib/python3.6/site-packages/rally_openstack/scenarios/nova/utils.py [-] Method '_delete_image' of NovaScenario class is deprecated since Rally 0.10.0. Use GlanceUtils instead.
2019-10-28 01:33:41.455 21521 DEBUG glanceclient.common.http [-] Request returned failure status 404. _handle_response /usr/lib/python3.6/site-packages/glanceclient/common/http.py:125
2019-10-28 01:33:41.462 21521 INFO rally.task.runner [-] Task 0b5399c7-6330-4103-a825-8ad7cce983f7 | ITER: 3 END: OK
2019-10-28 01:33:41.468 21521 INFO rally.task.runner [-] Task 0b5399c7-6330-4103-a825-8ad7cce983f7 | ITER: 6 START
2019-10-28 01:33:42.616 21522 RALLYDEBUG rally.task.utils [-] Waiting for resource s_rally_e763da0b_RGqhESed. Status changed: BUILD => ACTIVE in 6.745756149291992
2019-10-28 01:33:43.931 21520 RALLYDEBUG rally.task.utils [-] Waiting for resource s_rally_e763da0b_DPii9S96. Status changed: BUILD => ACTIVE in 6.629164218902588
2019-10-28 01:33:44.957 21522 WARNING /usr/lib/python3.6/site-packages/rally_openstack/scenarios/nova/utils.py [-] Method '_delete_image' of NovaScenario class is deprecated since Rally 0.10.0. Use GlanceUtils instead.
2019-10-28 01:33:45.094 21522 DEBUG glanceclient.common.http [-] Request returned failure status 404. _handle_response /usr/lib/python3.6/site-packages/glanceclient/common/http.py:125
2019-10-28 01:33:45.099 21522 INFO rally.task.runner [-] Task 0b5399c7-6330-4103-a825-8ad7cce983f7 | ITER: 4 END: OK
2019-10-28 01:33:45.107 21522 INFO rally.task.runner [-] Task 0b5399c7-6330-4103-a825-8ad7cce983f7 | ITER: 7 START
2019-10-28 01:33:45.886 21519 RALLYDEBUG rally.task.utils [-] Waiting for resource s_rally_e763da0b_WavtLROg. Status changed: BUILD => ACTIVE in 4.6096110343933105
2019-10-28 01:33:46.242 21520 WARNING /usr/lib/python3.6/site-packages/rally_openstack/scenarios/nova/utils.py [-] Method '_delete_image' of NovaScenario class is deprecated since Rally 0.10.0. Use GlanceUtils instead.
2019-10-28 01:33:46.371 21520 DEBUG glanceclient.common.http [-] Request returned failure status 404. _handle_response /usr/lib/python3.6/site-packages/glanceclient/common/http.py:125
2019-10-28 01:33:46.376 21520 INFO rally.task.runner [-] Task 0b5399c7-6330-4103-a825-8ad7cce983f7 | ITER: 2 END: OK
2019-10-28 01:33:46.383 21520 INFO rally.task.runner [-] Task 0b5399c7-6330-4103-a825-8ad7cce983f7 | ITER: 8 START
2019-10-28 01:33:48.199 21519 RALLYDEBUG rally.task.utils [-] Waiting for resource s_rally_e763da0b_WavtLROg. Status changed: QUEUED => SAVING in 2.0512354373931885
2019-10-28 01:33:50.223 21519 RALLYDEBUG rally.task.utils [-] Waiting for resource s_rally_e763da0b_WavtLROg. Status changed: SAVING => ACTIVE in 2.023900032043457
2019-10-28 01:33:50.547 21521 RALLYDEBUG rally.task.utils [-] Waiting for resource s_rally_e763da0b_8TvuWiU6. Status changed: BUILD => ACTIVE in 6.779499292373657
2019-10-28 01:33:51.923 21522 RALLYDEBUG rally.task.utils [-] Waiting for resource s_rally_e763da0b_X74N3wEc. Status changed: BUILD => ACTIVE in 4.757193088531494
2019-10-28 01:33:52.845 21521 RALLYDEBUG rally.task.utils [-] Waiting for resource s_rally_e763da0b_8TvuWiU6. Status changed: QUEUED => SAVING in 2.0505311489105225
2019-10-28 01:33:53.103 21520 RALLYDEBUG rally.task.utils [-] Waiting for resource s_rally_e763da0b_aRxdHC49. Status changed: BUILD => ACTIVE in 4.706775188446045
2019-10-28 01:33:54.867 21521 RALLYDEBUG rally.task.utils [-] Waiting for resource s_rally_e763da0b_8TvuWiU6. Status changed: SAVING => ACTIVE in 2.022047758102417
2019-10-28 01:33:56.253 21522 RALLYDEBUG rally.task.utils [-] Waiting for resource s_rally_e763da0b_X74N3wEc. Status changed: QUEUED => ACTIVE in 4.0651021003723145
2019-10-28 01:33:57.384 21520 RALLYDEBUG rally.task.utils [-] Waiting for resource s_rally_e763da0b_aRxdHC49. Status changed: QUEUED => ACTIVE in 4.063596963882446
2019-10-28 01:34:00.813 21519 RALLYDEBUG rally.task.utils [-] Waiting for resource s_rally_e763da0b_FTLCKjZY. Status changed: BUILD => ACTIVE in 6.587432384490967
2019-10-28 01:34:03.113 21519 WARNING /usr/lib/python3.6/site-packages/rally_openstack/scenarios/nova/utils.py [-] Method '_delete_image' of NovaScenario class is deprecated since Rally 0.10.0. Use GlanceUtils instead.
2019-10-28 01:34:03.243 21519 DEBUG glanceclient.common.http [-] Request returned failure status 404. _handle_response /usr/lib/python3.6/site-packages/glanceclient/common/http.py:125
2019-10-28 01:34:03.244 21519 INFO rally.task.runner [-] Task 0b5399c7-6330-4103-a825-8ad7cce983f7 | ITER: 5 END: OK
2019-10-28 01:34:03.250 21519 INFO rally.task.runner [-] Task 0b5399c7-6330-4103-a825-8ad7cce983f7 | ITER: 9 START
2019-10-28 01:34:03.755 21521 RALLYDEBUG rally.task.utils [-] Waiting for resource s_rally_e763da0b_qnayTLaI. Status changed: BUILD => ACTIVE in 4.663873672485352
2019-10-28 01:34:06.110 21521 WARNING /usr/lib/python3.6/site-packages/rally_openstack/scenarios/nova/utils.py [-] Method '_delete_image' of NovaScenario class is deprecated since Rally 0.10.0. Use GlanceUtils instead.
2019-10-28 01:34:06.244 21521 DEBUG glanceclient.common.http [-] Request returned failure status 404. _handle_response /usr/lib/python3.6/site-packages/glanceclient/common/http.py:125
2019-10-28 01:34:06.245 21521 INFO rally.task.runner [-] Task 0b5399c7-6330-4103-a825-8ad7cce983f7 | ITER: 6 END: OK
2019-10-28 01:34:06.250 21521 INFO rally.task.runner [-] Task 0b5399c7-6330-4103-a825-8ad7cce983f7 | ITER: 10 START
2019-10-28 01:34:07.255 21522 RALLYDEBUG rally.task.utils [-] Waiting for resource s_rally_e763da0b_s031dU6T. Status changed: BUILD => ACTIVE in 6.770854473114014
2019-10-28 01:34:08.094 21520 RALLYDEBUG rally.task.utils [-] Waiting for resource s_rally_e763da0b_9IbVrSm4. Status changed: BUILD => ACTIVE in 6.626308441162109
2019-10-28 01:34:09.627 21522 WARNING /usr/lib/python3.6/site-packages/rally_openstack/scenarios/nova/utils.py [-] Method '_delete_image' of NovaScenario class is deprecated since Rally 0.10.0. Use GlanceUtils instead.
2019-10-28 01:34:09.756 21522 DEBUG glanceclient.common.http [-] Request returned failure status 404. _handle_response /usr/lib/python3.6/site-packages/glanceclient/common/http.py:125
2019-10-28 01:34:09.758 21522 INFO rally.task.runner [-] Task 0b5399c7-6330-4103-a825-8ad7cce983f7 | ITER: 7 END: OK
2019-10-28 01:34:09.812 21519 RALLYDEBUG rally.task.utils [-] Waiting for resource s_rally_e763da0b_IwgTpuIc. Status changed: BUILD => ACTIVE in 4.551100730895996
2019-10-28 01:34:10.420 21520 WARNING /usr/lib/python3.6/site-packages/rally_openstack/scenarios/nova/utils.py [-] Method '_delete_image' of NovaScenario class is deprecated since Rally 0.10.0. Use GlanceUtils instead.
2019-10-28 01:34:10.552 21520 DEBUG glanceclient.common.http [-] Request returned failure status 404. _handle_response /usr/lib/python3.6/site-packages/glanceclient/common/http.py:125
2019-10-28 01:34:10.554 21520 INFO rally.task.runner [-] Task 0b5399c7-6330-4103-a825-8ad7cce983f7 | ITER: 8 END: OK
2019-10-28 01:34:12.093 21519 RALLYDEBUG rally.task.utils [-] Waiting for resource s_rally_e763da0b_IwgTpuIc. Status changed: QUEUED => ACTIVE in 2.0434987545013428
2019-10-28 01:34:15.227 21521 RALLYDEBUG rally.task.utils [-] Waiting for resource s_rally_e763da0b_jtL06sYo. Status changed: BUILD => ACTIVE in 6.717453479766846
2019-10-28 01:34:19.565 21521 RALLYDEBUG rally.task.utils [-] Waiting for resource s_rally_e763da0b_jtL06sYo. Status changed: QUEUED => ACTIVE in 4.083725690841675
2019-10-28 01:34:22.809 21519 RALLYDEBUG rally.task.utils [-] Waiting for resource s_rally_e763da0b_21PX7VlH. Status changed: BUILD => ACTIVE in 6.661200761795044
2019-10-28 01:34:25.172 21519 WARNING /usr/lib/python3.6/site-packages/rally_openstack/scenarios/nova/utils.py [-] Method '_delete_image' of NovaScenario class is deprecated since Rally 0.10.0. Use GlanceUtils instead.
2019-10-28 01:34:25.309 21519 DEBUG glanceclient.common.http [-] Request returned failure status 404. _handle_response /usr/lib/python3.6/site-packages/glanceclient/common/http.py:125
2019-10-28 01:34:25.310 21519 INFO rally.task.runner [-] Task 0b5399c7-6330-4103-a825-8ad7cce983f7 | ITER: 9 END: OK
2019-10-28 01:34:28.503 21521 RALLYDEBUG rally.task.utils [-] Waiting for resource s_rally_e763da0b_a8p0zann. Status changed: BUILD => ACTIVE in 4.6257240772247314
2019-10-28 01:34:30.835 21521 WARNING /usr/lib/python3.6/site-packages/rally_openstack/scenarios/nova/utils.py [-] Method '_delete_image' of NovaScenario class is deprecated since Rally 0.10.0. Use GlanceUtils instead.
2019-10-28 01:34:30.995 21521 DEBUG glanceclient.common.http [-] Request returned failure status 404. _handle_response /usr/lib/python3.6/site-packages/glanceclient/common/http.py:125
2019-10-28 01:34:30.996 21521 INFO rally.task.runner [-] Task 0b5399c7-6330-4103-a825-8ad7cce983f7 | ITER: 10 END: OK
2019-10-28 01:34:31.021 20411 INFO rally.task.context [-] Task 0b5399c7-6330-4103-a825-8ad7cce983f7 | Context cleanup@openstack cleanup() started
2019-10-28 01:34:31.027 20411 RALLYDEBUG rally_openstack.cleanup.manager [-] Cleaning up nova servers objects
2019-10-28 01:34:32.332 20411 RALLYDEBUG rally_openstack.cleanup.manager [-] Cleaning up nova server_groups objects
2019-10-28 01:34:33.462 20411 RALLYDEBUG rally_openstack.cleanup.manager [-] Cleaning up nova keypairs objects
2019-10-28 01:34:35.817 20411 RALLYDEBUG rally_openstack.cleanup.manager [-] Cleaning up glance images objects
2019-10-28 01:34:37.101 20411 INFO rally.task.context [-] Task 0b5399c7-6330-4103-a825-8ad7cce983f7 | Context cleanup@openstack cleanup() finished in 6.08 sec
2019-10-28 01:34:37.101 20411 INFO rally.task.context [-] Task 0b5399c7-6330-4103-a825-8ad7cce983f7 | Context network@openstack cleanup() started
2019-10-28 01:34:57.891 20411 INFO rally.task.context [-] Task 0b5399c7-6330-4103-a825-8ad7cce983f7 | Context network@openstack cleanup() finished in 20.79 sec
2019-10-28 01:34:57.891 20411 INFO rally.task.context [-] Task 0b5399c7-6330-4103-a825-8ad7cce983f7 | Context quotas@openstack cleanup() started
2019-10-28 01:34:58.129 20411 INFO rally.task.context [-] Task 0b5399c7-6330-4103-a825-8ad7cce983f7 | Context quotas@openstack cleanup() finished in 0.24 sec
2019-10-28 01:34:58.129 20411 INFO rally.task.context [-] Task 0b5399c7-6330-4103-a825-8ad7cce983f7 | Context users@openstack cleanup() started
2019-10-28 01:35:02.262 20411 INFO rally.task.context [-] Task 0b5399c7-6330-4103-a825-8ad7cce983f7 | Context users@openstack cleanup() finished in 4.13 sec
2019-10-28 01:35:04.114 20411 INFO rally.task.engine [-] Load duration is: 71.028044
2019-10-28 01:35:04.115 20411 INFO rally.task.engine [-] Full runner duration is: 73.074315
2019-10-28 01:35:04.115 20411 INFO rally.task.engine [-] Full duration is: 120.726474
2019-10-28 01:35:04.438 20411 INFO rally.task.engine [-] Running workload: position = 0 config = { "version": 2, "title": "A cropped version of a bigger task.", "description": "Auto-generated task from a single workload (uuid=9fe9dd6e-ce1e-4cf7-8000-2e7030f52ac0)", "subtasks": [ { "title": "NovaServers.boot_server_from_volume", "description": "Boot a server from volume.", "scenario": { "NovaServers.boot_server_from_volume": { "flavor": { "name": "rally_full-flavor_94399dd7-70e5-4767-b49a-8f67339bf77d" }, "image": { "name": "rally_full-img_94399dd7-70e5-4767-b49a-8f67339bf77d" }, "volume_size": 1, "nics": [ { "net-id": "2381ea0d-4449-473e-9297-21732a0ea467" } ] } }, "contexts": { "users": { "tenants": 3, "users_per_tenant": 2 }, "api_versions": { "cinder": { "version": 3, "service_type": "volumev3" } } }, "runner": { "constant": { "concurrency": 4, "times": 10 } }, "hooks": [], "sla": { "failure_rate": { "max": 0 } } } ] }
2019-10-28 01:35:04.464 20411 RALLYDEBUG rally_openstack.contexts.keystone.users [-] Creating 3 tenants using 20 threads
2019-10-28 01:35:05.467 20411 RALLYDEBUG rally_openstack.contexts.keystone.users [-] Creating 6 users using 20 threads
2019-10-28 01:35:06.960 20411 INFO rally.task.context [-] Task 0b5399c7-6330-4103-a825-8ad7cce983f7 | Context users@openstack setup() finished in 2.50 sec
2019-10-28 01:35:07.328 20411 INFO rally.task.context [-] Task 0b5399c7-6330-4103-a825-8ad7cce983f7 | Context api_versions@openstack setup() finished in 0.37 sec
2019-10-28 01:35:07.329 20411 INFO rally.task.context [-] Task 0b5399c7-6330-4103-a825-8ad7cce983f7 | Context cleanup@openstack setup() finished in 0.02 msec
2019-10-28 01:35:08.256 20411 RALLYDEBUG rally.task.runner [-] Starting the constant runner (task UUID: 0b5399c7-6330-4103-a825-8ad7cce983f7). times: 10 concurrency: 4 timeout: 0 max_cpu_used: 16 processes_to_start: 4 concurrency_per_worker: 1 concurrency_overhead: 0
2019-10-28 01:35:08.268 21703 RALLYDEBUG rally.task.runner [-] Starting a worker. times: 10 duration: None concurrency: 1 timeout: 0 cls: method_name: run args: {"flavor": "f6e16333-aeab-48e5-b309-0e3bdd356d36", "image": "557170a9-5025-4cf4-a927-2cc8be496f7e", "volume_size": 1, "nics": [{"net-id": "2381ea0d-4449-473e-9297-21732a0ea467"}]}
2019-10-28 01:35:08.272 21704 RALLYDEBUG rally.task.runner [-] Starting a worker. times: 10 duration: None concurrency: 1 timeout: 0 cls: method_name: run args: {"flavor": "f6e16333-aeab-48e5-b309-0e3bdd356d36", "image": "557170a9-5025-4cf4-a927-2cc8be496f7e", "volume_size": 1, "nics": [{"net-id": "2381ea0d-4449-473e-9297-21732a0ea467"}]}
2019-10-28 01:35:08.276 21703 INFO rally.task.runner [-] Task 0b5399c7-6330-4103-a825-8ad7cce983f7 | ITER: 1 START
