2019-10-28 01:06:50.068 15855 RALLYDEBUG rally.task.runner [-] Starting a worker. times: 10 duration: None concurrency: 1 timeout: 0 cls: method_name: run args: {"network_create_args": {}, "router_create_args": {}, "subnet_cidr_start": "1.1.0.0/30", "subnet_create_args": {}, "subnets_per_network": 1}
2019-10-28 01:06:50.071 15854 INFO rally.task.runner [-] Task a3425f85-7b1b-491a-ac49-9eea7b18d903 | ITER: 2 START
2019-10-28 01:06:50.072 15856 RALLYDEBUG rally.task.runner [-] Starting a worker. times: 10 duration: None concurrency: 1 timeout: 0 cls: method_name: run args: {"network_create_args": {}, "router_create_args": {}, "subnet_cidr_start": "1.1.0.0/30", "subnet_create_args": {}, "subnets_per_network": 1}
2019-10-28 01:06:50.075 15855 INFO rally.task.runner [-] Task a3425f85-7b1b-491a-ac49-9eea7b18d903 | ITER: 3 START
2019-10-28 01:06:50.078 15856 INFO rally.task.runner [-] Task a3425f85-7b1b-491a-ac49-9eea7b18d903 | ITER: 4 START
2019-10-28 01:06:50.706 15853 RALLYDEBUG rally_openstack.wrappers.network [-] CIDR generated: 1.1.0.104/30
2019-10-28 01:06:50.757 15855 RALLYDEBUG rally_openstack.wrappers.network [-] CIDR generated: 1.1.0.108/30
2019-10-28 01:06:51.286 15854 RALLYDEBUG rally_openstack.wrappers.network [-] CIDR generated: 1.1.0.112/30
2019-10-28 01:06:51.317 15856 RALLYDEBUG rally_openstack.wrappers.network [-] CIDR generated: 1.1.0.116/30
2019-10-28 01:06:56.235 15855 INFO rally.task.runner [-] Task a3425f85-7b1b-491a-ac49-9eea7b18d903 | ITER: 3 END: OK
2019-10-28 01:06:56.240 15855 INFO rally.task.runner [-] Task a3425f85-7b1b-491a-ac49-9eea7b18d903 | ITER: 5 START
2019-10-28 01:06:56.826 15854 INFO rally.task.runner [-] Task a3425f85-7b1b-491a-ac49-9eea7b18d903 | ITER: 2 END: OK
2019-10-28 01:06:56.831 15854 INFO rally.task.runner [-] Task a3425f85-7b1b-491a-ac49-9eea7b18d903 | ITER: 6 START
2019-10-28 01:06:56.968 15855 RALLYDEBUG rally_openstack.wrappers.network [-] CIDR generated: 1.1.0.120/30
2019-10-28 01:06:57.144 15853 INFO rally.task.runner [-] Task a3425f85-7b1b-491a-ac49-9eea7b18d903 | ITER: 1 END: OK
2019-10-28 01:06:57.149 15853 INFO rally.task.runner [-] Task a3425f85-7b1b-491a-ac49-9eea7b18d903 | ITER: 7 START
2019-10-28 01:06:57.463 15854 RALLYDEBUG rally_openstack.wrappers.network [-] CIDR generated: 1.1.0.124/30
2019-10-28 01:06:57.804 15853 RALLYDEBUG rally_openstack.wrappers.network [-] CIDR generated: 1.1.0.128/30
2019-10-28 01:06:57.833 15856 INFO rally.task.runner [-] Task a3425f85-7b1b-491a-ac49-9eea7b18d903 | ITER: 4 END: OK
2019-10-28 01:06:57.837 15856 INFO rally.task.runner [-] Task a3425f85-7b1b-491a-ac49-9eea7b18d903 | ITER: 8 START
2019-10-28 01:06:58.332 15856 RALLYDEBUG rally_openstack.wrappers.network [-] CIDR generated: 1.1.0.132/30
2019-10-28 01:07:01.759 15855 INFO rally.task.runner [-] Task a3425f85-7b1b-491a-ac49-9eea7b18d903 | ITER: 5 END: OK
2019-10-28 01:07:01.763 15855 INFO rally.task.runner [-] Task a3425f85-7b1b-491a-ac49-9eea7b18d903 | ITER: 9 START
2019-10-28 01:07:02.252 15855 RALLYDEBUG rally_openstack.wrappers.network [-] CIDR generated: 1.1.0.136/30
2019-10-28 01:07:02.980 15854 INFO rally.task.runner [-] Task a3425f85-7b1b-491a-ac49-9eea7b18d903 | ITER: 6 END: OK
2019-10-28 01:07:02.984 15854 INFO rally.task.runner [-] Task a3425f85-7b1b-491a-ac49-9eea7b18d903 | ITER: 10 START
2019-10-28 01:07:03.475 15854 RALLYDEBUG rally_openstack.wrappers.network [-] CIDR generated: 1.1.0.140/30
2019-10-28 01:07:03.520 15853 INFO rally.task.runner [-] Task a3425f85-7b1b-491a-ac49-9eea7b18d903 | ITER: 7 END: OK
2019-10-28 01:07:03.974 15856 INFO rally.task.runner [-] Task a3425f85-7b1b-491a-ac49-9eea7b18d903 | ITER: 8 END: OK
2019-10-28 01:07:07.628 15855 INFO rally.task.runner [-] Task a3425f85-7b1b-491a-ac49-9eea7b18d903 | ITER: 9 END: OK
2019-10-28 01:07:08.429 15854 INFO rally.task.runner [-] Task a3425f85-7b1b-491a-ac49-9eea7b18d903 | ITER: 10 END: OK
2019-10-28 01:07:08.459 13785 INFO rally.task.context [-] Task a3425f85-7b1b-491a-ac49-9eea7b18d903 | Context cleanup@openstack cleanup() started
2019-10-28 01:07:08.462 13785 RALLYDEBUG rally_openstack.cleanup.manager [-] Cleaning up neutron vip objects
2019-10-28 01:07:09.546 13785 RALLYDEBUG rally_openstack.cleanup.manager [-] Cleaning up neutron health_monitor objects
2019-10-28 01:07:10.628 13785 RALLYDEBUG rally_openstack.cleanup.manager [-] Cleaning up neutron pool objects
2019-10-28 01:07:11.743 13785 RALLYDEBUG rally_openstack.cleanup.manager [-] Cleaning up neutron loadbalancer objects
2019-10-28 01:07:12.849 13785 RALLYDEBUG rally_openstack.cleanup.manager [-] Cleaning up neutron floatingip objects
2019-10-28 01:07:14.288 13785 RALLYDEBUG rally_openstack.cleanup.manager [-] Cleaning up neutron trunk objects
2019-10-28 01:07:15.418 13785 RALLYDEBUG rally_openstack.cleanup.manager [-] Cleaning up neutron port objects
2019-10-28 01:07:16.730 13785 RALLYDEBUG rally_openstack.cleanup.manager [-] Cleaning up neutron subnet objects
2019-10-28 01:07:17.993 13785 RALLYDEBUG rally_openstack.cleanup.manager [-] Deleting neutron.subnet object s_rally_9a8a5105_OQjskBKx (882db225-16bf-4d9f-ac95-622475eb31ac)
2019-10-28 01:07:18.002 13785 RALLYDEBUG rally_openstack.cleanup.manager [-] Deleting neutron.subnet object s_rally_9a8a5105_FZyuJlj9 (96b58a0a-142a-47d1-9c2b-d2ac060eba3f)
2019-10-28 01:07:18.011 13785 RALLYDEBUG rally_openstack.cleanup.manager [-] Deleting neutron.subnet object s_rally_9a8a5105_CTo8zVO2 (9d2e42dd-a633-4cee-a5c1-f8e7473afe85)
2019-10-28 01:07:18.017 13785 RALLYDEBUG rally_openstack.cleanup.manager [-] Deleting neutron.subnet object s_rally_9a8a5105_YubSeho0 (b3bbb9f6-7261-4da3-bed4-e6f3ae53c7c9)
2019-10-28 01:07:18.029 13785 RALLYDEBUG rally_openstack.cleanup.manager [-] Deleting neutron.subnet object s_rally_9a8a5105_H3v3K6oo (deb41b53-7e53-4a40-a6e1-c291c535cb8f)
2019-10-28 01:07:18.039 13785 RALLYDEBUG rally_openstack.cleanup.manager [-] Deleting neutron.subnet object s_rally_9a8a5105_jObxTiaC (b1f31d20-4c4d-4e15-b558-7224a4bb59b8)
2019-10-28 01:07:18.050 13785 RALLYDEBUG rally_openstack.cleanup.manager [-] Deleting neutron.subnet object s_rally_9a8a5105_yXBHjXOa (c62c3180-94fc-4772-be11-484bf89d742e)
2019-10-28 01:07:18.058 13785 RALLYDEBUG rally_openstack.cleanup.manager [-] Deleting neutron.subnet object s_rally_9a8a5105_GcxvCpgi (35538811-eccb-4430-8448-09cee7289b8c)
2019-10-28 01:07:18.066 13785 RALLYDEBUG rally_openstack.cleanup.manager [-] Deleting neutron.subnet object s_rally_9a8a5105_uIKdt9fJ (5d8b9483-0fcd-45bd-928c-38234d595938)
2019-10-28 01:07:18.094 13785 RALLYDEBUG rally_openstack.cleanup.manager [-] Deleting neutron.subnet object s_rally_9a8a5105_yjywuT1S (800f651e-42b0-42e5-baa2-d5fba9111074)
2019-10-28 01:07:21.353 13785 RALLYDEBUG rally_openstack.cleanup.manager [-] Cleaning up neutron network objects
2019-10-28 01:07:22.638 13785 RALLYDEBUG rally_openstack.cleanup.manager [-] Deleting neutron.network object s_rally_9a8a5105_LeQLLegW (1edfb67b-c1b9-4447-aae8-34f1a0c620cf)
2019-10-28 01:07:22.648 13785 RALLYDEBUG rally_openstack.cleanup.manager [-] Deleting neutron.network object s_rally_9a8a5105_btz1GcBu (217969bf-af57-44c8-9e43-0da4d966bbaf)
2019-10-28 01:07:22.656 13785 RALLYDEBUG rally_openstack.cleanup.manager [-] Deleting neutron.network object s_rally_9a8a5105_reVC2tww (6cb17a47-ff9e-4973-ab71-aa41a4c9d40a)
2019-10-28 01:07:22.660 13785 RALLYDEBUG rally_openstack.cleanup.manager [-] Deleting neutron.network object s_rally_9a8a5105_BgcpcBl3 (bb98caed-3d75-4e78-b3de-e351111fa5b7)
2019-10-28 01:07:22.669 13785 RALLYDEBUG rally_openstack.cleanup.manager [-] Deleting neutron.network object s_rally_9a8a5105_VKUARsE1 (db6abd0f-3221-4cef-b5c6-3943150d1ac6)
2019-10-28 01:07:22.702 13785 RALLYDEBUG rally_openstack.cleanup.manager [-] Deleting neutron.network object s_rally_9a8a5105_DSFIIYLl (37ff2e28-facd-42a0-ac8b-42bd089e289a)
2019-10-28 01:07:22.714 13785 RALLYDEBUG rally_openstack.cleanup.manager [-] Deleting neutron.network object s_rally_9a8a5105_kyRhKURt (f9ba0f05-7c87-4464-bfbb-d7940dd7d7ed)
2019-10-28 01:07:22.722 13785 RALLYDEBUG rally_openstack.cleanup.manager [-] Deleting neutron.network object s_rally_9a8a5105_aDzZRvhl (44929779-ad44-42dd-8cf7-0c8df1f3ed45)
2019-10-28 01:07:22.731 13785 RALLYDEBUG rally_openstack.cleanup.manager [-] Deleting neutron.network object s_rally_9a8a5105_LeCHQjtZ (8a58b9eb-fdd6-429b-8dde-7fa4304a42dc)
2019-10-28 01:07:22.742 13785 RALLYDEBUG rally_openstack.cleanup.manager [-] Deleting neutron.network object s_rally_9a8a5105_xgS2Qfls (a76ec721-11f0-4f8a-9646-d6d41c88d83a)
2019-10-28 01:07:25.967 13785 RALLYDEBUG rally_openstack.cleanup.manager [-] Cleaning up neutron router objects
2019-10-28 01:07:27.178 13785 RALLYDEBUG rally_openstack.cleanup.manager [-] Cleaning up neutron security_group objects
2019-10-28 01:07:28.370 13785 INFO rally.task.context [-] Task a3425f85-7b1b-491a-ac49-9eea7b18d903 | Context cleanup@openstack cleanup() finished in 19.91 sec
2019-10-28 01:07:28.370 13785 INFO rally.task.context [-] Task a3425f85-7b1b-491a-ac49-9eea7b18d903 | Context quotas@openstack cleanup() started
2019-10-28 01:07:28.483 13785 INFO rally.task.context [-] Task a3425f85-7b1b-491a-ac49-9eea7b18d903 | Context quotas@openstack cleanup() finished in 0.11 sec
2019-10-28 01:07:28.483 13785 INFO rally.task.context [-] Task a3425f85-7b1b-491a-ac49-9eea7b18d903 | Context users@openstack cleanup() started
2019-10-28 01:07:32.352 13785 INFO rally.task.context [-] Task a3425f85-7b1b-491a-ac49-9eea7b18d903 | Context users@openstack cleanup() finished in 3.87 sec
2019-10-28 01:07:32.823 13785 INFO rally.task.engine [-] Load duration is: 18.359297
2019-10-28 01:07:32.823 13785 INFO rally.task.engine [-] Full runner duration is: 18.409568
2019-10-28 01:07:32.824 13785 INFO rally.task.engine [-] Full duration is: 45.772119
2019-10-28 01:07:33.142 13785 INFO rally.task.engine [-] Running workload: position = 0 config = { "version": 2, "title": "A cropped version of a bigger task.", "description": "Auto-generated task from a single workload (uuid=be7bd791-e1e0-4afb-977c-b557a0c623d8)", "subtasks": [ { "title": "NeutronNetworks.create_and_delete_subnets", "description": "Create and delete a given number of subnets.", "scenario": { "NeutronNetworks.create_and_delete_subnets": { "network_create_args": {}, "subnet_cidr_start": "1.1.0.0/30", "subnet_create_args": {}, "subnets_per_network": 1 } }, "contexts": { "users": { "tenants": 3, "users_per_tenant": 2 }, "network": { "router": {} }, "quotas": { "neutron": { "network": -1, "subnet": -1 } } }, "runner": { "constant": { "concurrency": 4, "times": 10 } }, "hooks": [], "sla": { "failure_rate": { "max": 0 } } } ] }
2019-10-28 01:07:33.164 13785 RALLYDEBUG rally_openstack.contexts.keystone.users [-] Creating 3 tenants using 20 threads
2019-10-28 01:07:34.038 13785 RALLYDEBUG rally_openstack.contexts.keystone.users [-] Creating 6 users using 20 threads
2019-10-28 01:07:35.546 13785 INFO rally.task.context [-] Task a3425f85-7b1b-491a-ac49-9eea7b18d903 | Context users@openstack setup() finished in 2.38 sec
2019-10-28 01:07:36.322 13785 INFO rally.task.context [-] Task a3425f85-7b1b-491a-ac49-9eea7b18d903 | Context quotas@openstack setup() finished in 0.78 sec
2019-10-28 01:07:36.904 13785 RALLYDEBUG rally_openstack.wrappers.network [-] CIDR generated: 10.2.36.0/24
2019-10-28 01:07:37.692 13785 RALLYDEBUG rally_openstack.wrappers.network [-] CIDR generated: 10.2.37.0/24
2019-10-28 01:07:38.354 13785 RALLYDEBUG rally_openstack.wrappers.network [-] CIDR generated: 10.2.38.0/24
2019-10-28 01:07:38.787 13785 INFO rally.task.context [-] Task a3425f85-7b1b-491a-ac49-9eea7b18d903 | Context network@openstack setup() finished in 2.46 sec
2019-10-28 01:07:38.788 13785 INFO rally.task.context [-] Task a3425f85-7b1b-491a-ac49-9eea7b18d903 | Context cleanup@openstack setup() finished in 0.01 msec
2019-10-28 01:07:38.798 13785 RALLYDEBUG rally.task.runner [-] Starting the constant runner (task UUID: a3425f85-7b1b-491a-ac49-9eea7b18d903). times: 10 concurrency: 4 timeout: 0 max_cpu_used: 16 processes_to_start: 4 concurrency_per_worker: 1 concurrency_overhead: 0
2019-10-28 01:07:38.809 16177 RALLYDEBUG rally.task.runner [-] Starting a worker. times: 10 duration: None concurrency: 1 timeout: 0 cls: method_name: run args: {"network_create_args": {}, "subnet_cidr_start": "1.1.0.0/30", "subnet_create_args": {}, "subnets_per_network": 1}
2019-10-28 01:07:38.813 16178 RALLYDEBUG rally.task.runner [-] Starting a worker. times: 10 duration: None concurrency: 1 timeout: 0 cls: method_name: run args: {"network_create_args": {}, "subnet_cidr_start": "1.1.0.0/30", "subnet_create_args": {}, "subnets_per_network": 1}
2019-10-28 01:07:38.817 16177 INFO rally.task.runner [-] Task a3425f85-7b1b-491a-ac49-9eea7b18d903 | ITER: 1 START
2019-10-28 01:07:38.816 16179 RALLYDEBUG rally.task.runner [-] Starting a worker. times: 10 duration: None concurrency: 1 timeout: 0 cls: method_name: run args: {"network_create_args": {}, "subnet_cidr_start": "1.1.0.0/30", "subnet_create_args": {}, "subnets_per_network": 1}
2019-10-28 01:07:38.819 16177 RALLYDEBUG rally_openstack.wrappers.network [-] CIDR generated: 1.1.0.156/30
2019-10-28 01:07:38.820 16178 INFO rally.task.runner [-] Task a3425f85-7b1b-491a-ac49-9eea7b18d903 | ITER: 2 START
2019-10-28 01:07:38.820 16180 RALLYDEBUG rally.task.runner [-] Starting a worker. times: 10 duration: None concurrency: 1 timeout: 0 cls: method_name: run args: {"network_create_args": {}, "subnet_cidr_start": "1.1.0.0/30", "subnet_create_args": {}, "subnets_per_network": 1}
2019-10-28 01:07:38.823 16178 RALLYDEBUG rally_openstack.wrappers.network [-] CIDR generated: 1.1.0.160/30
2019-10-28 01:07:38.823 16179 INFO rally.task.runner [-] Task a3425f85-7b1b-491a-ac49-9eea7b18d903 | ITER: 3 START
2019-10-28 01:07:38.826 16179 RALLYDEBUG rally_openstack.wrappers.network [-] CIDR generated: 1.1.0.164/30
2019-10-28 01:07:38.826 16180 INFO rally.task.runner [-] Task a3425f85-7b1b-491a-ac49-9eea7b18d903 | ITER: 4 START
2019-10-28 01:07:38.829 16180 RALLYDEBUG rally_openstack.wrappers.network [-] CIDR generated: 1.1.0.168/30
2019-10-28 01:07:40.443 16179 INFO rally.task.runner [-] Task a3425f85-7b1b-491a-ac49-9eea7b18d903 | ITER: 3 END: OK
2019-10-28 01:07:40.448 16179 INFO rally.task.runner [-] Task a3425f85-7b1b-491a-ac49-9eea7b18d903 | ITER: 5 START
2019-10-28 01:07:40.449 16179 RALLYDEBUG rally_openstack.wrappers.network [-] CIDR generated: 1.1.0.172/30
2019-10-28 01:07:40.558 16177 INFO rally.task.runner [-] Task a3425f85-7b1b-491a-ac49-9eea7b18d903 | ITER: 1 END: OK
2019-10-28 01:07:40.563 16177 INFO rally.task.runner [-] Task a3425f85-7b1b-491a-ac49-9eea7b18d903 | ITER: 6 START
2019-10-28 01:07:40.564 16177 RALLYDEBUG rally_openstack.wrappers.network [-] CIDR generated: 1.1.0.176/30
2019-10-28 01:07:40.603 16178 INFO rally.task.runner [-] Task a3425f85-7b1b-491a-ac49-9eea7b18d903 | ITER: 2 END: OK
2019-10-28 01:07:40.608 16178 INFO rally.task.runner [-] Task a3425f85-7b1b-491a-ac49-9eea7b18d903 | ITER: 7 START
2019-10-28 01:07:40.609 16178 RALLYDEBUG rally_openstack.wrappers.network [-] CIDR generated: 1.1.0.180/30
2019-10-28 01:07:40.671 16180 INFO rally.task.runner [-] Task a3425f85-7b1b-491a-ac49-9eea7b18d903 | ITER: 4 END: OK
2019-10-28 01:07:40.676 16180 INFO rally.task.runner [-] Task a3425f85-7b1b-491a-ac49-9eea7b18d903 | ITER: 8 START
2019-10-28 01:07:40.677 16180 RALLYDEBUG rally_openstack.wrappers.network [-] CIDR generated: 1.1.0.184/30
2019-10-28 01:07:41.945 16179 INFO rally.task.runner [-] Task a3425f85-7b1b-491a-ac49-9eea7b18d903 | ITER: 5 END: OK
2019-10-28 01:07:41.950 16179 INFO rally.task.runner [-] Task a3425f85-7b1b-491a-ac49-9eea7b18d903 | ITER: 9 START
2019-10-28 01:07:41.951 16179 RALLYDEBUG rally_openstack.wrappers.network [-] CIDR generated: 1.1.0.188/30
2019-10-28 01:07:42.107 16178 INFO rally.task.runner [-] Task a3425f85-7b1b-491a-ac49-9eea7b18d903 | ITER: 7 END: OK
2019-10-28 01:07:42.111 16178 INFO rally.task.runner [-] Task a3425f85-7b1b-491a-ac49-9eea7b18d903 | ITER: 10 START
2019-10-28 01:07:42.113 16178 RALLYDEBUG rally_openstack.wrappers.network [-] CIDR generated: 1.1.0.192/30
2019-10-28 01:07:42.311 16177 INFO rally.task.runner [-] Task a3425f85-7b1b-491a-ac49-9eea7b18d903 | ITER: 6 END: OK
2019-10-28 01:07:42.444 16180 INFO rally.task.runner [-] Task a3425f85-7b1b-491a-ac49-9eea7b18d903 | ITER: 8 END: OK
2019-10-28 01:07:43.431 16179 INFO rally.task.runner [-] Task a3425f85-7b1b-491a-ac49-9eea7b18d903 | ITER: 9 END: OK
2019-10-28 01:07:43.457 16178 INFO rally.task.runner [-] Task a3425f85-7b1b-491a-ac49-9eea7b18d903 | ITER: 10 END: OK
2019-10-28 01:07:43.485 13785 INFO rally.task.context [-] Task a3425f85-7b1b-491a-ac49-9eea7b18d903 | Context cleanup@openstack cleanup() started
2019-10-28 01:07:43.488 13785 RALLYDEBUG rally_openstack.cleanup.manager [-] Cleaning up neutron vip objects
2019-10-28 01:07:44.723 13785 RALLYDEBUG rally_openstack.cleanup.manager [-] Cleaning up neutron health_monitor objects
2019-10-28 01:07:45.821 13785 RALLYDEBUG rally_openstack.cleanup.manager [-] Cleaning up neutron pool objects
2019-10-28 01:07:46.917 13785 RALLYDEBUG rally_openstack.cleanup.manager [-] Cleaning up neutron loadbalancer objects
2019-10-28 01:07:48.035 13785 RALLYDEBUG rally_openstack.cleanup.manager [-] Cleaning up neutron floatingip objects
2019-10-28 01:07:49.224 13785 RALLYDEBUG rally_openstack.cleanup.manager [-] Cleaning up neutron trunk objects
2019-10-28 01:07:50.360 13785 RALLYDEBUG rally_openstack.cleanup.manager [-] Cleaning up neutron port objects
2019-10-28 01:07:51.621 13785 RALLYDEBUG rally_openstack.cleanup.manager [-] Cleaning up neutron subnet objects
2019-10-28 01:07:52.883 13785 RALLYDEBUG rally_openstack.cleanup.manager [-] Cleaning up neutron network objects
2019-10-28 01:07:54.250 13785 RALLYDEBUG rally_openstack.cleanup.manager [-] Cleaning up neutron router objects
2019-10-28 01:07:55.464 13785 RALLYDEBUG rally_openstack.cleanup.manager [-] Cleaning up neutron security_group objects
2019-10-28 01:07:56.701 13785 INFO rally.task.context [-] Task a3425f85-7b1b-491a-ac49-9eea7b18d903 | Context cleanup@openstack cleanup() finished in 13.22 sec
2019-10-28 01:07:56.701 13785 INFO rally.task.context [-] Task a3425f85-7b1b-491a-ac49-9eea7b18d903 | Context network@openstack cleanup() started
2019-10-28 01:08:06.714 13785 INFO rally.task.context [-] Task a3425f85-7b1b-491a-ac49-9eea7b18d903 | Context network@openstack cleanup() finished in 10.01 sec
2019-10-28 01:08:06.714 13785 INFO rally.task.context [-] Task a3425f85-7b1b-491a-ac49-9eea7b18d903 | Context quotas@openstack cleanup() started
2019-10-28 01:08:06.874 13785 INFO rally.task.context [-] Task a3425f85-7b1b-491a-ac49-9eea7b18d903 | Context quotas@openstack cleanup() finished in 0.16 sec
2019-10-28 01:08:06.875 13785 INFO rally.task.context [-] Task a3425f85-7b1b-491a-ac49-9eea7b18d903 | Context users@openstack cleanup() started
2019-10-28 01:08:10.659 13785 INFO rally.task.context [-] Task a3425f85-7b1b-491a-ac49-9eea7b18d903 | Context users@openstack cleanup() finished in 3.78 sec
2019-10-28 01:08:11.340 13785 INFO rally.task.engine [-] Load duration is: 4.639003
2019-10-28 01:08:11.341 13785 INFO rally.task.engine [-] Full runner duration is: 4.687572
2019-10-28 01:08:11.341 13785 INFO rally.task.engine [-] Full duration is: 37.496887
2019-10-28 01:08:11.712 13785 INFO rally.task.engine [-] Running workload: position = 0 config = { "version": 2, "title": "A cropped version of a bigger task.", "description": "Auto-generated task from a single workload (uuid=6c3fd65b-8361-4ba0-9def-8bd7bdd5b968)", "subtasks": [ { "title": "NeutronNetworks.create_and_list_networks", "description": "Create a network and then list all networks.", "scenario": { "NeutronNetworks.create_and_list_networks": { "network_create_args": {} } }, "contexts": { "users": { "tenants": 3, "users_per_tenant": 2 }, "quotas": { "neutron": { "network": -1 } } }, "runner": { "constant": { "concurrency": 4, "times": 10 } }, "hooks": [], "sla": { "failure_rate": { "max": 0 } } } ] }
2019-10-28 01:08:11.736 13785 RALLYDEBUG rally_openstack.contexts.keystone.users [-] Creating 3 tenants using 20 threads
2019-10-28 01:08:12.711 13785 RALLYDEBUG rally_openstack.contexts.keystone.users [-] Creating 6 users using 20 threads
2019-10-28 01:08:14.224 13785 INFO rally.task.context [-] Task a3425f85-7b1b-491a-ac49-9eea7b18d903 | Context users@openstack setup() finished in 2.49 sec
2019-10-28 01:08:14.969 13785 INFO rally.task.context [-] Task a3425f85-7b1b-491a-ac49-9eea7b18d903 | Context quotas@openstack setup() finished in 0.74 sec
2019-10-28 01:08:14.970 13785 INFO rally.task.context [-] Task a3425f85-7b1b-491a-ac49-9eea7b18d903 | Context cleanup@openstack setup() finished in 0.01 msec
2019-10-28 01:08:14.979 13785 RALLYDEBUG rally.task.runner [-] Starting the constant runner (task UUID: a3425f85-7b1b-491a-ac49-9eea7b18d903). times: 10 concurrency: 4 timeout: 0 max_cpu_used: 16 processes_to_start: 4 concurrency_per_worker: 1 concurrency_overhead: 0
2019-10-28 01:08:14.991 16501 RALLYDEBUG rally.task.runner [-] Starting a worker. times: 10 duration: None concurrency: 1 timeout: 0 cls: method_name: run args: {"network_create_args": {}}
2019-10-28 01:08:14.994 16502 RALLYDEBUG rally.task.runner [-] Starting a worker. times: 10 duration: None concurrency: 1 timeout: 0 cls: method_name: run args: {"network_create_args": {}}
2019-10-28 01:08:14.998 16501 INFO rally.task.runner [-] Task a3425f85-7b1b-491a-ac49-9eea7b18d903 | ITER: 1 START
2019-10-28 01:08:14.998 16503 RALLYDEBUG rally.task.runner [-] Starting a worker. times: 10 duration: None concurrency: 1 timeout: 0 cls: method_name: run args: {"network_create_args": {}}
2019-10-28 01:08:15.000 16502 INFO rally.task.runner [-] Task a3425f85-7b1b-491a-ac49-9eea7b18d903 | ITER: 2 START
2019-10-28 01:08:15.001 16505 RALLYDEBUG rally.task.runner [-] Starting a worker. times: 10 duration: None concurrency: 1 timeout: 0 cls: method_name: run args: {"network_create_args": {}}
2019-10-28 01:08:15.004 16503 INFO rally.task.runner [-] Task a3425f85-7b1b-491a-ac49-9eea7b18d903 | ITER: 3 START
2019-10-28 01:08:15.007 16505 INFO rally.task.runner [-] Task a3425f85-7b1b-491a-ac49-9eea7b18d903 | ITER: 4 START
2019-10-28 01:08:15.833 16505 INFO rally.task.runner [-] Task a3425f85-7b1b-491a-ac49-9eea7b18d903 | ITER: 4 END: OK
2019-10-28 01:08:15.838 16505 INFO rally.task.runner [-] Task a3425f85-7b1b-491a-ac49-9eea7b18d903 | ITER: 5 START
2019-10-28 01:08:16.005 16502 INFO rally.task.runner [-] Task a3425f85-7b1b-491a-ac49-9eea7b18d903 | ITER: 2 END: OK
2019-10-28 01:08:16.010 16502 INFO rally.task.runner [-] Task a3425f85-7b1b-491a-ac49-9eea7b18d903 | ITER: 6 START
2019-10-28 01:08:16.357 16501 INFO rally.task.runner [-] Task a3425f85-7b1b-491a-ac49-9eea7b18d903 | ITER: 1 END: OK
2019-10-28 01:08:16.362 16501 INFO rally.task.runner [-] Task a3425f85-7b1b-491a-ac49-9eea7b18d903 | ITER: 7 START
2019-10-28 01:08:16.569 16505 INFO rally.task.runner [-] Task a3425f85-7b1b-491a-ac49-9eea7b18d903 | ITER: 5 END: OK
2019-10-28 01:08:16.573 16505 INFO rally.task.runner [-] Task a3425f85-7b1b-491a-ac49-9eea7b18d903 | ITER: 8 START
2019-10-28 01:08:16.597 16503 INFO rally.task.runner [-] Task a3425f85-7b1b-491a-ac49-9eea7b18d903 | ITER: 3 END: OK
2019-10-28 01:08:16.602 16503 INFO rally.task.runner [-] Task a3425f85-7b1b-491a-ac49-9eea7b18d903 | ITER: 9 START
2019-10-28 01:08:17.010 16502 INFO rally.task.runner [-] Task a3425f85-7b1b-491a-ac49-9eea7b18d903 | ITER: 6 END: OK
2019-10-28 01:08:17.013 16502 INFO rally.task.runner [-] Task a3425f85-7b1b-491a-ac49-9eea7b18d903 | ITER: 10 START
2019-10-28 01:08:17.183 16501 INFO rally.task.runner [-] Task a3425f85-7b1b-491a-ac49-9eea7b18d903 | ITER: 7 END: OK
2019-10-28 01:08:17.255 16503 INFO rally.task.runner [-] Task a3425f85-7b1b-491a-ac49-9eea7b18d903 | ITER: 9 END: OK
2019-10-28 01:08:17.453 16505 INFO rally.task.runner [-] Task a3425f85-7b1b-491a-ac49-9eea7b18d903 | ITER: 8 END: OK
2019-10-28 01:08:17.693 16502 INFO rally.task.runner [-] Task a3425f85-7b1b-491a-ac49-9eea7b18d903 | ITER: 10 END: OK
2019-10-28 01:08:17.721 13785 INFO rally.task.context [-] Task a3425f85-7b1b-491a-ac49-9eea7b18d903 | Context cleanup@openstack cleanup() started
2019-10-28 01:08:17.725 13785 RALLYDEBUG rally_openstack.cleanup.manager [-] Cleaning up neutron vip objects
2019-10-28 01:08:18.933 13785 RALLYDEBUG rally_openstack.cleanup.manager [-] Cleaning up neutron health_monitor objects
2019-10-28 01:08:20.050 13785 RALLYDEBUG rally_openstack.cleanup.manager [-] Cleaning up neutron pool objects
2019-10-28 01:08:21.154 13785 RALLYDEBUG rally_openstack.cleanup.manager [-] Cleaning up neutron loadbalancer objects
2019-10-28 01:08:22.273 13785 RALLYDEBUG rally_openstack.cleanup.manager [-] Cleaning up neutron floatingip objects
2019-10-28 01:08:23.487 13785 RALLYDEBUG rally_openstack.cleanup.manager [-] Cleaning up neutron trunk objects
2019-10-28 01:08:24.623 13785 RALLYDEBUG rally_openstack.cleanup.manager [-] Cleaning up neutron port objects
2019-10-28 01:08:25.781 13785 RALLYDEBUG rally_openstack.cleanup.manager [-] Cleaning up neutron subnet objects
2019-10-28 01:08:26.958 13785 RALLYDEBUG rally_openstack.cleanup.manager [-] Cleaning up neutron network objects
2019-10-28 01:08:28.226 13785 RALLYDEBUG rally_openstack.cleanup.manager [-] Deleting neutron.network object s_rally_6c3fd65b_i6c9P0jo (5486cf6f-6e6f-4e30-8c16-7b92d9c3110e)
2019-10-28 01:08:28.236 13785 RALLYDEBUG rally_openstack.cleanup.manager [-] Deleting neutron.network object s_rally_6c3fd65b_0QbpfqOd (755c5157-7b4c-444d-84cd-511da65e6a0b)
2019-10-28 01:08:28.244 13785 RALLYDEBUG rally_openstack.cleanup.manager [-] Deleting neutron.network object s_rally_6c3fd65b_6CPjlgOH (7aedd205-27be-4dbc-9396-27e7b0922a0d)
2019-10-28 01:08:28.248 13785 RALLYDEBUG rally_openstack.cleanup.manager [-] Deleting neutron.network object s_rally_6c3fd65b_oYR2GDUq (7e836732-91b5-4866-94c3-fc774f4dd7a7)
2019-10-28 01:08:28.257 13785 RALLYDEBUG rally_openstack.cleanup.manager [-] Deleting neutron.network object s_rally_6c3fd65b_l7031zfp (d64ddf8e-95b4-47b7-8cb5-84dde49ad0ae)
2019-10-28 01:08:28.276 13785 RALLYDEBUG rally_openstack.cleanup.manager [-] Deleting neutron.network object s_rally_6c3fd65b_snBQDYZY (e16a79da-2cf6-4e46-bf58-1aa62a9aabbc)
2019-10-28 01:08:28.295 13785 RALLYDEBUG rally_openstack.cleanup.manager [-] Deleting neutron.network object s_rally_6c3fd65b_U27rj5Cw (17f25340-f7eb-4343-8e99-b150d17dcf1f)
2019-10-28 01:08:28.316 13785 RALLYDEBUG rally_openstack.cleanup.manager [-] Deleting neutron.network object s_rally_6c3fd65b_OboYvURe (6e61b1bf-dfa5-4fa5-8aa2-265aa9197599)
2019-10-28 01:08:28.330 13785 RALLYDEBUG rally_openstack.cleanup.manager [-] Deleting neutron.network object s_rally_6c3fd65b_aFQEhErV (c1b6355b-26c8-4864-9eac-46592d96d844)
2019-10-28 01:08:28.345 13785 RALLYDEBUG rally_openstack.cleanup.manager [-] Deleting neutron.network object s_rally_6c3fd65b_xMSZUKnN (c3f0d01f-0df7-47e5-ab8e-5d6195cfee1e)
2019-10-28 01:08:30.818 13785 RALLYDEBUG rally_openstack.cleanup.manager [-] Cleaning up neutron router objects
2019-10-28 01:08:32.036 13785 RALLYDEBUG rally_openstack.cleanup.manager [-] Cleaning up neutron security_group objects
2019-10-28 01:08:33.304 13785 INFO rally.task.context [-] Task a3425f85-7b1b-491a-ac49-9eea7b18d903 | Context cleanup@openstack cleanup() finished in 15.58 sec
2019-10-28 01:08:33.305 13785 INFO rally.task.context [-] Task a3425f85-7b1b-491a-ac49-9eea7b18d903 | Context quotas@openstack cleanup() started
2019-10-28 01:08:33.525 13785 INFO rally.task.context [-] Task a3425f85-7b1b-491a-ac49-9eea7b18d903 | Context quotas@openstack cleanup() finished in 0.22 sec
2019-10-28 01:08:33.526 13785 INFO rally.task.context [-] Task a3425f85-7b1b-491a-ac49-9eea7b18d903 | Context users@openstack cleanup() started
2019-10-28 01:08:37.361 13785 INFO rally.task.context [-] Task a3425f85-7b1b-491a-ac49-9eea7b18d903 | Context users@openstack cleanup() finished in 3.84 sec
2019-10-28 01:08:37.883 13785 INFO rally.task.engine [-] Load duration is: 2.694486
2019-10-28 01:08:37.884 13785 INFO rally.task.engine [-] Full runner duration is: 2.742429
2019-10-28 01:08:37.884 13785 INFO rally.task.engine [-] Full duration is: 25.626991
2019-10-28 01:08:38.187 13785 INFO rally.task.engine [-] Running workload: position = 0 config = { "version": 2, "title": "A cropped version of a bigger task.", "description": "Auto-generated task from a single workload (uuid=2f2a17ff-ef59-45dd-b309-c910e42fb2a7)", "subtasks": [ { "title": "NeutronNetworks.create_and_list_ports", "description": "Create and a given number of ports and list all ports.", "scenario": { "NeutronNetworks.create_and_list_ports": { "network_create_args": {}, "port_create_args": {}, "ports_per_network": 1 } }, "contexts": { "users": { "tenants": 3, "users_per_tenant": 2 }, "network": { "router": {} }, "quotas": { "neutron": { "network": -1, "port": -1 } } }, "runner": { "constant": { "concurrency": 4, "times": 10 } }, "hooks": [], "sla": { "failure_rate": { "max": 0 } } } ] }
2019-10-28 01:08:38.213 13785 RALLYDEBUG rally_openstack.contexts.keystone.users [-] Creating 3 tenants using 20 threads
2019-10-28 01:08:39.177 13785 RALLYDEBUG rally_openstack.contexts.keystone.users [-] Creating 6 users using 20 threads
2019-10-28 01:08:40.705 13785 INFO rally.task.context [-] Task a3425f85-7b1b-491a-ac49-9eea7b18d903 | Context users@openstack setup() finished in 2.49 sec
2019-10-28 01:08:41.416 13785 INFO rally.task.context [-] Task a3425f85-7b1b-491a-ac49-9eea7b18d903 | Context quotas@openstack setup() finished in 0.71 sec
2019-10-28 01:08:41.999 13785 RALLYDEBUG rally_openstack.wrappers.network [-] CIDR generated: 10.2.49.0/24
2019-10-28 01:08:42.834 13785 RALLYDEBUG rally_openstack.wrappers.network [-] CIDR generated: 10.2.50.0/24
2019-10-28 01:08:43.736 13785 RALLYDEBUG rally_openstack.wrappers.network [-] CIDR generated: 10.2.51.0/24
2019-10-28 01:08:44.204 13785 INFO rally.task.context [-] Task a3425f85-7b1b-491a-ac49-9eea7b18d903 | Context network@openstack setup() finished in 2.79 sec
2019-10-28 01:08:44.205 13785 INFO rally.task.context [-] Task a3425f85-7b1b-491a-ac49-9eea7b18d903 | Context cleanup@openstack setup() finished in 0.01 msec
2019-10-28 01:08:44.215 13785 RALLYDEBUG rally.task.runner [-] Starting the constant runner (task UUID: a3425f85-7b1b-491a-ac49-9eea7b18d903). times: 10 concurrency: 4 timeout: 0 max_cpu_used: 16 processes_to_start: 4 concurrency_per_worker: 1 concurrency_overhead: 0
2019-10-28 01:08:44.226 16825 RALLYDEBUG rally.task.runner [-] Starting a worker. times: 10 duration: None concurrency: 1 timeout: 0 cls: method_name: run args: {"network_create_args": {}, "port_create_args": {}, "ports_per_network": 1}
2019-10-28 01:08:44.229 16826 RALLYDEBUG rally.task.runner [-] Starting a worker. times: 10 duration: None concurrency: 1 timeout: 0 cls: method_name: run args: {"network_create_args": {}, "port_create_args": {}, "ports_per_network": 1}
2019-10-28 01:08:44.234 16825 INFO rally.task.runner [-] Task a3425f85-7b1b-491a-ac49-9eea7b18d903 | ITER: 1 START
2019-10-28 01:08:44.233 16827 RALLYDEBUG rally.task.runner [-] Starting a worker. times: 10 duration: None concurrency: 1 timeout: 0 cls: method_name: run args: {"network_create_args": {}, "port_create_args": {}, "ports_per_network": 1}
2019-10-28 01:08:44.236 16826 INFO rally.task.runner [-] Task a3425f85-7b1b-491a-ac49-9eea7b18d903 | ITER: 2 START
2019-10-28 01:08:44.236 16828 RALLYDEBUG rally.task.runner [-] Starting a worker. times: 10 duration: None concurrency: 1 timeout: 0 cls: method_name: run args: {"network_create_args": {}, "port_create_args": {}, "ports_per_network": 1}
2019-10-28 01:08:44.240 16827 INFO rally.task.runner [-] Task a3425f85-7b1b-491a-ac49-9eea7b18d903 | ITER: 3 START
2019-10-28 01:08:44.243 16828 INFO rally.task.runner [-] Task a3425f85-7b1b-491a-ac49-9eea7b18d903 | ITER: 4 START
2019-10-28 01:08:45.565 16827 INFO rally.task.runner [-] Task a3425f85-7b1b-491a-ac49-9eea7b18d903 | ITER: 3 END: OK
2019-10-28 01:08:45.571 16827 INFO rally.task.runner [-] Task a3425f85-7b1b-491a-ac49-9eea7b18d903 | ITER: 5 START
2019-10-28 01:08:45.576 16826 INFO rally.task.runner [-] Task a3425f85-7b1b-491a-ac49-9eea7b18d903 | ITER: 2 END: OK
2019-10-28 01:08:45.580 16826 INFO rally.task.runner [-] Task a3425f85-7b1b-491a-ac49-9eea7b18d903 | ITER: 6 START
2019-10-28 01:08:45.816 16828 INFO rally.task.runner [-] Task a3425f85-7b1b-491a-ac49-9eea7b18d903 | ITER: 4 END: OK
2019-10-28 01:08:45.821 16828 INFO rally.task.runner [-] Task a3425f85-7b1b-491a-ac49-9eea7b18d903 | ITER: 7 START
2019-10-28 01:08:45.861 16825 INFO rally.task.runner [-] Task a3425f85-7b1b-491a-ac49-9eea7b18d903 | ITER: 1 END: OK
2019-10-28 01:08:45.865 16825 INFO rally.task.runner [-] Task a3425f85-7b1b-491a-ac49-9eea7b18d903 | ITER: 8 START
2019-10-28 01:08:46.511 16826 INFO rally.task.runner [-] Task a3425f85-7b1b-491a-ac49-9eea7b18d903 | ITER: 6 END: OK
2019-10-28 01:08:46.515 16826 INFO rally.task.runner [-] Task a3425f85-7b1b-491a-ac49-9eea7b18d903 | ITER: 9 START
2019-10-28 01:08:46.572 16827 INFO rally.task.runner [-] Task a3425f85-7b1b-491a-ac49-9eea7b18d903 | ITER: 5 END: OK
2019-10-28 01:08:46.576 16827 INFO rally.task.runner [-] Task a3425f85-7b1b-491a-ac49-9eea7b18d903 | ITER: 10 START
2019-10-28 01:08:46.794 16828 INFO rally.task.runner [-] Task a3425f85-7b1b-491a-ac49-9eea7b18d903 | ITER: 7 END: OK
2019-10-28 01:08:47.139 16825 INFO rally.task.runner [-] Task a3425f85-7b1b-491a-ac49-9eea7b18d903 | ITER: 8 END: OK
2019-10-28 01:08:47.610 16826 INFO rally.task.runner [-] Task a3425f85-7b1b-491a-ac49-9eea7b18d903 | ITER: 9 END: OK
2019-10-28 01:08:47.838 16827 INFO rally.task.runner [-] Task a3425f85-7b1b-491a-ac49-9eea7b18d903 | ITER: 10 END: OK
2019-10-28 01:08:47.862 13785 INFO rally.task.context [-] Task a3425f85-7b1b-491a-ac49-9eea7b18d903 | Context cleanup@openstack cleanup() started
2019-10-28 01:08:47.866 13785 RALLYDEBUG rally_openstack.cleanup.manager [-] Cleaning up neutron vip objects
2019-10-28 01:08:49.046 13785 RALLYDEBUG rally_openstack.cleanup.manager [-] Cleaning up neutron health_monitor objects
2019-10-28 01:08:50.180 13785 RALLYDEBUG rally_openstack.cleanup.manager [-] Cleaning up neutron pool objects
2019-10-28 01:08:51.273 13785 RALLYDEBUG rally_openstack.cleanup.manager [-] Cleaning up neutron loadbalancer objects
2019-10-28 01:08:52.372 13785 RALLYDEBUG rally_openstack.cleanup.manager [-] Cleaning up neutron floatingip objects
2019-10-28 01:08:53.541 13785 RALLYDEBUG rally_openstack.cleanup.manager [-] Cleaning up neutron trunk objects
2019-10-28 01:08:54.678 13785 RALLYDEBUG rally_openstack.cleanup.manager [-] Cleaning up neutron port objects
2019-10-28 01:08:55.981 13785 RALLYDEBUG rally_openstack.cleanup.manager [-] Deleting neutron.port object s_rally_2f2a17ff_lZGo1xyb (ab13c5fe-b53c-49f8-8a10-ebdea7bc4cdd)
2019-10-28 01:08:55.986 13785 RALLYDEBUG rally_openstack.cleanup.manager [-] Deleting neutron.port object s_rally_2f2a17ff_yeggWfJZ (58efc2fe-20e6-4cc0-a742-dd7e8de44302)
2019-10-28 01:08:55.997 13785 RALLYDEBUG rally_openstack.cleanup.manager [-] Deleting neutron.port object s_rally_2f2a17ff_O9ar6fok (b4d480ed-1b75-4d69-af0c-056161b0df01)
2019-10-28 01:08:56.007 13785 RALLYDEBUG rally_openstack.cleanup.manager [-] Deleting neutron.port object s_rally_2f2a17ff_KnVbNXwB (10269421-8fb5-4331-a292-b4ed3767ac42)
2019-10-28 01:08:56.011 13785 RALLYDEBUG rally_openstack.cleanup.manager [-] Deleting neutron.port object s_rally_2f2a17ff_HKiG0stB (3d0228cd-cb4c-4fef-84fe-bd08fee94a68)
2019-10-28 01:08:56.037 13785 RALLYDEBUG rally_openstack.cleanup.manager [-] Deleting neutron.port object s_rally_2f2a17ff_uJdQJx3R (9877ad1e-05ec-4beb-9776-d04cf7df5111)
2019-10-28 01:08:56.066 13785 RALLYDEBUG rally_openstack.cleanup.manager [-] Deleting neutron.port object s_rally_2f2a17ff_X3HfmA76 (7e96a30e-1a1f-4b64-843c-267d6c2d6e9e)
2019-10-28 01:08:56.075 13785 RALLYDEBUG rally_openstack.cleanup.manager [-] Deleting neutron.port object s_rally_2f2a17ff_eSsNcb50 (b55afdf3-b9ef-4c3b-8be7-a134913f0257)
2019-10-28 01:08:56.084 13785 RALLYDEBUG rally_openstack.cleanup.manager [-] Deleting neutron.port object s_rally_2f2a17ff_RB7VqBiy (b7e89044-1131-4cc3-8e86-d93911f3f0ad)
2019-10-28 01:08:56.099 13785 RALLYDEBUG rally_openstack.cleanup.manager [-] Deleting neutron.port object s_rally_2f2a17ff_QKQWQgtw (ccc8a8bf-8157-44b4-b578-0970e67b9a02)
2019-10-28 01:08:58.248 13785 RALLYDEBUG rally_openstack.cleanup.manager [-] Cleaning up neutron subnet objects
2019-10-28 01:08:59.590 13785 RALLYDEBUG rally_openstack.cleanup.manager [-] Cleaning up neutron network objects
2019-10-28 01:09:01.237 13785 RALLYDEBUG rally_openstack.cleanup.manager [-] Cleaning up neutron router objects
2019-10-28 01:09:02.424 13785 RALLYDEBUG rally_openstack.cleanup.manager [-] Cleaning up neutron security_group objects
2019-10-28 01:09:03.662 13785 INFO rally.task.context [-] Task a3425f85-7b1b-491a-ac49-9eea7b18d903 | Context cleanup@openstack cleanup() finished in 15.80 sec
2019-10-28 01:09:03.662 13785 INFO rally.task.context [-] Task a3425f85-7b1b-491a-ac49-9eea7b18d903 | Context network@openstack cleanup() started
2019-10-28 01:09:13.382 13785 INFO rally.task.context [-] Task a3425f85-7b1b-491a-ac49-9eea7b18d903 | Context network@openstack cleanup() finished in 9.72 sec
2019-10-28 01:09:13.383 13785 INFO rally.task.context [-] Task a3425f85-7b1b-491a-ac49-9eea7b18d903 | Context quotas@openstack cleanup() started
2019-10-28 01:09:13.551 13785 INFO rally.task.context [-] Task a3425f85-7b1b-491a-ac49-9eea7b18d903 | Context quotas@openstack cleanup() finished in 0.17 sec
2019-10-28 01:09:13.551 13785 INFO rally.task.context [-] Task a3425f85-7b1b-491a-ac49-9eea7b18d903 | Context users@openstack cleanup() started
2019-10-28 01:09:17.444 13785 INFO rally.task.context [-] Task a3425f85-7b1b-491a-ac49-9eea7b18d903 | Context users@openstack cleanup() finished in 3.89 sec
2019-10-28 01:09:18.446 13785 INFO rally.task.engine [-] Load duration is: 3.602804
2019-10-28 01:09:18.447 13785 INFO rally.task.engine [-] Full runner duration is: 3.647913
2019-10-28 01:09:18.447 13785 INFO rally.task.engine [-] Full duration is: 39.233819
2019-10-28 01:09:18.762 13785 INFO rally.task.engine [-] Running workload: position = 0 config = { "version": 2, "title": "A cropped version of a bigger task.", "description": "Auto-generated task from a single workload (uuid=1504508d-dbbd-4470-9721-99175183fea7)", "subtasks": [ { "title": "NeutronNetworks.create_and_list_routers", "description": "Create and a given number of routers and list all routers.", "scenario": { "NeutronNetworks.create_and_list_routers": { "network_create_args": {}, "router_create_args": {}, "subnet_cidr_start": "1.1.0.0/30", "subnet_create_args": {}, "subnets_per_network": 1 } }, "contexts": { "users": { "tenants": 3, "users_per_tenant": 2 }, "quotas": { "neutron": { "network": -1, "subnet": -1, "router": -1 } } }, "runner": { "constant": { "concurrency": 4, "times": 10 } }, "hooks": [], "sla": { "failure_rate": { "max": 0 } } } ] }
2019-10-28 01:09:18.788 13785 RALLYDEBUG rally_openstack.contexts.keystone.users [-] Creating 3 tenants using 20 threads
2019-10-28 01:09:19.766 13785 RALLYDEBUG rally_openstack.contexts.keystone.users [-] Creating 6 users using 20 threads
2019-10-28 01:09:21.399 13785 INFO rally.task.context [-] Task a3425f85-7b1b-491a-ac49-9eea7b18d903 | Context users@openstack setup() finished in 2.61 sec
2019-10-28 01:09:22.189 13785 INFO rally.task.context [-] Task a3425f85-7b1b-491a-ac49-9eea7b18d903 | Context quotas@openstack setup() finished in 0.79 sec
2019-10-28 01:09:22.189 13785 INFO rally.task.context [-] Task a3425f85-7b1b-491a-ac49-9eea7b18d903 | Context cleanup@openstack setup() finished in 0.01 msec
2019-10-28 01:09:22.199 13785 RALLYDEBUG rally.task.runner [-] Starting the constant runner (task UUID: a3425f85-7b1b-491a-ac49-9eea7b18d903). times: 10 concurrency: 4 timeout: 0 max_cpu_used: 16 processes_to_start: 4 concurrency_per_worker: 1 concurrency_overhead: 0
2019-10-28 01:09:22.211 17149 RALLYDEBUG rally.task.runner [-] Starting a worker. times: 10 duration: None concurrency: 1 timeout: 0 cls: method_name: run args: {"network_create_args": {}, "router_create_args": {}, "subnet_cidr_start": "1.1.0.0/30", "subnet_create_args": {}, "subnets_per_network": 1}
2019-10-28 01:09:22.214 17150 RALLYDEBUG rally.task.runner [-] Starting a worker. times: 10 duration: None concurrency: 1 timeout: 0 cls: method_name: run args: {"network_create_args": {}, "router_create_args": {}, "subnet_cidr_start": "1.1.0.0/30", "subnet_create_args": {}, "subnets_per_network": 1}
2019-10-28 01:09:22.218 17149 INFO rally.task.runner [-] Task a3425f85-7b1b-491a-ac49-9eea7b18d903 | ITER: 1 START
2019-10-28 01:09:22.218 17151 RALLYDEBUG rally.task.runner [-] Starting a worker. times: 10 duration: None concurrency: 1 timeout: 0 cls: method_name: run args: {"network_create_args": {}, "router_create_args": {}, "subnet_cidr_start": "1.1.0.0/30", "subnet_create_args": {}, "subnets_per_network": 1}
2019-10-28 01:09:22.221 17150 INFO rally.task.runner [-] Task a3425f85-7b1b-491a-ac49-9eea7b18d903 | ITER: 2 START
2019-10-28 01:09:22.221 17153 RALLYDEBUG rally.task.runner [-] Starting a worker. times: 10 duration: None concurrency: 1 timeout: 0 cls: method_name: run args: {"network_create_args": {}, "router_create_args": {}, "subnet_cidr_start": "1.1.0.0/30", "subnet_create_args": {}, "subnets_per_network": 1}
2019-10-28 01:09:22.225 17151 INFO rally.task.runner [-] Task a3425f85-7b1b-491a-ac49-9eea7b18d903 | ITER: 3 START
2019-10-28 01:09:22.227 17153 INFO rally.task.runner [-] Task a3425f85-7b1b-491a-ac49-9eea7b18d903 | ITER: 4 START
2019-10-28 01:09:22.844 17153 RALLYDEBUG rally_openstack.wrappers.network [-] CIDR generated: 1.1.0.208/30
2019-10-28 01:09:22.853 17149 RALLYDEBUG rally_openstack.wrappers.network [-] CIDR generated: 1.1.0.212/30
2019-10-28 01:09:23.375 17151 RALLYDEBUG rally_openstack.wrappers.network [-] CIDR generated: 1.1.0.216/30
2019-10-28 01:09:23.533 17150 RALLYDEBUG rally_openstack.wrappers.network [-] CIDR generated: 1.1.0.220/30
2019-10-28 01:09:25.367 17149 INFO rally.task.runner [-] Task a3425f85-7b1b-491a-ac49-9eea7b18d903 | ITER: 1 END: OK
2019-10-28 01:09:25.372 17149 INFO rally.task.runner [-] Task a3425f85-7b1b-491a-ac49-9eea7b18d903 | ITER: 5 START
2019-10-28 01:09:25.704 17153 INFO rally.task.runner [-] Task a3425f85-7b1b-491a-ac49-9eea7b18d903 | ITER: 4 END: OK
2019-10-28 01:09:25.708 17153 INFO rally.task.runner [-] Task a3425f85-7b1b-491a-ac49-9eea7b18d903 | ITER: 6 START
2019-10-28 01:09:26.130 17151 INFO rally.task.runner [-] Task a3425f85-7b1b-491a-ac49-9eea7b18d903 | ITER: 3 END: OK
2019-10-28 01:09:26.135 17151 INFO rally.task.runner [-] Task a3425f85-7b1b-491a-ac49-9eea7b18d903 | ITER: 7 START
2019-10-28 01:09:26.154 17149 RALLYDEBUG rally_openstack.wrappers.network [-] CIDR generated: 1.1.0.224/30
2019-10-28 01:09:26.268 17153 RALLYDEBUG rally_openstack.wrappers.network [-] CIDR generated: 1.1.0.228/30
2019-10-28 01:09:26.610 17150 INFO rally.task.runner [-] Task a3425f85-7b1b-491a-ac49-9eea7b18d903 | ITER: 2 END: OK
2019-10-28 01:09:26.614 17150 INFO rally.task.runner [-] Task a3425f85-7b1b-491a-ac49-9eea7b18d903 | ITER: 8 START
2019-10-28 01:09:26.773 17151 RALLYDEBUG rally_openstack.wrappers.network [-] CIDR generated: 1.1.0.232/30
2019-10-28 01:09:27.100 17150 RALLYDEBUG rally_openstack.wrappers.network [-] CIDR generated: 1.1.0.236/30
2019-10-28 01:09:29.131 17149 INFO rally.task.runner [-] Task a3425f85-7b1b-491a-ac49-9eea7b18d903 | ITER: 5 END: OK
2019-10-28 01:09:29.135 17149 INFO rally.task.runner [-] Task a3425f85-7b1b-491a-ac49-9eea7b18d903 | ITER: 9 START
2019-10-28 01:09:29.272 17153 INFO rally.task.runner [-] Task a3425f85-7b1b-491a-ac49-9eea7b18d903 | ITER: 6 END: OK
2019-10-28 01:09:29.276 17153 INFO rally.task.runner [-] Task a3425f85-7b1b-491a-ac49-9eea7b18d903 | ITER: 10 START
2019-10-28 01:09:29.322 17151 INFO rally.task.runner [-] Task a3425f85-7b1b-491a-ac49-9eea7b18d903 | ITER: 7 END: OK
2019-10-28 01:09:29.773 17153 RALLYDEBUG rally_openstack.wrappers.network [-] CIDR generated: 1.1.0.240/30
2019-10-28 01:09:29.844 17150 INFO rally.task.runner [-] Task a3425f85-7b1b-491a-ac49-9eea7b18d903 | ITER: 8 END: OK
2019-10-28 01:09:29.844 17149 RALLYDEBUG rally_openstack.wrappers.network [-] CIDR generated: 1.1.0.244/30
2019-10-28 01:09:32.612 17153 INFO rally.task.runner [-] Task a3425f85-7b1b-491a-ac49-9eea7b18d903 | ITER: 10 END: OK
2019-10-28 01:09:32.958 17149 INFO rally.task.runner [-] Task a3425f85-7b1b-491a-ac49-9eea7b18d903 | ITER: 9 END: OK
2019-10-28 01:09:32.986 13785 INFO rally.task.context [-] Task a3425f85-7b1b-491a-ac49-9eea7b18d903 | Context cleanup@openstack cleanup() started
2019-10-28 01:09:32.990 13785 RALLYDEBUG rally_openstack.cleanup.manager [-] Cleaning up neutron vip objects
2019-10-28 01:09:34.090 13785 RALLYDEBUG rally_openstack.cleanup.manager [-] Cleaning up neutron health_monitor objects
2019-10-28 01:09:35.172 13785 RALLYDEBUG rally_openstack.cleanup.manager [-] Cleaning up neutron pool objects
2019-10-28 01:09:36.268 13785 RALLYDEBUG rally_openstack.cleanup.manager [-] Cleaning up neutron loadbalancer objects
2019-10-28 01:09:37.334 13785 RALLYDEBUG rally_openstack.cleanup.manager [-] Cleaning up neutron floatingip objects
2019-10-28 01:09:38.510 13785 RALLYDEBUG rally_openstack.cleanup.manager [-] Cleaning up neutron trunk objects
2019-10-28 01:09:39.658 13785 RALLYDEBUG rally_openstack.cleanup.manager [-] Cleaning up neutron port objects
2019-10-28 01:09:41.737 13785 RALLYDEBUG rally_openstack.cleanup.manager [-] Deleting neutron.port object s_rally_1504508d_lIOkAPEl (5c02f558-e519-4e21-bbcf-74ec5fe46503)
2019-10-28 01:09:41.741 13785 RALLYDEBUG rally_openstack.cleanup.manager [-] Deleting neutron.port object s_rally_1504508d_cX43SusE (6c2836b4-7e20-4396-812a-d39ba90b8dfb)
2019-10-28 01:09:41.747 13785 RALLYDEBUG rally_openstack.cleanup.manager [-] Deleting neutron.port object s_rally_1504508d_TK9e4eKp (72090f44-4ae1-4f50-9125-1c45f9c4d5ce)
2019-10-28 01:09:41.759 13785 RALLYDEBUG rally_openstack.cleanup.manager [-] Deleting neutron.port object s_rally_1504508d_7B9pZEfS (d328e13f-becd-47fb-a6e3-386cc4d25ae4)
2019-10-28 01:09:41.770 13785 RALLYDEBUG rally_openstack.cleanup.manager [-] Deleting neutron.port object s_rally_1504508d_LS95XiSB (a3466330-73b3-4d78-84db-87486fcb9d22)
2019-10-28 01:09:41.786 13785 RALLYDEBUG rally_openstack.cleanup.manager [-] Deleting neutron.port object s_rally_1504508d_6o60EC4a (51f5048d-2bcf-467e-b50e-47470d07d76d)
2019-10-28 01:09:41.804 13785 RALLYDEBUG rally_openstack.cleanup.manager [-] Deleting neutron.port object s_rally_1504508d_xLV4fCLZ (af6c40a7-3318-4477-ad08-b52093cad8d9)
2019-10-28 01:09:41.808 13785 RALLYDEBUG rally_openstack.cleanup.manager [-] Deleting neutron.port object s_rally_1504508d_ZRxSUN5x (db08e012-ce3a-4343-a0c9-2f12a8dca47b)
2019-10-28 01:09:41.829 13785 RALLYDEBUG rally_openstack.cleanup.manager [-] Deleting neutron.port object s_rally_1504508d_vdEQbifa (defef0f5-6274-4dd1-a86b-f33ab981d012)
2019-10-28 01:09:41.838 13785 RALLYDEBUG rally_openstack.cleanup.manager [-] Deleting neutron.port object s_rally_1504508d_hvVWRc4J (e0f17254-6774-4db5-805e-3e2df3e55a8f)
2019-10-28 01:09:48.083 13785 RALLYDEBUG rally_openstack.cleanup.manager [-] Cleaning up neutron subnet objects
2019-10-28 01:09:49.368 13785 RALLYDEBUG rally_openstack.cleanup.manager [-] Deleting neutron.subnet object s_rally_1504508d_lVrqDkK7 (151f7607-6338-483d-97f8-8ef759e023cc)
2019-10-28 01:09:49.377 13785 RALLYDEBUG rally_openstack.cleanup.manager [-] Deleting neutron.subnet object s_rally_1504508d_zlSkTOuh (331680a5-353e-4750-a5f4-0ec3960305f5)
2019-10-28 01:09:49.386 13785 RALLYDEBUG rally_openstack.cleanup.manager [-] Deleting neutron.subnet object s_rally_1504508d_gXKhnBc1 (b7c5c0b9-0cbf-471c-9bc5-8b63f1dd7d6b)
2019-10-28 01:09:49.390 13785 RALLYDEBUG rally_openstack.cleanup.manager [-] Deleting neutron.subnet object s_rally_1504508d_FQ9xKenf (da9567fc-6d01-46cb-9b3a-bff5cbec3ecc)
2019-10-28 01:09:49.404 13785 RALLYDEBUG rally_openstack.cleanup.manager [-] Deleting neutron.subnet object s_rally_1504508d_W4t8y0zy (f4a05892-45af-453c-842c-18f136fc565d)
2019-10-28 01:09:49.418 13785 RALLYDEBUG rally_openstack.cleanup.manager [-] Deleting neutron.subnet object s_rally_1504508d_OzMJHZg7 (07217ace-6909-45f7-a2ff-8c2aaf81d1c7)
2019-10-28 01:09:49.427 13785 RALLYDEBUG rally_openstack.cleanup.manager [-] Deleting neutron.subnet object s_rally_1504508d_Y8EP4pQV (1dde51ce-236a-432a-a81d-831dac018009)
2019-10-28 01:09:49.437 13785 RALLYDEBUG rally_openstack.cleanup.manager [-] Deleting neutron.subnet object s_rally_1504508d_ZQndjXj8 (c224bb5b-b42a-4584-8b59-be42e57729f4)
2019-10-28 01:09:49.450 13785 RALLYDEBUG rally_openstack.cleanup.manager [-] Deleting neutron.subnet object s_rally_1504508d_DHspycae (caeb9b38-7f1d-44d9-8f2b-41f307d40c1c)
2019-10-28 01:09:49.455 13785 RALLYDEBUG rally_openstack.cleanup.manager [-] Deleting neutron.subnet object s_rally_1504508d_sVEdt9g1 (f483e417-7af9-434f-89ea-a6ec23f08ade)
2019-10-28 01:09:52.650 13785 RALLYDEBUG rally_openstack.cleanup.manager [-] Cleaning up neutron network objects
2019-10-28 01:09:53.986 13785 RALLYDEBUG rally_openstack.cleanup.manager [-] Deleting neutron.network object s_rally_1504508d_8c10S0rq (144bb16b-066a-4968-a1f1-d0c646f8a5e6)
2019-10-28 01:09:53.995 13785 RALLYDEBUG rally_openstack.cleanup.manager [-] Deleting neutron.network object s_rally_1504508d_f52hkFhm (55b81d9d-0d6b-4185-957f-bac425f8703a)
2019-10-28 01:09:54.004 13785 RALLYDEBUG rally_openstack.cleanup.manager [-] Deleting neutron.network object s_rally_1504508d_Cuz6dPVy (82302250-ef48-42e2-8203-159a3935e6db)
2019-10-28 01:09:54.013 13785 RALLYDEBUG rally_openstack.cleanup.manager [-] Deleting neutron.network object s_rally_1504508d_uBRUniJf (ca00e349-3d33-43a8-b17c-571f265df546)
