2019-10-28 01:47:53.189 23052 RALLYDEBUG rally.task.runner [-] Starting a worker. times: 10 duration: None concurrency: 1 timeout: 0 cls: method_name: run args: {"flavor": "f6e16333-aeab-48e5-b309-0e3bdd356d36", "image": "557170a9-5025-4cf4-a927-2cc8be496f7e", "server_kwargs": {"nics": [{"net-id": "2381ea0d-4449-473e-9297-21732a0ea467"}]}}
2019-10-28 01:47:53.193 23051 INFO rally.task.runner [-] Task 0b5399c7-6330-4103-a825-8ad7cce983f7 | ITER: 1 START
2019-10-28 01:47:53.192 23053 RALLYDEBUG rally.task.runner [-] Starting a worker. times: 10 duration: None concurrency: 1 timeout: 0 cls: method_name: run args: {"flavor": "f6e16333-aeab-48e5-b309-0e3bdd356d36", "image": "557170a9-5025-4cf4-a927-2cc8be496f7e", "server_kwargs": {"nics": [{"net-id": "2381ea0d-4449-473e-9297-21732a0ea467"}]}}
2019-10-28 01:47:53.196 23052 INFO rally.task.runner [-] Task 0b5399c7-6330-4103-a825-8ad7cce983f7 | ITER: 2 START
2019-10-28 01:47:53.197 23054 RALLYDEBUG rally.task.runner [-] Starting a worker. times: 10 duration: None concurrency: 1 timeout: 0 cls: method_name: run args: {"flavor": "f6e16333-aeab-48e5-b309-0e3bdd356d36", "image": "557170a9-5025-4cf4-a927-2cc8be496f7e", "server_kwargs": {"nics": [{"net-id": "2381ea0d-4449-473e-9297-21732a0ea467"}]}}
2019-10-28 01:47:53.199 23051 WARNING rally.common.logging [-] Argument(s): `server_kwargs' of `run()' are deprecated in v0.3.2: 'server_kwargs' has been renamed 'boot_server_kwargs'. Used at
2019-10-28 01:47:53.200 23053 INFO rally.task.runner [-] Task 0b5399c7-6330-4103-a825-8ad7cce983f7 | ITER: 3 START
2019-10-28 01:47:53.201 23052 WARNING rally.common.logging [-] Argument(s): `server_kwargs' of `run()' are deprecated in v0.3.2: 'server_kwargs' has been renamed 'boot_server_kwargs'. Used at
2019-10-28 01:47:53.204 23054 INFO rally.task.runner [-] Task 0b5399c7-6330-4103-a825-8ad7cce983f7 | ITER: 4 START
2019-10-28 01:47:53.204 23053 WARNING rally.common.logging [-] Argument(s): `server_kwargs' of `run()' are deprecated in v0.3.2: 'server_kwargs' has been renamed 'boot_server_kwargs'. Used at
2019-10-28 01:47:53.208 23054 WARNING rally.common.logging [-] Argument(s): `server_kwargs' of `run()' are deprecated in v0.3.2: 'server_kwargs' has been renamed 'boot_server_kwargs'. Used at
2019-10-28 01:48:00.176 23051 RALLYDEBUG rally.task.utils [-] Waiting for resource s_rally_e36142b5_2nIBcWmU. Status changed: BUILD => ACTIVE in 4.553456783294678
2019-10-28 01:48:00.411 23053 RALLYDEBUG rally.task.utils [-] Waiting for resource s_rally_e36142b5_hHp604Rb. Status changed: BUILD => ACTIVE in 4.6103386878967285
2019-10-28 01:48:02.571 23054 RALLYDEBUG rally.task.utils [-] Waiting for resource s_rally_e36142b5_Z1rZBghF. Status changed: BUILD => ACTIVE in 6.848053693771362
2019-10-28 01:48:02.637 23051 INFO rally.task.runner [-] Task 0b5399c7-6330-4103-a825-8ad7cce983f7 | ITER: 1 END: OK
2019-10-28 01:48:02.642 23051 INFO rally.task.runner [-] Task 0b5399c7-6330-4103-a825-8ad7cce983f7 | ITER: 5 START
2019-10-28 01:48:02.939 23052 RALLYDEBUG rally.task.utils [-] Waiting for resource s_rally_e36142b5_sj4kPsa6. Status changed: BUILD => ACTIVE in 6.764720678329468
2019-10-28 01:48:02.998 23053 INFO rally.task.runner [-] Task 0b5399c7-6330-4103-a825-8ad7cce983f7 | ITER: 3 END: OK
2019-10-28 01:48:03.003 23053 INFO rally.task.runner [-] Task 0b5399c7-6330-4103-a825-8ad7cce983f7 | ITER: 6 START
2019-10-28 01:48:05.005 23054 INFO rally.task.runner [-] Task 0b5399c7-6330-4103-a825-8ad7cce983f7 | ITER: 4 END: OK
2019-10-28 01:48:05.010 23054 INFO rally.task.runner [-] Task 0b5399c7-6330-4103-a825-8ad7cce983f7 | ITER: 7 START
2019-10-28 01:48:05.452 23052 INFO rally.task.runner [-] Task 0b5399c7-6330-4103-a825-8ad7cce983f7 | ITER: 2 END: OK
2019-10-28 01:48:05.457 23052 INFO rally.task.runner [-] Task 0b5399c7-6330-4103-a825-8ad7cce983f7 | ITER: 8 START
2019-10-28 01:48:09.451 23051 RALLYDEBUG rally.task.utils [-] Waiting for resource s_rally_e36142b5_BxpoNsXm. Status changed: BUILD => ACTIVE in 4.631512641906738
2019-10-28 01:48:10.387 23053 RALLYDEBUG rally.task.utils [-] Waiting for resource s_rally_e36142b5_v4rgnKUH. Status changed: BUILD => ACTIVE in 4.81243109703064
2019-10-28 01:48:11.996 23051 INFO rally.task.runner [-] Task 0b5399c7-6330-4103-a825-8ad7cce983f7 | ITER: 5 END: OK
2019-10-28 01:48:12.001 23051 INFO rally.task.runner [-] Task 0b5399c7-6330-4103-a825-8ad7cce983f7 | ITER: 9 START
2019-10-28 01:48:12.098 23054 RALLYDEBUG rally.task.utils [-] Waiting for resource s_rally_e36142b5_oS9D9yaJ. Status changed: BUILD => ACTIVE in 4.652845621109009
2019-10-28 01:48:12.792 23053 INFO rally.task.runner [-] Task 0b5399c7-6330-4103-a825-8ad7cce983f7 | ITER: 6 END: OK
2019-10-28 01:48:12.801 23053 INFO rally.task.runner [-] Task 0b5399c7-6330-4103-a825-8ad7cce983f7 | ITER: 10 START
2019-10-28 01:48:14.454 23052 RALLYDEBUG rally.task.utils [-] Waiting for resource s_rally_e36142b5_sVaiWWNR. Status changed: BUILD => ACTIVE in 6.754014730453491
2019-10-28 01:48:14.498 23054 INFO rally.task.runner [-] Task 0b5399c7-6330-4103-a825-8ad7cce983f7 | ITER: 7 END: OK
2019-10-28 01:48:16.916 23052 INFO rally.task.runner [-] Task 0b5399c7-6330-4103-a825-8ad7cce983f7 | ITER: 8 END: OK
2019-10-28 01:48:19.103 23051 RALLYDEBUG rally.task.utils [-] Waiting for resource s_rally_e36142b5_S2ZlToOM. Status changed: BUILD => ACTIVE in 4.539337635040283
2019-10-28 01:48:21.518 23051 INFO rally.task.runner [-] Task 0b5399c7-6330-4103-a825-8ad7cce983f7 | ITER: 9 END: OK
2019-10-28 01:48:22.102 23053 RALLYDEBUG rally.task.utils [-] Waiting for resource s_rally_e36142b5_KPCJ33ib. Status changed: BUILD => ACTIVE in 6.899637937545776
2019-10-28 01:48:24.451 23053 INFO rally.task.runner [-] Task 0b5399c7-6330-4103-a825-8ad7cce983f7 | ITER: 10 END: OK
2019-10-28 01:48:24.475 20411 INFO rally.task.context [-] Task 0b5399c7-6330-4103-a825-8ad7cce983f7 | Context cleanup@openstack cleanup() started
2019-10-28 01:48:24.479 20411 RALLYDEBUG rally_openstack.cleanup.manager [-] Cleaning up nova servers objects
2019-10-28 01:48:25.711 20411 RALLYDEBUG rally_openstack.cleanup.manager [-] Cleaning up nova server_groups objects
2019-10-28 01:48:26.995 20411 RALLYDEBUG rally_openstack.cleanup.manager [-] Cleaning up nova keypairs objects
2019-10-28 01:48:29.290 20411 INFO rally.task.context [-] Task 0b5399c7-6330-4103-a825-8ad7cce983f7 | Context cleanup@openstack cleanup() finished in 4.81 sec
2019-10-28 01:48:29.291 20411 INFO rally.task.context [-] Task 0b5399c7-6330-4103-a825-8ad7cce983f7 | Context network@openstack cleanup() started
2019-10-28 01:48:50.848 20411 INFO rally.task.context [-] Task 0b5399c7-6330-4103-a825-8ad7cce983f7 | Context network@openstack cleanup() finished in 21.56 sec
2019-10-28 01:48:50.849 20411 INFO rally.task.context [-] Task 0b5399c7-6330-4103-a825-8ad7cce983f7 | Context quotas@openstack cleanup() started
2019-10-28 01:48:51.077 20411 INFO rally.task.context [-] Task 0b5399c7-6330-4103-a825-8ad7cce983f7 | Context quotas@openstack cleanup() finished in 0.23 sec
2019-10-28 01:48:51.077 20411 INFO rally.task.context [-] Task 0b5399c7-6330-4103-a825-8ad7cce983f7 | Context users@openstack cleanup() started
2019-10-28 01:48:54.959 20411 INFO rally.task.context [-] Task 0b5399c7-6330-4103-a825-8ad7cce983f7 | Context users@openstack cleanup() finished in 3.88 sec
2019-10-28 01:48:56.853 20411 INFO rally.task.engine [-] Load duration is: 30.256918
2019-10-28 01:48:56.854 20411 INFO rally.task.engine [-] Full runner duration is: 31.303116
2019-10-28 01:48:56.854 20411 INFO rally.task.engine [-] Full duration is: 78.480197
2019-10-28 01:48:57.217 20411 INFO rally.task.engine [-] Running workload: position = 0 config = { "version": 2, "title": "A cropped version of a bigger task.", "description": "Auto-generated task from a single workload (uuid=a3c72f6a-41f6-4273-b325-33a0cb36753f)", "subtasks": [ { "title": "NovaServers.boot_server_from_volume_and_delete", "description": "Boot a server from volume and then delete it.", "scenario": { "NovaServers.boot_server_from_volume_and_delete": { "flavor": { "name": "rally_full-flavor_94399dd7-70e5-4767-b49a-8f67339bf77d" }, "image": { "name": "rally_full-img_94399dd7-70e5-4767-b49a-8f67339bf77d" }, "volume_size": 1, "nics": [ { "net-id": "2381ea0d-4449-473e-9297-21732a0ea467" } ] } }, "contexts": { "users": { "tenants": 3, "users_per_tenant": 2 }, "network": { "networks_per_tenant": 1, "start_cidr": "100.1.0.0/25" }, "quotas": { "cinder": { "gigabytes": -1, "snapshots": -1, "volumes": -1 }, "neutron": { "network": -1, "port": -1, "subnet": -1 }, "nova": { "cores": -1, "floating_ips": -1, "instances": -1, "ram": -1, "security_group_rules": -1, "security_groups": -1 } }, "api_versions": { "cinder": { "version": 3, "service_type": "volumev3" } } }, "runner": { "constant": { "concurrency": 4, "times": 10 } }, "hooks": [], "sla": { "failure_rate": { "max": 0 } } } ] }
2019-10-28 01:48:57.242 20411 RALLYDEBUG rally_openstack.contexts.keystone.users [-] Creating 3 tenants using 20 threads
2019-10-28 01:48:58.289 20411 RALLYDEBUG rally_openstack.contexts.keystone.users [-] Creating 6 users using 20 threads
2019-10-28 01:48:59.866 20411 INFO rally.task.context [-] Task 0b5399c7-6330-4103-a825-8ad7cce983f7 | Context users@openstack setup() finished in 2.62 sec
2019-10-28 01:49:00.253 20411 INFO rally.task.context [-] Task 0b5399c7-6330-4103-a825-8ad7cce983f7 | Context api_versions@openstack setup() finished in 0.39 sec
2019-10-28 01:49:01.904 20411 INFO rally.task.context [-] Task 0b5399c7-6330-4103-a825-8ad7cce983f7 | Context quotas@openstack setup() finished in 1.65 sec
2019-10-28 01:49:04.266 20411 RALLYDEBUG rally_openstack.wrappers.network [-] CIDR generated: 100.1.10.128/25
2019-10-28 01:49:08.310 20411 RALLYDEBUG rally_openstack.wrappers.network [-] CIDR generated: 100.1.11.0/25
2019-10-28 01:49:12.024 20411 RALLYDEBUG rally_openstack.wrappers.network [-] CIDR generated: 100.1.11.128/25
2019-10-28 01:49:14.179 20411 INFO rally.task.context [-] Task 0b5399c7-6330-4103-a825-8ad7cce983f7 | Context network@openstack setup() finished in 12.27 sec
2019-10-28 01:49:14.180 20411 INFO rally.task.context [-] Task 0b5399c7-6330-4103-a825-8ad7cce983f7 | Context cleanup@openstack setup() finished in 0.01 msec
2019-10-28 01:49:14.987 20411 RALLYDEBUG rally.task.runner [-] Starting the constant runner (task UUID: 0b5399c7-6330-4103-a825-8ad7cce983f7). times: 10 concurrency: 4 timeout: 0 max_cpu_used: 16 processes_to_start: 4 concurrency_per_worker: 1 concurrency_overhead: 0
2019-10-28 01:49:14.999 23215 RALLYDEBUG rally.task.runner [-] Starting a worker. times: 10 duration: None concurrency: 1 timeout: 0 cls: method_name: run args: {"flavor": "f6e16333-aeab-48e5-b309-0e3bdd356d36", "image": "557170a9-5025-4cf4-a927-2cc8be496f7e", "volume_size": 1, "nics": [{"net-id": "2381ea0d-4449-473e-9297-21732a0ea467"}]}
2019-10-28 01:49:15.003 23216 RALLYDEBUG rally.task.runner [-] Starting a worker. times: 10 duration: None concurrency: 1 timeout: 0 cls: method_name: run args: {"flavor": "f6e16333-aeab-48e5-b309-0e3bdd356d36", "image": "557170a9-5025-4cf4-a927-2cc8be496f7e", "volume_size": 1, "nics": [{"net-id": "2381ea0d-4449-473e-9297-21732a0ea467"}]}
2019-10-28 01:49:15.007 23217 RALLYDEBUG rally.task.runner [-] Starting a worker. times: 10 duration: None concurrency: 1 timeout: 0 cls: method_name: run args: {"flavor": "f6e16333-aeab-48e5-b309-0e3bdd356d36", "image": "557170a9-5025-4cf4-a927-2cc8be496f7e", "volume_size": 1, "nics": [{"net-id": "2381ea0d-4449-473e-9297-21732a0ea467"}]}
2019-10-28 01:49:15.007 23215 INFO rally.task.runner [-] Task 0b5399c7-6330-4103-a825-8ad7cce983f7 | ITER: 1 START
2019-10-28 01:49:15.010 23216 INFO rally.task.runner [-] Task 0b5399c7-6330-4103-a825-8ad7cce983f7 | ITER: 2 START
2019-10-28 01:49:15.011 23219 RALLYDEBUG rally.task.runner [-] Starting a worker. times: 10 duration: None concurrency: 1 timeout: 0 cls: method_name: run args: {"flavor": "f6e16333-aeab-48e5-b309-0e3bdd356d36", "image": "557170a9-5025-4cf4-a927-2cc8be496f7e", "volume_size": 1, "nics": [{"net-id": "2381ea0d-4449-473e-9297-21732a0ea467"}]}
2019-10-28 01:49:15.015 23217 INFO rally.task.runner [-] Task 0b5399c7-6330-4103-a825-8ad7cce983f7 | ITER: 3 START
2019-10-28 01:49:15.018 23219 INFO rally.task.runner [-] Task 0b5399c7-6330-4103-a825-8ad7cce983f7 | ITER: 4 START
2019-10-28 01:49:30.648 23216 RALLYDEBUG rally.task.utils [-] Waiting for resource s_rally_a3c72f6a_tXkP5thd. Status changed: DOWNLOADING => AVAILABLE in 12.511397361755371
2019-10-28 01:49:39.891 23216 RALLYDEBUG rally.task.utils [-] Waiting for resource s_rally_a3c72f6a_iNi2Gttm. Status changed: BUILD => ACTIVE in 6.946640968322754
2019-10-28 01:49:40.658 23219 RALLYDEBUG rally.task.utils [-] Waiting for resource s_rally_a3c72f6a_scGvfdpl. Status changed: DOWNLOADING => AVAILABLE in 22.848678827285767
2019-10-28 01:49:42.363 23216 INFO rally.task.runner [-] Task 0b5399c7-6330-4103-a825-8ad7cce983f7 | ITER: 2 END: OK
2019-10-28 01:49:42.370 23216 INFO rally.task.runner [-] Task 0b5399c7-6330-4103-a825-8ad7cce983f7 | ITER: 5 START
2019-10-28 01:49:47.668 23219 RALLYDEBUG rally.task.utils [-] Waiting for resource s_rally_a3c72f6a_5vvfz5UT. Status changed: BUILD => ACTIVE in 4.752819538116455
2019-10-28 01:49:52.350 23219 INFO rally.task.runner [-] Task 0b5399c7-6330-4103-a825-8ad7cce983f7 | ITER: 4 END: OK
2019-10-28 01:49:52.357 23219 INFO rally.task.runner [-] Task 0b5399c7-6330-4103-a825-8ad7cce983f7 | ITER: 6 START
2019-10-28 01:49:57.272 23219 RALLYDEBUG rally.task.utils [-] Waiting for resource s_rally_a3c72f6a_aUQPTLSB. Status changed: CREATING => DOWNLOADING in 2.175630569458008
2019-10-28 01:49:57.709 23216 RALLYDEBUG rally.task.utils [-] Waiting for resource s_rally_a3c72f6a_RKloovH2. Status changed: DOWNLOADING => AVAILABLE in 12.515771865844727
2019-10-28 01:50:06.757 23216 RALLYDEBUG rally.task.utils [-] Waiting for resource s_rally_a3c72f6a_yyyRLzS5. Status changed: BUILD => ACTIVE in 6.92538857460022
2019-10-28 01:50:09.140 23216 INFO rally.task.runner [-] Task 0b5399c7-6330-4103-a825-8ad7cce983f7 | ITER: 5 END: OK
2019-10-28 01:50:09.145 23216 INFO rally.task.runner [-] Task 0b5399c7-6330-4103-a825-8ad7cce983f7 | ITER: 7 START
2019-10-28 01:50:09.930 23219 RALLYDEBUG rally.task.utils [-] Waiting for resource s_rally_a3c72f6a_aUQPTLSB. Status changed: DOWNLOADING => AVAILABLE in 12.658412456512451
2019-10-28 01:50:13.764 23217 RALLYDEBUG rally.task.utils [-] Waiting for resource s_rally_a3c72f6a_20eJzGrp. Status changed: DOWNLOADING => AVAILABLE in 55.91116285324097
2019-10-28 01:50:13.837 23215 RALLYDEBUG rally.task.utils [-] Waiting for resource s_rally_a3c72f6a_uBbssbdq. Status changed: DOWNLOADING => AVAILABLE in 56.019943952560425
2019-10-28 01:50:18.976 23219 RALLYDEBUG rally.task.utils [-] Waiting for resource s_rally_a3c72f6a_MZFKhXrA. Status changed: BUILD => ACTIVE in 6.97431206703186
2019-10-28 01:50:22.536 23217 RALLYDEBUG rally.task.utils [-] Waiting for resource s_rally_a3c72f6a_YUY1AF1k. Status changed: BUILD => ACTIVE in 6.8215413093566895
2019-10-28 01:50:24.777 23215 RALLYDEBUG rally.task.utils [-] Waiting for resource s_rally_a3c72f6a_dfoJ9geh. Status changed: BUILD => ACTIVE in 8.995989799499512
2019-10-28 01:50:24.802 23216 RALLYDEBUG rally.task.utils [-] Waiting for resource s_rally_a3c72f6a_BYVgrSXa. Status changed: DOWNLOADING => AVAILABLE in 12.477349519729614
2019-10-28 01:50:24.889 23217 INFO rally.task.runner [-] Task 0b5399c7-6330-4103-a825-8ad7cce983f7 | ITER: 3 END: OK
2019-10-28 01:50:24.896 23217 INFO rally.task.runner [-] Task 0b5399c7-6330-4103-a825-8ad7cce983f7 | ITER: 8 START
2019-10-28 01:50:25.637 23219 INFO rally.task.runner [-] Task 0b5399c7-6330-4103-a825-8ad7cce983f7 | ITER: 6 END: OK
2019-10-28 01:50:25.643 23219 INFO rally.task.runner [-] Task 0b5399c7-6330-4103-a825-8ad7cce983f7 | ITER: 9 START
2019-10-28 01:50:27.151 23215 INFO rally.task.runner [-] Task 0b5399c7-6330-4103-a825-8ad7cce983f7 | ITER: 1 END: OK
2019-10-28 01:50:27.158 23215 INFO rally.task.runner [-] Task 0b5399c7-6330-4103-a825-8ad7cce983f7 | ITER: 10 START
2019-10-28 01:50:33.865 23216 RALLYDEBUG rally.task.utils [-] Waiting for resource s_rally_a3c72f6a_rFheT0WX. Status changed: BUILD => ACTIVE in 6.8803229331970215
2019-10-28 01:50:36.242 23216 INFO rally.task.runner [-] Task 0b5399c7-6330-4103-a825-8ad7cce983f7 | ITER: 7 END: OK
2019-10-28 01:50:42.454 23217 RALLYDEBUG rally.task.utils [-] Waiting for resource s_rally_a3c72f6a_B7ip4qMV. Status changed: DOWNLOADING => AVAILABLE in 14.558642625808716
2019-10-28 01:50:53.517 23217 RALLYDEBUG rally.task.utils [-] Waiting for resource s_rally_a3c72f6a_eckW4JJf. Status changed: BUILD => ACTIVE in 9.097273111343384
2019-10-28 01:51:03.097 23215 RALLYDEBUG rally.task.utils [-] Waiting for resource s_rally_a3c72f6a_Cm07BQDC. Status changed: DOWNLOADING => AVAILABLE in 33.15483260154724
2019-10-28 01:51:05.070 23217 INFO rally.task.runner [-] Task 0b5399c7-6330-4103-a825-8ad7cce983f7 | ITER: 8 END: OK
2019-10-28 01:51:05.631 23219 RALLYDEBUG rally.task.utils [-] Waiting for resource s_rally_a3c72f6a_pNEyPwlD. Status changed: DOWNLOADING => AVAILABLE in 37.2635543346405
2019-10-28 01:51:11.823 23215 RALLYDEBUG rally.task.utils [-] Waiting for resource s_rally_a3c72f6a_CZX4fHgX. Status changed: BUILD => ACTIVE in 6.713658094406128
2019-10-28 01:51:14.305 23215 INFO rally.task.runner [-] Task 0b5399c7-6330-4103-a825-8ad7cce983f7 | ITER: 10 END: OK
2019-10-28 01:51:14.579 23219 RALLYDEBUG rally.task.utils [-] Waiting for resource s_rally_a3c72f6a_GrDbRaiG. Status changed: BUILD => ACTIVE in 7.0560314655303955
2019-10-28 01:51:16.951 23219 INFO rally.task.runner [-] Task 0b5399c7-6330-4103-a825-8ad7cce983f7 | ITER: 9 END: OK
2019-10-28 01:51:16.986 20411 INFO rally.task.context [-] Task 0b5399c7-6330-4103-a825-8ad7cce983f7 | Context cleanup@openstack cleanup() started
2019-10-28 01:51:16.990 20411 RALLYDEBUG rally_openstack.cleanup.manager [-] Cleaning up nova servers objects
2019-10-28 01:51:18.400 20411 RALLYDEBUG rally_openstack.cleanup.manager [-] Cleaning up nova server_groups objects
2019-10-28 01:51:19.510 20411 RALLYDEBUG rally_openstack.cleanup.manager [-] Cleaning up nova keypairs objects
2019-10-28 01:51:21.749 20411 RALLYDEBUG rally_openstack.cleanup.manager [-] Cleaning up cinder backups objects
2019-10-28 01:51:22.902 20411 RALLYDEBUG rally_openstack.cleanup.manager [-] Cleaning up cinder volume_snapshots objects
2019-10-28 01:51:24.019 20411 RALLYDEBUG rally_openstack.cleanup.manager [-] Cleaning up cinder transfers objects
2019-10-28 01:51:25.126 20411 RALLYDEBUG rally_openstack.cleanup.manager [-] Cleaning up cinder volumes objects
2019-10-28 01:51:26.334 20411 RALLYDEBUG rally_openstack.cleanup.manager [-] Deleting cinder.volumes object s_rally_a3c72f6a_pNEyPwlD (ae842636-e9eb-4472-be6b-8849ac4cb9cf)
2019-10-28 01:51:26.343 20411 RALLYDEBUG rally_openstack.cleanup.manager [-] Deleting cinder.volumes object s_rally_a3c72f6a_scGvfdpl (3ef65a32-ddef-4260-906c-a34234577c7d)
2019-10-28 01:51:26.351 20411 RALLYDEBUG rally_openstack.cleanup.manager [-] Deleting cinder.volumes object s_rally_a3c72f6a_tXkP5thd (05813606-ed2b-4cfb-a6ed-5081a738e85f)
2019-10-28 01:51:26.360 20411 RALLYDEBUG rally_openstack.cleanup.manager [-] Deleting cinder.volumes object s_rally_a3c72f6a_BYVgrSXa (c760ef7c-db4f-4b28-a83f-d6c3ecd91d18)
2019-10-28 01:51:26.368 20411 RALLYDEBUG rally_openstack.cleanup.manager [-] Deleting cinder.volumes object s_rally_a3c72f6a_aUQPTLSB (2e7a67ea-33cc-4bf9-9394-0531cc70ebec)
2019-10-28 01:51:26.376 20411 RALLYDEBUG rally_openstack.cleanup.manager [-] Deleting cinder.volumes object s_rally_a3c72f6a_20eJzGrp (4df0b808-e943-4f72-915f-d05a2b4daec1)
2019-10-28 01:51:26.379 20411 RALLYDEBUG rally_openstack.cleanup.manager [-] Deleting cinder.volumes object s_rally_a3c72f6a_uBbssbdq (0d143d3c-ea2f-4d2c-9323-b22da819e4e0)
2019-10-28 01:51:26.386 20411 RALLYDEBUG rally_openstack.cleanup.manager [-] Deleting cinder.volumes object s_rally_a3c72f6a_Cm07BQDC (d8a6e39f-3af0-4c68-81f4-bfbe6ff14b90)
2019-10-28 01:51:26.406 20411 RALLYDEBUG rally_openstack.cleanup.manager [-] Deleting cinder.volumes object s_rally_a3c72f6a_B7ip4qMV (6fc4ce1f-1538-41ce-b115-e6258b931667)
2019-10-28 01:51:26.416 20411 RALLYDEBUG rally_openstack.cleanup.manager [-] Deleting cinder.volumes object s_rally_a3c72f6a_RKloovH2 (cba2f686-0bb7-410a-a5bf-545586610d56)
2019-10-28 01:51:30.114 20411 INFO rally.task.context [-] Task 0b5399c7-6330-4103-a825-8ad7cce983f7 | Context cleanup@openstack cleanup() finished in 13.13 sec
2019-10-28 01:51:30.114 20411 INFO rally.task.context [-] Task 0b5399c7-6330-4103-a825-8ad7cce983f7 | Context network@openstack cleanup() started
2019-10-28 01:51:50.725 20411 INFO rally.task.context [-] Task 0b5399c7-6330-4103-a825-8ad7cce983f7 | Context network@openstack cleanup() finished in 20.61 sec
2019-10-28 01:51:50.726 20411 INFO rally.task.context [-] Task 0b5399c7-6330-4103-a825-8ad7cce983f7 | Context quotas@openstack cleanup() started
2019-10-28 01:51:51.010 20411 INFO rally.task.context [-] Task 0b5399c7-6330-4103-a825-8ad7cce983f7 | Context quotas@openstack cleanup() finished in 0.28 sec
2019-10-28 01:51:51.010 20411 INFO rally.task.context [-] Task 0b5399c7-6330-4103-a825-8ad7cce983f7 | Context api_versions@openstack cleanup() started
2019-10-28 01:51:51.011 20411 INFO rally.task.context [-] Task 0b5399c7-6330-4103-a825-8ad7cce983f7 | Context api_versions@openstack cleanup() finished in 0.39 msec
2019-10-28 01:51:51.011 20411 INFO rally.task.context [-] Task 0b5399c7-6330-4103-a825-8ad7cce983f7 | Context users@openstack cleanup() started
2019-10-28 01:51:54.950 20411 INFO rally.task.context [-] Task 0b5399c7-6330-4103-a825-8ad7cce983f7 | Context users@openstack cleanup() finished in 3.94 sec
2019-10-28 01:51:55.974 20411 INFO rally.task.engine [-] Load duration is: 120.938623
2019-10-28 01:51:55.974 20411 INFO rally.task.engine [-] Full runner duration is: 122.000093
2019-10-28 01:51:55.974 20411 INFO rally.task.engine [-] Full duration is: 177.710656
2019-10-28 01:51:56.310 20411 INFO rally.task.engine [-] Running workload: position = 0 config = { "version": 2, "title": "A cropped version of a bigger task.", "description": "Auto-generated task from a single workload (uuid=b7d05cab-c411-4d67-b270-9611bff61a7d)", "subtasks": [ { "title": "NovaServers.pause_and_unpause_server", "description": "Create a server, pause, unpause and then delete it", "scenario": { "NovaServers.pause_and_unpause_server": { "flavor": { "name": "rally_full-flavor_94399dd7-70e5-4767-b49a-8f67339bf77d" }, "image": { "name": "rally_full-img_94399dd7-70e5-4767-b49a-8f67339bf77d" }, "force_delete": false, "nics": [ { "net-id": "2381ea0d-4449-473e-9297-21732a0ea467" } ] } }, "contexts": { "users": { "tenants": 3, "users_per_tenant": 2 }, "network": { "networks_per_tenant": 1, "start_cidr": "100.1.0.0/25" }, "quotas": { "neutron": { "network": -1, "port": -1, "subnet": -1 }, "nova": { "cores": -1, "floating_ips": -1, "instances": -1, "ram": -1, "security_group_rules": -1, "security_groups": -1 } } }, "runner": { "constant": { "concurrency": 4, "times": 10 } }, "hooks": [], "sla": { "failure_rate": { "max": 0 } } } ] }
2019-10-28 01:51:56.336 20411 RALLYDEBUG rally_openstack.contexts.keystone.users [-] Creating 3 tenants using 20 threads
2019-10-28 01:51:57.323 20411 RALLYDEBUG rally_openstack.contexts.keystone.users [-] Creating 6 users using 20 threads
2019-10-28 01:51:58.879 20411 INFO rally.task.context [-] Task 0b5399c7-6330-4103-a825-8ad7cce983f7 | Context users@openstack setup() finished in 2.54 sec
2019-10-28 01:52:00.092 20411 INFO rally.task.context [-] Task 0b5399c7-6330-4103-a825-8ad7cce983f7 | Context quotas@openstack setup() finished in 1.21 sec
2019-10-28 01:52:02.251 20411 RALLYDEBUG rally_openstack.wrappers.network [-] CIDR generated: 100.1.12.0/25
2019-10-28 01:52:06.094 20411 RALLYDEBUG rally_openstack.wrappers.network [-] CIDR generated: 100.1.12.128/25
2019-10-28 01:52:10.266 20411 RALLYDEBUG rally_openstack.wrappers.network [-] CIDR generated: 100.1.13.0/25
2019-10-28 01:52:12.301 20411 INFO rally.task.context [-] Task 0b5399c7-6330-4103-a825-8ad7cce983f7 | Context network@openstack setup() finished in 12.21 sec
2019-10-28 01:52:12.302 20411 INFO rally.task.context [-] Task 0b5399c7-6330-4103-a825-8ad7cce983f7 | Context cleanup@openstack setup() finished in 0.02 msec
2019-10-28 01:52:13.180 20411 RALLYDEBUG rally.task.runner [-] Starting the constant runner (task UUID: 0b5399c7-6330-4103-a825-8ad7cce983f7). times: 10 concurrency: 4 timeout: 0 max_cpu_used: 16 processes_to_start: 4 concurrency_per_worker: 1 concurrency_overhead: 0
2019-10-28 01:52:13.193 23459 RALLYDEBUG rally.task.runner [-] Starting a worker. times: 10 duration: None concurrency: 1 timeout: 0 cls: method_name: run args: {"flavor": "f6e16333-aeab-48e5-b309-0e3bdd356d36", "image": "557170a9-5025-4cf4-a927-2cc8be496f7e", "force_delete": false, "nics": [{"net-id": "2381ea0d-4449-473e-9297-21732a0ea467"}]}
2019-10-28 01:52:13.196 23460 RALLYDEBUG rally.task.runner [-] Starting a worker. times: 10 duration: None concurrency: 1 timeout: 0 cls: method_name: run args: {"flavor": "f6e16333-aeab-48e5-b309-0e3bdd356d36", "image": "557170a9-5025-4cf4-a927-2cc8be496f7e", "force_delete": false, "nics": [{"net-id": "2381ea0d-4449-473e-9297-21732a0ea467"}]}
2019-10-28 01:52:13.201 23459 INFO rally.task.runner [-] Task 0b5399c7-6330-4103-a825-8ad7cce983f7 | ITER: 1 START
2019-10-28 01:52:13.200 23461 RALLYDEBUG rally.task.runner [-] Starting a worker. times: 10 duration: None concurrency: 1 timeout: 0 cls: method_name: run args: {"flavor": "f6e16333-aeab-48e5-b309-0e3bdd356d36", "image": "557170a9-5025-4cf4-a927-2cc8be496f7e", "force_delete": false, "nics": [{"net-id": "2381ea0d-4449-473e-9297-21732a0ea467"}]}
2019-10-28 01:52:13.203 23460 INFO rally.task.runner [-] Task 0b5399c7-6330-4103-a825-8ad7cce983f7 | ITER: 2 START
2019-10-28 01:52:13.204 23463 RALLYDEBUG rally.task.runner [-] Starting a worker. times: 10 duration: None concurrency: 1 timeout: 0 cls: method_name: run args: {"flavor": "f6e16333-aeab-48e5-b309-0e3bdd356d36", "image": "557170a9-5025-4cf4-a927-2cc8be496f7e", "force_delete": false, "nics": [{"net-id": "2381ea0d-4449-473e-9297-21732a0ea467"}]}
2019-10-28 01:52:13.208 23461 INFO rally.task.runner [-] Task 0b5399c7-6330-4103-a825-8ad7cce983f7 | ITER: 3 START
2019-10-28 01:52:13.211 23463 INFO rally.task.runner [-] Task 0b5399c7-6330-4103-a825-8ad7cce983f7 | ITER: 4 START
2019-10-28 01:52:20.009 23460 RALLYDEBUG rally.task.utils [-] Waiting for resource s_rally_b7d05cab_ep7TyTvB. Status changed: BUILD => ACTIVE in 4.492663145065308
2019-10-28 01:52:20.182 23461 RALLYDEBUG rally.task.utils [-] Waiting for resource s_rally_b7d05cab_asGVn8Y5. Status changed: BUILD => ACTIVE in 4.750243186950684
2019-10-28 01:52:22.295 23463 RALLYDEBUG rally.task.utils [-] Waiting for resource s_rally_b7d05cab_zj7CHcym. Status changed: BUILD => ACTIVE in 6.952504873275757
2019-10-28 01:52:22.418 23460 RALLYDEBUG rally.task.utils [-] Waiting for resource s_rally_b7d05cab_ep7TyTvB. Status changed: ACTIVE => PAUSED in 0.28893017768859863
2019-10-28 01:52:22.478 23459 RALLYDEBUG rally.task.utils [-] Waiting for resource s_rally_b7d05cab_O8F5GQTy. Status changed: BUILD => ACTIVE in 7.079970359802246
2019-10-28 01:52:22.554 23461 RALLYDEBUG rally.task.utils [-] Waiting for resource s_rally_b7d05cab_asGVn8Y5. Status changed: ACTIVE => PAUSED in 0.2323780059814453
2019-10-28 01:52:24.741 23463 RALLYDEBUG rally.task.utils [-] Waiting for resource s_rally_b7d05cab_zj7CHcym. Status changed: ACTIVE => PAUSED in 0.16309356689453125
2019-10-28 01:52:24.745 23459 RALLYDEBUG rally.task.utils [-] Waiting for resource s_rally_b7d05cab_O8F5GQTy. Status changed: ACTIVE => PAUSED in 0.14673089981079102
2019-10-28 01:52:27.099 23460 INFO rally.task.runner [-] Task 0b5399c7-6330-4103-a825-8ad7cce983f7 | ITER: 2 END: OK
2019-10-28 01:52:27.104 23460 INFO rally.task.runner [-] Task 0b5399c7-6330-4103-a825-8ad7cce983f7 | ITER: 5 START
2019-10-28 01:52:27.206 23461 INFO rally.task.runner [-] Task 0b5399c7-6330-4103-a825-8ad7cce983f7 | ITER: 3 END: OK
2019-10-28 01:52:27.210 23461 INFO rally.task.runner [-] Task 0b5399c7-6330-4103-a825-8ad7cce983f7 | ITER: 6 START
2019-10-28 01:52:29.365 23459 INFO rally.task.runner [-] Task 0b5399c7-6330-4103-a825-8ad7cce983f7 | ITER: 1 END: OK
2019-10-28 01:52:29.370 23459 INFO rally.task.runner [-] Task 0b5399c7-6330-4103-a825-8ad7cce983f7 | ITER: 7 START
2019-10-28 01:52:29.397 23463 INFO rally.task.runner [-] Task 0b5399c7-6330-4103-a825-8ad7cce983f7 | ITER: 4 END: OK
2019-10-28 01:52:29.402 23463 INFO rally.task.runner [-] Task 0b5399c7-6330-4103-a825-8ad7cce983f7 | ITER: 8 START
2019-10-28 01:52:33.729 23460 RALLYDEBUG rally.task.utils [-] Waiting for resource s_rally_b7d05cab_e06ekVct. Status changed: BUILD => ACTIVE in 4.567138195037842
2019-10-28 01:52:34.037 23461 RALLYDEBUG rally.task.utils [-] Waiting for resource s_rally_b7d05cab_tKbAs5Qn. Status changed: BUILD => ACTIVE in 4.638854742050171
2019-10-28 01:52:36.065 23460 RALLYDEBUG rally.task.utils [-] Waiting for resource s_rally_b7d05cab_e06ekVct. Status changed: ACTIVE => PAUSED in 0.2095334529876709
2019-10-28 01:52:36.306 23459 RALLYDEBUG rally.task.utils [-] Waiting for resource s_rally_b7d05cab_lFLXiMEK. Status changed: BUILD => ACTIVE in 4.783772706985474
2019-10-28 01:52:36.391 23461 RALLYDEBUG rally.task.utils [-] Waiting for resource s_rally_b7d05cab_tKbAs5Qn. Status changed: ACTIVE => PAUSED in 0.23745298385620117
2019-10-28 01:52:38.336 23463 RALLYDEBUG rally.task.utils [-] Waiting for resource s_rally_b7d05cab_9i6C0URy. Status changed: BUILD => ACTIVE in 6.76767373085022
2019-10-28 01:52:38.666 23459 RALLYDEBUG rally.task.utils [-] Waiting for resource s_rally_b7d05cab_lFLXiMEK. Status changed: ACTIVE => PAUSED in 0.23964190483093262
2019-10-28 01:52:40.756 23460 INFO rally.task.runner [-] Task 0b5399c7-6330-4103-a825-8ad7cce983f7 | ITER: 5 END: OK
2019-10-28 01:52:40.764 23460 INFO rally.task.runner [-] Task 0b5399c7-6330-4103-a825-8ad7cce983f7 | ITER: 9 START
2019-10-28 01:52:40.802 23463 RALLYDEBUG rally.task.utils [-] Waiting for resource s_rally_b7d05cab_9i6C0URy. Status changed: ACTIVE => PAUSED in 0.1720411777496338
2019-10-28 01:52:41.047 23461 INFO rally.task.runner [-] Task 0b5399c7-6330-4103-a825-8ad7cce983f7 | ITER: 6 END: OK
2019-10-28 01:52:41.053 23461 INFO rally.task.runner [-] Task 0b5399c7-6330-4103-a825-8ad7cce983f7 | ITER: 10 START
2019-10-28 01:52:43.353 23459 INFO rally.task.runner [-] Task 0b5399c7-6330-4103-a825-8ad7cce983f7 | ITER: 7 END: OK
2019-10-28 01:52:45.457 23463 INFO rally.task.runner [-] Task 0b5399c7-6330-4103-a825-8ad7cce983f7 | ITER: 8 END: OK
2019-10-28 01:52:47.669 23461 RALLYDEBUG rally.task.utils [-] Waiting for resource s_rally_b7d05cab_xXjhgP8E. Status changed: BUILD => ACTIVE in 4.547793626785278
2019-10-28 01:52:49.352 23460 RALLYDEBUG rally.task.utils [-] Waiting for resource s_rally_b7d05cab_zaCrjamr. Status changed: BUILD => ACTIVE in 6.661877870559692
2019-10-28 01:52:49.937 23461 RALLYDEBUG rally.task.utils [-] Waiting for resource s_rally_b7d05cab_xXjhgP8E. Status changed: ACTIVE => PAUSED in 0.14313006401062012
2019-10-28 01:52:51.827 23460 RALLYDEBUG rally.task.utils [-] Waiting for resource s_rally_b7d05cab_zaCrjamr. Status changed: ACTIVE => PAUSED in 0.3392670154571533
2019-10-28 01:52:54.563 23461 INFO rally.task.runner [-] Task 0b5399c7-6330-4103-a825-8ad7cce983f7 | ITER: 10 END: OK
2019-10-28 01:52:56.594 23460 INFO rally.task.runner [-] Task 0b5399c7-6330-4103-a825-8ad7cce983f7 | ITER: 9 END: OK
2019-10-28 01:52:56.620 20411 INFO rally.task.context [-] Task 0b5399c7-6330-4103-a825-8ad7cce983f7 | Context cleanup@openstack cleanup() started
2019-10-28 01:52:56.625 20411 RALLYDEBUG rally_openstack.cleanup.manager [-] Cleaning up nova servers objects
2019-10-28 01:52:58.162 20411 RALLYDEBUG rally_openstack.cleanup.manager [-] Cleaning up nova server_groups objects
2019-10-28 01:52:59.285 20411 RALLYDEBUG rally_openstack.cleanup.manager [-] Cleaning up nova keypairs objects
2019-10-28 01:53:01.505 20411 INFO rally.task.context [-] Task 0b5399c7-6330-4103-a825-8ad7cce983f7 | Context cleanup@openstack cleanup() finished in 4.88 sec
2019-10-28 01:53:01.506 20411 INFO rally.task.context [-] Task 0b5399c7-6330-4103-a825-8ad7cce983f7 | Context network@openstack cleanup() started
2019-10-28 01:53:23.293 20411 INFO rally.task.context [-] Task 0b5399c7-6330-4103-a825-8ad7cce983f7 | Context network@openstack cleanup() finished in 21.79 sec
2019-10-28 01:53:23.294 20411 INFO rally.task.context [-] Task 0b5399c7-6330-4103-a825-8ad7cce983f7 | Context quotas@openstack cleanup() started
2019-10-28 01:53:23.462 20411 INFO rally.task.context [-] Task 0b5399c7-6330-4103-a825-8ad7cce983f7 | Context quotas@openstack cleanup() finished in 0.17 sec
2019-10-28 01:53:23.463 20411 INFO rally.task.context [-] Task 0b5399c7-6330-4103-a825-8ad7cce983f7 | Context users@openstack cleanup() started
2019-10-28 01:53:27.292 20411 INFO rally.task.context [-] Task 0b5399c7-6330-4103-a825-8ad7cce983f7 | Context users@openstack cleanup() finished in 3.83 sec
2019-10-28 01:53:28.786 20411 INFO rally.task.engine [-] Load duration is: 38.391801
2019-10-28 01:53:28.786 20411 INFO rally.task.engine [-] Full runner duration is: 43.440886
2019-10-28 01:53:28.786 20411 INFO rally.task.engine [-] Full duration is: 90.958955
2019-10-28 01:53:29.110 20411 INFO rally.task.engine [-] Running workload: position = 0 config = { "version": 2, "title": "A cropped version of a bigger task.", "description": "Auto-generated task from a single workload (uuid=a5a920ca-28a9-47ae-b370-c81f8ba8ff5c)", "subtasks": [ { "title": "NovaServers.boot_and_migrate_server", "description": "Migrate a server.", "scenario": { "NovaServers.boot_and_migrate_server": { "flavor": { "name": "rally_full-flavor_94399dd7-70e5-4767-b49a-8f67339bf77d" }, "image": { "name": "rally_full-img_94399dd7-70e5-4767-b49a-8f67339bf77d" }, "nics": [ { "net-id": "2381ea0d-4449-473e-9297-21732a0ea467" } ] } }, "contexts": { "users": { "tenants": 3, "users_per_tenant": 2 } }, "runner": { "constant": { "concurrency": 4, "times": 10 } }, "hooks": [], "sla": { "failure_rate": { "max": 0 } } } ] }
2019-10-28 01:53:29.133 20411 RALLYDEBUG rally_openstack.contexts.keystone.users [-] Creating 3 tenants using 20 threads
2019-10-28 01:53:30.060 20411 RALLYDEBUG rally_openstack.contexts.keystone.users [-] Creating 6 users using 20 threads
2019-10-28 01:53:31.563 20411 INFO rally.task.context [-] Task 0b5399c7-6330-4103-a825-8ad7cce983f7 | Context users@openstack setup() finished in 2.43 sec
2019-10-28 01:53:31.564 20411 INFO rally.task.context [-] Task 0b5399c7-6330-4103-a825-8ad7cce983f7 | Context cleanup@openstack setup() finished in 0.01 msec
2019-10-28 01:53:32.551 20411 RALLYDEBUG rally.task.runner [-] Starting the constant runner (task UUID: 0b5399c7-6330-4103-a825-8ad7cce983f7). times: 10 concurrency: 4 timeout: 0 max_cpu_used: 16 processes_to_start: 4 concurrency_per_worker: 1 concurrency_overhead: 0
2019-10-28 01:53:32.563 23623 RALLYDEBUG rally.task.runner [-] Starting a worker. times: 10 duration: None concurrency: 1 timeout: 0 cls: method_name: run args: {"flavor": "f6e16333-aeab-48e5-b309-0e3bdd356d36", "image": "557170a9-5025-4cf4-a927-2cc8be496f7e", "nics": [{"net-id": "2381ea0d-4449-473e-9297-21732a0ea467"}]}
2019-10-28 01:53:32.567 23624 RALLYDEBUG rally.task.runner [-] Starting a worker. times: 10 duration: None concurrency: 1 timeout: 0 cls: method_name: run args: {"flavor": "f6e16333-aeab-48e5-b309-0e3bdd356d36", "image": "557170a9-5025-4cf4-a927-2cc8be496f7e", "nics": [{"net-id": "2381ea0d-4449-473e-9297-21732a0ea467"}]}
2019-10-28 01:53:32.569 23623 INFO rally.task.runner [-] Task 0b5399c7-6330-4103-a825-8ad7cce983f7 | ITER: 1 START
2019-10-28 01:53:32.571 23625 RALLYDEBUG rally.task.runner [-] Starting a worker. times: 10 duration: None concurrency: 1 timeout: 0 cls: method_name: run args: {"flavor": "f6e16333-aeab-48e5-b309-0e3bdd356d36", "image": "557170a9-5025-4cf4-a927-2cc8be496f7e", "nics": [{"net-id": "2381ea0d-4449-473e-9297-21732a0ea467"}]}
2019-10-28 01:53:32.573 23624 INFO rally.task.runner [-] Task 0b5399c7-6330-4103-a825-8ad7cce983f7 | ITER: 2 START
2019-10-28 01:53:32.578 23625 INFO rally.task.runner [-] Task 0b5399c7-6330-4103-a825-8ad7cce983f7 | ITER: 3 START
2019-10-28 01:53:32.578 23630 RALLYDEBUG rally.task.runner [-] Starting a worker. times: 10 duration: None concurrency: 1 timeout: 0 cls: method_name: run args: {"flavor": "f6e16333-aeab-48e5-b309-0e3bdd356d36", "image": "557170a9-5025-4cf4-a927-2cc8be496f7e", "nics": [{"net-id": "2381ea0d-4449-473e-9297-21732a0ea467"}]}
2019-10-28 01:53:32.586 23630 INFO rally.task.runner [-] Task 0b5399c7-6330-4103-a825-8ad7cce983f7 | ITER: 4 START
2019-10-28 01:53:39.511 23624 RALLYDEBUG rally.task.utils [-] Waiting for resource s_rally_a5a920ca_PulzqxZY. Status changed: BUILD => ACTIVE in 4.565317869186401
2019-10-28 01:53:39.694 23630 RALLYDEBUG rally.task.utils [-] Waiting for resource s_rally_a5a920ca_q3LciHeG. Status changed: BUILD => ACTIVE in 4.40578818321228
2019-10-28 01:53:41.282 23624 RALLYDEBUG rally.task.utils [-] Waiting for resource s_rally_a5a920ca_PulzqxZY. Status changed: ACTIVE => RESIZE in 0.21231722831726074
2019-10-28 01:53:41.394 23630 RALLYDEBUG rally.task.utils [-] Waiting for resource s_rally_a5a920ca_q3LciHeG. Status changed: ACTIVE => RESIZE in 0.22415494918823242
2019-10-28 01:53:41.845 23625 RALLYDEBUG rally.task.utils [-] Waiting for resource s_rally_a5a920ca_xjJIkqIH. Status changed: BUILD => ACTIVE in 6.894815921783447
2019-10-28 01:53:41.925 23623 RALLYDEBUG rally.task.utils [-] Waiting for resource s_rally_a5a920ca_h3QG7MxK. Status changed: BUILD => ACTIVE in 6.9720258712768555
2019-10-28 01:53:43.642 23625 RALLYDEBUG rally.task.utils [-] Waiting for resource s_rally_a5a920ca_xjJIkqIH. Status changed: ACTIVE => RESIZE in 0.21686053276062012
2019-10-28 01:53:43.749 23623 RALLYDEBUG rally.task.utils [-] Waiting for resource s_rally_a5a920ca_h3QG7MxK. Status changed: ACTIVE => RESIZE in 0.2356269359588623
2019-10-28 01:53:50.359 23630 RALLYDEBUG rally.task.utils [-] Waiting for resource s_rally_a5a920ca_q3LciHeG. Status changed: RESIZE => VERIFY_RESIZE in 8.96532154083252
2019-10-28 01:53:50.841 23630 RALLYDEBUG rally.task.utils [-] Waiting for resource s_rally_a5a920ca_q3LciHeG. Status changed: ACTIVE => VERIFY_RESIZE in 0.24893927574157715
2019-10-28 01:53:52.659 23625 RALLYDEBUG rally.task.utils [-] Waiting for resource s_rally_a5a920ca_xjJIkqIH. Status changed: RESIZE => VERIFY_RESIZE in 9.016626834869385
2019-10-28 01:53:53.073 23630 RALLYDEBUG rally.task.utils [-] Waiting for resource s_rally_a5a920ca_q3LciHeG. Status changed: VERIFY_RESIZE => ACTIVE in 2.2321276664733887
2019-10-28 01:53:53.201 23625 RALLYDEBUG rally.task.utils [-] Waiting for resource s_rally_a5a920ca_xjJIkqIH. Status changed: ACTIVE => VERIFY_RESIZE in 0.1456308364868164
2019-10-28 01:53:55.392 23630 INFO rally.task.runner [-] Task 0b5399c7-6330-4103-a825-8ad7cce983f7 | ITER: 4 END: OK
2019-10-28 01:53:55.399 23630 INFO rally.task.runner [-] Task 0b5399c7-6330-4103-a825-8ad7cce983f7 | ITER: 5 START
2019-10-28 01:53:55.424 23625 RALLYDEBUG rally.task.utils [-] Waiting for resource s_rally_a5a920ca_xjJIkqIH. Status changed: VERIFY_RESIZE => ACTIVE in 2.2232625484466553
2019-10-28 01:53:57.808 23625 INFO rally.task.runner [-] Task 0b5399c7-6330-4103-a825-8ad7cce983f7 | ITER: 3 END: OK
2019-10-28 01:53:57.815 23625 INFO rally.task.runner [-] Task 0b5399c7-6330-4103-a825-8ad7cce983f7 | ITER: 6 START
2019-10-28 01:54:01.192 23624 RALLYDEBUG rally.task.utils [-] Waiting for resource s_rally_a5a920ca_PulzqxZY. Status changed: RESIZE => VERIFY_RESIZE in 19.90950345993042
2019-10-28 01:54:01.676 23624 RALLYDEBUG rally.task.utils [-] Waiting for resource s_rally_a5a920ca_PulzqxZY. Status changed: ACTIVE => VERIFY_RESIZE in 0.24897241592407227
2019-10-28 01:54:03.819 23624 RALLYDEBUG rally.task.utils [-] Waiting for resource s_rally_a5a920ca_PulzqxZY. Status changed: VERIFY_RESIZE => ACTIVE in 2.1432526111602783
2019-10-28 01:54:03.835 23623 RALLYDEBUG rally.task.utils [-] Waiting for resource s_rally_a5a920ca_h3QG7MxK. Status changed: RESIZE => VERIFY_RESIZE in 20.085511922836304
2019-10-28 01:54:04.253 23623 RALLYDEBUG rally.task.utils [-] Waiting for resource s_rally_a5a920ca_h3QG7MxK. Status changed: ACTIVE => VERIFY_RESIZE in 0.1715548038482666
2019-10-28 01:54:04.452 23625 RALLYDEBUG rally.task.utils [-] Waiting for resource s_rally_a5a920ca_dE2xHOxx. Status changed: BUILD => ACTIVE in 4.5327043533325195
2019-10-28 01:54:04.489 23630 RALLYDEBUG rally.task.utils [-] Waiting for resource s_rally_a5a920ca_wgUefMrp. Status changed: BUILD => ACTIVE in 6.8043389320373535
2019-10-28 01:54:06.118 23624 INFO rally.task.runner [-] Task 0b5399c7-6330-4103-a825-8ad7cce983f7 | ITER: 2 END: OK
2019-10-28 01:54:06.124 23624 INFO rally.task.runner [-] Task 0b5399c7-6330-4103-a825-8ad7cce983f7 | ITER: 7 START
2019-10-28 01:54:06.352 23630 RALLYDEBUG rally.task.utils [-] Waiting for resource s_rally_a5a920ca_wgUefMrp. Status changed: ACTIVE => RESIZE in 0.3206322193145752
2019-10-28 01:54:06.408 23625 RALLYDEBUG rally.task.utils [-] Waiting for resource s_rally_a5a920ca_dE2xHOxx. Status changed: ACTIVE => RESIZE in 0.2250983715057373
2019-10-28 01:54:06.425 23623 RALLYDEBUG rally.task.utils [-] Waiting for resource s_rally_a5a920ca_h3QG7MxK. Status changed: VERIFY_RESIZE => ACTIVE in 2.171133041381836
2019-10-28 01:54:08.799 23623 INFO rally.task.runner [-] Task 0b5399c7-6330-4103-a825-8ad7cce983f7 | ITER: 1 END: OK
2019-10-28 01:54:08.805 23623 INFO rally.task.runner [-] Task 0b5399c7-6330-4103-a825-8ad7cce983f7 | ITER: 8 START
2019-10-28 01:54:12.703 23624 RALLYDEBUG rally.task.utils [-] Waiting for resource s_rally_a5a920ca_Dylf40bZ. Status changed: BUILD => ACTIVE in 4.467379570007324
2019-10-28 01:54:14.306 23624 RALLYDEBUG rally.task.utils [-] Waiting for resource s_rally_a5a920ca_Dylf40bZ. Status changed: ACTIVE => RESIZE in 0.14045190811157227
2019-10-28 01:54:15.123 23630 RALLYDEBUG rally.task.utils [-] Waiting for resource s_rally_a5a920ca_wgUefMrp. Status changed: RESIZE => VERIFY_RESIZE in 8.770478010177612
2019-10-28 01:54:15.533 23630 RALLYDEBUG rally.task.utils [-] Waiting for resource s_rally_a5a920ca_wgUefMrp. Status changed: ACTIVE => VERIFY_RESIZE in 0.1473095417022705
2019-10-28 01:54:15.773 23623 RALLYDEBUG rally.task.utils [-] Waiting for resource s_rally_a5a920ca_QbzKYsGR. Status changed: BUILD => ACTIVE in 4.530043125152588
2019-10-28 01:54:17.215 23625 RALLYDEBUG rally.task.utils [-] Waiting for resource s_rally_a5a920ca_dE2xHOxx. Status changed: RESIZE => VERIFY_RESIZE in 10.806525468826294
2019-10-28 01:54:17.445 23623 RALLYDEBUG rally.task.utils [-] Waiting for resource s_rally_a5a920ca_QbzKYsGR. Status changed: ACTIVE => RESIZE in 0.2304060459136963
2019-10-28 01:54:17.679 23630 RALLYDEBUG rally.task.utils [-] Waiting for resource s_rally_a5a920ca_wgUefMrp. Status changed: VERIFY_RESIZE => ACTIVE in 2.1453678607940674
2019-10-28 01:54:17.750 23625 RALLYDEBUG rally.task.utils [-] Waiting for resource s_rally_a5a920ca_dE2xHOxx. Status changed: ACTIVE => VERIFY_RESIZE in 0.224595308303833
2019-10-28 01:54:19.901 23625 RALLYDEBUG rally.task.utils [-] Waiting for resource s_rally_a5a920ca_dE2xHOxx. Status changed: VERIFY_RESIZE => ACTIVE in 2.1510751247406006
2019-10-28 01:54:19.999 23630 INFO rally.task.runner [-] Task 0b5399c7-6330-4103-a825-8ad7cce983f7 | ITER: 5 END: OK
2019-10-28 01:54:20.002 23630 INFO rally.task.runner [-] Task 0b5399c7-6330-4103-a825-8ad7cce983f7 | ITER: 9 START
2019-10-28 01:54:22.273 23625 INFO rally.task.runner [-] Task 0b5399c7-6330-4103-a825-8ad7cce983f7 | ITER: 6 END: OK
2019-10-28 01:54:22.278 23625 INFO rally.task.runner [-] Task 0b5399c7-6330-4103-a825-8ad7cce983f7 | ITER: 10 START
2019-10-28 01:54:27.378 23630 RALLYDEBUG rally.task.utils [-] Waiting for resource s_rally_a5a920ca_GyO03fYN. Status changed: BUILD => ACTIVE in 4.57602858543396
2019-10-28 01:54:28.898 23625 RALLYDEBUG rally.task.utils [-] Waiting for resource s_rally_a5a920ca_QxOeCrPk. Status changed: BUILD => ACTIVE in 4.526108026504517
2019-10-28 01:54:29.368 23630 RALLYDEBUG rally.task.utils [-] Waiting for resource s_rally_a5a920ca_GyO03fYN. Status changed: ACTIVE => RESIZE in 0.19669151306152344
2019-10-28 01:54:30.611 23625 RALLYDEBUG rally.task.utils [-] Waiting for resource s_rally_a5a920ca_QxOeCrPk. Status changed: ACTIVE => RESIZE in 0.18798375129699707
2019-10-28 01:54:37.280 23623 RALLYDEBUG rally.task.utils [-] Waiting for resource s_rally_a5a920ca_QbzKYsGR. Status changed: RESIZE => VERIFY_RESIZE in 19.834917306900024
2019-10-28 01:54:37.728 23623 RALLYDEBUG rally.task.utils [-] Waiting for resource s_rally_a5a920ca_QbzKYsGR. Status changed: ACTIVE => VERIFY_RESIZE in 0.15300989151000977
2019-10-28 01:54:39.882 23623 RALLYDEBUG rally.task.utils [-] Waiting for resource s_rally_a5a920ca_QbzKYsGR. Status changed: VERIFY_RESIZE => ACTIVE in 2.154616594314575
2019-10-28 01:54:40.328 23630 RALLYDEBUG rally.task.utils [-] Waiting for resource s_rally_a5a920ca_GyO03fYN. Status changed: RESIZE => VERIFY_RESIZE in 10.959527015686035
2019-10-28 01:54:40.671 23630 RALLYDEBUG rally.task.utils [-] Waiting for resource s_rally_a5a920ca_GyO03fYN. Status changed: ACTIVE => VERIFY_RESIZE in 0.15328669548034668
2019-10-28 01:54:42.366 23623 INFO rally.task.runner [-] Task 0b5399c7-6330-4103-a825-8ad7cce983f7 | ITER: 8 END: OK
2019-10-28 01:54:42.828 23630 RALLYDEBUG rally.task.utils [-] Waiting for resource s_rally_a5a920ca_GyO03fYN. Status changed: VERIFY_RESIZE => ACTIVE in 2.1571176052093506
2019-10-28 01:54:42.864 23624 RALLYDEBUG rally.task.utils [-] Waiting for resource s_rally_a5a920ca_Dylf40bZ. Status changed: RESIZE => VERIFY_RESIZE in 28.558207511901855
2019-10-28 01:54:43.299 23624 RALLYDEBUG rally.task.utils [-] Waiting for resource s_rally_a5a920ca_Dylf40bZ. Status changed: ACTIVE => VERIFY_RESIZE in 0.14344239234924316
2019-10-28 01:54:45.154 23630 INFO rally.task.runner [-] Task 0b5399c7-6330-4103-a825-8ad7cce983f7 | ITER: 9 END: OK
2019-10-28 01:54:45.454 23624 RALLYDEBUG rally.task.utils [-] Waiting for resource s_rally_a5a920ca_Dylf40bZ. Status changed: VERIFY_RESIZE => ACTIVE in 2.154587745666504
2019-10-28 01:54:48.068 23624 INFO rally.task.runner [-] Task 0b5399c7-6330-4103-a825-8ad7cce983f7 | ITER: 7 END: OK
2019-10-28 01:54:48.103 23625 RALLYDEBUG rally.task.utils [-] Waiting for resource s_rally_a5a920ca_QxOeCrPk. Status changed: RESIZE => VERIFY_RESIZE in 17.49165368080139
2019-10-28 01:54:48.647 23625 RALLYDEBUG rally.task.utils [-] Waiting for resource s_rally_a5a920ca_QxOeCrPk. Status changed: ACTIVE => VERIFY_RESIZE in 0.2093944549560547
2019-10-28 01:54:50.827 23625 RALLYDEBUG rally.task.utils [-] Waiting for resource s_rally_a5a920ca_QxOeCrPk. Status changed: VERIFY_RESIZE => ACTIVE in 2.1796724796295166
2019-10-28 01:54:53.187 23625 INFO rally.task.runner [-] Task 0b5399c7-6330-4103-a825-8ad7cce983f7 | ITER: 10 END: OK
2019-10-28 01:54:53.219 20411 INFO rally.task.context [-] Task 0b5399c7-6330-4103-a825-8ad7cce983f7 | Context cleanup@openstack cleanup() started
2019-10-28 01:54:53.223 20411 RALLYDEBUG rally_openstack.cleanup.manager [-] Cleaning up nova servers objects
2019-10-28 01:54:54.517 20411 RALLYDEBUG rally_openstack.cleanup.manager [-] Cleaning up nova server_groups objects
2019-10-28 01:54:55.649 20411 RALLYDEBUG rally_openstack.cleanup.manager [-] Cleaning up nova keypairs objects
2019-10-28 01:54:58.013 20411 INFO rally.task.context [-] Task 0b5399c7-6330-4103-a825-8ad7cce983f7 | Context cleanup@openstack cleanup() finished in 4.79 sec
2019-10-28 01:54:58.013 20411 INFO rally.task.context [-] Task 0b5399c7-6330-4103-a825-8ad7cce983f7 | Context users@openstack cleanup() started
2019-10-28 01:55:01.943 20411 INFO rally.task.context [-] Task 0b5399c7-6330-4103-a825-8ad7cce983f7 | Context users@openstack cleanup() finished in 3.93 sec
2019-10-28 01:55:03.521 20411 INFO rally.task.engine [-] Load duration is: 79.616241
2019-10-28 01:55:03.522 20411 INFO rally.task.engine [-] Full runner duration is: 80.668573
2019-10-28 01:55:03.522 20411 INFO rally.task.engine [-] Full duration is: 92.811777
2019-10-28 01:55:03.903 20411 INFO rally.task.engine [-] Running workload: position = 0 config = { "version": 2, "title": "A cropped version of a bigger task.", "description": "Auto-generated task from a single workload (uuid=76383c77-6002-4474-92d8-63ab0fee6372)", "subtasks": [ { "title": "NovaServers.boot_server_and_list_interfaces", "description": "Boot a server and list interfaces attached to it.", "scenario": { "NovaServers.boot_server_and_list_interfaces": { "flavor": { "name": "rally_full-flavor_94399dd7-70e5-4767-b49a-8f67339bf77d" }, "image": { "name": "rally_full-img_94399dd7-70e5-4767-b49a-8f67339bf77d" }, "auto_assign_nic": true } }, "contexts": { "users": { "tenants": 3, "users_per_tenant": 2 }, "network": {} }, "runner": { "constant": { "concurrency": 4, "times": 10 } }, "hooks": [], "sla": { "failure_rate": { "max": 0 } } } ] }
2019-10-28 01:55:03.929 20411 RALLYDEBUG rally_openstack.contexts.keystone.users [-] Creating 3 tenants using 20 threads
2019-10-28 01:55:04.936 20411 RALLYDEBUG rally_openstack.contexts.keystone.users [-] Creating 6 users using 20 threads
2019-10-28 01:55:06.539 20411 INFO rally.task.context [-] Task 0b5399c7-6330-4103-a825-8ad7cce983f7 | Context users@openstack setup() finished in 2.61 sec
2019-10-28 01:55:08.428 20411 RALLYDEBUG rally_openstack.wrappers.network [-] CIDR generated: 10.2.27.0/24
2019-10-28 01:55:12.547 20411 RALLYDEBUG rally_openstack.wrappers.network [-] CIDR generated: 10.2.28.0/24
2019-10-28 01:55:16.025 20411 RALLYDEBUG rally_openstack.wrappers.network [-] CIDR generated: 10.2.29.0/24
