2019-10-28 01:03:53.007 13785 RALLYDEBUG rally_openstack.cleanup.manager [-] Deleting neutron.port object s_rally_c8be2740_vqZStpTZ (17fd8131-39a0-4869-983c-cd3886fdca55)
2019-10-28 01:03:53.017 13785 RALLYDEBUG rally_openstack.cleanup.manager [-] Deleting neutron.port object s_rally_c8be2740_34MF5wan (1eaf1030-5c13-483c-8775-a1ec461d665b)
2019-10-28 01:03:53.038 13785 RALLYDEBUG rally_openstack.cleanup.manager [-] Deleting neutron.port object s_rally_c8be2740_IxxsqzU4 (efd2bd6c-c25a-449f-824b-c3dbe381e3d8)
2019-10-28 01:03:53.043 13785 RALLYDEBUG rally_openstack.cleanup.manager [-] Deleting neutron.port object s_rally_c8be2740_79sYCJsz (cf66c4fd-b3e2-4cbc-92ad-c639d5b7f228)
2019-10-28 01:03:53.064 13785 RALLYDEBUG rally_openstack.cleanup.manager [-] Deleting neutron.port object s_rally_c8be2740_TR8ZFJff (08d9a681-7ef3-457a-92bf-f2fede4f48c4)
2019-10-28 01:03:53.071 13785 RALLYDEBUG rally_openstack.cleanup.manager [-] Deleting neutron.port object s_rally_c8be2740_cJjeWEnD (45056c04-5dfa-47b7-b303-c5d838269f32)
2019-10-28 01:03:53.103 13785 RALLYDEBUG rally_openstack.cleanup.manager [-] Deleting neutron.port object s_rally_c8be2740_iJg3GjgF (7717db93-6943-4f74-b3a8-79c880efe1f9)
2019-10-28 01:03:53.126 13785 RALLYDEBUG rally_openstack.cleanup.manager [-] Deleting neutron.port object s_rally_c8be2740_XtkdU8MB (bda73362-e596-4e84-8bb7-9bd9d88707c4)
2019-10-28 01:03:53.134 13785 RALLYDEBUG rally_openstack.cleanup.manager [-] Deleting neutron.port object s_rally_c8be2740_E5NcgalL (c26f192b-5a2f-41ee-8280-745c8b2383d5)
2019-10-28 01:03:55.755 13785 RALLYDEBUG rally_openstack.cleanup.manager [-] Cleaning up neutron subnet objects
2019-10-28 01:03:56.993 13785 RALLYDEBUG rally_openstack.cleanup.manager [-] Cleaning up neutron network objects
2019-10-28 01:03:58.380 13785 RALLYDEBUG rally_openstack.cleanup.manager [-] Cleaning up neutron router objects
2019-10-28 01:03:59.588 13785 RALLYDEBUG rally_openstack.cleanup.manager [-] Cleaning up neutron security_group objects
2019-10-28 01:04:00.813 13785 INFO rally.task.context [-] Task a3425f85-7b1b-491a-ac49-9eea7b18d903 | Context cleanup@openstack cleanup() finished in 15.95 sec
2019-10-28 01:04:00.813 13785 INFO rally.task.context [-] Task a3425f85-7b1b-491a-ac49-9eea7b18d903 | Context network@openstack cleanup() started
2019-10-28 01:04:11.838 13785 INFO rally.task.context [-] Task a3425f85-7b1b-491a-ac49-9eea7b18d903 | Context network@openstack cleanup() finished in 11.02 sec
2019-10-28 01:04:11.839 13785 INFO rally.task.context [-] Task a3425f85-7b1b-491a-ac49-9eea7b18d903 | Context quotas@openstack cleanup() started
2019-10-28 01:04:12.020 13785 INFO rally.task.context [-] Task a3425f85-7b1b-491a-ac49-9eea7b18d903 | Context quotas@openstack cleanup() finished in 0.18 sec
2019-10-28 01:04:12.020 13785 INFO rally.task.context [-] Task a3425f85-7b1b-491a-ac49-9eea7b18d903 | Context users@openstack cleanup() started
2019-10-28 01:04:15.979 13785 INFO rally.task.context [-] Task a3425f85-7b1b-491a-ac49-9eea7b18d903 | Context users@openstack cleanup() finished in 3.96 sec
2019-10-28 01:04:17.991 13785 INFO rally.task.engine [-] Load duration is: 4.749291
2019-10-28 01:04:17.991 13785 INFO rally.task.engine [-] Full runner duration is: 4.799317
2019-10-28 01:04:17.992 13785 INFO rally.task.engine [-] Full duration is: 42.21145
2019-10-28 01:04:18.329 13785 INFO rally.task.engine [-] Running workload: position = 0 config = { "version": 2, "title": "A cropped version of a bigger task.", "description": "Auto-generated task from a single workload (uuid=7faade2f-fa0c-415f-8367-b3ba1a8f67b9)", "subtasks": [ { "title": "NeutronNetworks.create_and_update_routers", "description": "Create and update a given number of routers.", "scenario": { "NeutronNetworks.create_and_update_routers": { "network_create_args": {}, "router_create_args": {}, "router_update_args": { "admin_state_up": false }, "subnet_cidr_start": "1.1.0.0/30", "subnet_create_args": {}, "subnets_per_network": 1 } }, "contexts": { "users": { "tenants": 3, "users_per_tenant": 2 }, "quotas": { "neutron": { "network": -1, "subnet": -1, "port": -1, "router": -1 } } }, "runner": { "constant": { "concurrency": 4, "times": 10 } }, "hooks": [], "sla": { "failure_rate": { "max": 0 } } } ] }
2019-10-28 01:04:18.352 13785 RALLYDEBUG rally_openstack.contexts.keystone.users [-] Creating 3 tenants using 20 threads
2019-10-28 01:04:19.375 13785 RALLYDEBUG rally_openstack.contexts.keystone.users [-] Creating 6 users using 20 threads
2019-10-28 01:04:20.861 13785 INFO rally.task.context [-] Task a3425f85-7b1b-491a-ac49-9eea7b18d903 | Context users@openstack setup() finished in 2.51 sec
2019-10-28 01:04:21.715 13785 INFO rally.task.context [-] Task a3425f85-7b1b-491a-ac49-9eea7b18d903 | Context quotas@openstack setup() finished in 0.85 sec
2019-10-28 01:04:21.716 13785 INFO rally.task.context [-] Task a3425f85-7b1b-491a-ac49-9eea7b18d903 | Context cleanup@openstack setup() finished in 0.01 msec
2019-10-28 01:04:21.727 13785 RALLYDEBUG rally.task.runner [-] Starting the constant runner (task UUID: a3425f85-7b1b-491a-ac49-9eea7b18d903). times: 10 concurrency: 4 timeout: 0 max_cpu_used: 16 processes_to_start: 4 concurrency_per_worker: 1 concurrency_overhead: 0
2019-10-28 01:04:21.738 14557 RALLYDEBUG rally.task.runner [-] Starting a worker. times: 10 duration: None concurrency: 1 timeout: 0 cls: method_name: run args: {"network_create_args": {}, "router_create_args": {}, "router_update_args": {"admin_state_up": false}, "subnet_cidr_start": "1.1.0.0/30", "subnet_create_args": {}, "subnets_per_network": 1}
2019-10-28 01:04:21.741 14558 RALLYDEBUG rally.task.runner [-] Starting a worker. times: 10 duration: None concurrency: 1 timeout: 0 cls: method_name: run args: {"network_create_args": {}, "router_create_args": {}, "router_update_args": {"admin_state_up": false}, "subnet_cidr_start": "1.1.0.0/30", "subnet_create_args": {}, "subnets_per_network": 1}
2019-10-28 01:04:21.745 14557 INFO rally.task.runner [-] Task a3425f85-7b1b-491a-ac49-9eea7b18d903 | ITER: 1 START
2019-10-28 01:04:21.745 14559 RALLYDEBUG rally.task.runner [-] Starting a worker. times: 10 duration: None concurrency: 1 timeout: 0 cls: method_name: run args: {"network_create_args": {}, "router_create_args": {}, "router_update_args": {"admin_state_up": false}, "subnet_cidr_start": "1.1.0.0/30", "subnet_create_args": {}, "subnets_per_network": 1}
2019-10-28 01:04:21.748 14558 INFO rally.task.runner [-] Task a3425f85-7b1b-491a-ac49-9eea7b18d903 | ITER: 2 START
2019-10-28 01:04:21.748 14561 RALLYDEBUG rally.task.runner [-] Starting a worker. times: 10 duration: None concurrency: 1 timeout: 0 cls: method_name: run args: {"network_create_args": {}, "router_create_args": {}, "router_update_args": {"admin_state_up": false}, "subnet_cidr_start": "1.1.0.0/30", "subnet_create_args": {}, "subnets_per_network": 1}
2019-10-28 01:04:21.752 14559 INFO rally.task.runner [-] Task a3425f85-7b1b-491a-ac49-9eea7b18d903 | ITER: 3 START
2019-10-28 01:04:21.754 14561 INFO rally.task.runner [-] Task a3425f85-7b1b-491a-ac49-9eea7b18d903 | ITER: 4 START
2019-10-28 01:04:22.395 14559 RALLYDEBUG rally_openstack.wrappers.network [-] CIDR generated: 1.1.0.12/30
2019-10-28 01:04:22.495 14558 RALLYDEBUG rally_openstack.wrappers.network [-] CIDR generated: 1.1.0.16/30
2019-10-28 01:04:22.502 14561 RALLYDEBUG rally_openstack.wrappers.network [-] CIDR generated: 1.1.0.20/30
2019-10-28 01:04:23.293 14557 RALLYDEBUG rally_openstack.wrappers.network [-] CIDR generated: 1.1.0.24/30
2019-10-28 01:04:25.606 14558 INFO rally.task.runner [-] Task a3425f85-7b1b-491a-ac49-9eea7b18d903 | ITER: 2 END: OK
2019-10-28 01:04:25.610 14558 INFO rally.task.runner [-] Task a3425f85-7b1b-491a-ac49-9eea7b18d903 | ITER: 5 START
2019-10-28 01:04:25.651 14561 INFO rally.task.runner [-] Task a3425f85-7b1b-491a-ac49-9eea7b18d903 | ITER: 4 END: OK
2019-10-28 01:04:25.656 14561 INFO rally.task.runner [-] Task a3425f85-7b1b-491a-ac49-9eea7b18d903 | ITER: 6 START
2019-10-28 01:04:25.967 14559 INFO rally.task.runner [-] Task a3425f85-7b1b-491a-ac49-9eea7b18d903 | ITER: 3 END: OK
2019-10-28 01:04:25.972 14559 INFO rally.task.runner [-] Task a3425f85-7b1b-491a-ac49-9eea7b18d903 | ITER: 7 START
2019-10-28 01:04:26.102 14558 RALLYDEBUG rally_openstack.wrappers.network [-] CIDR generated: 1.1.0.28/30
2019-10-28 01:04:26.240 14561 RALLYDEBUG rally_openstack.wrappers.network [-] CIDR generated: 1.1.0.32/30
2019-10-28 01:04:26.474 14559 RALLYDEBUG rally_openstack.wrappers.network [-] CIDR generated: 1.1.0.36/30
2019-10-28 01:04:26.941 14557 INFO rally.task.runner [-] Task a3425f85-7b1b-491a-ac49-9eea7b18d903 | ITER: 1 END: OK
2019-10-28 01:04:26.945 14557 INFO rally.task.runner [-] Task a3425f85-7b1b-491a-ac49-9eea7b18d903 | ITER: 8 START
2019-10-28 01:04:27.430 14557 RALLYDEBUG rally_openstack.wrappers.network [-] CIDR generated: 1.1.0.40/30
2019-10-28 01:04:29.651 14561 INFO rally.task.runner [-] Task a3425f85-7b1b-491a-ac49-9eea7b18d903 | ITER: 6 END: OK
2019-10-28 01:04:29.655 14561 INFO rally.task.runner [-] Task a3425f85-7b1b-491a-ac49-9eea7b18d903 | ITER: 9 START
2019-10-28 01:04:29.731 14558 INFO rally.task.runner [-] Task a3425f85-7b1b-491a-ac49-9eea7b18d903 | ITER: 5 END: OK
2019-10-28 01:04:29.734 14558 INFO rally.task.runner [-] Task a3425f85-7b1b-491a-ac49-9eea7b18d903 | ITER: 10 START
2019-10-28 01:04:30.026 14559 INFO rally.task.runner [-] Task a3425f85-7b1b-491a-ac49-9eea7b18d903 | ITER: 7 END: OK
2019-10-28 01:04:30.209 14558 RALLYDEBUG rally_openstack.wrappers.network [-] CIDR generated: 1.1.0.44/30
2019-10-28 01:04:30.215 14561 RALLYDEBUG rally_openstack.wrappers.network [-] CIDR generated: 1.1.0.48/30
2019-10-28 01:04:30.593 14557 INFO rally.task.runner [-] Task a3425f85-7b1b-491a-ac49-9eea7b18d903 | ITER: 8 END: OK
2019-10-28 01:04:33.344 14558 INFO rally.task.runner [-] Task a3425f85-7b1b-491a-ac49-9eea7b18d903 | ITER: 10 END: OK
2019-10-28 01:04:33.552 14561 INFO rally.task.runner [-] Task a3425f85-7b1b-491a-ac49-9eea7b18d903 | ITER: 9 END: OK
2019-10-28 01:04:33.580 13785 INFO rally.task.context [-] Task a3425f85-7b1b-491a-ac49-9eea7b18d903 | Context cleanup@openstack cleanup() started
2019-10-28 01:04:33.584 13785 RALLYDEBUG rally_openstack.cleanup.manager [-] Cleaning up neutron vip objects
2019-10-28 01:04:34.659 13785 RALLYDEBUG rally_openstack.cleanup.manager [-] Cleaning up neutron health_monitor objects
2019-10-28 01:04:35.730 13785 RALLYDEBUG rally_openstack.cleanup.manager [-] Cleaning up neutron pool objects
2019-10-28 01:04:36.831 13785 RALLYDEBUG rally_openstack.cleanup.manager [-] Cleaning up neutron loadbalancer objects
2019-10-28 01:04:37.911 13785 RALLYDEBUG rally_openstack.cleanup.manager [-] Cleaning up neutron floatingip objects
2019-10-28 01:04:39.091 13785 RALLYDEBUG rally_openstack.cleanup.manager [-] Cleaning up neutron trunk objects
2019-10-28 01:04:40.211 13785 RALLYDEBUG rally_openstack.cleanup.manager [-] Cleaning up neutron port objects
2019-10-28 01:04:42.066 13785 RALLYDEBUG rally_openstack.cleanup.manager [-] Deleting neutron.port object s_rally_7faade2f_Q5IHaLW0 (20df06ed-4ab3-4b31-921c-4339324c2a17)
2019-10-28 01:04:42.072 13785 RALLYDEBUG rally_openstack.cleanup.manager [-] Deleting neutron.port object s_rally_7faade2f_TttuNzPY (260b3177-f5aa-4a43-9be0-fddead9dc3ca)
2019-10-28 01:04:42.081 13785 RALLYDEBUG rally_openstack.cleanup.manager [-] Deleting neutron.port object s_rally_7faade2f_Dp1cWlqx (759bc2a9-243b-4976-a92f-19e1d06be682)
2019-10-28 01:04:42.095 13785 RALLYDEBUG rally_openstack.cleanup.manager [-] Deleting neutron.port object s_rally_7faade2f_Ybo0hISf (13b35584-916f-480d-82e5-83a7e21fe212)
2019-10-28 01:04:42.102 13785 RALLYDEBUG rally_openstack.cleanup.manager [-] Deleting neutron.port object s_rally_7faade2f_UkmZInjD (9f03fccb-b3fe-47d1-9dcd-5fcc991b5bee)
2019-10-28 01:04:42.131 13785 RALLYDEBUG rally_openstack.cleanup.manager [-] Deleting neutron.port object s_rally_7faade2f_PHpCCcGz (d191fa25-65b8-4c7b-86fa-26fd0a438096)
2019-10-28 01:04:42.145 13785 RALLYDEBUG rally_openstack.cleanup.manager [-] Deleting neutron.port object s_rally_7faade2f_Oy51UJX9 (0a04edc8-c744-49f2-a55b-b6599c003c2d)
2019-10-28 01:04:42.167 13785 RALLYDEBUG rally_openstack.cleanup.manager [-] Deleting neutron.port object s_rally_7faade2f_SgQLQCfK (588e85ec-a22f-4de6-8040-f870e4b7de90)
2019-10-28 01:04:42.180 13785 RALLYDEBUG rally_openstack.cleanup.manager [-] Deleting neutron.port object s_rally_7faade2f_xiFcONOv (d7faba74-5651-4cd9-8a73-2d44b4e3a1fe)
2019-10-28 01:04:42.187 13785 RALLYDEBUG rally_openstack.cleanup.manager [-] Deleting neutron.port object s_rally_7faade2f_ATCidX5G (aaf61174-82c7-4a49-8d3d-5babee10edd5)
2019-10-28 01:04:46.703 13785 RALLYDEBUG rally_openstack.cleanup.manager [-] Cleaning up neutron subnet objects
2019-10-28 01:04:47.961 13785 RALLYDEBUG rally_openstack.cleanup.manager [-] Deleting neutron.subnet object s_rally_7faade2f_elrj9bJC (063e9b50-b780-40f9-8515-3b8681af1a27)
2019-10-28 01:04:47.971 13785 RALLYDEBUG rally_openstack.cleanup.manager [-] Deleting neutron.subnet object s_rally_7faade2f_Nt01x2eR (7088b5a0-b949-4ac2-9e94-be3056bdeeab)
2019-10-28 01:04:47.980 13785 RALLYDEBUG rally_openstack.cleanup.manager [-] Deleting neutron.subnet object s_rally_7faade2f_Qwzwvjc4 (cf22fd1e-9d38-47c6-aae1-47284c961555)
2019-10-28 01:04:47.984 13785 RALLYDEBUG rally_openstack.cleanup.manager [-] Deleting neutron.subnet object s_rally_7faade2f_QDhiqn6M (77b27ae7-0b74-4c08-bfee-4d4f08de3925)
2019-10-28 01:04:47.995 13785 RALLYDEBUG rally_openstack.cleanup.manager [-] Deleting neutron.subnet object s_rally_7faade2f_18lDPS4d (7fcfae32-8b7b-405d-9e2e-ddf110c4a7c2)
2019-10-28 01:04:47.999 13785 RALLYDEBUG rally_openstack.cleanup.manager [-] Deleting neutron.subnet object s_rally_7faade2f_QPhHExiu (d0c8fb0a-538d-494b-a531-0771c1f0fccf)
2019-10-28 01:04:48.016 13785 RALLYDEBUG rally_openstack.cleanup.manager [-] Deleting neutron.subnet object s_rally_7faade2f_bdejB6PR (1167d06e-e3b3-4130-a56b-2b72faccee8c)
2019-10-28 01:04:48.023 13785 RALLYDEBUG rally_openstack.cleanup.manager [-] Deleting neutron.subnet object s_rally_7faade2f_GZEc36q7 (5366ec3d-c360-42ed-8e09-062d95fa0eda)
2019-10-28 01:04:48.046 13785 RALLYDEBUG rally_openstack.cleanup.manager [-] Deleting neutron.subnet object s_rally_7faade2f_ODDYyEU5 (856925ee-788d-4efa-8a23-ee7d326fe59e)
2019-10-28 01:04:48.057 13785 RALLYDEBUG rally_openstack.cleanup.manager [-] Deleting neutron.subnet object s_rally_7faade2f_oMsOjzr4 (e733a650-4d51-4399-873e-4ee79deb5534)
2019-10-28 01:04:52.121 13785 RALLYDEBUG rally_openstack.cleanup.manager [-] Cleaning up neutron network objects
2019-10-28 01:04:53.439 13785 RALLYDEBUG rally_openstack.cleanup.manager [-] Deleting neutron.network object s_rally_7faade2f_5bqlLVFD (18fc096a-93c3-4cdd-a449-beece8cacd4c)
2019-10-28 01:04:53.449 13785 RALLYDEBUG rally_openstack.cleanup.manager [-] Deleting neutron.network object s_rally_7faade2f_yaIFB1Lp (50eaf60e-b17f-4b8f-a1a4-0edc6f46b142)
2019-10-28 01:04:53.458 13785 RALLYDEBUG rally_openstack.cleanup.manager [-] Deleting neutron.network object s_rally_7faade2f_cYo13E9A (f4526d17-7ce8-4384-9bc7-95d23f19c99f)
2019-10-28 01:04:53.466 13785 RALLYDEBUG rally_openstack.cleanup.manager [-] Deleting neutron.network object s_rally_7faade2f_2eE9RKhL (244bbcde-8fb4-42bf-99b0-16cc58c5efe7)
2019-10-28 01:04:53.475 13785 RALLYDEBUG rally_openstack.cleanup.manager [-] Deleting neutron.network object s_rally_7faade2f_bOgOUzek (514873f5-2db1-46e5-9598-22b4f878cb72)
2019-10-28 01:04:53.484 13785 RALLYDEBUG rally_openstack.cleanup.manager [-] Deleting neutron.network object s_rally_7faade2f_jBRDJmix (a7fadf7d-8f56-40f7-848e-bb5409390d84)
2019-10-28 01:04:53.489 13785 RALLYDEBUG rally_openstack.cleanup.manager [-] Deleting neutron.network object s_rally_7faade2f_e3UnrCZe (0d00fea7-a679-404e-9323-bcf53e04dbf5)
2019-10-28 01:04:53.507 13785 RALLYDEBUG rally_openstack.cleanup.manager [-] Deleting neutron.network object s_rally_7faade2f_aTywVjM6 (6b9aaab5-1f77-4f32-b2a5-12a1c0fdf22e)
2019-10-28 01:04:53.519 13785 RALLYDEBUG rally_openstack.cleanup.manager [-] Deleting neutron.network object s_rally_7faade2f_kpIYZ2rb (8ff133b4-e24d-427e-93ab-ec5ece4f2895)
2019-10-28 01:04:53.528 13785 RALLYDEBUG rally_openstack.cleanup.manager [-] Deleting neutron.network object s_rally_7faade2f_4G6HGjcv (aab83745-e632-4b41-91d9-943d5a0116dc)
2019-10-28 01:04:57.206 13785 RALLYDEBUG rally_openstack.cleanup.manager [-] Cleaning up neutron router objects
2019-10-28 01:04:58.859 13785 RALLYDEBUG rally_openstack.cleanup.manager [-] Deleting neutron.router object s_rally_7faade2f_Q5IHaLW0 (6c586650-9cdb-4911-87c9-2fdea5ca6c3e)
2019-10-28 01:04:58.868 13785 RALLYDEBUG rally_openstack.cleanup.manager [-] Deleting neutron.router object s_rally_7faade2f_Dp1cWlqx (71d8e841-a7db-4f5f-9ee3-066d1f91f9db)
2019-10-28 01:04:58.877 13785 RALLYDEBUG rally_openstack.cleanup.manager [-] Deleting neutron.router object s_rally_7faade2f_TttuNzPY (79943d7d-74fc-4c2b-986e-339a17aa7b69)
2019-10-28 01:04:58.886 13785 RALLYDEBUG rally_openstack.cleanup.manager [-] Deleting neutron.router object s_rally_7faade2f_Ybo0hISf (09c0c079-2a24-44b6-b989-f8b2443cdb4a)
2019-10-28 01:04:58.907 13785 RALLYDEBUG rally_openstack.cleanup.manager [-] Deleting neutron.router object s_rally_7faade2f_PHpCCcGz (5018d7a7-3668-470a-bfd1-373bcee3c58a)
2019-10-28 01:04:58.915 13785 RALLYDEBUG rally_openstack.cleanup.manager [-] Deleting neutron.router object s_rally_7faade2f_UkmZInjD (669e44e8-6a65-4fa9-9c9f-3662b34b31d3)
2019-10-28 01:04:58.921 13785 RALLYDEBUG rally_openstack.cleanup.manager [-] Deleting neutron.router object s_rally_7faade2f_ATCidX5G (114d1a49-6122-4c8f-8339-e7b15f6e5017)
2019-10-28 01:04:58.929 13785 RALLYDEBUG rally_openstack.cleanup.manager [-] Deleting neutron.router object s_rally_7faade2f_Oy51UJX9 (4388f6cb-faf0-4243-a7f7-db0f3a632cf9)
2019-10-28 01:04:58.955 13785 RALLYDEBUG rally_openstack.cleanup.manager [-] Deleting neutron.router object s_rally_7faade2f_xiFcONOv (827c2aed-806c-4137-8c0b-3f64365d7750)
2019-10-28 01:04:58.967 13785 RALLYDEBUG rally_openstack.cleanup.manager [-] Deleting neutron.router object s_rally_7faade2f_SgQLQCfK (95b03f35-1a8b-4fad-9f13-f1d5889a012d)
2019-10-28 01:05:01.162 13785 RALLYDEBUG rally_openstack.cleanup.manager [-] Cleaning up neutron security_group objects
2019-10-28 01:05:02.377 13785 INFO rally.task.context [-] Task a3425f85-7b1b-491a-ac49-9eea7b18d903 | Context cleanup@openstack cleanup() finished in 28.80 sec
2019-10-28 01:05:02.378 13785 INFO rally.task.context [-] Task a3425f85-7b1b-491a-ac49-9eea7b18d903 | Context quotas@openstack cleanup() started
2019-10-28 01:05:02.610 13785 INFO rally.task.context [-] Task a3425f85-7b1b-491a-ac49-9eea7b18d903 | Context quotas@openstack cleanup() finished in 0.23 sec
2019-10-28 01:05:02.611 13785 INFO rally.task.context [-] Task a3425f85-7b1b-491a-ac49-9eea7b18d903 | Context users@openstack cleanup() started
2019-10-28 01:05:06.515 13785 INFO rally.task.context [-] Task a3425f85-7b1b-491a-ac49-9eea7b18d903 | Context users@openstack cleanup() finished in 3.90 sec
2019-10-28 01:05:06.591 13785 INFO rally.task.engine [-] Load duration is: 11.806181
2019-10-28 01:05:06.592 13785 INFO rally.task.engine [-] Full runner duration is: 11.854107
2019-10-28 01:05:06.592 13785 INFO rally.task.engine [-] Full duration is: 48.164459
2019-10-28 01:05:06.919 13785 INFO rally.task.engine [-] Running workload: position = 0 config = { "version": 2, "title": "A cropped version of a bigger task.", "description": "Auto-generated task from a single workload (uuid=5c782a94-7fac-4821-afc4-1cb0d2c1abca)", "subtasks": [ { "title": "NeutronNetworks.create_and_update_subnets", "description": "Create and update a subnet.", "scenario": { "NeutronNetworks.create_and_update_subnets": { "network_create_args": {}, "subnet_cidr_start": "1.4.0.0/16", "subnet_create_args": {}, "subnet_update_args": { "enable_dhcp": false }, "subnets_per_network": 1 } }, "contexts": { "users": { "tenants": 3, "users_per_tenant": 2 }, "quotas": { "neutron": { "network": -1, "subnet": -1 } } }, "runner": { "constant": { "concurrency": 4, "times": 10 } }, "hooks": [], "sla": { "failure_rate": { "max": 0 } } } ] }
2019-10-28 01:05:06.943 13785 RALLYDEBUG rally_openstack.contexts.keystone.users [-] Creating 3 tenants using 20 threads
2019-10-28 01:05:08.039 13785 RALLYDEBUG rally_openstack.contexts.keystone.users [-] Creating 6 users using 20 threads
2019-10-28 01:05:09.586 13785 INFO rally.task.context [-] Task a3425f85-7b1b-491a-ac49-9eea7b18d903 | Context users@openstack setup() finished in 2.64 sec
2019-10-28 01:05:10.298 13785 INFO rally.task.context [-] Task a3425f85-7b1b-491a-ac49-9eea7b18d903 | Context quotas@openstack setup() finished in 0.71 sec
2019-10-28 01:05:10.298 13785 INFO rally.task.context [-] Task a3425f85-7b1b-491a-ac49-9eea7b18d903 | Context cleanup@openstack setup() finished in 0.01 msec
2019-10-28 01:05:10.308 13785 RALLYDEBUG rally.task.runner [-] Starting the constant runner (task UUID: a3425f85-7b1b-491a-ac49-9eea7b18d903). times: 10 concurrency: 4 timeout: 0 max_cpu_used: 16 processes_to_start: 4 concurrency_per_worker: 1 concurrency_overhead: 0
2019-10-28 01:05:10.319 14881 RALLYDEBUG rally.task.runner [-] Starting a worker. times: 10 duration: None concurrency: 1 timeout: 0 cls: method_name: run args: {"network_create_args": {}, "subnet_cidr_start": "1.4.0.0/16", "subnet_create_args": {}, "subnet_update_args": {"enable_dhcp": false}, "subnets_per_network": 1}
2019-10-28 01:05:10.323 14882 RALLYDEBUG rally.task.runner [-] Starting a worker. times: 10 duration: None concurrency: 1 timeout: 0 cls: method_name: run args: {"network_create_args": {}, "subnet_cidr_start": "1.4.0.0/16", "subnet_create_args": {}, "subnet_update_args": {"enable_dhcp": false}, "subnets_per_network": 1}
2019-10-28 01:05:10.326 14881 INFO rally.task.runner [-] Task a3425f85-7b1b-491a-ac49-9eea7b18d903 | ITER: 1 START
2019-10-28 01:05:10.326 14883 RALLYDEBUG rally.task.runner [-] Starting a worker. times: 10 duration: None concurrency: 1 timeout: 0 cls: method_name: run args: {"network_create_args": {}, "subnet_cidr_start": "1.4.0.0/16", "subnet_create_args": {}, "subnet_update_args": {"enable_dhcp": false}, "subnets_per_network": 1}
2019-10-28 01:05:10.330 14882 INFO rally.task.runner [-] Task a3425f85-7b1b-491a-ac49-9eea7b18d903 | ITER: 2 START
2019-10-28 01:05:10.330 14885 RALLYDEBUG rally.task.runner [-] Starting a worker. times: 10 duration: None concurrency: 1 timeout: 0 cls: method_name: run args: {"network_create_args": {}, "subnet_cidr_start": "1.4.0.0/16", "subnet_create_args": {}, "subnet_update_args": {"enable_dhcp": false}, "subnets_per_network": 1}
2019-10-28 01:05:10.333 14883 INFO rally.task.runner [-] Task a3425f85-7b1b-491a-ac49-9eea7b18d903 | ITER: 3 START
2019-10-28 01:05:10.336 14885 INFO rally.task.runner [-] Task a3425f85-7b1b-491a-ac49-9eea7b18d903 | ITER: 4 START
2019-10-28 01:05:10.964 14883 RALLYDEBUG rally_openstack.wrappers.network [-] CIDR generated: 1.17.0.0/16
2019-10-28 01:05:11.211 14881 RALLYDEBUG rally_openstack.wrappers.network [-] CIDR generated: 1.18.0.0/16
2019-10-28 01:05:11.573 14885 RALLYDEBUG rally_openstack.wrappers.network [-] CIDR generated: 1.19.0.0/16
2019-10-28 01:05:11.932 14882 RALLYDEBUG rally_openstack.wrappers.network [-] CIDR generated: 1.20.0.0/16
2019-10-28 01:05:12.083 14881 INFO rally.task.runner [-] Task a3425f85-7b1b-491a-ac49-9eea7b18d903 | ITER: 1 END: OK
2019-10-28 01:05:12.088 14881 INFO rally.task.runner [-] Task a3425f85-7b1b-491a-ac49-9eea7b18d903 | ITER: 5 START
2019-10-28 01:05:12.114 14883 INFO rally.task.runner [-] Task a3425f85-7b1b-491a-ac49-9eea7b18d903 | ITER: 3 END: OK
2019-10-28 01:05:12.118 14883 INFO rally.task.runner [-] Task a3425f85-7b1b-491a-ac49-9eea7b18d903 | ITER: 6 START
2019-10-28 01:05:12.733 14883 RALLYDEBUG rally_openstack.wrappers.network [-] CIDR generated: 1.21.0.0/16
2019-10-28 01:05:12.776 14881 RALLYDEBUG rally_openstack.wrappers.network [-] CIDR generated: 1.22.0.0/16
2019-10-28 01:05:12.921 14885 INFO rally.task.runner [-] Task a3425f85-7b1b-491a-ac49-9eea7b18d903 | ITER: 4 END: OK
2019-10-28 01:05:12.926 14885 INFO rally.task.runner [-] Task a3425f85-7b1b-491a-ac49-9eea7b18d903 | ITER: 7 START
2019-10-28 01:05:13.072 14882 INFO rally.task.runner [-] Task a3425f85-7b1b-491a-ac49-9eea7b18d903 | ITER: 2 END: OK
2019-10-28 01:05:13.077 14882 INFO rally.task.runner [-] Task a3425f85-7b1b-491a-ac49-9eea7b18d903 | ITER: 8 START
2019-10-28 01:05:13.399 14885 RALLYDEBUG rally_openstack.wrappers.network [-] CIDR generated: 1.23.0.0/16
2019-10-28 01:05:13.748 14882 RALLYDEBUG rally_openstack.wrappers.network [-] CIDR generated: 1.24.0.0/16
2019-10-28 01:05:13.892 14881 INFO rally.task.runner [-] Task a3425f85-7b1b-491a-ac49-9eea7b18d903 | ITER: 5 END: OK
2019-10-28 01:05:13.896 14881 INFO rally.task.runner [-] Task a3425f85-7b1b-491a-ac49-9eea7b18d903 | ITER: 9 START
2019-10-28 01:05:14.087 14883 INFO rally.task.runner [-] Task a3425f85-7b1b-491a-ac49-9eea7b18d903 | ITER: 6 END: OK
2019-10-28 01:05:14.091 14883 INFO rally.task.runner [-] Task a3425f85-7b1b-491a-ac49-9eea7b18d903 | ITER: 10 START
2019-10-28 01:05:14.464 14881 RALLYDEBUG rally_openstack.wrappers.network [-] CIDR generated: 1.25.0.0/16
2019-10-28 01:05:14.576 14883 RALLYDEBUG rally_openstack.wrappers.network [-] CIDR generated: 1.26.0.0/16
2019-10-28 01:05:15.221 14882 INFO rally.task.runner [-] Task a3425f85-7b1b-491a-ac49-9eea7b18d903 | ITER: 8 END: OK
2019-10-28 01:05:15.341 14885 INFO rally.task.runner [-] Task a3425f85-7b1b-491a-ac49-9eea7b18d903 | ITER: 7 END: OK
2019-10-28 01:05:15.532 14883 INFO rally.task.runner [-] Task a3425f85-7b1b-491a-ac49-9eea7b18d903 | ITER: 10 END: OK
2019-10-28 01:05:15.665 14881 INFO rally.task.runner [-] Task a3425f85-7b1b-491a-ac49-9eea7b18d903 | ITER: 9 END: OK
2019-10-28 01:05:15.695 13785 INFO rally.task.context [-] Task a3425f85-7b1b-491a-ac49-9eea7b18d903 | Context cleanup@openstack cleanup() started
2019-10-28 01:05:15.699 13785 RALLYDEBUG rally_openstack.cleanup.manager [-] Cleaning up neutron vip objects
2019-10-28 01:05:16.891 13785 RALLYDEBUG rally_openstack.cleanup.manager [-] Cleaning up neutron health_monitor objects
2019-10-28 01:05:17.961 13785 RALLYDEBUG rally_openstack.cleanup.manager [-] Cleaning up neutron pool objects
2019-10-28 01:05:19.058 13785 RALLYDEBUG rally_openstack.cleanup.manager [-] Cleaning up neutron loadbalancer objects
2019-10-28 01:05:20.151 13785 RALLYDEBUG rally_openstack.cleanup.manager [-] Cleaning up neutron floatingip objects
2019-10-28 01:05:21.369 13785 RALLYDEBUG rally_openstack.cleanup.manager [-] Cleaning up neutron trunk objects
2019-10-28 01:05:22.494 13785 RALLYDEBUG rally_openstack.cleanup.manager [-] Cleaning up neutron port objects
2019-10-28 01:05:23.670 13785 RALLYDEBUG rally_openstack.cleanup.manager [-] Cleaning up neutron subnet objects
2019-10-28 01:05:24.903 13785 RALLYDEBUG rally_openstack.cleanup.manager [-] Deleting neutron.subnet object s_rally_5c782a94_h2mBPIrL (411c6709-55dd-4b06-963b-c50cbd20138b)
2019-10-28 01:05:24.912 13785 RALLYDEBUG rally_openstack.cleanup.manager [-] Deleting neutron.subnet object s_rally_5c782a94_qOvwMzUg (d499b760-586b-4ac4-a870-ffdfd7da77c7)
2019-10-28 01:05:24.921 13785 RALLYDEBUG rally_openstack.cleanup.manager [-] Deleting neutron.subnet object s_rally_5c782a94_jXtJMwxu (7da33974-ad86-49a0-9a80-2f9753c1f620)
2019-10-28 01:05:24.930 13785 RALLYDEBUG rally_openstack.cleanup.manager [-] Deleting neutron.subnet object s_rally_5c782a94_yp9c2EQo (913f7d28-eee8-4dbc-8746-d655fa6d9392)
2019-10-28 01:05:24.940 13785 RALLYDEBUG rally_openstack.cleanup.manager [-] Deleting neutron.subnet object s_rally_5c782a94_raNJb5mW (dec2794d-4efd-40d9-ae8f-bacc6edb7e4f)
2019-10-28 01:05:24.958 13785 RALLYDEBUG rally_openstack.cleanup.manager [-] Deleting neutron.subnet object s_rally_5c782a94_0z0NTvnk (0c5cceba-0df3-4815-b91f-c4389da1c6d2)
2019-10-28 01:05:24.966 13785 RALLYDEBUG rally_openstack.cleanup.manager [-] Deleting neutron.subnet object s_rally_5c782a94_5IO7j8uo (57b95187-51d8-4dd2-8add-86abca651dba)
2019-10-28 01:05:24.972 13785 RALLYDEBUG rally_openstack.cleanup.manager [-] Deleting neutron.subnet object s_rally_5c782a94_Fo5CrbM3 (5a8f2f21-01b5-470a-a63c-8ec6e7cf3b3c)
2019-10-28 01:05:24.983 13785 RALLYDEBUG rally_openstack.cleanup.manager [-] Deleting neutron.subnet object s_rally_5c782a94_TllL6mhy (7defc1c2-1735-4a9e-89d5-29ee00d05352)
2019-10-28 01:05:24.988 13785 RALLYDEBUG rally_openstack.cleanup.manager [-] Deleting neutron.subnet object s_rally_5c782a94_DKeFNZMj (dec25747-9708-4cc6-96c7-c34b961b6bcc)
2019-10-28 01:05:27.281 13785 RALLYDEBUG rally_openstack.cleanup.manager [-] Cleaning up neutron network objects
2019-10-28 01:05:28.631 13785 RALLYDEBUG rally_openstack.cleanup.manager [-] Deleting neutron.network object s_rally_5c782a94_S5ylttO0 (a4c977d0-7f97-4c85-81b5-b28a76b43c23)
2019-10-28 01:05:28.640 13785 RALLYDEBUG rally_openstack.cleanup.manager [-] Deleting neutron.network object s_rally_5c782a94_KB1NUgIV (d73f46d2-1ab2-446d-9c00-2402857e8992)
2019-10-28 01:05:28.649 13785 RALLYDEBUG rally_openstack.cleanup.manager [-] Deleting neutron.network object s_rally_5c782a94_M9znSEcX (4a5f2d49-9db3-49a0-9fff-26c1410bd334)
2019-10-28 01:05:28.656 13785 RALLYDEBUG rally_openstack.cleanup.manager [-] Deleting neutron.network object s_rally_5c782a94_QnMYz5n7 (7551d862-7918-4653-8fa4-ed405fc5cf9b)
2019-10-28 01:05:28.662 13785 RALLYDEBUG rally_openstack.cleanup.manager [-] Deleting neutron.network object s_rally_5c782a94_5IckKx1c (cc9850d0-2992-4feb-80fd-d2f8c7ebbe83)
2019-10-28 01:05:28.674 13785 RALLYDEBUG rally_openstack.cleanup.manager [-] Deleting neutron.network object s_rally_5c782a94_tNuFvKPD (4189f157-0264-4d7e-a298-cbfa71e7452f)
2019-10-28 01:05:28.682 13785 RALLYDEBUG rally_openstack.cleanup.manager [-] Deleting neutron.network object s_rally_5c782a94_ouh3JjsQ (5118539c-ec8b-42e3-9738-80120e82e96a)
2019-10-28 01:05:28.687 13785 RALLYDEBUG rally_openstack.cleanup.manager [-] Deleting neutron.network object s_rally_5c782a94_bIwvSabN (912366f0-b5e4-4764-87b6-154c9e26f02d)
2019-10-28 01:05:28.704 13785 RALLYDEBUG rally_openstack.cleanup.manager [-] Deleting neutron.network object s_rally_5c782a94_xCl0rqCj (9ea0e809-1610-493f-834b-59edbbf369ae)
2019-10-28 01:05:28.714 13785 RALLYDEBUG rally_openstack.cleanup.manager [-] Deleting neutron.network object s_rally_5c782a94_7esNUvrp (a7581add-1f37-4d16-9d4a-321e83650c7f)
2019-10-28 01:05:31.206 13785 RALLYDEBUG rally_openstack.cleanup.manager [-] Cleaning up neutron router objects
2019-10-28 01:05:32.437 13785 RALLYDEBUG rally_openstack.cleanup.manager [-] Cleaning up neutron security_group objects
2019-10-28 01:05:33.717 13785 INFO rally.task.context [-] Task a3425f85-7b1b-491a-ac49-9eea7b18d903 | Context cleanup@openstack cleanup() finished in 18.02 sec
2019-10-28 01:05:33.718 13785 INFO rally.task.context [-] Task a3425f85-7b1b-491a-ac49-9eea7b18d903 | Context quotas@openstack cleanup() started
2019-10-28 01:05:33.871 13785 INFO rally.task.context [-] Task a3425f85-7b1b-491a-ac49-9eea7b18d903 | Context quotas@openstack cleanup() finished in 0.15 sec
2019-10-28 01:05:33.871 13785 INFO rally.task.context [-] Task a3425f85-7b1b-491a-ac49-9eea7b18d903 | Context users@openstack cleanup() started
2019-10-28 01:05:37.709 13785 INFO rally.task.context [-] Task a3425f85-7b1b-491a-ac49-9eea7b18d903 | Context users@openstack cleanup() finished in 3.84 sec
2019-10-28 01:05:39.157 13785 INFO rally.task.engine [-] Load duration is: 5.337734
2019-10-28 01:05:39.157 13785 INFO rally.task.engine [-] Full runner duration is: 5.387922
2019-10-28 01:05:39.158 13785 INFO rally.task.engine [-] Full duration is: 30.76891
2019-10-28 01:05:39.488 13785 INFO rally.task.engine [-] Running workload: position = 0 config = { "version": 2, "title": "A cropped version of a bigger task.", "description": "Auto-generated task from a single workload (uuid=c86cffe4-2c33-4fe1-ad68-96c9eb5c7608)", "subtasks": [ { "title": "NeutronNetworks.create_and_delete_networks", "description": "Create and delete a network.", "scenario": { "NeutronNetworks.create_and_delete_networks": { "network_create_args": {} } }, "contexts": { "users": { "tenants": 3, "users_per_tenant": 2 }, "quotas": { "neutron": { "network": -1 } } }, "runner": { "constant": { "concurrency": 4, "times": 10 } }, "hooks": [], "sla": { "failure_rate": { "max": 0 } } } ] }
2019-10-28 01:05:39.515 13785 RALLYDEBUG rally_openstack.contexts.keystone.users [-] Creating 3 tenants using 20 threads
2019-10-28 01:05:40.497 13785 RALLYDEBUG rally_openstack.contexts.keystone.users [-] Creating 6 users using 20 threads
2019-10-28 01:05:41.999 13785 INFO rally.task.context [-] Task a3425f85-7b1b-491a-ac49-9eea7b18d903 | Context users@openstack setup() finished in 2.48 sec
2019-10-28 01:05:42.754 13785 INFO rally.task.context [-] Task a3425f85-7b1b-491a-ac49-9eea7b18d903 | Context quotas@openstack setup() finished in 0.75 sec
2019-10-28 01:05:42.754 13785 INFO rally.task.context [-] Task a3425f85-7b1b-491a-ac49-9eea7b18d903 | Context cleanup@openstack setup() finished in 0.02 msec
2019-10-28 01:05:42.764 13785 RALLYDEBUG rally.task.runner [-] Starting the constant runner (task UUID: a3425f85-7b1b-491a-ac49-9eea7b18d903). times: 10 concurrency: 4 timeout: 0 max_cpu_used: 16 processes_to_start: 4 concurrency_per_worker: 1 concurrency_overhead: 0
2019-10-28 01:05:42.776 15205 RALLYDEBUG rally.task.runner [-] Starting a worker. times: 10 duration: None concurrency: 1 timeout: 0 cls: method_name: run args: {"network_create_args": {}}
2019-10-28 01:05:42.779 15206 RALLYDEBUG rally.task.runner [-] Starting a worker. times: 10 duration: None concurrency: 1 timeout: 0 cls: method_name: run args: {"network_create_args": {}}
2019-10-28 01:05:42.783 15205 INFO rally.task.runner [-] Task a3425f85-7b1b-491a-ac49-9eea7b18d903 | ITER: 1 START
2019-10-28 01:05:42.783 15207 RALLYDEBUG rally.task.runner [-] Starting a worker. times: 10 duration: None concurrency: 1 timeout: 0 cls: method_name: run args: {"network_create_args": {}}
2019-10-28 01:05:42.786 15206 INFO rally.task.runner [-] Task a3425f85-7b1b-491a-ac49-9eea7b18d903 | ITER: 2 START
2019-10-28 01:05:42.786 15208 RALLYDEBUG rally.task.runner [-] Starting a worker. times: 10 duration: None concurrency: 1 timeout: 0 cls: method_name: run args: {"network_create_args": {}}
2019-10-28 01:05:42.789 15207 INFO rally.task.runner [-] Task a3425f85-7b1b-491a-ac49-9eea7b18d903 | ITER: 3 START
2019-10-28 01:05:42.793 15208 INFO rally.task.runner [-] Task a3425f85-7b1b-491a-ac49-9eea7b18d903 | ITER: 4 START
2019-10-28 01:05:44.161 15207 INFO rally.task.runner [-] Task a3425f85-7b1b-491a-ac49-9eea7b18d903 | ITER: 3 END: OK
2019-10-28 01:05:44.166 15207 INFO rally.task.runner [-] Task a3425f85-7b1b-491a-ac49-9eea7b18d903 | ITER: 5 START
2019-10-28 01:05:44.237 15208 INFO rally.task.runner [-] Task a3425f85-7b1b-491a-ac49-9eea7b18d903 | ITER: 4 END: OK
2019-10-28 01:05:44.242 15208 INFO rally.task.runner [-] Task a3425f85-7b1b-491a-ac49-9eea7b18d903 | ITER: 6 START
2019-10-28 01:05:44.838 15205 INFO rally.task.runner [-] Task a3425f85-7b1b-491a-ac49-9eea7b18d903 | ITER: 1 END: OK
2019-10-28 01:05:44.843 15205 INFO rally.task.runner [-] Task a3425f85-7b1b-491a-ac49-9eea7b18d903 | ITER: 7 START
2019-10-28 01:05:45.058 15206 INFO rally.task.runner [-] Task a3425f85-7b1b-491a-ac49-9eea7b18d903 | ITER: 2 END: OK
2019-10-28 01:05:45.063 15206 INFO rally.task.runner [-] Task a3425f85-7b1b-491a-ac49-9eea7b18d903 | ITER: 8 START
2019-10-28 01:05:45.685 15208 INFO rally.task.runner [-] Task a3425f85-7b1b-491a-ac49-9eea7b18d903 | ITER: 6 END: OK
2019-10-28 01:05:45.688 15208 INFO rally.task.runner [-] Task a3425f85-7b1b-491a-ac49-9eea7b18d903 | ITER: 9 START
2019-10-28 01:05:45.863 15205 INFO rally.task.runner [-] Task a3425f85-7b1b-491a-ac49-9eea7b18d903 | ITER: 7 END: OK
2019-10-28 01:05:45.866 15205 INFO rally.task.runner [-] Task a3425f85-7b1b-491a-ac49-9eea7b18d903 | ITER: 10 START
2019-10-28 01:05:45.977 15207 INFO rally.task.runner [-] Task a3425f85-7b1b-491a-ac49-9eea7b18d903 | ITER: 5 END: OK
2019-10-28 01:05:46.390 15206 INFO rally.task.runner [-] Task a3425f85-7b1b-491a-ac49-9eea7b18d903 | ITER: 8 END: OK
2019-10-28 01:05:47.062 15205 INFO rally.task.runner [-] Task a3425f85-7b1b-491a-ac49-9eea7b18d903 | ITER: 10 END: OK
2019-10-28 01:05:47.836 15208 INFO rally.task.runner [-] Task a3425f85-7b1b-491a-ac49-9eea7b18d903 | ITER: 9 END: OK
2019-10-28 01:05:47.860 13785 INFO rally.task.context [-] Task a3425f85-7b1b-491a-ac49-9eea7b18d903 | Context cleanup@openstack cleanup() started
2019-10-28 01:05:47.864 13785 RALLYDEBUG rally_openstack.cleanup.manager [-] Cleaning up neutron vip objects
2019-10-28 01:05:49.065 13785 RALLYDEBUG rally_openstack.cleanup.manager [-] Cleaning up neutron health_monitor objects
2019-10-28 01:05:50.195 13785 RALLYDEBUG rally_openstack.cleanup.manager [-] Cleaning up neutron pool objects
2019-10-28 01:05:51.310 13785 RALLYDEBUG rally_openstack.cleanup.manager [-] Cleaning up neutron loadbalancer objects
2019-10-28 01:05:52.411 13785 RALLYDEBUG rally_openstack.cleanup.manager [-] Cleaning up neutron floatingip objects
2019-10-28 01:05:53.637 13785 RALLYDEBUG rally_openstack.cleanup.manager [-] Cleaning up neutron trunk objects
2019-10-28 01:05:54.744 13785 RALLYDEBUG rally_openstack.cleanup.manager [-] Cleaning up neutron port objects
2019-10-28 01:05:55.879 13785 RALLYDEBUG rally_openstack.cleanup.manager [-] Cleaning up neutron subnet objects
2019-10-28 01:05:57.033 13785 RALLYDEBUG rally_openstack.cleanup.manager [-] Cleaning up neutron network objects
2019-10-28 01:05:58.206 13785 RALLYDEBUG rally_openstack.cleanup.manager [-] Cleaning up neutron router objects
2019-10-28 01:05:59.502 13785 RALLYDEBUG rally_openstack.cleanup.manager [-] Cleaning up neutron security_group objects
2019-10-28 01:06:00.729 13785 INFO rally.task.context [-] Task a3425f85-7b1b-491a-ac49-9eea7b18d903 | Context cleanup@openstack cleanup() finished in 12.87 sec
2019-10-28 01:06:00.730 13785 INFO rally.task.context [-] Task a3425f85-7b1b-491a-ac49-9eea7b18d903 | Context quotas@openstack cleanup() started
2019-10-28 01:06:00.895 13785 INFO rally.task.context [-] Task a3425f85-7b1b-491a-ac49-9eea7b18d903 | Context quotas@openstack cleanup() finished in 0.17 sec
2019-10-28 01:06:00.895 13785 INFO rally.task.context [-] Task a3425f85-7b1b-491a-ac49-9eea7b18d903 | Context users@openstack cleanup() started
2019-10-28 01:06:04.808 13785 INFO rally.task.context [-] Task a3425f85-7b1b-491a-ac49-9eea7b18d903 | Context users@openstack cleanup() finished in 3.91 sec
2019-10-28 01:06:05.675 13785 INFO rally.task.engine [-] Load duration is: 5.051452
2019-10-28 01:06:05.675 13785 INFO rally.task.engine [-] Full runner duration is: 5.09664
2019-10-28 01:06:05.676 13785 INFO rally.task.engine [-] Full duration is: 25.295182
2019-10-28 01:06:06.012 13785 INFO rally.task.engine [-] Running workload: position = 0 config = { "version": 2, "title": "A cropped version of a bigger task.", "description": "Auto-generated task from a single workload (uuid=4df27613-5f38-4238-b3b0-eac90ffd3c03)", "subtasks": [ { "title": "NeutronNetworks.create_and_delete_ports", "description": "Create and delete a port.", "scenario": { "NeutronNetworks.create_and_delete_ports": { "network_create_args": {}, "port_create_args": {}, "ports_per_network": 1 } }, "contexts": { "users": { "tenants": 3, "users_per_tenant": 2 }, "network": { "router": {} }, "quotas": { "neutron": { "network": -1, "port": -1 } } }, "runner": { "constant": { "concurrency": 4, "times": 10 } }, "hooks": [], "sla": { "failure_rate": { "max": 0 } } } ] }
2019-10-28 01:06:06.037 13785 RALLYDEBUG rally_openstack.contexts.keystone.users [-] Creating 3 tenants using 20 threads
2019-10-28 01:06:07.014 13785 RALLYDEBUG rally_openstack.contexts.keystone.users [-] Creating 6 users using 20 threads
2019-10-28 01:06:08.565 13785 INFO rally.task.context [-] Task a3425f85-7b1b-491a-ac49-9eea7b18d903 | Context users@openstack setup() finished in 2.53 sec
2019-10-28 01:06:09.363 13785 INFO rally.task.context [-] Task a3425f85-7b1b-491a-ac49-9eea7b18d903 | Context quotas@openstack setup() finished in 0.80 sec
2019-10-28 01:06:09.941 13785 RALLYDEBUG rally_openstack.wrappers.network [-] CIDR generated: 10.2.23.0/24
2019-10-28 01:06:10.749 13785 RALLYDEBUG rally_openstack.wrappers.network [-] CIDR generated: 10.2.24.0/24
2019-10-28 01:06:11.490 13785 RALLYDEBUG rally_openstack.wrappers.network [-] CIDR generated: 10.2.25.0/24
2019-10-28 01:06:11.968 13785 INFO rally.task.context [-] Task a3425f85-7b1b-491a-ac49-9eea7b18d903 | Context network@openstack setup() finished in 2.60 sec
2019-10-28 01:06:11.968 13785 INFO rally.task.context [-] Task a3425f85-7b1b-491a-ac49-9eea7b18d903 | Context cleanup@openstack setup() finished in 0.01 msec
2019-10-28 01:06:11.977 13785 RALLYDEBUG rally.task.runner [-] Starting the constant runner (task UUID: a3425f85-7b1b-491a-ac49-9eea7b18d903). times: 10 concurrency: 4 timeout: 0 max_cpu_used: 16 processes_to_start: 4 concurrency_per_worker: 1 concurrency_overhead: 0
2019-10-28 01:06:11.988 15529 RALLYDEBUG rally.task.runner [-] Starting a worker. times: 10 duration: None concurrency: 1 timeout: 0 cls: method_name: run args: {"network_create_args": {}, "port_create_args": {}, "ports_per_network": 1}
2019-10-28 01:06:11.993 15530 RALLYDEBUG rally.task.runner [-] Starting a worker. times: 10 duration: None concurrency: 1 timeout: 0 cls: method_name: run args: {"network_create_args": {}, "port_create_args": {}, "ports_per_network": 1}
2019-10-28 01:06:11.995 15529 INFO rally.task.runner [-] Task a3425f85-7b1b-491a-ac49-9eea7b18d903 | ITER: 1 START
2019-10-28 01:06:11.996 15531 RALLYDEBUG rally.task.runner [-] Starting a worker. times: 10 duration: None concurrency: 1 timeout: 0 cls: method_name: run args: {"network_create_args": {}, "port_create_args": {}, "ports_per_network": 1}
2019-10-28 01:06:11.998 15533 RALLYDEBUG rally.task.runner [-] Starting a worker. times: 10 duration: None concurrency: 1 timeout: 0 cls: method_name: run args: {"network_create_args": {}, "port_create_args": {}, "ports_per_network": 1}
2019-10-28 01:06:11.999 15530 INFO rally.task.runner [-] Task a3425f85-7b1b-491a-ac49-9eea7b18d903 | ITER: 2 START
2019-10-28 01:06:12.003 15531 INFO rally.task.runner [-] Task a3425f85-7b1b-491a-ac49-9eea7b18d903 | ITER: 3 START
2019-10-28 01:06:12.004 15533 INFO rally.task.runner [-] Task a3425f85-7b1b-491a-ac49-9eea7b18d903 | ITER: 4 START
2019-10-28 01:06:13.530 15533 INFO rally.task.runner [-] Task a3425f85-7b1b-491a-ac49-9eea7b18d903 | ITER: 4 END: OK
2019-10-28 01:06:13.536 15533 INFO rally.task.runner [-] Task a3425f85-7b1b-491a-ac49-9eea7b18d903 | ITER: 5 START
2019-10-28 01:06:13.670 15530 INFO rally.task.runner [-] Task a3425f85-7b1b-491a-ac49-9eea7b18d903 | ITER: 2 END: OK
2019-10-28 01:06:13.676 15530 INFO rally.task.runner [-] Task a3425f85-7b1b-491a-ac49-9eea7b18d903 | ITER: 6 START
2019-10-28 01:06:14.168 15531 INFO rally.task.runner [-] Task a3425f85-7b1b-491a-ac49-9eea7b18d903 | ITER: 3 END: OK
2019-10-28 01:06:14.174 15531 INFO rally.task.runner [-] Task a3425f85-7b1b-491a-ac49-9eea7b18d903 | ITER: 7 START
2019-10-28 01:06:14.214 15529 INFO rally.task.runner [-] Task a3425f85-7b1b-491a-ac49-9eea7b18d903 | ITER: 1 END: OK
2019-10-28 01:06:14.219 15529 INFO rally.task.runner [-] Task a3425f85-7b1b-491a-ac49-9eea7b18d903 | ITER: 8 START
2019-10-28 01:06:15.007 15530 INFO rally.task.runner [-] Task a3425f85-7b1b-491a-ac49-9eea7b18d903 | ITER: 6 END: OK
2019-10-28 01:06:15.011 15530 INFO rally.task.runner [-] Task a3425f85-7b1b-491a-ac49-9eea7b18d903 | ITER: 9 START
2019-10-28 01:06:15.176 15533 INFO rally.task.runner [-] Task a3425f85-7b1b-491a-ac49-9eea7b18d903 | ITER: 5 END: OK
2019-10-28 01:06:15.180 15533 INFO rally.task.runner [-] Task a3425f85-7b1b-491a-ac49-9eea7b18d903 | ITER: 10 START
2019-10-28 01:06:15.899 15531 INFO rally.task.runner [-] Task a3425f85-7b1b-491a-ac49-9eea7b18d903 | ITER: 7 END: OK
2019-10-28 01:06:15.987 15529 INFO rally.task.runner [-] Task a3425f85-7b1b-491a-ac49-9eea7b18d903 | ITER: 8 END: OK
2019-10-28 01:06:16.388 15530 INFO rally.task.runner [-] Task a3425f85-7b1b-491a-ac49-9eea7b18d903 | ITER: 9 END: OK
2019-10-28 01:06:16.733 15533 INFO rally.task.runner [-] Task a3425f85-7b1b-491a-ac49-9eea7b18d903 | ITER: 10 END: OK
2019-10-28 01:06:16.756 13785 INFO rally.task.context [-] Task a3425f85-7b1b-491a-ac49-9eea7b18d903 | Context cleanup@openstack cleanup() started
2019-10-28 01:06:16.759 13785 RALLYDEBUG rally_openstack.cleanup.manager [-] Cleaning up neutron vip objects
2019-10-28 01:06:17.908 13785 RALLYDEBUG rally_openstack.cleanup.manager [-] Cleaning up neutron health_monitor objects
2019-10-28 01:06:19.005 13785 RALLYDEBUG rally_openstack.cleanup.manager [-] Cleaning up neutron pool objects
2019-10-28 01:06:20.071 13785 RALLYDEBUG rally_openstack.cleanup.manager [-] Cleaning up neutron loadbalancer objects
2019-10-28 01:06:21.152 13785 RALLYDEBUG rally_openstack.cleanup.manager [-] Cleaning up neutron floatingip objects
2019-10-28 01:06:22.379 13785 RALLYDEBUG rally_openstack.cleanup.manager [-] Cleaning up neutron trunk objects
2019-10-28 01:06:23.619 13785 RALLYDEBUG rally_openstack.cleanup.manager [-] Cleaning up neutron port objects
2019-10-28 01:06:24.890 13785 RALLYDEBUG rally_openstack.cleanup.manager [-] Cleaning up neutron subnet objects
2019-10-28 01:06:26.093 13785 RALLYDEBUG rally_openstack.cleanup.manager [-] Cleaning up neutron network objects
2019-10-28 01:06:27.440 13785 RALLYDEBUG rally_openstack.cleanup.manager [-] Cleaning up neutron router objects
2019-10-28 01:06:28.883 13785 RALLYDEBUG rally_openstack.cleanup.manager [-] Cleaning up neutron security_group objects
2019-10-28 01:06:30.085 13785 INFO rally.task.context [-] Task a3425f85-7b1b-491a-ac49-9eea7b18d903 | Context cleanup@openstack cleanup() finished in 13.33 sec
2019-10-28 01:06:30.086 13785 INFO rally.task.context [-] Task a3425f85-7b1b-491a-ac49-9eea7b18d903 | Context network@openstack cleanup() started
2019-10-28 01:06:40.437 13785 INFO rally.task.context [-] Task a3425f85-7b1b-491a-ac49-9eea7b18d903 | Context network@openstack cleanup() finished in 10.35 sec
2019-10-28 01:06:40.438 13785 INFO rally.task.context [-] Task a3425f85-7b1b-491a-ac49-9eea7b18d903 | Context quotas@openstack cleanup() started
2019-10-28 01:06:40.672 13785 INFO rally.task.context [-] Task a3425f85-7b1b-491a-ac49-9eea7b18d903 | Context quotas@openstack cleanup() finished in 0.23 sec
2019-10-28 01:06:40.672 13785 INFO rally.task.context [-] Task a3425f85-7b1b-491a-ac49-9eea7b18d903 | Context users@openstack cleanup() started
2019-10-28 01:06:44.599 13785 INFO rally.task.context [-] Task a3425f85-7b1b-491a-ac49-9eea7b18d903 | Context users@openstack cleanup() finished in 3.93 sec
2019-10-28 01:06:46.240 13785 INFO rally.task.engine [-] Load duration is: 4.73692
2019-10-28 01:06:46.240 13785 INFO rally.task.engine [-] Full runner duration is: 4.778886
2019-10-28 01:06:46.241 13785 INFO rally.task.engine [-] Full duration is: 38.565222
2019-10-28 01:06:46.557 13785 INFO rally.task.engine [-] Running workload: position = 0 config = { "version": 2, "title": "A cropped version of a bigger task.", "description": "Auto-generated task from a single workload (uuid=9a8a5105-7543-41f4-bf15-50b170f302d2)", "subtasks": [ { "title": "NeutronNetworks.create_and_delete_routers", "description": "Create and delete a given number of routers.", "scenario": { "NeutronNetworks.create_and_delete_routers": { "network_create_args": {}, "router_create_args": {}, "subnet_cidr_start": "1.1.0.0/30", "subnet_create_args": {}, "subnets_per_network": 1 } }, "contexts": { "users": { "tenants": 3, "users_per_tenant": 2 }, "quotas": { "neutron": { "network": -1, "subnet": -1, "port": -1, "router": -1 } } }, "runner": { "constant": { "concurrency": 4, "times": 10 } }, "hooks": [], "sla": { "failure_rate": { "max": 0 } } } ] }
2019-10-28 01:06:46.582 13785 RALLYDEBUG rally_openstack.contexts.keystone.users [-] Creating 3 tenants using 20 threads
2019-10-28 01:06:47.611 13785 RALLYDEBUG rally_openstack.contexts.keystone.users [-] Creating 6 users using 20 threads
2019-10-28 01:06:49.130 13785 INFO rally.task.context [-] Task a3425f85-7b1b-491a-ac49-9eea7b18d903 | Context users@openstack setup() finished in 2.55 sec
2019-10-28 01:06:50.039 13785 INFO rally.task.context [-] Task a3425f85-7b1b-491a-ac49-9eea7b18d903 | Context quotas@openstack setup() finished in 0.91 sec
2019-10-28 01:06:50.040 13785 INFO rally.task.context [-] Task a3425f85-7b1b-491a-ac49-9eea7b18d903 | Context cleanup@openstack setup() finished in 0.01 msec
2019-10-28 01:06:50.049 13785 RALLYDEBUG rally.task.runner [-] Starting the constant runner (task UUID: a3425f85-7b1b-491a-ac49-9eea7b18d903). times: 10 concurrency: 4 timeout: 0 max_cpu_used: 16 processes_to_start: 4 concurrency_per_worker: 1 concurrency_overhead: 0
2019-10-28 01:06:50.061 15853 RALLYDEBUG rally.task.runner [-] Starting a worker. times: 10 duration: None concurrency: 1 timeout: 0 cls: method_name: run args: {"network_create_args": {}, "router_create_args": {}, "subnet_cidr_start": "1.1.0.0/30", "subnet_create_args": {}, "subnets_per_network": 1}
2019-10-28 01:06:50.064 15854 RALLYDEBUG rally.task.runner [-] Starting a worker. times: 10 duration: None concurrency: 1 timeout: 0 cls: method_name: run args: {"network_create_args": {}, "router_create_args": {}, "subnet_cidr_start": "1.1.0.0/30", "subnet_create_args": {}, "subnets_per_network": 1}
2019-10-28 01:06:50.068 15853 INFO rally.task.runner [-] Task a3425f85-7b1b-491a-ac49-9eea7b18d903 | ITER: 1 START
