2019-10-28 00:27:45.251 727 DEBUG glanceclient.common.http [-] Request returned failure status 404. _handle_response /usr/lib/python3.6/site-packages/glanceclient/common/http.py:125
2019-10-28 00:27:45.269 727 DEBUG glanceclient.common.http [-] Request returned failure status 404. _handle_response /usr/lib/python3.6/site-packages/glanceclient/common/http.py:125
2019-10-28 00:27:45.270 727 DEBUG glanceclient.common.http [-] Request returned failure status 404. _handle_response /usr/lib/python3.6/site-packages/glanceclient/common/http.py:125
2019-10-28 00:27:45.271 727 DEBUG glanceclient.common.http [-] Request returned failure status 404. _handle_response /usr/lib/python3.6/site-packages/glanceclient/common/http.py:125
2019-10-28 00:27:45.300 727 DEBUG glanceclient.common.http [-] Request returned failure status 404. _handle_response /usr/lib/python3.6/site-packages/glanceclient/common/http.py:125
2019-10-28 00:27:45.301 727 DEBUG glanceclient.common.http [-] Request returned failure status 404. _handle_response /usr/lib/python3.6/site-packages/glanceclient/common/http.py:125
2019-10-28 00:27:45.317 727 DEBUG glanceclient.common.http [-] Request returned failure status 404. _handle_response /usr/lib/python3.6/site-packages/glanceclient/common/http.py:125
2019-10-28 00:27:45.319 727 DEBUG glanceclient.common.http [-] Request returned failure status 404. _handle_response /usr/lib/python3.6/site-packages/glanceclient/common/http.py:125
2019-10-28 00:27:45.403 727 DEBUG glanceclient.common.http [-] Request returned failure status 404. _handle_response /usr/lib/python3.6/site-packages/glanceclient/common/http.py:125
2019-10-28 00:27:45.421 727 DEBUG glanceclient.common.http [-] Request returned failure status 404. _handle_response /usr/lib/python3.6/site-packages/glanceclient/common/http.py:125
2019-10-28 00:27:46.425 727 INFO rally.task.context [-] Task 142aa344-e910-443f-94f1-6fa116ebe602 | Context cleanup@openstack cleanup() finished in 3.10 sec
2019-10-28 00:27:46.425 727 INFO rally.task.context [-] Task 142aa344-e910-443f-94f1-6fa116ebe602 | Context users@openstack cleanup() started
2019-10-28 00:27:50.445 727 INFO rally.task.context [-] Task 142aa344-e910-443f-94f1-6fa116ebe602 | Context users@openstack cleanup() finished in 4.02 sec
2019-10-28 00:27:51.460 727 INFO rally.task.engine [-] Load duration is: 8.813802
2019-10-28 00:27:51.461 727 INFO rally.task.engine [-] Full runner duration is: 9.536752
2019-10-28 00:27:51.461 727 INFO rally.task.engine [-] Full duration is: 19.135591
2019-10-28 00:27:51.934 727 INFO rally.task.engine [-] Task 142aa344-e910-443f-94f1-6fa116ebe602 | Completed: Running task.
2019-10-28 00:27:53.418 1841 RALLYDEBUG rally.api [-] INFO logs from urllib3 and requests module are hide.
2019-10-28 00:27:53.418 1841 RALLYDEBUG rally.api [-] urllib3 insecure warnings are hidden.
2019-10-28 00:27:53.418 1841 RALLYDEBUG rally.api [-] ERROR log from boto module is hide.
2019-10-28 00:27:54.615 1842 RALLYDEBUG rally.api [-] INFO logs from urllib3 and requests module are hide.
2019-10-28 00:27:54.616 1842 RALLYDEBUG rally.api [-] urllib3 insecure warnings are hidden.
2019-10-28 00:27:54.616 1842 RALLYDEBUG rally.api [-] ERROR log from boto module is hide.
2019-10-28 00:27:55.882 1843 RALLYDEBUG rally.api [-] INFO logs from urllib3 and requests module are hide.
2019-10-28 00:27:55.882 1843 RALLYDEBUG rally.api [-] urllib3 insecure warnings are hidden.
2019-10-28 00:27:55.883 1843 RALLYDEBUG rally.api [-] ERROR log from boto module is hide.
2019-10-28 00:27:57.300 1843 INFO rally.api [-] Building 'json' report for the following task(s): '142aa344-e910-443f-94f1-6fa116ebe602'.
2019-10-28 00:27:57.318 1843 INFO rally.api [-] The report has been successfully built.
2019-10-28 00:27:58.606 1845 RALLYDEBUG rally.api [-] INFO logs from urllib3 and requests module are hide.
2019-10-28 00:27:58.606 1845 RALLYDEBUG rally.api [-] urllib3 insecure warnings are hidden.
2019-10-28 00:27:58.606 1845 RALLYDEBUG rally.api [-] ERROR log from boto module is hide.
2019-10-28 00:28:00.686 1845 INFO rally.task.engine [-] Task fce3fcdf-c1f2-4016-ae60-c76cd79b21b7 | Starting: Task validation.
2019-10-28 00:28:00.778 1845 INFO rally.task.engine [-] Task fce3fcdf-c1f2-4016-ae60-c76cd79b21b7 | Starting: Task validation of syntax.
2019-10-28 00:28:01.103 1845 INFO rally.task.engine [-] Task fce3fcdf-c1f2-4016-ae60-c76cd79b21b7 | Completed: Task validation of syntax.
2019-10-28 00:28:01.104 1845 INFO rally.task.engine [-] Task fce3fcdf-c1f2-4016-ae60-c76cd79b21b7 | Starting: Task validation of required platforms.
2019-10-28 00:28:01.237 1845 INFO rally.task.engine [-] Task fce3fcdf-c1f2-4016-ae60-c76cd79b21b7 | Completed: Task validation of required platforms.
2019-10-28 00:28:01.237 1845 INFO rally.task.engine [-] Task fce3fcdf-c1f2-4016-ae60-c76cd79b21b7 | Starting: Task validation of semantic.
2019-10-28 00:28:01.237 1845 INFO rally.task.engine [-] Check health of the environment '14d1cdf6-4063-414e-94ac-aa0149de702c'.
2019-10-28 00:28:02.173 1845 INFO rally.task.engine [-] Platform existing@openstack (available: True): OK!
2019-10-28 00:28:02.190 1845 RALLYDEBUG rally_openstack.contexts.keystone.users [-] Creating 1 tenants using 20 threads
2019-10-28 00:28:03.017 1845 RALLYDEBUG rally_openstack.contexts.keystone.users [-] Creating 1 users using 20 threads
2019-10-28 00:28:04.342 1845 INFO rally.task.context [-] Task fce3fcdf-c1f2-4016-ae60-c76cd79b21b7 | Context users@openstack setup() finished in 2.15 sec
2019-10-28 00:28:17.495 1845 INFO rally.task.context [-] Task fce3fcdf-c1f2-4016-ae60-c76cd79b21b7 | Context users@openstack cleanup() started
2019-10-28 00:28:20.106 1845 INFO rally.task.context [-] Task fce3fcdf-c1f2-4016-ae60-c76cd79b21b7 | Context users@openstack cleanup() finished in 2.61 sec
2019-10-28 00:28:20.106 1845 INFO rally.task.engine [-] Task fce3fcdf-c1f2-4016-ae60-c76cd79b21b7 | Completed: Task validation of semantic.
2019-10-28 00:28:20.107 1845 INFO rally.task.engine [-] Task fce3fcdf-c1f2-4016-ae60-c76cd79b21b7 | Completed: Task validation.
2019-10-28 00:28:20.107 1845 INFO rally.api [-] Task fce3fcdf-c1f2-4016-ae60-c76cd79b21b7 input file is valid.
2019-10-28 00:28:20.108 1845 INFO rally.api [-] Run Task fce3fcdf-c1f2-4016-ae60-c76cd79b21b7 against Deployment 14d1cdf6-4063-414e-94ac-aa0149de702c
2019-10-28 00:28:20.108 1845 INFO rally.task.engine [-] Task fce3fcdf-c1f2-4016-ae60-c76cd79b21b7 | Starting: Running task.
2019-10-28 00:28:20.396 1845 INFO rally.task.engine [-] Running workload: position = 0 config = { "version": 2, "title": "A cropped version of a bigger task.", "description": "Auto-generated task from a single workload (uuid=dd81de1a-de45-417d-b119-5a3f5d5287ec)", "subtasks": [ { "title": "CinderVolumes.create_and_attach_volume", "description": "Create a VM and attach a volume to it.", "scenario": { "CinderVolumes.create_and_attach_volume": { "flavor": { "name": "rally_full-flavor_94399dd7-70e5-4767-b49a-8f67339bf77d" }, "image": { "name": "rally_full-img_94399dd7-70e5-4767-b49a-8f67339bf77d" }, "size": 1, "nics": [ { "net-id": "2381ea0d-4449-473e-9297-21732a0ea467" } ] } }, "contexts": { "users": { "tenants": 3, "users_per_tenant": 2 }, "quotas": { "cinder": { "gigabytes": -1, "snapshots": -1, "volumes": -1 } }, "api_versions": { "cinder": { "version": 3, "service_type": "volumev3" } } }, "runner": { "constant": { "concurrency": 4, "times": 10 } }, "hooks": [], "sla": { "failure_rate": { "max": 0 } } } ] }
2019-10-28 00:28:20.420 1845 RALLYDEBUG rally_openstack.contexts.keystone.users [-] Creating 3 tenants using 20 threads
2019-10-28 00:28:21.329 1845 RALLYDEBUG rally_openstack.contexts.keystone.users [-] Creating 6 users using 20 threads
2019-10-28 00:28:22.827 1845 INFO rally.task.context [-] Task fce3fcdf-c1f2-4016-ae60-c76cd79b21b7 | Context users@openstack setup() finished in 2.41 sec
2019-10-28 00:28:23.223 1845 INFO rally.task.context [-] Task fce3fcdf-c1f2-4016-ae60-c76cd79b21b7 | Context api_versions@openstack setup() finished in 0.40 sec
2019-10-28 00:28:24.042 1845 INFO rally.task.context [-] Task fce3fcdf-c1f2-4016-ae60-c76cd79b21b7 | Context quotas@openstack setup() finished in 0.82 sec
2019-10-28 00:28:24.043 1845 INFO rally.task.context [-] Task fce3fcdf-c1f2-4016-ae60-c76cd79b21b7 | Context cleanup@openstack setup() finished in 0.04 msec
2019-10-28 00:28:24.912 1845 RALLYDEBUG rally.task.runner [-] Starting the constant runner (task UUID: fce3fcdf-c1f2-4016-ae60-c76cd79b21b7). times: 10 concurrency: 4 timeout: 0 max_cpu_used: 16 processes_to_start: 4 concurrency_per_worker: 1 concurrency_overhead: 0
2019-10-28 00:28:24.926 1969 RALLYDEBUG rally.task.runner [-] Starting a worker. times: 10 duration: None concurrency: 1 timeout: 0 cls: method_name: run args: {"flavor": "f6e16333-aeab-48e5-b309-0e3bdd356d36", "image": "557170a9-5025-4cf4-a927-2cc8be496f7e", "size": 1, "nics": [{"net-id": "2381ea0d-4449-473e-9297-21732a0ea467"}]}
2019-10-28 00:28:24.929 1970 RALLYDEBUG rally.task.runner [-] Starting a worker. times: 10 duration: None concurrency: 1 timeout: 0 cls: method_name: run args: {"flavor": "f6e16333-aeab-48e5-b309-0e3bdd356d36", "image": "557170a9-5025-4cf4-a927-2cc8be496f7e", "size": 1, "nics": [{"net-id": "2381ea0d-4449-473e-9297-21732a0ea467"}]}
2019-10-28 00:28:24.933 1969 INFO rally.task.runner [-] Task fce3fcdf-c1f2-4016-ae60-c76cd79b21b7 | ITER: 1 START
2019-10-28 00:28:24.933 1971 RALLYDEBUG rally.task.runner [-] Starting a worker. times: 10 duration: None concurrency: 1 timeout: 0 cls: method_name: run args: {"flavor": "f6e16333-aeab-48e5-b309-0e3bdd356d36", "image": "557170a9-5025-4cf4-a927-2cc8be496f7e", "size": 1, "nics": [{"net-id": "2381ea0d-4449-473e-9297-21732a0ea467"}]}
2019-10-28 00:28:24.936 1970 INFO rally.task.runner [-] Task fce3fcdf-c1f2-4016-ae60-c76cd79b21b7 | ITER: 2 START
2019-10-28 00:28:24.936 1972 RALLYDEBUG rally.task.runner [-] Starting a worker. times: 10 duration: None concurrency: 1 timeout: 0 cls: method_name: run args: {"flavor": "f6e16333-aeab-48e5-b309-0e3bdd356d36", "image": "557170a9-5025-4cf4-a927-2cc8be496f7e", "size": 1, "nics": [{"net-id": "2381ea0d-4449-473e-9297-21732a0ea467"}]}
2019-10-28 00:28:24.939 1971 INFO rally.task.runner [-] Task fce3fcdf-c1f2-4016-ae60-c76cd79b21b7 | ITER: 3 START
2019-10-28 00:28:24.942 1972 INFO rally.task.runner [-] Task fce3fcdf-c1f2-4016-ae60-c76cd79b21b7 | ITER: 4 START
2019-10-28 00:28:34.037 1970 RALLYDEBUG rally.task.utils [-] Waiting for resource s_rally_dd81de1a_paWiT6Fw. Status changed: BUILD => ACTIVE in 6.714418649673462
2019-10-28 00:28:36.295 1972 RALLYDEBUG rally.task.utils [-] Waiting for resource s_rally_dd81de1a_LVz6ImI9. Status changed: BUILD => ACTIVE in 9.083693027496338
2019-10-28 00:28:36.579 1971 RALLYDEBUG rally.task.utils [-] Waiting for resource s_rally_dd81de1a_OyvjD4F7. Status changed: BUILD => ACTIVE in 9.29503345489502
2019-10-28 00:28:36.657 1969 RALLYDEBUG rally.task.utils [-] Waiting for resource s_rally_dd81de1a_hvhTG9Wb. Status changed: BUILD => ACTIVE in 9.53362774848938
2019-10-28 00:28:37.033 1970 RALLYDEBUG rally.task.utils [-] Waiting for resource s_rally_dd81de1a_39AsSInY. Status changed: AVAILABLE => RESERVED in 0.3963899612426758
2019-10-28 00:28:39.347 1972 RALLYDEBUG rally.task.utils [-] Waiting for resource s_rally_dd81de1a_jiDIeN7Q. Status changed: AVAILABLE => RESERVED in 0.44401121139526367
2019-10-28 00:28:39.455 1970 RALLYDEBUG rally.task.utils [-] Waiting for resource s_rally_dd81de1a_39AsSInY. Status changed: RESERVED => IN-USE in 2.422369956970215
2019-10-28 00:28:39.718 1969 RALLYDEBUG rally.task.utils [-] Waiting for resource s_rally_dd81de1a_Fy4lMF9Y. Status changed: AVAILABLE => RESERVED in 0.4101879596710205
2019-10-28 00:28:40.024 1971 RALLYDEBUG rally.task.utils [-] Waiting for resource s_rally_dd81de1a_ua5V04XR. Status changed: AVAILABLE => ATTACHING in 0.7130165100097656
2019-10-28 00:28:40.352 1970 RALLYDEBUG rally.task.utils [-] Waiting for resource s_rally_dd81de1a_39AsSInY. Status changed: AVAILABLE => DETACHING in 0.4237377643585205
2019-10-28 00:28:41.752 1972 RALLYDEBUG rally.task.utils [-] Waiting for resource s_rally_dd81de1a_jiDIeN7Q. Status changed: RESERVED => IN-USE in 2.4054696559906006
2019-10-28 00:28:42.126 1969 RALLYDEBUG rally.task.utils [-] Waiting for resource s_rally_dd81de1a_Fy4lMF9Y. Status changed: RESERVED => IN-USE in 2.4084177017211914
2019-10-28 00:28:42.425 1971 RALLYDEBUG rally.task.utils [-] Waiting for resource s_rally_dd81de1a_ua5V04XR. Status changed: ATTACHING => IN-USE in 2.400070905685425
2019-10-28 00:28:42.752 1970 RALLYDEBUG rally.task.utils [-] Waiting for resource s_rally_dd81de1a_39AsSInY. Status changed: DETACHING => AVAILABLE in 2.3997344970703125
2019-10-28 00:28:42.752 1972 RALLYDEBUG rally.task.utils [-] Waiting for resource s_rally_dd81de1a_jiDIeN7Q. Status changed: AVAILABLE => DELETING in 0.0491948127746582
2019-10-28 00:28:42.859 1970 RALLYDEBUG rally.task.utils [-] Waiting for resource s_rally_dd81de1a_39AsSInY. Status changed: AVAILABLE => DELETING in 0.05226469039916992
2019-10-28 00:28:42.970 1971 RALLYDEBUG rally.task.utils [-] Waiting for resource s_rally_dd81de1a_ua5V04XR. Status changed: AVAILABLE => DETACHING in 0.3907451629638672
2019-10-28 00:28:43.058 1969 RALLYDEBUG rally.task.utils [-] Waiting for resource s_rally_dd81de1a_Fy4lMF9Y. Status changed: AVAILABLE => DETACHING in 0.39853572845458984
2019-10-28 00:28:45.420 1971 RALLYDEBUG rally.task.utils [-] Waiting for resource s_rally_dd81de1a_ua5V04XR. Status changed: DETACHING => AVAILABLE in 2.448913335800171
2019-10-28 00:28:45.484 1969 RALLYDEBUG rally.task.utils [-] Waiting for resource s_rally_dd81de1a_Fy4lMF9Y. Status changed: DETACHING => AVAILABLE in 2.425546646118164
2019-10-28 00:28:45.528 1971 RALLYDEBUG rally.task.utils [-] Waiting for resource s_rally_dd81de1a_ua5V04XR. Status changed: AVAILABLE => DELETING in 0.05476570129394531
2019-10-28 00:28:45.589 1969 RALLYDEBUG rally.task.utils [-] Waiting for resource s_rally_dd81de1a_Fy4lMF9Y. Status changed: AVAILABLE => DELETING in 0.055358171463012695
2019-10-28 00:28:47.194 1972 INFO rally.task.runner [-] Task fce3fcdf-c1f2-4016-ae60-c76cd79b21b7 | ITER: 4 END: OK
2019-10-28 00:28:47.201 1972 INFO rally.task.runner [-] Task fce3fcdf-c1f2-4016-ae60-c76cd79b21b7 | ITER: 5 START
2019-10-28 00:28:47.293 1970 INFO rally.task.runner [-] Task fce3fcdf-c1f2-4016-ae60-c76cd79b21b7 | ITER: 2 END: OK
2019-10-28 00:28:47.300 1970 INFO rally.task.runner [-] Task fce3fcdf-c1f2-4016-ae60-c76cd79b21b7 | ITER: 6 START
2019-10-28 00:28:49.947 1969 INFO rally.task.runner [-] Task fce3fcdf-c1f2-4016-ae60-c76cd79b21b7 | ITER: 1 END: OK
2019-10-28 00:28:49.949 1971 INFO rally.task.runner [-] Task fce3fcdf-c1f2-4016-ae60-c76cd79b21b7 | ITER: 3 END: OK
2019-10-28 00:28:49.953 1969 INFO rally.task.runner [-] Task fce3fcdf-c1f2-4016-ae60-c76cd79b21b7 | ITER: 7 START
2019-10-28 00:28:49.954 1971 INFO rally.task.runner [-] Task fce3fcdf-c1f2-4016-ae60-c76cd79b21b7 | ITER: 8 START
2019-10-28 00:28:54.034 1972 RALLYDEBUG rally.task.utils [-] Waiting for resource s_rally_dd81de1a_rpjdZMxd. Status changed: BUILD => ACTIVE in 4.717051029205322
2019-10-28 00:28:54.265 1970 RALLYDEBUG rally.task.utils [-] Waiting for resource s_rally_dd81de1a_7qDcDexT. Status changed: BUILD => ACTIVE in 4.545192718505859
2019-10-28 00:28:57.068 1972 RALLYDEBUG rally.task.utils [-] Waiting for resource s_rally_dd81de1a_PNPqeli3. Status changed: AVAILABLE => RESERVED in 0.4095163345336914
2019-10-28 00:28:57.353 1970 RALLYDEBUG rally.task.utils [-] Waiting for resource s_rally_dd81de1a_51qO7fq2. Status changed: AVAILABLE => RESERVED in 0.4070725440979004
2019-10-28 00:28:58.738 1969 RALLYDEBUG rally.task.utils [-] Waiting for resource s_rally_dd81de1a_fPfpl6Rn. Status changed: BUILD => ACTIVE in 6.702346086502075
2019-10-28 00:28:58.858 1971 RALLYDEBUG rally.task.utils [-] Waiting for resource s_rally_dd81de1a_JC68XpGr. Status changed: BUILD => ACTIVE in 6.827277183532715
2019-10-28 00:28:59.451 1972 RALLYDEBUG rally.task.utils [-] Waiting for resource s_rally_dd81de1a_PNPqeli3. Status changed: RESERVED => IN-USE in 2.383456230163574
2019-10-28 00:28:59.749 1970 RALLYDEBUG rally.task.utils [-] Waiting for resource s_rally_dd81de1a_51qO7fq2. Status changed: RESERVED => IN-USE in 2.396113395690918
2019-10-28 00:28:59.998 1972 RALLYDEBUG rally.task.utils [-] Waiting for resource s_rally_dd81de1a_PNPqeli3. Status changed: AVAILABLE => DETACHING in 0.40175533294677734
2019-10-28 00:29:00.343 1970 RALLYDEBUG rally.task.utils [-] Waiting for resource s_rally_dd81de1a_51qO7fq2. Status changed: AVAILABLE => DETACHING in 0.39812612533569336
2019-10-28 00:29:01.832 1971 RALLYDEBUG rally.task.utils [-] Waiting for resource s_rally_dd81de1a_QpAxeRGB. Status changed: AVAILABLE => RESERVED in 0.3995656967163086
2019-10-28 00:29:02.040 1969 RALLYDEBUG rally.task.utils [-] Waiting for resource s_rally_dd81de1a_ZpYAKDJg. Status changed: AVAILABLE => ATTACHING in 0.6938328742980957
2019-10-28 00:29:02.412 1972 RALLYDEBUG rally.task.utils [-] Waiting for resource s_rally_dd81de1a_PNPqeli3. Status changed: DETACHING => AVAILABLE in 2.4141359329223633
2019-10-28 00:29:02.521 1972 RALLYDEBUG rally.task.utils [-] Waiting for resource s_rally_dd81de1a_PNPqeli3. Status changed: AVAILABLE => DELETING in 0.05259108543395996
2019-10-28 00:29:02.747 1970 RALLYDEBUG rally.task.utils [-] Waiting for resource s_rally_dd81de1a_51qO7fq2. Status changed: DETACHING => AVAILABLE in 2.404064416885376
2019-10-28 00:29:02.859 1970 RALLYDEBUG rally.task.utils [-] Waiting for resource s_rally_dd81de1a_51qO7fq2. Status changed: AVAILABLE => DELETING in 0.05500531196594238
2019-10-28 00:29:04.229 1971 RALLYDEBUG rally.task.utils [-] Waiting for resource s_rally_dd81de1a_QpAxeRGB. Status changed: RESERVED => IN-USE in 2.3970367908477783
2019-10-28 00:29:04.448 1969 RALLYDEBUG rally.task.utils [-] Waiting for resource s_rally_dd81de1a_ZpYAKDJg. Status changed: ATTACHING => IN-USE in 2.4088921546936035
2019-10-28 00:29:04.780 1971 RALLYDEBUG rally.task.utils [-] Waiting for resource s_rally_dd81de1a_QpAxeRGB. Status changed: AVAILABLE => DETACHING in 0.3996405601501465
2019-10-28 00:29:05.015 1969 RALLYDEBUG rally.task.utils [-] Waiting for resource s_rally_dd81de1a_ZpYAKDJg. Status changed: AVAILABLE => DETACHING in 0.4135611057281494
2019-10-28 00:29:06.938 1972 INFO rally.task.runner [-] Task fce3fcdf-c1f2-4016-ae60-c76cd79b21b7 | ITER: 5 END: OK
2019-10-28 00:29:06.943 1972 INFO rally.task.runner [-] Task fce3fcdf-c1f2-4016-ae60-c76cd79b21b7 | ITER: 9 START
2019-10-28 00:29:07.203 1971 RALLYDEBUG rally.task.utils [-] Waiting for resource s_rally_dd81de1a_QpAxeRGB. Status changed: DETACHING => AVAILABLE in 2.422746419906616
2019-10-28 00:29:07.269 1970 INFO rally.task.runner [-] Task fce3fcdf-c1f2-4016-ae60-c76cd79b21b7 | ITER: 6 END: OK
2019-10-28 00:29:07.274 1970 INFO rally.task.runner [-] Task fce3fcdf-c1f2-4016-ae60-c76cd79b21b7 | ITER: 10 START
2019-10-28 00:29:07.341 1971 RALLYDEBUG rally.task.utils [-] Waiting for resource s_rally_dd81de1a_QpAxeRGB. Status changed: AVAILABLE => DELETING in 0.06120705604553223
2019-10-28 00:29:07.428 1969 RALLYDEBUG rally.task.utils [-] Waiting for resource s_rally_dd81de1a_ZpYAKDJg. Status changed: DETACHING => AVAILABLE in 2.412907361984253
2019-10-28 00:29:07.548 1969 RALLYDEBUG rally.task.utils [-] Waiting for resource s_rally_dd81de1a_ZpYAKDJg. Status changed: AVAILABLE => DELETING in 0.0653378963470459
2019-10-28 00:29:11.731 1971 INFO rally.task.runner [-] Task fce3fcdf-c1f2-4016-ae60-c76cd79b21b7 | ITER: 8 END: OK
2019-10-28 00:29:12.009 1969 INFO rally.task.runner [-] Task fce3fcdf-c1f2-4016-ae60-c76cd79b21b7 | ITER: 7 END: OK
2019-10-28 00:29:14.212 1972 RALLYDEBUG rally.task.utils [-] Waiting for resource s_rally_dd81de1a_MpmiKxaw. Status changed: BUILD => ACTIVE in 4.711705923080444
2019-10-28 00:29:14.616 1970 RALLYDEBUG rally.task.utils [-] Waiting for resource s_rally_dd81de1a_pi6lMWCL. Status changed: BUILD => ACTIVE in 4.909379482269287
2019-10-28 00:29:17.194 1972 RALLYDEBUG rally.task.utils [-] Waiting for resource s_rally_dd81de1a_m8si5DYF. Status changed: AVAILABLE => RESERVED in 0.39055514335632324
2019-10-28 00:29:17.603 1970 RALLYDEBUG rally.task.utils [-] Waiting for resource s_rally_dd81de1a_uNLvHemV. Status changed: AVAILABLE => RESERVED in 0.41701245307922363
2019-10-28 00:29:19.601 1972 RALLYDEBUG rally.task.utils [-] Waiting for resource s_rally_dd81de1a_m8si5DYF. Status changed: RESERVED => IN-USE in 2.4071435928344727
2019-10-28 00:29:20.004 1970 RALLYDEBUG rally.task.utils [-] Waiting for resource s_rally_dd81de1a_uNLvHemV. Status changed: RESERVED => IN-USE in 2.400125503540039
2019-10-28 00:29:20.299 1972 RALLYDEBUG rally.task.utils [-] Waiting for resource s_rally_dd81de1a_m8si5DYF. Status changed: AVAILABLE => DETACHING in 0.4039897918701172
2019-10-28 00:29:20.550 1970 RALLYDEBUG rally.task.utils [-] Waiting for resource s_rally_dd81de1a_uNLvHemV. Status changed: AVAILABLE => DETACHING in 0.4016284942626953
2019-10-28 00:29:22.693 1972 RALLYDEBUG rally.task.utils [-] Waiting for resource s_rally_dd81de1a_m8si5DYF. Status changed: DETACHING => AVAILABLE in 2.3935468196868896
2019-10-28 00:29:22.806 1972 RALLYDEBUG rally.task.utils [-] Waiting for resource s_rally_dd81de1a_m8si5DYF. Status changed: AVAILABLE => DELETING in 0.0527501106262207
2019-10-28 00:29:22.973 1970 RALLYDEBUG rally.task.utils [-] Waiting for resource s_rally_dd81de1a_uNLvHemV. Status changed: DETACHING => AVAILABLE in 2.4233241081237793
2019-10-28 00:29:23.080 1970 RALLYDEBUG rally.task.utils [-] Waiting for resource s_rally_dd81de1a_uNLvHemV. Status changed: AVAILABLE => DELETING in 0.052512168884277344
2019-10-28 00:29:27.266 1972 INFO rally.task.runner [-] Task fce3fcdf-c1f2-4016-ae60-c76cd79b21b7 | ITER: 9 END: OK
2019-10-28 00:29:27.488 1970 INFO rally.task.runner [-] Task fce3fcdf-c1f2-4016-ae60-c76cd79b21b7 | ITER: 10 END: OK
2019-10-28 00:29:27.528 1845 INFO rally.task.context [-] Task fce3fcdf-c1f2-4016-ae60-c76cd79b21b7 | Context cleanup@openstack cleanup() started
2019-10-28 00:29:27.533 1845 RALLYDEBUG rally_openstack.cleanup.manager [-] Cleaning up nova servers objects
2019-10-28 00:29:28.941 1845 RALLYDEBUG rally_openstack.cleanup.manager [-] Cleaning up nova server_groups objects
2019-10-28 00:29:30.045 1845 RALLYDEBUG rally_openstack.cleanup.manager [-] Cleaning up nova keypairs objects
2019-10-28 00:29:32.265 1845 RALLYDEBUG rally_openstack.cleanup.manager [-] Cleaning up cinder backups objects
2019-10-28 00:29:33.368 1845 RALLYDEBUG rally_openstack.cleanup.manager [-] Cleaning up cinder volume_snapshots objects
2019-10-28 00:29:34.478 1845 RALLYDEBUG rally_openstack.cleanup.manager [-] Cleaning up cinder transfers objects
2019-10-28 00:29:35.580 1845 RALLYDEBUG rally_openstack.cleanup.manager [-] Cleaning up cinder volumes objects
2019-10-28 00:29:36.738 1845 INFO rally.task.context [-] Task fce3fcdf-c1f2-4016-ae60-c76cd79b21b7 | Context cleanup@openstack cleanup() finished in 9.21 sec
2019-10-28 00:29:36.739 1845 INFO rally.task.context [-] Task fce3fcdf-c1f2-4016-ae60-c76cd79b21b7 | Context quotas@openstack cleanup() started
2019-10-28 00:29:36.804 1845 INFO rally.task.context [-] Task fce3fcdf-c1f2-4016-ae60-c76cd79b21b7 | Context quotas@openstack cleanup() finished in 65.57 msec
2019-10-28 00:29:36.805 1845 INFO rally.task.context [-] Task fce3fcdf-c1f2-4016-ae60-c76cd79b21b7 | Context api_versions@openstack cleanup() started
2019-10-28 00:29:36.805 1845 INFO rally.task.context [-] Task fce3fcdf-c1f2-4016-ae60-c76cd79b21b7 | Context api_versions@openstack cleanup() finished in 0.31 msec
2019-10-28 00:29:36.805 1845 INFO rally.task.context [-] Task fce3fcdf-c1f2-4016-ae60-c76cd79b21b7 | Context users@openstack cleanup() started
2019-10-28 00:29:40.661 1845 INFO rally.task.context [-] Task fce3fcdf-c1f2-4016-ae60-c76cd79b21b7 | Context users@openstack cleanup() finished in 3.86 sec
2019-10-28 00:29:40.812 1845 INFO rally.task.engine [-] Load duration is: 61.550774
2019-10-28 00:29:40.813 1845 INFO rally.task.engine [-] Full runner duration is: 62.616534
2019-10-28 00:29:40.813 1845 INFO rally.task.engine [-] Full duration is: 80.243419
2019-10-28 00:29:41.416 1845 INFO rally.task.engine [-] Running workload: position = 0 config = { "version": 2, "title": "A cropped version of a bigger task.", "description": "Auto-generated task from a single workload (uuid=6fb90d5d-a1df-4111-b600-d621fd1af705)", "subtasks": [ { "title": "CinderVolumes.create_and_list_snapshots", "description": "Create and then list a volume-snapshot.", "scenario": { "CinderVolumes.create_and_list_snapshots": { "detailed": true, "force": false } }, "contexts": { "users": { "tenants": 3, "users_per_tenant": 2 }, "quotas": { "cinder": { "gigabytes": -1, "snapshots": -1, "volumes": -1 } }, "api_versions": { "cinder": { "version": 3, "service_type": "volumev3" } }, "volumes": { "size": 1, "volumes_per_tenant": 1 } }, "runner": { "constant": { "concurrency": 4, "times": 10 } }, "hooks": [], "sla": { "failure_rate": { "max": 0 } } } ] }
2019-10-28 00:29:41.442 1845 RALLYDEBUG rally_openstack.contexts.keystone.users [-] Creating 3 tenants using 20 threads
2019-10-28 00:29:42.433 1845 RALLYDEBUG rally_openstack.contexts.keystone.users [-] Creating 6 users using 20 threads
2019-10-28 00:29:43.997 1845 INFO rally.task.context [-] Task fce3fcdf-c1f2-4016-ae60-c76cd79b21b7 | Context users@openstack setup() finished in 2.55 sec
2019-10-28 00:29:44.390 1845 INFO rally.task.context [-] Task fce3fcdf-c1f2-4016-ae60-c76cd79b21b7 | Context api_versions@openstack setup() finished in 0.39 sec
2019-10-28 00:29:45.205 1845 INFO rally.task.context [-] Task fce3fcdf-c1f2-4016-ae60-c76cd79b21b7 | Context quotas@openstack setup() finished in 0.81 sec
2019-10-28 00:29:53.694 1845 INFO rally.task.context [-] Task fce3fcdf-c1f2-4016-ae60-c76cd79b21b7 | Context volumes@openstack setup() finished in 8.49 sec
2019-10-28 00:29:53.695 1845 INFO rally.task.context [-] Task fce3fcdf-c1f2-4016-ae60-c76cd79b21b7 | Context cleanup@openstack setup() finished in 0.00 msec
2019-10-28 00:29:53.704 1845 RALLYDEBUG rally.task.runner [-] Starting the constant runner (task UUID: fce3fcdf-c1f2-4016-ae60-c76cd79b21b7). times: 10 concurrency: 4 timeout: 0 max_cpu_used: 16 processes_to_start: 4 concurrency_per_worker: 1 concurrency_overhead: 0
2019-10-28 00:29:53.716 2213 RALLYDEBUG rally.task.runner [-] Starting a worker. times: 10 duration: None concurrency: 1 timeout: 0 cls: method_name: run args: {"detailed": true, "force": false}
2019-10-28 00:29:53.720 2214 RALLYDEBUG rally.task.runner [-] Starting a worker. times: 10 duration: None concurrency: 1 timeout: 0 cls: method_name: run args: {"detailed": true, "force": false}
2019-10-28 00:29:53.724 2213 INFO rally.task.runner [-] Task fce3fcdf-c1f2-4016-ae60-c76cd79b21b7 | ITER: 1 START
2019-10-28 00:29:53.724 2215 RALLYDEBUG rally.task.runner [-] Starting a worker. times: 10 duration: None concurrency: 1 timeout: 0 cls: method_name: run args: {"detailed": true, "force": false}
2019-10-28 00:29:53.727 2214 INFO rally.task.runner [-] Task fce3fcdf-c1f2-4016-ae60-c76cd79b21b7 | ITER: 2 START
2019-10-28 00:29:53.727 2217 RALLYDEBUG rally.task.runner [-] Starting a worker. times: 10 duration: None concurrency: 1 timeout: 0 cls: method_name: run args: {"detailed": true, "force": false}
2019-10-28 00:29:53.731 2215 INFO rally.task.runner [-] Task fce3fcdf-c1f2-4016-ae60-c76cd79b21b7 | ITER: 3 START
2019-10-28 00:29:53.734 2217 INFO rally.task.runner [-] Task fce3fcdf-c1f2-4016-ae60-c76cd79b21b7 | ITER: 4 START
2019-10-28 00:29:56.314 2213 INFO rally.task.runner [-] Task fce3fcdf-c1f2-4016-ae60-c76cd79b21b7 | ITER: 1 END: OK
2019-10-28 00:29:56.319 2213 INFO rally.task.runner [-] Task fce3fcdf-c1f2-4016-ae60-c76cd79b21b7 | ITER: 5 START
2019-10-28 00:29:56.322 2217 INFO rally.task.runner [-] Task fce3fcdf-c1f2-4016-ae60-c76cd79b21b7 | ITER: 4 END: OK
2019-10-28 00:29:56.327 2217 INFO rally.task.runner [-] Task fce3fcdf-c1f2-4016-ae60-c76cd79b21b7 | ITER: 6 START
2019-10-28 00:29:56.392 2214 INFO rally.task.runner [-] Task fce3fcdf-c1f2-4016-ae60-c76cd79b21b7 | ITER: 2 END: OK
2019-10-28 00:29:56.396 2214 INFO rally.task.runner [-] Task fce3fcdf-c1f2-4016-ae60-c76cd79b21b7 | ITER: 7 START
2019-10-28 00:29:56.441 2215 INFO rally.task.runner [-] Task fce3fcdf-c1f2-4016-ae60-c76cd79b21b7 | ITER: 3 END: OK
2019-10-28 00:29:56.446 2215 INFO rally.task.runner [-] Task fce3fcdf-c1f2-4016-ae60-c76cd79b21b7 | ITER: 8 START
2019-10-28 00:29:58.979 2214 INFO rally.task.runner [-] Task fce3fcdf-c1f2-4016-ae60-c76cd79b21b7 | ITER: 7 END: OK
2019-10-28 00:29:58.983 2214 INFO rally.task.runner [-] Task fce3fcdf-c1f2-4016-ae60-c76cd79b21b7 | ITER: 9 START
2019-10-28 00:29:58.986 2217 INFO rally.task.runner [-] Task fce3fcdf-c1f2-4016-ae60-c76cd79b21b7 | ITER: 6 END: OK
2019-10-28 00:29:58.990 2217 INFO rally.task.runner [-] Task fce3fcdf-c1f2-4016-ae60-c76cd79b21b7 | ITER: 10 START
2019-10-28 00:29:59.130 2215 INFO rally.task.runner [-] Task fce3fcdf-c1f2-4016-ae60-c76cd79b21b7 | ITER: 8 END: OK
2019-10-28 00:29:59.167 2213 INFO rally.task.runner [-] Task fce3fcdf-c1f2-4016-ae60-c76cd79b21b7 | ITER: 5 END: OK
2019-10-28 00:30:01.607 2217 INFO rally.task.runner [-] Task fce3fcdf-c1f2-4016-ae60-c76cd79b21b7 | ITER: 10 END: OK
2019-10-28 00:30:01.739 2214 INFO rally.task.runner [-] Task fce3fcdf-c1f2-4016-ae60-c76cd79b21b7 | ITER: 9 END: OK
2019-10-28 00:30:01.762 1845 INFO rally.task.context [-] Task fce3fcdf-c1f2-4016-ae60-c76cd79b21b7 | Context cleanup@openstack cleanup() started
2019-10-28 00:30:01.766 1845 RALLYDEBUG rally_openstack.cleanup.manager [-] Cleaning up cinder backups objects
2019-10-28 00:30:02.915 1845 RALLYDEBUG rally_openstack.cleanup.manager [-] Cleaning up cinder volume_snapshots objects
2019-10-28 00:30:04.065 1845 RALLYDEBUG rally_openstack.cleanup.manager [-] Deleting cinder.volume_snapshots object s_rally_6fb90d5d_piczUOKf (b6b15a96-6ca0-4f3f-a2c5-46946efada19)
2019-10-28 00:30:04.074 1845 RALLYDEBUG rally_openstack.cleanup.manager [-] Deleting cinder.volume_snapshots object s_rally_6fb90d5d_gJbgNwpc (4236c299-091e-415a-85f3-b0a946df283b)
2019-10-28 00:30:04.082 1845 RALLYDEBUG rally_openstack.cleanup.manager [-] Deleting cinder.volume_snapshots object s_rally_6fb90d5d_C18p0Xm4 (2e4f96f0-7033-4e00-8fef-c5b826f26377)
2019-10-28 00:30:04.091 1845 RALLYDEBUG rally_openstack.cleanup.manager [-] Deleting cinder.volume_snapshots object s_rally_6fb90d5d_6FW6ZvFm (6805ee9f-c15b-4f8c-81fc-94cfeda17272)
2019-10-28 00:30:04.099 1845 RALLYDEBUG rally_openstack.cleanup.manager [-] Deleting cinder.volume_snapshots object s_rally_6fb90d5d_hrcloSt5 (56f01c53-9218-402b-b7da-902517a83d77)
2019-10-28 00:30:04.108 1845 RALLYDEBUG rally_openstack.cleanup.manager [-] Deleting cinder.volume_snapshots object s_rally_6fb90d5d_eeQ1svpA (33793e4a-1c95-46be-b7ad-e1ead67a3c91)
2019-10-28 00:30:04.131 1845 RALLYDEBUG rally_openstack.cleanup.manager [-] Deleting cinder.volume_snapshots object s_rally_6fb90d5d_hsMzzYa1 (2a401bf2-65cb-4bbe-95e2-e6305ea30f9e)
2019-10-28 00:30:04.153 1845 RALLYDEBUG rally_openstack.cleanup.manager [-] Deleting cinder.volume_snapshots object s_rally_6fb90d5d_NNtKkLT9 (aee7a417-2b56-462b-a213-3c3e0932a327)
2019-10-28 00:30:04.157 1845 RALLYDEBUG rally_openstack.cleanup.manager [-] Deleting cinder.volume_snapshots object s_rally_6fb90d5d_PSTFmOr1 (d41762d5-42d7-4bcd-b166-3fe3fb8feb27)
2019-10-28 00:30:04.172 1845 RALLYDEBUG rally_openstack.cleanup.manager [-] Deleting cinder.volume_snapshots object s_rally_6fb90d5d_MrLOnBq0 (96ab19eb-dc0f-4cd3-8436-ba3fb07192f4)
2019-10-28 00:30:07.901 1845 RALLYDEBUG rally_openstack.cleanup.manager [-] Cleaning up cinder transfers objects
2019-10-28 00:30:09.013 1845 RALLYDEBUG rally_openstack.cleanup.manager [-] Cleaning up cinder volumes objects
2019-10-28 00:30:10.239 1845 INFO rally.task.context [-] Task fce3fcdf-c1f2-4016-ae60-c76cd79b21b7 | Context cleanup@openstack cleanup() finished in 8.48 sec
2019-10-28 00:30:10.239 1845 INFO rally.task.context [-] Task fce3fcdf-c1f2-4016-ae60-c76cd79b21b7 | Context volumes@openstack cleanup() started
2019-10-28 00:30:10.240 1845 RALLYDEBUG rally_openstack.cleanup.manager [-] Cleaning up cinder volumes objects
2019-10-28 00:30:11.431 1845 RALLYDEBUG rally_openstack.cleanup.manager [-] Deleting cinder.volumes object c_rally_6fb90d5d_8qIZTtS0 (03129d5c-2611-408d-b29e-5e76ee1cf453)
2019-10-28 00:30:11.438 1845 RALLYDEBUG rally_openstack.cleanup.manager [-] Deleting cinder.volumes object c_rally_6fb90d5d_5XpHNRe1 (bcf60395-70d8-456e-892e-9478c103ef46)
2019-10-28 00:30:11.444 1845 RALLYDEBUG rally_openstack.cleanup.manager [-] Deleting cinder.volumes object c_rally_6fb90d5d_t8wxD0Hj (191c25cc-6c05-431c-b37c-bcbabbf3b772)
2019-10-28 00:30:13.984 1845 INFO rally.task.context [-] Task fce3fcdf-c1f2-4016-ae60-c76cd79b21b7 | Context volumes@openstack cleanup() finished in 3.74 sec
2019-10-28 00:30:13.985 1845 INFO rally.task.context [-] Task fce3fcdf-c1f2-4016-ae60-c76cd79b21b7 | Context quotas@openstack cleanup() started
2019-10-28 00:30:14.061 1845 INFO rally.task.context [-] Task fce3fcdf-c1f2-4016-ae60-c76cd79b21b7 | Context quotas@openstack cleanup() finished in 75.81 msec
2019-10-28 00:30:14.062 1845 INFO rally.task.context [-] Task fce3fcdf-c1f2-4016-ae60-c76cd79b21b7 | Context api_versions@openstack cleanup() started
2019-10-28 00:30:14.062 1845 INFO rally.task.context [-] Task fce3fcdf-c1f2-4016-ae60-c76cd79b21b7 | Context api_versions@openstack cleanup() finished in 0.33 msec
2019-10-28 00:30:14.062 1845 INFO rally.task.context [-] Task fce3fcdf-c1f2-4016-ae60-c76cd79b21b7 | Context users@openstack cleanup() started
2019-10-28 00:30:18.253 1845 INFO rally.task.context [-] Task fce3fcdf-c1f2-4016-ae60-c76cd79b21b7 | Context users@openstack cleanup() finished in 4.19 sec
2019-10-28 00:30:19.644 1845 INFO rally.task.engine [-] Load duration is: 8.010947
2019-10-28 00:30:19.645 1845 INFO rally.task.engine [-] Full runner duration is: 8.05844
2019-10-28 00:30:19.645 1845 INFO rally.task.engine [-] Full duration is: 36.813674
2019-10-28 00:30:19.973 1845 INFO rally.task.engine [-] Running workload: position = 0 config = { "version": 2, "title": "A cropped version of a bigger task.", "description": "Auto-generated task from a single workload (uuid=9303c83a-c1d7-4be2-ae34-1d308f352011)", "subtasks": [ { "title": "CinderVolumes.create_and_list_volume", "description": "Create a volume and list all volumes.", "scenario": { "CinderVolumes.create_and_list_volume": { "detailed": true, "image": { "name": "rally_full-img_94399dd7-70e5-4767-b49a-8f67339bf77d" }, "size": 1 } }, "contexts": { "users": { "tenants": 3, "users_per_tenant": 2 }, "quotas": { "cinder": { "gigabytes": -1, "snapshots": -1, "volumes": -1 } }, "api_versions": { "cinder": { "version": 3, "service_type": "volumev3" } } }, "runner": { "constant": { "concurrency": 4, "times": 10 } }, "hooks": [], "sla": { "failure_rate": { "max": 0 } } } ] }
2019-10-28 00:30:19.998 1845 RALLYDEBUG rally_openstack.contexts.keystone.users [-] Creating 3 tenants using 20 threads
2019-10-28 00:30:20.983 1845 RALLYDEBUG rally_openstack.contexts.keystone.users [-] Creating 6 users using 20 threads
2019-10-28 00:30:22.484 1845 INFO rally.task.context [-] Task fce3fcdf-c1f2-4016-ae60-c76cd79b21b7 | Context users@openstack setup() finished in 2.49 sec
2019-10-28 00:30:22.853 1845 INFO rally.task.context [-] Task fce3fcdf-c1f2-4016-ae60-c76cd79b21b7 | Context api_versions@openstack setup() finished in 0.37 sec
2019-10-28 00:30:23.648 1845 INFO rally.task.context [-] Task fce3fcdf-c1f2-4016-ae60-c76cd79b21b7 | Context quotas@openstack setup() finished in 0.79 sec
2019-10-28 00:30:23.648 1845 INFO rally.task.context [-] Task fce3fcdf-c1f2-4016-ae60-c76cd79b21b7 | Context cleanup@openstack setup() finished in 0.01 msec
2019-10-28 00:30:24.149 1845 RALLYDEBUG rally.task.runner [-] Starting the constant runner (task UUID: fce3fcdf-c1f2-4016-ae60-c76cd79b21b7). times: 10 concurrency: 4 timeout: 0 max_cpu_used: 16 processes_to_start: 4 concurrency_per_worker: 1 concurrency_overhead: 0
2019-10-28 00:30:24.160 2417 RALLYDEBUG rally.task.runner [-] Starting a worker. times: 10 duration: None concurrency: 1 timeout: 0 cls: method_name: run args: {"detailed": true, "image": "557170a9-5025-4cf4-a927-2cc8be496f7e", "size": 1}
2019-10-28 00:30:24.164 2418 RALLYDEBUG rally.task.runner [-] Starting a worker. times: 10 duration: None concurrency: 1 timeout: 0 cls: method_name: run args: {"detailed": true, "image": "557170a9-5025-4cf4-a927-2cc8be496f7e", "size": 1}
2019-10-28 00:30:24.168 2417 INFO rally.task.runner [-] Task fce3fcdf-c1f2-4016-ae60-c76cd79b21b7 | ITER: 1 START
2019-10-28 00:30:24.168 2419 RALLYDEBUG rally.task.runner [-] Starting a worker. times: 10 duration: None concurrency: 1 timeout: 0 cls: method_name: run args: {"detailed": true, "image": "557170a9-5025-4cf4-a927-2cc8be496f7e", "size": 1}
2019-10-28 00:30:24.171 2418 INFO rally.task.runner [-] Task fce3fcdf-c1f2-4016-ae60-c76cd79b21b7 | ITER: 2 START
2019-10-28 00:30:24.171 2421 RALLYDEBUG rally.task.runner [-] Starting a worker. times: 10 duration: None concurrency: 1 timeout: 0 cls: method_name: run args: {"detailed": true, "image": "557170a9-5025-4cf4-a927-2cc8be496f7e", "size": 1}
2019-10-28 00:30:24.175 2419 INFO rally.task.runner [-] Task fce3fcdf-c1f2-4016-ae60-c76cd79b21b7 | ITER: 3 START
2019-10-28 00:30:24.177 2421 INFO rally.task.runner [-] Task fce3fcdf-c1f2-4016-ae60-c76cd79b21b7 | ITER: 4 START
2019-10-28 00:30:39.806 2417 RALLYDEBUG rally.task.utils [-] Waiting for resource s_rally_9303c83a_cSFGtSE1. Status changed: DOWNLOADING => AVAILABLE in 12.500323295593262
2019-10-28 00:30:39.854 2417 INFO rally.task.runner [-] Task fce3fcdf-c1f2-4016-ae60-c76cd79b21b7 | ITER: 1 END: OK
2019-10-28 00:30:39.859 2417 INFO rally.task.runner [-] Task fce3fcdf-c1f2-4016-ae60-c76cd79b21b7 | ITER: 5 START
2019-10-28 00:30:47.997 2421 RALLYDEBUG rally.task.utils [-] Waiting for resource s_rally_9303c83a_4ERV7LiZ. Status changed: DOWNLOADING => AVAILABLE in 20.776450872421265
2019-10-28 00:30:48.187 2421 INFO rally.task.runner [-] Task fce3fcdf-c1f2-4016-ae60-c76cd79b21b7 | ITER: 4 END: OK
2019-10-28 00:30:48.195 2421 INFO rally.task.runner [-] Task fce3fcdf-c1f2-4016-ae60-c76cd79b21b7 | ITER: 6 START
2019-10-28 00:30:55.100 2417 RALLYDEBUG rally.task.utils [-] Waiting for resource s_rally_9303c83a_KvnlAys4. Status changed: DOWNLOADING => AVAILABLE in 12.526994705200195
2019-10-28 00:30:55.163 2417 INFO rally.task.runner [-] Task fce3fcdf-c1f2-4016-ae60-c76cd79b21b7 | ITER: 5 END: OK
2019-10-28 00:30:55.168 2417 INFO rally.task.runner [-] Task fce3fcdf-c1f2-4016-ae60-c76cd79b21b7 | ITER: 7 START
2019-10-28 00:31:21.028 2419 RALLYDEBUG rally.task.utils [-] Waiting for resource s_rally_9303c83a_47jxDr3k. Status changed: DOWNLOADING => AVAILABLE in 53.83148407936096
2019-10-28 00:31:21.080 2419 INFO rally.task.runner [-] Task fce3fcdf-c1f2-4016-ae60-c76cd79b21b7 | ITER: 3 END: OK
2019-10-28 00:31:21.087 2419 INFO rally.task.runner [-] Task fce3fcdf-c1f2-4016-ae60-c76cd79b21b7 | ITER: 8 START
2019-10-28 00:31:22.983 2418 RALLYDEBUG rally.task.utils [-] Waiting for resource s_rally_9303c83a_4RPlI5AD. Status changed: DOWNLOADING => AVAILABLE in 56.049769163131714
2019-10-28 00:31:23.039 2418 INFO rally.task.runner [-] Task fce3fcdf-c1f2-4016-ae60-c76cd79b21b7 | ITER: 2 END: OK
2019-10-28 00:31:23.046 2418 INFO rally.task.runner [-] Task fce3fcdf-c1f2-4016-ae60-c76cd79b21b7 | ITER: 9 START
2019-10-28 00:31:27.944 2418 RALLYDEBUG rally.task.utils [-] Waiting for resource s_rally_9303c83a_XtIzu65E. Status changed: CREATING => DOWNLOADING in 2.1863415241241455
2019-10-28 00:31:38.699 2419 RALLYDEBUG rally.task.utils [-] Waiting for resource s_rally_9303c83a_aUQyvGUi. Status changed: DOWNLOADING => AVAILABLE in 14.582541465759277
2019-10-28 00:31:38.754 2419 INFO rally.task.runner [-] Task fce3fcdf-c1f2-4016-ae60-c76cd79b21b7 | ITER: 8 END: OK
2019-10-28 00:31:38.758 2419 INFO rally.task.runner [-] Task fce3fcdf-c1f2-4016-ae60-c76cd79b21b7 | ITER: 10 START
2019-10-28 00:31:47.923 2419 RALLYDEBUG rally.task.utils [-] Waiting for resource s_rally_9303c83a_k8sL9wfE. Status changed: CREATING => DOWNLOADING in 6.433100461959839
2019-10-28 00:31:48.603 2418 RALLYDEBUG rally.task.utils [-] Waiting for resource s_rally_9303c83a_XtIzu65E. Status changed: DOWNLOADING => AVAILABLE in 20.658454179763794
2019-10-28 00:31:48.663 2418 INFO rally.task.runner [-] Task fce3fcdf-c1f2-4016-ae60-c76cd79b21b7 | ITER: 9 END: OK
2019-10-28 00:31:57.116 2421 RALLYDEBUG rally.task.utils [-] Waiting for resource s_rally_9303c83a_9kNEDitA. Status changed: DOWNLOADING => AVAILABLE in 66.26033592224121
2019-10-28 00:31:57.175 2421 INFO rally.task.runner [-] Task fce3fcdf-c1f2-4016-ae60-c76cd79b21b7 | ITER: 6 END: OK
2019-10-28 00:31:58.252 2417 RALLYDEBUG rally.task.utils [-] Waiting for resource s_rally_9303c83a_7iYDhMQV. Status changed: DOWNLOADING => AVAILABLE in 60.017619132995605
2019-10-28 00:31:58.305 2417 INFO rally.task.runner [-] Task fce3fcdf-c1f2-4016-ae60-c76cd79b21b7 | ITER: 7 END: OK
2019-10-28 00:32:00.312 2419 RALLYDEBUG rally.task.utils [-] Waiting for resource s_rally_9303c83a_k8sL9wfE. Status changed: DOWNLOADING => AVAILABLE in 12.388414859771729
2019-10-28 00:32:00.370 2419 INFO rally.task.runner [-] Task fce3fcdf-c1f2-4016-ae60-c76cd79b21b7 | ITER: 10 END: OK
2019-10-28 00:32:00.398 1845 INFO rally.task.context [-] Task fce3fcdf-c1f2-4016-ae60-c76cd79b21b7 | Context cleanup@openstack cleanup() started
2019-10-28 00:32:00.405 1845 RALLYDEBUG rally_openstack.cleanup.manager [-] Cleaning up cinder backups objects
2019-10-28 00:32:01.638 1845 RALLYDEBUG rally_openstack.cleanup.manager [-] Cleaning up cinder volume_snapshots objects
2019-10-28 00:32:02.761 1845 RALLYDEBUG rally_openstack.cleanup.manager [-] Cleaning up cinder transfers objects
2019-10-28 00:32:03.860 1845 RALLYDEBUG rally_openstack.cleanup.manager [-] Cleaning up cinder volumes objects
2019-10-28 00:32:05.079 1845 RALLYDEBUG rally_openstack.cleanup.manager [-] Deleting cinder.volumes object s_rally_9303c83a_9kNEDitA (119db537-45f4-4665-a754-b1f054531bc6)
2019-10-28 00:32:05.088 1845 RALLYDEBUG rally_openstack.cleanup.manager [-] Deleting cinder.volumes object s_rally_9303c83a_KvnlAys4 (5cce1363-5a7e-4bef-a664-dcd3ecc65961)
2019-10-28 00:32:05.096 1845 RALLYDEBUG rally_openstack.cleanup.manager [-] Deleting cinder.volumes object s_rally_9303c83a_4ERV7LiZ (8f33d3f1-1c40-40fb-ae0e-50b0a37adde4)
2019-10-28 00:32:05.105 1845 RALLYDEBUG rally_openstack.cleanup.manager [-] Deleting cinder.volumes object s_rally_9303c83a_47jxDr3k (6367aa3c-a57e-46b8-b60b-a091541fdb9d)
2019-10-28 00:32:05.114 1845 RALLYDEBUG rally_openstack.cleanup.manager [-] Deleting cinder.volumes object s_rally_9303c83a_aUQyvGUi (f5b23261-2457-491a-ba90-947941394db0)
2019-10-28 00:32:05.133 1845 RALLYDEBUG rally_openstack.cleanup.manager [-] Deleting cinder.volumes object s_rally_9303c83a_4RPlI5AD (b8c3705c-8bc1-4bd8-8409-dc74f739084e)
2019-10-28 00:32:05.141 1845 RALLYDEBUG rally_openstack.cleanup.manager [-] Deleting cinder.volumes object s_rally_9303c83a_k8sL9wfE (ab9e6b4c-849b-400e-afca-6d282af9fd8c)
2019-10-28 00:32:05.152 1845 RALLYDEBUG rally_openstack.cleanup.manager [-] Deleting cinder.volumes object s_rally_9303c83a_XtIzu65E (f23b9a14-d418-47cb-bc37-af8ee37eb5fc)
2019-10-28 00:32:05.168 1845 RALLYDEBUG rally_openstack.cleanup.manager [-] Deleting cinder.volumes object s_rally_9303c83a_7iYDhMQV (8e444513-9302-4708-acc4-519a26cc7072)
2019-10-28 00:32:05.172 1845 RALLYDEBUG rally_openstack.cleanup.manager [-] Deleting cinder.volumes object s_rally_9303c83a_cSFGtSE1 (2d25d735-48c3-489f-9733-7e8b227d658f)
2019-10-28 00:32:08.824 1845 INFO rally.task.context [-] Task fce3fcdf-c1f2-4016-ae60-c76cd79b21b7 | Context cleanup@openstack cleanup() finished in 8.43 sec
2019-10-28 00:32:08.824 1845 INFO rally.task.context [-] Task fce3fcdf-c1f2-4016-ae60-c76cd79b21b7 | Context quotas@openstack cleanup() started
2019-10-28 00:32:09.059 1845 INFO rally.task.context [-] Task fce3fcdf-c1f2-4016-ae60-c76cd79b21b7 | Context quotas@openstack cleanup() finished in 0.24 sec
2019-10-28 00:32:09.060 1845 INFO rally.task.context [-] Task fce3fcdf-c1f2-4016-ae60-c76cd79b21b7 | Context api_versions@openstack cleanup() started
2019-10-28 00:32:09.060 1845 INFO rally.task.context [-] Task fce3fcdf-c1f2-4016-ae60-c76cd79b21b7 | Context api_versions@openstack cleanup() finished in 0.38 msec
2019-10-28 00:32:09.061 1845 INFO rally.task.context [-] Task fce3fcdf-c1f2-4016-ae60-c76cd79b21b7 | Context users@openstack cleanup() started
2019-10-28 00:32:13.170 1845 INFO rally.task.context [-] Task fce3fcdf-c1f2-4016-ae60-c76cd79b21b7 | Context users@openstack cleanup() finished in 4.11 sec
2019-10-28 00:32:14.477 1845 INFO rally.task.engine [-] Load duration is: 96.198157
2019-10-28 00:32:14.478 1845 INFO rally.task.engine [-] Full runner duration is: 96.249204
2019-10-28 00:32:14.478 1845 INFO rally.task.engine [-] Full duration is: 113.17489
2019-10-28 00:32:14.703 1845 INFO rally.task.engine [-] Running workload: position = 1 config = { "version": 2, "title": "A cropped version of a bigger task.", "description": "Auto-generated task from a single workload (uuid=278adc34-e366-49db-b19a-fda32bbc6559)", "subtasks": [ { "title": "CinderVolumes.create_and_list_volume", "description": "Create a volume and list all volumes.", "scenario": { "CinderVolumes.create_and_list_volume": { "detailed": true, "size": 1 } }, "contexts": { "users": { "tenants": 3, "users_per_tenant": 2 }, "quotas": { "cinder": { "gigabytes": -1, "snapshots": -1, "volumes": -1 } }, "api_versions": { "cinder": { "version": 3, "service_type": "volumev3" } } }, "runner": { "constant": { "concurrency": 4, "times": 10 } }, "hooks": [], "sla": { "failure_rate": { "max": 0 } } } ] }
2019-10-28 00:32:14.729 1845 RALLYDEBUG rally_openstack.contexts.keystone.users [-] Creating 3 tenants using 20 threads
2019-10-28 00:32:15.803 1845 RALLYDEBUG rally_openstack.contexts.keystone.users [-] Creating 6 users using 20 threads
2019-10-28 00:32:17.241 1845 INFO rally.task.context [-] Task fce3fcdf-c1f2-4016-ae60-c76cd79b21b7 | Context users@openstack setup() finished in 2.51 sec
2019-10-28 00:32:17.642 1845 INFO rally.task.context [-] Task fce3fcdf-c1f2-4016-ae60-c76cd79b21b7 | Context api_versions@openstack setup() finished in 0.40 sec
2019-10-28 00:32:18.339 1845 INFO rally.task.context [-] Task fce3fcdf-c1f2-4016-ae60-c76cd79b21b7 | Context quotas@openstack setup() finished in 0.70 sec
2019-10-28 00:32:18.340 1845 INFO rally.task.context [-] Task fce3fcdf-c1f2-4016-ae60-c76cd79b21b7 | Context cleanup@openstack setup() finished in 0.02 msec
2019-10-28 00:32:18.349 1845 RALLYDEBUG rally.task.runner [-] Starting the constant runner (task UUID: fce3fcdf-c1f2-4016-ae60-c76cd79b21b7). times: 10 concurrency: 4 timeout: 0 max_cpu_used: 16 processes_to_start: 4 concurrency_per_worker: 1 concurrency_overhead: 0
2019-10-28 00:32:18.362 2601 RALLYDEBUG rally.task.runner [-] Starting a worker. times: 10 duration: None concurrency: 1 timeout: 0 cls: method_name: run args: {"detailed": true, "size": 1}
2019-10-28 00:32:18.366 2602 RALLYDEBUG rally.task.runner [-] Starting a worker. times: 10 duration: None concurrency: 1 timeout: 0 cls: method_name: run args: {"detailed": true, "size": 1}
2019-10-28 00:32:18.369 2601 INFO rally.task.runner [-] Task fce3fcdf-c1f2-4016-ae60-c76cd79b21b7 | ITER: 1 START
2019-10-28 00:32:18.370 2603 RALLYDEBUG rally.task.runner [-] Starting a worker. times: 10 duration: None concurrency: 1 timeout: 0 cls: method_name: run args: {"detailed": true, "size": 1}
2019-10-28 00:32:18.373 2602 INFO rally.task.runner [-] Task fce3fcdf-c1f2-4016-ae60-c76cd79b21b7 | ITER: 2 START
2019-10-28 00:32:18.374 2605 RALLYDEBUG rally.task.runner [-] Starting a worker. times: 10 duration: None concurrency: 1 timeout: 0 cls: method_name: run args: {"detailed": true, "size": 1}
2019-10-28 00:32:18.377 2603 INFO rally.task.runner [-] Task fce3fcdf-c1f2-4016-ae60-c76cd79b21b7 | ITER: 3 START
2019-10-28 00:32:18.380 2605 INFO rally.task.runner [-] Task fce3fcdf-c1f2-4016-ae60-c76cd79b21b7 | ITER: 4 START
2019-10-28 00:32:21.147 2605 INFO rally.task.runner [-] Task fce3fcdf-c1f2-4016-ae60-c76cd79b21b7 | ITER: 4 END: OK
2019-10-28 00:32:21.151 2601 INFO rally.task.runner [-] Task fce3fcdf-c1f2-4016-ae60-c76cd79b21b7 | ITER: 1 END: OK
2019-10-28 00:32:21.151 2605 INFO rally.task.runner [-] Task fce3fcdf-c1f2-4016-ae60-c76cd79b21b7 | ITER: 5 START
2019-10-28 00:32:21.156 2601 INFO rally.task.runner [-] Task fce3fcdf-c1f2-4016-ae60-c76cd79b21b7 | ITER: 6 START
2019-10-28 00:32:21.219 2603 INFO rally.task.runner [-] Task fce3fcdf-c1f2-4016-ae60-c76cd79b21b7 | ITER: 3 END: OK
2019-10-28 00:32:21.223 2603 INFO rally.task.runner [-] Task fce3fcdf-c1f2-4016-ae60-c76cd79b21b7 | ITER: 7 START
2019-10-28 00:32:21.226 2602 INFO rally.task.runner [-] Task fce3fcdf-c1f2-4016-ae60-c76cd79b21b7 | ITER: 2 END: OK
2019-10-28 00:32:21.230 2602 INFO rally.task.runner [-] Task fce3fcdf-c1f2-4016-ae60-c76cd79b21b7 | ITER: 8 START
2019-10-28 00:32:23.857 2605 INFO rally.task.runner [-] Task fce3fcdf-c1f2-4016-ae60-c76cd79b21b7 | ITER: 5 END: OK
2019-10-28 00:32:23.862 2605 INFO rally.task.runner [-] Task fce3fcdf-c1f2-4016-ae60-c76cd79b21b7 | ITER: 9 START
2019-10-28 00:32:23.912 2603 INFO rally.task.runner [-] Task fce3fcdf-c1f2-4016-ae60-c76cd79b21b7 | ITER: 7 END: OK
2019-10-28 00:32:23.915 2603 INFO rally.task.runner [-] Task fce3fcdf-c1f2-4016-ae60-c76cd79b21b7 | ITER: 10 START
2019-10-28 00:32:23.931 2602 INFO rally.task.runner [-] Task fce3fcdf-c1f2-4016-ae60-c76cd79b21b7 | ITER: 8 END: OK
2019-10-28 00:32:23.937 2601 INFO rally.task.runner [-] Task fce3fcdf-c1f2-4016-ae60-c76cd79b21b7 | ITER: 6 END: OK
