2019-10-28 00:47:06.511 6547 INFO rally.task.engine [-] Running workload: position = 0 config = { "version": 2, "title": "A cropped version of a bigger task.", "description": "Auto-generated task from a single workload (uuid=5668f746-d9e7-4b84-995b-043e86326080)", "subtasks": [ { "title": "GnocchiResourceType.create_resource_type", "description": "Create resource type.", "scenario": { "GnocchiResourceType.create_resource_type": { "attributes": { "foo": { "required": false, "type": "string" }, "bar": { "required": true, "type": "number" } } } }, "contexts": { "users": { "tenants": 3, "users_per_tenant": 2 } }, "runner": { "constant": { "concurrency": 4, "times": 10 } }, "hooks": [], "sla": { "failure_rate": { "max": 0 } } } ] }
2019-10-28 00:47:06.535 6547 RALLYDEBUG rally_openstack.contexts.keystone.users [-] Creating 3 tenants using 20 threads
2019-10-28 00:47:07.521 6547 RALLYDEBUG rally_openstack.contexts.keystone.users [-] Creating 6 users using 20 threads
2019-10-28 00:47:09.031 6547 INFO rally.task.context [-] Task 6aca9774-10db-424a-afd2-845b4fce845a | Context users@openstack setup() finished in 2.50 sec
2019-10-28 00:47:09.032 6547 INFO rally.task.context [-] Task 6aca9774-10db-424a-afd2-845b4fce845a | Context admin_cleanup@openstack setup() finished in 0.02 msec
2019-10-28 00:47:09.041 6547 RALLYDEBUG rally.task.runner [-] Starting the constant runner (task UUID: 6aca9774-10db-424a-afd2-845b4fce845a). times: 10 concurrency: 4 timeout: 0 max_cpu_used: 16 processes_to_start: 4 concurrency_per_worker: 1 concurrency_overhead: 0
2019-10-28 00:47:09.053 7687 RALLYDEBUG rally.task.runner [-] Starting a worker. times: 10 duration: None concurrency: 1 timeout: 0 cls: method_name: run args: {"attributes": {"foo": {"required": false, "type": "string"}, "bar": {"required": true, "type": "number"}}}
2019-10-28 00:47:09.056 7688 RALLYDEBUG rally.task.runner [-] Starting a worker. times: 10 duration: None concurrency: 1 timeout: 0 cls: method_name: run args: {"attributes": {"foo": {"required": false, "type": "string"}, "bar": {"required": true, "type": "number"}}}
2019-10-28 00:47:09.060 7687 INFO rally.task.runner [-] Task 6aca9774-10db-424a-afd2-845b4fce845a | ITER: 1 START
2019-10-28 00:47:09.060 7689 RALLYDEBUG rally.task.runner [-] Starting a worker. times: 10 duration: None concurrency: 1 timeout: 0 cls: method_name: run args: {"attributes": {"foo": {"required": false, "type": "string"}, "bar": {"required": true, "type": "number"}}}
2019-10-28 00:47:09.063 7688 INFO rally.task.runner [-] Task 6aca9774-10db-424a-afd2-845b4fce845a | ITER: 2 START
2019-10-28 00:47:09.063 7690 RALLYDEBUG rally.task.runner [-] Starting a worker. times: 10 duration: None concurrency: 1 timeout: 0 cls: method_name: run args: {"attributes": {"foo": {"required": false, "type": "string"}, "bar": {"required": true, "type": "number"}}}
2019-10-28 00:47:09.066 7689 INFO rally.task.runner [-] Task 6aca9774-10db-424a-afd2-845b4fce845a | ITER: 3 START
2019-10-28 00:47:09.070 7690 INFO rally.task.runner [-] Task 6aca9774-10db-424a-afd2-845b4fce845a | ITER: 4 START
2019-10-28 00:47:12.164 7690 INFO rally.task.runner [-] Task 6aca9774-10db-424a-afd2-845b4fce845a | ITER: 4 END: OK
2019-10-28 00:47:12.165 7687 INFO rally.task.runner [-] Task 6aca9774-10db-424a-afd2-845b4fce845a | ITER: 1 END: OK
2019-10-28 00:47:12.165 7689 INFO rally.task.runner [-] Task 6aca9774-10db-424a-afd2-845b4fce845a | ITER: 3 END: OK
2019-10-28 00:47:12.168 7690 INFO rally.task.runner [-] Task 6aca9774-10db-424a-afd2-845b4fce845a | ITER: 5 START
2019-10-28 00:47:12.169 7687 INFO rally.task.runner [-] Task 6aca9774-10db-424a-afd2-845b4fce845a | ITER: 6 START
2019-10-28 00:47:12.170 7689 INFO rally.task.runner [-] Task 6aca9774-10db-424a-afd2-845b4fce845a | ITER: 7 START
2019-10-28 00:47:12.503 7688 INFO rally.task.runner [-] Task 6aca9774-10db-424a-afd2-845b4fce845a | ITER: 2 END: OK
2019-10-28 00:47:12.508 7688 INFO rally.task.runner [-] Task 6aca9774-10db-424a-afd2-845b4fce845a | ITER: 8 START
2019-10-28 00:47:15.275 7690 INFO rally.task.runner [-] Task 6aca9774-10db-424a-afd2-845b4fce845a | ITER: 5 END: OK
2019-10-28 00:47:15.275 7689 INFO rally.task.runner [-] Task 6aca9774-10db-424a-afd2-845b4fce845a | ITER: 7 END: OK
2019-10-28 00:47:15.275 7687 INFO rally.task.runner [-] Task 6aca9774-10db-424a-afd2-845b4fce845a | ITER: 6 END: OK
2019-10-28 00:47:15.280 7689 INFO rally.task.runner [-] Task 6aca9774-10db-424a-afd2-845b4fce845a | ITER: 10 START
2019-10-28 00:47:15.280 7687 INFO rally.task.runner [-] Task 6aca9774-10db-424a-afd2-845b4fce845a | ITER: 9 START
2019-10-28 00:47:15.469 7688 INFO rally.task.runner [-] Task 6aca9774-10db-424a-afd2-845b4fce845a | ITER: 8 END: OK
2019-10-28 00:47:17.140 7689 INFO rally.task.runner [-] Task 6aca9774-10db-424a-afd2-845b4fce845a | ITER: 10 END: OK
2019-10-28 00:47:17.166 7687 INFO rally.task.runner [-] Task 6aca9774-10db-424a-afd2-845b4fce845a | ITER: 9 END: OK
2019-10-28 00:47:17.190 6547 INFO rally.task.context [-] Task 6aca9774-10db-424a-afd2-845b4fce845a | Context admin_cleanup@openstack cleanup() started
2019-10-28 00:47:17.194 6547 RALLYDEBUG rally_openstack.cleanup.manager [-] Cleaning up gnocchi resource_type objects
2019-10-28 00:47:17.693 6547 RALLYDEBUG rally_openstack.cleanup.manager [-] Deleting gnocchi.resource_type object s_rally_5668f746_3dOhisTF (s_rally_5668f746_3dOhisTF)
2019-10-28 00:47:17.698 6547 RALLYDEBUG rally_openstack.cleanup.manager [-] Deleting gnocchi.resource_type object s_rally_5668f746_2SU7TkBH (s_rally_5668f746_2SU7TkBH)
2019-10-28 00:47:17.704 6547 RALLYDEBUG rally_openstack.cleanup.manager [-] Deleting gnocchi.resource_type object s_rally_5668f746_bv4eRlA7 (s_rally_5668f746_bv4eRlA7)
2019-10-28 00:47:17.710 6547 RALLYDEBUG rally_openstack.cleanup.manager [-] Deleting gnocchi.resource_type object s_rally_5668f746_dw5FgBm8 (s_rally_5668f746_dw5FgBm8)
2019-10-28 00:47:17.714 6547 RALLYDEBUG rally_openstack.cleanup.manager [-] Deleting gnocchi.resource_type object s_rally_5668f746_LPPzECME (s_rally_5668f746_LPPzECME)
2019-10-28 00:47:17.718 6547 RALLYDEBUG rally_openstack.cleanup.manager [-] Deleting gnocchi.resource_type object s_rally_5668f746_NqSxSiu3 (s_rally_5668f746_NqSxSiu3)
2019-10-28 00:47:17.724 6547 RALLYDEBUG rally_openstack.cleanup.manager [-] Deleting gnocchi.resource_type object s_rally_5668f746_QEzk3tUM (s_rally_5668f746_QEzk3tUM)
2019-10-28 00:47:17.730 6547 RALLYDEBUG rally_openstack.cleanup.manager [-] Deleting gnocchi.resource_type object s_rally_5668f746_VubOnNna (s_rally_5668f746_VubOnNna)
2019-10-28 00:47:17.756 6547 RALLYDEBUG rally_openstack.cleanup.manager [-] Deleting gnocchi.resource_type object s_rally_5668f746_VumgGtfd (s_rally_5668f746_VumgGtfd)
2019-10-28 00:47:17.761 6547 RALLYDEBUG rally_openstack.cleanup.manager [-] Deleting gnocchi.resource_type object s_rally_5668f746_XrZeQqGy (s_rally_5668f746_XrZeQqGy)
2019-10-28 00:47:22.997 6547 INFO rally.task.context [-] Task 6aca9774-10db-424a-afd2-845b4fce845a | Context admin_cleanup@openstack cleanup() finished in 5.81 sec
2019-10-28 00:47:22.998 6547 INFO rally.task.context [-] Task 6aca9774-10db-424a-afd2-845b4fce845a | Context users@openstack cleanup() started
2019-10-28 00:47:27.410 6547 INFO rally.task.context [-] Task 6aca9774-10db-424a-afd2-845b4fce845a | Context users@openstack cleanup() finished in 4.41 sec
2019-10-28 00:47:28.655 6547 INFO rally.task.engine [-] Load duration is: 8.10465
2019-10-28 00:47:28.655 6547 INFO rally.task.engine [-] Full runner duration is: 8.149458
2019-10-28 00:47:28.656 6547 INFO rally.task.engine [-] Full duration is: 20.876585
2019-10-28 00:47:28.979 6547 INFO rally.task.engine [-] Running workload: position = 0 config = { "version": 2, "title": "A cropped version of a bigger task.", "description": "Auto-generated task from a single workload (uuid=1799d65d-9cfa-4011-934a-70825ccea45f)", "subtasks": [ { "title": "GnocchiResourceType.create_delete_resource_type", "description": "Create resource type and then delete it.", "scenario": { "GnocchiResourceType.create_delete_resource_type": { "attributes": { "foo": { "required": false, "type": "string" }, "bar": { "required": true, "type": "number" } } } }, "contexts": { "users": { "tenants": 3, "users_per_tenant": 2 } }, "runner": { "constant": { "concurrency": 4, "times": 10 } }, "hooks": [], "sla": { "failure_rate": { "max": 0 } } } ] }
2019-10-28 00:47:29.003 6547 RALLYDEBUG rally_openstack.contexts.keystone.users [-] Creating 3 tenants using 20 threads
2019-10-28 00:47:29.988 6547 RALLYDEBUG rally_openstack.contexts.keystone.users [-] Creating 6 users using 20 threads
2019-10-28 00:47:31.524 6547 INFO rally.task.context [-] Task 6aca9774-10db-424a-afd2-845b4fce845a | Context users@openstack setup() finished in 2.52 sec
2019-10-28 00:47:31.525 6547 INFO rally.task.context [-] Task 6aca9774-10db-424a-afd2-845b4fce845a | Context admin_cleanup@openstack setup() finished in 0.01 msec
2019-10-28 00:47:31.534 6547 RALLYDEBUG rally.task.runner [-] Starting the constant runner (task UUID: 6aca9774-10db-424a-afd2-845b4fce845a). times: 10 concurrency: 4 timeout: 0 max_cpu_used: 16 processes_to_start: 4 concurrency_per_worker: 1 concurrency_overhead: 0
2019-10-28 00:47:31.546 7811 RALLYDEBUG rally.task.runner [-] Starting a worker. times: 10 duration: None concurrency: 1 timeout: 0 cls: method_name: run args: {"attributes": {"foo": {"required": false, "type": "string"}, "bar": {"required": true, "type": "number"}}}
2019-10-28 00:47:31.550 7812 RALLYDEBUG rally.task.runner [-] Starting a worker. times: 10 duration: None concurrency: 1 timeout: 0 cls: method_name: run args: {"attributes": {"foo": {"required": false, "type": "string"}, "bar": {"required": true, "type": "number"}}}
2019-10-28 00:47:31.554 7811 INFO rally.task.runner [-] Task 6aca9774-10db-424a-afd2-845b4fce845a | ITER: 1 START
2019-10-28 00:47:31.554 7813 RALLYDEBUG rally.task.runner [-] Starting a worker. times: 10 duration: None concurrency: 1 timeout: 0 cls: method_name: run args: {"attributes": {"foo": {"required": false, "type": "string"}, "bar": {"required": true, "type": "number"}}}
2019-10-28 00:47:31.557 7812 INFO rally.task.runner [-] Task 6aca9774-10db-424a-afd2-845b4fce845a | ITER: 2 START
2019-10-28 00:47:31.557 7815 RALLYDEBUG rally.task.runner [-] Starting a worker. times: 10 duration: None concurrency: 1 timeout: 0 cls: method_name: run args: {"attributes": {"foo": {"required": false, "type": "string"}, "bar": {"required": true, "type": "number"}}}
2019-10-28 00:47:31.561 7813 INFO rally.task.runner [-] Task 6aca9774-10db-424a-afd2-845b4fce845a | ITER: 3 START
2019-10-28 00:47:31.563 7815 INFO rally.task.runner [-] Task 6aca9774-10db-424a-afd2-845b4fce845a | ITER: 4 START
2019-10-28 00:47:36.472 7815 INFO rally.task.runner [-] Task 6aca9774-10db-424a-afd2-845b4fce845a | ITER: 4 END: OK
2019-10-28 00:47:36.472 7812 INFO rally.task.runner [-] Task 6aca9774-10db-424a-afd2-845b4fce845a | ITER: 2 END: OK
2019-10-28 00:47:36.476 7812 INFO rally.task.runner [-] Task 6aca9774-10db-424a-afd2-845b4fce845a | ITER: 6 START
2019-10-28 00:47:36.476 7815 INFO rally.task.runner [-] Task 6aca9774-10db-424a-afd2-845b4fce845a | ITER: 5 START
2019-10-28 00:47:36.532 7811 INFO rally.task.runner [-] Task 6aca9774-10db-424a-afd2-845b4fce845a | ITER: 1 END: OK
2019-10-28 00:47:36.537 7811 INFO rally.task.runner [-] Task 6aca9774-10db-424a-afd2-845b4fce845a | ITER: 7 START
2019-10-28 00:47:36.620 7813 INFO rally.task.runner [-] Task 6aca9774-10db-424a-afd2-845b4fce845a | ITER: 3 END: OK
2019-10-28 00:47:36.625 7813 INFO rally.task.runner [-] Task 6aca9774-10db-424a-afd2-845b4fce845a | ITER: 8 START
2019-10-28 00:47:41.073 7812 INFO rally.task.runner [-] Task 6aca9774-10db-424a-afd2-845b4fce845a | ITER: 6 END: OK
2019-10-28 00:47:41.073 7813 INFO rally.task.runner [-] Task 6aca9774-10db-424a-afd2-845b4fce845a | ITER: 8 END: OK
2019-10-28 00:47:41.076 7812 INFO rally.task.runner [-] Task 6aca9774-10db-424a-afd2-845b4fce845a | ITER: 9 START
2019-10-28 00:47:41.078 7813 INFO rally.task.runner [-] Task 6aca9774-10db-424a-afd2-845b4fce845a | ITER: 10 START
2019-10-28 00:47:41.152 7815 INFO rally.task.runner [-] Task 6aca9774-10db-424a-afd2-845b4fce845a | ITER: 5 END: OK
2019-10-28 00:47:41.170 7811 INFO rally.task.runner [-] Task 6aca9774-10db-424a-afd2-845b4fce845a | ITER: 7 END: OK
2019-10-28 00:47:43.665 7812 INFO rally.task.runner [-] Task 6aca9774-10db-424a-afd2-845b4fce845a | ITER: 9 END: OK
2019-10-28 00:47:43.693 7813 INFO rally.task.runner [-] Task 6aca9774-10db-424a-afd2-845b4fce845a | ITER: 10 END: OK
2019-10-28 00:47:43.717 6547 INFO rally.task.context [-] Task 6aca9774-10db-424a-afd2-845b4fce845a | Context admin_cleanup@openstack cleanup() started
2019-10-28 00:47:43.721 6547 RALLYDEBUG rally_openstack.cleanup.manager [-] Cleaning up gnocchi resource_type objects
2019-10-28 00:47:44.195 6547 INFO rally.task.context [-] Task 6aca9774-10db-424a-afd2-845b4fce845a | Context admin_cleanup@openstack cleanup() finished in 0.48 sec
2019-10-28 00:47:44.195 6547 INFO rally.task.context [-] Task 6aca9774-10db-424a-afd2-845b4fce845a | Context users@openstack cleanup() started
2019-10-28 00:47:48.653 6547 INFO rally.task.context [-] Task 6aca9774-10db-424a-afd2-845b4fce845a | Context users@openstack cleanup() finished in 4.46 sec
2019-10-28 00:47:49.121 6547 INFO rally.task.engine [-] Load duration is: 12.138303
2019-10-28 00:47:49.121 6547 INFO rally.task.engine [-] Full runner duration is: 12.183498
2019-10-28 00:47:49.122 6547 INFO rally.task.engine [-] Full duration is: 19.651789
2019-10-28 00:47:49.440 6547 INFO rally.task.engine [-] Running workload: position = 0 config = { "version": 2, "title": "A cropped version of a bigger task.", "description": "Auto-generated task from a single workload (uuid=8f8a6b21-293c-4b10-9ae1-17ff8698882d)", "subtasks": [ { "title": "GnocchiMetric.list_metric", "description": "List metrics.", "scenario": { "GnocchiMetric.list_metric": { "limit": 10000 } }, "contexts": { "users": { "tenants": 3, "users_per_tenant": 2 } }, "runner": { "constant": { "concurrency": 4, "times": 10 } }, "hooks": [], "sla": { "failure_rate": { "max": 0 } } } ] }
2019-10-28 00:47:49.463 6547 RALLYDEBUG rally_openstack.contexts.keystone.users [-] Creating 3 tenants using 20 threads
2019-10-28 00:47:50.466 6547 RALLYDEBUG rally_openstack.contexts.keystone.users [-] Creating 6 users using 20 threads
2019-10-28 00:47:51.937 6547 INFO rally.task.context [-] Task 6aca9774-10db-424a-afd2-845b4fce845a | Context users@openstack setup() finished in 2.47 sec
2019-10-28 00:47:51.946 6547 RALLYDEBUG rally.task.runner [-] Starting the constant runner (task UUID: 6aca9774-10db-424a-afd2-845b4fce845a). times: 10 concurrency: 4 timeout: 0 max_cpu_used: 16 processes_to_start: 4 concurrency_per_worker: 1 concurrency_overhead: 0
2019-10-28 00:47:51.957 7935 RALLYDEBUG rally.task.runner [-] Starting a worker. times: 10 duration: None concurrency: 1 timeout: 0 cls: method_name: run args: {"limit": 10000}
2019-10-28 00:47:51.961 7936 RALLYDEBUG rally.task.runner [-] Starting a worker. times: 10 duration: None concurrency: 1 timeout: 0 cls: method_name: run args: {"limit": 10000}
2019-10-28 00:47:51.964 7935 INFO rally.task.runner [-] Task 6aca9774-10db-424a-afd2-845b4fce845a | ITER: 1 START
2019-10-28 00:47:51.965 7937 RALLYDEBUG rally.task.runner [-] Starting a worker. times: 10 duration: None concurrency: 1 timeout: 0 cls: method_name: run args: {"limit": 10000}
2019-10-28 00:47:51.967 7936 INFO rally.task.runner [-] Task 6aca9774-10db-424a-afd2-845b4fce845a | ITER: 2 START
2019-10-28 00:47:51.968 7938 RALLYDEBUG rally.task.runner [-] Starting a worker. times: 10 duration: None concurrency: 1 timeout: 0 cls: method_name: run args: {"limit": 10000}
2019-10-28 00:47:51.971 7937 INFO rally.task.runner [-] Task 6aca9774-10db-424a-afd2-845b4fce845a | ITER: 3 START
2019-10-28 00:47:51.974 7938 INFO rally.task.runner [-] Task 6aca9774-10db-424a-afd2-845b4fce845a | ITER: 4 START
2019-10-28 00:47:52.488 7937 INFO rally.task.runner [-] Task 6aca9774-10db-424a-afd2-845b4fce845a | ITER: 3 END: OK
2019-10-28 00:47:52.493 7937 INFO rally.task.runner [-] Task 6aca9774-10db-424a-afd2-845b4fce845a | ITER: 5 START
2019-10-28 00:47:52.494 7936 INFO rally.task.runner [-] Task 6aca9774-10db-424a-afd2-845b4fce845a | ITER: 2 END: OK
2019-10-28 00:47:52.499 7936 INFO rally.task.runner [-] Task 6aca9774-10db-424a-afd2-845b4fce845a | ITER: 6 START
2019-10-28 00:47:52.500 7938 INFO rally.task.runner [-] Task 6aca9774-10db-424a-afd2-845b4fce845a | ITER: 4 END: OK
2019-10-28 00:47:52.505 7938 INFO rally.task.runner [-] Task 6aca9774-10db-424a-afd2-845b4fce845a | ITER: 7 START
2019-10-28 00:47:52.548 7935 INFO rally.task.runner [-] Task 6aca9774-10db-424a-afd2-845b4fce845a | ITER: 1 END: OK
2019-10-28 00:47:52.553 7935 INFO rally.task.runner [-] Task 6aca9774-10db-424a-afd2-845b4fce845a | ITER: 8 START
2019-10-28 00:47:52.859 7937 INFO rally.task.runner [-] Task 6aca9774-10db-424a-afd2-845b4fce845a | ITER: 5 END: OK
2019-10-28 00:47:52.859 7938 INFO rally.task.runner [-] Task 6aca9774-10db-424a-afd2-845b4fce845a | ITER: 7 END: OK
2019-10-28 00:47:52.863 7937 INFO rally.task.runner [-] Task 6aca9774-10db-424a-afd2-845b4fce845a | ITER: 9 START
2019-10-28 00:47:52.863 7938 INFO rally.task.runner [-] Task 6aca9774-10db-424a-afd2-845b4fce845a | ITER: 10 START
2019-10-28 00:47:52.925 7936 INFO rally.task.runner [-] Task 6aca9774-10db-424a-afd2-845b4fce845a | ITER: 6 END: OK
2019-10-28 00:47:52.998 7935 INFO rally.task.runner [-] Task 6aca9774-10db-424a-afd2-845b4fce845a | ITER: 8 END: OK
2019-10-28 00:47:53.302 7937 INFO rally.task.runner [-] Task 6aca9774-10db-424a-afd2-845b4fce845a | ITER: 9 END: OK
2019-10-28 00:47:53.305 7938 INFO rally.task.runner [-] Task 6aca9774-10db-424a-afd2-845b4fce845a | ITER: 10 END: OK
2019-10-28 00:47:53.327 6547 INFO rally.task.context [-] Task 6aca9774-10db-424a-afd2-845b4fce845a | Context users@openstack cleanup() started
2019-10-28 00:47:57.417 6547 INFO rally.task.context [-] Task 6aca9774-10db-424a-afd2-845b4fce845a | Context users@openstack cleanup() finished in 4.09 sec
2019-10-28 00:47:57.542 6547 INFO rally.task.engine [-] Load duration is: 1.339095
2019-10-28 00:47:57.542 6547 INFO rally.task.engine [-] Full runner duration is: 1.381499
2019-10-28 00:47:57.542 6547 INFO rally.task.engine [-] Full duration is: 7.956105
2019-10-28 00:47:57.912 6547 INFO rally.task.engine [-] Running workload: position = 0 config = { "version": 2, "title": "A cropped version of a bigger task.", "description": "Auto-generated task from a single workload (uuid=85419cc9-e75a-40a0-a3af-e47a5bc85039)", "subtasks": [ { "title": "GnocchiMetric.create_metric", "description": "Create metric.", "scenario": { "GnocchiMetric.create_metric": { "archive_policy_name": "low" } }, "contexts": { "users": { "tenants": 3, "users_per_tenant": 2 } }, "runner": { "constant": { "concurrency": 4, "times": 10 } }, "hooks": [], "sla": { "failure_rate": { "max": 0 } } } ] }
2019-10-28 00:47:57.938 6547 RALLYDEBUG rally_openstack.contexts.keystone.users [-] Creating 3 tenants using 20 threads
2019-10-28 00:47:58.922 6547 RALLYDEBUG rally_openstack.contexts.keystone.users [-] Creating 6 users using 20 threads
2019-10-28 00:48:00.475 6547 INFO rally.task.context [-] Task 6aca9774-10db-424a-afd2-845b4fce845a | Context users@openstack setup() finished in 2.54 sec
2019-10-28 00:48:00.476 6547 INFO rally.task.context [-] Task 6aca9774-10db-424a-afd2-845b4fce845a | Context cleanup@openstack setup() finished in 0.02 msec
2019-10-28 00:48:00.485 6547 RALLYDEBUG rally.task.runner [-] Starting the constant runner (task UUID: 6aca9774-10db-424a-afd2-845b4fce845a). times: 10 concurrency: 4 timeout: 0 max_cpu_used: 16 processes_to_start: 4 concurrency_per_worker: 1 concurrency_overhead: 0
2019-10-28 00:48:00.497 8039 RALLYDEBUG rally.task.runner [-] Starting a worker. times: 10 duration: None concurrency: 1 timeout: 0 cls: method_name: run args: {"archive_policy_name": "low"}
2019-10-28 00:48:00.500 8040 RALLYDEBUG rally.task.runner [-] Starting a worker. times: 10 duration: None concurrency: 1 timeout: 0 cls: method_name: run args: {"archive_policy_name": "low"}
2019-10-28 00:48:00.504 8039 INFO rally.task.runner [-] Task 6aca9774-10db-424a-afd2-845b4fce845a | ITER: 1 START
2019-10-28 00:48:00.504 8041 RALLYDEBUG rally.task.runner [-] Starting a worker. times: 10 duration: None concurrency: 1 timeout: 0 cls: method_name: run args: {"archive_policy_name": "low"}
2019-10-28 00:48:00.506 8040 INFO rally.task.runner [-] Task 6aca9774-10db-424a-afd2-845b4fce845a | ITER: 2 START
2019-10-28 00:48:00.507 8042 RALLYDEBUG rally.task.runner [-] Starting a worker. times: 10 duration: None concurrency: 1 timeout: 0 cls: method_name: run args: {"archive_policy_name": "low"}
2019-10-28 00:48:00.510 8041 INFO rally.task.runner [-] Task 6aca9774-10db-424a-afd2-845b4fce845a | ITER: 3 START
2019-10-28 00:48:00.513 8042 INFO rally.task.runner [-] Task 6aca9774-10db-424a-afd2-845b4fce845a | ITER: 4 START
2019-10-28 00:48:01.049 8039 INFO rally.task.runner [-] Task 6aca9774-10db-424a-afd2-845b4fce845a | ITER: 1 END: OK
2019-10-28 00:48:01.051 8040 INFO rally.task.runner [-] Task 6aca9774-10db-424a-afd2-845b4fce845a | ITER: 2 END: OK
2019-10-28 00:48:01.054 8039 INFO rally.task.runner [-] Task 6aca9774-10db-424a-afd2-845b4fce845a | ITER: 5 START
2019-10-28 00:48:01.055 8040 INFO rally.task.runner [-] Task 6aca9774-10db-424a-afd2-845b4fce845a | ITER: 6 START
2019-10-28 00:48:01.061 8042 INFO rally.task.runner [-] Task 6aca9774-10db-424a-afd2-845b4fce845a | ITER: 4 END: OK
2019-10-28 00:48:01.065 8042 INFO rally.task.runner [-] Task 6aca9774-10db-424a-afd2-845b4fce845a | ITER: 7 START
2019-10-28 00:48:01.071 8041 INFO rally.task.runner [-] Task 6aca9774-10db-424a-afd2-845b4fce845a | ITER: 3 END: OK
2019-10-28 00:48:01.076 8041 INFO rally.task.runner [-] Task 6aca9774-10db-424a-afd2-845b4fce845a | ITER: 8 START
2019-10-28 00:48:01.426 8040 INFO rally.task.runner [-] Task 6aca9774-10db-424a-afd2-845b4fce845a | ITER: 6 END: OK
2019-10-28 00:48:01.429 8040 INFO rally.task.runner [-] Task 6aca9774-10db-424a-afd2-845b4fce845a | ITER: 9 START
2019-10-28 00:48:01.432 8042 INFO rally.task.runner [-] Task 6aca9774-10db-424a-afd2-845b4fce845a | ITER: 7 END: OK
2019-10-28 00:48:01.435 8042 INFO rally.task.runner [-] Task 6aca9774-10db-424a-afd2-845b4fce845a | ITER: 10 START
2019-10-28 00:48:01.466 8039 INFO rally.task.runner [-] Task 6aca9774-10db-424a-afd2-845b4fce845a | ITER: 5 END: OK
2019-10-28 00:48:01.535 8041 INFO rally.task.runner [-] Task 6aca9774-10db-424a-afd2-845b4fce845a | ITER: 8 END: OK
2019-10-28 00:48:01.814 8040 INFO rally.task.runner [-] Task 6aca9774-10db-424a-afd2-845b4fce845a | ITER: 9 END: OK
2019-10-28 00:48:01.821 8042 INFO rally.task.runner [-] Task 6aca9774-10db-424a-afd2-845b4fce845a | ITER: 10 END: OK
2019-10-28 00:48:01.847 6547 INFO rally.task.context [-] Task 6aca9774-10db-424a-afd2-845b4fce845a | Context cleanup@openstack cleanup() started
2019-10-28 00:48:01.850 6547 RALLYDEBUG rally_openstack.cleanup.manager [-] Cleaning up gnocchi metric objects
2019-10-28 00:48:02.976 6547 INFO rally.task.context [-] Task 6aca9774-10db-424a-afd2-845b4fce845a | Context cleanup@openstack cleanup() finished in 1.13 sec
2019-10-28 00:48:02.976 6547 INFO rally.task.context [-] Task 6aca9774-10db-424a-afd2-845b4fce845a | Context users@openstack cleanup() started
2019-10-28 00:48:07.157 6547 INFO rally.task.context [-] Task 6aca9774-10db-424a-afd2-845b4fce845a | Context users@openstack cleanup() finished in 4.18 sec
2019-10-28 00:48:08.017 6547 INFO rally.task.engine [-] Load duration is: 1.315501
2019-10-28 00:48:08.017 6547 INFO rally.task.engine [-] Full runner duration is: 1.362263
2019-10-28 00:48:08.018 6547 INFO rally.task.engine [-] Full duration is: 9.220325
2019-10-28 00:48:08.380 6547 INFO rally.task.engine [-] Running workload: position = 0 config = { "version": 2, "title": "A cropped version of a bigger task.", "description": "Auto-generated task from a single workload (uuid=9d8fd609-dcba-4f1d-83e2-cfc8466b3cba)", "subtasks": [ { "title": "GnocchiMetric.create_delete_metric", "description": "Create metric and then delete it.", "scenario": { "GnocchiMetric.create_delete_metric": { "archive_policy_name": "low" } }, "contexts": { "users": { "tenants": 3, "users_per_tenant": 2 } }, "runner": { "constant": { "concurrency": 4, "times": 10 } }, "hooks": [], "sla": { "failure_rate": { "max": 0 } } } ] }
2019-10-28 00:48:08.404 6547 RALLYDEBUG rally_openstack.contexts.keystone.users [-] Creating 3 tenants using 20 threads
2019-10-28 00:48:09.392 6547 RALLYDEBUG rally_openstack.contexts.keystone.users [-] Creating 6 users using 20 threads
2019-10-28 00:48:10.915 6547 INFO rally.task.context [-] Task 6aca9774-10db-424a-afd2-845b4fce845a | Context users@openstack setup() finished in 2.51 sec
2019-10-28 00:48:10.916 6547 INFO rally.task.context [-] Task 6aca9774-10db-424a-afd2-845b4fce845a | Context cleanup@openstack setup() finished in 0.01 msec
2019-10-28 00:48:10.924 6547 RALLYDEBUG rally.task.runner [-] Starting the constant runner (task UUID: 6aca9774-10db-424a-afd2-845b4fce845a). times: 10 concurrency: 4 timeout: 0 max_cpu_used: 16 processes_to_start: 4 concurrency_per_worker: 1 concurrency_overhead: 0
2019-10-28 00:48:10.936 8163 RALLYDEBUG rally.task.runner [-] Starting a worker. times: 10 duration: None concurrency: 1 timeout: 0 cls: method_name: run args: {"archive_policy_name": "low"}
2019-10-28 00:48:10.939 8164 RALLYDEBUG rally.task.runner [-] Starting a worker. times: 10 duration: None concurrency: 1 timeout: 0 cls: method_name: run args: {"archive_policy_name": "low"}
2019-10-28 00:48:10.943 8163 INFO rally.task.runner [-] Task 6aca9774-10db-424a-afd2-845b4fce845a | ITER: 1 START
2019-10-28 00:48:10.943 8165 RALLYDEBUG rally.task.runner [-] Starting a worker. times: 10 duration: None concurrency: 1 timeout: 0 cls: method_name: run args: {"archive_policy_name": "low"}
2019-10-28 00:48:10.945 8164 INFO rally.task.runner [-] Task 6aca9774-10db-424a-afd2-845b4fce845a | ITER: 2 START
2019-10-28 00:48:10.946 8167 RALLYDEBUG rally.task.runner [-] Starting a worker. times: 10 duration: None concurrency: 1 timeout: 0 cls: method_name: run args: {"archive_policy_name": "low"}
2019-10-28 00:48:10.950 8165 INFO rally.task.runner [-] Task 6aca9774-10db-424a-afd2-845b4fce845a | ITER: 3 START
2019-10-28 00:48:10.952 8167 INFO rally.task.runner [-] Task 6aca9774-10db-424a-afd2-845b4fce845a | ITER: 4 START
2019-10-28 00:48:11.467 8167 INFO rally.task.runner [-] Task 6aca9774-10db-424a-afd2-845b4fce845a | ITER: 4 END: OK
2019-10-28 00:48:11.472 8167 INFO rally.task.runner [-] Task 6aca9774-10db-424a-afd2-845b4fce845a | ITER: 5 START
2019-10-28 00:48:11.487 8163 INFO rally.task.runner [-] Task 6aca9774-10db-424a-afd2-845b4fce845a | ITER: 1 END: OK
2019-10-28 00:48:11.487 8165 INFO rally.task.runner [-] Task 6aca9774-10db-424a-afd2-845b4fce845a | ITER: 3 END: OK
2019-10-28 00:48:11.487 8164 INFO rally.task.runner [-] Task 6aca9774-10db-424a-afd2-845b4fce845a | ITER: 2 END: OK
2019-10-28 00:48:11.491 8163 INFO rally.task.runner [-] Task 6aca9774-10db-424a-afd2-845b4fce845a | ITER: 6 START
2019-10-28 00:48:11.492 8165 INFO rally.task.runner [-] Task 6aca9774-10db-424a-afd2-845b4fce845a | ITER: 7 START
2019-10-28 00:48:11.492 8164 INFO rally.task.runner [-] Task 6aca9774-10db-424a-afd2-845b4fce845a | ITER: 8 START
2019-10-28 00:48:11.876 8167 INFO rally.task.runner [-] Task 6aca9774-10db-424a-afd2-845b4fce845a | ITER: 5 END: OK
2019-10-28 00:48:11.879 8167 INFO rally.task.runner [-] Task 6aca9774-10db-424a-afd2-845b4fce845a | ITER: 9 START
2019-10-28 00:48:11.889 8163 INFO rally.task.runner [-] Task 6aca9774-10db-424a-afd2-845b4fce845a | ITER: 6 END: OK
2019-10-28 00:48:11.892 8163 INFO rally.task.runner [-] Task 6aca9774-10db-424a-afd2-845b4fce845a | ITER: 10 START
2019-10-28 00:48:11.896 8164 INFO rally.task.runner [-] Task 6aca9774-10db-424a-afd2-845b4fce845a | ITER: 8 END: OK
2019-10-28 00:48:11.972 8165 INFO rally.task.runner [-] Task 6aca9774-10db-424a-afd2-845b4fce845a | ITER: 7 END: OK
2019-10-28 00:48:12.284 8167 INFO rally.task.runner [-] Task 6aca9774-10db-424a-afd2-845b4fce845a | ITER: 9 END: OK
2019-10-28 00:48:12.302 8163 INFO rally.task.runner [-] Task 6aca9774-10db-424a-afd2-845b4fce845a | ITER: 10 END: OK
2019-10-28 00:48:12.333 6547 INFO rally.task.context [-] Task 6aca9774-10db-424a-afd2-845b4fce845a | Context cleanup@openstack cleanup() started
2019-10-28 00:48:12.337 6547 RALLYDEBUG rally_openstack.cleanup.manager [-] Cleaning up gnocchi metric objects
2019-10-28 00:48:13.580 6547 INFO rally.task.context [-] Task 6aca9774-10db-424a-afd2-845b4fce845a | Context cleanup@openstack cleanup() finished in 1.25 sec
2019-10-28 00:48:13.580 6547 INFO rally.task.context [-] Task 6aca9774-10db-424a-afd2-845b4fce845a | Context users@openstack cleanup() started
2019-10-28 00:48:17.511 6547 INFO rally.task.context [-] Task 6aca9774-10db-424a-afd2-845b4fce845a | Context users@openstack cleanup() finished in 3.93 sec
2019-10-28 00:48:18.477 6547 INFO rally.task.engine [-] Load duration is: 1.356601
2019-10-28 00:48:18.478 6547 INFO rally.task.engine [-] Full runner duration is: 1.409084
2019-10-28 00:48:18.478 6547 INFO rally.task.engine [-] Full duration is: 9.108888
2019-10-28 00:48:18.818 6547 INFO rally.task.engine [-] Running workload: position = 0 config = { "version": 2, "title": "A cropped version of a bigger task.", "description": "Auto-generated task from a single workload (uuid=5049feb8-7a87-405d-8099-ac1e17ac02e1)", "subtasks": [ { "title": "GnocchiResource.create_resource", "description": "Create resource.", "scenario": { "GnocchiResource.create_resource": {} }, "contexts": { "users": { "tenants": 3, "users_per_tenant": 2 } }, "runner": { "constant": { "concurrency": 4, "times": 10 } }, "hooks": [], "sla": { "failure_rate": { "max": 0 } } } ] }
2019-10-28 00:48:18.841 6547 RALLYDEBUG rally_openstack.contexts.keystone.users [-] Creating 3 tenants using 20 threads
2019-10-28 00:48:19.903 6547 RALLYDEBUG rally_openstack.contexts.keystone.users [-] Creating 6 users using 20 threads
2019-10-28 00:48:21.381 6547 INFO rally.task.context [-] Task 6aca9774-10db-424a-afd2-845b4fce845a | Context users@openstack setup() finished in 2.54 sec
2019-10-28 00:48:21.382 6547 INFO rally.task.context [-] Task 6aca9774-10db-424a-afd2-845b4fce845a | Context cleanup@openstack setup() finished in 0.01 msec
2019-10-28 00:48:21.391 6547 RALLYDEBUG rally.task.runner [-] Starting the constant runner (task UUID: 6aca9774-10db-424a-afd2-845b4fce845a). times: 10 concurrency: 4 timeout: 0 max_cpu_used: 16 processes_to_start: 4 concurrency_per_worker: 1 concurrency_overhead: 0
2019-10-28 00:48:21.402 8287 RALLYDEBUG rally.task.runner [-] Starting a worker. times: 10 duration: None concurrency: 1 timeout: 0 cls: method_name: run args: {}
2019-10-28 00:48:21.405 8288 RALLYDEBUG rally.task.runner [-] Starting a worker. times: 10 duration: None concurrency: 1 timeout: 0 cls: method_name: run args: {}
2019-10-28 00:48:21.409 8287 INFO rally.task.runner [-] Task 6aca9774-10db-424a-afd2-845b4fce845a | ITER: 1 START
2019-10-28 00:48:21.409 8289 RALLYDEBUG rally.task.runner [-] Starting a worker. times: 10 duration: None concurrency: 1 timeout: 0 cls: method_name: run args: {}
2019-10-28 00:48:21.412 8288 INFO rally.task.runner [-] Task 6aca9774-10db-424a-afd2-845b4fce845a | ITER: 2 START
2019-10-28 00:48:21.412 8290 RALLYDEBUG rally.task.runner [-] Starting a worker. times: 10 duration: None concurrency: 1 timeout: 0 cls: method_name: run args: {}
2019-10-28 00:48:21.415 8289 INFO rally.task.runner [-] Task 6aca9774-10db-424a-afd2-845b4fce845a | ITER: 3 START
2019-10-28 00:48:21.418 8290 INFO rally.task.runner [-] Task 6aca9774-10db-424a-afd2-845b4fce845a | ITER: 4 START
2019-10-28 00:48:21.945 8287 INFO rally.task.runner [-] Task 6aca9774-10db-424a-afd2-845b4fce845a | ITER: 1 END: OK
2019-10-28 00:48:21.949 8287 INFO rally.task.runner [-] Task 6aca9774-10db-424a-afd2-845b4fce845a | ITER: 5 START
2019-10-28 00:48:21.951 8289 INFO rally.task.runner [-] Task 6aca9774-10db-424a-afd2-845b4fce845a | ITER: 3 END: OK
2019-10-28 00:48:21.956 8290 INFO rally.task.runner [-] Task 6aca9774-10db-424a-afd2-845b4fce845a | ITER: 4 END: OK
2019-10-28 00:48:21.956 8289 INFO rally.task.runner [-] Task 6aca9774-10db-424a-afd2-845b4fce845a | ITER: 6 START
2019-10-28 00:48:21.961 8290 INFO rally.task.runner [-] Task 6aca9774-10db-424a-afd2-845b4fce845a | ITER: 7 START
2019-10-28 00:48:21.962 8288 INFO rally.task.runner [-] Task 6aca9774-10db-424a-afd2-845b4fce845a | ITER: 2 END: OK
2019-10-28 00:48:21.966 8288 INFO rally.task.runner [-] Task 6aca9774-10db-424a-afd2-845b4fce845a | ITER: 8 START
2019-10-28 00:48:22.320 8287 INFO rally.task.runner [-] Task 6aca9774-10db-424a-afd2-845b4fce845a | ITER: 5 END: OK
2019-10-28 00:48:22.324 8287 INFO rally.task.runner [-] Task 6aca9774-10db-424a-afd2-845b4fce845a | ITER: 9 START
2019-10-28 00:48:22.401 8290 INFO rally.task.runner [-] Task 6aca9774-10db-424a-afd2-845b4fce845a | ITER: 7 END: OK
2019-10-28 00:48:22.402 8289 INFO rally.task.runner [-] Task 6aca9774-10db-424a-afd2-845b4fce845a | ITER: 6 END: OK
2019-10-28 00:48:22.404 8290 INFO rally.task.runner [-] Task 6aca9774-10db-424a-afd2-845b4fce845a | ITER: 10 START
2019-10-28 00:48:22.411 8288 INFO rally.task.runner [-] Task 6aca9774-10db-424a-afd2-845b4fce845a | ITER: 8 END: OK
2019-10-28 00:48:22.695 8287 INFO rally.task.runner [-] Task 6aca9774-10db-424a-afd2-845b4fce845a | ITER: 9 END: OK
2019-10-28 00:48:22.784 8290 INFO rally.task.runner [-] Task 6aca9774-10db-424a-afd2-845b4fce845a | ITER: 10 END: OK
2019-10-28 00:48:22.805 6547 INFO rally.task.context [-] Task 6aca9774-10db-424a-afd2-845b4fce845a | Context cleanup@openstack cleanup() started
2019-10-28 00:48:22.809 6547 RALLYDEBUG rally_openstack.cleanup.manager [-] Cleaning up gnocchi resource objects
2019-10-28 00:48:24.153 6547 RALLYDEBUG rally_openstack.cleanup.manager [-] Deleting gnocchi.resource object s_rally_5049feb8_fC5EIDCf (9dc6775a-56a7-55c5-982d-e72e96acbd0c)
2019-10-28 00:48:24.163 6547 RALLYDEBUG rally_openstack.cleanup.manager [-] Deleting gnocchi.resource object s_rally_5049feb8_MYFVsRjE (e62ffeb1-12cd-59e2-9a13-24c612be0dee)
2019-10-28 00:48:24.171 6547 RALLYDEBUG rally_openstack.cleanup.manager [-] Deleting gnocchi.resource object s_rally_5049feb8_TP3Dctai (22cf2bfc-589d-59b3-9605-7675a8c68b2a)
2019-10-28 00:48:24.175 6547 RALLYDEBUG rally_openstack.cleanup.manager [-] Deleting gnocchi.resource object s_rally_5049feb8_FrZaMG5Z (663f298f-b734-51b8-9492-ec600e641de5)
2019-10-28 00:48:24.192 6547 RALLYDEBUG rally_openstack.cleanup.manager [-] Deleting gnocchi.resource object s_rally_5049feb8_VJj2xxJR (a8c5fc90-0299-5c53-a597-9918a6b99db4)
2019-10-28 00:48:24.196 6547 RALLYDEBUG rally_openstack.cleanup.manager [-] Deleting gnocchi.resource object s_rally_5049feb8_SRo23dTk (063409e6-b014-5550-a7a2-5dd368524fb2)
2019-10-28 00:48:24.205 6547 RALLYDEBUG rally_openstack.cleanup.manager [-] Deleting gnocchi.resource object s_rally_5049feb8_pAZWGKsN (c71a6079-3874-50fb-a5c6-4593b287fe80)
2019-10-28 00:48:24.362 6547 RALLYDEBUG rally_openstack.cleanup.manager [-] Deleting gnocchi.resource object s_rally_5049feb8_m2f3VkuF (189ba050-f526-5906-98c8-712cf5e86f51)
2019-10-28 00:48:24.364 6547 RALLYDEBUG rally_openstack.cleanup.manager [-] Deleting gnocchi.resource object s_rally_5049feb8_gPhyvLSt (b3b94563-8b40-5bdb-90a3-73c6f1bc79d9)
2019-10-28 00:48:24.379 6547 RALLYDEBUG rally_openstack.cleanup.manager [-] Deleting gnocchi.resource object s_rally_5049feb8_kljWY6fI (dd9b735f-6799-5b42-bcf6-194a9436b739)
2019-10-28 00:48:25.887 6547 INFO rally.task.context [-] Task 6aca9774-10db-424a-afd2-845b4fce845a | Context cleanup@openstack cleanup() finished in 3.08 sec
2019-10-28 00:48:25.887 6547 INFO rally.task.context [-] Task 6aca9774-10db-424a-afd2-845b4fce845a | Context users@openstack cleanup() started
2019-10-28 00:48:29.943 6547 INFO rally.task.context [-] Task 6aca9774-10db-424a-afd2-845b4fce845a | Context users@openstack cleanup() finished in 4.06 sec
2019-10-28 00:48:30.974 6547 INFO rally.task.engine [-] Load duration is: 1.37406
2019-10-28 00:48:30.974 6547 INFO rally.task.engine [-] Full runner duration is: 1.414849
2019-10-28 00:48:30.975 6547 INFO rally.task.engine [-] Full duration is: 11.103943
2019-10-28 00:48:31.273 6547 INFO rally.task.engine [-] Running workload: position = 0 config = { "version": 2, "title": "A cropped version of a bigger task.", "description": "Auto-generated task from a single workload (uuid=b6095080-96bb-4658-b0c6-ebe183c31599)", "subtasks": [ { "title": "GnocchiResource.create_delete_resource", "description": "Create resource and then delete it.", "scenario": { "GnocchiResource.create_delete_resource": {} }, "contexts": { "users": { "tenants": 3, "users_per_tenant": 2 } }, "runner": { "constant": { "concurrency": 4, "times": 10 } }, "hooks": [], "sla": { "failure_rate": { "max": 0 } } } ] }
2019-10-28 00:48:31.296 6547 RALLYDEBUG rally_openstack.contexts.keystone.users [-] Creating 3 tenants using 20 threads
2019-10-28 00:48:32.323 6547 RALLYDEBUG rally_openstack.contexts.keystone.users [-] Creating 6 users using 20 threads
2019-10-28 00:48:33.810 6547 INFO rally.task.context [-] Task 6aca9774-10db-424a-afd2-845b4fce845a | Context users@openstack setup() finished in 2.51 sec
2019-10-28 00:48:33.810 6547 INFO rally.task.context [-] Task 6aca9774-10db-424a-afd2-845b4fce845a | Context cleanup@openstack setup() finished in 0.01 msec
2019-10-28 00:48:33.819 6547 RALLYDEBUG rally.task.runner [-] Starting the constant runner (task UUID: 6aca9774-10db-424a-afd2-845b4fce845a). times: 10 concurrency: 4 timeout: 0 max_cpu_used: 16 processes_to_start: 4 concurrency_per_worker: 1 concurrency_overhead: 0
2019-10-28 00:48:33.830 8411 RALLYDEBUG rally.task.runner [-] Starting a worker. times: 10 duration: None concurrency: 1 timeout: 0 cls: method_name: run args: {}
2019-10-28 00:48:33.833 8412 RALLYDEBUG rally.task.runner [-] Starting a worker. times: 10 duration: None concurrency: 1 timeout: 0 cls: method_name: run args: {}
2019-10-28 00:48:33.837 8411 INFO rally.task.runner [-] Task 6aca9774-10db-424a-afd2-845b4fce845a | ITER: 1 START
2019-10-28 00:48:33.838 8413 RALLYDEBUG rally.task.runner [-] Starting a worker. times: 10 duration: None concurrency: 1 timeout: 0 cls: method_name: run args: {}
2019-10-28 00:48:33.839 8412 INFO rally.task.runner [-] Task 6aca9774-10db-424a-afd2-845b4fce845a | ITER: 2 START
2019-10-28 00:48:33.842 8415 RALLYDEBUG rally.task.runner [-] Starting a worker. times: 10 duration: None concurrency: 1 timeout: 0 cls: method_name: run args: {}
2019-10-28 00:48:33.844 8413 INFO rally.task.runner [-] Task 6aca9774-10db-424a-afd2-845b4fce845a | ITER: 3 START
2019-10-28 00:48:33.848 8415 INFO rally.task.runner [-] Task 6aca9774-10db-424a-afd2-845b4fce845a | ITER: 4 START
2019-10-28 00:48:34.375 8411 INFO rally.task.runner [-] Task 6aca9774-10db-424a-afd2-845b4fce845a | ITER: 1 END: OK
2019-10-28 00:48:34.376 8415 INFO rally.task.runner [-] Task 6aca9774-10db-424a-afd2-845b4fce845a | ITER: 4 END: OK
2019-10-28 00:48:34.376 8413 INFO rally.task.runner [-] Task 6aca9774-10db-424a-afd2-845b4fce845a | ITER: 3 END: OK
2019-10-28 00:48:34.380 8411 INFO rally.task.runner [-] Task 6aca9774-10db-424a-afd2-845b4fce845a | ITER: 5 START
2019-10-28 00:48:34.381 8415 INFO rally.task.runner [-] Task 6aca9774-10db-424a-afd2-845b4fce845a | ITER: 6 START
2019-10-28 00:48:34.381 8413 INFO rally.task.runner [-] Task 6aca9774-10db-424a-afd2-845b4fce845a | ITER: 7 START
2019-10-28 00:48:34.411 8412 INFO rally.task.runner [-] Task 6aca9774-10db-424a-afd2-845b4fce845a | ITER: 2 END: OK
2019-10-28 00:48:34.416 8412 INFO rally.task.runner [-] Task 6aca9774-10db-424a-afd2-845b4fce845a | ITER: 8 START
2019-10-28 00:48:34.773 8415 INFO rally.task.runner [-] Task 6aca9774-10db-424a-afd2-845b4fce845a | ITER: 6 END: OK
2019-10-28 00:48:34.777 8415 INFO rally.task.runner [-] Task 6aca9774-10db-424a-afd2-845b4fce845a | ITER: 9 START
2019-10-28 00:48:34.817 8412 INFO rally.task.runner [-] Task 6aca9774-10db-424a-afd2-845b4fce845a | ITER: 8 END: OK
2019-10-28 00:48:34.820 8412 INFO rally.task.runner [-] Task 6aca9774-10db-424a-afd2-845b4fce845a | ITER: 10 START
2019-10-28 00:48:34.847 8413 INFO rally.task.runner [-] Task 6aca9774-10db-424a-afd2-845b4fce845a | ITER: 7 END: OK
2019-10-28 00:48:34.921 8411 INFO rally.task.runner [-] Task 6aca9774-10db-424a-afd2-845b4fce845a | ITER: 5 END: OK
2019-10-28 00:48:35.170 8415 INFO rally.task.runner [-] Task 6aca9774-10db-424a-afd2-845b4fce845a | ITER: 9 END: OK
2019-10-28 00:48:35.226 8412 INFO rally.task.runner [-] Task 6aca9774-10db-424a-afd2-845b4fce845a | ITER: 10 END: OK
2019-10-28 00:48:35.253 6547 INFO rally.task.context [-] Task 6aca9774-10db-424a-afd2-845b4fce845a | Context cleanup@openstack cleanup() started
2019-10-28 00:48:35.257 6547 RALLYDEBUG rally_openstack.cleanup.manager [-] Cleaning up gnocchi resource objects
2019-10-28 00:48:36.554 6547 INFO rally.task.context [-] Task 6aca9774-10db-424a-afd2-845b4fce845a | Context cleanup@openstack cleanup() finished in 1.30 sec
2019-10-28 00:48:36.554 6547 INFO rally.task.context [-] Task 6aca9774-10db-424a-afd2-845b4fce845a | Context users@openstack cleanup() started
2019-10-28 00:48:40.668 6547 INFO rally.task.context [-] Task 6aca9774-10db-424a-afd2-845b4fce845a | Context users@openstack cleanup() finished in 4.11 sec
2019-10-28 00:48:41.361 6547 INFO rally.task.engine [-] Load duration is: 1.387263
2019-10-28 00:48:41.361 6547 INFO rally.task.engine [-] Full runner duration is: 1.43414
2019-10-28 00:48:41.362 6547 INFO rally.task.engine [-] Full duration is: 9.373936
2019-10-28 00:48:41.608 6547 INFO rally.task.engine [-] Task 6aca9774-10db-424a-afd2-845b4fce845a | Completed: Running task.
2019-10-28 00:48:43.135 8493 RALLYDEBUG rally.api [-] INFO logs from urllib3 and requests module are hide.
2019-10-28 00:48:43.135 8493 RALLYDEBUG rally.api [-] urllib3 insecure warnings are hidden.
2019-10-28 00:48:43.135 8493 RALLYDEBUG rally.api [-] ERROR log from boto module is hide.
2019-10-28 00:48:44.353 8494 RALLYDEBUG rally.api [-] INFO logs from urllib3 and requests module are hide.
2019-10-28 00:48:44.354 8494 RALLYDEBUG rally.api [-] urllib3 insecure warnings are hidden.
2019-10-28 00:48:44.354 8494 RALLYDEBUG rally.api [-] ERROR log from boto module is hide.
2019-10-28 00:48:45.606 8495 RALLYDEBUG rally.api [-] INFO logs from urllib3 and requests module are hide.
2019-10-28 00:48:45.607 8495 RALLYDEBUG rally.api [-] urllib3 insecure warnings are hidden.
2019-10-28 00:48:45.607 8495 RALLYDEBUG rally.api [-] ERROR log from boto module is hide.
2019-10-28 00:48:47.299 8495 INFO rally.api [-] Building 'json' report for the following task(s): '6aca9774-10db-424a-afd2-845b4fce845a'.
2019-10-28 00:48:47.320 8495 INFO rally.api [-] The report has been successfully built.
2019-10-28 00:48:48.708 8497 RALLYDEBUG rally.api [-] INFO logs from urllib3 and requests module are hide.
2019-10-28 00:48:48.709 8497 RALLYDEBUG rally.api [-] urllib3 insecure warnings are hidden.
2019-10-28 00:48:48.709 8497 RALLYDEBUG rally.api [-] ERROR log from boto module is hide.
2019-10-28 00:48:50.611 8497 INFO rally.task.engine [-] Task 71ae9cba-0fe3-4da6-a923-2d2d6f3e1957 | Starting: Task validation.
2019-10-28 00:48:50.673 8497 INFO rally.task.engine [-] Task 71ae9cba-0fe3-4da6-a923-2d2d6f3e1957 | Starting: Task validation of syntax.
2019-10-28 00:48:50.870 8497 INFO rally.task.engine [-] Task 71ae9cba-0fe3-4da6-a923-2d2d6f3e1957 | Completed: Task validation of syntax.
2019-10-28 00:48:50.871 8497 INFO rally.task.engine [-] Task 71ae9cba-0fe3-4da6-a923-2d2d6f3e1957 | Starting: Task validation of required platforms.
2019-10-28 00:48:50.950 8497 INFO rally.task.engine [-] Task 71ae9cba-0fe3-4da6-a923-2d2d6f3e1957 | Completed: Task validation of required platforms.
2019-10-28 00:48:50.950 8497 INFO rally.task.engine [-] Task 71ae9cba-0fe3-4da6-a923-2d2d6f3e1957 | Starting: Task validation of semantic.
2019-10-28 00:48:50.951 8497 INFO rally.task.engine [-] Check health of the environment '14d1cdf6-4063-414e-94ac-aa0149de702c'.
2019-10-28 00:48:51.916 8497 INFO rally.task.engine [-] Platform existing@openstack (available: True): OK!
2019-10-28 00:48:51.935 8497 RALLYDEBUG rally_openstack.contexts.keystone.users [-] Creating 1 tenants using 20 threads
2019-10-28 00:48:52.775 8497 RALLYDEBUG rally_openstack.contexts.keystone.users [-] Creating 1 users using 20 threads
2019-10-28 00:48:54.168 8497 INFO rally.task.context [-] Task 71ae9cba-0fe3-4da6-a923-2d2d6f3e1957 | Context users@openstack setup() finished in 2.23 sec
2019-10-28 00:48:54.868 8497 RALLYDEBUG rally_openstack.contexts.keystone.roles [-] Adding role heat_stack_owner having ID 8ca31992548b441886267677a8dd0f84 to all users using 30 threads
2019-10-28 00:48:56.885 8497 RALLYDEBUG rally_openstack.contexts.keystone.roles [-] Removing assigned role 8ca31992548b441886267677a8dd0f84 from all users
2019-10-28 00:48:58.702 8497 RALLYDEBUG rally_openstack.contexts.keystone.roles [-] Adding role heat_stack_owner having ID 8ca31992548b441886267677a8dd0f84 to all users using 30 threads
2019-10-28 00:49:00.145 8497 RALLYDEBUG rally_openstack.contexts.keystone.roles [-] Removing assigned role 8ca31992548b441886267677a8dd0f84 from all users
2019-10-28 00:49:01.978 8497 RALLYDEBUG rally_openstack.contexts.keystone.roles [-] Adding role heat_stack_owner having ID 8ca31992548b441886267677a8dd0f84 to all users using 30 threads
2019-10-28 00:49:03.571 8497 RALLYDEBUG rally_openstack.contexts.keystone.roles [-] Removing assigned role 8ca31992548b441886267677a8dd0f84 from all users
2019-10-28 00:49:05.398 8497 RALLYDEBUG rally_openstack.contexts.keystone.roles [-] Adding role heat_stack_owner having ID 8ca31992548b441886267677a8dd0f84 to all users using 30 threads
2019-10-28 00:49:06.610 8497 RALLYDEBUG rally_openstack.contexts.keystone.roles [-] Removing assigned role 8ca31992548b441886267677a8dd0f84 from all users
2019-10-28 00:49:08.453 8497 RALLYDEBUG rally_openstack.contexts.keystone.roles [-] Adding role heat_stack_owner having ID 8ca31992548b441886267677a8dd0f84 to all users using 30 threads
2019-10-28 00:49:09.642 8497 RALLYDEBUG rally_openstack.contexts.keystone.roles [-] Removing assigned role 8ca31992548b441886267677a8dd0f84 from all users
2019-10-28 00:49:11.465 8497 RALLYDEBUG rally_openstack.contexts.keystone.roles [-] Adding role heat_stack_owner having ID 8ca31992548b441886267677a8dd0f84 to all users using 30 threads
2019-10-28 00:49:12.662 8497 RALLYDEBUG rally_openstack.contexts.keystone.roles [-] Removing assigned role 8ca31992548b441886267677a8dd0f84 from all users
2019-10-28 00:49:14.506 8497 RALLYDEBUG rally_openstack.contexts.keystone.roles [-] Adding role heat_stack_owner having ID 8ca31992548b441886267677a8dd0f84 to all users using 30 threads
2019-10-28 00:49:15.678 8497 RALLYDEBUG rally_openstack.contexts.keystone.roles [-] Removing assigned role 8ca31992548b441886267677a8dd0f84 from all users
2019-10-28 00:49:17.499 8497 RALLYDEBUG rally_openstack.contexts.keystone.roles [-] Adding role heat_stack_owner having ID 8ca31992548b441886267677a8dd0f84 to all users using 30 threads
2019-10-28 00:49:18.712 8497 RALLYDEBUG rally_openstack.contexts.keystone.roles [-] Removing assigned role 8ca31992548b441886267677a8dd0f84 from all users
2019-10-28 00:49:20.512 8497 RALLYDEBUG rally_openstack.contexts.keystone.roles [-] Adding role heat_stack_owner having ID 8ca31992548b441886267677a8dd0f84 to all users using 30 threads
2019-10-28 00:49:21.757 8497 RALLYDEBUG rally_openstack.contexts.keystone.roles [-] Removing assigned role 8ca31992548b441886267677a8dd0f84 from all users
2019-10-28 00:49:23.614 8497 RALLYDEBUG rally_openstack.contexts.keystone.roles [-] Adding role heat_stack_owner having ID 8ca31992548b441886267677a8dd0f84 to all users using 30 threads
2019-10-28 00:49:24.813 8497 RALLYDEBUG rally_openstack.contexts.keystone.roles [-] Removing assigned role 8ca31992548b441886267677a8dd0f84 from all users
2019-10-28 00:49:26.650 8497 RALLYDEBUG rally_openstack.contexts.keystone.roles [-] Adding role heat_stack_owner having ID 8ca31992548b441886267677a8dd0f84 to all users using 30 threads
2019-10-28 00:49:27.855 8497 RALLYDEBUG rally_openstack.contexts.keystone.roles [-] Removing assigned role 8ca31992548b441886267677a8dd0f84 from all users
2019-10-28 00:49:29.696 8497 RALLYDEBUG rally_openstack.contexts.keystone.roles [-] Adding role heat_stack_owner having ID 8ca31992548b441886267677a8dd0f84 to all users using 30 threads
2019-10-28 00:49:31.154 8497 RALLYDEBUG rally_openstack.contexts.keystone.roles [-] Removing assigned role 8ca31992548b441886267677a8dd0f84 from all users
2019-10-28 00:49:32.608 8497 INFO rally.task.context [-] Task 71ae9cba-0fe3-4da6-a923-2d2d6f3e1957 | Context users@openstack cleanup() started
2019-10-28 00:49:35.291 8497 INFO rally.task.context [-] Task 71ae9cba-0fe3-4da6-a923-2d2d6f3e1957 | Context users@openstack cleanup() finished in 2.68 sec
2019-10-28 00:49:35.291 8497 INFO rally.task.engine [-] Task 71ae9cba-0fe3-4da6-a923-2d2d6f3e1957 | Completed: Task validation of semantic.
2019-10-28 00:49:35.292 8497 INFO rally.task.engine [-] Task 71ae9cba-0fe3-4da6-a923-2d2d6f3e1957 | Completed: Task validation.
2019-10-28 00:49:35.292 8497 INFO rally.api [-] Task 71ae9cba-0fe3-4da6-a923-2d2d6f3e1957 input file is valid.
2019-10-28 00:49:35.292 8497 INFO rally.api [-] Run Task 71ae9cba-0fe3-4da6-a923-2d2d6f3e1957 against Deployment 14d1cdf6-4063-414e-94ac-aa0149de702c
2019-10-28 00:49:35.293 8497 INFO rally.task.engine [-] Task 71ae9cba-0fe3-4da6-a923-2d2d6f3e1957 | Starting: Running task.
