2019-10-28 00:32:26.560 2605 INFO rally.task.runner [-] Task fce3fcdf-c1f2-4016-ae60-c76cd79b21b7 | ITER: 9 END: OK
2019-10-28 00:32:26.609 2603 INFO rally.task.runner [-] Task fce3fcdf-c1f2-4016-ae60-c76cd79b21b7 | ITER: 10 END: OK
2019-10-28 00:32:26.638 1845 INFO rally.task.context [-] Task fce3fcdf-c1f2-4016-ae60-c76cd79b21b7 | Context cleanup@openstack cleanup() started
2019-10-28 00:32:26.641 1845 RALLYDEBUG rally_openstack.cleanup.manager [-] Cleaning up cinder backups objects
2019-10-28 00:32:27.862 1845 RALLYDEBUG rally_openstack.cleanup.manager [-] Cleaning up cinder volume_snapshots objects
2019-10-28 00:32:28.994 1845 RALLYDEBUG rally_openstack.cleanup.manager [-] Cleaning up cinder transfers objects
2019-10-28 00:32:30.090 1845 RALLYDEBUG rally_openstack.cleanup.manager [-] Cleaning up cinder volumes objects
2019-10-28 00:32:31.285 1845 RALLYDEBUG rally_openstack.cleanup.manager [-] Deleting cinder.volumes object s_rally_278adc34_OTB5NRFB (977a4fda-547a-4a2c-b6c3-5d59f31838fc)
2019-10-28 00:32:31.294 1845 RALLYDEBUG rally_openstack.cleanup.manager [-] Deleting cinder.volumes object s_rally_278adc34_aSAsgwY5 (a7367a93-ce38-41fa-9ea8-cee665f2541d)
2019-10-28 00:32:31.302 1845 RALLYDEBUG rally_openstack.cleanup.manager [-] Deleting cinder.volumes object s_rally_278adc34_rkYvZ010 (95318945-c540-47ca-810a-7c1330c7cefd)
2019-10-28 00:32:31.311 1845 RALLYDEBUG rally_openstack.cleanup.manager [-] Deleting cinder.volumes object s_rally_278adc34_6p1Ikvq9 (52b7e9eb-5e51-4bfa-b0a7-3bfd7304c174)
2019-10-28 00:32:31.320 1845 RALLYDEBUG rally_openstack.cleanup.manager [-] Deleting cinder.volumes object s_rally_278adc34_Of7dNdbk (074a6050-0eab-415a-9d17-f16712578b6f)
2019-10-28 00:32:31.329 1845 RALLYDEBUG rally_openstack.cleanup.manager [-] Deleting cinder.volumes object s_rally_278adc34_qYOzzcEh (abadd847-75d6-4ded-bb87-db234604d2e7)
2019-10-28 00:32:31.359 1845 RALLYDEBUG rally_openstack.cleanup.manager [-] Deleting cinder.volumes object s_rally_278adc34_XVMAKkiR (eefe15f2-fa19-43f8-838a-4efd997c3816)
2019-10-28 00:32:31.367 1845 RALLYDEBUG rally_openstack.cleanup.manager [-] Deleting cinder.volumes object s_rally_278adc34_XiXIx4zX (9e1133e9-2d07-475c-b719-98aec154ef6d)
2019-10-28 00:32:31.385 1845 RALLYDEBUG rally_openstack.cleanup.manager [-] Deleting cinder.volumes object s_rally_278adc34_P5xXjd8m (1a5edecc-8757-4d35-ad9b-92e64f498e79)
2019-10-28 00:32:31.395 1845 RALLYDEBUG rally_openstack.cleanup.manager [-] Deleting cinder.volumes object s_rally_278adc34_jUx1E7Xg (0f0cc285-43b5-4804-b68e-640e2e85d385)
2019-10-28 00:32:35.137 1845 INFO rally.task.context [-] Task fce3fcdf-c1f2-4016-ae60-c76cd79b21b7 | Context cleanup@openstack cleanup() finished in 8.50 sec
2019-10-28 00:32:35.138 1845 INFO rally.task.context [-] Task fce3fcdf-c1f2-4016-ae60-c76cd79b21b7 | Context quotas@openstack cleanup() started
2019-10-28 00:32:35.219 1845 INFO rally.task.context [-] Task fce3fcdf-c1f2-4016-ae60-c76cd79b21b7 | Context quotas@openstack cleanup() finished in 81.32 msec
2019-10-28 00:32:35.220 1845 INFO rally.task.context [-] Task fce3fcdf-c1f2-4016-ae60-c76cd79b21b7 | Context api_versions@openstack cleanup() started
2019-10-28 00:32:35.220 1845 INFO rally.task.context [-] Task fce3fcdf-c1f2-4016-ae60-c76cd79b21b7 | Context api_versions@openstack cleanup() finished in 0.39 msec
2019-10-28 00:32:35.221 1845 INFO rally.task.context [-] Task fce3fcdf-c1f2-4016-ae60-c76cd79b21b7 | Context users@openstack cleanup() started
2019-10-28 00:32:39.384 1845 INFO rally.task.context [-] Task fce3fcdf-c1f2-4016-ae60-c76cd79b21b7 | Context users@openstack cleanup() finished in 4.16 sec
2019-10-28 00:32:40.884 1845 INFO rally.task.engine [-] Load duration is: 8.235369
2019-10-28 00:32:40.885 1845 INFO rally.task.engine [-] Full runner duration is: 8.289109
2019-10-28 00:32:40.885 1845 INFO rally.task.engine [-] Full duration is: 24.657238
2019-10-28 00:32:41.182 1845 INFO rally.task.engine [-] Running workload: position = 0 config = { "version": 2, "title": "A cropped version of a bigger task.", "description": "Auto-generated task from a single workload (uuid=5ee55383-5830-420e-8ed2-95fa842e08b2)", "subtasks": [ { "title": "CinderVolumes.create_and_upload_volume_to_image", "description": "Create and upload a volume to image.", "scenario": { "CinderVolumes.create_and_upload_volume_to_image": { "container_format": "bare", "disk_format": "raw", "do_delete": true, "force": false, "size": 1 } }, "contexts": { "users": { "tenants": 3, "users_per_tenant": 2 }, "quotas": { "cinder": { "gigabytes": -1, "snapshots": -1, "volumes": -1 } }, "api_versions": { "cinder": { "version": 3, "service_type": "volumev3" } } }, "runner": { "constant": { "concurrency": 4, "times": 10 } }, "hooks": [], "sla": { "failure_rate": { "max": 0 } } } ] }
2019-10-28 00:32:41.209 1845 RALLYDEBUG rally_openstack.contexts.keystone.users [-] Creating 3 tenants using 20 threads
2019-10-28 00:32:42.266 1845 RALLYDEBUG rally_openstack.contexts.keystone.users [-] Creating 6 users using 20 threads
2019-10-28 00:32:43.783 1845 INFO rally.task.context [-] Task fce3fcdf-c1f2-4016-ae60-c76cd79b21b7 | Context users@openstack setup() finished in 2.57 sec
2019-10-28 00:32:44.186 1845 INFO rally.task.context [-] Task fce3fcdf-c1f2-4016-ae60-c76cd79b21b7 | Context api_versions@openstack setup() finished in 0.40 sec
2019-10-28 00:32:44.986 1845 INFO rally.task.context [-] Task fce3fcdf-c1f2-4016-ae60-c76cd79b21b7 | Context quotas@openstack setup() finished in 0.80 sec
2019-10-28 00:32:44.987 1845 INFO rally.task.context [-] Task fce3fcdf-c1f2-4016-ae60-c76cd79b21b7 | Context cleanup@openstack setup() finished in 0.01 msec
2019-10-28 00:32:44.997 1845 RALLYDEBUG rally.task.runner [-] Starting the constant runner (task UUID: fce3fcdf-c1f2-4016-ae60-c76cd79b21b7). times: 10 concurrency: 4 timeout: 0 max_cpu_used: 16 processes_to_start: 4 concurrency_per_worker: 1 concurrency_overhead: 0
2019-10-28 00:32:45.008 2785 RALLYDEBUG rally.task.runner [-] Starting a worker. times: 10 duration: None concurrency: 1 timeout: 0 cls: method_name: run args: {"container_format": "bare", "disk_format": "raw", "do_delete": true, "force": false, "size": 1}
2019-10-28 00:32:45.012 2786 RALLYDEBUG rally.task.runner [-] Starting a worker. times: 10 duration: None concurrency: 1 timeout: 0 cls: method_name: run args: {"container_format": "bare", "disk_format": "raw", "do_delete": true, "force": false, "size": 1}
2019-10-28 00:32:45.016 2785 INFO rally.task.runner [-] Task fce3fcdf-c1f2-4016-ae60-c76cd79b21b7 | ITER: 1 START
2019-10-28 00:32:45.016 2787 RALLYDEBUG rally.task.runner [-] Starting a worker. times: 10 duration: None concurrency: 1 timeout: 0 cls: method_name: run args: {"container_format": "bare", "disk_format": "raw", "do_delete": true, "force": false, "size": 1}
2019-10-28 00:32:45.019 2786 INFO rally.task.runner [-] Task fce3fcdf-c1f2-4016-ae60-c76cd79b21b7 | ITER: 2 START
2019-10-28 00:32:45.019 2788 RALLYDEBUG rally.task.runner [-] Starting a worker. times: 10 duration: None concurrency: 1 timeout: 0 cls: method_name: run args: {"container_format": "bare", "disk_format": "raw", "do_delete": true, "force": false, "size": 1}
2019-10-28 00:32:45.023 2787 INFO rally.task.runner [-] Task fce3fcdf-c1f2-4016-ae60-c76cd79b21b7 | ITER: 3 START
2019-10-28 00:32:45.026 2788 INFO rally.task.runner [-] Task fce3fcdf-c1f2-4016-ae60-c76cd79b21b7 | ITER: 4 START
2019-10-28 00:32:48.245 2786 RALLYDEBUG rally.task.utils [-] Waiting for resource s_rally_5ee55383_iuvf9FRF. Status changed: AVAILABLE => UPLOADING in 0.04915189743041992
2019-10-28 00:32:48.636 2787 RALLYDEBUG rally.task.utils [-] Waiting for resource s_rally_5ee55383_RJJT3hOu. Status changed: AVAILABLE => UPLOADING in 0.05544304847717285
2019-10-28 00:32:48.654 2785 RALLYDEBUG rally.task.utils [-] Waiting for resource s_rally_5ee55383_dPpy3xCC. Status changed: AVAILABLE => UPLOADING in 0.06936025619506836
2019-10-28 00:32:48.675 2788 RALLYDEBUG rally.task.utils [-] Waiting for resource s_rally_5ee55383_Ju0DkmWq. Status changed: AVAILABLE => UPLOADING in 0.05369091033935547
2019-10-28 00:32:57.252 2788 RALLYDEBUG rally.task.utils [-] Waiting for resource s_rally_5ee55383_Ju0DkmWq. Status changed: UPLOADING => AVAILABLE in 8.576403856277466
2019-10-28 00:32:57.438 2788 RALLYDEBUG rally.task.utils [-] Waiting for resource s_rally_5ee55383_Ju0DkmWq. Status changed: AVAILABLE => DELETING in 0.051833152770996094
2019-10-28 00:32:59.033 2785 RALLYDEBUG rally.task.utils [-] Waiting for resource s_rally_5ee55383_dPpy3xCC. Status changed: UPLOADING => AVAILABLE in 10.379358768463135
2019-10-28 00:32:59.188 2787 RALLYDEBUG rally.task.utils [-] Waiting for resource s_rally_5ee55383_RJJT3hOu. Status changed: UPLOADING => AVAILABLE in 10.551823854446411
2019-10-28 00:32:59.215 2785 RALLYDEBUG rally.task.utils [-] Waiting for resource s_rally_5ee55383_dPpy3xCC. Status changed: AVAILABLE => DELETING in 0.05961012840270996
2019-10-28 00:32:59.361 2787 RALLYDEBUG rally.task.utils [-] Waiting for resource s_rally_5ee55383_RJJT3hOu. Status changed: AVAILABLE => DELETING in 0.06039094924926758
2019-10-28 00:33:00.273 2788 INFO rally.task.runner [-] Task fce3fcdf-c1f2-4016-ae60-c76cd79b21b7 | ITER: 4 END: OK
2019-10-28 00:33:00.278 2788 INFO rally.task.runner [-] Task fce3fcdf-c1f2-4016-ae60-c76cd79b21b7 | ITER: 5 START
2019-10-28 00:33:00.798 2786 RALLYDEBUG rally.task.utils [-] Waiting for resource s_rally_5ee55383_iuvf9FRF. Status changed: UPLOADING => AVAILABLE in 12.553004741668701
2019-10-28 00:33:00.981 2786 RALLYDEBUG rally.task.utils [-] Waiting for resource s_rally_5ee55383_iuvf9FRF. Status changed: AVAILABLE => DELETING in 0.06300997734069824
2019-10-28 00:33:01.446 2785 INFO rally.task.runner [-] Task fce3fcdf-c1f2-4016-ae60-c76cd79b21b7 | ITER: 1 END: OK
2019-10-28 00:33:01.451 2785 INFO rally.task.runner [-] Task fce3fcdf-c1f2-4016-ae60-c76cd79b21b7 | ITER: 6 START
2019-10-28 00:33:01.585 2787 INFO rally.task.runner [-] Task fce3fcdf-c1f2-4016-ae60-c76cd79b21b7 | ITER: 3 END: OK
2019-10-28 00:33:01.590 2787 INFO rally.task.runner [-] Task fce3fcdf-c1f2-4016-ae60-c76cd79b21b7 | ITER: 7 START
2019-10-28 00:33:03.313 2786 INFO rally.task.runner [-] Task fce3fcdf-c1f2-4016-ae60-c76cd79b21b7 | ITER: 2 END: OK
2019-10-28 00:33:03.318 2786 INFO rally.task.runner [-] Task fce3fcdf-c1f2-4016-ae60-c76cd79b21b7 | ITER: 8 START
2019-10-28 00:33:03.604 2788 RALLYDEBUG rally.task.utils [-] Waiting for resource s_rally_5ee55383_8xGmoUcd. Status changed: AVAILABLE => UPLOADING in 0.05223488807678223
2019-10-28 00:33:04.728 2787 RALLYDEBUG rally.task.utils [-] Waiting for resource s_rally_5ee55383_T3T6VI2n. Status changed: AVAILABLE => UPLOADING in 0.053876399993896484
2019-10-28 00:33:04.767 2785 RALLYDEBUG rally.task.utils [-] Waiting for resource s_rally_5ee55383_Zf94fQKV. Status changed: AVAILABLE => UPLOADING in 0.0636453628540039
2019-10-28 00:33:06.639 2786 RALLYDEBUG rally.task.utils [-] Waiting for resource s_rally_5ee55383_4Hf1cSBB. Status changed: AVAILABLE => UPLOADING in 0.05753612518310547
2019-10-28 00:33:12.989 2787 RALLYDEBUG rally.task.utils [-] Waiting for resource s_rally_5ee55383_T3T6VI2n. Status changed: UPLOADING => AVAILABLE in 8.261353969573975
2019-10-28 00:33:13.221 2787 RALLYDEBUG rally.task.utils [-] Waiting for resource s_rally_5ee55383_T3T6VI2n. Status changed: AVAILABLE => DELETING in 0.053220272064208984
2019-10-28 00:33:13.455 2785 RALLYDEBUG rally.task.utils [-] Waiting for resource s_rally_5ee55383_Zf94fQKV. Status changed: UPLOADING => AVAILABLE in 8.688871622085571
2019-10-28 00:33:13.699 2785 RALLYDEBUG rally.task.utils [-] Waiting for resource s_rally_5ee55383_Zf94fQKV. Status changed: AVAILABLE => DELETING in 0.05156302452087402
2019-10-28 00:33:16.006 2787 INFO rally.task.runner [-] Task fce3fcdf-c1f2-4016-ae60-c76cd79b21b7 | ITER: 7 END: OK
2019-10-28 00:33:16.010 2787 INFO rally.task.runner [-] Task fce3fcdf-c1f2-4016-ae60-c76cd79b21b7 | ITER: 9 START
2019-10-28 00:33:16.024 2788 RALLYDEBUG rally.task.utils [-] Waiting for resource s_rally_5ee55383_8xGmoUcd. Status changed: UPLOADING => AVAILABLE in 12.419491052627563
2019-10-28 00:33:16.201 2788 RALLYDEBUG rally.task.utils [-] Waiting for resource s_rally_5ee55383_8xGmoUcd. Status changed: AVAILABLE => DELETING in 0.06342339515686035
2019-10-28 00:33:16.534 2785 INFO rally.task.runner [-] Task fce3fcdf-c1f2-4016-ae60-c76cd79b21b7 | ITER: 6 END: OK
2019-10-28 00:33:16.540 2785 INFO rally.task.runner [-] Task fce3fcdf-c1f2-4016-ae60-c76cd79b21b7 | ITER: 10 START
2019-10-28 00:33:18.817 2788 INFO rally.task.runner [-] Task fce3fcdf-c1f2-4016-ae60-c76cd79b21b7 | ITER: 5 END: OK
2019-10-28 00:33:19.008 2786 RALLYDEBUG rally.task.utils [-] Waiting for resource s_rally_5ee55383_4Hf1cSBB. Status changed: UPLOADING => AVAILABLE in 12.368890762329102
2019-10-28 00:33:19.194 2786 RALLYDEBUG rally.task.utils [-] Waiting for resource s_rally_5ee55383_4Hf1cSBB. Status changed: AVAILABLE => DELETING in 0.05837225914001465
2019-10-28 00:33:19.310 2787 RALLYDEBUG rally.task.utils [-] Waiting for resource s_rally_5ee55383_CkZk1emR. Status changed: AVAILABLE => UPLOADING in 0.05379343032836914
2019-10-28 00:33:19.772 2785 RALLYDEBUG rally.task.utils [-] Waiting for resource s_rally_5ee55383_uEhHywl1. Status changed: AVAILABLE => UPLOADING in 0.07312798500061035
2019-10-28 00:33:21.421 2786 INFO rally.task.runner [-] Task fce3fcdf-c1f2-4016-ae60-c76cd79b21b7 | ITER: 8 END: OK
2019-10-28 00:33:31.676 2787 RALLYDEBUG rally.task.utils [-] Waiting for resource s_rally_5ee55383_CkZk1emR. Status changed: UPLOADING => AVAILABLE in 12.365517854690552
2019-10-28 00:33:31.857 2787 RALLYDEBUG rally.task.utils [-] Waiting for resource s_rally_5ee55383_CkZk1emR. Status changed: AVAILABLE => DELETING in 0.05662345886230469
2019-10-28 00:33:32.118 2785 RALLYDEBUG rally.task.utils [-] Waiting for resource s_rally_5ee55383_uEhHywl1. Status changed: UPLOADING => AVAILABLE in 12.34590768814087
2019-10-28 00:33:32.313 2785 RALLYDEBUG rally.task.utils [-] Waiting for resource s_rally_5ee55383_uEhHywl1. Status changed: AVAILABLE => DELETING in 0.060272932052612305
2019-10-28 00:33:34.121 2787 INFO rally.task.runner [-] Task fce3fcdf-c1f2-4016-ae60-c76cd79b21b7 | ITER: 9 END: OK
2019-10-28 00:33:34.644 2785 INFO rally.task.runner [-] Task fce3fcdf-c1f2-4016-ae60-c76cd79b21b7 | ITER: 10 END: OK
2019-10-28 00:33:34.672 1845 INFO rally.task.context [-] Task fce3fcdf-c1f2-4016-ae60-c76cd79b21b7 | Context cleanup@openstack cleanup() started
2019-10-28 00:33:34.677 1845 RALLYDEBUG rally_openstack.cleanup.manager [-] Cleaning up cinder backups objects
2019-10-28 00:33:35.954 1845 RALLYDEBUG rally_openstack.cleanup.manager [-] Cleaning up cinder volume_snapshots objects
2019-10-28 00:33:37.101 1845 RALLYDEBUG rally_openstack.cleanup.manager [-] Cleaning up cinder transfers objects
2019-10-28 00:33:38.248 1845 RALLYDEBUG rally_openstack.cleanup.manager [-] Cleaning up cinder volumes objects
2019-10-28 00:33:39.422 1845 RALLYDEBUG rally_openstack.cleanup.manager [-] Cleaning up glance images objects
2019-10-28 00:33:40.687 1845 INFO rally.task.context [-] Task fce3fcdf-c1f2-4016-ae60-c76cd79b21b7 | Context cleanup@openstack cleanup() finished in 6.01 sec
2019-10-28 00:33:40.687 1845 INFO rally.task.context [-] Task fce3fcdf-c1f2-4016-ae60-c76cd79b21b7 | Context quotas@openstack cleanup() started
2019-10-28 00:33:40.760 1845 INFO rally.task.context [-] Task fce3fcdf-c1f2-4016-ae60-c76cd79b21b7 | Context quotas@openstack cleanup() finished in 72.45 msec
2019-10-28 00:33:40.760 1845 INFO rally.task.context [-] Task fce3fcdf-c1f2-4016-ae60-c76cd79b21b7 | Context api_versions@openstack cleanup() started
2019-10-28 00:33:40.761 1845 INFO rally.task.context [-] Task fce3fcdf-c1f2-4016-ae60-c76cd79b21b7 | Context api_versions@openstack cleanup() finished in 0.36 msec
2019-10-28 00:33:40.761 1845 INFO rally.task.context [-] Task fce3fcdf-c1f2-4016-ae60-c76cd79b21b7 | Context users@openstack cleanup() started
2019-10-28 00:33:44.746 1845 INFO rally.task.context [-] Task fce3fcdf-c1f2-4016-ae60-c76cd79b21b7 | Context users@openstack cleanup() finished in 3.98 sec
2019-10-28 00:33:45.520 1845 INFO rally.task.engine [-] Load duration is: 49.021767
2019-10-28 00:33:45.521 1845 INFO rally.task.engine [-] Full runner duration is: 49.675687
2019-10-28 00:33:45.521 1845 INFO rally.task.engine [-] Full duration is: 63.539474
2019-10-28 00:33:45.783 1845 INFO rally.task.engine [-] Running workload: position = 0 config = { "version": 2, "title": "A cropped version of a bigger task.", "description": "Auto-generated task from a single workload (uuid=08ca2b1e-c6ee-4cad-9f35-a9d2c9921e74)", "subtasks": [ { "title": "CinderVolumes.create_nested_snapshots_and_attach_volume", "description": "Create a volume from snapshot and attach/detach the volume", "scenario": { "CinderVolumes.create_nested_snapshots_and_attach_volume": { "flavor": { "name": "rally_full-flavor_94399dd7-70e5-4767-b49a-8f67339bf77d" }, "image": { "name": "rally_full-img_94399dd7-70e5-4767-b49a-8f67339bf77d" }, "nested_level": 1, "size": { "max": 1, "min": 1 }, "create_vm_params": { "nics": [ { "net-id": "2381ea0d-4449-473e-9297-21732a0ea467" } ] } } }, "contexts": { "users": { "tenants": 3, "users_per_tenant": 2 }, "quotas": { "cinder": { "gigabytes": -1, "snapshots": -1, "volumes": -1 } }, "api_versions": { "cinder": { "version": 3, "service_type": "volumev3" } } }, "runner": { "constant": { "concurrency": 4, "times": 10 } }, "hooks": [], "sla": { "failure_rate": { "max": 0 } } } ] }
2019-10-28 00:33:45.810 1845 RALLYDEBUG rally_openstack.contexts.keystone.users [-] Creating 3 tenants using 20 threads
2019-10-28 00:33:46.788 1845 RALLYDEBUG rally_openstack.contexts.keystone.users [-] Creating 6 users using 20 threads
2019-10-28 00:33:48.260 1845 INFO rally.task.context [-] Task fce3fcdf-c1f2-4016-ae60-c76cd79b21b7 | Context users@openstack setup() finished in 2.45 sec
2019-10-28 00:33:48.625 1845 INFO rally.task.context [-] Task fce3fcdf-c1f2-4016-ae60-c76cd79b21b7 | Context api_versions@openstack setup() finished in 0.36 sec
2019-10-28 00:33:49.385 1845 INFO rally.task.context [-] Task fce3fcdf-c1f2-4016-ae60-c76cd79b21b7 | Context quotas@openstack setup() finished in 0.76 sec
2019-10-28 00:33:49.385 1845 INFO rally.task.context [-] Task fce3fcdf-c1f2-4016-ae60-c76cd79b21b7 | Context cleanup@openstack setup() finished in 0.02 msec
2019-10-28 00:33:50.344 1845 RALLYDEBUG rally.task.runner [-] Starting the constant runner (task UUID: fce3fcdf-c1f2-4016-ae60-c76cd79b21b7). times: 10 concurrency: 4 timeout: 0 max_cpu_used: 16 processes_to_start: 4 concurrency_per_worker: 1 concurrency_overhead: 0
2019-10-28 00:33:50.356 2989 RALLYDEBUG rally.task.runner [-] Starting a worker. times: 10 duration: None concurrency: 1 timeout: 0 cls: method_name: run args: {"flavor": "f6e16333-aeab-48e5-b309-0e3bdd356d36", "image": "557170a9-5025-4cf4-a927-2cc8be496f7e", "nested_level": 1, "size": {"max": 1, "min": 1}, "create_vm_params": {"nics": [{"net-id": "2381ea0d-4449-473e-9297-21732a0ea467"}]}}
2019-10-28 00:33:50.360 2990 RALLYDEBUG rally.task.runner [-] Starting a worker. times: 10 duration: None concurrency: 1 timeout: 0 cls: method_name: run args: {"flavor": "f6e16333-aeab-48e5-b309-0e3bdd356d36", "image": "557170a9-5025-4cf4-a927-2cc8be496f7e", "nested_level": 1, "size": {"max": 1, "min": 1}, "create_vm_params": {"nics": [{"net-id": "2381ea0d-4449-473e-9297-21732a0ea467"}]}}
2019-10-28 00:33:50.364 2989 INFO rally.task.runner [-] Task fce3fcdf-c1f2-4016-ae60-c76cd79b21b7 | ITER: 1 START
2019-10-28 00:33:50.364 2991 RALLYDEBUG rally.task.runner [-] Starting a worker. times: 10 duration: None concurrency: 1 timeout: 0 cls: method_name: run args: {"flavor": "f6e16333-aeab-48e5-b309-0e3bdd356d36", "image": "557170a9-5025-4cf4-a927-2cc8be496f7e", "nested_level": 1, "size": {"max": 1, "min": 1}, "create_vm_params": {"nics": [{"net-id": "2381ea0d-4449-473e-9297-21732a0ea467"}]}}
2019-10-28 00:33:50.367 2990 INFO rally.task.runner [-] Task fce3fcdf-c1f2-4016-ae60-c76cd79b21b7 | ITER: 2 START
2019-10-28 00:33:50.369 2993 RALLYDEBUG rally.task.runner [-] Starting a worker. times: 10 duration: None concurrency: 1 timeout: 0 cls: method_name: run args: {"flavor": "f6e16333-aeab-48e5-b309-0e3bdd356d36", "image": "557170a9-5025-4cf4-a927-2cc8be496f7e", "nested_level": 1, "size": {"max": 1, "min": 1}, "create_vm_params": {"nics": [{"net-id": "2381ea0d-4449-473e-9297-21732a0ea467"}]}}
2019-10-28 00:33:50.372 2991 INFO rally.task.runner [-] Task fce3fcdf-c1f2-4016-ae60-c76cd79b21b7 | ITER: 3 START
2019-10-28 00:33:50.375 2993 INFO rally.task.runner [-] Task fce3fcdf-c1f2-4016-ae60-c76cd79b21b7 | ITER: 4 START
2019-10-28 00:33:57.930 2991 RALLYDEBUG rally.task.utils [-] Waiting for resource s_rally_08ca2b1e_8cTZYzZR. Status changed: BUILD => ACTIVE in 4.998279809951782
2019-10-28 00:33:57.941 2993 RALLYDEBUG rally.task.utils [-] Waiting for resource s_rally_08ca2b1e_RhJN0Pcl. Status changed: BUILD => ACTIVE in 4.89605188369751
2019-10-28 00:33:59.873 2989 RALLYDEBUG rally.task.utils [-] Waiting for resource s_rally_08ca2b1e_shdj6PLB. Status changed: BUILD => ACTIVE in 7.040905475616455
2019-10-28 00:34:00.149 2990 RALLYDEBUG rally.task.utils [-] Waiting for resource s_rally_08ca2b1e_5VU0f6Sf. Status changed: BUILD => ACTIVE in 6.8749799728393555
2019-10-28 00:34:03.182 2991 RALLYDEBUG rally.task.utils [-] Waiting for resource s_rally_08ca2b1e_wXMDLNdK. Status changed: AVAILABLE => RESERVED in 0.4144740104675293
2019-10-28 00:34:03.437 2993 RALLYDEBUG rally.task.utils [-] Waiting for resource s_rally_08ca2b1e_C82epHxs. Status changed: AVAILABLE => RESERVED in 0.4200413227081299
2019-10-28 00:34:05.389 2989 RALLYDEBUG rally.task.utils [-] Waiting for resource s_rally_08ca2b1e_LSQMTFJH. Status changed: AVAILABLE => RESERVED in 0.38647007942199707
2019-10-28 00:34:05.528 2990 RALLYDEBUG rally.task.utils [-] Waiting for resource s_rally_08ca2b1e_5OKOokRz. Status changed: AVAILABLE => RESERVED in 0.40688514709472656
2019-10-28 00:34:05.582 2991 RALLYDEBUG rally.task.utils [-] Waiting for resource s_rally_08ca2b1e_wXMDLNdK. Status changed: RESERVED => IN-USE in 2.4000611305236816
2019-10-28 00:34:05.832 2993 RALLYDEBUG rally.task.utils [-] Waiting for resource s_rally_08ca2b1e_C82epHxs. Status changed: RESERVED => IN-USE in 2.394617795944214
2019-10-28 00:34:06.174 2991 RALLYDEBUG rally.task.utils [-] Waiting for resource s_rally_08ca2b1e_wXMDLNdK. Status changed: AVAILABLE => DETACHING in 0.405733585357666
2019-10-28 00:34:06.449 2993 RALLYDEBUG rally.task.utils [-] Waiting for resource s_rally_08ca2b1e_C82epHxs. Status changed: AVAILABLE => DETACHING in 0.4073061943054199
2019-10-28 00:34:07.910 2989 RALLYDEBUG rally.task.utils [-] Waiting for resource s_rally_08ca2b1e_LSQMTFJH. Status changed: RESERVED => IN-USE in 2.5209507942199707
2019-10-28 00:34:07.925 2990 RALLYDEBUG rally.task.utils [-] Waiting for resource s_rally_08ca2b1e_5OKOokRz. Status changed: RESERVED => IN-USE in 2.3969876766204834
2019-10-28 00:34:08.492 2989 RALLYDEBUG rally.task.utils [-] Waiting for resource s_rally_08ca2b1e_LSQMTFJH. Status changed: AVAILABLE => DETACHING in 0.3894479274749756
2019-10-28 00:34:08.521 2990 RALLYDEBUG rally.task.utils [-] Waiting for resource s_rally_08ca2b1e_5OKOokRz. Status changed: AVAILABLE => DETACHING in 0.3978152275085449
2019-10-28 00:34:08.564 2991 RALLYDEBUG rally.task.utils [-] Waiting for resource s_rally_08ca2b1e_wXMDLNdK. Status changed: DETACHING => AVAILABLE in 2.3902790546417236
2019-10-28 00:34:08.651 2991 RALLYDEBUG rally.task.utils [-] Waiting for resource s_rally_08ca2b1e_vd0PXfZA. Status changed: AVAILABLE => DELETING in 0.03090047836303711
2019-10-28 00:34:08.853 2993 RALLYDEBUG rally.task.utils [-] Waiting for resource s_rally_08ca2b1e_C82epHxs. Status changed: DETACHING => AVAILABLE in 2.403320550918579
2019-10-28 00:34:08.946 2993 RALLYDEBUG rally.task.utils [-] Waiting for resource s_rally_08ca2b1e_l35ZYDz1. Status changed: AVAILABLE => DELETING in 0.0345301628112793
2019-10-28 00:34:10.804 2991 RALLYDEBUG rally.task.utils [-] Waiting for resource s_rally_08ca2b1e_wXMDLNdK. Status changed: AVAILABLE => DELETING in 0.062107086181640625
2019-10-28 00:34:10.909 2989 RALLYDEBUG rally.task.utils [-] Waiting for resource s_rally_08ca2b1e_LSQMTFJH. Status changed: DETACHING => AVAILABLE in 2.4164113998413086
2019-10-28 00:34:10.929 2990 RALLYDEBUG rally.task.utils [-] Waiting for resource s_rally_08ca2b1e_5OKOokRz. Status changed: DETACHING => AVAILABLE in 2.407454490661621
2019-10-28 00:34:10.994 2989 RALLYDEBUG rally.task.utils [-] Waiting for resource s_rally_08ca2b1e_PQTfSw77. Status changed: AVAILABLE => DELETING in 0.024865150451660156
2019-10-28 00:34:11.010 2990 RALLYDEBUG rally.task.utils [-] Waiting for resource s_rally_08ca2b1e_QPagVDC3. Status changed: AVAILABLE => DELETING in 0.024536848068237305
2019-10-28 00:34:11.087 2993 RALLYDEBUG rally.task.utils [-] Waiting for resource s_rally_08ca2b1e_C82epHxs. Status changed: AVAILABLE => DELETING in 0.05232119560241699
2019-10-28 00:34:13.154 2990 RALLYDEBUG rally.task.utils [-] Waiting for resource s_rally_08ca2b1e_5OKOokRz. Status changed: AVAILABLE => DELETING in 0.06045985221862793
2019-10-28 00:34:13.161 2989 RALLYDEBUG rally.task.utils [-] Waiting for resource s_rally_08ca2b1e_LSQMTFJH. Status changed: AVAILABLE => DELETING in 0.05378603935241699
2019-10-28 00:34:15.351 2991 INFO rally.task.runner [-] Task fce3fcdf-c1f2-4016-ae60-c76cd79b21b7 | ITER: 3 END: OK
2019-10-28 00:34:15.357 2991 INFO rally.task.runner [-] Task fce3fcdf-c1f2-4016-ae60-c76cd79b21b7 | ITER: 5 START
2019-10-28 00:34:15.571 2993 INFO rally.task.runner [-] Task fce3fcdf-c1f2-4016-ae60-c76cd79b21b7 | ITER: 4 END: OK
2019-10-28 00:34:15.577 2993 INFO rally.task.runner [-] Task fce3fcdf-c1f2-4016-ae60-c76cd79b21b7 | ITER: 6 START
2019-10-28 00:34:17.604 2990 INFO rally.task.runner [-] Task fce3fcdf-c1f2-4016-ae60-c76cd79b21b7 | ITER: 2 END: OK
2019-10-28 00:34:17.609 2990 INFO rally.task.runner [-] Task fce3fcdf-c1f2-4016-ae60-c76cd79b21b7 | ITER: 7 START
2019-10-28 00:34:17.713 2989 INFO rally.task.runner [-] Task fce3fcdf-c1f2-4016-ae60-c76cd79b21b7 | ITER: 1 END: OK
2019-10-28 00:34:17.719 2989 INFO rally.task.runner [-] Task fce3fcdf-c1f2-4016-ae60-c76cd79b21b7 | ITER: 8 START
2019-10-28 00:34:22.404 2993 RALLYDEBUG rally.task.utils [-] Waiting for resource s_rally_08ca2b1e_91YrPBc4. Status changed: BUILD => ACTIVE in 4.61602520942688
2019-10-28 00:34:22.528 2991 RALLYDEBUG rally.task.utils [-] Waiting for resource s_rally_08ca2b1e_a8se46JE. Status changed: BUILD => ACTIVE in 4.615947961807251
2019-10-28 00:34:27.261 2989 RALLYDEBUG rally.task.utils [-] Waiting for resource s_rally_08ca2b1e_gQC67WYI. Status changed: BUILD => ACTIVE in 6.945044040679932
2019-10-28 00:34:27.599 2993 RALLYDEBUG rally.task.utils [-] Waiting for resource s_rally_08ca2b1e_JgoxfVzj. Status changed: AVAILABLE => RESERVED in 0.3896944522857666
2019-10-28 00:34:27.739 2991 RALLYDEBUG rally.task.utils [-] Waiting for resource s_rally_08ca2b1e_uxRgA3XZ. Status changed: AVAILABLE => RESERVED in 0.40628910064697266
2019-10-28 00:34:29.000 2990 RALLYDEBUG rally.task.utils [-] Waiting for resource s_rally_08ca2b1e_cgAx1Rgn. Status changed: BUILD => ACTIVE in 9.12406325340271
2019-10-28 00:34:30.007 2993 RALLYDEBUG rally.task.utils [-] Waiting for resource s_rally_08ca2b1e_JgoxfVzj. Status changed: RESERVED => IN-USE in 2.407393455505371
2019-10-28 00:34:30.144 2991 RALLYDEBUG rally.task.utils [-] Waiting for resource s_rally_08ca2b1e_uxRgA3XZ. Status changed: RESERVED => IN-USE in 2.405306100845337
2019-10-28 00:34:30.572 2993 RALLYDEBUG rally.task.utils [-] Waiting for resource s_rally_08ca2b1e_JgoxfVzj. Status changed: AVAILABLE => DETACHING in 0.4033536911010742
2019-10-28 00:34:30.709 2991 RALLYDEBUG rally.task.utils [-] Waiting for resource s_rally_08ca2b1e_uxRgA3XZ. Status changed: AVAILABLE => DETACHING in 0.41194701194763184
2019-10-28 00:34:32.436 2989 RALLYDEBUG rally.task.utils [-] Waiting for resource s_rally_08ca2b1e_JR30RaVN. Status changed: AVAILABLE => RESERVED in 0.39351987838745117
2019-10-28 00:34:32.987 2993 RALLYDEBUG rally.task.utils [-] Waiting for resource s_rally_08ca2b1e_JgoxfVzj. Status changed: DETACHING => AVAILABLE in 2.4151017665863037
2019-10-28 00:34:33.080 2993 RALLYDEBUG rally.task.utils [-] Waiting for resource s_rally_08ca2b1e_HwfXbsCu. Status changed: AVAILABLE => DELETING in 0.024858713150024414
2019-10-28 00:34:33.111 2991 RALLYDEBUG rally.task.utils [-] Waiting for resource s_rally_08ca2b1e_uxRgA3XZ. Status changed: DETACHING => AVAILABLE in 2.402371644973755
2019-10-28 00:34:33.201 2991 RALLYDEBUG rally.task.utils [-] Waiting for resource s_rally_08ca2b1e_bJVvqvzS. Status changed: AVAILABLE => DELETING in 0.02540731430053711
2019-10-28 00:34:34.244 2990 RALLYDEBUG rally.task.utils [-] Waiting for resource s_rally_08ca2b1e_9y980XDr. Status changed: AVAILABLE => RESERVED in 0.40044069290161133
2019-10-28 00:34:34.870 2989 RALLYDEBUG rally.task.utils [-] Waiting for resource s_rally_08ca2b1e_JR30RaVN. Status changed: RESERVED => IN-USE in 2.4342715740203857
2019-10-28 00:34:35.212 2993 RALLYDEBUG rally.task.utils [-] Waiting for resource s_rally_08ca2b1e_JgoxfVzj. Status changed: AVAILABLE => DELETING in 0.05409598350524902
2019-10-28 00:34:35.333 2991 RALLYDEBUG rally.task.utils [-] Waiting for resource s_rally_08ca2b1e_uxRgA3XZ. Status changed: AVAILABLE => DELETING in 0.05253267288208008
2019-10-28 00:34:35.448 2989 RALLYDEBUG rally.task.utils [-] Waiting for resource s_rally_08ca2b1e_JR30RaVN. Status changed: AVAILABLE => DETACHING in 0.41371941566467285
2019-10-28 00:34:36.682 2990 RALLYDEBUG rally.task.utils [-] Waiting for resource s_rally_08ca2b1e_9y980XDr. Status changed: RESERVED => IN-USE in 2.437588691711426
2019-10-28 00:34:37.398 2990 RALLYDEBUG rally.task.utils [-] Waiting for resource s_rally_08ca2b1e_9y980XDr. Status changed: AVAILABLE => DETACHING in 0.4215078353881836
2019-10-28 00:34:37.859 2989 RALLYDEBUG rally.task.utils [-] Waiting for resource s_rally_08ca2b1e_JR30RaVN. Status changed: DETACHING => AVAILABLE in 2.4109046459198
2019-10-28 00:34:37.945 2989 RALLYDEBUG rally.task.utils [-] Waiting for resource s_rally_08ca2b1e_ewuYihXn. Status changed: AVAILABLE => DELETING in 0.024795055389404297
2019-10-28 00:34:39.704 2991 INFO rally.task.runner [-] Task fce3fcdf-c1f2-4016-ae60-c76cd79b21b7 | ITER: 5 END: OK
2019-10-28 00:34:39.708 2991 INFO rally.task.runner [-] Task fce3fcdf-c1f2-4016-ae60-c76cd79b21b7 | ITER: 9 START
2019-10-28 00:34:39.731 2993 INFO rally.task.runner [-] Task fce3fcdf-c1f2-4016-ae60-c76cd79b21b7 | ITER: 6 END: OK
2019-10-28 00:34:39.736 2993 INFO rally.task.runner [-] Task fce3fcdf-c1f2-4016-ae60-c76cd79b21b7 | ITER: 10 START
2019-10-28 00:34:39.816 2990 RALLYDEBUG rally.task.utils [-] Waiting for resource s_rally_08ca2b1e_9y980XDr. Status changed: DETACHING => AVAILABLE in 2.4178638458251953
2019-10-28 00:34:39.911 2990 RALLYDEBUG rally.task.utils [-] Waiting for resource s_rally_08ca2b1e_TPEN5cGW. Status changed: AVAILABLE => DELETING in 0.02754521369934082
2019-10-28 00:34:40.080 2989 RALLYDEBUG rally.task.utils [-] Waiting for resource s_rally_08ca2b1e_JR30RaVN. Status changed: AVAILABLE => DELETING in 0.05521512031555176
2019-10-28 00:34:42.041 2990 RALLYDEBUG rally.task.utils [-] Waiting for resource s_rally_08ca2b1e_9y980XDr. Status changed: AVAILABLE => DELETING in 0.050852298736572266
2019-10-28 00:34:44.516 2989 INFO rally.task.runner [-] Task fce3fcdf-c1f2-4016-ae60-c76cd79b21b7 | ITER: 8 END: OK
2019-10-28 00:34:46.452 2990 INFO rally.task.runner [-] Task fce3fcdf-c1f2-4016-ae60-c76cd79b21b7 | ITER: 7 END: OK
2019-10-28 00:34:46.606 2993 RALLYDEBUG rally.task.utils [-] Waiting for resource s_rally_08ca2b1e_S3qMn8vm. Status changed: BUILD => ACTIVE in 4.6363513469696045
2019-10-28 00:34:47.136 2991 RALLYDEBUG rally.task.utils [-] Waiting for resource s_rally_08ca2b1e_Sf7OIgJ9. Status changed: BUILD => ACTIVE in 5.098299503326416
2019-10-28 00:34:52.031 2993 RALLYDEBUG rally.task.utils [-] Waiting for resource s_rally_08ca2b1e_purTtO4l. Status changed: AVAILABLE => RESERVED in 0.3954732418060303
2019-10-28 00:34:52.582 2991 RALLYDEBUG rally.task.utils [-] Waiting for resource s_rally_08ca2b1e_jylz59AQ. Status changed: AVAILABLE => RESERVED in 0.4254887104034424
2019-10-28 00:34:54.467 2993 RALLYDEBUG rally.task.utils [-] Waiting for resource s_rally_08ca2b1e_purTtO4l. Status changed: RESERVED => IN-USE in 2.4357686042785645
2019-10-28 00:34:54.997 2991 RALLYDEBUG rally.task.utils [-] Waiting for resource s_rally_08ca2b1e_jylz59AQ. Status changed: RESERVED => IN-USE in 2.415086269378662
2019-10-28 00:34:55.037 2993 RALLYDEBUG rally.task.utils [-] Waiting for resource s_rally_08ca2b1e_purTtO4l. Status changed: AVAILABLE => DETACHING in 0.3969845771789551
2019-10-28 00:34:55.559 2991 RALLYDEBUG rally.task.utils [-] Waiting for resource s_rally_08ca2b1e_jylz59AQ. Status changed: AVAILABLE => DETACHING in 0.40804481506347656
2019-10-28 00:34:57.453 2993 RALLYDEBUG rally.task.utils [-] Waiting for resource s_rally_08ca2b1e_purTtO4l. Status changed: DETACHING => AVAILABLE in 2.4152352809906006
2019-10-28 00:34:57.543 2993 RALLYDEBUG rally.task.utils [-] Waiting for resource s_rally_08ca2b1e_VBQC293d. Status changed: AVAILABLE => DELETING in 0.029538631439208984
2019-10-28 00:34:57.988 2991 RALLYDEBUG rally.task.utils [-] Waiting for resource s_rally_08ca2b1e_jylz59AQ. Status changed: DETACHING => AVAILABLE in 2.429231643676758
2019-10-28 00:34:58.083 2991 RALLYDEBUG rally.task.utils [-] Waiting for resource s_rally_08ca2b1e_LsUOll7U. Status changed: AVAILABLE => DELETING in 0.03504490852355957
2019-10-28 00:34:59.717 2993 RALLYDEBUG rally.task.utils [-] Waiting for resource s_rally_08ca2b1e_purTtO4l. Status changed: AVAILABLE => DELETING in 0.06447839736938477
2019-10-28 00:35:00.250 2991 RALLYDEBUG rally.task.utils [-] Waiting for resource s_rally_08ca2b1e_jylz59AQ. Status changed: AVAILABLE => DELETING in 0.06940436363220215
2019-10-28 00:35:04.209 2993 INFO rally.task.runner [-] Task fce3fcdf-c1f2-4016-ae60-c76cd79b21b7 | ITER: 10 END: OK
2019-10-28 00:35:04.694 2991 INFO rally.task.runner [-] Task fce3fcdf-c1f2-4016-ae60-c76cd79b21b7 | ITER: 9 END: OK
2019-10-28 00:35:04.723 1845 INFO rally.task.context [-] Task fce3fcdf-c1f2-4016-ae60-c76cd79b21b7 | Context cleanup@openstack cleanup() started
2019-10-28 00:35:04.729 1845 RALLYDEBUG rally_openstack.cleanup.manager [-] Cleaning up nova servers objects
2019-10-28 00:35:06.028 1845 RALLYDEBUG rally_openstack.cleanup.manager [-] Cleaning up nova server_groups objects
2019-10-28 00:35:07.162 1845 RALLYDEBUG rally_openstack.cleanup.manager [-] Cleaning up nova keypairs objects
2019-10-28 00:35:09.429 1845 RALLYDEBUG rally_openstack.cleanup.manager [-] Cleaning up cinder backups objects
2019-10-28 00:35:10.565 1845 RALLYDEBUG rally_openstack.cleanup.manager [-] Cleaning up cinder volume_snapshots objects
2019-10-28 00:35:11.691 1845 RALLYDEBUG rally_openstack.cleanup.manager [-] Cleaning up cinder transfers objects
2019-10-28 00:35:12.796 1845 RALLYDEBUG rally_openstack.cleanup.manager [-] Cleaning up cinder volumes objects
2019-10-28 00:35:13.993 1845 INFO rally.task.context [-] Task fce3fcdf-c1f2-4016-ae60-c76cd79b21b7 | Context cleanup@openstack cleanup() finished in 9.27 sec
2019-10-28 00:35:13.994 1845 INFO rally.task.context [-] Task fce3fcdf-c1f2-4016-ae60-c76cd79b21b7 | Context quotas@openstack cleanup() started
2019-10-28 00:35:14.058 1845 INFO rally.task.context [-] Task fce3fcdf-c1f2-4016-ae60-c76cd79b21b7 | Context quotas@openstack cleanup() finished in 63.90 msec
2019-10-28 00:35:14.058 1845 INFO rally.task.context [-] Task fce3fcdf-c1f2-4016-ae60-c76cd79b21b7 | Context api_versions@openstack cleanup() started
2019-10-28 00:35:14.058 1845 INFO rally.task.context [-] Task fce3fcdf-c1f2-4016-ae60-c76cd79b21b7 | Context api_versions@openstack cleanup() finished in 0.37 msec
2019-10-28 00:35:14.059 1845 INFO rally.task.context [-] Task fce3fcdf-c1f2-4016-ae60-c76cd79b21b7 | Context users@openstack cleanup() started
2019-10-28 00:35:17.840 1845 INFO rally.task.context [-] Task fce3fcdf-c1f2-4016-ae60-c76cd79b21b7 | Context users@openstack cleanup() finished in 3.78 sec
2019-10-28 00:35:18.209 1845 INFO rally.task.engine [-] Load duration is: 73.324889
2019-10-28 00:35:18.210 1845 INFO rally.task.engine [-] Full runner duration is: 74.379783
2019-10-28 00:35:18.210 1845 INFO rally.task.engine [-] Full duration is: 92.03248
2019-10-28 00:35:18.525 1845 INFO rally.task.engine [-] Running workload: position = 0 config = { "version": 2, "title": "A cropped version of a bigger task.", "description": "Auto-generated task from a single workload (uuid=63cb3bd9-bd86-41d5-8f3b-75e892352346)", "subtasks": [ { "title": "CinderVolumes.create_snapshot_and_attach_volume", "description": "Create vm, volume, snapshot and attach/detach volume.", "scenario": { "CinderVolumes.create_snapshot_and_attach_volume": { "flavor": { "name": "rally_full-flavor_94399dd7-70e5-4767-b49a-8f67339bf77d" }, "image": { "name": "rally_full-img_94399dd7-70e5-4767-b49a-8f67339bf77d" }, "size": { "min": 1, "max": 1 }, "create_vm_params": { "nics": [ { "net-id": "2381ea0d-4449-473e-9297-21732a0ea467" } ] } } }, "contexts": { "users": { "tenants": 3, "users_per_tenant": 2 }, "quotas": { "cinder": { "gigabytes": -1, "snapshots": -1, "volumes": -1 } }, "api_versions": { "cinder": { "version": 3, "service_type": "volumev3" } } }, "runner": { "constant": { "concurrency": 4, "times": 10 } }, "hooks": [], "sla": { "failure_rate": { "max": 0 } } } ] }
2019-10-28 00:35:18.550 1845 RALLYDEBUG rally_openstack.contexts.keystone.users [-] Creating 3 tenants using 20 threads
2019-10-28 00:35:19.492 1845 RALLYDEBUG rally_openstack.contexts.keystone.users [-] Creating 6 users using 20 threads
2019-10-28 00:35:20.952 1845 INFO rally.task.context [-] Task fce3fcdf-c1f2-4016-ae60-c76cd79b21b7 | Context users@openstack setup() finished in 2.40 sec
2019-10-28 00:35:21.341 1845 INFO rally.task.context [-] Task fce3fcdf-c1f2-4016-ae60-c76cd79b21b7 | Context api_versions@openstack setup() finished in 0.39 sec
2019-10-28 00:35:22.061 1845 INFO rally.task.context [-] Task fce3fcdf-c1f2-4016-ae60-c76cd79b21b7 | Context quotas@openstack setup() finished in 0.72 sec
2019-10-28 00:35:22.062 1845 INFO rally.task.context [-] Task fce3fcdf-c1f2-4016-ae60-c76cd79b21b7 | Context cleanup@openstack setup() finished in 0.02 msec
2019-10-28 00:35:23.050 1845 RALLYDEBUG rally.task.runner [-] Starting the constant runner (task UUID: fce3fcdf-c1f2-4016-ae60-c76cd79b21b7). times: 10 concurrency: 4 timeout: 0 max_cpu_used: 16 processes_to_start: 4 concurrency_per_worker: 1 concurrency_overhead: 0
2019-10-28 00:35:23.063 3233 RALLYDEBUG rally.task.runner [-] Starting a worker. times: 10 duration: None concurrency: 1 timeout: 0 cls: method_name: run args: {"flavor": "f6e16333-aeab-48e5-b309-0e3bdd356d36", "image": "557170a9-5025-4cf4-a927-2cc8be496f7e", "size": {"min": 1, "max": 1}, "create_vm_params": {"nics": [{"net-id": "2381ea0d-4449-473e-9297-21732a0ea467"}]}}
2019-10-28 00:35:23.066 3234 RALLYDEBUG rally.task.runner [-] Starting a worker. times: 10 duration: None concurrency: 1 timeout: 0 cls: method_name: run args: {"flavor": "f6e16333-aeab-48e5-b309-0e3bdd356d36", "image": "557170a9-5025-4cf4-a927-2cc8be496f7e", "size": {"min": 1, "max": 1}, "create_vm_params": {"nics": [{"net-id": "2381ea0d-4449-473e-9297-21732a0ea467"}]}}
2019-10-28 00:35:23.070 3233 INFO rally.task.runner [-] Task fce3fcdf-c1f2-4016-ae60-c76cd79b21b7 | ITER: 1 START
2019-10-28 00:35:23.070 3235 RALLYDEBUG rally.task.runner [-] Starting a worker. times: 10 duration: None concurrency: 1 timeout: 0 cls: method_name: run args: {"flavor": "f6e16333-aeab-48e5-b309-0e3bdd356d36", "image": "557170a9-5025-4cf4-a927-2cc8be496f7e", "size": {"min": 1, "max": 1}, "create_vm_params": {"nics": [{"net-id": "2381ea0d-4449-473e-9297-21732a0ea467"}]}}
2019-10-28 00:35:23.074 3234 INFO rally.task.runner [-] Task fce3fcdf-c1f2-4016-ae60-c76cd79b21b7 | ITER: 2 START
2019-10-28 00:35:23.074 3237 RALLYDEBUG rally.task.runner [-] Starting a worker. times: 10 duration: None concurrency: 1 timeout: 0 cls: method_name: run args: {"flavor": "f6e16333-aeab-48e5-b309-0e3bdd356d36", "image": "557170a9-5025-4cf4-a927-2cc8be496f7e", "size": {"min": 1, "max": 1}, "create_vm_params": {"nics": [{"net-id": "2381ea0d-4449-473e-9297-21732a0ea467"}]}}
2019-10-28 00:35:23.078 3235 INFO rally.task.runner [-] Task fce3fcdf-c1f2-4016-ae60-c76cd79b21b7 | ITER: 3 START
2019-10-28 00:35:23.081 3237 INFO rally.task.runner [-] Task fce3fcdf-c1f2-4016-ae60-c76cd79b21b7 | ITER: 4 START
2019-10-28 00:35:34.503 3234 RALLYDEBUG rally.task.utils [-] Waiting for resource s_rally_63cb3bd9_dsPVquBs. Status changed: BUILD => ACTIVE in 4.433183193206787
2019-10-28 00:35:34.894 3237 RALLYDEBUG rally.task.utils [-] Waiting for resource s_rally_63cb3bd9_5U6lmHrA. Status changed: BUILD => ACTIVE in 4.718796014785767
2019-10-28 00:35:35.239 3234 RALLYDEBUG rally.task.utils [-] Waiting for resource s_rally_63cb3bd9_5poSp37m. Status changed: AVAILABLE => RESERVED in 0.42214083671569824
2019-10-28 00:35:35.562 3237 RALLYDEBUG rally.task.utils [-] Waiting for resource s_rally_63cb3bd9_1PHo7uwJ. Status changed: AVAILABLE => RESERVED in 0.40419864654541016
2019-10-28 00:35:36.557 3233 RALLYDEBUG rally.task.utils [-] Waiting for resource s_rally_63cb3bd9_9WthCZ6b. Status changed: BUILD => ACTIVE in 6.668328046798706
2019-10-28 00:35:36.833 3235 RALLYDEBUG rally.task.utils [-] Waiting for resource s_rally_63cb3bd9_q0S8xIg5. Status changed: BUILD => ACTIVE in 6.863861799240112
2019-10-28 00:35:37.226 3233 RALLYDEBUG rally.task.utils [-] Waiting for resource s_rally_63cb3bd9_Jwjh9hnI. Status changed: AVAILABLE => RESERVED in 0.3926875591278076
2019-10-28 00:35:37.470 3235 RALLYDEBUG rally.task.utils [-] Waiting for resource s_rally_63cb3bd9_GfG10noH. Status changed: AVAILABLE => RESERVED in 0.40185070037841797
2019-10-28 00:35:37.639 3234 RALLYDEBUG rally.task.utils [-] Waiting for resource s_rally_63cb3bd9_5poSp37m. Status changed: RESERVED => IN-USE in 2.3998992443084717
2019-10-28 00:35:38.059 3237 RALLYDEBUG rally.task.utils [-] Waiting for resource s_rally_63cb3bd9_1PHo7uwJ. Status changed: RESERVED => IN-USE in 2.49790096282959
2019-10-28 00:35:38.186 3234 RALLYDEBUG rally.task.utils [-] Waiting for resource s_rally_63cb3bd9_5poSp37m. Status changed: AVAILABLE => DETACHING in 0.4071803092956543
2019-10-28 00:35:38.602 3237 RALLYDEBUG rally.task.utils [-] Waiting for resource s_rally_63cb3bd9_1PHo7uwJ. Status changed: AVAILABLE => DETACHING in 0.39346933364868164
2019-10-28 00:35:39.629 3233 RALLYDEBUG rally.task.utils [-] Waiting for resource s_rally_63cb3bd9_Jwjh9hnI. Status changed: RESERVED => IN-USE in 2.4027140140533447
2019-10-28 00:35:39.888 3235 RALLYDEBUG rally.task.utils [-] Waiting for resource s_rally_63cb3bd9_GfG10noH. Status changed: RESERVED => IN-USE in 2.4179177284240723
2019-10-28 00:35:40.200 3233 RALLYDEBUG rally.task.utils [-] Waiting for resource s_rally_63cb3bd9_Jwjh9hnI. Status changed: AVAILABLE => DETACHING in 0.40163230895996094
2019-10-28 00:35:40.439 3235 RALLYDEBUG rally.task.utils [-] Waiting for resource s_rally_63cb3bd9_GfG10noH. Status changed: AVAILABLE => DETACHING in 0.3843855857849121
2019-10-28 00:35:40.576 3234 RALLYDEBUG rally.task.utils [-] Waiting for resource s_rally_63cb3bd9_5poSp37m. Status changed: DETACHING => AVAILABLE in 2.389556646347046
2019-10-28 00:35:40.659 3234 RALLYDEBUG rally.task.utils [-] Waiting for resource s_rally_63cb3bd9_GRzIUo87. Status changed: AVAILABLE => DELETING in 0.023549318313598633
2019-10-28 00:35:40.987 3237 RALLYDEBUG rally.task.utils [-] Waiting for resource s_rally_63cb3bd9_1PHo7uwJ. Status changed: DETACHING => AVAILABLE in 2.3856356143951416
2019-10-28 00:35:41.123 3237 RALLYDEBUG rally.task.utils [-] Waiting for resource s_rally_63cb3bd9_3urmMOgb. Status changed: AVAILABLE => DELETING in 0.02769923210144043
2019-10-28 00:35:42.603 3233 RALLYDEBUG rally.task.utils [-] Waiting for resource s_rally_63cb3bd9_Jwjh9hnI. Status changed: DETACHING => AVAILABLE in 2.402259588241577
2019-10-28 00:35:42.689 3233 RALLYDEBUG rally.task.utils [-] Waiting for resource s_rally_63cb3bd9_yHL0CIql. Status changed: AVAILABLE => DELETING in 0.029754161834716797
2019-10-28 00:35:42.808 3234 RALLYDEBUG rally.task.utils [-] Waiting for resource s_rally_63cb3bd9_5poSp37m. Status changed: AVAILABLE => DELETING in 0.06377696990966797
2019-10-28 00:35:42.854 3235 RALLYDEBUG rally.task.utils [-] Waiting for resource s_rally_63cb3bd9_GfG10noH. Status changed: DETACHING => AVAILABLE in 2.414977550506592
2019-10-28 00:35:42.941 3235 RALLYDEBUG rally.task.utils [-] Waiting for resource s_rally_63cb3bd9_yAOTySJU. Status changed: AVAILABLE => DELETING in 0.027769088745117188
2019-10-28 00:35:43.265 3237 RALLYDEBUG rally.task.utils [-] Waiting for resource s_rally_63cb3bd9_1PHo7uwJ. Status changed: AVAILABLE => DELETING in 0.05963587760925293
2019-10-28 00:35:44.856 3233 RALLYDEBUG rally.task.utils [-] Waiting for resource s_rally_63cb3bd9_Jwjh9hnI. Status changed: AVAILABLE => DELETING in 0.06334519386291504
2019-10-28 00:35:45.115 3235 RALLYDEBUG rally.task.utils [-] Waiting for resource s_rally_63cb3bd9_GfG10noH. Status changed: AVAILABLE => DELETING in 0.0687112808227539
2019-10-28 00:35:47.292 3234 INFO rally.task.runner [-] Task fce3fcdf-c1f2-4016-ae60-c76cd79b21b7 | ITER: 2 END: OK
2019-10-28 00:35:47.298 3234 INFO rally.task.runner [-] Task fce3fcdf-c1f2-4016-ae60-c76cd79b21b7 | ITER: 5 START
2019-10-28 00:35:47.621 3237 INFO rally.task.runner [-] Task fce3fcdf-c1f2-4016-ae60-c76cd79b21b7 | ITER: 4 END: OK
2019-10-28 00:35:47.628 3237 INFO rally.task.runner [-] Task fce3fcdf-c1f2-4016-ae60-c76cd79b21b7 | ITER: 6 START
2019-10-28 00:35:49.322 3233 INFO rally.task.runner [-] Task fce3fcdf-c1f2-4016-ae60-c76cd79b21b7 | ITER: 1 END: OK
2019-10-28 00:35:49.329 3233 INFO rally.task.runner [-] Task fce3fcdf-c1f2-4016-ae60-c76cd79b21b7 | ITER: 7 START
2019-10-28 00:35:49.567 3235 INFO rally.task.runner [-] Task fce3fcdf-c1f2-4016-ae60-c76cd79b21b7 | ITER: 3 END: OK
2019-10-28 00:35:49.573 3235 INFO rally.task.runner [-] Task fce3fcdf-c1f2-4016-ae60-c76cd79b21b7 | ITER: 8 START
2019-10-28 00:35:57.107 3237 RALLYDEBUG rally.task.utils [-] Waiting for resource s_rally_63cb3bd9_gCcK1dPN. Status changed: BUILD => ACTIVE in 2.441251039505005
2019-10-28 00:35:57.783 3237 RALLYDEBUG rally.task.utils [-] Waiting for resource s_rally_63cb3bd9_n6uk7zKM. Status changed: AVAILABLE => RESERVED in 0.4140055179595947
2019-10-28 00:36:00.195 3237 RALLYDEBUG rally.task.utils [-] Waiting for resource s_rally_63cb3bd9_n6uk7zKM. Status changed: RESERVED => IN-USE in 2.4114747047424316
2019-10-28 00:36:00.767 3237 RALLYDEBUG rally.task.utils [-] Waiting for resource s_rally_63cb3bd9_n6uk7zKM. Status changed: AVAILABLE => DETACHING in 0.41419005393981934
2019-10-28 00:36:00.889 3235 RALLYDEBUG rally.task.utils [-] Waiting for resource s_rally_63cb3bd9_geMMFT2h. Status changed: BUILD => ACTIVE in 4.6412224769592285
2019-10-28 00:36:01.008 3234 RALLYDEBUG rally.task.utils [-] Waiting for resource s_rally_63cb3bd9_2TLqMlav. Status changed: BUILD => ACTIVE in 6.944613695144653
2019-10-28 00:36:01.681 3235 RALLYDEBUG rally.task.utils [-] Waiting for resource s_rally_63cb3bd9_Z93r4G7n. Status changed: AVAILABLE => RESERVED in 0.39321231842041016
2019-10-28 00:36:01.690 3234 RALLYDEBUG rally.task.utils [-] Waiting for resource s_rally_63cb3bd9_uRziIHHl. Status changed: AVAILABLE => RESERVED in 0.4285733699798584
2019-10-28 00:36:03.011 3233 RALLYDEBUG rally.task.utils [-] Waiting for resource s_rally_63cb3bd9_skoQVCh9. Status changed: BUILD => ACTIVE in 7.027402400970459
2019-10-28 00:36:03.177 3237 RALLYDEBUG rally.task.utils [-] Waiting for resource s_rally_63cb3bd9_n6uk7zKM. Status changed: DETACHING => AVAILABLE in 2.4095523357391357
2019-10-28 00:36:03.257 3237 RALLYDEBUG rally.task.utils [-] Waiting for resource s_rally_63cb3bd9_Zk4yxCzy. Status changed: AVAILABLE => DELETING in 0.024167776107788086
2019-10-28 00:36:03.685 3233 RALLYDEBUG rally.task.utils [-] Waiting for resource s_rally_63cb3bd9_eWc3tZxs. Status changed: AVAILABLE => RESERVED in 0.3993704319000244
2019-10-28 00:36:04.105 3234 RALLYDEBUG rally.task.utils [-] Waiting for resource s_rally_63cb3bd9_uRziIHHl. Status changed: RESERVED => IN-USE in 2.414388656616211
2019-10-28 00:36:04.219 3235 RALLYDEBUG rally.task.utils [-] Waiting for resource s_rally_63cb3bd9_Z93r4G7n. Status changed: RESERVED => IN-USE in 2.5386528968811035
2019-10-28 00:36:04.668 3234 RALLYDEBUG rally.task.utils [-] Waiting for resource s_rally_63cb3bd9_uRziIHHl. Status changed: AVAILABLE => DETACHING in 0.40963006019592285
2019-10-28 00:36:04.788 3235 RALLYDEBUG rally.task.utils [-] Waiting for resource s_rally_63cb3bd9_Z93r4G7n. Status changed: AVAILABLE => DETACHING in 0.41214537620544434
2019-10-28 00:36:05.397 3237 RALLYDEBUG rally.task.utils [-] Waiting for resource s_rally_63cb3bd9_n6uk7zKM. Status changed: AVAILABLE => DELETING in 0.055396318435668945
2019-10-28 00:36:06.088 3233 RALLYDEBUG rally.task.utils [-] Waiting for resource s_rally_63cb3bd9_eWc3tZxs. Status changed: RESERVED => IN-USE in 2.402925968170166
2019-10-28 00:36:06.676 3233 RALLYDEBUG rally.task.utils [-] Waiting for resource s_rally_63cb3bd9_eWc3tZxs. Status changed: AVAILABLE => DETACHING in 0.425048828125
2019-10-28 00:36:07.072 3234 RALLYDEBUG rally.task.utils [-] Waiting for resource s_rally_63cb3bd9_uRziIHHl. Status changed: DETACHING => AVAILABLE in 2.4039418697357178
2019-10-28 00:36:07.157 3234 RALLYDEBUG rally.task.utils [-] Waiting for resource s_rally_63cb3bd9_2qxsolFR. Status changed: AVAILABLE => DELETING in 0.02579665184020996
