2019-10-28 00:39:36.516 1845 INFO rally.task.context [-] Task fce3fcdf-c1f2-4016-ae60-c76cd79b21b7 | Context users@openstack cleanup() finished in 4.00 sec
2019-10-28 00:39:37.616 1845 INFO rally.task.engine [-] Load duration is: 14.550109
2019-10-28 00:39:37.616 1845 INFO rally.task.engine [-] Full runner duration is: 14.598641
2019-10-28 00:39:37.617 1845 INFO rally.task.engine [-] Full duration is: 27.076023
2019-10-28 00:39:37.870 1845 INFO rally.task.engine [-] Running workload: position = 1 config = { "version": 2, "title": "A cropped version of a bigger task.", "description": "Auto-generated task from a single workload (uuid=9cdc539a-927e-444c-9a0e-744565727fcb)", "subtasks": [ { "title": "CinderVolumes.create_and_delete_volume", "description": "Create and then delete a volume.", "scenario": { "CinderVolumes.create_and_delete_volume": { "image": { "name": "rally_full-img_94399dd7-70e5-4767-b49a-8f67339bf77d" }, "size": 1 } }, "contexts": { "users": { "tenants": 3, "users_per_tenant": 2 }, "quotas": { "cinder": { "gigabytes": -1, "snapshots": -1, "volumes": -1 } }, "api_versions": { "cinder": { "version": 3, "service_type": "volumev3" } } }, "runner": { "constant": { "concurrency": 4, "times": 10 } }, "hooks": [], "sla": { "failure_rate": { "max": 0 } } } ] }
2019-10-28 00:39:37.896 1845 RALLYDEBUG rally_openstack.contexts.keystone.users [-] Creating 3 tenants using 20 threads
2019-10-28 00:39:39.043 1845 RALLYDEBUG rally_openstack.contexts.keystone.users [-] Creating 6 users using 20 threads
2019-10-28 00:39:40.595 1845 INFO rally.task.context [-] Task fce3fcdf-c1f2-4016-ae60-c76cd79b21b7 | Context users@openstack setup() finished in 2.70 sec
2019-10-28 00:39:40.995 1845 INFO rally.task.context [-] Task fce3fcdf-c1f2-4016-ae60-c76cd79b21b7 | Context api_versions@openstack setup() finished in 0.40 sec
2019-10-28 00:39:41.738 1845 INFO rally.task.context [-] Task fce3fcdf-c1f2-4016-ae60-c76cd79b21b7 | Context quotas@openstack setup() finished in 0.74 sec
2019-10-28 00:39:41.738 1845 INFO rally.task.context [-] Task fce3fcdf-c1f2-4016-ae60-c76cd79b21b7 | Context cleanup@openstack setup() finished in 0.01 msec
2019-10-28 00:39:42.313 1845 RALLYDEBUG rally.task.runner [-] Starting the constant runner (task UUID: fce3fcdf-c1f2-4016-ae60-c76cd79b21b7). times: 10 concurrency: 4 timeout: 0 max_cpu_used: 16 processes_to_start: 4 concurrency_per_worker: 1 concurrency_overhead: 0
2019-10-28 00:39:42.324 4357 RALLYDEBUG rally.task.runner [-] Starting a worker. times: 10 duration: None concurrency: 1 timeout: 0 cls: method_name: run args: {"image": "557170a9-5025-4cf4-a927-2cc8be496f7e", "size": 1}
2019-10-28 00:39:42.327 4358 RALLYDEBUG rally.task.runner [-] Starting a worker. times: 10 duration: None concurrency: 1 timeout: 0 cls: method_name: run args: {"image": "557170a9-5025-4cf4-a927-2cc8be496f7e", "size": 1}
2019-10-28 00:39:42.331 4357 INFO rally.task.runner [-] Task fce3fcdf-c1f2-4016-ae60-c76cd79b21b7 | ITER: 1 START
2019-10-28 00:39:42.331 4359 RALLYDEBUG rally.task.runner [-] Starting a worker. times: 10 duration: None concurrency: 1 timeout: 0 cls: method_name: run args: {"image": "557170a9-5025-4cf4-a927-2cc8be496f7e", "size": 1}
2019-10-28 00:39:42.333 4358 INFO rally.task.runner [-] Task fce3fcdf-c1f2-4016-ae60-c76cd79b21b7 | ITER: 2 START
2019-10-28 00:39:42.340 4359 INFO rally.task.runner [-] Task fce3fcdf-c1f2-4016-ae60-c76cd79b21b7 | ITER: 3 START
2019-10-28 00:39:42.339 4362 RALLYDEBUG rally.task.runner [-] Starting a worker. times: 10 duration: None concurrency: 1 timeout: 0 cls: method_name: run args: {"image": "557170a9-5025-4cf4-a927-2cc8be496f7e", "size": 1}
2019-10-28 00:39:42.346 4362 INFO rally.task.runner [-] Task fce3fcdf-c1f2-4016-ae60-c76cd79b21b7 | ITER: 4 START
2019-10-28 00:39:57.678 4362 RALLYDEBUG rally.task.utils [-] Waiting for resource s_rally_9cdc539a_EIkH6tyB. Status changed: DOWNLOADING => AVAILABLE in 12.473742961883545
2019-10-28 00:39:57.806 4362 RALLYDEBUG rally.task.utils [-] Waiting for resource s_rally_9cdc539a_EIkH6tyB. Status changed: AVAILABLE => DELETING in 0.05840897560119629
2019-10-28 00:39:59.846 4362 INFO rally.task.runner [-] Task fce3fcdf-c1f2-4016-ae60-c76cd79b21b7 | ITER: 4 END: OK
2019-10-28 00:39:59.851 4362 INFO rally.task.runner [-] Task fce3fcdf-c1f2-4016-ae60-c76cd79b21b7 | ITER: 5 START
2019-10-28 00:40:05.915 4358 RALLYDEBUG rally.task.utils [-] Waiting for resource s_rally_9cdc539a_jLz5Kd49. Status changed: DOWNLOADING => AVAILABLE in 20.786295890808105
2019-10-28 00:40:06.047 4358 RALLYDEBUG rally.task.utils [-] Waiting for resource s_rally_9cdc539a_jLz5Kd49. Status changed: AVAILABLE => DELETING in 0.0627748966217041
2019-10-28 00:40:08.088 4358 INFO rally.task.runner [-] Task fce3fcdf-c1f2-4016-ae60-c76cd79b21b7 | ITER: 2 END: OK
2019-10-28 00:40:08.094 4358 INFO rally.task.runner [-] Task fce3fcdf-c1f2-4016-ae60-c76cd79b21b7 | ITER: 6 START
2019-10-28 00:40:15.246 4362 RALLYDEBUG rally.task.utils [-] Waiting for resource s_rally_9cdc539a_vUHhnxmz. Status changed: DOWNLOADING => AVAILABLE in 12.5514497756958
2019-10-28 00:40:15.353 4358 RALLYDEBUG rally.task.utils [-] Waiting for resource s_rally_9cdc539a_JIQa3367. Status changed: CREATING => DOWNLOADING in 4.256778240203857
2019-10-28 00:40:15.375 4362 RALLYDEBUG rally.task.utils [-] Waiting for resource s_rally_9cdc539a_vUHhnxmz. Status changed: AVAILABLE => DELETING in 0.06129193305969238
2019-10-28 00:40:21.569 4362 INFO rally.task.runner [-] Task fce3fcdf-c1f2-4016-ae60-c76cd79b21b7 | ITER: 5 END: OK
2019-10-28 00:40:21.576 4362 INFO rally.task.runner [-] Task fce3fcdf-c1f2-4016-ae60-c76cd79b21b7 | ITER: 7 START
2019-10-28 00:40:26.455 4362 RALLYDEBUG rally.task.utils [-] Waiting for resource s_rally_9cdc539a_vyGpiqc6. Status changed: CREATING => DOWNLOADING in 2.183042049407959
2019-10-28 00:40:28.009 4358 RALLYDEBUG rally.task.utils [-] Waiting for resource s_rally_9cdc539a_JIQa3367. Status changed: DOWNLOADING => AVAILABLE in 12.655712842941284
2019-10-28 00:40:28.138 4358 RALLYDEBUG rally.task.utils [-] Waiting for resource s_rally_9cdc539a_JIQa3367. Status changed: AVAILABLE => DELETING in 0.06142687797546387
2019-10-28 00:40:34.312 4358 INFO rally.task.runner [-] Task fce3fcdf-c1f2-4016-ae60-c76cd79b21b7 | ITER: 6 END: OK
2019-10-28 00:40:34.317 4358 INFO rally.task.runner [-] Task fce3fcdf-c1f2-4016-ae60-c76cd79b21b7 | ITER: 8 START
2019-10-28 00:40:37.051 4357 RALLYDEBUG rally.task.utils [-] Waiting for resource s_rally_9cdc539a_xDs87Ipz. Status changed: DOWNLOADING => AVAILABLE in 51.87230896949768
2019-10-28 00:40:37.175 4357 RALLYDEBUG rally.task.utils [-] Waiting for resource s_rally_9cdc539a_xDs87Ipz. Status changed: AVAILABLE => DELETING in 0.05991029739379883
2019-10-28 00:40:38.842 4362 RALLYDEBUG rally.task.utils [-] Waiting for resource s_rally_9cdc539a_vyGpiqc6. Status changed: DOWNLOADING => AVAILABLE in 12.387584209442139
2019-10-28 00:40:38.955 4359 RALLYDEBUG rally.task.utils [-] Waiting for resource s_rally_9cdc539a_4iZJKjSN. Status changed: DOWNLOADING => AVAILABLE in 53.80217719078064
2019-10-28 00:40:38.964 4362 RALLYDEBUG rally.task.utils [-] Waiting for resource s_rally_9cdc539a_vyGpiqc6. Status changed: AVAILABLE => DELETING in 0.05766725540161133
2019-10-28 00:40:39.074 4359 RALLYDEBUG rally.task.utils [-] Waiting for resource s_rally_9cdc539a_4iZJKjSN. Status changed: AVAILABLE => DELETING in 0.05447673797607422
2019-10-28 00:40:39.174 4358 RALLYDEBUG rally.task.utils [-] Waiting for resource s_rally_9cdc539a_mB2tbprb. Status changed: CREATING => DOWNLOADING in 2.182619333267212
2019-10-28 00:40:39.220 4357 INFO rally.task.runner [-] Task fce3fcdf-c1f2-4016-ae60-c76cd79b21b7 | ITER: 1 END: OK
2019-10-28 00:40:39.226 4357 INFO rally.task.runner [-] Task fce3fcdf-c1f2-4016-ae60-c76cd79b21b7 | ITER: 9 START
2019-10-28 00:40:41.118 4359 INFO rally.task.runner [-] Task fce3fcdf-c1f2-4016-ae60-c76cd79b21b7 | ITER: 3 END: OK
2019-10-28 00:40:41.123 4359 INFO rally.task.runner [-] Task fce3fcdf-c1f2-4016-ae60-c76cd79b21b7 | ITER: 10 START
2019-10-28 00:40:45.144 4362 INFO rally.task.runner [-] Task fce3fcdf-c1f2-4016-ae60-c76cd79b21b7 | ITER: 7 END: OK
2019-10-28 00:40:51.575 4358 RALLYDEBUG rally.task.utils [-] Waiting for resource s_rally_9cdc539a_mB2tbprb. Status changed: DOWNLOADING => AVAILABLE in 12.400570631027222
2019-10-28 00:40:51.710 4358 RALLYDEBUG rally.task.utils [-] Waiting for resource s_rally_9cdc539a_mB2tbprb. Status changed: AVAILABLE => DELETING in 0.06173086166381836
2019-10-28 00:40:53.750 4358 INFO rally.task.runner [-] Task fce3fcdf-c1f2-4016-ae60-c76cd79b21b7 | ITER: 8 END: OK
2019-10-28 00:41:02.810 4357 RALLYDEBUG rally.task.utils [-] Waiting for resource s_rally_9cdc539a_pDOMvwMj. Status changed: DOWNLOADING => AVAILABLE in 20.764909505844116
2019-10-28 00:41:02.938 4357 RALLYDEBUG rally.task.utils [-] Waiting for resource s_rally_9cdc539a_pDOMvwMj. Status changed: AVAILABLE => DELETING in 0.06168627738952637
2019-10-28 00:41:04.983 4357 INFO rally.task.runner [-] Task fce3fcdf-c1f2-4016-ae60-c76cd79b21b7 | ITER: 9 END: OK
2019-10-28 00:41:21.428 4359 RALLYDEBUG rally.task.utils [-] Waiting for resource s_rally_9cdc539a_bCNO1QAF. Status changed: DOWNLOADING => AVAILABLE in 37.316150426864624
2019-10-28 00:41:21.559 4359 RALLYDEBUG rally.task.utils [-] Waiting for resource s_rally_9cdc539a_bCNO1QAF. Status changed: AVAILABLE => DELETING in 0.05996346473693848
2019-10-28 00:41:23.618 4359 INFO rally.task.runner [-] Task fce3fcdf-c1f2-4016-ae60-c76cd79b21b7 | ITER: 10 END: OK
2019-10-28 00:41:23.648 1845 INFO rally.task.context [-] Task fce3fcdf-c1f2-4016-ae60-c76cd79b21b7 | Context cleanup@openstack cleanup() started
2019-10-28 00:41:23.651 1845 RALLYDEBUG rally_openstack.cleanup.manager [-] Cleaning up cinder backups objects
2019-10-28 00:41:24.803 1845 RALLYDEBUG rally_openstack.cleanup.manager [-] Cleaning up cinder volume_snapshots objects
2019-10-28 00:41:25.929 1845 RALLYDEBUG rally_openstack.cleanup.manager [-] Cleaning up cinder transfers objects
2019-10-28 00:41:27.053 1845 RALLYDEBUG rally_openstack.cleanup.manager [-] Cleaning up cinder volumes objects
2019-10-28 00:41:28.254 1845 INFO rally.task.context [-] Task fce3fcdf-c1f2-4016-ae60-c76cd79b21b7 | Context cleanup@openstack cleanup() finished in 4.61 sec
2019-10-28 00:41:28.254 1845 INFO rally.task.context [-] Task fce3fcdf-c1f2-4016-ae60-c76cd79b21b7 | Context quotas@openstack cleanup() started
2019-10-28 00:41:28.314 1845 INFO rally.task.context [-] Task fce3fcdf-c1f2-4016-ae60-c76cd79b21b7 | Context quotas@openstack cleanup() finished in 59.56 msec
2019-10-28 00:41:28.314 1845 INFO rally.task.context [-] Task fce3fcdf-c1f2-4016-ae60-c76cd79b21b7 | Context api_versions@openstack cleanup() started
2019-10-28 00:41:28.315 1845 INFO rally.task.context [-] Task fce3fcdf-c1f2-4016-ae60-c76cd79b21b7 | Context api_versions@openstack cleanup() finished in 0.36 msec
2019-10-28 00:41:28.315 1845 INFO rally.task.context [-] Task fce3fcdf-c1f2-4016-ae60-c76cd79b21b7 | Context users@openstack cleanup() started
2019-10-28 00:41:32.420 1845 INFO rally.task.context [-] Task fce3fcdf-c1f2-4016-ae60-c76cd79b21b7 | Context users@openstack cleanup() finished in 4.10 sec
2019-10-28 00:41:34.395 1845 INFO rally.task.engine [-] Load duration is: 101.282043
2019-10-28 00:41:34.395 1845 INFO rally.task.engine [-] Full runner duration is: 101.335324
2019-10-28 00:41:34.396 1845 INFO rally.task.engine [-] Full duration is: 114.526484
2019-10-28 00:41:34.610 1845 INFO rally.task.engine [-] Running workload: position = 2 config = { "version": 2, "title": "A cropped version of a bigger task.", "description": "Auto-generated task from a single workload (uuid=b3db954c-f85b-413a-8766-29c33b7925ac)", "subtasks": [ { "title": "CinderVolumes.create_and_delete_volume", "description": "Create and then delete a volume.", "scenario": { "CinderVolumes.create_and_delete_volume": { "size": 1 } }, "contexts": { "users": { "tenants": 3, "users_per_tenant": 2 }, "quotas": { "cinder": { "gigabytes": -1, "snapshots": -1, "volumes": -1 } }, "api_versions": { "cinder": { "version": 3, "service_type": "volumev3" } } }, "runner": { "constant": { "concurrency": 4, "times": 10 } }, "hooks": [], "sla": { "failure_rate": { "max": 0 } } } ] }
2019-10-28 00:41:34.633 1845 RALLYDEBUG rally_openstack.contexts.keystone.users [-] Creating 3 tenants using 20 threads
2019-10-28 00:41:35.608 1845 RALLYDEBUG rally_openstack.contexts.keystone.users [-] Creating 6 users using 20 threads
2019-10-28 00:41:37.097 1845 INFO rally.task.context [-] Task fce3fcdf-c1f2-4016-ae60-c76cd79b21b7 | Context users@openstack setup() finished in 2.46 sec
2019-10-28 00:41:37.482 1845 INFO rally.task.context [-] Task fce3fcdf-c1f2-4016-ae60-c76cd79b21b7 | Context api_versions@openstack setup() finished in 0.38 sec
2019-10-28 00:41:38.177 1845 INFO rally.task.context [-] Task fce3fcdf-c1f2-4016-ae60-c76cd79b21b7 | Context quotas@openstack setup() finished in 0.69 sec
2019-10-28 00:41:38.177 1845 INFO rally.task.context [-] Task fce3fcdf-c1f2-4016-ae60-c76cd79b21b7 | Context cleanup@openstack setup() finished in 0.01 msec
2019-10-28 00:41:38.187 1845 RALLYDEBUG rally.task.runner [-] Starting the constant runner (task UUID: fce3fcdf-c1f2-4016-ae60-c76cd79b21b7). times: 10 concurrency: 4 timeout: 0 max_cpu_used: 16 processes_to_start: 4 concurrency_per_worker: 1 concurrency_overhead: 0
2019-10-28 00:41:38.199 4541 RALLYDEBUG rally.task.runner [-] Starting a worker. times: 10 duration: None concurrency: 1 timeout: 0 cls: method_name: run args: {"size": 1}
2019-10-28 00:41:38.202 4542 RALLYDEBUG rally.task.runner [-] Starting a worker. times: 10 duration: None concurrency: 1 timeout: 0 cls: method_name: run args: {"size": 1}
2019-10-28 00:41:38.206 4541 INFO rally.task.runner [-] Task fce3fcdf-c1f2-4016-ae60-c76cd79b21b7 | ITER: 1 START
2019-10-28 00:41:38.206 4543 RALLYDEBUG rally.task.runner [-] Starting a worker. times: 10 duration: None concurrency: 1 timeout: 0 cls: method_name: run args: {"size": 1}
2019-10-28 00:41:38.209 4542 INFO rally.task.runner [-] Task fce3fcdf-c1f2-4016-ae60-c76cd79b21b7 | ITER: 2 START
2019-10-28 00:41:38.209 4545 RALLYDEBUG rally.task.runner [-] Starting a worker. times: 10 duration: None concurrency: 1 timeout: 0 cls: method_name: run args: {"size": 1}
2019-10-28 00:41:38.213 4543 INFO rally.task.runner [-] Task fce3fcdf-c1f2-4016-ae60-c76cd79b21b7 | ITER: 3 START
2019-10-28 00:41:38.216 4545 INFO rally.task.runner [-] Task fce3fcdf-c1f2-4016-ae60-c76cd79b21b7 | ITER: 4 START
2019-10-28 00:41:41.038 4543 RALLYDEBUG rally.task.utils [-] Waiting for resource s_rally_b3db954c_6pOPnDcd. Status changed: AVAILABLE => DELETING in 0.05290579795837402
2019-10-28 00:41:41.083 4542 RALLYDEBUG rally.task.utils [-] Waiting for resource s_rally_b3db954c_g3goosVS. Status changed: AVAILABLE => DELETING in 0.04928112030029297
2019-10-28 00:41:41.086 4541 RALLYDEBUG rally.task.utils [-] Waiting for resource s_rally_b3db954c_u8Zauw1u. Status changed: AVAILABLE => DELETING in 0.05193138122558594
2019-10-28 00:41:41.124 4545 RALLYDEBUG rally.task.utils [-] Waiting for resource s_rally_b3db954c_FAK8S2Aw. Status changed: AVAILABLE => DELETING in 0.05162954330444336
2019-10-28 00:41:43.082 4543 INFO rally.task.runner [-] Task fce3fcdf-c1f2-4016-ae60-c76cd79b21b7 | ITER: 3 END: OK
2019-10-28 00:41:43.087 4543 INFO rally.task.runner [-] Task fce3fcdf-c1f2-4016-ae60-c76cd79b21b7 | ITER: 5 START
2019-10-28 00:41:43.124 4542 INFO rally.task.runner [-] Task fce3fcdf-c1f2-4016-ae60-c76cd79b21b7 | ITER: 2 END: OK
2019-10-28 00:41:43.129 4542 INFO rally.task.runner [-] Task fce3fcdf-c1f2-4016-ae60-c76cd79b21b7 | ITER: 6 START
2019-10-28 00:41:43.134 4541 INFO rally.task.runner [-] Task fce3fcdf-c1f2-4016-ae60-c76cd79b21b7 | ITER: 1 END: OK
2019-10-28 00:41:43.138 4541 INFO rally.task.runner [-] Task fce3fcdf-c1f2-4016-ae60-c76cd79b21b7 | ITER: 7 START
2019-10-28 00:41:43.173 4545 INFO rally.task.runner [-] Task fce3fcdf-c1f2-4016-ae60-c76cd79b21b7 | ITER: 4 END: OK
2019-10-28 00:41:43.177 4545 INFO rally.task.runner [-] Task fce3fcdf-c1f2-4016-ae60-c76cd79b21b7 | ITER: 8 START
2019-10-28 00:41:45.856 4543 RALLYDEBUG rally.task.utils [-] Waiting for resource s_rally_b3db954c_2DnsexaK. Status changed: AVAILABLE => DELETING in 0.05394768714904785
2019-10-28 00:41:45.875 4542 RALLYDEBUG rally.task.utils [-] Waiting for resource s_rally_b3db954c_3uBKloml. Status changed: AVAILABLE => DELETING in 0.054863691329956055
2019-10-28 00:41:45.937 4541 RALLYDEBUG rally.task.utils [-] Waiting for resource s_rally_b3db954c_gbXqwZJs. Status changed: AVAILABLE => DELETING in 0.053046226501464844
2019-10-28 00:41:46.073 4545 RALLYDEBUG rally.task.utils [-] Waiting for resource s_rally_b3db954c_OW5RGuW1. Status changed: AVAILABLE => DELETING in 0.049588680267333984
2019-10-28 00:41:47.898 4543 INFO rally.task.runner [-] Task fce3fcdf-c1f2-4016-ae60-c76cd79b21b7 | ITER: 5 END: OK
2019-10-28 00:41:47.902 4543 INFO rally.task.runner [-] Task fce3fcdf-c1f2-4016-ae60-c76cd79b21b7 | ITER: 9 START
2019-10-28 00:41:47.916 4542 INFO rally.task.runner [-] Task fce3fcdf-c1f2-4016-ae60-c76cd79b21b7 | ITER: 6 END: OK
2019-10-28 00:41:47.919 4542 INFO rally.task.runner [-] Task fce3fcdf-c1f2-4016-ae60-c76cd79b21b7 | ITER: 10 START
2019-10-28 00:41:47.982 4541 INFO rally.task.runner [-] Task fce3fcdf-c1f2-4016-ae60-c76cd79b21b7 | ITER: 7 END: OK
2019-10-28 00:41:48.114 4545 INFO rally.task.runner [-] Task fce3fcdf-c1f2-4016-ae60-c76cd79b21b7 | ITER: 8 END: OK
2019-10-28 00:41:50.716 4542 RALLYDEBUG rally.task.utils [-] Waiting for resource s_rally_b3db954c_8fo9zXaY. Status changed: AVAILABLE => DELETING in 0.058286428451538086
2019-10-28 00:41:50.773 4543 RALLYDEBUG rally.task.utils [-] Waiting for resource s_rally_b3db954c_IJnKNWZk. Status changed: AVAILABLE => DELETING in 0.06441879272460938
2019-10-28 00:41:52.759 4542 INFO rally.task.runner [-] Task fce3fcdf-c1f2-4016-ae60-c76cd79b21b7 | ITER: 10 END: OK
2019-10-28 00:41:52.817 4543 INFO rally.task.runner [-] Task fce3fcdf-c1f2-4016-ae60-c76cd79b21b7 | ITER: 9 END: OK
2019-10-28 00:41:52.846 1845 INFO rally.task.context [-] Task fce3fcdf-c1f2-4016-ae60-c76cd79b21b7 | Context cleanup@openstack cleanup() started
2019-10-28 00:41:52.849 1845 RALLYDEBUG rally_openstack.cleanup.manager [-] Cleaning up cinder backups objects
2019-10-28 00:41:54.095 1845 RALLYDEBUG rally_openstack.cleanup.manager [-] Cleaning up cinder volume_snapshots objects
2019-10-28 00:41:55.224 1845 RALLYDEBUG rally_openstack.cleanup.manager [-] Cleaning up cinder transfers objects
2019-10-28 00:41:56.317 1845 RALLYDEBUG rally_openstack.cleanup.manager [-] Cleaning up cinder volumes objects
2019-10-28 00:41:57.491 1845 INFO rally.task.context [-] Task fce3fcdf-c1f2-4016-ae60-c76cd79b21b7 | Context cleanup@openstack cleanup() finished in 4.65 sec
2019-10-28 00:41:57.492 1845 INFO rally.task.context [-] Task fce3fcdf-c1f2-4016-ae60-c76cd79b21b7 | Context quotas@openstack cleanup() started
2019-10-28 00:41:57.561 1845 INFO rally.task.context [-] Task fce3fcdf-c1f2-4016-ae60-c76cd79b21b7 | Context quotas@openstack cleanup() finished in 69.03 msec
2019-10-28 00:41:57.561 1845 INFO rally.task.context [-] Task fce3fcdf-c1f2-4016-ae60-c76cd79b21b7 | Context api_versions@openstack cleanup() started
2019-10-28 00:41:57.562 1845 INFO rally.task.context [-] Task fce3fcdf-c1f2-4016-ae60-c76cd79b21b7 | Context api_versions@openstack cleanup() finished in 0.32 msec
2019-10-28 00:41:57.562 1845 INFO rally.task.context [-] Task fce3fcdf-c1f2-4016-ae60-c76cd79b21b7 | Context users@openstack cleanup() started
2019-10-28 00:42:01.600 1845 INFO rally.task.context [-] Task fce3fcdf-c1f2-4016-ae60-c76cd79b21b7 | Context users@openstack cleanup() finished in 4.04 sec
2019-10-28 00:42:02.794 1845 INFO rally.task.engine [-] Load duration is: 14.606945
2019-10-28 00:42:02.794 1845 INFO rally.task.engine [-] Full runner duration is: 14.659506
2019-10-28 00:42:02.795 1845 INFO rally.task.engine [-] Full duration is: 26.968898
2019-10-28 00:42:03.119 1845 INFO rally.task.engine [-] Running workload: position = 0 config = { "version": 2, "title": "A cropped version of a bigger task.", "description": "Auto-generated task from a single workload (uuid=c59dcada-4c21-4213-a4c6-1db660031863)", "subtasks": [ { "title": "CinderVolumes.create_and_extend_volume", "description": "Create and extend a volume and then delete it.", "scenario": { "CinderVolumes.create_and_extend_volume": { "new_size": 2, "size": 1 } }, "contexts": { "users": { "tenants": 3, "users_per_tenant": 2 }, "quotas": { "cinder": { "gigabytes": -1, "snapshots": -1, "volumes": -1 } }, "api_versions": { "cinder": { "version": 3, "service_type": "volumev3" } } }, "runner": { "constant": { "concurrency": 4, "times": 10 } }, "hooks": [], "sla": { "failure_rate": { "max": 0 } } } ] }
2019-10-28 00:42:03.145 1845 RALLYDEBUG rally_openstack.contexts.keystone.users [-] Creating 3 tenants using 20 threads
2019-10-28 00:42:04.143 1845 RALLYDEBUG rally_openstack.contexts.keystone.users [-] Creating 6 users using 20 threads
2019-10-28 00:42:05.654 1845 INFO rally.task.context [-] Task fce3fcdf-c1f2-4016-ae60-c76cd79b21b7 | Context users@openstack setup() finished in 2.51 sec
2019-10-28 00:42:06.033 1845 INFO rally.task.context [-] Task fce3fcdf-c1f2-4016-ae60-c76cd79b21b7 | Context api_versions@openstack setup() finished in 0.38 sec
2019-10-28 00:42:06.756 1845 INFO rally.task.context [-] Task fce3fcdf-c1f2-4016-ae60-c76cd79b21b7 | Context quotas@openstack setup() finished in 0.72 sec
2019-10-28 00:42:06.756 1845 INFO rally.task.context [-] Task fce3fcdf-c1f2-4016-ae60-c76cd79b21b7 | Context cleanup@openstack setup() finished in 0.01 msec
2019-10-28 00:42:06.765 1845 RALLYDEBUG rally.task.runner [-] Starting the constant runner (task UUID: fce3fcdf-c1f2-4016-ae60-c76cd79b21b7). times: 10 concurrency: 4 timeout: 0 max_cpu_used: 16 processes_to_start: 4 concurrency_per_worker: 1 concurrency_overhead: 0
2019-10-28 00:42:06.777 4725 RALLYDEBUG rally.task.runner [-] Starting a worker. times: 10 duration: None concurrency: 1 timeout: 0 cls: method_name: run args: {"new_size": 2, "size": 1}
2019-10-28 00:42:06.780 4726 RALLYDEBUG rally.task.runner [-] Starting a worker. times: 10 duration: None concurrency: 1 timeout: 0 cls: method_name: run args: {"new_size": 2, "size": 1}
2019-10-28 00:42:06.784 4725 INFO rally.task.runner [-] Task fce3fcdf-c1f2-4016-ae60-c76cd79b21b7 | ITER: 1 START
2019-10-28 00:42:06.784 4727 RALLYDEBUG rally.task.runner [-] Starting a worker. times: 10 duration: None concurrency: 1 timeout: 0 cls: method_name: run args: {"new_size": 2, "size": 1}
2019-10-28 00:42:06.786 4726 INFO rally.task.runner [-] Task fce3fcdf-c1f2-4016-ae60-c76cd79b21b7 | ITER: 2 START
2019-10-28 00:42:06.787 4729 RALLYDEBUG rally.task.runner [-] Starting a worker. times: 10 duration: None concurrency: 1 timeout: 0 cls: method_name: run args: {"new_size": 2, "size": 1}
2019-10-28 00:42:06.791 4727 INFO rally.task.runner [-] Task fce3fcdf-c1f2-4016-ae60-c76cd79b21b7 | ITER: 3 START
2019-10-28 00:42:06.793 4729 INFO rally.task.runner [-] Task fce3fcdf-c1f2-4016-ae60-c76cd79b21b7 | ITER: 4 START
2019-10-28 00:42:09.628 4726 RALLYDEBUG rally.task.utils [-] Waiting for resource s_rally_c59dcada_7BmjEWtc. Status changed: AVAILABLE => EXTENDING in 0.052919626235961914
2019-10-28 00:42:09.640 4727 RALLYDEBUG rally.task.utils [-] Waiting for resource s_rally_c59dcada_Asi0Jsgn. Status changed: AVAILABLE => EXTENDING in 0.05420184135437012
2019-10-28 00:42:09.734 4729 RALLYDEBUG rally.task.utils [-] Waiting for resource s_rally_c59dcada_e5ja4oxW. Status changed: AVAILABLE => EXTENDING in 0.05104994773864746
2019-10-28 00:42:09.771 4725 RALLYDEBUG rally.task.utils [-] Waiting for resource s_rally_c59dcada_KMBWme5Z. Status changed: AVAILABLE => EXTENDING in 0.052449703216552734
2019-10-28 00:42:11.694 4726 RALLYDEBUG rally.task.utils [-] Waiting for resource s_rally_c59dcada_7BmjEWtc. Status changed: EXTENDING => AVAILABLE in 2.066357135772705
2019-10-28 00:42:11.703 4727 RALLYDEBUG rally.task.utils [-] Waiting for resource s_rally_c59dcada_Asi0Jsgn. Status changed: EXTENDING => AVAILABLE in 2.063100814819336
2019-10-28 00:42:11.795 4729 RALLYDEBUG rally.task.utils [-] Waiting for resource s_rally_c59dcada_e5ja4oxW. Status changed: EXTENDING => AVAILABLE in 2.0618081092834473
2019-10-28 00:42:11.820 4726 RALLYDEBUG rally.task.utils [-] Waiting for resource s_rally_c59dcada_7BmjEWtc. Status changed: AVAILABLE => DELETING in 0.0637049674987793
2019-10-28 00:42:11.823 4727 RALLYDEBUG rally.task.utils [-] Waiting for resource s_rally_c59dcada_Asi0Jsgn. Status changed: AVAILABLE => DELETING in 0.058770179748535156
2019-10-28 00:42:11.836 4725 RALLYDEBUG rally.task.utils [-] Waiting for resource s_rally_c59dcada_KMBWme5Z. Status changed: EXTENDING => AVAILABLE in 2.064542531967163
2019-10-28 00:42:11.917 4729 RALLYDEBUG rally.task.utils [-] Waiting for resource s_rally_c59dcada_e5ja4oxW. Status changed: AVAILABLE => DELETING in 0.05688595771789551
2019-10-28 00:42:11.950 4725 RALLYDEBUG rally.task.utils [-] Waiting for resource s_rally_c59dcada_KMBWme5Z. Status changed: AVAILABLE => DELETING in 0.05524420738220215
2019-10-28 00:42:13.861 4726 INFO rally.task.runner [-] Task fce3fcdf-c1f2-4016-ae60-c76cd79b21b7 | ITER: 2 END: OK
2019-10-28 00:42:13.863 4727 INFO rally.task.runner [-] Task fce3fcdf-c1f2-4016-ae60-c76cd79b21b7 | ITER: 3 END: OK
2019-10-28 00:42:13.866 4726 INFO rally.task.runner [-] Task fce3fcdf-c1f2-4016-ae60-c76cd79b21b7 | ITER: 5 START
2019-10-28 00:42:13.868 4727 INFO rally.task.runner [-] Task fce3fcdf-c1f2-4016-ae60-c76cd79b21b7 | ITER: 6 START
2019-10-28 00:42:13.957 4729 INFO rally.task.runner [-] Task fce3fcdf-c1f2-4016-ae60-c76cd79b21b7 | ITER: 4 END: OK
2019-10-28 00:42:13.962 4729 INFO rally.task.runner [-] Task fce3fcdf-c1f2-4016-ae60-c76cd79b21b7 | ITER: 7 START
2019-10-28 00:42:13.998 4725 INFO rally.task.runner [-] Task fce3fcdf-c1f2-4016-ae60-c76cd79b21b7 | ITER: 1 END: OK
2019-10-28 00:42:14.003 4725 INFO rally.task.runner [-] Task fce3fcdf-c1f2-4016-ae60-c76cd79b21b7 | ITER: 8 START
2019-10-28 00:42:16.738 4729 RALLYDEBUG rally.task.utils [-] Waiting for resource s_rally_c59dcada_nKTie7EP. Status changed: AVAILABLE => EXTENDING in 0.055619001388549805
2019-10-28 00:42:16.758 4726 RALLYDEBUG rally.task.utils [-] Waiting for resource s_rally_c59dcada_CYzHYG2e. Status changed: AVAILABLE => EXTENDING in 0.05671548843383789
2019-10-28 00:42:16.774 4727 RALLYDEBUG rally.task.utils [-] Waiting for resource s_rally_c59dcada_H9N2ZZEp. Status changed: AVAILABLE => EXTENDING in 0.052208900451660156
2019-10-28 00:42:16.799 4725 RALLYDEBUG rally.task.utils [-] Waiting for resource s_rally_c59dcada_J5Jpebs7. Status changed: AVAILABLE => EXTENDING in 0.051804542541503906
2019-10-28 00:42:18.805 4729 RALLYDEBUG rally.task.utils [-] Waiting for resource s_rally_c59dcada_nKTie7EP. Status changed: EXTENDING => AVAILABLE in 2.066519260406494
2019-10-28 00:42:18.824 4726 RALLYDEBUG rally.task.utils [-] Waiting for resource s_rally_c59dcada_CYzHYG2e. Status changed: EXTENDING => AVAILABLE in 2.0660529136657715
2019-10-28 00:42:18.833 4727 RALLYDEBUG rally.task.utils [-] Waiting for resource s_rally_c59dcada_H9N2ZZEp. Status changed: EXTENDING => AVAILABLE in 2.059694766998291
2019-10-28 00:42:18.868 4725 RALLYDEBUG rally.task.utils [-] Waiting for resource s_rally_c59dcada_J5Jpebs7. Status changed: EXTENDING => AVAILABLE in 2.0682997703552246
2019-10-28 00:42:18.926 4729 RALLYDEBUG rally.task.utils [-] Waiting for resource s_rally_c59dcada_nKTie7EP. Status changed: AVAILABLE => DELETING in 0.058896780014038086
2019-10-28 00:42:18.934 4726 RALLYDEBUG rally.task.utils [-] Waiting for resource s_rally_c59dcada_CYzHYG2e. Status changed: AVAILABLE => DELETING in 0.051036834716796875
2019-10-28 00:42:18.950 4727 RALLYDEBUG rally.task.utils [-] Waiting for resource s_rally_c59dcada_H9N2ZZEp. Status changed: AVAILABLE => DELETING in 0.05195260047912598
2019-10-28 00:42:18.974 4725 RALLYDEBUG rally.task.utils [-] Waiting for resource s_rally_c59dcada_J5Jpebs7. Status changed: AVAILABLE => DELETING in 0.0514988899230957
2019-10-28 00:42:20.967 4729 INFO rally.task.runner [-] Task fce3fcdf-c1f2-4016-ae60-c76cd79b21b7 | ITER: 7 END: OK
2019-10-28 00:42:20.971 4729 INFO rally.task.runner [-] Task fce3fcdf-c1f2-4016-ae60-c76cd79b21b7 | ITER: 9 START
2019-10-28 00:42:20.972 4726 INFO rally.task.runner [-] Task fce3fcdf-c1f2-4016-ae60-c76cd79b21b7 | ITER: 5 END: OK
2019-10-28 00:42:20.975 4726 INFO rally.task.runner [-] Task fce3fcdf-c1f2-4016-ae60-c76cd79b21b7 | ITER: 10 START
2019-10-28 00:42:20.989 4727 INFO rally.task.runner [-] Task fce3fcdf-c1f2-4016-ae60-c76cd79b21b7 | ITER: 6 END: OK
2019-10-28 00:42:21.012 4725 INFO rally.task.runner [-] Task fce3fcdf-c1f2-4016-ae60-c76cd79b21b7 | ITER: 8 END: OK
2019-10-28 00:42:23.789 4729 RALLYDEBUG rally.task.utils [-] Waiting for resource s_rally_c59dcada_Pvw5OlaG. Status changed: AVAILABLE => EXTENDING in 0.05230569839477539
2019-10-28 00:42:23.791 4726 RALLYDEBUG rally.task.utils [-] Waiting for resource s_rally_c59dcada_bOeJa13F. Status changed: AVAILABLE => EXTENDING in 0.05515480041503906
2019-10-28 00:42:25.849 4729 RALLYDEBUG rally.task.utils [-] Waiting for resource s_rally_c59dcada_Pvw5OlaG. Status changed: EXTENDING => AVAILABLE in 2.0597376823425293
2019-10-28 00:42:25.855 4726 RALLYDEBUG rally.task.utils [-] Waiting for resource s_rally_c59dcada_bOeJa13F. Status changed: EXTENDING => AVAILABLE in 2.063990592956543
2019-10-28 00:42:25.972 4726 RALLYDEBUG rally.task.utils [-] Waiting for resource s_rally_c59dcada_bOeJa13F. Status changed: AVAILABLE => DELETING in 0.058370351791381836
2019-10-28 00:42:25.975 4729 RALLYDEBUG rally.task.utils [-] Waiting for resource s_rally_c59dcada_Pvw5OlaG. Status changed: AVAILABLE => DELETING in 0.06251358985900879
2019-10-28 00:42:28.017 4726 INFO rally.task.runner [-] Task fce3fcdf-c1f2-4016-ae60-c76cd79b21b7 | ITER: 10 END: OK
2019-10-28 00:42:28.162 4729 INFO rally.task.runner [-] Task fce3fcdf-c1f2-4016-ae60-c76cd79b21b7 | ITER: 9 END: OK
2019-10-28 00:42:28.192 1845 INFO rally.task.context [-] Task fce3fcdf-c1f2-4016-ae60-c76cd79b21b7 | Context cleanup@openstack cleanup() started
2019-10-28 00:42:28.195 1845 RALLYDEBUG rally_openstack.cleanup.manager [-] Cleaning up cinder backups objects
2019-10-28 00:42:29.440 1845 RALLYDEBUG rally_openstack.cleanup.manager [-] Cleaning up cinder volume_snapshots objects
2019-10-28 00:42:30.575 1845 RALLYDEBUG rally_openstack.cleanup.manager [-] Cleaning up cinder transfers objects
2019-10-28 00:42:31.680 1845 RALLYDEBUG rally_openstack.cleanup.manager [-] Cleaning up cinder volumes objects
2019-10-28 00:42:32.852 1845 INFO rally.task.context [-] Task fce3fcdf-c1f2-4016-ae60-c76cd79b21b7 | Context cleanup@openstack cleanup() finished in 4.66 sec
2019-10-28 00:42:32.853 1845 INFO rally.task.context [-] Task fce3fcdf-c1f2-4016-ae60-c76cd79b21b7 | Context quotas@openstack cleanup() started
2019-10-28 00:42:32.922 1845 INFO rally.task.context [-] Task fce3fcdf-c1f2-4016-ae60-c76cd79b21b7 | Context quotas@openstack cleanup() finished in 68.97 msec
2019-10-28 00:42:32.922 1845 INFO rally.task.context [-] Task fce3fcdf-c1f2-4016-ae60-c76cd79b21b7 | Context api_versions@openstack cleanup() started
2019-10-28 00:42:32.923 1845 INFO rally.task.context [-] Task fce3fcdf-c1f2-4016-ae60-c76cd79b21b7 | Context api_versions@openstack cleanup() finished in 0.34 msec
2019-10-28 00:42:32.923 1845 INFO rally.task.context [-] Task fce3fcdf-c1f2-4016-ae60-c76cd79b21b7 | Context users@openstack cleanup() started
2019-10-28 00:42:37.178 1845 INFO rally.task.context [-] Task fce3fcdf-c1f2-4016-ae60-c76cd79b21b7 | Context users@openstack cleanup() finished in 4.25 sec
2019-10-28 00:42:37.361 1845 INFO rally.task.engine [-] Load duration is: 21.373361
2019-10-28 00:42:37.361 1845 INFO rally.task.engine [-] Full runner duration is: 21.427118
2019-10-28 00:42:37.362 1845 INFO rally.task.engine [-] Full duration is: 34.034903
2019-10-28 00:42:37.710 1845 INFO rally.task.engine [-] Running workload: position = 0 config = { "version": 2, "title": "A cropped version of a bigger task.", "description": "Auto-generated task from a single workload (uuid=674ea2e0-6fcd-4a31-b216-dc976fc8cc4b)", "subtasks": [ { "title": "CinderVolumes.create_from_volume_and_delete_volume", "description": "Create volume from volume and then delete it.", "scenario": { "CinderVolumes.create_from_volume_and_delete_volume": { "size": 1 } }, "contexts": { "users": { "tenants": 3, "users_per_tenant": 2 }, "quotas": { "cinder": { "gigabytes": -1, "snapshots": -1, "volumes": -1 } }, "api_versions": { "cinder": { "version": 3, "service_type": "volumev3" } }, "volumes": { "size": 1, "volumes_per_tenant": 1 } }, "runner": { "constant": { "concurrency": 4, "times": 10 } }, "hooks": [], "sla": { "failure_rate": { "max": 0 } } } ] }
2019-10-28 00:42:37.736 1845 RALLYDEBUG rally_openstack.contexts.keystone.users [-] Creating 3 tenants using 20 threads
2019-10-28 00:42:38.729 1845 RALLYDEBUG rally_openstack.contexts.keystone.users [-] Creating 6 users using 20 threads
2019-10-28 00:42:40.282 1845 INFO rally.task.context [-] Task fce3fcdf-c1f2-4016-ae60-c76cd79b21b7 | Context users@openstack setup() finished in 2.55 sec
2019-10-28 00:42:40.671 1845 INFO rally.task.context [-] Task fce3fcdf-c1f2-4016-ae60-c76cd79b21b7 | Context api_versions@openstack setup() finished in 0.39 sec
2019-10-28 00:42:41.570 1845 INFO rally.task.context [-] Task fce3fcdf-c1f2-4016-ae60-c76cd79b21b7 | Context quotas@openstack setup() finished in 0.90 sec
2019-10-28 00:42:49.965 1845 INFO rally.task.context [-] Task fce3fcdf-c1f2-4016-ae60-c76cd79b21b7 | Context volumes@openstack setup() finished in 8.39 sec
2019-10-28 00:42:49.965 1845 INFO rally.task.context [-] Task fce3fcdf-c1f2-4016-ae60-c76cd79b21b7 | Context cleanup@openstack setup() finished in 0.01 msec
2019-10-28 00:42:49.975 1845 RALLYDEBUG rally.task.runner [-] Starting the constant runner (task UUID: fce3fcdf-c1f2-4016-ae60-c76cd79b21b7). times: 10 concurrency: 4 timeout: 0 max_cpu_used: 16 processes_to_start: 4 concurrency_per_worker: 1 concurrency_overhead: 0
2019-10-28 00:42:49.987 4909 RALLYDEBUG rally.task.runner [-] Starting a worker. times: 10 duration: None concurrency: 1 timeout: 0 cls: method_name: run args: {"size": 1}
2019-10-28 00:42:49.990 4910 RALLYDEBUG rally.task.runner [-] Starting a worker. times: 10 duration: None concurrency: 1 timeout: 0 cls: method_name: run args: {"size": 1}
2019-10-28 00:42:49.994 4909 INFO rally.task.runner [-] Task fce3fcdf-c1f2-4016-ae60-c76cd79b21b7 | ITER: 1 START
2019-10-28 00:42:49.995 4911 RALLYDEBUG rally.task.runner [-] Starting a worker. times: 10 duration: None concurrency: 1 timeout: 0 cls: method_name: run args: {"size": 1}
2019-10-28 00:42:49.997 4910 INFO rally.task.runner [-] Task fce3fcdf-c1f2-4016-ae60-c76cd79b21b7 | ITER: 2 START
2019-10-28 00:42:49.998 4913 RALLYDEBUG rally.task.runner [-] Starting a worker. times: 10 duration: None concurrency: 1 timeout: 0 cls: method_name: run args: {"size": 1}
2019-10-28 00:42:50.002 4911 INFO rally.task.runner [-] Task fce3fcdf-c1f2-4016-ae60-c76cd79b21b7 | ITER: 3 START
2019-10-28 00:42:50.005 4913 INFO rally.task.runner [-] Task fce3fcdf-c1f2-4016-ae60-c76cd79b21b7 | ITER: 4 START
2019-10-28 00:42:52.836 4909 RALLYDEBUG rally.task.utils [-] Waiting for resource s_rally_674ea2e0_DVSE0Yd7. Status changed: AVAILABLE => DELETING in 0.054271697998046875
2019-10-28 00:42:52.871 4913 RALLYDEBUG rally.task.utils [-] Waiting for resource s_rally_674ea2e0_Xwopx3bG. Status changed: AVAILABLE => DELETING in 0.05275106430053711
2019-10-28 00:42:52.945 4910 RALLYDEBUG rally.task.utils [-] Waiting for resource s_rally_674ea2e0_JbwgMEH9. Status changed: AVAILABLE => DELETING in 0.052060604095458984
2019-10-28 00:42:53.060 4911 RALLYDEBUG rally.task.utils [-] Waiting for resource s_rally_674ea2e0_jx5N5H0h. Status changed: AVAILABLE => DELETING in 0.049485206604003906
2019-10-28 00:42:54.877 4909 INFO rally.task.runner [-] Task fce3fcdf-c1f2-4016-ae60-c76cd79b21b7 | ITER: 1 END: OK
2019-10-28 00:42:54.881 4909 INFO rally.task.runner [-] Task fce3fcdf-c1f2-4016-ae60-c76cd79b21b7 | ITER: 5 START
2019-10-28 00:42:54.922 4913 INFO rally.task.runner [-] Task fce3fcdf-c1f2-4016-ae60-c76cd79b21b7 | ITER: 4 END: OK
2019-10-28 00:42:54.927 4913 INFO rally.task.runner [-] Task fce3fcdf-c1f2-4016-ae60-c76cd79b21b7 | ITER: 6 START
2019-10-28 00:42:54.988 4910 INFO rally.task.runner [-] Task fce3fcdf-c1f2-4016-ae60-c76cd79b21b7 | ITER: 2 END: OK
2019-10-28 00:42:54.992 4910 INFO rally.task.runner [-] Task fce3fcdf-c1f2-4016-ae60-c76cd79b21b7 | ITER: 7 START
2019-10-28 00:42:55.097 4911 INFO rally.task.runner [-] Task fce3fcdf-c1f2-4016-ae60-c76cd79b21b7 | ITER: 3 END: OK
2019-10-28 00:42:55.102 4911 INFO rally.task.runner [-] Task fce3fcdf-c1f2-4016-ae60-c76cd79b21b7 | ITER: 8 START
2019-10-28 00:42:57.747 4909 RALLYDEBUG rally.task.utils [-] Waiting for resource s_rally_674ea2e0_qMQ6tQF2. Status changed: AVAILABLE => DELETING in 0.05814337730407715
2019-10-28 00:42:57.803 4910 RALLYDEBUG rally.task.utils [-] Waiting for resource s_rally_674ea2e0_3Ry51HVl. Status changed: AVAILABLE => DELETING in 0.052140235900878906
2019-10-28 00:42:57.805 4913 RALLYDEBUG rally.task.utils [-] Waiting for resource s_rally_674ea2e0_kVtrgCaB. Status changed: AVAILABLE => DELETING in 0.05461621284484863
2019-10-28 00:42:57.915 4911 RALLYDEBUG rally.task.utils [-] Waiting for resource s_rally_674ea2e0_Ysgjfecg. Status changed: AVAILABLE => DELETING in 0.05026364326477051
2019-10-28 00:42:59.791 4909 INFO rally.task.runner [-] Task fce3fcdf-c1f2-4016-ae60-c76cd79b21b7 | ITER: 5 END: OK
2019-10-28 00:42:59.795 4909 INFO rally.task.runner [-] Task fce3fcdf-c1f2-4016-ae60-c76cd79b21b7 | ITER: 9 START
2019-10-28 00:42:59.846 4910 INFO rally.task.runner [-] Task fce3fcdf-c1f2-4016-ae60-c76cd79b21b7 | ITER: 7 END: OK
2019-10-28 00:42:59.849 4913 INFO rally.task.runner [-] Task fce3fcdf-c1f2-4016-ae60-c76cd79b21b7 | ITER: 6 END: OK
2019-10-28 00:42:59.850 4910 INFO rally.task.runner [-] Task fce3fcdf-c1f2-4016-ae60-c76cd79b21b7 | ITER: 10 START
2019-10-28 00:42:59.955 4911 INFO rally.task.runner [-] Task fce3fcdf-c1f2-4016-ae60-c76cd79b21b7 | ITER: 8 END: OK
2019-10-28 00:43:02.665 4909 RALLYDEBUG rally.task.utils [-] Waiting for resource s_rally_674ea2e0_0BB5ip3O. Status changed: AVAILABLE => DELETING in 0.05698060989379883
2019-10-28 00:43:02.901 4910 RALLYDEBUG rally.task.utils [-] Waiting for resource s_rally_674ea2e0_vljsJp5V. Status changed: AVAILABLE => DELETING in 0.05852222442626953
2019-10-28 00:43:04.705 4909 INFO rally.task.runner [-] Task fce3fcdf-c1f2-4016-ae60-c76cd79b21b7 | ITER: 9 END: OK
2019-10-28 00:43:04.943 4910 INFO rally.task.runner [-] Task fce3fcdf-c1f2-4016-ae60-c76cd79b21b7 | ITER: 10 END: OK
2019-10-28 00:43:04.965 1845 INFO rally.task.context [-] Task fce3fcdf-c1f2-4016-ae60-c76cd79b21b7 | Context cleanup@openstack cleanup() started
2019-10-28 00:43:04.969 1845 RALLYDEBUG rally_openstack.cleanup.manager [-] Cleaning up cinder backups objects
2019-10-28 00:43:06.155 1845 RALLYDEBUG rally_openstack.cleanup.manager [-] Cleaning up cinder volume_snapshots objects
2019-10-28 00:43:07.282 1845 RALLYDEBUG rally_openstack.cleanup.manager [-] Cleaning up cinder transfers objects
2019-10-28 00:43:08.396 1845 RALLYDEBUG rally_openstack.cleanup.manager [-] Cleaning up cinder volumes objects
2019-10-28 00:43:09.613 1845 INFO rally.task.context [-] Task fce3fcdf-c1f2-4016-ae60-c76cd79b21b7 | Context cleanup@openstack cleanup() finished in 4.65 sec
2019-10-28 00:43:09.613 1845 INFO rally.task.context [-] Task fce3fcdf-c1f2-4016-ae60-c76cd79b21b7 | Context volumes@openstack cleanup() started
2019-10-28 00:43:09.614 1845 RALLYDEBUG rally_openstack.cleanup.manager [-] Cleaning up cinder volumes objects
2019-10-28 00:43:10.810 1845 RALLYDEBUG rally_openstack.cleanup.manager [-] Deleting cinder.volumes object c_rally_674ea2e0_7NJYY1UT (a71f410b-0a13-42ab-9aaa-d83851b111d5)
2019-10-28 00:43:10.817 1845 RALLYDEBUG rally_openstack.cleanup.manager [-] Deleting cinder.volumes object c_rally_674ea2e0_pFdec5pY (07d00c9b-d7e9-44da-826d-5478d9ded0f5)
2019-10-28 00:43:10.823 1845 RALLYDEBUG rally_openstack.cleanup.manager [-] Deleting cinder.volumes object c_rally_674ea2e0_CXSJR2JT (90649055-81f2-43f5-ad4d-75fa3b551cab)
2019-10-28 00:43:13.352 1845 INFO rally.task.context [-] Task fce3fcdf-c1f2-4016-ae60-c76cd79b21b7 | Context volumes@openstack cleanup() finished in 3.74 sec
2019-10-28 00:43:13.353 1845 INFO rally.task.context [-] Task fce3fcdf-c1f2-4016-ae60-c76cd79b21b7 | Context quotas@openstack cleanup() started
2019-10-28 00:43:13.429 1845 INFO rally.task.context [-] Task fce3fcdf-c1f2-4016-ae60-c76cd79b21b7 | Context quotas@openstack cleanup() finished in 75.68 msec
2019-10-28 00:43:13.429 1845 INFO rally.task.context [-] Task fce3fcdf-c1f2-4016-ae60-c76cd79b21b7 | Context api_versions@openstack cleanup() started
2019-10-28 00:43:13.430 1845 INFO rally.task.context [-] Task fce3fcdf-c1f2-4016-ae60-c76cd79b21b7 | Context api_versions@openstack cleanup() finished in 0.35 msec
2019-10-28 00:43:13.430 1845 INFO rally.task.context [-] Task fce3fcdf-c1f2-4016-ae60-c76cd79b21b7 | Context users@openstack cleanup() started
2019-10-28 00:43:17.424 1845 INFO rally.task.context [-] Task fce3fcdf-c1f2-4016-ae60-c76cd79b21b7 | Context users@openstack cleanup() finished in 3.99 sec
2019-10-28 00:43:17.932 1845 INFO rally.task.engine [-] Load duration is: 14.944933
2019-10-28 00:43:17.932 1845 INFO rally.task.engine [-] Full runner duration is: 14.990906
2019-10-28 00:43:17.932 1845 INFO rally.task.engine [-] Full duration is: 39.689989
2019-10-28 00:43:18.268 1845 INFO rally.task.engine [-] Running workload: position = 0 config = { "version": 2, "title": "A cropped version of a bigger task.", "description": "Auto-generated task from a single workload (uuid=10d16aeb-4ebc-427e-acda-a29137f459ca)", "subtasks": [ { "title": "CinderQos.create_and_get_qos", "description": "Create a qos, then get details of the qos.", "scenario": { "CinderQos.create_and_get_qos": { "consumer": "both", "write_iops_sec": "10", "read_iops_sec": "1000" } }, "contexts": { "users": { "tenants": 3, "users_per_tenant": 2 }, "api_versions": { "cinder": { "version": 3, "service_type": "volumev3" } } }, "runner": { "constant": { "concurrency": 4, "times": 10 } }, "hooks": [], "sla": { "failure_rate": { "max": 0 } } } ] }
2019-10-28 00:43:18.293 1845 RALLYDEBUG rally_openstack.contexts.keystone.users [-] Creating 3 tenants using 20 threads
2019-10-28 00:43:19.286 1845 RALLYDEBUG rally_openstack.contexts.keystone.users [-] Creating 6 users using 20 threads
2019-10-28 00:43:20.803 1845 INFO rally.task.context [-] Task fce3fcdf-c1f2-4016-ae60-c76cd79b21b7 | Context users@openstack setup() finished in 2.51 sec
2019-10-28 00:43:21.195 1845 INFO rally.task.context [-] Task fce3fcdf-c1f2-4016-ae60-c76cd79b21b7 | Context api_versions@openstack setup() finished in 0.39 sec
2019-10-28 00:43:21.196 1845 INFO rally.task.context [-] Task fce3fcdf-c1f2-4016-ae60-c76cd79b21b7 | Context admin_cleanup@openstack setup() finished in 0.01 msec
2019-10-28 00:43:21.205 1845 RALLYDEBUG rally.task.runner [-] Starting the constant runner (task UUID: fce3fcdf-c1f2-4016-ae60-c76cd79b21b7). times: 10 concurrency: 4 timeout: 0 max_cpu_used: 16 processes_to_start: 4 concurrency_per_worker: 1 concurrency_overhead: 0
2019-10-28 00:43:21.217 5113 RALLYDEBUG rally.task.runner [-] Starting a worker. times: 10 duration: None concurrency: 1 timeout: 0 cls: method_name: run args: {"consumer": "both", "write_iops_sec": "10", "read_iops_sec": "1000"}
2019-10-28 00:43:21.220 5114 RALLYDEBUG rally.task.runner [-] Starting a worker. times: 10 duration: None concurrency: 1 timeout: 0 cls: method_name: run args: {"consumer": "both", "write_iops_sec": "10", "read_iops_sec": "1000"}
2019-10-28 00:43:21.224 5113 INFO rally.task.runner [-] Task fce3fcdf-c1f2-4016-ae60-c76cd79b21b7 | ITER: 1 START
2019-10-28 00:43:21.224 5115 RALLYDEBUG rally.task.runner [-] Starting a worker. times: 10 duration: None concurrency: 1 timeout: 0 cls: method_name: run args: {"consumer": "both", "write_iops_sec": "10", "read_iops_sec": "1000"}
2019-10-28 00:43:21.227 5114 INFO rally.task.runner [-] Task fce3fcdf-c1f2-4016-ae60-c76cd79b21b7 | ITER: 2 START
2019-10-28 00:43:21.228 5117 RALLYDEBUG rally.task.runner [-] Starting a worker. times: 10 duration: None concurrency: 1 timeout: 0 cls: method_name: run args: {"consumer": "both", "write_iops_sec": "10", "read_iops_sec": "1000"}
2019-10-28 00:43:21.231 5115 INFO rally.task.runner [-] Task fce3fcdf-c1f2-4016-ae60-c76cd79b21b7 | ITER: 3 START
2019-10-28 00:43:21.235 5117 INFO rally.task.runner [-] Task fce3fcdf-c1f2-4016-ae60-c76cd79b21b7 | ITER: 4 START
2019-10-28 00:43:21.693 5114 INFO rally.task.runner [-] Task fce3fcdf-c1f2-4016-ae60-c76cd79b21b7 | ITER: 2 END: OK
2019-10-28 00:43:21.694 5117 INFO rally.task.runner [-] Task fce3fcdf-c1f2-4016-ae60-c76cd79b21b7 | ITER: 4 END: OK
2019-10-28 00:43:21.695 5115 INFO rally.task.runner [-] Task fce3fcdf-c1f2-4016-ae60-c76cd79b21b7 | ITER: 3 END: OK
2019-10-28 00:43:21.698 5114 INFO rally.task.runner [-] Task fce3fcdf-c1f2-4016-ae60-c76cd79b21b7 | ITER: 5 START
2019-10-28 00:43:21.699 5117 INFO rally.task.runner [-] Task fce3fcdf-c1f2-4016-ae60-c76cd79b21b7 | ITER: 6 START
2019-10-28 00:43:21.700 5115 INFO rally.task.runner [-] Task fce3fcdf-c1f2-4016-ae60-c76cd79b21b7 | ITER: 7 START
2019-10-28 00:43:21.703 5113 INFO rally.task.runner [-] Task fce3fcdf-c1f2-4016-ae60-c76cd79b21b7 | ITER: 1 END: OK
2019-10-28 00:43:21.707 5113 INFO rally.task.runner [-] Task fce3fcdf-c1f2-4016-ae60-c76cd79b21b7 | ITER: 8 START
2019-10-28 00:43:22.082 5113 INFO rally.task.runner [-] Task fce3fcdf-c1f2-4016-ae60-c76cd79b21b7 | ITER: 8 END: OK
2019-10-28 00:43:22.085 5113 INFO rally.task.runner [-] Task fce3fcdf-c1f2-4016-ae60-c76cd79b21b7 | ITER: 9 START
2019-10-28 00:43:22.121 5115 INFO rally.task.runner [-] Task fce3fcdf-c1f2-4016-ae60-c76cd79b21b7 | ITER: 7 END: OK
2019-10-28 00:43:22.122 5114 INFO rally.task.runner [-] Task fce3fcdf-c1f2-4016-ae60-c76cd79b21b7 | ITER: 5 END: OK
2019-10-28 00:43:22.124 5115 INFO rally.task.runner [-] Task fce3fcdf-c1f2-4016-ae60-c76cd79b21b7 | ITER: 10 START
2019-10-28 00:43:22.129 5117 INFO rally.task.runner [-] Task fce3fcdf-c1f2-4016-ae60-c76cd79b21b7 | ITER: 6 END: OK
2019-10-28 00:43:22.482 5113 INFO rally.task.runner [-] Task fce3fcdf-c1f2-4016-ae60-c76cd79b21b7 | ITER: 9 END: OK
2019-10-28 00:43:22.522 5115 INFO rally.task.runner [-] Task fce3fcdf-c1f2-4016-ae60-c76cd79b21b7 | ITER: 10 END: OK
2019-10-28 00:43:22.549 1845 INFO rally.task.context [-] Task fce3fcdf-c1f2-4016-ae60-c76cd79b21b7 | Context admin_cleanup@openstack cleanup() started
2019-10-28 00:43:22.553 1845 RALLYDEBUG rally_openstack.cleanup.manager [-] Cleaning up cinder volume_types objects
2019-10-28 00:43:22.945 1845 RALLYDEBUG rally_openstack.cleanup.manager [-] Cleaning up cinder image_volumes_cache objects
2019-10-28 00:43:23.441 1845 RALLYDEBUG rally_openstack.cleanup.manager [-] Cleaning up cinder quotas objects
2019-10-28 00:43:24.209 1845 RALLYDEBUG rally_openstack.cleanup.manager [-] Cleaning up cinder qos_specs objects
2019-10-28 00:43:24.585 1845 RALLYDEBUG rally_openstack.cleanup.manager [-] Deleting cinder.qos_specs object s_rally_10d16aeb_dYLQjXiu (d17386d2-7afa-4080-a90e-5cb006c6a6bd)
2019-10-28 00:43:24.594 1845 RALLYDEBUG rally_openstack.cleanup.manager [-] Deleting cinder.qos_specs object s_rally_10d16aeb_tztxHetU (c5185ded-6242-4a17-84e8-cac62b248942)
2019-10-28 00:43:24.603 1845 RALLYDEBUG rally_openstack.cleanup.manager [-] Deleting cinder.qos_specs object s_rally_10d16aeb_4BfHHvcz (c4026943-88f3-465c-98eb-8e1db61c1364)
2019-10-28 00:43:24.607 1845 RALLYDEBUG rally_openstack.cleanup.manager [-] Deleting cinder.qos_specs object s_rally_10d16aeb_4ZgW23DD (bd287e19-63a7-43c5-bc03-2de5eafc5aa3)
2019-10-28 00:43:24.615 1845 RALLYDEBUG rally_openstack.cleanup.manager [-] Deleting cinder.qos_specs object s_rally_10d16aeb_8yuOHifB (aac65005-0020-4912-b3e0-eb447e2a655d)
2019-10-28 00:43:24.632 1845 RALLYDEBUG rally_openstack.cleanup.manager [-] Deleting cinder.qos_specs object s_rally_10d16aeb_kKzi4vbY (993c259a-5925-4b86-9b5d-9aa043488b9d)
2019-10-28 00:43:24.637 1845 RALLYDEBUG rally_openstack.cleanup.manager [-] Deleting cinder.qos_specs object s_rally_10d16aeb_bHNfbzDZ (621558ec-a4e0-4ccc-a94a-eb2d20ea4385)
2019-10-28 00:43:24.655 1845 RALLYDEBUG rally_openstack.cleanup.manager [-] Deleting cinder.qos_specs object s_rally_10d16aeb_seStBsuG (4da9d35f-afa5-4723-9cf2-b12308bfe680)
2019-10-28 00:43:24.664 1845 RALLYDEBUG rally_openstack.cleanup.manager [-] Deleting cinder.qos_specs object s_rally_10d16aeb_uYURXTng (4d6b1578-0558-4ac6-a1f1-a3f27b7386bc)
2019-10-28 00:43:24.690 1845 RALLYDEBUG rally_openstack.cleanup.manager [-] Deleting cinder.qos_specs object s_rally_10d16aeb_mmfPCdz3 (1cbc50c9-0236-4103-9c5b-f290e14d3ac2)
2019-10-28 00:43:26.350 1845 INFO rally.task.context [-] Task fce3fcdf-c1f2-4016-ae60-c76cd79b21b7 | Context admin_cleanup@openstack cleanup() finished in 3.80 sec
2019-10-28 00:43:26.351 1845 INFO rally.task.context [-] Task fce3fcdf-c1f2-4016-ae60-c76cd79b21b7 | Context api_versions@openstack cleanup() started
2019-10-28 00:43:26.351 1845 INFO rally.task.context [-] Task fce3fcdf-c1f2-4016-ae60-c76cd79b21b7 | Context api_versions@openstack cleanup() finished in 0.41 msec
2019-10-28 00:43:26.352 1845 INFO rally.task.context [-] Task fce3fcdf-c1f2-4016-ae60-c76cd79b21b7 | Context users@openstack cleanup() started
2019-10-28 00:43:31.043 1845 INFO rally.task.context [-] Task fce3fcdf-c1f2-4016-ae60-c76cd79b21b7 | Context users@openstack cleanup() finished in 4.69 sec
2019-10-28 00:43:32.393 1845 INFO rally.task.engine [-] Load duration is: 1.292832
