2019-10-28 01:35:08.276 21705 RALLYDEBUG rally.task.runner [-] Starting a worker. times: 10 duration: None concurrency: 1 timeout: 0 cls: method_name: run args: {"flavor": "f6e16333-aeab-48e5-b309-0e3bdd356d36", "image": "557170a9-5025-4cf4-a927-2cc8be496f7e", "volume_size": 1, "nics": [{"net-id": "2381ea0d-4449-473e-9297-21732a0ea467"}]}
2019-10-28 01:35:08.279 21704 INFO rally.task.runner [-] Task 0b5399c7-6330-4103-a825-8ad7cce983f7 | ITER: 2 START
2019-10-28 01:35:08.280 21707 RALLYDEBUG rally.task.runner [-] Starting a worker. times: 10 duration: None concurrency: 1 timeout: 0 cls: method_name: run args: {"flavor": "f6e16333-aeab-48e5-b309-0e3bdd356d36", "image": "557170a9-5025-4cf4-a927-2cc8be496f7e", "volume_size": 1, "nics": [{"net-id": "2381ea0d-4449-473e-9297-21732a0ea467"}]}
2019-10-28 01:35:08.283 21705 INFO rally.task.runner [-] Task 0b5399c7-6330-4103-a825-8ad7cce983f7 | ITER: 3 START
2019-10-28 01:35:08.287 21707 INFO rally.task.runner [-] Task 0b5399c7-6330-4103-a825-8ad7cce983f7 | ITER: 4 START
2019-10-28 01:35:24.568 21703 RALLYDEBUG rally.task.utils [-] Waiting for resource s_rally_9fe9dd6e_TM5EEMS9. Status changed: DOWNLOADING => AVAILABLE in 12.54619812965393
2019-10-28 01:35:32.825 21707 RALLYDEBUG rally.task.utils [-] Waiting for resource s_rally_9fe9dd6e_6cUvhYUd. Status changed: DOWNLOADING => AVAILABLE in 20.933738470077515
2019-10-28 01:35:34.240 21703 RALLYDEBUG rally.task.utils [-] Waiting for resource s_rally_9fe9dd6e_Igmk3y1u. Status changed: BUILD => ACTIVE in 7.004806280136108
2019-10-28 01:35:34.243 21703 INFO rally.task.runner [-] Task 0b5399c7-6330-4103-a825-8ad7cce983f7 | ITER: 1 END: OK
2019-10-28 01:35:34.250 21703 INFO rally.task.runner [-] Task 0b5399c7-6330-4103-a825-8ad7cce983f7 | ITER: 5 START
2019-10-28 01:35:39.841 21707 RALLYDEBUG rally.task.utils [-] Waiting for resource s_rally_9fe9dd6e_bfwpin89. Status changed: BUILD => ACTIVE in 4.747265577316284
2019-10-28 01:35:39.842 21707 INFO rally.task.runner [-] Task 0b5399c7-6330-4103-a825-8ad7cce983f7 | ITER: 4 END: OK
2019-10-28 01:35:39.848 21707 INFO rally.task.runner [-] Task 0b5399c7-6330-4103-a825-8ad7cce983f7 | ITER: 6 START
2019-10-28 01:35:52.211 21703 RALLYDEBUG rally.task.utils [-] Waiting for resource s_rally_9fe9dd6e_lxzmQ3aw. Status changed: DOWNLOADING => AVAILABLE in 14.600382804870605
2019-10-28 01:36:01.667 21707 RALLYDEBUG rally.task.utils [-] Waiting for resource s_rally_9fe9dd6e_qcG8ak1X. Status changed: DOWNLOADING => AVAILABLE in 18.707839965820312
2019-10-28 01:36:03.357 21703 RALLYDEBUG rally.task.utils [-] Waiting for resource s_rally_9fe9dd6e_cOr5l3DP. Status changed: BUILD => ACTIVE in 9.045679569244385
2019-10-28 01:36:03.357 21703 INFO rally.task.runner [-] Task 0b5399c7-6330-4103-a825-8ad7cce983f7 | ITER: 5 END: OK
2019-10-28 01:36:03.362 21703 INFO rally.task.runner [-] Task 0b5399c7-6330-4103-a825-8ad7cce983f7 | ITER: 7 START
2019-10-28 01:36:05.266 21705 RALLYDEBUG rally.task.utils [-] Waiting for resource s_rally_9fe9dd6e_YcppqwBJ. Status changed: DOWNLOADING => AVAILABLE in 53.774367809295654
2019-10-28 01:36:05.313 21704 RALLYDEBUG rally.task.utils [-] Waiting for resource s_rally_9fe9dd6e_sNyMNPoa. Status changed: DOWNLOADING => AVAILABLE in 53.814663887023926
2019-10-28 01:36:12.880 21707 RALLYDEBUG rally.task.utils [-] Waiting for resource s_rally_9fe9dd6e_HSmxbjgB. Status changed: BUILD => ACTIVE in 9.237870931625366
2019-10-28 01:36:12.881 21707 INFO rally.task.runner [-] Task 0b5399c7-6330-4103-a825-8ad7cce983f7 | ITER: 6 END: OK
2019-10-28 01:36:12.886 21707 INFO rally.task.runner [-] Task 0b5399c7-6330-4103-a825-8ad7cce983f7 | ITER: 8 START
2019-10-28 01:36:14.514 21705 RALLYDEBUG rally.task.utils [-] Waiting for resource s_rally_9fe9dd6e_d02cFTOq. Status changed: BUILD => ACTIVE in 7.161980628967285
2019-10-28 01:36:14.515 21705 INFO rally.task.runner [-] Task 0b5399c7-6330-4103-a825-8ad7cce983f7 | ITER: 3 END: OK
2019-10-28 01:36:14.520 21705 INFO rally.task.runner [-] Task 0b5399c7-6330-4103-a825-8ad7cce983f7 | ITER: 9 START
2019-10-28 01:36:16.944 21704 RALLYDEBUG rally.task.utils [-] Waiting for resource s_rally_9fe9dd6e_CPCJ5QTw. Status changed: BUILD => ACTIVE in 9.39518404006958
2019-10-28 01:36:16.944 21704 INFO rally.task.runner [-] Task 0b5399c7-6330-4103-a825-8ad7cce983f7 | ITER: 2 END: OK
2019-10-28 01:36:16.951 21704 INFO rally.task.runner [-] Task 0b5399c7-6330-4103-a825-8ad7cce983f7 | ITER: 10 START
2019-10-28 01:36:17.723 21707 RALLYDEBUG rally.task.utils [-] Waiting for resource s_rally_9fe9dd6e_8qFiI39k. Status changed: CREATING => DOWNLOADING in 2.1822962760925293
2019-10-28 01:36:18.810 21703 RALLYDEBUG rally.task.utils [-] Waiting for resource s_rally_9fe9dd6e_dgSblO1k. Status changed: DOWNLOADING => AVAILABLE in 12.495704412460327
2019-10-28 01:36:19.963 21705 RALLYDEBUG rally.task.utils [-] Waiting for resource s_rally_9fe9dd6e_PvrhpPyx. Status changed: CREATING => DOWNLOADING in 2.1920549869537354
2019-10-28 01:36:26.004 21703 RALLYDEBUG rally.task.utils [-] Waiting for resource s_rally_9fe9dd6e_H8tcAEEK. Status changed: BUILD => ACTIVE in 4.7647385597229
2019-10-28 01:36:26.005 21703 INFO rally.task.runner [-] Task 0b5399c7-6330-4103-a825-8ad7cce983f7 | ITER: 7 END: OK
2019-10-28 01:36:32.177 21707 RALLYDEBUG rally.task.utils [-] Waiting for resource s_rally_9fe9dd6e_8qFiI39k. Status changed: DOWNLOADING => AVAILABLE in 14.453485012054443
2019-10-28 01:36:38.344 21704 RALLYDEBUG rally.task.utils [-] Waiting for resource s_rally_9fe9dd6e_EsBB7Hyg. Status changed: DOWNLOADING => AVAILABLE in 18.716175317764282
2019-10-28 01:36:41.481 21707 RALLYDEBUG rally.task.utils [-] Waiting for resource s_rally_9fe9dd6e_krf5ZEC5. Status changed: BUILD => ACTIVE in 6.837046146392822
2019-10-28 01:36:41.481 21707 INFO rally.task.runner [-] Task 0b5399c7-6330-4103-a825-8ad7cce983f7 | ITER: 8 END: OK
2019-10-28 01:36:44.842 21705 RALLYDEBUG rally.task.utils [-] Waiting for resource s_rally_9fe9dd6e_PvrhpPyx. Status changed: DOWNLOADING => AVAILABLE in 24.879596948623657
2019-10-28 01:36:47.469 21704 RALLYDEBUG rally.task.utils [-] Waiting for resource s_rally_9fe9dd6e_P96cbrdu. Status changed: BUILD => ACTIVE in 6.867943286895752
2019-10-28 01:36:47.471 21704 INFO rally.task.runner [-] Task 0b5399c7-6330-4103-a825-8ad7cce983f7 | ITER: 10 END: OK
2019-10-28 01:36:53.840 21705 RALLYDEBUG rally.task.utils [-] Waiting for resource s_rally_9fe9dd6e_w9sLeJgh. Status changed: BUILD => ACTIVE in 6.925776481628418
2019-10-28 01:36:53.841 21705 INFO rally.task.runner [-] Task 0b5399c7-6330-4103-a825-8ad7cce983f7 | ITER: 9 END: OK
2019-10-28 01:36:53.868 20411 INFO rally.task.context [-] Task 0b5399c7-6330-4103-a825-8ad7cce983f7 | Context cleanup@openstack cleanup() started
2019-10-28 01:36:53.871 20411 RALLYDEBUG rally_openstack.cleanup.manager [-] Cleaning up nova servers objects
2019-10-28 01:36:56.442 20411 RALLYDEBUG rally_openstack.cleanup.manager [-] Deleting nova.servers object s_rally_9fe9dd6e_w9sLeJgh (c19df3ed-4e88-4484-bb58-db90ca469e56)
2019-10-28 01:36:56.448 20411 RALLYDEBUG rally_openstack.cleanup.manager [-] Deleting nova.servers object s_rally_9fe9dd6e_P96cbrdu (2ab96b01-d079-4e45-bc5f-46a3473e4c85)
2019-10-28 01:36:56.461 20411 RALLYDEBUG rally_openstack.cleanup.manager [-] Deleting nova.servers object s_rally_9fe9dd6e_CPCJ5QTw (e9a95602-6ef6-472d-8f4a-9f1694f5b0c5)
2019-10-28 01:36:56.471 20411 RALLYDEBUG rally_openstack.cleanup.manager [-] Deleting nova.servers object s_rally_9fe9dd6e_HSmxbjgB (ec35f8aa-67e6-40c3-83f1-ca161b6ab04e)
2019-10-28 01:36:56.476 20411 RALLYDEBUG rally_openstack.cleanup.manager [-] Deleting nova.servers object s_rally_9fe9dd6e_krf5ZEC5 (c89ac3bf-2a11-423d-84ae-4791a668e805)
2019-10-28 01:36:56.499 20411 RALLYDEBUG rally_openstack.cleanup.manager [-] Deleting nova.servers object s_rally_9fe9dd6e_H8tcAEEK (73a5b7a2-c3d9-4a2c-8ec2-76927dd1d39a)
2019-10-28 01:36:56.509 20411 RALLYDEBUG rally_openstack.cleanup.manager [-] Deleting nova.servers object s_rally_9fe9dd6e_Igmk3y1u (8fabc9ac-ee9a-4d3a-b476-a1167f8d9b6b)
2019-10-28 01:36:56.517 20411 RALLYDEBUG rally_openstack.cleanup.manager [-] Deleting nova.servers object s_rally_9fe9dd6e_d02cFTOq (0454009b-5378-4d5c-8953-ee457fec7b73)
2019-10-28 01:36:56.530 20411 RALLYDEBUG rally_openstack.cleanup.manager [-] Deleting nova.servers object s_rally_9fe9dd6e_cOr5l3DP (483fa527-455e-48fe-85c8-5d500eb49302)
2019-10-28 01:36:56.543 20411 RALLYDEBUG rally_openstack.cleanup.manager [-] Deleting nova.servers object s_rally_9fe9dd6e_bfwpin89 (514e0cc1-9a10-49d6-8a3c-5e1737473686)
2019-10-28 01:37:03.214 20411 RALLYDEBUG rally_openstack.cleanup.manager [-] Cleaning up nova server_groups objects
2019-10-28 01:37:04.329 20411 RALLYDEBUG rally_openstack.cleanup.manager [-] Cleaning up nova keypairs objects
2019-10-28 01:37:06.564 20411 RALLYDEBUG rally_openstack.cleanup.manager [-] Cleaning up cinder backups objects
2019-10-28 01:37:08.302 20411 RALLYDEBUG rally_openstack.cleanup.manager [-] Cleaning up cinder volume_snapshots objects
2019-10-28 01:37:09.984 20411 RALLYDEBUG rally_openstack.cleanup.manager [-] Cleaning up cinder transfers objects
2019-10-28 01:37:11.082 20411 RALLYDEBUG rally_openstack.cleanup.manager [-] Cleaning up cinder volumes objects
2019-10-28 01:37:12.320 20411 RALLYDEBUG rally_openstack.cleanup.manager [-] Deleting cinder.volumes object s_rally_9fe9dd6e_EsBB7Hyg (37347acb-1680-44c3-b410-448ba651a510)
2019-10-28 01:37:12.330 20411 RALLYDEBUG rally_openstack.cleanup.manager [-] Deleting cinder.volumes object s_rally_9fe9dd6e_PvrhpPyx (b5fc1733-b563-4359-acd5-cac7824c81e7)
2019-10-28 01:37:12.339 20411 RALLYDEBUG rally_openstack.cleanup.manager [-] Deleting cinder.volumes object s_rally_9fe9dd6e_qcG8ak1X (fbdf5d0b-f0c1-436e-8482-311db0ebe20f)
2019-10-28 01:37:12.347 20411 RALLYDEBUG rally_openstack.cleanup.manager [-] Deleting cinder.volumes object s_rally_9fe9dd6e_sNyMNPoa (15ad8a3a-6f28-4999-9797-609d0503010e)
2019-10-28 01:37:12.356 20411 RALLYDEBUG rally_openstack.cleanup.manager [-] Deleting cinder.volumes object s_rally_9fe9dd6e_8qFiI39k (d1fa188c-f404-478c-84f4-616f5d545002)
2019-10-28 01:37:12.365 20411 RALLYDEBUG rally_openstack.cleanup.manager [-] Deleting cinder.volumes object s_rally_9fe9dd6e_dgSblO1k (288f1f3a-cd37-4aa5-a4ae-aa7704770163)
2019-10-28 01:37:12.388 20411 RALLYDEBUG rally_openstack.cleanup.manager [-] Deleting cinder.volumes object s_rally_9fe9dd6e_TM5EEMS9 (acf337e5-46af-4896-aebc-75fa98cf19c0)
2019-10-28 01:37:12.397 20411 RALLYDEBUG rally_openstack.cleanup.manager [-] Deleting cinder.volumes object s_rally_9fe9dd6e_lxzmQ3aw (91396a81-ec97-4cdf-861e-0c265c594251)
2019-10-28 01:37:12.423 20411 RALLYDEBUG rally_openstack.cleanup.manager [-] Deleting cinder.volumes object s_rally_9fe9dd6e_6cUvhYUd (1c084945-8224-480b-b619-b0e0c3c61d8d)
2019-10-28 01:37:12.430 20411 RALLYDEBUG rally_openstack.cleanup.manager [-] Deleting cinder.volumes object s_rally_9fe9dd6e_YcppqwBJ (b233162a-643e-446a-84e9-b1ce0c623008)
2019-10-28 01:37:16.143 20411 INFO rally.task.context [-] Task 0b5399c7-6330-4103-a825-8ad7cce983f7 | Context cleanup@openstack cleanup() finished in 22.27 sec
2019-10-28 01:37:16.143 20411 INFO rally.task.context [-] Task 0b5399c7-6330-4103-a825-8ad7cce983f7 | Context api_versions@openstack cleanup() started
2019-10-28 01:37:16.144 20411 INFO rally.task.context [-] Task 0b5399c7-6330-4103-a825-8ad7cce983f7 | Context api_versions@openstack cleanup() finished in 0.37 msec
2019-10-28 01:37:16.144 20411 INFO rally.task.context [-] Task 0b5399c7-6330-4103-a825-8ad7cce983f7 | Context users@openstack cleanup() started
2019-10-28 01:37:20.057 20411 INFO rally.task.context [-] Task 0b5399c7-6330-4103-a825-8ad7cce983f7 | Context users@openstack cleanup() finished in 3.91 sec
2019-10-28 01:37:21.052 20411 INFO rally.task.engine [-] Load duration is: 104.560983
2019-10-28 01:37:21.053 20411 INFO rally.task.engine [-] Full runner duration is: 105.612817
2019-10-28 01:37:21.053 20411 INFO rally.task.engine [-] Full duration is: 135.595893
2019-10-28 01:37:21.463 20411 INFO rally.task.engine [-] Running workload: position = 0 config = { "version": 2, "title": "A cropped version of a bigger task.", "description": "Auto-generated task from a single workload (uuid=c4c3dfbb-7edb-425c-9c47-70f247217f42)", "subtasks": [ { "title": "NovaServers.boot_server", "description": "Boot a server.", "scenario": { "NovaServers.boot_server": { "flavor": { "name": "rally_full-flavor_94399dd7-70e5-4767-b49a-8f67339bf77d" }, "image": { "name": "rally_full-img_94399dd7-70e5-4767-b49a-8f67339bf77d" }, "nics": [ { "net-id": "2381ea0d-4449-473e-9297-21732a0ea467" } ] } }, "contexts": { "users": { "tenants": 3, "users_per_tenant": 2 } }, "runner": { "constant": { "concurrency": 4, "times": 10 } }, "hooks": [], "sla": { "failure_rate": { "max": 0 } } } ] }
2019-10-28 01:37:21.489 20411 RALLYDEBUG rally_openstack.contexts.keystone.users [-] Creating 3 tenants using 20 threads
2019-10-28 01:37:22.390 20411 RALLYDEBUG rally_openstack.contexts.keystone.users [-] Creating 6 users using 20 threads
2019-10-28 01:37:23.927 20411 INFO rally.task.context [-] Task 0b5399c7-6330-4103-a825-8ad7cce983f7 | Context users@openstack setup() finished in 2.44 sec
2019-10-28 01:37:23.927 20411 INFO rally.task.context [-] Task 0b5399c7-6330-4103-a825-8ad7cce983f7 | Context cleanup@openstack setup() finished in 0.02 msec
2019-10-28 01:37:24.925 20411 RALLYDEBUG rally.task.runner [-] Starting the constant runner (task UUID: 0b5399c7-6330-4103-a825-8ad7cce983f7). times: 10 concurrency: 4 timeout: 0 max_cpu_used: 16 processes_to_start: 4 concurrency_per_worker: 1 concurrency_overhead: 0
2019-10-28 01:37:24.937 21947 RALLYDEBUG rally.task.runner [-] Starting a worker. times: 10 duration: None concurrency: 1 timeout: 0 cls: method_name: run args: {"flavor": "f6e16333-aeab-48e5-b309-0e3bdd356d36", "image": "557170a9-5025-4cf4-a927-2cc8be496f7e", "nics": [{"net-id": "2381ea0d-4449-473e-9297-21732a0ea467"}]}
2019-10-28 01:37:24.941 21948 RALLYDEBUG rally.task.runner [-] Starting a worker. times: 10 duration: None concurrency: 1 timeout: 0 cls: method_name: run args: {"flavor": "f6e16333-aeab-48e5-b309-0e3bdd356d36", "image": "557170a9-5025-4cf4-a927-2cc8be496f7e", "nics": [{"net-id": "2381ea0d-4449-473e-9297-21732a0ea467"}]}
2019-10-28 01:37:24.944 21947 INFO rally.task.runner [-] Task 0b5399c7-6330-4103-a825-8ad7cce983f7 | ITER: 1 START
2019-10-28 01:37:24.945 21949 RALLYDEBUG rally.task.runner [-] Starting a worker. times: 10 duration: None concurrency: 1 timeout: 0 cls: method_name: run args: {"flavor": "f6e16333-aeab-48e5-b309-0e3bdd356d36", "image": "557170a9-5025-4cf4-a927-2cc8be496f7e", "nics": [{"net-id": "2381ea0d-4449-473e-9297-21732a0ea467"}]}
2019-10-28 01:37:24.948 21948 INFO rally.task.runner [-] Task 0b5399c7-6330-4103-a825-8ad7cce983f7 | ITER: 2 START
2019-10-28 01:37:24.949 21952 RALLYDEBUG rally.task.runner [-] Starting a worker. times: 10 duration: None concurrency: 1 timeout: 0 cls: method_name: run args: {"flavor": "f6e16333-aeab-48e5-b309-0e3bdd356d36", "image": "557170a9-5025-4cf4-a927-2cc8be496f7e", "nics": [{"net-id": "2381ea0d-4449-473e-9297-21732a0ea467"}]}
2019-10-28 01:37:24.952 21949 INFO rally.task.runner [-] Task 0b5399c7-6330-4103-a825-8ad7cce983f7 | ITER: 3 START
2019-10-28 01:37:24.956 21952 INFO rally.task.runner [-] Task 0b5399c7-6330-4103-a825-8ad7cce983f7 | ITER: 4 START
2019-10-28 01:37:31.692 21949 RALLYDEBUG rally.task.utils [-] Waiting for resource s_rally_c4c3dfbb_w80z5Avd. Status changed: BUILD => ACTIVE in 4.477832794189453
2019-10-28 01:37:31.692 21949 INFO rally.task.runner [-] Task 0b5399c7-6330-4103-a825-8ad7cce983f7 | ITER: 3 END: OK
2019-10-28 01:37:31.696 21949 INFO rally.task.runner [-] Task 0b5399c7-6330-4103-a825-8ad7cce983f7 | ITER: 5 START
2019-10-28 01:37:34.144 21948 RALLYDEBUG rally.task.utils [-] Waiting for resource s_rally_c4c3dfbb_qQLJVlKi. Status changed: BUILD => ACTIVE in 6.886965036392212
2019-10-28 01:37:34.145 21948 INFO rally.task.runner [-] Task 0b5399c7-6330-4103-a825-8ad7cce983f7 | ITER: 2 END: OK
2019-10-28 01:37:34.149 21948 INFO rally.task.runner [-] Task 0b5399c7-6330-4103-a825-8ad7cce983f7 | ITER: 6 START
2019-10-28 01:37:34.505 21947 RALLYDEBUG rally.task.utils [-] Waiting for resource s_rally_c4c3dfbb_pNiIdZe7. Status changed: BUILD => ACTIVE in 6.870925188064575
2019-10-28 01:37:34.506 21947 INFO rally.task.runner [-] Task 0b5399c7-6330-4103-a825-8ad7cce983f7 | ITER: 1 END: OK
2019-10-28 01:37:34.510 21947 INFO rally.task.runner [-] Task 0b5399c7-6330-4103-a825-8ad7cce983f7 | ITER: 7 START
2019-10-28 01:37:36.175 21952 RALLYDEBUG rally.task.utils [-] Waiting for resource s_rally_c4c3dfbb_PwFWGYoC. Status changed: BUILD => ACTIVE in 8.860094547271729
2019-10-28 01:37:36.175 21952 INFO rally.task.runner [-] Task 0b5399c7-6330-4103-a825-8ad7cce983f7 | ITER: 4 END: OK
2019-10-28 01:37:36.179 21952 INFO rally.task.runner [-] Task 0b5399c7-6330-4103-a825-8ad7cce983f7 | ITER: 8 START
2019-10-28 01:37:40.880 21949 RALLYDEBUG rally.task.utils [-] Waiting for resource s_rally_c4c3dfbb_4Pgl2MB5. Status changed: BUILD => ACTIVE in 6.849521636962891
2019-10-28 01:37:40.881 21949 INFO rally.task.runner [-] Task 0b5399c7-6330-4103-a825-8ad7cce983f7 | ITER: 5 END: OK
2019-10-28 01:37:40.884 21949 INFO rally.task.runner [-] Task 0b5399c7-6330-4103-a825-8ad7cce983f7 | ITER: 9 START
2019-10-28 01:37:41.461 21948 RALLYDEBUG rally.task.utils [-] Waiting for resource s_rally_c4c3dfbb_Rk5Uz2Rl. Status changed: BUILD => ACTIVE in 4.881282091140747
2019-10-28 01:37:41.461 21948 INFO rally.task.runner [-] Task 0b5399c7-6330-4103-a825-8ad7cce983f7 | ITER: 6 END: OK
2019-10-28 01:37:41.465 21948 INFO rally.task.runner [-] Task 0b5399c7-6330-4103-a825-8ad7cce983f7 | ITER: 10 START
2019-10-28 01:37:42.775 21952 RALLYDEBUG rally.task.utils [-] Waiting for resource s_rally_c4c3dfbb_8jpsRNry. Status changed: BUILD => ACTIVE in 4.480986833572388
2019-10-28 01:37:42.775 21952 INFO rally.task.runner [-] Task 0b5399c7-6330-4103-a825-8ad7cce983f7 | ITER: 8 END: OK
2019-10-28 01:37:43.538 21947 RALLYDEBUG rally.task.utils [-] Waiting for resource s_rally_c4c3dfbb_Dslh97MX. Status changed: BUILD => ACTIVE in 6.754701852798462
2019-10-28 01:37:43.539 21947 INFO rally.task.runner [-] Task 0b5399c7-6330-4103-a825-8ad7cce983f7 | ITER: 7 END: OK
2019-10-28 01:37:48.143 21948 RALLYDEBUG rally.task.utils [-] Waiting for resource s_rally_c4c3dfbb_UXQB5IXt. Status changed: BUILD => ACTIVE in 4.580498933792114
2019-10-28 01:37:48.144 21948 INFO rally.task.runner [-] Task 0b5399c7-6330-4103-a825-8ad7cce983f7 | ITER: 10 END: OK
2019-10-28 01:37:49.851 21949 RALLYDEBUG rally.task.utils [-] Waiting for resource s_rally_c4c3dfbb_aS91FCj1. Status changed: BUILD => ACTIVE in 6.870424032211304
2019-10-28 01:37:49.854 21949 INFO rally.task.runner [-] Task 0b5399c7-6330-4103-a825-8ad7cce983f7 | ITER: 9 END: OK
2019-10-28 01:37:49.881 20411 INFO rally.task.context [-] Task 0b5399c7-6330-4103-a825-8ad7cce983f7 | Context cleanup@openstack cleanup() started
2019-10-28 01:37:49.885 20411 RALLYDEBUG rally_openstack.cleanup.manager [-] Cleaning up nova servers objects
2019-10-28 01:37:52.207 20411 RALLYDEBUG rally_openstack.cleanup.manager [-] Deleting nova.servers object s_rally_c4c3dfbb_aS91FCj1 (ff1b5a7f-f158-464e-887f-ea2c4b2189bc)
2019-10-28 01:37:52.217 20411 RALLYDEBUG rally_openstack.cleanup.manager [-] Deleting nova.servers object s_rally_c4c3dfbb_8jpsRNry (46b955e8-4ada-4689-b55c-62f577bf8fbc)
2019-10-28 01:37:52.226 20411 RALLYDEBUG rally_openstack.cleanup.manager [-] Deleting nova.servers object s_rally_c4c3dfbb_Dslh97MX (92a6eb87-bca4-4d2f-88cf-641673c519b6)
2019-10-28 01:37:52.236 20411 RALLYDEBUG rally_openstack.cleanup.manager [-] Deleting nova.servers object s_rally_c4c3dfbb_Rk5Uz2Rl (cee720e3-fde2-4243-85c1-9d718fb00c5b)
2019-10-28 01:37:52.241 20411 RALLYDEBUG rally_openstack.cleanup.manager [-] Deleting nova.servers object s_rally_c4c3dfbb_pNiIdZe7 (2284dcfd-5525-4e14-8a26-6bd840899b70)
2019-10-28 01:37:52.246 20411 RALLYDEBUG rally_openstack.cleanup.manager [-] Deleting nova.servers object s_rally_c4c3dfbb_PwFWGYoC (7d689562-107d-4177-9735-82d6f0a15012)
2019-10-28 01:37:52.263 20411 RALLYDEBUG rally_openstack.cleanup.manager [-] Deleting nova.servers object s_rally_c4c3dfbb_UXQB5IXt (54b9ccd7-ac38-4350-9694-0226193c54a1)
2019-10-28 01:37:52.273 20411 RALLYDEBUG rally_openstack.cleanup.manager [-] Deleting nova.servers object s_rally_c4c3dfbb_4Pgl2MB5 (c2aed838-dd51-4aa8-bda7-721345accf7c)
2019-10-28 01:37:52.283 20411 RALLYDEBUG rally_openstack.cleanup.manager [-] Deleting nova.servers object s_rally_c4c3dfbb_w80z5Avd (eaf521d3-4c66-402a-9c37-2e20465d5b4e)
2019-10-28 01:37:52.296 20411 RALLYDEBUG rally_openstack.cleanup.manager [-] Deleting nova.servers object s_rally_c4c3dfbb_qQLJVlKi (c6c2c9ca-0283-4576-b376-0a7d25647c5c)
2019-10-28 01:37:58.889 20411 RALLYDEBUG rally_openstack.cleanup.manager [-] Cleaning up nova server_groups objects
2019-10-28 01:38:00.029 20411 RALLYDEBUG rally_openstack.cleanup.manager [-] Cleaning up nova keypairs objects
2019-10-28 01:38:02.345 20411 INFO rally.task.context [-] Task 0b5399c7-6330-4103-a825-8ad7cce983f7 | Context cleanup@openstack cleanup() finished in 12.46 sec
2019-10-28 01:38:02.346 20411 INFO rally.task.context [-] Task 0b5399c7-6330-4103-a825-8ad7cce983f7 | Context users@openstack cleanup() started
2019-10-28 01:38:06.484 20411 INFO rally.task.context [-] Task 0b5399c7-6330-4103-a825-8ad7cce983f7 | Context users@openstack cleanup() finished in 4.14 sec
2019-10-28 01:38:07.717 20411 INFO rally.task.engine [-] Load duration is: 23.907832
2019-10-28 01:38:07.717 20411 INFO rally.task.engine [-] Full runner duration is: 24.957403
2019-10-28 01:38:07.717 20411 INFO rally.task.engine [-] Full duration is: 44.997264
2019-10-28 01:38:08.063 20411 INFO rally.task.engine [-] Running workload: position = 0 config = { "version": 2, "title": "A cropped version of a bigger task.", "description": "Auto-generated task from a single workload (uuid=8208c1b4-b79a-4748-95f9-9db890f75491)", "subtasks": [ { "title": "NovaServers.list_servers", "description": "List all servers.", "scenario": { "NovaServers.list_servers": { "detailed": true } }, "contexts": { "users": { "tenants": 3, "users_per_tenant": 2 }, "servers": { "flavor": { "name": "rally_full-flavor_94399dd7-70e5-4767-b49a-8f67339bf77d" }, "image": { "name": "rally_full-img_94399dd7-70e5-4767-b49a-8f67339bf77d" }, "servers_per_tenant": 2, "auto_assign_nic": true }, "network": {} }, "runner": { "constant": { "concurrency": 4, "times": 10 } }, "hooks": [], "sla": { "failure_rate": { "max": 0 } } } ] }
2019-10-28 01:38:08.088 20411 RALLYDEBUG rally_openstack.contexts.keystone.users [-] Creating 3 tenants using 20 threads
2019-10-28 01:38:09.048 20411 RALLYDEBUG rally_openstack.contexts.keystone.users [-] Creating 6 users using 20 threads
2019-10-28 01:38:10.634 20411 INFO rally.task.context [-] Task 0b5399c7-6330-4103-a825-8ad7cce983f7 | Context users@openstack setup() finished in 2.55 sec
2019-10-28 01:38:12.867 20411 RALLYDEBUG rally_openstack.wrappers.network [-] CIDR generated: 10.2.15.0/24
2019-10-28 01:38:16.426 20411 RALLYDEBUG rally_openstack.wrappers.network [-] CIDR generated: 10.2.16.0/24
2019-10-28 01:38:19.983 20411 RALLYDEBUG rally_openstack.wrappers.network [-] CIDR generated: 10.2.17.0/24
2019-10-28 01:38:22.368 20411 INFO rally.task.context [-] Task 0b5399c7-6330-4103-a825-8ad7cce983f7 | Context network@openstack setup() finished in 11.73 sec
2019-10-28 01:38:23.155 20411 RALLYDEBUG rally_openstack.contexts.nova.servers [-] Booting servers for user tenant 9339119cee4846c6a0781040e47dbae6
2019-10-28 01:38:23.155 20411 RALLYDEBUG rally_openstack.contexts.nova.servers [-] Calling _boot_servers with image_id=557170a9-5025-4cf4-a927-2cc8be496f7e flavor_id=f6e16333-aeab-48e5-b309-0e3bdd356d36 servers_per_tenant=2
2019-10-28 01:38:32.126 20411 RALLYDEBUG rally.task.utils [-] Waiting for resource s_rally_8208c1b4_I6Z4AGZK_1. Status changed: BUILD => ACTIVE in 4.683626890182495
2019-10-28 01:38:32.287 20411 RALLYDEBUG rally.task.utils [-] Waiting for resource s_rally_8208c1b4_I6Z4AGZK_0. Status changed: BUILD => ACTIVE in 0.15999269485473633
2019-10-28 01:38:32.288 20411 RALLYDEBUG rally_openstack.contexts.nova.servers [-] Adding booted servers ['cb13967b-04ff-445f-9855-bef43616c9c9', 'a80350ec-c3d9-4da0-94a9-08f0f09e8e61'] to context
2019-10-28 01:38:32.288 20411 RALLYDEBUG rally_openstack.contexts.nova.servers [-] Booting servers for user tenant ad283fb1abf7404a980aea6c20ba5899
2019-10-28 01:38:32.289 20411 RALLYDEBUG rally_openstack.contexts.nova.servers [-] Calling _boot_servers with image_id=557170a9-5025-4cf4-a927-2cc8be496f7e flavor_id=f6e16333-aeab-48e5-b309-0e3bdd356d36 servers_per_tenant=2
2019-10-28 01:38:39.931 20411 RALLYDEBUG rally.task.utils [-] Waiting for resource s_rally_8208c1b4_iiWCNFKG_1. Status changed: BUILD => ACTIVE in 4.676633358001709
2019-10-28 01:38:40.123 20411 RALLYDEBUG rally.task.utils [-] Waiting for resource s_rally_8208c1b4_iiWCNFKG_0. Status changed: BUILD => ACTIVE in 0.19151949882507324
2019-10-28 01:38:40.123 20411 RALLYDEBUG rally_openstack.contexts.nova.servers [-] Adding booted servers ['6cd6c2a6-f21e-4882-8185-f0d016871cc3', '656e8b03-99c0-4bc2-a0ba-bb51fe71acd3'] to context
2019-10-28 01:38:40.124 20411 RALLYDEBUG rally_openstack.contexts.nova.servers [-] Booting servers for user tenant 94bd1d5cc42d404da9acbb6e2e96c644
2019-10-28 01:38:40.124 20411 RALLYDEBUG rally_openstack.contexts.nova.servers [-] Calling _boot_servers with image_id=557170a9-5025-4cf4-a927-2cc8be496f7e flavor_id=f6e16333-aeab-48e5-b309-0e3bdd356d36 servers_per_tenant=2
2019-10-28 01:38:50.771 20411 RALLYDEBUG rally.task.utils [-] Waiting for resource s_rally_8208c1b4_LuvDtbD2_1. Status changed: BUILD => ACTIVE in 6.918873071670532
2019-10-28 01:38:50.931 20411 RALLYDEBUG rally.task.utils [-] Waiting for resource s_rally_8208c1b4_LuvDtbD2_0. Status changed: BUILD => ACTIVE in 0.1594398021697998
2019-10-28 01:38:50.931 20411 RALLYDEBUG rally_openstack.contexts.nova.servers [-] Adding booted servers ['314d8994-d719-4559-a783-43546d42478d', '9df586a1-c66d-4f4b-97f7-dbd2920ecc3f'] to context
2019-10-28 01:38:50.932 20411 INFO rally.task.context [-] Task 0b5399c7-6330-4103-a825-8ad7cce983f7 | Context servers@openstack setup() finished in 28.56 sec
2019-10-28 01:38:50.941 20411 RALLYDEBUG rally.task.runner [-] Starting the constant runner (task UUID: 0b5399c7-6330-4103-a825-8ad7cce983f7). times: 10 concurrency: 4 timeout: 0 max_cpu_used: 16 processes_to_start: 4 concurrency_per_worker: 1 concurrency_overhead: 0
2019-10-28 01:38:50.953 22111 RALLYDEBUG rally.task.runner [-] Starting a worker. times: 10 duration: None concurrency: 1 timeout: 0 cls: method_name: run args: {"detailed": true}
2019-10-28 01:38:50.956 22112 RALLYDEBUG rally.task.runner [-] Starting a worker. times: 10 duration: None concurrency: 1 timeout: 0 cls: method_name: run args: {"detailed": true}
2019-10-28 01:38:50.960 22111 INFO rally.task.runner [-] Task 0b5399c7-6330-4103-a825-8ad7cce983f7 | ITER: 1 START
2019-10-28 01:38:50.960 22113 RALLYDEBUG rally.task.runner [-] Starting a worker. times: 10 duration: None concurrency: 1 timeout: 0 cls: method_name: run args: {"detailed": true}
2019-10-28 01:38:50.963 22112 INFO rally.task.runner [-] Task 0b5399c7-6330-4103-a825-8ad7cce983f7 | ITER: 2 START
2019-10-28 01:38:50.964 22114 RALLYDEBUG rally.task.runner [-] Starting a worker. times: 10 duration: None concurrency: 1 timeout: 0 cls: method_name: run args: {"detailed": true}
2019-10-28 01:38:50.967 22113 INFO rally.task.runner [-] Task 0b5399c7-6330-4103-a825-8ad7cce983f7 | ITER: 3 START
2019-10-28 01:38:50.971 22114 INFO rally.task.runner [-] Task 0b5399c7-6330-4103-a825-8ad7cce983f7 | ITER: 4 START
2019-10-28 01:38:51.593 22111 INFO rally.task.runner [-] Task 0b5399c7-6330-4103-a825-8ad7cce983f7 | ITER: 1 END: OK
2019-10-28 01:38:51.598 22111 INFO rally.task.runner [-] Task 0b5399c7-6330-4103-a825-8ad7cce983f7 | ITER: 5 START
2019-10-28 01:38:51.633 22112 INFO rally.task.runner [-] Task 0b5399c7-6330-4103-a825-8ad7cce983f7 | ITER: 2 END: OK
2019-10-28 01:38:51.638 22112 INFO rally.task.runner [-] Task 0b5399c7-6330-4103-a825-8ad7cce983f7 | ITER: 6 START
2019-10-28 01:38:51.712 22113 INFO rally.task.runner [-] Task 0b5399c7-6330-4103-a825-8ad7cce983f7 | ITER: 3 END: OK
2019-10-28 01:38:51.717 22113 INFO rally.task.runner [-] Task 0b5399c7-6330-4103-a825-8ad7cce983f7 | ITER: 7 START
2019-10-28 01:38:51.738 22114 INFO rally.task.runner [-] Task 0b5399c7-6330-4103-a825-8ad7cce983f7 | ITER: 4 END: OK
2019-10-28 01:38:51.742 22114 INFO rally.task.runner [-] Task 0b5399c7-6330-4103-a825-8ad7cce983f7 | ITER: 8 START
2019-10-28 01:38:52.260 22112 INFO rally.task.runner [-] Task 0b5399c7-6330-4103-a825-8ad7cce983f7 | ITER: 6 END: OK
2019-10-28 01:38:52.264 22112 INFO rally.task.runner [-] Task 0b5399c7-6330-4103-a825-8ad7cce983f7 | ITER: 9 START
2019-10-28 01:38:52.391 22113 INFO rally.task.runner [-] Task 0b5399c7-6330-4103-a825-8ad7cce983f7 | ITER: 7 END: OK
2019-10-28 01:38:52.395 22113 INFO rally.task.runner [-] Task 0b5399c7-6330-4103-a825-8ad7cce983f7 | ITER: 10 START
2019-10-28 01:38:52.457 22114 INFO rally.task.runner [-] Task 0b5399c7-6330-4103-a825-8ad7cce983f7 | ITER: 8 END: OK
2019-10-28 01:38:52.546 22111 INFO rally.task.runner [-] Task 0b5399c7-6330-4103-a825-8ad7cce983f7 | ITER: 5 END: OK
2019-10-28 01:38:52.914 22112 INFO rally.task.runner [-] Task 0b5399c7-6330-4103-a825-8ad7cce983f7 | ITER: 9 END: OK
2019-10-28 01:38:53.024 22113 INFO rally.task.runner [-] Task 0b5399c7-6330-4103-a825-8ad7cce983f7 | ITER: 10 END: OK
2019-10-28 01:38:53.048 20411 INFO rally.task.context [-] Task 0b5399c7-6330-4103-a825-8ad7cce983f7 | Context servers@openstack cleanup() started
2019-10-28 01:38:53.050 20411 RALLYDEBUG rally_openstack.cleanup.manager [-] Cleaning up nova servers objects
2019-10-28 01:38:55.328 20411 RALLYDEBUG rally_openstack.cleanup.manager [-] Deleting nova.servers object s_rally_8208c1b4_I6Z4AGZK_1 (cb13967b-04ff-445f-9855-bef43616c9c9)
2019-10-28 01:38:55.336 20411 RALLYDEBUG rally_openstack.cleanup.manager [-] Deleting nova.servers object s_rally_8208c1b4_I6Z4AGZK_0 (a80350ec-c3d9-4da0-94a9-08f0f09e8e61)
2019-10-28 01:38:55.343 20411 RALLYDEBUG rally_openstack.cleanup.manager [-] Deleting nova.servers object s_rally_8208c1b4_iiWCNFKG_1 (6cd6c2a6-f21e-4882-8185-f0d016871cc3)
2019-10-28 01:38:55.349 20411 RALLYDEBUG rally_openstack.cleanup.manager [-] Deleting nova.servers object s_rally_8208c1b4_iiWCNFKG_0 (656e8b03-99c0-4bc2-a0ba-bb51fe71acd3)
2019-10-28 01:38:55.353 20411 RALLYDEBUG rally_openstack.cleanup.manager [-] Deleting nova.servers object s_rally_8208c1b4_LuvDtbD2_1 (314d8994-d719-4559-a783-43546d42478d)
2019-10-28 01:38:55.357 20411 RALLYDEBUG rally_openstack.cleanup.manager [-] Deleting nova.servers object s_rally_8208c1b4_LuvDtbD2_0 (9df586a1-c66d-4f4b-97f7-dbd2920ecc3f)
2019-10-28 01:39:00.685 20411 INFO rally.task.context [-] Task 0b5399c7-6330-4103-a825-8ad7cce983f7 | Context servers@openstack cleanup() finished in 7.64 sec
2019-10-28 01:39:00.686 20411 INFO rally.task.context [-] Task 0b5399c7-6330-4103-a825-8ad7cce983f7 | Context network@openstack cleanup() started
2019-10-28 01:39:20.783 20411 INFO rally.task.context [-] Task 0b5399c7-6330-4103-a825-8ad7cce983f7 | Context network@openstack cleanup() finished in 20.10 sec
2019-10-28 01:39:20.784 20411 INFO rally.task.context [-] Task 0b5399c7-6330-4103-a825-8ad7cce983f7 | Context users@openstack cleanup() started
2019-10-28 01:39:24.715 20411 INFO rally.task.context [-] Task 0b5399c7-6330-4103-a825-8ad7cce983f7 | Context users@openstack cleanup() finished in 3.93 sec
2019-10-28 01:39:26.435 20411 INFO rally.task.engine [-] Load duration is: 2.061582
2019-10-28 01:39:26.435 20411 INFO rally.task.engine [-] Full runner duration is: 2.107649
2019-10-28 01:39:26.436 20411 INFO rally.task.engine [-] Full duration is: 76.629124
2019-10-28 01:39:26.775 20411 INFO rally.task.engine [-] Running workload: position = 0 config = { "version": 2, "title": "A cropped version of a bigger task.", "description": "Auto-generated task from a single workload (uuid=41c9be08-1dda-4232-9cfa-2efbd2c96966)", "subtasks": [ { "title": "NovaServers.resize_server", "description": "Boot a server, then resize and delete it.", "scenario": { "NovaServers.resize_server": { "flavor": { "name": "rally_full-flavor_94399dd7-70e5-4767-b49a-8f67339bf77d" }, "image": { "name": "rally_full-img_94399dd7-70e5-4767-b49a-8f67339bf77d" }, "to_flavor": { "name": "rally_full-flavor_alt_94399dd7-70e5-4767-b49a-8f67339bf77d" }, "confirm": true, "force_delete": false, "nics": [ { "net-id": "2381ea0d-4449-473e-9297-21732a0ea467" } ] } }, "contexts": { "users": { "tenants": 3, "users_per_tenant": 2 } }, "runner": { "constant": { "concurrency": 4, "times": 10 } }, "hooks": [], "sla": { "failure_rate": { "max": 0 } } } ] }
2019-10-28 01:39:26.801 20411 RALLYDEBUG rally_openstack.contexts.keystone.users [-] Creating 3 tenants using 20 threads
2019-10-28 01:39:27.746 20411 RALLYDEBUG rally_openstack.contexts.keystone.users [-] Creating 6 users using 20 threads
2019-10-28 01:39:29.285 20411 INFO rally.task.context [-] Task 0b5399c7-6330-4103-a825-8ad7cce983f7 | Context users@openstack setup() finished in 2.48 sec
2019-10-28 01:39:29.285 20411 INFO rally.task.context [-] Task 0b5399c7-6330-4103-a825-8ad7cce983f7 | Context cleanup@openstack setup() finished in 0.01 msec
2019-10-28 01:39:30.307 20411 RALLYDEBUG rally.task.runner [-] Starting the constant runner (task UUID: 0b5399c7-6330-4103-a825-8ad7cce983f7). times: 10 concurrency: 4 timeout: 0 max_cpu_used: 16 processes_to_start: 4 concurrency_per_worker: 1 concurrency_overhead: 0
2019-10-28 01:39:30.319 22235 RALLYDEBUG rally.task.runner [-] Starting a worker. times: 10 duration: None concurrency: 1 timeout: 0 cls: method_name: run args: {"flavor": "f6e16333-aeab-48e5-b309-0e3bdd356d36", "image": "557170a9-5025-4cf4-a927-2cc8be496f7e", "to_flavor": "d570c247-9c23-42de-9a6d-d2f643e982e6", "confirm": true, "force_delete": false, "nics": [{"net-id": "2381ea0d-4449-473e-9297-21732a0ea467"}]}
2019-10-28 01:39:30.323 22236 RALLYDEBUG rally.task.runner [-] Starting a worker. times: 10 duration: None concurrency: 1 timeout: 0 cls: method_name: run args: {"flavor": "f6e16333-aeab-48e5-b309-0e3bdd356d36", "image": "557170a9-5025-4cf4-a927-2cc8be496f7e", "to_flavor": "d570c247-9c23-42de-9a6d-d2f643e982e6", "confirm": true, "force_delete": false, "nics": [{"net-id": "2381ea0d-4449-473e-9297-21732a0ea467"}]}
2019-10-28 01:39:30.326 22235 INFO rally.task.runner [-] Task 0b5399c7-6330-4103-a825-8ad7cce983f7 | ITER: 1 START
2019-10-28 01:39:30.327 22237 RALLYDEBUG rally.task.runner [-] Starting a worker. times: 10 duration: None concurrency: 1 timeout: 0 cls: method_name: run args: {"flavor": "f6e16333-aeab-48e5-b309-0e3bdd356d36", "image": "557170a9-5025-4cf4-a927-2cc8be496f7e", "to_flavor": "d570c247-9c23-42de-9a6d-d2f643e982e6", "confirm": true, "force_delete": false, "nics": [{"net-id": "2381ea0d-4449-473e-9297-21732a0ea467"}]}
2019-10-28 01:39:30.329 22236 INFO rally.task.runner [-] Task 0b5399c7-6330-4103-a825-8ad7cce983f7 | ITER: 2 START
2019-10-28 01:39:30.330 22239 RALLYDEBUG rally.task.runner [-] Starting a worker. times: 10 duration: None concurrency: 1 timeout: 0 cls: method_name: run args: {"flavor": "f6e16333-aeab-48e5-b309-0e3bdd356d36", "image": "557170a9-5025-4cf4-a927-2cc8be496f7e", "to_flavor": "d570c247-9c23-42de-9a6d-d2f643e982e6", "confirm": true, "force_delete": false, "nics": [{"net-id": "2381ea0d-4449-473e-9297-21732a0ea467"}]}
2019-10-28 01:39:30.334 22237 INFO rally.task.runner [-] Task 0b5399c7-6330-4103-a825-8ad7cce983f7 | ITER: 3 START
2019-10-28 01:39:30.336 22239 INFO rally.task.runner [-] Task 0b5399c7-6330-4103-a825-8ad7cce983f7 | ITER: 4 START
2019-10-28 01:39:37.075 22235 RALLYDEBUG rally.task.utils [-] Waiting for resource s_rally_41c9be08_ozLV1GZW. Status changed: BUILD => ACTIVE in 4.573511838912964
2019-10-28 01:39:37.139 22239 RALLYDEBUG rally.task.utils [-] Waiting for resource s_rally_41c9be08_nFdeE8SQ. Status changed: BUILD => ACTIVE in 4.450084686279297
2019-10-28 01:39:38.230 22235 RALLYDEBUG rally.task.utils [-] Waiting for resource s_rally_41c9be08_ozLV1GZW. Status changed: ACTIVE => RESIZE in 0.21724319458007812
2019-10-28 01:39:38.303 22239 RALLYDEBUG rally.task.utils [-] Waiting for resource s_rally_41c9be08_nFdeE8SQ. Status changed: ACTIVE => RESIZE in 0.18152570724487305
2019-10-28 01:39:39.925 22236 RALLYDEBUG rally.task.utils [-] Waiting for resource s_rally_41c9be08_11HXgpAH. Status changed: BUILD => ACTIVE in 6.919241428375244
2019-10-28 01:39:41.002 22236 RALLYDEBUG rally.task.utils [-] Waiting for resource s_rally_41c9be08_11HXgpAH. Status changed: ACTIVE => RESIZE in 0.23008251190185547
2019-10-28 01:39:41.848 22237 RALLYDEBUG rally.task.utils [-] Waiting for resource s_rally_41c9be08_oSus6QyW. Status changed: BUILD => ACTIVE in 9.035189390182495
2019-10-28 01:39:42.998 22237 RALLYDEBUG rally.task.utils [-] Waiting for resource s_rally_41c9be08_oSus6QyW. Status changed: ACTIVE => RESIZE in 0.1475203037261963
2019-10-28 01:39:56.708 22236 RALLYDEBUG rally.task.utils [-] Waiting for resource s_rally_41c9be08_11HXgpAH. Status changed: RESIZE => VERIFY_RESIZE in 15.705751895904541
2019-10-28 01:39:56.961 22236 RALLYDEBUG rally.task.utils [-] Waiting for resource s_rally_41c9be08_11HXgpAH. Status changed: ACTIVE => VERIFY_RESIZE in 0.19306731224060059
2019-10-28 01:39:58.964 22235 RALLYDEBUG rally.task.utils [-] Waiting for resource s_rally_41c9be08_ozLV1GZW. Status changed: RESIZE => VERIFY_RESIZE in 20.733540058135986
2019-10-28 01:39:59.107 22236 RALLYDEBUG rally.task.utils [-] Waiting for resource s_rally_41c9be08_11HXgpAH. Status changed: VERIFY_RESIZE => ACTIVE in 2.14615535736084
2019-10-28 01:39:59.249 22235 RALLYDEBUG rally.task.utils [-] Waiting for resource s_rally_41c9be08_ozLV1GZW. Status changed: ACTIVE => VERIFY_RESIZE in 0.209869384765625
2019-10-28 01:40:01.462 22235 RALLYDEBUG rally.task.utils [-] Waiting for resource s_rally_41c9be08_ozLV1GZW. Status changed: VERIFY_RESIZE => ACTIVE in 2.2124369144439697
2019-10-28 01:40:01.496 22236 INFO rally.task.runner [-] Task 0b5399c7-6330-4103-a825-8ad7cce983f7 | ITER: 2 END: OK
2019-10-28 01:40:01.501 22236 INFO rally.task.runner [-] Task 0b5399c7-6330-4103-a825-8ad7cce983f7 | ITER: 5 START
2019-10-28 01:40:03.773 22235 INFO rally.task.runner [-] Task 0b5399c7-6330-4103-a825-8ad7cce983f7 | ITER: 1 END: OK
2019-10-28 01:40:03.780 22235 INFO rally.task.runner [-] Task 0b5399c7-6330-4103-a825-8ad7cce983f7 | ITER: 6 START
2019-10-28 01:40:04.274 22237 RALLYDEBUG rally.task.utils [-] Waiting for resource s_rally_41c9be08_oSus6QyW. Status changed: RESIZE => VERIFY_RESIZE in 21.27583599090576
2019-10-28 01:40:04.535 22237 RALLYDEBUG rally.task.utils [-] Waiting for resource s_rally_41c9be08_oSus6QyW. Status changed: ACTIVE => VERIFY_RESIZE in 0.19835853576660156
2019-10-28 01:40:06.973 22237 RALLYDEBUG rally.task.utils [-] Waiting for resource s_rally_41c9be08_oSus6QyW. Status changed: VERIFY_RESIZE => ACTIVE in 2.4372475147247314
2019-10-28 01:40:09.266 22237 INFO rally.task.runner [-] Task 0b5399c7-6330-4103-a825-8ad7cce983f7 | ITER: 3 END: OK
2019-10-28 01:40:09.273 22237 INFO rally.task.runner [-] Task 0b5399c7-6330-4103-a825-8ad7cce983f7 | ITER: 7 START
2019-10-28 01:40:10.287 22236 RALLYDEBUG rally.task.utils [-] Waiting for resource s_rally_41c9be08_R8iQ4tkL. Status changed: BUILD => ACTIVE in 6.6358702182769775
2019-10-28 01:40:11.383 22236 RALLYDEBUG rally.task.utils [-] Waiting for resource s_rally_41c9be08_R8iQ4tkL. Status changed: ACTIVE => RESIZE in 0.18808746337890625
2019-10-28 01:40:12.685 22235 RALLYDEBUG rally.task.utils [-] Waiting for resource s_rally_41c9be08_pIcEpAPv. Status changed: BUILD => ACTIVE in 6.76456093788147
2019-10-28 01:40:13.769 22235 RALLYDEBUG rally.task.utils [-] Waiting for resource s_rally_41c9be08_pIcEpAPv. Status changed: ACTIVE => RESIZE in 0.18819332122802734
2019-10-28 01:40:16.032 22237 RALLYDEBUG rally.task.utils [-] Waiting for resource s_rally_41c9be08_F2KBpZdO. Status changed: BUILD => ACTIVE in 4.633984088897705
2019-10-28 01:40:17.088 22237 RALLYDEBUG rally.task.utils [-] Waiting for resource s_rally_41c9be08_F2KBpZdO. Status changed: ACTIVE => RESIZE in 0.17893123626708984
2019-10-28 01:40:19.822 22239 RALLYDEBUG rally.task.utils [-] Waiting for resource s_rally_41c9be08_nFdeE8SQ. Status changed: RESIZE => VERIFY_RESIZE in 41.518691062927246
2019-10-28 01:40:20.045 22239 RALLYDEBUG rally.task.utils [-] Waiting for resource s_rally_41c9be08_nFdeE8SQ. Status changed: ACTIVE => VERIFY_RESIZE in 0.157881498336792
2019-10-28 01:40:22.204 22239 RALLYDEBUG rally.task.utils [-] Waiting for resource s_rally_41c9be08_nFdeE8SQ. Status changed: VERIFY_RESIZE => ACTIVE in 2.158511161804199
2019-10-28 01:40:24.530 22239 INFO rally.task.runner [-] Task 0b5399c7-6330-4103-a825-8ad7cce983f7 | ITER: 4 END: OK
2019-10-28 01:40:24.537 22239 INFO rally.task.runner [-] Task 0b5399c7-6330-4103-a825-8ad7cce983f7 | ITER: 8 START
2019-10-28 01:40:32.226 22236 RALLYDEBUG rally.task.utils [-] Waiting for resource s_rally_41c9be08_R8iQ4tkL. Status changed: RESIZE => VERIFY_RESIZE in 20.84242343902588
2019-10-28 01:40:32.438 22236 RALLYDEBUG rally.task.utils [-] Waiting for resource s_rally_41c9be08_R8iQ4tkL. Status changed: ACTIVE => VERIFY_RESIZE in 0.14821720123291016
2019-10-28 01:40:33.940 22239 RALLYDEBUG rally.task.utils [-] Waiting for resource s_rally_41c9be08_f3j6lxvt. Status changed: BUILD => ACTIVE in 6.986613512039185
2019-10-28 01:40:34.438 22235 RALLYDEBUG rally.task.utils [-] Waiting for resource s_rally_41c9be08_pIcEpAPv. Status changed: RESIZE => VERIFY_RESIZE in 20.669527292251587
2019-10-28 01:40:34.589 22236 RALLYDEBUG rally.task.utils [-] Waiting for resource s_rally_41c9be08_R8iQ4tkL. Status changed: VERIFY_RESIZE => ACTIVE in 2.151169538497925
2019-10-28 01:40:34.677 22235 RALLYDEBUG rally.task.utils [-] Waiting for resource s_rally_41c9be08_pIcEpAPv. Status changed: ACTIVE => VERIFY_RESIZE in 0.17312145233154297
2019-10-28 01:40:34.972 22239 RALLYDEBUG rally.task.utils [-] Waiting for resource s_rally_41c9be08_f3j6lxvt. Status changed: ACTIVE => RESIZE in 0.1673882007598877
2019-10-28 01:40:36.838 22235 RALLYDEBUG rally.task.utils [-] Waiting for resource s_rally_41c9be08_pIcEpAPv. Status changed: VERIFY_RESIZE => ACTIVE in 2.1610708236694336
2019-10-28 01:40:36.908 22236 INFO rally.task.runner [-] Task 0b5399c7-6330-4103-a825-8ad7cce983f7 | ITER: 5 END: OK
2019-10-28 01:40:36.913 22236 INFO rally.task.runner [-] Task 0b5399c7-6330-4103-a825-8ad7cce983f7 | ITER: 9 START
2019-10-28 01:40:39.155 22235 INFO rally.task.runner [-] Task 0b5399c7-6330-4103-a825-8ad7cce983f7 | ITER: 6 END: OK
2019-10-28 01:40:39.160 22235 INFO rally.task.runner [-] Task 0b5399c7-6330-4103-a825-8ad7cce983f7 | ITER: 10 START
2019-10-28 01:40:43.744 22236 RALLYDEBUG rally.task.utils [-] Waiting for resource s_rally_41c9be08_lDHD6x1D. Status changed: BUILD => ACTIVE in 4.656826496124268
2019-10-28 01:40:44.738 22236 RALLYDEBUG rally.task.utils [-] Waiting for resource s_rally_41c9be08_lDHD6x1D. Status changed: ACTIVE => RESIZE in 0.14801359176635742
2019-10-28 01:40:45.907 22235 RALLYDEBUG rally.task.utils [-] Waiting for resource s_rally_41c9be08_auDtf8BD. Status changed: BUILD => ACTIVE in 4.6088409423828125
2019-10-28 01:40:46.984 22235 RALLYDEBUG rally.task.utils [-] Waiting for resource s_rally_41c9be08_auDtf8BD. Status changed: ACTIVE => RESIZE in 0.21061992645263672
2019-10-28 01:40:55.651 22239 RALLYDEBUG rally.task.utils [-] Waiting for resource s_rally_41c9be08_f3j6lxvt. Status changed: RESIZE => VERIFY_RESIZE in 20.67977237701416
2019-10-28 01:40:55.888 22239 RALLYDEBUG rally.task.utils [-] Waiting for resource s_rally_41c9be08_f3j6lxvt. Status changed: ACTIVE => VERIFY_RESIZE in 0.17449545860290527
2019-10-28 01:40:58.086 22239 RALLYDEBUG rally.task.utils [-] Waiting for resource s_rally_41c9be08_f3j6lxvt. Status changed: VERIFY_RESIZE => ACTIVE in 2.1988611221313477
2019-10-28 01:40:58.714 22237 RALLYDEBUG rally.task.utils [-] Waiting for resource s_rally_41c9be08_F2KBpZdO. Status changed: RESIZE => VERIFY_RESIZE in 41.626622676849365
2019-10-28 01:40:58.984 22237 RALLYDEBUG rally.task.utils [-] Waiting for resource s_rally_41c9be08_F2KBpZdO. Status changed: ACTIVE => VERIFY_RESIZE in 0.20631790161132812
2019-10-28 01:41:00.486 22239 INFO rally.task.runner [-] Task 0b5399c7-6330-4103-a825-8ad7cce983f7 | ITER: 8 END: OK
2019-10-28 01:41:01.147 22237 RALLYDEBUG rally.task.utils [-] Waiting for resource s_rally_41c9be08_F2KBpZdO. Status changed: VERIFY_RESIZE => ACTIVE in 2.1627285480499268
2019-10-28 01:41:03.466 22237 INFO rally.task.runner [-] Task 0b5399c7-6330-4103-a825-8ad7cce983f7 | ITER: 7 END: OK
2019-10-28 01:41:05.591 22236 RALLYDEBUG rally.task.utils [-] Waiting for resource s_rally_41c9be08_lDHD6x1D. Status changed: RESIZE => VERIFY_RESIZE in 20.853010892868042
2019-10-28 01:41:05.868 22236 RALLYDEBUG rally.task.utils [-] Waiting for resource s_rally_41c9be08_lDHD6x1D. Status changed: ACTIVE => VERIFY_RESIZE in 0.2086632251739502
2019-10-28 01:41:07.782 22235 RALLYDEBUG rally.task.utils [-] Waiting for resource s_rally_41c9be08_auDtf8BD. Status changed: RESIZE => VERIFY_RESIZE in 20.798448085784912
2019-10-28 01:41:08.042 22235 RALLYDEBUG rally.task.utils [-] Waiting for resource s_rally_41c9be08_auDtf8BD. Status changed: ACTIVE => VERIFY_RESIZE in 0.18640565872192383
2019-10-28 01:41:08.093 22236 RALLYDEBUG rally.task.utils [-] Waiting for resource s_rally_41c9be08_lDHD6x1D. Status changed: VERIFY_RESIZE => ACTIVE in 2.2252938747406006
2019-10-28 01:41:10.217 22235 RALLYDEBUG rally.task.utils [-] Waiting for resource s_rally_41c9be08_auDtf8BD. Status changed: VERIFY_RESIZE => ACTIVE in 2.1752567291259766
2019-10-28 01:41:10.448 22236 INFO rally.task.runner [-] Task 0b5399c7-6330-4103-a825-8ad7cce983f7 | ITER: 9 END: OK
2019-10-28 01:41:12.618 22235 INFO rally.task.runner [-] Task 0b5399c7-6330-4103-a825-8ad7cce983f7 | ITER: 10 END: OK
2019-10-28 01:41:12.648 20411 INFO rally.task.context [-] Task 0b5399c7-6330-4103-a825-8ad7cce983f7 | Context cleanup@openstack cleanup() started
2019-10-28 01:41:12.652 20411 RALLYDEBUG rally_openstack.cleanup.manager [-] Cleaning up nova servers objects
2019-10-28 01:41:13.925 20411 RALLYDEBUG rally_openstack.cleanup.manager [-] Cleaning up nova server_groups objects
2019-10-28 01:41:15.031 20411 RALLYDEBUG rally_openstack.cleanup.manager [-] Cleaning up nova keypairs objects
2019-10-28 01:41:17.449 20411 INFO rally.task.context [-] Task 0b5399c7-6330-4103-a825-8ad7cce983f7 | Context cleanup@openstack cleanup() finished in 4.80 sec
2019-10-28 01:41:17.449 20411 INFO rally.task.context [-] Task 0b5399c7-6330-4103-a825-8ad7cce983f7 | Context users@openstack cleanup() started
2019-10-28 01:41:21.562 20411 INFO rally.task.context [-] Task 0b5399c7-6330-4103-a825-8ad7cce983f7 | Context users@openstack cleanup() finished in 4.11 sec
2019-10-28 01:41:23.281 20411 INFO rally.task.engine [-] Load duration is: 101.29025
2019-10-28 01:41:23.282 20411 INFO rally.task.engine [-] Full runner duration is: 102.341545
2019-10-28 01:41:23.282 20411 INFO rally.task.engine [-] Full duration is: 114.762854
2019-10-28 01:41:23.621 20411 INFO rally.task.engine [-] Running workload: position = 0 config = { "version": 2, "title": "A cropped version of a bigger task.", "description": "Auto-generated task from a single workload (uuid=8459754a-3c3c-41c1-9c33-5cc0485942da)", "subtasks": [ { "title": "NovaServers.boot_and_live_migrate_server", "description": "Live Migrate a server.", "scenario": { "NovaServers.boot_and_live_migrate_server": { "flavor": { "name": "rally_full-flavor_94399dd7-70e5-4767-b49a-8f67339bf77d" }, "image": { "name": "rally_full-img_94399dd7-70e5-4767-b49a-8f67339bf77d" }, "block_migration": false, "nics": [ { "net-id": "2381ea0d-4449-473e-9297-21732a0ea467" } ] } }, "contexts": { "users": { "tenants": 3, "users_per_tenant": 2 } }, "runner": { "constant": { "concurrency": 4, "times": 10 } }, "hooks": [], "sla": { "failure_rate": { "max": 0 } } } ] }
2019-10-28 01:41:23.645 20411 RALLYDEBUG rally_openstack.contexts.keystone.users [-] Creating 3 tenants using 20 threads
2019-10-28 01:41:24.745 20411 RALLYDEBUG rally_openstack.contexts.keystone.users [-] Creating 6 users using 20 threads
2019-10-28 01:41:26.347 20411 INFO rally.task.context [-] Task 0b5399c7-6330-4103-a825-8ad7cce983f7 | Context users@openstack setup() finished in 2.70 sec
2019-10-28 01:41:26.347 20411 INFO rally.task.context [-] Task 0b5399c7-6330-4103-a825-8ad7cce983f7 | Context cleanup@openstack setup() finished in 0.01 msec
2019-10-28 01:41:27.308 20411 RALLYDEBUG rally.task.runner [-] Starting the constant runner (task UUID: 0b5399c7-6330-4103-a825-8ad7cce983f7). times: 10 concurrency: 4 timeout: 0 max_cpu_used: 16 processes_to_start: 4 concurrency_per_worker: 1 concurrency_overhead: 0
2019-10-28 01:41:27.320 22399 RALLYDEBUG rally.task.runner [-] Starting a worker. times: 10 duration: None concurrency: 1 timeout: 0 cls: method_name: run args: {"flavor": "f6e16333-aeab-48e5-b309-0e3bdd356d36", "image": "557170a9-5025-4cf4-a927-2cc8be496f7e", "block_migration": false, "nics": [{"net-id": "2381ea0d-4449-473e-9297-21732a0ea467"}]}
2019-10-28 01:41:27.324 22400 RALLYDEBUG rally.task.runner [-] Starting a worker. times: 10 duration: None concurrency: 1 timeout: 0 cls: method_name: run args: {"flavor": "f6e16333-aeab-48e5-b309-0e3bdd356d36", "image": "557170a9-5025-4cf4-a927-2cc8be496f7e", "block_migration": false, "nics": [{"net-id": "2381ea0d-4449-473e-9297-21732a0ea467"}]}
2019-10-28 01:41:27.328 22399 INFO rally.task.runner [-] Task 0b5399c7-6330-4103-a825-8ad7cce983f7 | ITER: 1 START
