2019-10-28 02:05:03.532 20411 RALLYDEBUG rally_openstack.cleanup.manager [-] Deleting nova.server_groups object s_rally_bd1b5356_aqlIofp9 (7524e6cd-a8ff-42d5-83c5-3cde55fcbbad)
2019-10-28 02:05:03.547 20411 RALLYDEBUG rally_openstack.cleanup.manager [-] Deleting nova.server_groups object s_rally_bd1b5356_JvZ1mZay (140f6195-7e28-4a6c-b206-ede0cd724823)
2019-10-28 02:05:03.553 20411 RALLYDEBUG rally_openstack.cleanup.manager [-] Deleting nova.server_groups object s_rally_bd1b5356_ZTIHg6tK (83f8c5f2-8f09-4a79-bd0c-e947c6c82970)
2019-10-28 02:05:03.558 20411 RALLYDEBUG rally_openstack.cleanup.manager [-] Deleting nova.server_groups object s_rally_bd1b5356_pXB4vfUw (17729e15-e579-4141-8560-1bdd62d17fe1)
2019-10-28 02:05:05.111 20411 RALLYDEBUG rally_openstack.cleanup.manager [-] Cleaning up nova keypairs objects
2019-10-28 02:05:07.569 20411 INFO rally.task.context [-] Task 0b5399c7-6330-4103-a825-8ad7cce983f7 | Context cleanup@openstack cleanup() finished in 6.45 sec
2019-10-28 02:05:07.569 20411 INFO rally.task.context [-] Task 0b5399c7-6330-4103-a825-8ad7cce983f7 | Context users@openstack cleanup() started
2019-10-28 02:05:11.945 20411 INFO rally.task.context [-] Task 0b5399c7-6330-4103-a825-8ad7cce983f7 | Context users@openstack cleanup() finished in 4.38 sec
2019-10-28 02:05:13.157 20411 INFO rally.task.engine [-] Load duration is: 1.491487
2019-10-28 02:05:13.158 20411 INFO rally.task.engine [-] Full runner duration is: 1.539825
2019-10-28 02:05:13.158 20411 INFO rally.task.engine [-] Full duration is: 14.911182
2019-10-28 02:05:13.479 20411 INFO rally.task.engine [-] Running workload: position = 0 config = { "version": 2, "title": "A cropped version of a bigger task.", "description": "Auto-generated task from a single workload (uuid=8934a9f6-4c3a-4914-85e0-73e51b0b7058)", "subtasks": [ { "title": "NovaServerGroups.create_and_list_server_groups", "description": "Create a server group, then list all server groups.", "scenario": { "NovaServerGroups.create_and_list_server_groups": { "policies": [ "affinity" ], "all_projects": false } }, "contexts": { "users": { "tenants": 3, "users_per_tenant": 2 } }, "runner": { "constant": { "concurrency": 4, "times": 10 } }, "hooks": [], "sla": { "failure_rate": { "max": 0 } } } ] }
2019-10-28 02:05:13.504 20411 RALLYDEBUG rally_openstack.contexts.keystone.users [-] Creating 3 tenants using 20 threads
2019-10-28 02:05:14.431 20411 RALLYDEBUG rally_openstack.contexts.keystone.users [-] Creating 6 users using 20 threads
2019-10-28 02:05:16.069 20411 INFO rally.task.context [-] Task 0b5399c7-6330-4103-a825-8ad7cce983f7 | Context users@openstack setup() finished in 2.56 sec
2019-10-28 02:05:16.069 20411 INFO rally.task.context [-] Task 0b5399c7-6330-4103-a825-8ad7cce983f7 | Context cleanup@openstack setup() finished in 0.01 msec
2019-10-28 02:05:16.078 20411 RALLYDEBUG rally.task.runner [-] Starting the constant runner (task UUID: 0b5399c7-6330-4103-a825-8ad7cce983f7). times: 10 concurrency: 4 timeout: 0 max_cpu_used: 16 processes_to_start: 4 concurrency_per_worker: 1 concurrency_overhead: 0
2019-10-28 02:05:16.090 25439 RALLYDEBUG rally.task.runner [-] Starting a worker. times: 10 duration: None concurrency: 1 timeout: 0 cls: method_name: run args: {"policies": ["affinity"], "all_projects": false}
2019-10-28 02:05:16.094 25440 RALLYDEBUG rally.task.runner [-] Starting a worker. times: 10 duration: None concurrency: 1 timeout: 0 cls: method_name: run args: {"policies": ["affinity"], "all_projects": false}
2019-10-28 02:05:16.098 25439 INFO rally.task.runner [-] Task 0b5399c7-6330-4103-a825-8ad7cce983f7 | ITER: 1 START
2019-10-28 02:05:16.097 25441 RALLYDEBUG rally.task.runner [-] Starting a worker. times: 10 duration: None concurrency: 1 timeout: 0 cls: method_name: run args: {"policies": ["affinity"], "all_projects": false}
2019-10-28 02:05:16.100 25440 INFO rally.task.runner [-] Task 0b5399c7-6330-4103-a825-8ad7cce983f7 | ITER: 2 START
2019-10-28 02:05:16.101 25442 RALLYDEBUG rally.task.runner [-] Starting a worker. times: 10 duration: None concurrency: 1 timeout: 0 cls: method_name: run args: {"policies": ["affinity"], "all_projects": false}
2019-10-28 02:05:16.105 25441 INFO rally.task.runner [-] Task 0b5399c7-6330-4103-a825-8ad7cce983f7 | ITER: 3 START
2019-10-28 02:05:16.108 25442 INFO rally.task.runner [-] Task 0b5399c7-6330-4103-a825-8ad7cce983f7 | ITER: 4 START
2019-10-28 02:05:16.712 25442 INFO rally.task.runner [-] Task 0b5399c7-6330-4103-a825-8ad7cce983f7 | ITER: 4 END: OK
2019-10-28 02:05:16.717 25442 INFO rally.task.runner [-] Task 0b5399c7-6330-4103-a825-8ad7cce983f7 | ITER: 5 START
2019-10-28 02:05:16.744 25441 INFO rally.task.runner [-] Task 0b5399c7-6330-4103-a825-8ad7cce983f7 | ITER: 3 END: OK
2019-10-28 02:05:16.745 25439 INFO rally.task.runner [-] Task 0b5399c7-6330-4103-a825-8ad7cce983f7 | ITER: 1 END: OK
2019-10-28 02:05:16.748 25441 INFO rally.task.runner [-] Task 0b5399c7-6330-4103-a825-8ad7cce983f7 | ITER: 6 START
2019-10-28 02:05:16.750 25439 INFO rally.task.runner [-] Task 0b5399c7-6330-4103-a825-8ad7cce983f7 | ITER: 7 START
2019-10-28 02:05:16.794 25440 INFO rally.task.runner [-] Task 0b5399c7-6330-4103-a825-8ad7cce983f7 | ITER: 2 END: OK
2019-10-28 02:05:16.798 25440 INFO rally.task.runner [-] Task 0b5399c7-6330-4103-a825-8ad7cce983f7 | ITER: 8 START
2019-10-28 02:05:17.259 25439 INFO rally.task.runner [-] Task 0b5399c7-6330-4103-a825-8ad7cce983f7 | ITER: 7 END: OK
2019-10-28 02:05:17.264 25439 INFO rally.task.runner [-] Task 0b5399c7-6330-4103-a825-8ad7cce983f7 | ITER: 9 START
2019-10-28 02:05:17.264 25442 INFO rally.task.runner [-] Task 0b5399c7-6330-4103-a825-8ad7cce983f7 | ITER: 5 END: OK
2019-10-28 02:05:17.267 25442 INFO rally.task.runner [-] Task 0b5399c7-6330-4103-a825-8ad7cce983f7 | ITER: 10 START
2019-10-28 02:05:17.285 25440 INFO rally.task.runner [-] Task 0b5399c7-6330-4103-a825-8ad7cce983f7 | ITER: 8 END: OK
2019-10-28 02:05:17.388 25441 INFO rally.task.runner [-] Task 0b5399c7-6330-4103-a825-8ad7cce983f7 | ITER: 6 END: OK
2019-10-28 02:05:17.685 25439 INFO rally.task.runner [-] Task 0b5399c7-6330-4103-a825-8ad7cce983f7 | ITER: 9 END: OK
2019-10-28 02:05:17.685 25442 INFO rally.task.runner [-] Task 0b5399c7-6330-4103-a825-8ad7cce983f7 | ITER: 10 END: OK
2019-10-28 02:05:17.711 20411 INFO rally.task.context [-] Task 0b5399c7-6330-4103-a825-8ad7cce983f7 | Context cleanup@openstack cleanup() started
2019-10-28 02:05:17.715 20411 RALLYDEBUG rally_openstack.cleanup.manager [-] Cleaning up nova servers objects
2019-10-28 02:05:18.959 20411 RALLYDEBUG rally_openstack.cleanup.manager [-] Cleaning up nova server_groups objects
2019-10-28 02:05:20.073 20411 RALLYDEBUG rally_openstack.cleanup.manager [-] Deleting nova.server_groups object s_rally_8934a9f6_pnVxNNAR (3d73cc9f-044c-40ec-9505-8b3a9626b8c4)
2019-10-28 02:05:20.082 20411 RALLYDEBUG rally_openstack.cleanup.manager [-] Deleting nova.server_groups object s_rally_8934a9f6_q6RPqCNV (795b461b-ae43-4257-b527-6930d905bb60)
2019-10-28 02:05:20.091 20411 RALLYDEBUG rally_openstack.cleanup.manager [-] Deleting nova.server_groups object s_rally_8934a9f6_pg1mq7Ub (7a944b52-b9a0-404e-966b-a492df1933c7)
2019-10-28 02:05:20.099 20411 RALLYDEBUG rally_openstack.cleanup.manager [-] Deleting nova.server_groups object s_rally_8934a9f6_qxq1uzzc (0bba1500-c3bc-4799-af3c-5f714601c5eb)
2019-10-28 02:05:20.108 20411 RALLYDEBUG rally_openstack.cleanup.manager [-] Deleting nova.server_groups object s_rally_8934a9f6_mRAFeO5p (9039b7d5-03d0-4153-bded-8e4fb0f701d6)
2019-10-28 02:05:20.126 20411 RALLYDEBUG rally_openstack.cleanup.manager [-] Deleting nova.server_groups object s_rally_8934a9f6_UCQclnQi (f2531758-f21c-4fc2-9c6f-0a91262b3fd4)
2019-10-28 02:05:20.134 20411 RALLYDEBUG rally_openstack.cleanup.manager [-] Deleting nova.server_groups object s_rally_8934a9f6_G6H72ROf (e1bb68ba-0d47-4ca2-873d-5a92c602fb05)
2019-10-28 02:05:20.151 20411 RALLYDEBUG rally_openstack.cleanup.manager [-] Deleting nova.server_groups object s_rally_8934a9f6_xH1TXUAe (c9c3b63d-d1b2-4b7a-a1b9-2dc9ece35ce0)
2019-10-28 02:05:20.164 20411 RALLYDEBUG rally_openstack.cleanup.manager [-] Deleting nova.server_groups object s_rally_8934a9f6_rbAnitD9 (7c200e15-a68a-46be-8d14-78311c8c7a2d)
2019-10-28 02:05:20.176 20411 RALLYDEBUG rally_openstack.cleanup.manager [-] Deleting nova.server_groups object s_rally_8934a9f6_6fkFdvMt (5b91bbe2-dd70-41d9-8130-8409ecd472bb)
2019-10-28 02:05:21.686 20411 RALLYDEBUG rally_openstack.cleanup.manager [-] Cleaning up nova keypairs objects
2019-10-28 02:05:24.127 20411 INFO rally.task.context [-] Task 0b5399c7-6330-4103-a825-8ad7cce983f7 | Context cleanup@openstack cleanup() finished in 6.42 sec
2019-10-28 02:05:24.128 20411 INFO rally.task.context [-] Task 0b5399c7-6330-4103-a825-8ad7cce983f7 | Context users@openstack cleanup() started
2019-10-28 02:05:28.507 20411 INFO rally.task.context [-] Task 0b5399c7-6330-4103-a825-8ad7cce983f7 | Context users@openstack cleanup() finished in 4.38 sec
2019-10-28 02:05:29.612 20411 INFO rally.task.engine [-] Load duration is: 1.585473
2019-10-28 02:05:29.613 20411 INFO rally.task.engine [-] Full runner duration is: 1.633768
2019-10-28 02:05:29.613 20411 INFO rally.task.engine [-] Full duration is: 15.0053
2019-10-28 02:05:29.867 20411 INFO rally.task.engine [-] Task 0b5399c7-6330-4103-a825-8ad7cce983f7 | Completed: Running task.
2019-10-28 02:05:31.463 25561 RALLYDEBUG rally.api [-] INFO logs from urllib3 and requests module are hide.
2019-10-28 02:05:31.463 25561 RALLYDEBUG rally.api [-] urllib3 insecure warnings are hidden.
2019-10-28 02:05:31.463 25561 RALLYDEBUG rally.api [-] ERROR log from boto module is hide.
2019-10-28 02:05:32.778 25562 RALLYDEBUG rally.api [-] INFO logs from urllib3 and requests module are hide.
2019-10-28 02:05:32.778 25562 RALLYDEBUG rally.api [-] urllib3 insecure warnings are hidden.
2019-10-28 02:05:32.778 25562 RALLYDEBUG rally.api [-] ERROR log from boto module is hide.
2019-10-28 02:05:34.158 25563 RALLYDEBUG rally.api [-] INFO logs from urllib3 and requests module are hide.
2019-10-28 02:05:34.159 25563 RALLYDEBUG rally.api [-] urllib3 insecure warnings are hidden.
2019-10-28 02:05:34.159 25563 RALLYDEBUG rally.api [-] ERROR log from boto module is hide.
2019-10-28 02:05:35.815 25563 INFO rally.api [-] Building 'json' report for the following task(s): '0b5399c7-6330-4103-a825-8ad7cce983f7'.
2019-10-28 02:05:35.872 25563 INFO rally.api [-] The report has been successfully built.
2019-10-28 02:05:37.262 25565 RALLYDEBUG rally.api [-] INFO logs from urllib3 and requests module are hide.
2019-10-28 02:05:37.263 25565 RALLYDEBUG rally.api [-] urllib3 insecure warnings are hidden.
2019-10-28 02:05:37.263 25565 RALLYDEBUG rally.api [-] ERROR log from boto module is hide.
2019-10-28 02:05:39.064 25565 INFO rally.task.engine [-] Task 0b879a1d-b5ce-48c1-b703-52f7b85e15a0 | Starting: Task validation.
2019-10-28 02:05:39.119 25565 INFO rally.task.engine [-] Task 0b879a1d-b5ce-48c1-b703-52f7b85e15a0 | Starting: Task validation of syntax.
2019-10-28 02:05:39.193 25565 INFO rally.task.engine [-] Task 0b879a1d-b5ce-48c1-b703-52f7b85e15a0 | Completed: Task validation of syntax.
2019-10-28 02:05:39.193 25565 INFO rally.task.engine [-] Task 0b879a1d-b5ce-48c1-b703-52f7b85e15a0 | Starting: Task validation of required platforms.
2019-10-28 02:05:39.230 25565 INFO rally.task.engine [-] Task 0b879a1d-b5ce-48c1-b703-52f7b85e15a0 | Completed: Task validation of required platforms.
2019-10-28 02:05:39.230 25565 INFO rally.task.engine [-] Task 0b879a1d-b5ce-48c1-b703-52f7b85e15a0 | Starting: Task validation of semantic.
2019-10-28 02:05:39.230 25565 INFO rally.task.engine [-] Check health of the environment '14d1cdf6-4063-414e-94ac-aa0149de702c'.
2019-10-28 02:05:40.208 25565 INFO rally.task.engine [-] Platform existing@openstack (available: True): OK!
2019-10-28 02:05:40.231 25565 RALLYDEBUG rally_openstack.contexts.keystone.users [-] Creating 1 tenants using 20 threads
2019-10-28 02:05:41.031 25565 RALLYDEBUG rally_openstack.contexts.keystone.users [-] Creating 1 users using 20 threads
2019-10-28 02:05:42.329 25565 INFO rally.task.context [-] Task 0b879a1d-b5ce-48c1-b703-52f7b85e15a0 | Context users@openstack setup() finished in 2.10 sec
2019-10-28 02:05:43.620 25565 INFO rally.task.context [-] Task 0b879a1d-b5ce-48c1-b703-52f7b85e15a0 | Context users@openstack cleanup() started
2019-10-28 02:05:46.417 25565 INFO rally.task.context [-] Task 0b879a1d-b5ce-48c1-b703-52f7b85e15a0 | Context users@openstack cleanup() finished in 2.80 sec
2019-10-28 02:05:46.417 25565 INFO rally.task.engine [-] Task 0b879a1d-b5ce-48c1-b703-52f7b85e15a0 | Completed: Task validation of semantic.
2019-10-28 02:05:46.418 25565 INFO rally.task.engine [-] Task 0b879a1d-b5ce-48c1-b703-52f7b85e15a0 | Completed: Task validation.
2019-10-28 02:05:46.418 25565 INFO rally.api [-] Task 0b879a1d-b5ce-48c1-b703-52f7b85e15a0 input file is valid.
2019-10-28 02:05:46.418 25565 INFO rally.api [-] Run Task 0b879a1d-b5ce-48c1-b703-52f7b85e15a0 against Deployment 14d1cdf6-4063-414e-94ac-aa0149de702c
2019-10-28 02:05:46.419 25565 INFO rally.task.engine [-] Task 0b879a1d-b5ce-48c1-b703-52f7b85e15a0 | Starting: Running task.
2019-10-28 02:05:46.587 25565 INFO rally.task.engine [-] Running workload: position = 0 config = { "version": 2, "title": "A cropped version of a bigger task.", "description": "Auto-generated task from a single workload (uuid=071596e5-d109-439b-b186-f6b11dfda975)", "subtasks": [ { "title": "Quotas.cinder_update_and_delete", "description": "Update and Delete quotas for Cinder.", "scenario": { "Quotas.cinder_update_and_delete": { "max_quota": 1024 } }, "contexts": { "users": { "tenants": 3, "users_per_tenant": 2 }, "api_versions": { "cinder": { "version": 3, "service_type": "volumev3" } } }, "runner": { "constant": { "concurrency": 4, "times": 10 } }, "hooks": [], "sla": { "failure_rate": { "max": 0 } } } ] }
2019-10-28 02:05:46.610 25565 RALLYDEBUG rally_openstack.contexts.keystone.users [-] Creating 3 tenants using 20 threads
2019-10-28 02:05:47.511 25565 RALLYDEBUG rally_openstack.contexts.keystone.users [-] Creating 6 users using 20 threads
2019-10-28 02:05:49.025 25565 INFO rally.task.context [-] Task 0b879a1d-b5ce-48c1-b703-52f7b85e15a0 | Context users@openstack setup() finished in 2.41 sec
2019-10-28 02:05:49.428 25565 INFO rally.task.context [-] Task 0b879a1d-b5ce-48c1-b703-52f7b85e15a0 | Context api_versions@openstack setup() finished in 0.40 sec
2019-10-28 02:05:49.428 25565 INFO rally.task.context [-] Task 0b879a1d-b5ce-48c1-b703-52f7b85e15a0 | Context admin_cleanup@openstack setup() finished in 0.05 msec
2019-10-28 02:05:49.437 25565 RALLYDEBUG rally.task.runner [-] Starting the constant runner (task UUID: 0b879a1d-b5ce-48c1-b703-52f7b85e15a0). times: 10 concurrency: 4 timeout: 0 max_cpu_used: 16 processes_to_start: 4 concurrency_per_worker: 1 concurrency_overhead: 0
2019-10-28 02:05:49.451 25689 RALLYDEBUG rally.task.runner [-] Starting a worker. times: 10 duration: None concurrency: 1 timeout: 0 cls: method_name: run args: {"max_quota": 1024}
2019-10-28 02:05:49.454 25690 RALLYDEBUG rally.task.runner [-] Starting a worker. times: 10 duration: None concurrency: 1 timeout: 0 cls: method_name: run args: {"max_quota": 1024}
2019-10-28 02:05:49.458 25689 INFO rally.task.runner [-] Task 0b879a1d-b5ce-48c1-b703-52f7b85e15a0 | ITER: 1 START
2019-10-28 02:05:49.457 25691 RALLYDEBUG rally.task.runner [-] Starting a worker. times: 10 duration: None concurrency: 1 timeout: 0 cls: method_name: run args: {"max_quota": 1024}
2019-10-28 02:05:49.460 25690 INFO rally.task.runner [-] Task 0b879a1d-b5ce-48c1-b703-52f7b85e15a0 | ITER: 2 START
2019-10-28 02:05:49.461 25692 RALLYDEBUG rally.task.runner [-] Starting a worker. times: 10 duration: None concurrency: 1 timeout: 0 cls: method_name: run args: {"max_quota": 1024}
2019-10-28 02:05:49.464 25691 INFO rally.task.runner [-] Task 0b879a1d-b5ce-48c1-b703-52f7b85e15a0 | ITER: 3 START
2019-10-28 02:05:49.467 25692 INFO rally.task.runner [-] Task 0b879a1d-b5ce-48c1-b703-52f7b85e15a0 | ITER: 4 START
2019-10-28 02:05:50.057 25692 INFO rally.task.runner [-] Task 0b879a1d-b5ce-48c1-b703-52f7b85e15a0 | ITER: 4 END: OK
2019-10-28 02:05:50.061 25692 INFO rally.task.runner [-] Task 0b879a1d-b5ce-48c1-b703-52f7b85e15a0 | ITER: 5 START
2019-10-28 02:05:50.062 25690 INFO rally.task.runner [-] Task 0b879a1d-b5ce-48c1-b703-52f7b85e15a0 | ITER: 2 END: OK
2019-10-28 02:05:50.064 25691 INFO rally.task.runner [-] Task 0b879a1d-b5ce-48c1-b703-52f7b85e15a0 | ITER: 3 END: OK
2019-10-28 02:05:50.066 25689 INFO rally.task.runner [-] Task 0b879a1d-b5ce-48c1-b703-52f7b85e15a0 | ITER: 1 END: OK
2019-10-28 02:05:50.067 25690 INFO rally.task.runner [-] Task 0b879a1d-b5ce-48c1-b703-52f7b85e15a0 | ITER: 6 START
2019-10-28 02:05:50.069 25691 INFO rally.task.runner [-] Task 0b879a1d-b5ce-48c1-b703-52f7b85e15a0 | ITER: 7 START
2019-10-28 02:05:50.071 25689 INFO rally.task.runner [-] Task 0b879a1d-b5ce-48c1-b703-52f7b85e15a0 | ITER: 8 START
2019-10-28 02:05:50.537 25691 INFO rally.task.runner [-] Task 0b879a1d-b5ce-48c1-b703-52f7b85e15a0 | ITER: 7 END: OK
2019-10-28 02:05:50.541 25691 INFO rally.task.runner [-] Task 0b879a1d-b5ce-48c1-b703-52f7b85e15a0 | ITER: 9 START
2019-10-28 02:05:50.549 25689 INFO rally.task.runner [-] Task 0b879a1d-b5ce-48c1-b703-52f7b85e15a0 | ITER: 8 END: OK
2019-10-28 02:05:50.552 25689 INFO rally.task.runner [-] Task 0b879a1d-b5ce-48c1-b703-52f7b85e15a0 | ITER: 10 START
2019-10-28 02:05:50.561 25690 INFO rally.task.runner [-] Task 0b879a1d-b5ce-48c1-b703-52f7b85e15a0 | ITER: 6 END: OK
2019-10-28 02:05:50.692 25692 INFO rally.task.runner [-] Task 0b879a1d-b5ce-48c1-b703-52f7b85e15a0 | ITER: 5 END: OK
2019-10-28 02:05:50.984 25691 INFO rally.task.runner [-] Task 0b879a1d-b5ce-48c1-b703-52f7b85e15a0 | ITER: 9 END: OK
2019-10-28 02:05:51.019 25689 INFO rally.task.runner [-] Task 0b879a1d-b5ce-48c1-b703-52f7b85e15a0 | ITER: 10 END: OK
2019-10-28 02:05:51.049 25565 INFO rally.task.context [-] Task 0b879a1d-b5ce-48c1-b703-52f7b85e15a0 | Context admin_cleanup@openstack cleanup() started
2019-10-28 02:05:51.053 25565 RALLYDEBUG rally_openstack.cleanup.manager [-] Cleaning up cinder quotas objects
2019-10-28 02:05:51.844 25565 INFO rally.task.context [-] Task 0b879a1d-b5ce-48c1-b703-52f7b85e15a0 | Context admin_cleanup@openstack cleanup() finished in 0.80 sec
2019-10-28 02:05:51.844 25565 INFO rally.task.context [-] Task 0b879a1d-b5ce-48c1-b703-52f7b85e15a0 | Context api_versions@openstack cleanup() started
2019-10-28 02:05:51.845 25565 INFO rally.task.context [-] Task 0b879a1d-b5ce-48c1-b703-52f7b85e15a0 | Context api_versions@openstack cleanup() finished in 0.36 msec
2019-10-28 02:05:51.845 25565 INFO rally.task.context [-] Task 0b879a1d-b5ce-48c1-b703-52f7b85e15a0 | Context users@openstack cleanup() started
2019-10-28 02:05:56.178 25565 INFO rally.task.context [-] Task 0b879a1d-b5ce-48c1-b703-52f7b85e15a0 | Context users@openstack cleanup() finished in 4.33 sec
2019-10-28 02:05:56.703 25565 INFO rally.task.engine [-] Load duration is: 1.559759
2019-10-28 02:05:56.703 25565 INFO rally.task.engine [-] Full runner duration is: 1.612151
2019-10-28 02:05:56.704 25565 INFO rally.task.engine [-] Full duration is: 9.570208
2019-10-28 02:05:57.042 25565 INFO rally.task.engine [-] Running workload: position = 0 config = { "version": 2, "title": "A cropped version of a bigger task.", "description": "Auto-generated task from a single workload (uuid=eb72dc43-26b2-4e74-82bc-edac2c4928a5)", "subtasks": [ { "title": "Quotas.cinder_update", "description": "Update quotas for Cinder.", "scenario": { "Quotas.cinder_update": { "max_quota": 1024 } }, "contexts": { "users": { "tenants": 3, "users_per_tenant": 2 }, "api_versions": { "cinder": { "version": 3, "service_type": "volumev3" } } }, "runner": { "constant": { "concurrency": 4, "times": 10 } }, "hooks": [], "sla": { "failure_rate": { "max": 0 } } } ] }
2019-10-28 02:05:57.067 25565 RALLYDEBUG rally_openstack.contexts.keystone.users [-] Creating 3 tenants using 20 threads
2019-10-28 02:05:58.023 25565 RALLYDEBUG rally_openstack.contexts.keystone.users [-] Creating 6 users using 20 threads
2019-10-28 02:05:59.558 25565 INFO rally.task.context [-] Task 0b879a1d-b5ce-48c1-b703-52f7b85e15a0 | Context users@openstack setup() finished in 2.49 sec
2019-10-28 02:05:59.946 25565 INFO rally.task.context [-] Task 0b879a1d-b5ce-48c1-b703-52f7b85e15a0 | Context api_versions@openstack setup() finished in 0.39 sec
2019-10-28 02:05:59.947 25565 INFO rally.task.context [-] Task 0b879a1d-b5ce-48c1-b703-52f7b85e15a0 | Context admin_cleanup@openstack setup() finished in 0.01 msec
2019-10-28 02:05:59.956 25565 RALLYDEBUG rally.task.runner [-] Starting the constant runner (task UUID: 0b879a1d-b5ce-48c1-b703-52f7b85e15a0). times: 10 concurrency: 4 timeout: 0 max_cpu_used: 16 processes_to_start: 4 concurrency_per_worker: 1 concurrency_overhead: 0
2019-10-28 02:05:59.967 25813 RALLYDEBUG rally.task.runner [-] Starting a worker. times: 10 duration: None concurrency: 1 timeout: 0 cls: method_name: run args: {"max_quota": 1024}
2019-10-28 02:05:59.970 25814 RALLYDEBUG rally.task.runner [-] Starting a worker. times: 10 duration: None concurrency: 1 timeout: 0 cls: method_name: run args: {"max_quota": 1024}
2019-10-28 02:05:59.974 25813 INFO rally.task.runner [-] Task 0b879a1d-b5ce-48c1-b703-52f7b85e15a0 | ITER: 1 START
2019-10-28 02:05:59.974 25815 RALLYDEBUG rally.task.runner [-] Starting a worker. times: 10 duration: None concurrency: 1 timeout: 0 cls: method_name: run args: {"max_quota": 1024}
2019-10-28 02:05:59.976 25814 INFO rally.task.runner [-] Task 0b879a1d-b5ce-48c1-b703-52f7b85e15a0 | ITER: 2 START
2019-10-28 02:05:59.977 25817 RALLYDEBUG rally.task.runner [-] Starting a worker. times: 10 duration: None concurrency: 1 timeout: 0 cls: method_name: run args: {"max_quota": 1024}
2019-10-28 02:05:59.980 25815 INFO rally.task.runner [-] Task 0b879a1d-b5ce-48c1-b703-52f7b85e15a0 | ITER: 3 START
2019-10-28 02:05:59.984 25817 INFO rally.task.runner [-] Task 0b879a1d-b5ce-48c1-b703-52f7b85e15a0 | ITER: 4 START
2019-10-28 02:06:00.515 25814 INFO rally.task.runner [-] Task 0b879a1d-b5ce-48c1-b703-52f7b85e15a0 | ITER: 2 END: OK
2019-10-28 02:06:00.520 25813 INFO rally.task.runner [-] Task 0b879a1d-b5ce-48c1-b703-52f7b85e15a0 | ITER: 1 END: OK
2019-10-28 02:06:00.522 25814 INFO rally.task.runner [-] Task 0b879a1d-b5ce-48c1-b703-52f7b85e15a0 | ITER: 5 START
2019-10-28 02:06:00.525 25813 INFO rally.task.runner [-] Task 0b879a1d-b5ce-48c1-b703-52f7b85e15a0 | ITER: 6 START
2019-10-28 02:06:00.545 25815 INFO rally.task.runner [-] Task 0b879a1d-b5ce-48c1-b703-52f7b85e15a0 | ITER: 3 END: OK
2019-10-28 02:06:00.550 25815 INFO rally.task.runner [-] Task 0b879a1d-b5ce-48c1-b703-52f7b85e15a0 | ITER: 7 START
2019-10-28 02:06:00.586 25817 INFO rally.task.runner [-] Task 0b879a1d-b5ce-48c1-b703-52f7b85e15a0 | ITER: 4 END: OK
2019-10-28 02:06:00.591 25817 INFO rally.task.runner [-] Task 0b879a1d-b5ce-48c1-b703-52f7b85e15a0 | ITER: 8 START
2019-10-28 02:06:00.958 25814 INFO rally.task.runner [-] Task 0b879a1d-b5ce-48c1-b703-52f7b85e15a0 | ITER: 5 END: OK
2019-10-28 02:06:00.962 25814 INFO rally.task.runner [-] Task 0b879a1d-b5ce-48c1-b703-52f7b85e15a0 | ITER: 9 START
2019-10-28 02:06:00.981 25813 INFO rally.task.runner [-] Task 0b879a1d-b5ce-48c1-b703-52f7b85e15a0 | ITER: 6 END: OK
2019-10-28 02:06:00.985 25813 INFO rally.task.runner [-] Task 0b879a1d-b5ce-48c1-b703-52f7b85e15a0 | ITER: 10 START
2019-10-28 02:06:00.996 25815 INFO rally.task.runner [-] Task 0b879a1d-b5ce-48c1-b703-52f7b85e15a0 | ITER: 7 END: OK
2019-10-28 02:06:01.015 25817 INFO rally.task.runner [-] Task 0b879a1d-b5ce-48c1-b703-52f7b85e15a0 | ITER: 8 END: OK
2019-10-28 02:06:01.382 25814 INFO rally.task.runner [-] Task 0b879a1d-b5ce-48c1-b703-52f7b85e15a0 | ITER: 9 END: OK
2019-10-28 02:06:01.410 25813 INFO rally.task.runner [-] Task 0b879a1d-b5ce-48c1-b703-52f7b85e15a0 | ITER: 10 END: OK
2019-10-28 02:06:01.440 25565 INFO rally.task.context [-] Task 0b879a1d-b5ce-48c1-b703-52f7b85e15a0 | Context admin_cleanup@openstack cleanup() started
2019-10-28 02:06:01.443 25565 RALLYDEBUG rally_openstack.cleanup.manager [-] Cleaning up cinder quotas objects
2019-10-28 02:06:02.244 25565 INFO rally.task.context [-] Task 0b879a1d-b5ce-48c1-b703-52f7b85e15a0 | Context admin_cleanup@openstack cleanup() finished in 0.80 sec
2019-10-28 02:06:02.245 25565 INFO rally.task.context [-] Task 0b879a1d-b5ce-48c1-b703-52f7b85e15a0 | Context api_versions@openstack cleanup() started
2019-10-28 02:06:02.245 25565 INFO rally.task.context [-] Task 0b879a1d-b5ce-48c1-b703-52f7b85e15a0 | Context api_versions@openstack cleanup() finished in 0.33 msec
2019-10-28 02:06:02.245 25565 INFO rally.task.context [-] Task 0b879a1d-b5ce-48c1-b703-52f7b85e15a0 | Context users@openstack cleanup() started
2019-10-28 02:06:06.608 25565 INFO rally.task.context [-] Task 0b879a1d-b5ce-48c1-b703-52f7b85e15a0 | Context users@openstack cleanup() finished in 4.36 sec
2019-10-28 02:06:07.194 25565 INFO rally.task.engine [-] Load duration is: 1.435037
2019-10-28 02:06:07.194 25565 INFO rally.task.engine [-] Full runner duration is: 1.484562
2019-10-28 02:06:07.195 25565 INFO rally.task.engine [-] Full duration is: 9.543019
2019-10-28 02:06:07.497 25565 INFO rally.task.engine [-] Running workload: position = 0 config = { "version": 2, "title": "A cropped version of a bigger task.", "description": "Auto-generated task from a single workload (uuid=c9cf34af-4ca8-42af-bde2-396922950963)", "subtasks": [ { "title": "Quotas.neutron_update", "description": "Update quotas for neutron.", "scenario": { "Quotas.neutron_update": { "max_quota": 1024 } }, "contexts": { "users": { "tenants": 3, "users_per_tenant": 2 } }, "runner": { "constant": { "concurrency": 4, "times": 10 } }, "hooks": [], "sla": { "failure_rate": { "max": 0 } } } ] }
2019-10-28 02:06:07.520 25565 RALLYDEBUG rally_openstack.contexts.keystone.users [-] Creating 3 tenants using 20 threads
2019-10-28 02:06:08.417 25565 RALLYDEBUG rally_openstack.contexts.keystone.users [-] Creating 6 users using 20 threads
2019-10-28 02:06:09.924 25565 INFO rally.task.context [-] Task 0b879a1d-b5ce-48c1-b703-52f7b85e15a0 | Context users@openstack setup() finished in 2.40 sec
2019-10-28 02:06:09.924 25565 INFO rally.task.context [-] Task 0b879a1d-b5ce-48c1-b703-52f7b85e15a0 | Context admin_cleanup@openstack setup() finished in 0.01 msec
2019-10-28 02:06:09.933 25565 RALLYDEBUG rally.task.runner [-] Starting the constant runner (task UUID: 0b879a1d-b5ce-48c1-b703-52f7b85e15a0). times: 10 concurrency: 4 timeout: 0 max_cpu_used: 16 processes_to_start: 4 concurrency_per_worker: 1 concurrency_overhead: 0
2019-10-28 02:06:09.944 25937 RALLYDEBUG rally.task.runner [-] Starting a worker. times: 10 duration: None concurrency: 1 timeout: 0 cls: method_name: run args: {"max_quota": 1024}
2019-10-28 02:06:09.948 25938 RALLYDEBUG rally.task.runner [-] Starting a worker. times: 10 duration: None concurrency: 1 timeout: 0 cls: method_name: run args: {"max_quota": 1024}
2019-10-28 02:06:09.951 25937 INFO rally.task.runner [-] Task 0b879a1d-b5ce-48c1-b703-52f7b85e15a0 | ITER: 1 START
2019-10-28 02:06:09.951 25939 RALLYDEBUG rally.task.runner [-] Starting a worker. times: 10 duration: None concurrency: 1 timeout: 0 cls: method_name: run args: {"max_quota": 1024}
2019-10-28 02:06:09.954 25938 INFO rally.task.runner [-] Task 0b879a1d-b5ce-48c1-b703-52f7b85e15a0 | ITER: 2 START
2019-10-28 02:06:09.954 25941 RALLYDEBUG rally.task.runner [-] Starting a worker. times: 10 duration: None concurrency: 1 timeout: 0 cls: method_name: run args: {"max_quota": 1024}
2019-10-28 02:06:09.958 25939 INFO rally.task.runner [-] Task 0b879a1d-b5ce-48c1-b703-52f7b85e15a0 | ITER: 3 START
2019-10-28 02:06:09.960 25941 INFO rally.task.runner [-] Task 0b879a1d-b5ce-48c1-b703-52f7b85e15a0 | ITER: 4 START
2019-10-28 02:06:10.424 25937 INFO rally.task.runner [-] Task 0b879a1d-b5ce-48c1-b703-52f7b85e15a0 | ITER: 1 END: OK
2019-10-28 02:06:10.429 25937 INFO rally.task.runner [-] Task 0b879a1d-b5ce-48c1-b703-52f7b85e15a0 | ITER: 5 START
2019-10-28 02:06:10.454 25941 INFO rally.task.runner [-] Task 0b879a1d-b5ce-48c1-b703-52f7b85e15a0 | ITER: 4 END: OK
2019-10-28 02:06:10.459 25941 INFO rally.task.runner [-] Task 0b879a1d-b5ce-48c1-b703-52f7b85e15a0 | ITER: 6 START
2019-10-28 02:06:10.469 25939 INFO rally.task.runner [-] Task 0b879a1d-b5ce-48c1-b703-52f7b85e15a0 | ITER: 3 END: OK
2019-10-28 02:06:10.473 25939 INFO rally.task.runner [-] Task 0b879a1d-b5ce-48c1-b703-52f7b85e15a0 | ITER: 7 START
2019-10-28 02:06:10.504 25938 INFO rally.task.runner [-] Task 0b879a1d-b5ce-48c1-b703-52f7b85e15a0 | ITER: 2 END: OK
2019-10-28 02:06:10.509 25938 INFO rally.task.runner [-] Task 0b879a1d-b5ce-48c1-b703-52f7b85e15a0 | ITER: 8 START
2019-10-28 02:06:10.845 25937 INFO rally.task.runner [-] Task 0b879a1d-b5ce-48c1-b703-52f7b85e15a0 | ITER: 5 END: OK
2019-10-28 02:06:10.849 25937 INFO rally.task.runner [-] Task 0b879a1d-b5ce-48c1-b703-52f7b85e15a0 | ITER: 9 START
2019-10-28 02:06:10.893 25941 INFO rally.task.runner [-] Task 0b879a1d-b5ce-48c1-b703-52f7b85e15a0 | ITER: 6 END: OK
2019-10-28 02:06:10.895 25939 INFO rally.task.runner [-] Task 0b879a1d-b5ce-48c1-b703-52f7b85e15a0 | ITER: 7 END: OK
2019-10-28 02:06:10.897 25941 INFO rally.task.runner [-] Task 0b879a1d-b5ce-48c1-b703-52f7b85e15a0 | ITER: 10 START
2019-10-28 02:06:10.945 25938 INFO rally.task.runner [-] Task 0b879a1d-b5ce-48c1-b703-52f7b85e15a0 | ITER: 8 END: OK
2019-10-28 02:06:11.271 25937 INFO rally.task.runner [-] Task 0b879a1d-b5ce-48c1-b703-52f7b85e15a0 | ITER: 9 END: OK
2019-10-28 02:06:11.315 25941 INFO rally.task.runner [-] Task 0b879a1d-b5ce-48c1-b703-52f7b85e15a0 | ITER: 10 END: OK
2019-10-28 02:06:11.335 25565 INFO rally.task.context [-] Task 0b879a1d-b5ce-48c1-b703-52f7b85e15a0 | Context admin_cleanup@openstack cleanup() started
2019-10-28 02:06:11.338 25565 RALLYDEBUG rally_openstack.cleanup.manager [-] Cleaning up neutron quota objects
2019-10-28 02:06:12.104 25565 INFO rally.task.context [-] Task 0b879a1d-b5ce-48c1-b703-52f7b85e15a0 | Context admin_cleanup@openstack cleanup() finished in 0.77 sec
2019-10-28 02:06:12.104 25565 INFO rally.task.context [-] Task 0b879a1d-b5ce-48c1-b703-52f7b85e15a0 | Context users@openstack cleanup() started
2019-10-28 02:06:16.582 25565 INFO rally.task.context [-] Task 0b879a1d-b5ce-48c1-b703-52f7b85e15a0 | Context users@openstack cleanup() finished in 4.48 sec
2019-10-28 02:06:17.627 25565 INFO rally.task.engine [-] Load duration is: 1.36272
2019-10-28 02:06:17.627 25565 INFO rally.task.engine [-] Full runner duration is: 1.402128
2019-10-28 02:06:17.628 25565 INFO rally.task.engine [-] Full duration is: 9.063537
2019-10-28 02:06:17.970 25565 INFO rally.task.engine [-] Running workload: position = 0 config = { "version": 2, "title": "A cropped version of a bigger task.", "description": "Auto-generated task from a single workload (uuid=00684aee-a612-4f66-9b5b-685d2db0ce66)", "subtasks": [ { "title": "Quotas.nova_update", "description": "Update quotas for Nova.", "scenario": { "Quotas.nova_update": { "max_quota": 1024 } }, "contexts": { "users": { "tenants": 3, "users_per_tenant": 2 } }, "runner": { "constant": { "concurrency": 4, "times": 10 } }, "hooks": [], "sla": { "failure_rate": { "max": 0 } } } ] }
2019-10-28 02:06:17.994 25565 RALLYDEBUG rally_openstack.contexts.keystone.users [-] Creating 3 tenants using 20 threads
2019-10-28 02:06:19.027 25565 RALLYDEBUG rally_openstack.contexts.keystone.users [-] Creating 6 users using 20 threads
2019-10-28 02:06:20.598 25565 INFO rally.task.context [-] Task 0b879a1d-b5ce-48c1-b703-52f7b85e15a0 | Context users@openstack setup() finished in 2.60 sec
2019-10-28 02:06:20.599 25565 INFO rally.task.context [-] Task 0b879a1d-b5ce-48c1-b703-52f7b85e15a0 | Context admin_cleanup@openstack setup() finished in 0.01 msec
2019-10-28 02:06:20.607 25565 RALLYDEBUG rally.task.runner [-] Starting the constant runner (task UUID: 0b879a1d-b5ce-48c1-b703-52f7b85e15a0). times: 10 concurrency: 4 timeout: 0 max_cpu_used: 16 processes_to_start: 4 concurrency_per_worker: 1 concurrency_overhead: 0
2019-10-28 02:06:20.619 26061 RALLYDEBUG rally.task.runner [-] Starting a worker. times: 10 duration: None concurrency: 1 timeout: 0 cls: method_name: run args: {"max_quota": 1024}
2019-10-28 02:06:20.622 26062 RALLYDEBUG rally.task.runner [-] Starting a worker. times: 10 duration: None concurrency: 1 timeout: 0 cls: method_name: run args: {"max_quota": 1024}
2019-10-28 02:06:20.625 26061 INFO rally.task.runner [-] Task 0b879a1d-b5ce-48c1-b703-52f7b85e15a0 | ITER: 1 START
2019-10-28 02:06:20.626 26063 RALLYDEBUG rally.task.runner [-] Starting a worker. times: 10 duration: None concurrency: 1 timeout: 0 cls: method_name: run args: {"max_quota": 1024}
2019-10-28 02:06:20.629 26062 INFO rally.task.runner [-] Task 0b879a1d-b5ce-48c1-b703-52f7b85e15a0 | ITER: 2 START
2019-10-28 02:06:20.629 26065 RALLYDEBUG rally.task.runner [-] Starting a worker. times: 10 duration: None concurrency: 1 timeout: 0 cls: method_name: run args: {"max_quota": 1024}
2019-10-28 02:06:20.632 26063 INFO rally.task.runner [-] Task 0b879a1d-b5ce-48c1-b703-52f7b85e15a0 | ITER: 3 START
2019-10-28 02:06:20.634 26065 INFO rally.task.runner [-] Task 0b879a1d-b5ce-48c1-b703-52f7b85e15a0 | ITER: 4 START
2019-10-28 02:06:21.300 26062 INFO rally.task.runner [-] Task 0b879a1d-b5ce-48c1-b703-52f7b85e15a0 | ITER: 2 END: OK
2019-10-28 02:06:21.300 26065 INFO rally.task.runner [-] Task 0b879a1d-b5ce-48c1-b703-52f7b85e15a0 | ITER: 4 END: OK
2019-10-28 02:06:21.303 26061 INFO rally.task.runner [-] Task 0b879a1d-b5ce-48c1-b703-52f7b85e15a0 | ITER: 1 END: OK
2019-10-28 02:06:21.304 26065 INFO rally.task.runner [-] Task 0b879a1d-b5ce-48c1-b703-52f7b85e15a0 | ITER: 6 START
2019-10-28 02:06:21.304 26062 INFO rally.task.runner [-] Task 0b879a1d-b5ce-48c1-b703-52f7b85e15a0 | ITER: 5 START
2019-10-28 02:06:21.309 26061 INFO rally.task.runner [-] Task 0b879a1d-b5ce-48c1-b703-52f7b85e15a0 | ITER: 7 START
2019-10-28 02:06:21.335 26063 INFO rally.task.runner [-] Task 0b879a1d-b5ce-48c1-b703-52f7b85e15a0 | ITER: 3 END: OK
2019-10-28 02:06:21.339 26063 INFO rally.task.runner [-] Task 0b879a1d-b5ce-48c1-b703-52f7b85e15a0 | ITER: 8 START
2019-10-28 02:06:21.825 26065 INFO rally.task.runner [-] Task 0b879a1d-b5ce-48c1-b703-52f7b85e15a0 | ITER: 6 END: OK
2019-10-28 02:06:21.828 26065 INFO rally.task.runner [-] Task 0b879a1d-b5ce-48c1-b703-52f7b85e15a0 | ITER: 9 START
2019-10-28 02:06:21.829 26062 INFO rally.task.runner [-] Task 0b879a1d-b5ce-48c1-b703-52f7b85e15a0 | ITER: 5 END: OK
2019-10-28 02:06:21.829 26061 INFO rally.task.runner [-] Task 0b879a1d-b5ce-48c1-b703-52f7b85e15a0 | ITER: 7 END: OK
2019-10-28 02:06:21.832 26062 INFO rally.task.runner [-] Task 0b879a1d-b5ce-48c1-b703-52f7b85e15a0 | ITER: 10 START
2019-10-28 02:06:21.863 26063 INFO rally.task.runner [-] Task 0b879a1d-b5ce-48c1-b703-52f7b85e15a0 | ITER: 8 END: OK
2019-10-28 02:06:22.351 26062 INFO rally.task.runner [-] Task 0b879a1d-b5ce-48c1-b703-52f7b85e15a0 | ITER: 10 END: OK
2019-10-28 02:06:22.362 26065 INFO rally.task.runner [-] Task 0b879a1d-b5ce-48c1-b703-52f7b85e15a0 | ITER: 9 END: OK
2019-10-28 02:06:22.385 25565 INFO rally.task.context [-] Task 0b879a1d-b5ce-48c1-b703-52f7b85e15a0 | Context admin_cleanup@openstack cleanup() started
2019-10-28 02:06:22.387 25565 RALLYDEBUG rally_openstack.cleanup.manager [-] Cleaning up nova quotas objects
2019-10-28 02:06:23.143 25565 INFO rally.task.context [-] Task 0b879a1d-b5ce-48c1-b703-52f7b85e15a0 | Context admin_cleanup@openstack cleanup() finished in 0.76 sec
2019-10-28 02:06:23.144 25565 INFO rally.task.context [-] Task 0b879a1d-b5ce-48c1-b703-52f7b85e15a0 | Context users@openstack cleanup() started
2019-10-28 02:06:27.536 25565 INFO rally.task.context [-] Task 0b879a1d-b5ce-48c1-b703-52f7b85e15a0 | Context users@openstack cleanup() finished in 4.39 sec
2019-10-28 02:06:28.082 25565 INFO rally.task.engine [-] Load duration is: 1.73558
2019-10-28 02:06:28.082 25565 INFO rally.task.engine [-] Full runner duration is: 1.778489
2019-10-28 02:06:28.083 25565 INFO rally.task.engine [-] Full duration is: 9.543908
2019-10-28 02:06:28.383 25565 INFO rally.task.engine [-] Task 0b879a1d-b5ce-48c1-b703-52f7b85e15a0 | Completed: Running task.
2019-10-28 02:06:29.857 26143 RALLYDEBUG rally.api [-] INFO logs from urllib3 and requests module are hide.
2019-10-28 02:06:29.857 26143 RALLYDEBUG rally.api [-] urllib3 insecure warnings are hidden.
2019-10-28 02:06:29.857 26143 RALLYDEBUG rally.api [-] ERROR log from boto module is hide.
2019-10-28 02:06:31.067 26144 RALLYDEBUG rally.api [-] INFO logs from urllib3 and requests module are hide.
2019-10-28 02:06:31.068 26144 RALLYDEBUG rally.api [-] urllib3 insecure warnings are hidden.
2019-10-28 02:06:31.068 26144 RALLYDEBUG rally.api [-] ERROR log from boto module is hide.
2019-10-28 02:06:32.285 26145 RALLYDEBUG rally.api [-] INFO logs from urllib3 and requests module are hide.
2019-10-28 02:06:32.285 26145 RALLYDEBUG rally.api [-] urllib3 insecure warnings are hidden.
2019-10-28 02:06:32.285 26145 RALLYDEBUG rally.api [-] ERROR log from boto module is hide.
2019-10-28 02:06:33.931 26145 INFO rally.api [-] Building 'json' report for the following task(s): '0b879a1d-b5ce-48c1-b703-52f7b85e15a0'.
2019-10-28 02:06:33.938 26145 INFO rally.api [-] The report has been successfully built.
2019-10-28 02:06:35.292 26147 RALLYDEBUG rally.api [-] INFO logs from urllib3 and requests module are hide.
2019-10-28 02:06:35.292 26147 RALLYDEBUG rally.api [-] urllib3 insecure warnings are hidden.
2019-10-28 02:06:35.292 26147 RALLYDEBUG rally.api [-] ERROR log from boto module is hide.
2019-10-28 02:06:37.042 26147 INFO rally.task.engine [-] Task b0f2b1b4-e6b1-439d-9a68-62f79bb4cf58 | Starting: Task validation.
2019-10-28 02:06:37.108 26147 INFO rally.task.engine [-] Task b0f2b1b4-e6b1-439d-9a68-62f79bb4cf58 | Starting: Task validation of syntax.
2019-10-28 02:06:37.201 26147 INFO rally.task.engine [-] Task b0f2b1b4-e6b1-439d-9a68-62f79bb4cf58 | Completed: Task validation of syntax.
2019-10-28 02:06:37.201 26147 INFO rally.task.engine [-] Task b0f2b1b4-e6b1-439d-9a68-62f79bb4cf58 | Starting: Task validation of required platforms.
2019-10-28 02:06:37.245 26147 INFO rally.task.engine [-] Task b0f2b1b4-e6b1-439d-9a68-62f79bb4cf58 | Completed: Task validation of required platforms.
2019-10-28 02:06:37.245 26147 INFO rally.task.engine [-] Task b0f2b1b4-e6b1-439d-9a68-62f79bb4cf58 | Starting: Task validation of semantic.
2019-10-28 02:06:37.245 26147 INFO rally.task.engine [-] Check health of the environment '14d1cdf6-4063-414e-94ac-aa0149de702c'.
2019-10-28 02:06:38.211 26147 INFO rally.task.engine [-] Platform existing@openstack (available: True): OK!
2019-10-28 02:06:38.248 26147 RALLYDEBUG rally_openstack.contexts.keystone.users [-] Creating 1 tenants using 20 threads
2019-10-28 02:06:39.122 26147 RALLYDEBUG rally_openstack.contexts.keystone.users [-] Creating 1 users using 20 threads
2019-10-28 02:06:40.420 26147 INFO rally.task.context [-] Task b0f2b1b4-e6b1-439d-9a68-62f79bb4cf58 | Context users@openstack setup() finished in 2.17 sec
2019-10-28 02:06:40.749 26147 INFO rally.task.context [-] Task b0f2b1b4-e6b1-439d-9a68-62f79bb4cf58 | Context users@openstack cleanup() started
2019-10-28 02:06:43.533 26147 INFO rally.task.context [-] Task b0f2b1b4-e6b1-439d-9a68-62f79bb4cf58 | Context users@openstack cleanup() finished in 2.78 sec
2019-10-28 02:06:43.647 26147 ERROR rally.cli.cliutils [-] Unexpected exception in CLI: rally.exceptions.InvalidTaskConfig: Input task is invalid! Subtask SwiftObjects.create_container_and_object_then_list_objects[0] has wrong configuration Subtask configuration: {"version": 2, "title": "A cropped version of a bigger task.", "description": "Auto-generated task from a single workload", "subtasks": [{"title": "SwiftObjects.create_container_and_object_then_list_objects", "description": "Create container and objects then list all objects.", "scenario": {"SwiftObjects.create_container_and_object_then_list_objects": {"objects_per_container": 2, "object_size": 5120}}, "contexts": {"users": {"tenants": 3, "users_per_tenant": 2}, "roles": ["admin"]}, "runner": {"constant": {"concurrency": 4, "times": 10}}, "hooks": [], "sla": {"failure_rate": {"max": 0}}}]} Reason(s): Scenario plugin 'SwiftObjects.create_container_and_object_then_list_objects' doesn't pass required_services@openstack validation. Details: 'swift' service is not available. Hint: If 'swift' service has non-default service_type, try to setup it via 'api_versions@openstack' context.
2019-10-28 02:06:43.647 26147 ERROR rally.cli.cliutils
Traceback (most recent call last):
2019-10-28 02:06:43.647 26147 ERROR rally.cli.cliutils
File "/usr/lib/python3.6/site-packages/rally/cli/cliutils.py", line 674, in run
2019-10-28 02:06:43.647 26147 ERROR rally.cli.cliutils ret = fn(*fn_args, **fn_kwargs)
2019-10-28 02:06:43.647 26147 ERROR rally.cli.cliutils File "", line 2, in start
2019-10-28 02:06:43.647 26147 ERROR rally.cli.cliutils
File "/usr/lib/python3.6/site-packages/rally/cli/envutils.py", line 68, in default_from_global
2019-10-28 02:06:43.647 26147 ERROR rally.cli.cliutils return f(*args, **kwargs)
2019-10-28 02:06:43.647 26147 ERROR rally.cli.cliutils File "", line 2, in start
2019-10-28 02:06:43.647 26147 ERROR rally.cli.cliutils
File "/usr/lib/python3.6/site-packages/rally/plugins/__init__.py", line 51, in ensure_plugins_are_loaded
2019-10-28 02:06:43.647 26147 ERROR rally.cli.cliutils return f(*args, **kwargs)
2019-10-28 02:06:43.647 26147 ERROR rally.cli.cliutils
File "/usr/lib/python3.6/site-packages/rally/cli/commands/task.py", line 307, in start
2019-10-28 02:06:43.647 26147 ERROR rally.cli.cliutils abort_on_sla_failure=abort_on_sla_failure)
2019-10-28 02:06:43.647 26147 ERROR rally.cli.cliutils
File "/usr/lib/python3.6/site-packages/rally/api.py", line 422, in start
2019-10-28 02:06:43.647 26147 ERROR rally.cli.cliutils task_engine.validate()
2019-10-28 02:06:43.647 26147 ERROR rally.cli.cliutils
File "/usr/lib/python3.6/site-packages/rally/common/logging.py", line 248, in wrapper
2019-10-28 02:06:43.647 26147 ERROR rally.cli.cliutils result = f(self, *args, **kwargs)
2019-10-28 02:06:43.647 26147 ERROR rally.cli.cliutils
File "/usr/lib/python3.6/site-packages/rally/task/engine.py", line 394, in validate
2019-10-28 02:06:43.647 26147 ERROR rally.cli.cliutils self._validate_config_semantic(self.config)
2019-10-28 02:06:43.647 26147 ERROR rally.cli.cliutils
File "/usr/lib/python3.6/site-packages/rally/common/logging.py", line 248, in wrapper
2019-10-28 02:06:43.647 26147 ERROR rally.cli.cliutils result = f(self, *args, **kwargs)
2019-10-28 02:06:43.647 26147 ERROR rally.cli.cliutils
File "/usr/lib/python3.6/site-packages/rally/task/engine.py", line 380, in _validate_config_semantic
2019-10-28 02:06:43.647 26147 ERROR rally.cli.cliutils workload, vcontext=ctx_obj, vtype="semantic")
2019-10-28 02:06:43.647 26147 ERROR rally.cli.cliutils
File "/usr/lib/python3.6/site-packages/rally/task/engine.py", line 328, in _validate_workload
2019-10-28 02:06:43.647 26147 ERROR rally.cli.cliutils raise exceptions.InvalidTaskConfig(**kw)
2019-10-28 02:06:43.647 26147 ERROR rally.cli.cliutils rally.exceptions.InvalidTaskConfig: Input task is invalid!
2019-10-28 02:06:43.647 26147 ERROR rally.cli.cliutils
2019-10-28 02:06:43.647 26147 ERROR rally.cli.cliutils Subtask SwiftObjects.create_container_and_object_then_list_objects[0] has wrong configuration
2019-10-28 02:06:43.647 26147 ERROR rally.cli.cliutils Subtask configuration:
2019-10-28 02:06:43.647 26147 ERROR rally.cli.cliutils {"version": 2, "title": "A cropped version of a bigger task.", "description": "Auto-generated task from a single workload", "subtasks": [{"title": "SwiftObjects.create_container_and_object_then_list_objects", "description": "Create container and objects then list all objects.", "scenario": {"SwiftObjects.create_container_and_object_then_list_objects": {"objects_per_container": 2, "object_size": 5120}}, "contexts": {"users": {"tenants": 3, "users_per_tenant": 2}, "roles": ["admin"]}, "runner": {"constant": {"concurrency": 4, "times": 10}}, "hooks": [], "sla": {"failure_rate": {"max": 0}}}]}
2019-10-28 02:06:43.647 26147 ERROR rally.cli.cliutils
2019-10-28 02:06:43.647 26147 ERROR rally.cli.cliutils Reason(s):
2019-10-28 02:06:43.647 26147 ERROR rally.cli.cliutils Scenario plugin 'SwiftObjects.create_container_and_object_then_list_objects' doesn't pass required_services@openstack validation. Details: 'swift' service is not available. Hint: If 'swift' service has non-default service_type, try to setup it via 'api_versions@openstack' context.
2019-10-28 02:06:43.647 26147 ERROR rally.cli.cliutils
2019-10-28 02:06:45.079 26229 RALLYDEBUG rally.api [-] INFO logs from urllib3 and requests module are hide.
2019-10-28 02:06:45.079 26229 RALLYDEBUG rally.api [-] urllib3 insecure warnings are hidden.
2019-10-28 02:06:45.079 26229 RALLYDEBUG rally.api [-] ERROR log from boto module is hide.
2019-10-28 02:06:46.298 26230 RALLYDEBUG rally.api [-] INFO logs from urllib3 and requests module are hide.
2019-10-28 02:06:46.298 26230 RALLYDEBUG rally.api [-] urllib3 insecure warnings are hidden.
2019-10-28 02:06:46.298 26230 RALLYDEBUG rally.api [-] ERROR log from boto module is hide.
2019-10-28 02:06:47.510 26231 RALLYDEBUG rally.api [-] INFO logs from urllib3 and requests module are hide.
2019-10-28 02:06:47.510 26231 RALLYDEBUG rally.api [-] urllib3 insecure warnings are hidden.
2019-10-28 02:06:47.510 26231 RALLYDEBUG rally.api [-] ERROR log from boto module is hide.
2019-10-28 02:06:49.059 26231 INFO rally.api [-] Building 'json' report for the following task(s): 'b0f2b1b4-e6b1-439d-9a68-62f79bb4cf58'.
2019-10-28 02:06:49.061 26231 INFO rally.api [-] The report has been successfully built.
2019-10-28 02:06:50.373 26233 RALLYDEBUG rally.api [-] INFO logs from urllib3 and requests module are hide.
2019-10-28 02:06:50.374 26233 RALLYDEBUG rally.api [-] urllib3 insecure warnings are hidden.
2019-10-28 02:06:50.374 26233 RALLYDEBUG rally.api [-] ERROR log from boto module is hide.
2019-10-28 02:06:52.206 26233 INFO rally.task.engine [-] Task c4430fa9-bf25-4565-b998-2f82d851ec3a | Starting: Task validation.
2019-10-28 02:06:52.257 26233 INFO rally.task.engine [-] Task c4430fa9-bf25-4565-b998-2f82d851ec3a | Starting: Task validation of syntax.
2019-10-28 02:06:52.404 26233 INFO rally.task.engine [-] Task c4430fa9-bf25-4565-b998-2f82d851ec3a | Completed: Task validation of syntax.
2019-10-28 02:06:52.404 26233 INFO rally.task.engine [-] Task c4430fa9-bf25-4565-b998-2f82d851ec3a | Starting: Task validation of required platforms.
2019-10-28 02:06:52.465 26233 INFO rally.task.engine [-] Task c4430fa9-bf25-4565-b998-2f82d851ec3a | Completed: Task validation of required platforms.
2019-10-28 02:06:52.465 26233 INFO rally.task.engine [-] Task c4430fa9-bf25-4565-b998-2f82d851ec3a | Starting: Task validation of semantic.
2019-10-28 02:06:52.466 26233 INFO rally.task.engine [-] Check health of the environment '14d1cdf6-4063-414e-94ac-aa0149de702c'.
2019-10-28 02:06:53.428 26233 INFO rally.task.engine [-] Platform existing@openstack (available: True): OK!
2019-10-28 02:06:53.455 26233 RALLYDEBUG rally_openstack.contexts.keystone.users [-] Creating 1 tenants using 20 threads
2019-10-28 02:06:54.282 26233 RALLYDEBUG rally_openstack.contexts.keystone.users [-] Creating 1 users using 20 threads
2019-10-28 02:06:55.574 26233 INFO rally.task.context [-] Task c4430fa9-bf25-4565-b998-2f82d851ec3a | Context users@openstack setup() finished in 2.12 sec
2019-10-28 02:06:59.047 26233 INFO rally.task.context [-] Task c4430fa9-bf25-4565-b998-2f82d851ec3a | Context users@openstack cleanup() started
2019-10-28 02:07:01.880 26233 INFO rally.task.context [-] Task c4430fa9-bf25-4565-b998-2f82d851ec3a | Context users@openstack cleanup() finished in 2.83 sec
2019-10-28 02:07:01.881 26233 INFO rally.task.engine [-] Task c4430fa9-bf25-4565-b998-2f82d851ec3a | Completed: Task validation of semantic.
2019-10-28 02:07:01.881 26233 INFO rally.task.engine [-] Task c4430fa9-bf25-4565-b998-2f82d851ec3a | Completed: Task validation.
2019-10-28 02:07:01.882 26233 INFO rally.api [-] Task c4430fa9-bf25-4565-b998-2f82d851ec3a input file is valid.
2019-10-28 02:07:01.882 26233 INFO rally.api [-] Run Task c4430fa9-bf25-4565-b998-2f82d851ec3a against Deployment 14d1cdf6-4063-414e-94ac-aa0149de702c
2019-10-28 02:07:01.883 26233 INFO rally.task.engine [-] Task c4430fa9-bf25-4565-b998-2f82d851ec3a | Starting: Running task.
2019-10-28 02:07:02.073 26233 INFO rally.task.engine [-] Running workload: position = 0 config = { "version": 2, "title": "A cropped version of a bigger task.", "description": "Auto-generated task from a single workload (uuid=7b044902-3c68-45fb-9cec-5987d76500a3)", "subtasks": [ { "title": "BarbicanContainers.create_and_add", "description": "Create secret, create generic container, and delete container.", "scenario": { "BarbicanContainers.create_and_add": {} }, "contexts": { "users": { "tenants": 3, "users_per_tenant": 2 } }, "runner": { "constant": { "concurrency": 4, "times": 10 } }, "hooks": [], "sla": { "failure_rate": { "max": 0 } } } ] }
2019-10-28 02:07:02.095 26233 RALLYDEBUG rally_openstack.contexts.keystone.users [-] Creating 3 tenants using 20 threads
2019-10-28 02:07:03.009 26233 RALLYDEBUG rally_openstack.contexts.keystone.users [-] Creating 6 users using 20 threads
2019-10-28 02:07:04.545 26233 INFO rally.task.context [-] Task c4430fa9-bf25-4565-b998-2f82d851ec3a | Context users@openstack setup() finished in 2.45 sec
2019-10-28 02:07:04.554 26233 RALLYDEBUG rally.task.runner [-] Starting the constant runner (task UUID: c4430fa9-bf25-4565-b998-2f82d851ec3a). times: 10 concurrency: 4 timeout: 0 max_cpu_used: 16 processes_to_start: 4 concurrency_per_worker: 1 concurrency_overhead: 0
