2019-10-28 01:15:03.198 20126 RALLYDEBUG rally_openstack.wrappers.network [-] CIDR generated: 10.2.117.0/24
2019-10-28 01:15:03.528 20128 INFO rally.task.runner [-] Task a3425f85-7b1b-491a-ac49-9eea7b18d903 | ITER: 9 END: OK
2019-10-28 01:15:03.940 20126 INFO rally.task.runner [-] Task a3425f85-7b1b-491a-ac49-9eea7b18d903 | ITER: 10 END: OK
2019-10-28 01:15:03.971 13785 INFO rally.task.context [-] Task a3425f85-7b1b-491a-ac49-9eea7b18d903 | Context cleanup@openstack cleanup() started
2019-10-28 01:15:03.974 13785 RALLYDEBUG rally_openstack.cleanup.manager [-] Cleaning up neutron vip objects
2019-10-28 01:15:05.039 13785 RALLYDEBUG rally_openstack.cleanup.manager [-] Cleaning up neutron health_monitor objects
2019-10-28 01:15:06.106 13785 RALLYDEBUG rally_openstack.cleanup.manager [-] Cleaning up neutron pool objects
2019-10-28 01:15:07.168 13785 RALLYDEBUG rally_openstack.cleanup.manager [-] Cleaning up neutron loadbalancer objects
2019-10-28 01:15:08.218 13785 RALLYDEBUG rally_openstack.cleanup.manager [-] Cleaning up neutron floatingip objects
2019-10-28 01:15:09.423 13785 RALLYDEBUG rally_openstack.cleanup.manager [-] Cleaning up neutron trunk objects
2019-10-28 01:15:10.501 13785 RALLYDEBUG rally_openstack.cleanup.manager [-] Cleaning up neutron port objects
2019-10-28 01:15:11.712 13785 RALLYDEBUG rally_openstack.cleanup.manager [-] Cleaning up neutron subnet objects
2019-10-28 01:15:12.928 13785 RALLYDEBUG rally_openstack.cleanup.manager [-] Deleting neutron.subnet object s_rally_622534b7_moiWPKmy (2b4c32c8-93df-4c43-a04d-717f795e07ab)
2019-10-28 01:15:12.943 13785 RALLYDEBUG rally_openstack.cleanup.manager [-] Deleting neutron.subnet object s_rally_622534b7_AXOob95H (9c64beba-8dca-4559-a5a2-a6e88b9af13f)
2019-10-28 01:15:12.947 13785 RALLYDEBUG rally_openstack.cleanup.manager [-] Deleting neutron.subnet object s_rally_622534b7_jNvayidY (b01909a6-0879-413e-a635-5f82d0230a3a)
2019-10-28 01:15:12.949 13785 RALLYDEBUG rally_openstack.cleanup.manager [-] Deleting neutron.subnet object s_rally_622534b7_WFRLPPrO (8d848f6e-59b0-4cd6-a0d1-520b7013a217)
2019-10-28 01:15:12.967 13785 RALLYDEBUG rally_openstack.cleanup.manager [-] Deleting neutron.subnet object s_rally_622534b7_Rmwd3jBv (b2191540-a5c4-48e6-812a-7120583f6972)
2019-10-28 01:15:12.973 13785 RALLYDEBUG rally_openstack.cleanup.manager [-] Deleting neutron.subnet object s_rally_622534b7_woU6dWZK (b49615cd-a4b4-4d3a-a9d2-10cc1d0911b0)
2019-10-28 01:15:12.985 13785 RALLYDEBUG rally_openstack.cleanup.manager [-] Deleting neutron.subnet object s_rally_622534b7_EokrQHbj (e7bc691d-98c4-4927-a0df-6ea35e3ac02f)
2019-10-28 01:15:13.006 13785 RALLYDEBUG rally_openstack.cleanup.manager [-] Deleting neutron.subnet object s_rally_622534b7_AZkIjN0J (eb1e52d3-71ec-48f6-85de-5f19ee84b743)
2019-10-28 01:15:13.013 13785 RALLYDEBUG rally_openstack.cleanup.manager [-] Deleting neutron.subnet object s_rally_622534b7_BL7PaSq9 (072ad08e-d4b8-488a-a3d7-eafa6269d544)
2019-10-28 01:15:13.017 13785 RALLYDEBUG rally_openstack.cleanup.manager [-] Deleting neutron.subnet object s_rally_622534b7_Hr6JJyG0 (314a4f5c-209d-4af8-bf33-03e2ceb83bff)
2019-10-28 01:15:13.028 13785 RALLYDEBUG rally_openstack.cleanup.manager [-] Deleting neutron.subnet object s_rally_622534b7_ZJYYlyd1 (832cf694-b8f8-456c-a31e-5ba17422ec87)
2019-10-28 01:15:13.042 13785 RALLYDEBUG rally_openstack.cleanup.manager [-] Deleting neutron.subnet object s_rally_622534b7_nUdDQAqs (b12017a3-aae9-428b-9e84-c3715e20caeb)
2019-10-28 01:15:13.051 13785 RALLYDEBUG rally_openstack.cleanup.manager [-] Deleting neutron.subnet object s_rally_622534b7_mOpZOC1A (ba4705bf-cd6f-4e86-813b-c82cd47571f5)
2019-10-28 01:15:13.071 13785 RALLYDEBUG rally_openstack.cleanup.manager [-] Deleting neutron.subnet object s_rally_622534b7_MlLY1lHd (cb74b863-4010-424f-ac62-4135dff11f05)
2019-10-28 01:15:13.076 13785 RALLYDEBUG rally_openstack.cleanup.manager [-] Deleting neutron.subnet object s_rally_622534b7_tJf4nPVS (e5faea64-4a31-48da-ad38-0126b3682a8e)
2019-10-28 01:15:13.080 13785 RALLYDEBUG rally_openstack.cleanup.manager [-] Deleting neutron.subnet object s_rally_622534b7_RYzQyduQ (eb10c933-5fa1-471a-9fa7-a353d661aed9)
2019-10-28 01:15:13.112 13785 RALLYDEBUG rally_openstack.cleanup.manager [-] Deleting neutron.subnet object s_rally_622534b7_za3OOfuF (1677ca67-be00-4137-bdde-0ff5b037e2cf)
2019-10-28 01:15:13.121 13785 RALLYDEBUG rally_openstack.cleanup.manager [-] Deleting neutron.subnet object s_rally_622534b7_5UVW7FtR (4c986dd3-cfab-400e-9dd7-5a46bbb65178)
2019-10-28 01:15:13.126 13785 RALLYDEBUG rally_openstack.cleanup.manager [-] Deleting neutron.subnet object s_rally_622534b7_CBYkONgJ (b914fa99-7bbe-4691-99a1-3aea6722db41)
2019-10-28 01:15:13.130 13785 RALLYDEBUG rally_openstack.cleanup.manager [-] Deleting neutron.subnet object s_rally_622534b7_hFKbDTB1 (cee7341c-d433-4ab5-931d-eb86d664523f)
2019-10-28 01:15:22.933 13785 RALLYDEBUG rally_openstack.cleanup.manager [-] Cleaning up neutron network objects
2019-10-28 01:15:24.286 13785 RALLYDEBUG rally_openstack.cleanup.manager [-] Cleaning up neutron router objects
2019-10-28 01:15:25.435 13785 RALLYDEBUG rally_openstack.cleanup.manager [-] Cleaning up neutron security_group objects
2019-10-28 01:15:26.585 13785 INFO rally.task.context [-] Task a3425f85-7b1b-491a-ac49-9eea7b18d903 | Context cleanup@openstack cleanup() finished in 22.61 sec
2019-10-28 01:15:26.586 13785 INFO rally.task.context [-] Task a3425f85-7b1b-491a-ac49-9eea7b18d903 | Context network@openstack cleanup() started
2019-10-28 01:15:38.282 13785 INFO rally.task.context [-] Task a3425f85-7b1b-491a-ac49-9eea7b18d903 | Context network@openstack cleanup() finished in 11.70 sec
2019-10-28 01:15:38.283 13785 INFO rally.task.context [-] Task a3425f85-7b1b-491a-ac49-9eea7b18d903 | Context quotas@openstack cleanup() started
2019-10-28 01:15:38.501 13785 INFO rally.task.context [-] Task a3425f85-7b1b-491a-ac49-9eea7b18d903 | Context quotas@openstack cleanup() finished in 0.22 sec
2019-10-28 01:15:38.502 13785 INFO rally.task.context [-] Task a3425f85-7b1b-491a-ac49-9eea7b18d903 | Context users@openstack cleanup() started
2019-10-28 01:15:42.340 13785 INFO rally.task.context [-] Task a3425f85-7b1b-491a-ac49-9eea7b18d903 | Context users@openstack cleanup() finished in 3.84 sec
2019-10-28 01:15:44.265 13785 INFO rally.task.engine [-] Load duration is: 5.774239
2019-10-28 01:15:44.265 13785 INFO rally.task.engine [-] Full runner duration is: 5.826088
2019-10-28 01:15:44.266 13785 INFO rally.task.engine [-] Full duration is: 50.328708
2019-10-28 01:15:44.487 13785 INFO rally.task.engine [-] Task a3425f85-7b1b-491a-ac49-9eea7b18d903 | Completed: Running task.
2019-10-28 01:15:46.155 20407 RALLYDEBUG rally.api [-] INFO logs from urllib3 and requests module are hide.
2019-10-28 01:15:46.155 20407 RALLYDEBUG rally.api [-] urllib3 insecure warnings are hidden.
2019-10-28 01:15:46.155 20407 RALLYDEBUG rally.api [-] ERROR log from boto module is hide.
2019-10-28 01:15:47.416 20408 RALLYDEBUG rally.api [-] INFO logs from urllib3 and requests module are hide.
2019-10-28 01:15:47.416 20408 RALLYDEBUG rally.api [-] urllib3 insecure warnings are hidden.
2019-10-28 01:15:47.416 20408 RALLYDEBUG rally.api [-] ERROR log from boto module is hide.
2019-10-28 01:15:48.712 20409 RALLYDEBUG rally.api [-] INFO logs from urllib3 and requests module are hide.
2019-10-28 01:15:48.712 20409 RALLYDEBUG rally.api [-] urllib3 insecure warnings are hidden.
2019-10-28 01:15:48.712 20409 RALLYDEBUG rally.api [-] ERROR log from boto module is hide.
2019-10-28 01:15:50.407 20409 INFO rally.api [-] Building 'json' report for the following task(s): 'a3425f85-7b1b-491a-ac49-9eea7b18d903'.
2019-10-28 01:15:50.446 20409 INFO rally.api [-] The report has been successfully built.
2019-10-28 01:15:51.841 20411 RALLYDEBUG rally.api [-] INFO logs from urllib3 and requests module are hide.
2019-10-28 01:15:51.841 20411 RALLYDEBUG rally.api [-] urllib3 insecure warnings are hidden.
2019-10-28 01:15:51.841 20411 RALLYDEBUG rally.api [-] ERROR log from boto module is hide.
2019-10-28 01:15:53.872 20411 INFO rally.task.engine [-] Task 0b5399c7-6330-4103-a825-8ad7cce983f7 | Starting: Task validation.
2019-10-28 01:15:53.918 20411 INFO rally.task.engine [-] Task 0b5399c7-6330-4103-a825-8ad7cce983f7 | Starting: Task validation of syntax.
2019-10-28 01:15:54.253 20411 INFO rally.task.engine [-] Task 0b5399c7-6330-4103-a825-8ad7cce983f7 | Completed: Task validation of syntax.
2019-10-28 01:15:54.254 20411 INFO rally.task.engine [-] Task 0b5399c7-6330-4103-a825-8ad7cce983f7 | Starting: Task validation of required platforms.
2019-10-28 01:15:54.395 20411 INFO rally.task.engine [-] Task 0b5399c7-6330-4103-a825-8ad7cce983f7 | Completed: Task validation of required platforms.
2019-10-28 01:15:54.395 20411 INFO rally.task.engine [-] Task 0b5399c7-6330-4103-a825-8ad7cce983f7 | Starting: Task validation of semantic.
2019-10-28 01:15:54.395 20411 INFO rally.task.engine [-] Check health of the environment '14d1cdf6-4063-414e-94ac-aa0149de702c'.
2019-10-28 01:15:55.357 20411 INFO rally.task.engine [-] Platform existing@openstack (available: True): OK!
2019-10-28 01:15:55.376 20411 RALLYDEBUG rally_openstack.contexts.keystone.users [-] Creating 1 tenants using 20 threads
2019-10-28 01:15:56.200 20411 RALLYDEBUG rally_openstack.contexts.keystone.users [-] Creating 1 users using 20 threads
2019-10-28 01:15:57.494 20411 INFO rally.task.context [-] Task 0b5399c7-6330-4103-a825-8ad7cce983f7 | Context users@openstack setup() finished in 2.12 sec
2019-10-28 01:16:36.498 20411 INFO rally.task.context [-] Task 0b5399c7-6330-4103-a825-8ad7cce983f7 | Context users@openstack cleanup() started
2019-10-28 01:16:39.113 20411 INFO rally.task.context [-] Task 0b5399c7-6330-4103-a825-8ad7cce983f7 | Context users@openstack cleanup() finished in 2.62 sec
2019-10-28 01:16:39.114 20411 INFO rally.task.engine [-] Task 0b5399c7-6330-4103-a825-8ad7cce983f7 | Completed: Task validation of semantic.
2019-10-28 01:16:39.114 20411 INFO rally.task.engine [-] Task 0b5399c7-6330-4103-a825-8ad7cce983f7 | Completed: Task validation.
2019-10-28 01:16:39.115 20411 INFO rally.api [-] Task 0b5399c7-6330-4103-a825-8ad7cce983f7 input file is valid.
2019-10-28 01:16:39.115 20411 INFO rally.api [-] Run Task 0b5399c7-6330-4103-a825-8ad7cce983f7 against Deployment 14d1cdf6-4063-414e-94ac-aa0149de702c
2019-10-28 01:16:39.115 20411 INFO rally.task.engine [-] Task 0b5399c7-6330-4103-a825-8ad7cce983f7 | Starting: Running task.
2019-10-28 01:16:39.279 20411 INFO rally.task.engine [-] Running workload: position = 0 config = { "version": 2, "title": "A cropped version of a bigger task.", "description": "Auto-generated task from a single workload (uuid=f1e4a51a-b16a-4c1e-b75c-875717b3f53a)", "subtasks": [ { "title": "NovaKeypair.create_and_delete_keypair", "description": "Create a keypair with random name and delete keypair.", "scenario": { "NovaKeypair.create_and_delete_keypair": {} }, "contexts": { "users": { "tenants": 3, "users_per_tenant": 2 }, "quotas": { "nova": { "cores": -1, "floating_ips": -1, "instances": -1, "key_pairs": -1, "ram": -1, "security_group_rules": -1, "security_groups": -1 } } }, "runner": { "constant": { "concurrency": 4, "times": 10 } }, "hooks": [], "sla": { "failure_rate": { "max": 0 } } } ] }
2019-10-28 01:16:39.304 20411 RALLYDEBUG rally_openstack.contexts.keystone.users [-] Creating 3 tenants using 20 threads
2019-10-28 01:16:40.219 20411 RALLYDEBUG rally_openstack.contexts.keystone.users [-] Creating 6 users using 20 threads
2019-10-28 01:16:41.721 20411 INFO rally.task.context [-] Task 0b5399c7-6330-4103-a825-8ad7cce983f7 | Context users@openstack setup() finished in 2.42 sec
2019-10-28 01:16:42.702 20411 INFO rally.task.context [-] Task 0b5399c7-6330-4103-a825-8ad7cce983f7 | Context quotas@openstack setup() finished in 0.98 sec
2019-10-28 01:16:42.703 20411 INFO rally.task.context [-] Task 0b5399c7-6330-4103-a825-8ad7cce983f7 | Context cleanup@openstack setup() finished in 0.03 msec
2019-10-28 01:16:42.712 20411 RALLYDEBUG rally.task.runner [-] Starting the constant runner (task UUID: 0b5399c7-6330-4103-a825-8ad7cce983f7). times: 10 concurrency: 4 timeout: 0 max_cpu_used: 16 processes_to_start: 4 concurrency_per_worker: 1 concurrency_overhead: 0
2019-10-28 01:16:42.725 20535 RALLYDEBUG rally.task.runner [-] Starting a worker. times: 10 duration: None concurrency: 1 timeout: 0 cls: method_name: run args: {}
2019-10-28 01:16:42.729 20536 RALLYDEBUG rally.task.runner [-] Starting a worker. times: 10 duration: None concurrency: 1 timeout: 0 cls: method_name: run args: {}
2019-10-28 01:16:42.732 20535 INFO rally.task.runner [-] Task 0b5399c7-6330-4103-a825-8ad7cce983f7 | ITER: 1 START
2019-10-28 01:16:42.732 20537 RALLYDEBUG rally.task.runner [-] Starting a worker. times: 10 duration: None concurrency: 1 timeout: 0 cls: method_name: run args: {}
2019-10-28 01:16:42.735 20536 INFO rally.task.runner [-] Task 0b5399c7-6330-4103-a825-8ad7cce983f7 | ITER: 2 START
2019-10-28 01:16:42.736 20540 RALLYDEBUG rally.task.runner [-] Starting a worker. times: 10 duration: None concurrency: 1 timeout: 0 cls: method_name: run args: {}
2019-10-28 01:16:42.738 20537 INFO rally.task.runner [-] Task 0b5399c7-6330-4103-a825-8ad7cce983f7 | ITER: 3 START
2019-10-28 01:16:42.742 20540 INFO rally.task.runner [-] Task 0b5399c7-6330-4103-a825-8ad7cce983f7 | ITER: 4 START
2019-10-28 01:16:43.323 20535 INFO rally.task.runner [-] Task 0b5399c7-6330-4103-a825-8ad7cce983f7 | ITER: 1 END: OK
2019-10-28 01:16:43.328 20535 INFO rally.task.runner [-] Task 0b5399c7-6330-4103-a825-8ad7cce983f7 | ITER: 5 START
2019-10-28 01:16:43.359 20536 INFO rally.task.runner [-] Task 0b5399c7-6330-4103-a825-8ad7cce983f7 | ITER: 2 END: OK
2019-10-28 01:16:43.363 20536 INFO rally.task.runner [-] Task 0b5399c7-6330-4103-a825-8ad7cce983f7 | ITER: 6 START
2019-10-28 01:16:43.383 20540 INFO rally.task.runner [-] Task 0b5399c7-6330-4103-a825-8ad7cce983f7 | ITER: 4 END: OK
2019-10-28 01:16:43.387 20540 INFO rally.task.runner [-] Task 0b5399c7-6330-4103-a825-8ad7cce983f7 | ITER: 7 START
2019-10-28 01:16:43.448 20537 INFO rally.task.runner [-] Task 0b5399c7-6330-4103-a825-8ad7cce983f7 | ITER: 3 END: OK
2019-10-28 01:16:43.452 20537 INFO rally.task.runner [-] Task 0b5399c7-6330-4103-a825-8ad7cce983f7 | ITER: 8 START
2019-10-28 01:16:43.868 20535 INFO rally.task.runner [-] Task 0b5399c7-6330-4103-a825-8ad7cce983f7 | ITER: 5 END: OK
2019-10-28 01:16:43.872 20535 INFO rally.task.runner [-] Task 0b5399c7-6330-4103-a825-8ad7cce983f7 | ITER: 9 START
2019-10-28 01:16:43.945 20540 INFO rally.task.runner [-] Task 0b5399c7-6330-4103-a825-8ad7cce983f7 | ITER: 7 END: OK
2019-10-28 01:16:43.948 20540 INFO rally.task.runner [-] Task 0b5399c7-6330-4103-a825-8ad7cce983f7 | ITER: 10 START
2019-10-28 01:16:43.980 20536 INFO rally.task.runner [-] Task 0b5399c7-6330-4103-a825-8ad7cce983f7 | ITER: 6 END: OK
2019-10-28 01:16:44.044 20537 INFO rally.task.runner [-] Task 0b5399c7-6330-4103-a825-8ad7cce983f7 | ITER: 8 END: OK
2019-10-28 01:16:44.380 20535 INFO rally.task.runner [-] Task 0b5399c7-6330-4103-a825-8ad7cce983f7 | ITER: 9 END: OK
2019-10-28 01:16:44.462 20540 INFO rally.task.runner [-] Task 0b5399c7-6330-4103-a825-8ad7cce983f7 | ITER: 10 END: OK
2019-10-28 01:16:44.486 20411 INFO rally.task.context [-] Task 0b5399c7-6330-4103-a825-8ad7cce983f7 | Context cleanup@openstack cleanup() started
2019-10-28 01:16:44.490 20411 RALLYDEBUG rally_openstack.cleanup.manager [-] Cleaning up nova servers objects
2019-10-28 01:16:45.942 20411 RALLYDEBUG rally_openstack.cleanup.manager [-] Cleaning up nova server_groups objects
2019-10-28 01:16:47.090 20411 RALLYDEBUG rally_openstack.cleanup.manager [-] Cleaning up nova keypairs objects
2019-10-28 01:16:49.652 20411 INFO rally.task.context [-] Task 0b5399c7-6330-4103-a825-8ad7cce983f7 | Context cleanup@openstack cleanup() finished in 5.17 sec
2019-10-28 01:16:49.653 20411 INFO rally.task.context [-] Task 0b5399c7-6330-4103-a825-8ad7cce983f7 | Context quotas@openstack cleanup() started
2019-10-28 01:16:49.708 20411 INFO rally.task.context [-] Task 0b5399c7-6330-4103-a825-8ad7cce983f7 | Context quotas@openstack cleanup() finished in 54.77 msec
2019-10-28 01:16:49.708 20411 INFO rally.task.context [-] Task 0b5399c7-6330-4103-a825-8ad7cce983f7 | Context users@openstack cleanup() started
2019-10-28 01:16:53.818 20411 INFO rally.task.context [-] Task 0b5399c7-6330-4103-a825-8ad7cce983f7 | Context users@openstack cleanup() finished in 4.11 sec
2019-10-28 01:16:55.415 20411 INFO rally.task.engine [-] Load duration is: 1.728576
2019-10-28 01:16:55.415 20411 INFO rally.task.engine [-] Full runner duration is: 1.77471
2019-10-28 01:16:55.416 20411 INFO rally.task.engine [-] Full duration is: 14.517487
2019-10-28 01:16:55.735 20411 INFO rally.task.engine [-] Running workload: position = 0 config = { "version": 2, "title": "A cropped version of a bigger task.", "description": "Auto-generated task from a single workload (uuid=18e81af3-f5c2-488a-bc7f-0f4c72d17ccf)", "subtasks": [ { "title": "NovaKeypair.create_and_list_keypairs", "description": "Create a keypair with random name and list keypairs.", "scenario": { "NovaKeypair.create_and_list_keypairs": {} }, "contexts": { "users": { "tenants": 3, "users_per_tenant": 2 }, "quotas": { "nova": { "cores": -1, "floating_ips": -1, "instances": -1, "key_pairs": -1, "ram": -1, "security_group_rules": -1, "security_groups": -1 } } }, "runner": { "constant": { "concurrency": 4, "times": 10 } }, "hooks": [], "sla": { "failure_rate": { "max": 0 } } } ] }
2019-10-28 01:16:55.765 20411 RALLYDEBUG rally_openstack.contexts.keystone.users [-] Creating 3 tenants using 20 threads
2019-10-28 01:16:56.998 20411 RALLYDEBUG rally_openstack.contexts.keystone.users [-] Creating 6 users using 20 threads
2019-10-28 01:16:58.513 20411 INFO rally.task.context [-] Task 0b5399c7-6330-4103-a825-8ad7cce983f7 | Context users@openstack setup() finished in 2.75 sec
2019-10-28 01:16:59.541 20411 INFO rally.task.context [-] Task 0b5399c7-6330-4103-a825-8ad7cce983f7 | Context quotas@openstack setup() finished in 1.03 sec
2019-10-28 01:16:59.541 20411 INFO rally.task.context [-] Task 0b5399c7-6330-4103-a825-8ad7cce983f7 | Context cleanup@openstack setup() finished in 0.01 msec
2019-10-28 01:16:59.551 20411 RALLYDEBUG rally.task.runner [-] Starting the constant runner (task UUID: 0b5399c7-6330-4103-a825-8ad7cce983f7). times: 10 concurrency: 4 timeout: 0 max_cpu_used: 16 processes_to_start: 4 concurrency_per_worker: 1 concurrency_overhead: 0
2019-10-28 01:16:59.562 20699 RALLYDEBUG rally.task.runner [-] Starting a worker. times: 10 duration: None concurrency: 1 timeout: 0 cls: method_name: run args: {}
2019-10-28 01:16:59.565 20700 RALLYDEBUG rally.task.runner [-] Starting a worker. times: 10 duration: None concurrency: 1 timeout: 0 cls: method_name: run args: {}
2019-10-28 01:16:59.569 20699 INFO rally.task.runner [-] Task 0b5399c7-6330-4103-a825-8ad7cce983f7 | ITER: 1 START
2019-10-28 01:16:59.569 20701 RALLYDEBUG rally.task.runner [-] Starting a worker. times: 10 duration: None concurrency: 1 timeout: 0 cls: method_name: run args: {}
2019-10-28 01:16:59.571 20700 INFO rally.task.runner [-] Task 0b5399c7-6330-4103-a825-8ad7cce983f7 | ITER: 2 START
2019-10-28 01:16:59.572 20703 RALLYDEBUG rally.task.runner [-] Starting a worker. times: 10 duration: None concurrency: 1 timeout: 0 cls: method_name: run args: {}
2019-10-28 01:16:59.576 20701 INFO rally.task.runner [-] Task 0b5399c7-6330-4103-a825-8ad7cce983f7 | ITER: 3 START
2019-10-28 01:16:59.578 20703 INFO rally.task.runner [-] Task 0b5399c7-6330-4103-a825-8ad7cce983f7 | ITER: 4 START
2019-10-28 01:17:00.142 20703 INFO rally.task.runner [-] Task 0b5399c7-6330-4103-a825-8ad7cce983f7 | ITER: 4 END: OK
2019-10-28 01:17:00.147 20703 INFO rally.task.runner [-] Task 0b5399c7-6330-4103-a825-8ad7cce983f7 | ITER: 5 START
2019-10-28 01:17:00.232 20700 INFO rally.task.runner [-] Task 0b5399c7-6330-4103-a825-8ad7cce983f7 | ITER: 2 END: OK
2019-10-28 01:17:00.236 20700 INFO rally.task.runner [-] Task 0b5399c7-6330-4103-a825-8ad7cce983f7 | ITER: 6 START
2019-10-28 01:17:00.285 20699 INFO rally.task.runner [-] Task 0b5399c7-6330-4103-a825-8ad7cce983f7 | ITER: 1 END: OK
2019-10-28 01:17:00.290 20699 INFO rally.task.runner [-] Task 0b5399c7-6330-4103-a825-8ad7cce983f7 | ITER: 7 START
2019-10-28 01:17:00.312 20701 INFO rally.task.runner [-] Task 0b5399c7-6330-4103-a825-8ad7cce983f7 | ITER: 3 END: OK
2019-10-28 01:17:00.316 20701 INFO rally.task.runner [-] Task 0b5399c7-6330-4103-a825-8ad7cce983f7 | ITER: 8 START
2019-10-28 01:17:00.678 20703 INFO rally.task.runner [-] Task 0b5399c7-6330-4103-a825-8ad7cce983f7 | ITER: 5 END: OK
2019-10-28 01:17:00.682 20703 INFO rally.task.runner [-] Task 0b5399c7-6330-4103-a825-8ad7cce983f7 | ITER: 9 START
2019-10-28 01:17:00.869 20701 INFO rally.task.runner [-] Task 0b5399c7-6330-4103-a825-8ad7cce983f7 | ITER: 8 END: OK
2019-10-28 01:17:00.872 20701 INFO rally.task.runner [-] Task 0b5399c7-6330-4103-a825-8ad7cce983f7 | ITER: 10 START
2019-10-28 01:17:00.901 20700 INFO rally.task.runner [-] Task 0b5399c7-6330-4103-a825-8ad7cce983f7 | ITER: 6 END: OK
2019-10-28 01:17:01.126 20699 INFO rally.task.runner [-] Task 0b5399c7-6330-4103-a825-8ad7cce983f7 | ITER: 7 END: OK
2019-10-28 01:17:01.187 20703 INFO rally.task.runner [-] Task 0b5399c7-6330-4103-a825-8ad7cce983f7 | ITER: 9 END: OK
2019-10-28 01:17:01.424 20701 INFO rally.task.runner [-] Task 0b5399c7-6330-4103-a825-8ad7cce983f7 | ITER: 10 END: OK
2019-10-28 01:17:01.452 20411 INFO rally.task.context [-] Task 0b5399c7-6330-4103-a825-8ad7cce983f7 | Context cleanup@openstack cleanup() started
2019-10-28 01:17:01.456 20411 RALLYDEBUG rally_openstack.cleanup.manager [-] Cleaning up nova servers objects
2019-10-28 01:17:02.900 20411 RALLYDEBUG rally_openstack.cleanup.manager [-] Cleaning up nova server_groups objects
2019-10-28 01:17:03.998 20411 RALLYDEBUG rally_openstack.cleanup.manager [-] Cleaning up nova keypairs objects
2019-10-28 01:17:06.486 20411 RALLYDEBUG rally_openstack.cleanup.manager [-] Deleting nova.keypairs object s_rally_18e81af3_a7502nPW (s_rally_18e81af3_a7502nPW)
2019-10-28 01:17:06.492 20411 RALLYDEBUG rally_openstack.cleanup.manager [-] Deleting nova.keypairs object s_rally_18e81af3_wPG9gcZV (s_rally_18e81af3_wPG9gcZV)
2019-10-28 01:17:06.502 20411 RALLYDEBUG rally_openstack.cleanup.manager [-] Deleting nova.keypairs object s_rally_18e81af3_Ysq68KaG (s_rally_18e81af3_Ysq68KaG)
2019-10-28 01:17:06.514 20411 RALLYDEBUG rally_openstack.cleanup.manager [-] Deleting nova.keypairs object s_rally_18e81af3_APcQiOIM (s_rally_18e81af3_APcQiOIM)
2019-10-28 01:17:06.519 20411 RALLYDEBUG rally_openstack.cleanup.manager [-] Deleting nova.keypairs object s_rally_18e81af3_BJZNKv8z (s_rally_18e81af3_BJZNKv8z)
2019-10-28 01:17:06.527 20411 RALLYDEBUG rally_openstack.cleanup.manager [-] Deleting nova.keypairs object s_rally_18e81af3_HdzATrF5 (s_rally_18e81af3_HdzATrF5)
2019-10-28 01:17:06.544 20411 RALLYDEBUG rally_openstack.cleanup.manager [-] Deleting nova.keypairs object s_rally_18e81af3_UMi1mWZp (s_rally_18e81af3_UMi1mWZp)
2019-10-28 01:17:06.562 20411 RALLYDEBUG rally_openstack.cleanup.manager [-] Deleting nova.keypairs object s_rally_18e81af3_44hq1vfG (s_rally_18e81af3_44hq1vfG)
2019-10-28 01:17:06.567 20411 RALLYDEBUG rally_openstack.cleanup.manager [-] Deleting nova.keypairs object s_rally_18e81af3_5s201OHj (s_rally_18e81af3_5s201OHj)
2019-10-28 01:17:06.570 20411 RALLYDEBUG rally_openstack.cleanup.manager [-] Deleting nova.keypairs object s_rally_18e81af3_ZiXMzuZn (s_rally_18e81af3_ZiXMzuZn)
2019-10-28 01:17:08.233 20411 INFO rally.task.context [-] Task 0b5399c7-6330-4103-a825-8ad7cce983f7 | Context cleanup@openstack cleanup() finished in 6.78 sec
2019-10-28 01:17:08.234 20411 INFO rally.task.context [-] Task 0b5399c7-6330-4103-a825-8ad7cce983f7 | Context quotas@openstack cleanup() started
2019-10-28 01:17:08.291 20411 INFO rally.task.context [-] Task 0b5399c7-6330-4103-a825-8ad7cce983f7 | Context quotas@openstack cleanup() finished in 57.05 msec
2019-10-28 01:17:08.292 20411 INFO rally.task.context [-] Task 0b5399c7-6330-4103-a825-8ad7cce983f7 | Context users@openstack cleanup() started
2019-10-28 01:17:12.279 20411 INFO rally.task.context [-] Task 0b5399c7-6330-4103-a825-8ad7cce983f7 | Context users@openstack cleanup() finished in 3.99 sec
2019-10-28 01:17:13.918 20411 INFO rally.task.engine [-] Load duration is: 1.85404
2019-10-28 01:17:13.919 20411 INFO rally.task.engine [-] Full runner duration is: 1.901888
2019-10-28 01:17:13.919 20411 INFO rally.task.engine [-] Full duration is: 16.515995
2019-10-28 01:17:14.245 20411 INFO rally.task.engine [-] Running workload: position = 0 config = { "version": 2, "title": "A cropped version of a bigger task.", "description": "Auto-generated task from a single workload (uuid=3f65e8e7-065e-41e7-894f-94cd776d9822)", "subtasks": [ { "title": "NovaServers.boot_and_bounce_server", "description": "Boot a server and run specified actions against it.", "scenario": { "NovaServers.boot_and_bounce_server": { "actions": [ { "hard_reboot": 1 }, { "soft_reboot": 1 }, { "stop_start": 1 }, { "rescue_unrescue": 1 } ], "flavor": { "name": "rally_full-flavor_94399dd7-70e5-4767-b49a-8f67339bf77d" }, "image": { "name": "rally_full-img_94399dd7-70e5-4767-b49a-8f67339bf77d" }, "nics": [ { "net-id": "2381ea0d-4449-473e-9297-21732a0ea467" } ] } }, "contexts": { "users": { "tenants": 3, "users_per_tenant": 2 }, "network": { "networks_per_tenant": 1, "start_cidr": "100.1.0.0/25" }, "quotas": { "neutron": { "network": -1, "port": -1, "subnet": -1 }, "nova": { "cores": -1, "floating_ips": -1, "instances": -1, "ram": -1, "security_group_rules": -1, "security_groups": -1 } } }, "runner": { "constant": { "concurrency": 4, "times": 10 } }, "hooks": [], "sla": { "failure_rate": { "max": 0 } } } ] }
2019-10-28 01:17:14.271 20411 RALLYDEBUG rally_openstack.contexts.keystone.users [-] Creating 3 tenants using 20 threads
2019-10-28 01:17:15.247 20411 RALLYDEBUG rally_openstack.contexts.keystone.users [-] Creating 6 users using 20 threads
2019-10-28 01:17:16.893 20411 INFO rally.task.context [-] Task 0b5399c7-6330-4103-a825-8ad7cce983f7 | Context users@openstack setup() finished in 2.62 sec
2019-10-28 01:17:18.358 20411 INFO rally.task.context [-] Task 0b5399c7-6330-4103-a825-8ad7cce983f7 | Context quotas@openstack setup() finished in 1.46 sec
2019-10-28 01:17:20.369 20411 RALLYDEBUG rally_openstack.wrappers.network [-] CIDR generated: 100.1.0.0/25
2019-10-28 01:17:24.413 20411 RALLYDEBUG rally_openstack.wrappers.network [-] CIDR generated: 100.1.0.128/25
2019-10-28 01:17:28.191 20411 RALLYDEBUG rally_openstack.wrappers.network [-] CIDR generated: 100.1.1.0/25
2019-10-28 01:17:30.274 20411 INFO rally.task.context [-] Task 0b5399c7-6330-4103-a825-8ad7cce983f7 | Context network@openstack setup() finished in 11.91 sec
2019-10-28 01:17:30.274 20411 INFO rally.task.context [-] Task 0b5399c7-6330-4103-a825-8ad7cce983f7 | Context cleanup@openstack setup() finished in 0.02 msec
2019-10-28 01:17:31.094 20411 RALLYDEBUG rally.task.runner [-] Starting the constant runner (task UUID: 0b5399c7-6330-4103-a825-8ad7cce983f7). times: 10 concurrency: 4 timeout: 0 max_cpu_used: 16 processes_to_start: 4 concurrency_per_worker: 1 concurrency_overhead: 0
2019-10-28 01:17:31.106 20863 RALLYDEBUG rally.task.runner [-] Starting a worker. times: 10 duration: None concurrency: 1 timeout: 0 cls: method_name: run args: {"actions": [{"hard_reboot": 1}, {"soft_reboot": 1}, {"stop_start": 1}, {"rescue_unrescue": 1}], "flavor": "f6e16333-aeab-48e5-b309-0e3bdd356d36", "image": "557170a9-5025-4cf4-a927-2cc8be496f7e", "nics": [{"net-id": "2381ea0d-4449-473e-9297-21732a0ea467"}]}
2019-10-28 01:17:31.109 20864 RALLYDEBUG rally.task.runner [-] Starting a worker. times: 10 duration: None concurrency: 1 timeout: 0 cls: method_name: run args: {"actions": [{"hard_reboot": 1}, {"soft_reboot": 1}, {"stop_start": 1}, {"rescue_unrescue": 1}], "flavor": "f6e16333-aeab-48e5-b309-0e3bdd356d36", "image": "557170a9-5025-4cf4-a927-2cc8be496f7e", "nics": [{"net-id": "2381ea0d-4449-473e-9297-21732a0ea467"}]}
2019-10-28 01:17:31.113 20865 RALLYDEBUG rally.task.runner [-] Starting a worker. times: 10 duration: None concurrency: 1 timeout: 0 cls: method_name: run args: {"actions": [{"hard_reboot": 1}, {"soft_reboot": 1}, {"stop_start": 1}, {"rescue_unrescue": 1}], "flavor": "f6e16333-aeab-48e5-b309-0e3bdd356d36", "image": "557170a9-5025-4cf4-a927-2cc8be496f7e", "nics": [{"net-id": "2381ea0d-4449-473e-9297-21732a0ea467"}]}
2019-10-28 01:17:31.114 20863 INFO rally.task.runner [-] Task 0b5399c7-6330-4103-a825-8ad7cce983f7 | ITER: 1 START
2019-10-28 01:17:31.116 20864 INFO rally.task.runner [-] Task 0b5399c7-6330-4103-a825-8ad7cce983f7 | ITER: 2 START
2019-10-28 01:17:31.117 20866 RALLYDEBUG rally.task.runner [-] Starting a worker. times: 10 duration: None concurrency: 1 timeout: 0 cls: method_name: run args: {"actions": [{"hard_reboot": 1}, {"soft_reboot": 1}, {"stop_start": 1}, {"rescue_unrescue": 1}], "flavor": "f6e16333-aeab-48e5-b309-0e3bdd356d36", "image": "557170a9-5025-4cf4-a927-2cc8be496f7e", "nics": [{"net-id": "2381ea0d-4449-473e-9297-21732a0ea467"}]}
2019-10-28 01:17:31.120 20865 INFO rally.task.runner [-] Task 0b5399c7-6330-4103-a825-8ad7cce983f7 | ITER: 3 START
2019-10-28 01:17:31.124 20866 INFO rally.task.runner [-] Task 0b5399c7-6330-4103-a825-8ad7cce983f7 | ITER: 4 START
2019-10-28 01:17:39.408 20865 RALLYDEBUG rally.task.utils [-] Waiting for resource s_rally_3f65e8e7_7qm3jyxa. Status changed: BUILD => ACTIVE in 5.189440011978149
2019-10-28 01:17:40.972 20863 RALLYDEBUG rally.task.utils [-] Waiting for resource s_rally_3f65e8e7_SsjuLQsZ. Status changed: BUILD => ACTIVE in 7.247614860534668
2019-10-28 01:17:41.184 20866 RALLYDEBUG rally.task.utils [-] Waiting for resource s_rally_3f65e8e7_WUBugMkc. Status changed: BUILD => ACTIVE in 7.235119581222534
2019-10-28 01:17:41.444 20864 RALLYDEBUG rally.task.utils [-] Waiting for resource s_rally_3f65e8e7_ZhG5K9Wc. Status changed: BUILD => ACTIVE in 7.730053424835205
2019-10-28 01:17:43.332 20863 RALLYDEBUG rally.task.utils [-] Waiting for resource s_rally_3f65e8e7_SsjuLQsZ. Status changed: ACTIVE => HARD_REBOOT in 0.24192142486572266
2019-10-28 01:17:43.664 20866 RALLYDEBUG rally.task.utils [-] Waiting for resource s_rally_3f65e8e7_WUBugMkc. Status changed: ACTIVE => HARD_REBOOT in 0.37154054641723633
2019-10-28 01:17:44.083 20865 RALLYDEBUG rally.task.utils [-] Waiting for resource s_rally_3f65e8e7_7qm3jyxa. Status changed: ACTIVE => REBOOT in 0.1703779697418213
2019-10-28 01:17:45.576 20863 RALLYDEBUG rally.task.utils [-] Waiting for resource s_rally_3f65e8e7_SsjuLQsZ. Status changed: HARD_REBOOT => ACTIVE in 2.243605375289917
2019-10-28 01:17:46.451 20866 RALLYDEBUG rally.task.utils [-] Waiting for resource s_rally_3f65e8e7_WUBugMkc. Status changed: HARD_REBOOT => ACTIVE in 2.7876715660095215
2019-10-28 01:17:46.456 20864 RALLYDEBUG rally.task.utils [-] Waiting for resource s_rally_3f65e8e7_ZhG5K9Wc. Status changed: ACTIVE => REBOOT in 0.5043954849243164
2019-10-28 01:17:47.847 20863 RALLYDEBUG rally.task.utils [-] Waiting for resource s_rally_3f65e8e7_SsjuLQsZ. Status changed: ACTIVE => REBOOT in 0.1712796688079834
2019-10-28 01:17:48.807 20866 RALLYDEBUG rally.task.utils [-] Waiting for resource s_rally_3f65e8e7_WUBugMkc. Status changed: ACTIVE => REBOOT in 0.26165342330932617
2019-10-28 01:19:45.818 20865 RALLYDEBUG rally.task.utils [-] Waiting for resource s_rally_3f65e8e7_7qm3jyxa. Status changed: REBOOT => ACTIVE in 121.7339494228363
2019-10-28 01:19:46.655 20864 RALLYDEBUG rally.task.utils [-] Waiting for resource s_rally_3f65e8e7_ZhG5K9Wc. Status changed: REBOOT => ACTIVE in 120.19874978065491
2019-10-28 01:19:49.270 20863 RALLYDEBUG rally.task.utils [-] Waiting for resource s_rally_3f65e8e7_SsjuLQsZ. Status changed: REBOOT => ACTIVE in 121.42262291908264
2019-10-28 01:19:50.506 20866 RALLYDEBUG rally.task.utils [-] Waiting for resource s_rally_3f65e8e7_WUBugMkc. Status changed: REBOOT => ACTIVE in 121.69952368736267
2019-10-28 01:19:53.902 20863 RALLYDEBUG rally.task.utils [-] Waiting for resource s_rally_3f65e8e7_SsjuLQsZ. Status changed: ACTIVE => SHUTOFF in 4.50215482711792
2019-10-28 01:19:54.195 20863 RALLYDEBUG rally.task.utils [-] Waiting for resource s_rally_3f65e8e7_SsjuLQsZ. Status changed: ACTIVE => SHUTOFF in 0.14954137802124023
2019-10-28 01:19:56.796 20863 RALLYDEBUG rally.task.utils [-] Waiting for resource s_rally_3f65e8e7_SsjuLQsZ. Status changed: SHUTOFF => ACTIVE in 2.601771831512451
2019-10-28 01:20:02.309 20864 RALLYDEBUG rally.task.utils [-] Waiting for resource s_rally_3f65e8e7_ZhG5K9Wc. Status changed: ACTIVE => SHUTOFF in 15.519218921661377
2019-10-28 01:20:02.601 20864 RALLYDEBUG rally.task.utils [-] Waiting for resource s_rally_3f65e8e7_ZhG5K9Wc. Status changed: ACTIVE => SHUTOFF in 0.14751744270324707
2019-10-28 01:20:03.400 20863 RALLYDEBUG rally.task.utils [-] Waiting for resource s_rally_3f65e8e7_SsjuLQsZ. Status changed: ACTIVE => RESCUE in 4.471280097961426
2019-10-28 01:20:03.750 20864 RALLYDEBUG rally.task.utils [-] Waiting for resource s_rally_3f65e8e7_ZhG5K9Wc. Status changed: SHUTOFF => ACTIVE in 1.1487185955047607
2019-10-28 01:20:08.283 20863 INFO rally.task.runner [-] Task 0b5399c7-6330-4103-a825-8ad7cce983f7 | ITER: 1 END: OK
2019-10-28 01:20:08.290 20863 INFO rally.task.runner [-] Task 0b5399c7-6330-4103-a825-8ad7cce983f7 | ITER: 5 START
2019-10-28 01:20:15.425 20863 RALLYDEBUG rally.task.utils [-] Waiting for resource s_rally_3f65e8e7_M2zYQ5lI. Status changed: BUILD => ACTIVE in 4.51554274559021
2019-10-28 01:20:18.990 20864 RALLYDEBUG rally.task.utils [-] Waiting for resource s_rally_3f65e8e7_ZhG5K9Wc. Status changed: ACTIVE => RESCUE in 13.109103679656982
2019-10-28 01:20:20.011 20863 RALLYDEBUG rally.task.utils [-] Waiting for resource s_rally_3f65e8e7_M2zYQ5lI. Status changed: ACTIVE => REBOOT in 0.19346094131469727
2019-10-28 01:20:23.746 20864 INFO rally.task.runner [-] Task 0b5399c7-6330-4103-a825-8ad7cce983f7 | ITER: 2 END: OK
2019-10-28 01:20:23.750 20864 INFO rally.task.runner [-] Task 0b5399c7-6330-4103-a825-8ad7cce983f7 | ITER: 6 START
2019-10-28 01:20:30.753 20864 RALLYDEBUG rally.task.utils [-] Waiting for resource s_rally_3f65e8e7_TfE76lXm. Status changed: BUILD => ACTIVE in 4.846201658248901
2019-10-28 01:20:35.395 20864 RALLYDEBUG rally.task.utils [-] Waiting for resource s_rally_3f65e8e7_TfE76lXm. Status changed: ACTIVE => REBOOT in 0.21593332290649414
2019-10-28 01:20:47.187 20865 RALLYDEBUG rally.task.utils [-] Waiting for resource s_rally_3f65e8e7_7qm3jyxa. Status changed: ACTIVE => SHUTOFF in 61.23436951637268
2019-10-28 01:20:47.480 20865 RALLYDEBUG rally.task.utils [-] Waiting for resource s_rally_3f65e8e7_7qm3jyxa. Status changed: ACTIVE => SHUTOFF in 0.14585399627685547
2019-10-28 01:20:49.801 20865 RALLYDEBUG rally.task.utils [-] Waiting for resource s_rally_3f65e8e7_7qm3jyxa. Status changed: SHUTOFF => ACTIVE in 2.3207004070281982
2019-10-28 01:20:53.738 20866 RALLYDEBUG rally.task.utils [-] Waiting for resource s_rally_3f65e8e7_WUBugMkc. Status changed: ACTIVE => SHUTOFF in 63.089816093444824
2019-10-28 01:20:54.047 20866 RALLYDEBUG rally.task.utils [-] Waiting for resource s_rally_3f65e8e7_WUBugMkc. Status changed: ACTIVE => SHUTOFF in 0.16247272491455078
2019-10-28 01:20:55.212 20866 RALLYDEBUG rally.task.utils [-] Waiting for resource s_rally_3f65e8e7_WUBugMkc. Status changed: SHUTOFF => ACTIVE in 1.1656391620635986
2019-10-28 01:20:56.716 20865 RALLYDEBUG rally.task.utils [-] Waiting for resource s_rally_3f65e8e7_7qm3jyxa. Status changed: ACTIVE => RESCUE in 4.782637596130371
2019-10-28 01:21:01.299 20865 INFO rally.task.runner [-] Task 0b5399c7-6330-4103-a825-8ad7cce983f7 | ITER: 3 END: OK
2019-10-28 01:21:01.305 20865 INFO rally.task.runner [-] Task 0b5399c7-6330-4103-a825-8ad7cce983f7 | ITER: 7 START
2019-10-28 01:21:10.697 20865 RALLYDEBUG rally.task.utils [-] Waiting for resource s_rally_3f65e8e7_ztq2TbbG. Status changed: BUILD => ACTIVE in 6.652585506439209
2019-10-28 01:21:15.263 20865 RALLYDEBUG rally.task.utils [-] Waiting for resource s_rally_3f65e8e7_ztq2TbbG. Status changed: ACTIVE => REBOOT in 0.1455991268157959
2019-10-28 01:21:58.558 20866 RALLYDEBUG rally.task.utils [-] Waiting for resource s_rally_3f65e8e7_WUBugMkc. Status changed: ACTIVE => RESCUE in 61.227834701538086
2019-10-28 01:22:03.143 20866 INFO rally.task.runner [-] Task 0b5399c7-6330-4103-a825-8ad7cce983f7 | ITER: 4 END: OK
2019-10-28 01:22:03.150 20866 INFO rally.task.runner [-] Task 0b5399c7-6330-4103-a825-8ad7cce983f7 | ITER: 8 START
2019-10-28 01:22:10.558 20866 RALLYDEBUG rally.task.utils [-] Waiting for resource s_rally_3f65e8e7_B0PqU8jJ. Status changed: BUILD => ACTIVE in 4.45177698135376
2019-10-28 01:22:15.177 20866 RALLYDEBUG rally.task.utils [-] Waiting for resource s_rally_3f65e8e7_B0PqU8jJ. Status changed: ACTIVE => REBOOT in 0.16759562492370605
2019-10-28 01:22:21.994 20863 RALLYDEBUG rally.task.utils [-] Waiting for resource s_rally_3f65e8e7_M2zYQ5lI. Status changed: REBOOT => ACTIVE in 121.98266553878784
2019-10-28 01:22:26.649 20863 RALLYDEBUG rally.task.utils [-] Waiting for resource s_rally_3f65e8e7_M2zYQ5lI. Status changed: ACTIVE => SHUTOFF in 4.518113851547241
2019-10-28 01:22:27.083 20863 RALLYDEBUG rally.task.utils [-] Waiting for resource s_rally_3f65e8e7_M2zYQ5lI. Status changed: ACTIVE => SHUTOFF in 0.14970040321350098
2019-10-28 01:22:28.248 20863 RALLYDEBUG rally.task.utils [-] Waiting for resource s_rally_3f65e8e7_M2zYQ5lI. Status changed: SHUTOFF => ACTIVE in 1.1643695831298828
2019-10-28 01:22:37.810 20864 RALLYDEBUG rally.task.utils [-] Waiting for resource s_rally_3f65e8e7_TfE76lXm. Status changed: REBOOT => ACTIVE in 122.41421270370483
2019-10-28 01:22:43.637 20863 RALLYDEBUG rally.task.utils [-] Waiting for resource s_rally_3f65e8e7_M2zYQ5lI. Status changed: ACTIVE => RESCUE in 13.243268251419067
2019-10-28 01:22:48.241 20863 INFO rally.task.runner [-] Task 0b5399c7-6330-4103-a825-8ad7cce983f7 | ITER: 5 END: OK
2019-10-28 01:22:48.246 20863 INFO rally.task.runner [-] Task 0b5399c7-6330-4103-a825-8ad7cce983f7 | ITER: 9 START
2019-10-28 01:22:57.385 20863 RALLYDEBUG rally.task.utils [-] Waiting for resource s_rally_3f65e8e7_hvXvLrES. Status changed: BUILD => ACTIVE in 6.740202903747559
2019-10-28 01:23:02.018 20863 RALLYDEBUG rally.task.utils [-] Waiting for resource s_rally_3f65e8e7_hvXvLrES. Status changed: ACTIVE => REBOOT in 0.2303154468536377
2019-10-28 01:23:17.660 20865 RALLYDEBUG rally.task.utils [-] Waiting for resource s_rally_3f65e8e7_ztq2TbbG. Status changed: REBOOT => ACTIVE in 122.39684247970581
2019-10-28 01:23:40.268 20864 RALLYDEBUG rally.task.utils [-] Waiting for resource s_rally_3f65e8e7_TfE76lXm. Status changed: ACTIVE => SHUTOFF in 62.30300045013428
2019-10-28 01:23:40.571 20864 RALLYDEBUG rally.task.utils [-] Waiting for resource s_rally_3f65e8e7_TfE76lXm. Status changed: ACTIVE => SHUTOFF in 0.17033624649047852
2019-10-28 01:23:42.943 20864 RALLYDEBUG rally.task.utils [-] Waiting for resource s_rally_3f65e8e7_TfE76lXm. Status changed: SHUTOFF => ACTIVE in 2.3716366291046143
2019-10-28 01:23:49.689 20864 RALLYDEBUG rally.task.utils [-] Waiting for resource s_rally_3f65e8e7_TfE76lXm. Status changed: ACTIVE => RESCUE in 4.613706111907959
2019-10-28 01:23:54.325 20864 INFO rally.task.runner [-] Task 0b5399c7-6330-4103-a825-8ad7cce983f7 | ITER: 6 END: OK
2019-10-28 01:23:54.331 20864 INFO rally.task.runner [-] Task 0b5399c7-6330-4103-a825-8ad7cce983f7 | ITER: 10 START
2019-10-28 01:24:03.484 20864 RALLYDEBUG rally.task.utils [-] Waiting for resource s_rally_3f65e8e7_VHeaURRr. Status changed: BUILD => ACTIVE in 6.734612226486206
2019-10-28 01:24:08.135 20864 RALLYDEBUG rally.task.utils [-] Waiting for resource s_rally_3f65e8e7_VHeaURRr. Status changed: ACTIVE => REBOOT in 0.22866034507751465
2019-10-28 01:24:17.955 20866 RALLYDEBUG rally.task.utils [-] Waiting for resource s_rally_3f65e8e7_B0PqU8jJ. Status changed: REBOOT => ACTIVE in 122.7774977684021
2019-10-28 01:24:19.104 20865 RALLYDEBUG rally.task.utils [-] Waiting for resource s_rally_3f65e8e7_ztq2TbbG. Status changed: ACTIVE => SHUTOFF in 61.30366802215576
2019-10-28 01:24:19.412 20865 RALLYDEBUG rally.task.utils [-] Waiting for resource s_rally_3f65e8e7_ztq2TbbG. Status changed: ACTIVE => SHUTOFF in 0.14649343490600586
2019-10-28 01:24:20.567 20865 RALLYDEBUG rally.task.utils [-] Waiting for resource s_rally_3f65e8e7_ztq2TbbG. Status changed: SHUTOFF => ACTIVE in 1.1552467346191406
2019-10-28 01:24:36.038 20865 RALLYDEBUG rally.task.utils [-] Waiting for resource s_rally_3f65e8e7_ztq2TbbG. Status changed: ACTIVE => RESCUE in 13.349241971969604
2019-10-28 01:24:40.822 20865 INFO rally.task.runner [-] Task 0b5399c7-6330-4103-a825-8ad7cce983f7 | ITER: 7 END: OK
2019-10-28 01:25:02.808 20863 RALLYDEBUG rally.task.utils [-] Waiting for resource s_rally_3f65e8e7_hvXvLrES. Status changed: REBOOT => ACTIVE in 120.79020380973816
2019-10-28 01:25:20.032 20866 RALLYDEBUG rally.task.utils [-] Waiting for resource s_rally_3f65e8e7_B0PqU8jJ. Status changed: ACTIVE => SHUTOFF in 61.93625736236572
2019-10-28 01:25:20.370 20866 RALLYDEBUG rally.task.utils [-] Waiting for resource s_rally_3f65e8e7_B0PqU8jJ. Status changed: ACTIVE => SHUTOFF in 0.18147039413452148
2019-10-28 01:25:21.511 20866 RALLYDEBUG rally.task.utils [-] Waiting for resource s_rally_3f65e8e7_B0PqU8jJ. Status changed: SHUTOFF => ACTIVE in 1.141244649887085
2019-10-28 01:26:04.118 20863 RALLYDEBUG rally.task.utils [-] Waiting for resource s_rally_3f65e8e7_hvXvLrES. Status changed: ACTIVE => SHUTOFF in 61.16902208328247
2019-10-28 01:26:04.417 20863 RALLYDEBUG rally.task.utils [-] Waiting for resource s_rally_3f65e8e7_hvXvLrES. Status changed: ACTIVE => SHUTOFF in 0.15673089027404785
2019-10-28 01:26:05.572 20863 RALLYDEBUG rally.task.utils [-] Waiting for resource s_rally_3f65e8e7_hvXvLrES. Status changed: SHUTOFF => ACTIVE in 1.1553690433502197
2019-10-28 01:26:09.459 20864 RALLYDEBUG rally.task.utils [-] Waiting for resource s_rally_3f65e8e7_VHeaURRr. Status changed: REBOOT => ACTIVE in 121.32357430458069
2019-10-28 01:26:25.269 20866 RALLYDEBUG rally.task.utils [-] Waiting for resource s_rally_3f65e8e7_B0PqU8jJ. Status changed: ACTIVE => RESCUE in 61.63511681556702
2019-10-28 01:26:30.171 20866 INFO rally.task.runner [-] Task 0b5399c7-6330-4103-a825-8ad7cce983f7 | ITER: 8 END: OK
2019-10-28 01:27:08.000 20863 RALLYDEBUG rally.task.utils [-] Waiting for resource s_rally_3f65e8e7_hvXvLrES. Status changed: ACTIVE => RESCUE in 60.30801033973694
2019-10-28 01:27:11.540 20864 RALLYDEBUG rally.task.utils [-] Waiting for resource s_rally_3f65e8e7_VHeaURRr. Status changed: ACTIVE => SHUTOFF in 61.93516778945923
2019-10-28 01:27:11.916 20864 RALLYDEBUG rally.task.utils [-] Waiting for resource s_rally_3f65e8e7_VHeaURRr. Status changed: ACTIVE => SHUTOFF in 0.14557147026062012
2019-10-28 01:27:12.586 20863 INFO rally.task.runner [-] Task 0b5399c7-6330-4103-a825-8ad7cce983f7 | ITER: 9 END: OK
2019-10-28 01:27:13.126 20864 RALLYDEBUG rally.task.utils [-] Waiting for resource s_rally_3f65e8e7_VHeaURRr. Status changed: SHUTOFF => ACTIVE in 1.210017204284668
2019-10-28 01:27:28.440 20864 RALLYDEBUG rally.task.utils [-] Waiting for resource s_rally_3f65e8e7_VHeaURRr. Status changed: ACTIVE => RESCUE in 13.198700904846191
2019-10-28 01:27:33.136 20864 INFO rally.task.runner [-] Task 0b5399c7-6330-4103-a825-8ad7cce983f7 | ITER: 10 END: OK
2019-10-28 01:27:33.164 20411 INFO rally.task.context [-] Task 0b5399c7-6330-4103-a825-8ad7cce983f7 | Context cleanup@openstack cleanup() started
2019-10-28 01:27:33.170 20411 RALLYDEBUG rally_openstack.cleanup.manager [-] Cleaning up nova servers objects
2019-10-28 01:27:34.768 20411 RALLYDEBUG rally_openstack.cleanup.manager [-] Cleaning up nova server_groups objects
2019-10-28 01:27:35.897 20411 RALLYDEBUG rally_openstack.cleanup.manager [-] Cleaning up nova keypairs objects
2019-10-28 01:27:38.509 20411 INFO rally.task.context [-] Task 0b5399c7-6330-4103-a825-8ad7cce983f7 | Context cleanup@openstack cleanup() finished in 5.35 sec
2019-10-28 01:27:38.510 20411 INFO rally.task.context [-] Task 0b5399c7-6330-4103-a825-8ad7cce983f7 | Context network@openstack cleanup() started
2019-10-28 01:27:59.149 20411 INFO rally.task.context [-] Task 0b5399c7-6330-4103-a825-8ad7cce983f7 | Context network@openstack cleanup() finished in 20.64 sec
2019-10-28 01:27:59.150 20411 INFO rally.task.context [-] Task 0b5399c7-6330-4103-a825-8ad7cce983f7 | Context quotas@openstack cleanup() started
2019-10-28 01:27:59.506 20411 INFO rally.task.context [-] Task 0b5399c7-6330-4103-a825-8ad7cce983f7 | Context quotas@openstack cleanup() finished in 0.36 sec
2019-10-28 01:27:59.507 20411 INFO rally.task.context [-] Task 0b5399c7-6330-4103-a825-8ad7cce983f7 | Context users@openstack cleanup() started
2019-10-28 01:28:03.335 20411 INFO rally.task.context [-] Task 0b5399c7-6330-4103-a825-8ad7cce983f7 | Context users@openstack cleanup() finished in 3.83 sec
2019-10-28 01:28:04.824 20411 INFO rally.task.engine [-] Load duration is: 593.020555
2019-10-28 01:28:04.825 20411 INFO rally.task.engine [-] Full runner duration is: 602.071321
2019-10-28 01:28:04.825 20411 INFO rally.task.engine [-] Full duration is: 649.066425
2019-10-28 01:28:05.195 20411 INFO rally.task.engine [-] Running workload: position = 0 config = { "version": 2, "title": "A cropped version of a bigger task.", "description": "Auto-generated task from a single workload (uuid=a03e85dd-922a-4056-805e-3de55b731484)", "subtasks": [ { "title": "NovaServers.boot_and_delete_server", "description": "Boot and delete a server.", "scenario": { "NovaServers.boot_and_delete_server": { "flavor": { "name": "rally_full-flavor_94399dd7-70e5-4767-b49a-8f67339bf77d" }, "image": { "name": "rally_full-img_94399dd7-70e5-4767-b49a-8f67339bf77d" }, "nics": [ { "net-id": "2381ea0d-4449-473e-9297-21732a0ea467" } ] } }, "contexts": { "users": { "tenants": 3, "users_per_tenant": 2 }, "network": { "networks_per_tenant": 1, "start_cidr": "100.1.0.0/25" }, "quotas": { "neutron": { "network": -1, "port": -1, "subnet": -1 }, "nova": { "cores": -1, "floating_ips": -1, "instances": -1, "ram": -1, "security_group_rules": -1, "security_groups": -1 } } }, "runner": { "constant": { "concurrency": 4, "times": 10 } }, "hooks": [], "sla": { "failure_rate": { "max": 0 } } } ] }
2019-10-28 01:28:05.221 20411 RALLYDEBUG rally_openstack.contexts.keystone.users [-] Creating 3 tenants using 20 threads
2019-10-28 01:28:06.213 20411 RALLYDEBUG rally_openstack.contexts.keystone.users [-] Creating 6 users using 20 threads
2019-10-28 01:28:07.807 20411 INFO rally.task.context [-] Task 0b5399c7-6330-4103-a825-8ad7cce983f7 | Context users@openstack setup() finished in 2.59 sec
2019-10-28 01:28:09.184 20411 INFO rally.task.context [-] Task 0b5399c7-6330-4103-a825-8ad7cce983f7 | Context quotas@openstack setup() finished in 1.38 sec
2019-10-28 01:28:11.349 20411 RALLYDEBUG rally_openstack.wrappers.network [-] CIDR generated: 100.1.1.128/25
2019-10-28 01:28:14.891 20411 RALLYDEBUG rally_openstack.wrappers.network [-] CIDR generated: 100.1.2.0/25
2019-10-28 01:28:18.793 20411 RALLYDEBUG rally_openstack.wrappers.network [-] CIDR generated: 100.1.2.128/25
2019-10-28 01:28:21.096 20411 INFO rally.task.context [-] Task 0b5399c7-6330-4103-a825-8ad7cce983f7 | Context network@openstack setup() finished in 11.91 sec
2019-10-28 01:28:21.096 20411 INFO rally.task.context [-] Task 0b5399c7-6330-4103-a825-8ad7cce983f7 | Context cleanup@openstack setup() finished in 0.05 msec
2019-10-28 01:28:21.900 20411 RALLYDEBUG rally.task.runner [-] Starting the constant runner (task UUID: 0b5399c7-6330-4103-a825-8ad7cce983f7). times: 10 concurrency: 4 timeout: 0 max_cpu_used: 16 processes_to_start: 4 concurrency_per_worker: 1 concurrency_overhead: 0
2019-10-28 01:28:21.912 21027 RALLYDEBUG rally.task.runner [-] Starting a worker. times: 10 duration: None concurrency: 1 timeout: 0 cls: method_name: run args: {"flavor": "f6e16333-aeab-48e5-b309-0e3bdd356d36", "image": "557170a9-5025-4cf4-a927-2cc8be496f7e", "nics": [{"net-id": "2381ea0d-4449-473e-9297-21732a0ea467"}]}
2019-10-28 01:28:21.916 21028 RALLYDEBUG rally.task.runner [-] Starting a worker. times: 10 duration: None concurrency: 1 timeout: 0 cls: method_name: run args: {"flavor": "f6e16333-aeab-48e5-b309-0e3bdd356d36", "image": "557170a9-5025-4cf4-a927-2cc8be496f7e", "nics": [{"net-id": "2381ea0d-4449-473e-9297-21732a0ea467"}]}
2019-10-28 01:28:21.920 21027 INFO rally.task.runner [-] Task 0b5399c7-6330-4103-a825-8ad7cce983f7 | ITER: 1 START
2019-10-28 01:28:21.920 21029 RALLYDEBUG rally.task.runner [-] Starting a worker. times: 10 duration: None concurrency: 1 timeout: 0 cls: method_name: run args: {"flavor": "f6e16333-aeab-48e5-b309-0e3bdd356d36", "image": "557170a9-5025-4cf4-a927-2cc8be496f7e", "nics": [{"net-id": "2381ea0d-4449-473e-9297-21732a0ea467"}]}
2019-10-28 01:28:21.924 21028 INFO rally.task.runner [-] Task 0b5399c7-6330-4103-a825-8ad7cce983f7 | ITER: 2 START
2019-10-28 01:28:21.923 21030 RALLYDEBUG rally.task.runner [-] Starting a worker. times: 10 duration: None concurrency: 1 timeout: 0 cls: method_name: run args: {"flavor": "f6e16333-aeab-48e5-b309-0e3bdd356d36", "image": "557170a9-5025-4cf4-a927-2cc8be496f7e", "nics": [{"net-id": "2381ea0d-4449-473e-9297-21732a0ea467"}]}
2019-10-28 01:28:21.927 21029 INFO rally.task.runner [-] Task 0b5399c7-6330-4103-a825-8ad7cce983f7 | ITER: 3 START
2019-10-28 01:28:21.930 21030 INFO rally.task.runner [-] Task 0b5399c7-6330-4103-a825-8ad7cce983f7 | ITER: 4 START
2019-10-28 01:28:31.557 21027 RALLYDEBUG rally.task.utils [-] Waiting for resource s_rally_a03e85dd_ZgAsz6fC. Status changed: BUILD => ACTIVE in 6.743412256240845
