2019-10-28 01:09:54.022 13785 RALLYDEBUG rally_openstack.cleanup.manager [-] Deleting neutron.network object s_rally_1504508d_RBGuziHD (aae091f8-f80a-4336-b03b-eb288f640925)
2019-10-28 01:09:54.041 13785 RALLYDEBUG rally_openstack.cleanup.manager [-] Deleting neutron.network object s_rally_1504508d_6eQvmRk8 (21d5c8c4-d90c-4748-a1a0-48a813b2aa8b)
2019-10-28 01:09:54.055 13785 RALLYDEBUG rally_openstack.cleanup.manager [-] Deleting neutron.network object s_rally_1504508d_APF2hY7B (6ed0aad2-ab14-4cb6-b146-80d68f8bf158)
2019-10-28 01:09:54.073 13785 RALLYDEBUG rally_openstack.cleanup.manager [-] Deleting neutron.network object s_rally_1504508d_CWrxyl7P (702f9264-404f-4dde-8b6b-fd6be7dacdbb)
2019-10-28 01:09:54.084 13785 RALLYDEBUG rally_openstack.cleanup.manager [-] Deleting neutron.network object s_rally_1504508d_dhndPbF8 (81f4f29c-2821-41ed-8c00-09d628c61ba4)
2019-10-28 01:09:54.089 13785 RALLYDEBUG rally_openstack.cleanup.manager [-] Deleting neutron.network object s_rally_1504508d_uZUths7M (a850f998-20ea-4b56-a26a-365aa3555da7)
2019-10-28 01:09:57.196 13785 RALLYDEBUG rally_openstack.cleanup.manager [-] Cleaning up neutron router objects
2019-10-28 01:09:58.541 13785 RALLYDEBUG rally_openstack.cleanup.manager [-] Deleting neutron.router object s_rally_1504508d_7B9pZEfS (0226090e-5c75-4d8c-8067-ad96f176eba4)
2019-10-28 01:09:58.551 13785 RALLYDEBUG rally_openstack.cleanup.manager [-] Deleting neutron.router object s_rally_1504508d_TK9e4eKp (a73d7756-b4af-4a27-a4cc-5911a29cfa52)
2019-10-28 01:09:58.559 13785 RALLYDEBUG rally_openstack.cleanup.manager [-] Deleting neutron.router object s_rally_1504508d_lIOkAPEl (aacc1644-96d7-4aca-bf79-d7c20d1c4876)
2019-10-28 01:09:58.569 13785 RALLYDEBUG rally_openstack.cleanup.manager [-] Deleting neutron.router object s_rally_1504508d_cX43SusE (bcd57e9d-92e9-45ee-94f2-11675768949d)
2019-10-28 01:09:58.578 13785 RALLYDEBUG rally_openstack.cleanup.manager [-] Deleting neutron.router object s_rally_1504508d_LS95XiSB (14c97ff7-2ccb-4e39-9019-74975d5f9116)
2019-10-28 01:09:58.584 13785 RALLYDEBUG rally_openstack.cleanup.manager [-] Deleting neutron.router object s_rally_1504508d_xLV4fCLZ (531115a0-fa56-4afd-aca6-cff6c24d2d63)
2019-10-28 01:09:58.605 13785 RALLYDEBUG rally_openstack.cleanup.manager [-] Deleting neutron.router object s_rally_1504508d_ZRxSUN5x (9b400033-54ee-4aca-bef2-c6e35a33537b)
2019-10-28 01:09:58.613 13785 RALLYDEBUG rally_openstack.cleanup.manager [-] Deleting neutron.router object s_rally_1504508d_6o60EC4a (9bc25b19-c6d5-4628-b426-b1cfa3e00eb7)
2019-10-28 01:09:58.621 13785 RALLYDEBUG rally_openstack.cleanup.manager [-] Deleting neutron.router object s_rally_1504508d_hvVWRc4J (bcf6a385-ea9e-4262-8319-96ef89de4211)
2019-10-28 01:09:58.635 13785 RALLYDEBUG rally_openstack.cleanup.manager [-] Deleting neutron.router object s_rally_1504508d_vdEQbifa (c508e354-d5b1-4830-a687-929329d4d665)
2019-10-28 01:10:00.941 13785 RALLYDEBUG rally_openstack.cleanup.manager [-] Cleaning up neutron security_group objects
2019-10-28 01:10:02.189 13785 INFO rally.task.context [-] Task a3425f85-7b1b-491a-ac49-9eea7b18d903 | Context cleanup@openstack cleanup() finished in 29.20 sec
2019-10-28 01:10:02.189 13785 INFO rally.task.context [-] Task a3425f85-7b1b-491a-ac49-9eea7b18d903 | Context quotas@openstack cleanup() started
2019-10-28 01:10:02.363 13785 INFO rally.task.context [-] Task a3425f85-7b1b-491a-ac49-9eea7b18d903 | Context quotas@openstack cleanup() finished in 0.17 sec
2019-10-28 01:10:02.364 13785 INFO rally.task.context [-] Task a3425f85-7b1b-491a-ac49-9eea7b18d903 | Context users@openstack cleanup() started
2019-10-28 01:10:06.809 13785 INFO rally.task.context [-] Task a3425f85-7b1b-491a-ac49-9eea7b18d903 | Context users@openstack cleanup() finished in 4.45 sec
2019-10-28 01:10:07.221 13785 INFO rally.task.engine [-] Load duration is: 10.738885
2019-10-28 01:10:07.223 13785 INFO rally.task.engine [-] Full runner duration is: 10.787793
2019-10-28 01:10:07.224 13785 INFO rally.task.engine [-] Full duration is: 48.024128
2019-10-28 01:10:07.612 13785 INFO rally.task.engine [-] Running workload: position = 0 config = { "version": 2, "title": "A cropped version of a bigger task.", "description": "Auto-generated task from a single workload (uuid=183b73ae-2933-4d45-a188-8f9fd265129f)", "subtasks": [ { "title": "NeutronNetworks.create_and_list_subnets", "description": "Create and a given number of subnets and list all subnets.", "scenario": { "NeutronNetworks.create_and_list_subnets": { "network_create_args": {}, "subnet_cidr_start": "1.1.0.0/30", "subnet_create_args": {}, "subnets_per_network": 1 } }, "contexts": { "users": { "tenants": 3, "users_per_tenant": 2 }, "quotas": { "neutron": { "network": -1, "subnet": -1 } } }, "runner": { "constant": { "concurrency": 4, "times": 10 } }, "hooks": [], "sla": { "failure_rate": { "max": 0 } } } ] }
2019-10-28 01:10:07.641 13785 RALLYDEBUG rally_openstack.contexts.keystone.users [-] Creating 3 tenants using 20 threads
2019-10-28 01:10:08.650 13785 RALLYDEBUG rally_openstack.contexts.keystone.users [-] Creating 6 users using 20 threads
2019-10-28 01:10:10.220 13785 INFO rally.task.context [-] Task a3425f85-7b1b-491a-ac49-9eea7b18d903 | Context users@openstack setup() finished in 2.58 sec
2019-10-28 01:10:10.937 13785 INFO rally.task.context [-] Task a3425f85-7b1b-491a-ac49-9eea7b18d903 | Context quotas@openstack setup() finished in 0.72 sec
2019-10-28 01:10:10.938 13785 INFO rally.task.context [-] Task a3425f85-7b1b-491a-ac49-9eea7b18d903 | Context cleanup@openstack setup() finished in 0.02 msec
2019-10-28 01:10:10.947 13785 RALLYDEBUG rally.task.runner [-] Starting the constant runner (task UUID: a3425f85-7b1b-491a-ac49-9eea7b18d903). times: 10 concurrency: 4 timeout: 0 max_cpu_used: 16 processes_to_start: 4 concurrency_per_worker: 1 concurrency_overhead: 0
2019-10-28 01:10:10.959 17473 RALLYDEBUG rally.task.runner [-] Starting a worker. times: 10 duration: None concurrency: 1 timeout: 0 cls: method_name: run args: {"network_create_args": {}, "subnet_cidr_start": "1.1.0.0/30", "subnet_create_args": {}, "subnets_per_network": 1}
2019-10-28 01:10:10.962 17474 RALLYDEBUG rally.task.runner [-] Starting a worker. times: 10 duration: None concurrency: 1 timeout: 0 cls: method_name: run args: {"network_create_args": {}, "subnet_cidr_start": "1.1.0.0/30", "subnet_create_args": {}, "subnets_per_network": 1}
2019-10-28 01:10:10.966 17473 INFO rally.task.runner [-] Task a3425f85-7b1b-491a-ac49-9eea7b18d903 | ITER: 1 START
2019-10-28 01:10:10.965 17475 RALLYDEBUG rally.task.runner [-] Starting a worker. times: 10 duration: None concurrency: 1 timeout: 0 cls: method_name: run args: {"network_create_args": {}, "subnet_cidr_start": "1.1.0.0/30", "subnet_create_args": {}, "subnets_per_network": 1}
2019-10-28 01:10:10.967 17474 INFO rally.task.runner [-] Task a3425f85-7b1b-491a-ac49-9eea7b18d903 | ITER: 2 START
2019-10-28 01:10:10.969 17476 RALLYDEBUG rally.task.runner [-] Starting a worker. times: 10 duration: None concurrency: 1 timeout: 0 cls: method_name: run args: {"network_create_args": {}, "subnet_cidr_start": "1.1.0.0/30", "subnet_create_args": {}, "subnets_per_network": 1}
2019-10-28 01:10:10.972 17475 INFO rally.task.runner [-] Task a3425f85-7b1b-491a-ac49-9eea7b18d903 | ITER: 3 START
2019-10-28 01:10:10.975 17476 INFO rally.task.runner [-] Task a3425f85-7b1b-491a-ac49-9eea7b18d903 | ITER: 4 START
2019-10-28 01:10:11.606 17476 RALLYDEBUG rally_openstack.wrappers.network [-] CIDR generated: 1.1.0.248/30
2019-10-28 01:10:11.687 17475 RALLYDEBUG rally_openstack.wrappers.network [-] CIDR generated: 1.1.0.252/30
2019-10-28 01:10:12.130 17473 RALLYDEBUG rally_openstack.wrappers.network [-] CIDR generated: 1.1.1.0/30
2019-10-28 01:10:12.202 17474 RALLYDEBUG rally_openstack.wrappers.network [-] CIDR generated: 1.1.1.4/30
2019-10-28 01:10:12.403 17475 INFO rally.task.runner [-] Task a3425f85-7b1b-491a-ac49-9eea7b18d903 | ITER: 3 END: OK
2019-10-28 01:10:12.407 17475 INFO rally.task.runner [-] Task a3425f85-7b1b-491a-ac49-9eea7b18d903 | ITER: 5 START
2019-10-28 01:10:12.486 17476 INFO rally.task.runner [-] Task a3425f85-7b1b-491a-ac49-9eea7b18d903 | ITER: 4 END: OK
2019-10-28 01:10:12.490 17476 INFO rally.task.runner [-] Task a3425f85-7b1b-491a-ac49-9eea7b18d903 | ITER: 6 START
2019-10-28 01:10:12.856 17473 INFO rally.task.runner [-] Task a3425f85-7b1b-491a-ac49-9eea7b18d903 | ITER: 1 END: OK
2019-10-28 01:10:12.861 17473 INFO rally.task.runner [-] Task a3425f85-7b1b-491a-ac49-9eea7b18d903 | ITER: 7 START
2019-10-28 01:10:12.941 17475 RALLYDEBUG rally_openstack.wrappers.network [-] CIDR generated: 1.1.1.8/30
2019-10-28 01:10:12.961 17474 INFO rally.task.runner [-] Task a3425f85-7b1b-491a-ac49-9eea7b18d903 | ITER: 2 END: OK
2019-10-28 01:10:12.965 17474 INFO rally.task.runner [-] Task a3425f85-7b1b-491a-ac49-9eea7b18d903 | ITER: 8 START
2019-10-28 01:10:13.226 17476 RALLYDEBUG rally_openstack.wrappers.network [-] CIDR generated: 1.1.1.12/30
2019-10-28 01:10:13.349 17473 RALLYDEBUG rally_openstack.wrappers.network [-] CIDR generated: 1.1.1.16/30
2019-10-28 01:10:13.535 17474 RALLYDEBUG rally_openstack.wrappers.network [-] CIDR generated: 1.1.1.20/30
2019-10-28 01:10:14.267 17473 INFO rally.task.runner [-] Task a3425f85-7b1b-491a-ac49-9eea7b18d903 | ITER: 7 END: OK
2019-10-28 01:10:14.271 17473 INFO rally.task.runner [-] Task a3425f85-7b1b-491a-ac49-9eea7b18d903 | ITER: 9 START
2019-10-28 01:10:14.352 17474 INFO rally.task.runner [-] Task a3425f85-7b1b-491a-ac49-9eea7b18d903 | ITER: 8 END: OK
2019-10-28 01:10:14.356 17474 INFO rally.task.runner [-] Task a3425f85-7b1b-491a-ac49-9eea7b18d903 | ITER: 10 START
2019-10-28 01:10:14.415 17475 INFO rally.task.runner [-] Task a3425f85-7b1b-491a-ac49-9eea7b18d903 | ITER: 5 END: OK
2019-10-28 01:10:14.430 17476 INFO rally.task.runner [-] Task a3425f85-7b1b-491a-ac49-9eea7b18d903 | ITER: 6 END: OK
2019-10-28 01:10:14.764 17473 RALLYDEBUG rally_openstack.wrappers.network [-] CIDR generated: 1.1.1.24/30
2019-10-28 01:10:14.841 17474 RALLYDEBUG rally_openstack.wrappers.network [-] CIDR generated: 1.1.1.28/30
2019-10-28 01:10:15.689 17473 INFO rally.task.runner [-] Task a3425f85-7b1b-491a-ac49-9eea7b18d903 | ITER: 9 END: OK
2019-10-28 01:10:15.846 17474 INFO rally.task.runner [-] Task a3425f85-7b1b-491a-ac49-9eea7b18d903 | ITER: 10 END: OK
2019-10-28 01:10:15.877 13785 INFO rally.task.context [-] Task a3425f85-7b1b-491a-ac49-9eea7b18d903 | Context cleanup@openstack cleanup() started
2019-10-28 01:10:15.881 13785 RALLYDEBUG rally_openstack.cleanup.manager [-] Cleaning up neutron vip objects
2019-10-28 01:10:16.953 13785 RALLYDEBUG rally_openstack.cleanup.manager [-] Cleaning up neutron health_monitor objects
2019-10-28 01:10:18.056 13785 RALLYDEBUG rally_openstack.cleanup.manager [-] Cleaning up neutron pool objects
2019-10-28 01:10:19.153 13785 RALLYDEBUG rally_openstack.cleanup.manager [-] Cleaning up neutron loadbalancer objects
2019-10-28 01:10:20.235 13785 RALLYDEBUG rally_openstack.cleanup.manager [-] Cleaning up neutron floatingip objects
2019-10-28 01:10:21.701 13785 RALLYDEBUG rally_openstack.cleanup.manager [-] Cleaning up neutron trunk objects
2019-10-28 01:10:22.835 13785 RALLYDEBUG rally_openstack.cleanup.manager [-] Cleaning up neutron port objects
2019-10-28 01:10:24.140 13785 RALLYDEBUG rally_openstack.cleanup.manager [-] Cleaning up neutron subnet objects
2019-10-28 01:10:25.372 13785 RALLYDEBUG rally_openstack.cleanup.manager [-] Deleting neutron.subnet object s_rally_183b73ae_tIR18g0G (001acf9f-299f-479c-b961-c00f469c93f2)
2019-10-28 01:10:25.382 13785 RALLYDEBUG rally_openstack.cleanup.manager [-] Deleting neutron.subnet object s_rally_183b73ae_gnynvI0L (2cbd45e3-1ab6-4e89-8e73-dfb897eb2e4f)
2019-10-28 01:10:25.391 13785 RALLYDEBUG rally_openstack.cleanup.manager [-] Deleting neutron.subnet object s_rally_183b73ae_EsU9w8rz (6fd3901b-147c-4ea9-a745-455033cb1650)
2019-10-28 01:10:25.395 13785 RALLYDEBUG rally_openstack.cleanup.manager [-] Deleting neutron.subnet object s_rally_183b73ae_4K60ULuo (487e7a14-60d5-483d-ae69-d3f2c8406e10)
2019-10-28 01:10:25.403 13785 RALLYDEBUG rally_openstack.cleanup.manager [-] Deleting neutron.subnet object s_rally_183b73ae_Bt5iiFk7 (98fed4ca-3c43-439c-a20d-1a0bc25872c7)
2019-10-28 01:10:25.412 13785 RALLYDEBUG rally_openstack.cleanup.manager [-] Deleting neutron.subnet object s_rally_183b73ae_6yPSE4X6 (af5b71c3-44e5-46e4-a1e6-b281c2fe6623)
2019-10-28 01:10:25.415 13785 RALLYDEBUG rally_openstack.cleanup.manager [-] Deleting neutron.subnet object s_rally_183b73ae_6dxpWk9T (3b69b8c2-4351-41a9-b758-bab1ab04dbab)
2019-10-28 01:10:25.430 13785 RALLYDEBUG rally_openstack.cleanup.manager [-] Deleting neutron.subnet object s_rally_183b73ae_VwspadaK (564fbad8-df7a-492c-b296-3d1a3241f687)
2019-10-28 01:10:25.454 13785 RALLYDEBUG rally_openstack.cleanup.manager [-] Deleting neutron.subnet object s_rally_183b73ae_KFlCKy9Q (b6c7aec2-aa40-463a-8f14-aae42b3bdb54)
2019-10-28 01:10:25.459 13785 RALLYDEBUG rally_openstack.cleanup.manager [-] Deleting neutron.subnet object s_rally_183b73ae_k6KvlVik (e3785388-4ba9-46aa-9813-d4ca6d429d57)
2019-10-28 01:10:28.509 13785 RALLYDEBUG rally_openstack.cleanup.manager [-] Cleaning up neutron network objects
2019-10-28 01:10:29.825 13785 RALLYDEBUG rally_openstack.cleanup.manager [-] Deleting neutron.network object s_rally_183b73ae_3DN3uaLU (29a018b9-4394-4e86-a18e-173c5255ea9e)
2019-10-28 01:10:29.834 13785 RALLYDEBUG rally_openstack.cleanup.manager [-] Deleting neutron.network object s_rally_183b73ae_TYzj3cpl (42004b30-bb51-4810-9e93-2992bbfb4aa7)
2019-10-28 01:10:29.843 13785 RALLYDEBUG rally_openstack.cleanup.manager [-] Deleting neutron.network object s_rally_183b73ae_LWbValZv (f80823ca-1237-4e80-b74b-0f2ef910a8ce)
2019-10-28 01:10:29.847 13785 RALLYDEBUG rally_openstack.cleanup.manager [-] Deleting neutron.network object s_rally_183b73ae_EzPfhvj1 (00df953a-42e8-4c98-a5be-8ba21c5fc865)
2019-10-28 01:10:29.861 13785 RALLYDEBUG rally_openstack.cleanup.manager [-] Deleting neutron.network object s_rally_183b73ae_NrMaprRO (9c3d8e12-c98a-4599-b130-8e2037865382)
2019-10-28 01:10:29.875 13785 RALLYDEBUG rally_openstack.cleanup.manager [-] Deleting neutron.network object s_rally_183b73ae_jTgvz4hG (e88a63e4-ec62-44cb-a34e-d9b9f5e909db)
2019-10-28 01:10:29.883 13785 RALLYDEBUG rally_openstack.cleanup.manager [-] Deleting neutron.network object s_rally_183b73ae_quUy0oHp (25e6f352-082e-4413-a9db-5a2f6c8e8f1f)
2019-10-28 01:10:29.892 13785 RALLYDEBUG rally_openstack.cleanup.manager [-] Deleting neutron.network object s_rally_183b73ae_j8UegLEk (2cbcfa1c-3ccd-48a5-951b-316ed61326e7)
2019-10-28 01:10:29.906 13785 RALLYDEBUG rally_openstack.cleanup.manager [-] Deleting neutron.network object s_rally_183b73ae_1mv9xmdv (a5759bfa-0857-45d7-ab77-36e05bc8133b)
2019-10-28 01:10:29.933 13785 RALLYDEBUG rally_openstack.cleanup.manager [-] Deleting neutron.network object s_rally_183b73ae_25fvcOQc (c2088b9c-f58a-44fa-aa30-83bfbd2b126c)
2019-10-28 01:10:33.157 13785 RALLYDEBUG rally_openstack.cleanup.manager [-] Cleaning up neutron router objects
2019-10-28 01:10:34.365 13785 RALLYDEBUG rally_openstack.cleanup.manager [-] Cleaning up neutron security_group objects
2019-10-28 01:10:35.617 13785 INFO rally.task.context [-] Task a3425f85-7b1b-491a-ac49-9eea7b18d903 | Context cleanup@openstack cleanup() finished in 19.74 sec
2019-10-28 01:10:35.619 13785 INFO rally.task.context [-] Task a3425f85-7b1b-491a-ac49-9eea7b18d903 | Context quotas@openstack cleanup() started
2019-10-28 01:10:35.866 13785 INFO rally.task.context [-] Task a3425f85-7b1b-491a-ac49-9eea7b18d903 | Context quotas@openstack cleanup() finished in 0.25 sec
2019-10-28 01:10:35.866 13785 INFO rally.task.context [-] Task a3425f85-7b1b-491a-ac49-9eea7b18d903 | Context users@openstack cleanup() started
2019-10-28 01:10:39.740 13785 INFO rally.task.context [-] Task a3425f85-7b1b-491a-ac49-9eea7b18d903 | Context users@openstack cleanup() finished in 3.87 sec
2019-10-28 01:10:39.834 13785 INFO rally.task.engine [-] Load duration is: 4.879363
2019-10-28 01:10:39.834 13785 INFO rally.task.engine [-] Full runner duration is: 4.930352
2019-10-28 01:10:39.835 13785 INFO rally.task.engine [-] Full duration is: 32.102038
2019-10-28 01:10:40.164 13785 INFO rally.task.engine [-] Running workload: position = 0 config = { "version": 2, "title": "A cropped version of a bigger task.", "description": "Auto-generated task from a single workload (uuid=07fcc0e5-e323-4899-a109-f4356f10f1af)", "subtasks": [ { "title": "NeutronSecurityGroup.create_and_delete_security_groups", "description": "Create and delete Neutron security-groups.", "scenario": { "NeutronSecurityGroup.create_and_delete_security_groups": {} }, "contexts": { "users": { "tenants": 3, "users_per_tenant": 2 }, "quotas": { "neutron": { "security_group": -1 } } }, "runner": { "constant": { "concurrency": 4, "times": 10 } }, "hooks": [], "sla": { "failure_rate": { "max": 0 } } } ] }
2019-10-28 01:10:40.192 13785 RALLYDEBUG rally_openstack.contexts.keystone.users [-] Creating 3 tenants using 20 threads
2019-10-28 01:10:41.184 13785 RALLYDEBUG rally_openstack.contexts.keystone.users [-] Creating 6 users using 20 threads
2019-10-28 01:10:42.774 13785 INFO rally.task.context [-] Task a3425f85-7b1b-491a-ac49-9eea7b18d903 | Context users@openstack setup() finished in 2.58 sec
2019-10-28 01:10:43.481 13785 INFO rally.task.context [-] Task a3425f85-7b1b-491a-ac49-9eea7b18d903 | Context quotas@openstack setup() finished in 0.71 sec
2019-10-28 01:10:43.482 13785 INFO rally.task.context [-] Task a3425f85-7b1b-491a-ac49-9eea7b18d903 | Context cleanup@openstack setup() finished in 0.02 msec
2019-10-28 01:10:43.491 13785 RALLYDEBUG rally.task.runner [-] Starting the constant runner (task UUID: a3425f85-7b1b-491a-ac49-9eea7b18d903). times: 10 concurrency: 4 timeout: 0 max_cpu_used: 16 processes_to_start: 4 concurrency_per_worker: 1 concurrency_overhead: 0
2019-10-28 01:10:43.501 17797 RALLYDEBUG rally.task.runner [-] Starting a worker. times: 10 duration: None concurrency: 1 timeout: 0 cls: method_name: run args: {}
2019-10-28 01:10:43.505 17798 RALLYDEBUG rally.task.runner [-] Starting a worker. times: 10 duration: None concurrency: 1 timeout: 0 cls: method_name: run args: {}
2019-10-28 01:10:43.508 17797 INFO rally.task.runner [-] Task a3425f85-7b1b-491a-ac49-9eea7b18d903 | ITER: 1 START
2019-10-28 01:10:43.508 17799 RALLYDEBUG rally.task.runner [-] Starting a worker. times: 10 duration: None concurrency: 1 timeout: 0 cls: method_name: run args: {}
2019-10-28 01:10:43.511 17798 INFO rally.task.runner [-] Task a3425f85-7b1b-491a-ac49-9eea7b18d903 | ITER: 2 START
2019-10-28 01:10:43.512 17800 RALLYDEBUG rally.task.runner [-] Starting a worker. times: 10 duration: None concurrency: 1 timeout: 0 cls: method_name: run args: {}
2019-10-28 01:10:43.514 17799 INFO rally.task.runner [-] Task a3425f85-7b1b-491a-ac49-9eea7b18d903 | ITER: 3 START
2019-10-28 01:10:43.522 17800 INFO rally.task.runner [-] Task a3425f85-7b1b-491a-ac49-9eea7b18d903 | ITER: 4 START
2019-10-28 01:10:44.259 17797 INFO rally.task.runner [-] Task a3425f85-7b1b-491a-ac49-9eea7b18d903 | ITER: 1 END: OK
2019-10-28 01:10:44.263 17797 INFO rally.task.runner [-] Task a3425f85-7b1b-491a-ac49-9eea7b18d903 | ITER: 5 START
2019-10-28 01:10:44.301 17800 INFO rally.task.runner [-] Task a3425f85-7b1b-491a-ac49-9eea7b18d903 | ITER: 4 END: OK
2019-10-28 01:10:44.306 17800 INFO rally.task.runner [-] Task a3425f85-7b1b-491a-ac49-9eea7b18d903 | ITER: 6 START
2019-10-28 01:10:44.451 17799 INFO rally.task.runner [-] Task a3425f85-7b1b-491a-ac49-9eea7b18d903 | ITER: 3 END: OK
2019-10-28 01:10:44.456 17799 INFO rally.task.runner [-] Task a3425f85-7b1b-491a-ac49-9eea7b18d903 | ITER: 7 START
2019-10-28 01:10:44.946 17800 INFO rally.task.runner [-] Task a3425f85-7b1b-491a-ac49-9eea7b18d903 | ITER: 6 END: OK
2019-10-28 01:10:44.950 17800 INFO rally.task.runner [-] Task a3425f85-7b1b-491a-ac49-9eea7b18d903 | ITER: 8 START
2019-10-28 01:10:44.954 17797 INFO rally.task.runner [-] Task a3425f85-7b1b-491a-ac49-9eea7b18d903 | ITER: 5 END: OK
2019-10-28 01:10:44.957 17797 INFO rally.task.runner [-] Task a3425f85-7b1b-491a-ac49-9eea7b18d903 | ITER: 9 START
2019-10-28 01:10:45.032 17798 INFO rally.task.runner [-] Task a3425f85-7b1b-491a-ac49-9eea7b18d903 | ITER: 2 END: OK
2019-10-28 01:10:45.036 17798 INFO rally.task.runner [-] Task a3425f85-7b1b-491a-ac49-9eea7b18d903 | ITER: 10 START
2019-10-28 01:10:45.087 17799 INFO rally.task.runner [-] Task a3425f85-7b1b-491a-ac49-9eea7b18d903 | ITER: 7 END: OK
2019-10-28 01:10:45.482 17800 INFO rally.task.runner [-] Task a3425f85-7b1b-491a-ac49-9eea7b18d903 | ITER: 8 END: OK
2019-10-28 01:10:45.566 17798 INFO rally.task.runner [-] Task a3425f85-7b1b-491a-ac49-9eea7b18d903 | ITER: 10 END: OK
2019-10-28 01:10:45.580 17797 INFO rally.task.runner [-] Task a3425f85-7b1b-491a-ac49-9eea7b18d903 | ITER: 9 END: OK
2019-10-28 01:10:45.600 13785 INFO rally.task.context [-] Task a3425f85-7b1b-491a-ac49-9eea7b18d903 | Context cleanup@openstack cleanup() started
2019-10-28 01:10:45.604 13785 RALLYDEBUG rally_openstack.cleanup.manager [-] Cleaning up neutron vip objects
2019-10-28 01:10:46.720 13785 RALLYDEBUG rally_openstack.cleanup.manager [-] Cleaning up neutron health_monitor objects
2019-10-28 01:10:47.836 13785 RALLYDEBUG rally_openstack.cleanup.manager [-] Cleaning up neutron pool objects
2019-10-28 01:10:48.950 13785 RALLYDEBUG rally_openstack.cleanup.manager [-] Cleaning up neutron loadbalancer objects
2019-10-28 01:10:50.060 13785 RALLYDEBUG rally_openstack.cleanup.manager [-] Cleaning up neutron floatingip objects
2019-10-28 01:10:51.296 13785 RALLYDEBUG rally_openstack.cleanup.manager [-] Cleaning up neutron trunk objects
2019-10-28 01:10:52.421 13785 RALLYDEBUG rally_openstack.cleanup.manager [-] Cleaning up neutron port objects
2019-10-28 01:10:53.605 13785 RALLYDEBUG rally_openstack.cleanup.manager [-] Cleaning up neutron subnet objects
2019-10-28 01:10:54.806 13785 RALLYDEBUG rally_openstack.cleanup.manager [-] Cleaning up neutron network objects
2019-10-28 01:10:55.991 13785 RALLYDEBUG rally_openstack.cleanup.manager [-] Cleaning up neutron router objects
2019-10-28 01:10:57.209 13785 RALLYDEBUG rally_openstack.cleanup.manager [-] Cleaning up neutron security_group objects
2019-10-28 01:10:58.440 13785 INFO rally.task.context [-] Task a3425f85-7b1b-491a-ac49-9eea7b18d903 | Context cleanup@openstack cleanup() finished in 12.84 sec
2019-10-28 01:10:58.441 13785 INFO rally.task.context [-] Task a3425f85-7b1b-491a-ac49-9eea7b18d903 | Context quotas@openstack cleanup() started
2019-10-28 01:10:58.620 13785 INFO rally.task.context [-] Task a3425f85-7b1b-491a-ac49-9eea7b18d903 | Context quotas@openstack cleanup() finished in 0.18 sec
2019-10-28 01:10:58.620 13785 INFO rally.task.context [-] Task a3425f85-7b1b-491a-ac49-9eea7b18d903 | Context users@openstack cleanup() started
2019-10-28 01:11:02.544 13785 INFO rally.task.context [-] Task a3425f85-7b1b-491a-ac49-9eea7b18d903 | Context users@openstack cleanup() finished in 3.92 sec
2019-10-28 01:11:04.353 13785 INFO rally.task.engine [-] Load duration is: 2.068918
2019-10-28 01:11:04.353 13785 INFO rally.task.engine [-] Full runner duration is: 2.109724
2019-10-28 01:11:04.354 13785 INFO rally.task.engine [-] Full duration is: 22.354738
2019-10-28 01:11:04.649 13785 INFO rally.task.engine [-] Running workload: position = 0 config = { "version": 2, "title": "A cropped version of a bigger task.", "description": "Auto-generated task from a single workload (uuid=079500ce-2619-4faf-b26e-8fac3c514b00)", "subtasks": [ { "title": "NeutronSecurityGroup.create_and_delete_security_group_rule", "description": "Create and delete Neutron security-group-rule.", "scenario": { "NeutronSecurityGroup.create_and_delete_security_group_rule": {} }, "contexts": { "users": { "tenants": 3, "users_per_tenant": 2 }, "quotas": { "neutron": { "security_group": -1 } } }, "runner": { "constant": { "concurrency": 4, "times": 10 } }, "hooks": [], "sla": { "failure_rate": { "max": 0 } } } ] }
2019-10-28 01:11:04.677 13785 RALLYDEBUG rally_openstack.contexts.keystone.users [-] Creating 3 tenants using 20 threads
2019-10-28 01:11:05.626 13785 RALLYDEBUG rally_openstack.contexts.keystone.users [-] Creating 6 users using 20 threads
2019-10-28 01:11:07.171 13785 INFO rally.task.context [-] Task a3425f85-7b1b-491a-ac49-9eea7b18d903 | Context users@openstack setup() finished in 2.49 sec
2019-10-28 01:11:07.934 13785 INFO rally.task.context [-] Task a3425f85-7b1b-491a-ac49-9eea7b18d903 | Context quotas@openstack setup() finished in 0.76 sec
2019-10-28 01:11:07.934 13785 INFO rally.task.context [-] Task a3425f85-7b1b-491a-ac49-9eea7b18d903 | Context cleanup@openstack setup() finished in 0.02 msec
2019-10-28 01:11:07.944 13785 RALLYDEBUG rally.task.runner [-] Starting the constant runner (task UUID: a3425f85-7b1b-491a-ac49-9eea7b18d903). times: 10 concurrency: 4 timeout: 0 max_cpu_used: 16 processes_to_start: 4 concurrency_per_worker: 1 concurrency_overhead: 0
2019-10-28 01:11:07.955 18121 RALLYDEBUG rally.task.runner [-] Starting a worker. times: 10 duration: None concurrency: 1 timeout: 0 cls: method_name: run args: {}
2019-10-28 01:11:07.958 18122 RALLYDEBUG rally.task.runner [-] Starting a worker. times: 10 duration: None concurrency: 1 timeout: 0 cls: method_name: run args: {}
2019-10-28 01:11:07.962 18121 INFO rally.task.runner [-] Task a3425f85-7b1b-491a-ac49-9eea7b18d903 | ITER: 1 START
2019-10-28 01:11:07.963 18123 RALLYDEBUG rally.task.runner [-] Starting a worker. times: 10 duration: None concurrency: 1 timeout: 0 cls: method_name: run args: {}
2019-10-28 01:11:07.965 18122 INFO rally.task.runner [-] Task a3425f85-7b1b-491a-ac49-9eea7b18d903 | ITER: 2 START
2019-10-28 01:11:07.966 18126 RALLYDEBUG rally.task.runner [-] Starting a worker. times: 10 duration: None concurrency: 1 timeout: 0 cls: method_name: run args: {}
2019-10-28 01:11:07.970 18123 INFO rally.task.runner [-] Task a3425f85-7b1b-491a-ac49-9eea7b18d903 | ITER: 3 START
2019-10-28 01:11:07.973 18126 INFO rally.task.runner [-] Task a3425f85-7b1b-491a-ac49-9eea7b18d903 | ITER: 4 START
2019-10-28 01:11:08.941 18122 INFO rally.task.runner [-] Task a3425f85-7b1b-491a-ac49-9eea7b18d903 | ITER: 2 END: OK
2019-10-28 01:11:08.945 18122 INFO rally.task.runner [-] Task a3425f85-7b1b-491a-ac49-9eea7b18d903 | ITER: 5 START
2019-10-28 01:11:09.012 18121 INFO rally.task.runner [-] Task a3425f85-7b1b-491a-ac49-9eea7b18d903 | ITER: 1 END: OK
2019-10-28 01:11:09.017 18121 INFO rally.task.runner [-] Task a3425f85-7b1b-491a-ac49-9eea7b18d903 | ITER: 6 START
2019-10-28 01:11:09.461 18123 INFO rally.task.runner [-] Task a3425f85-7b1b-491a-ac49-9eea7b18d903 | ITER: 3 END: OK
2019-10-28 01:11:09.465 18123 INFO rally.task.runner [-] Task a3425f85-7b1b-491a-ac49-9eea7b18d903 | ITER: 7 START
2019-10-28 01:11:09.515 18126 INFO rally.task.runner [-] Task a3425f85-7b1b-491a-ac49-9eea7b18d903 | ITER: 4 END: OK
2019-10-28 01:11:09.520 18126 INFO rally.task.runner [-] Task a3425f85-7b1b-491a-ac49-9eea7b18d903 | ITER: 8 START
2019-10-28 01:11:09.772 18121 INFO rally.task.runner [-] Task a3425f85-7b1b-491a-ac49-9eea7b18d903 | ITER: 6 END: OK
2019-10-28 01:11:09.776 18121 INFO rally.task.runner [-] Task a3425f85-7b1b-491a-ac49-9eea7b18d903 | ITER: 9 START
2019-10-28 01:11:09.796 18122 INFO rally.task.runner [-] Task a3425f85-7b1b-491a-ac49-9eea7b18d903 | ITER: 5 END: OK
2019-10-28 01:11:09.799 18122 INFO rally.task.runner [-] Task a3425f85-7b1b-491a-ac49-9eea7b18d903 | ITER: 10 START
2019-10-28 01:11:10.276 18123 INFO rally.task.runner [-] Task a3425f85-7b1b-491a-ac49-9eea7b18d903 | ITER: 7 END: OK
2019-10-28 01:11:10.333 18126 INFO rally.task.runner [-] Task a3425f85-7b1b-491a-ac49-9eea7b18d903 | ITER: 8 END: OK
2019-10-28 01:11:10.683 18122 INFO rally.task.runner [-] Task a3425f85-7b1b-491a-ac49-9eea7b18d903 | ITER: 10 END: OK
2019-10-28 01:11:10.823 18121 INFO rally.task.runner [-] Task a3425f85-7b1b-491a-ac49-9eea7b18d903 | ITER: 9 END: OK
2019-10-28 01:11:10.850 13785 INFO rally.task.context [-] Task a3425f85-7b1b-491a-ac49-9eea7b18d903 | Context cleanup@openstack cleanup() started
2019-10-28 01:11:10.853 13785 RALLYDEBUG rally_openstack.cleanup.manager [-] Cleaning up neutron vip objects
2019-10-28 01:11:12.056 13785 RALLYDEBUG rally_openstack.cleanup.manager [-] Cleaning up neutron health_monitor objects
2019-10-28 01:11:13.172 13785 RALLYDEBUG rally_openstack.cleanup.manager [-] Cleaning up neutron pool objects
2019-10-28 01:11:14.279 13785 RALLYDEBUG rally_openstack.cleanup.manager [-] Cleaning up neutron loadbalancer objects
2019-10-28 01:11:15.682 13785 RALLYDEBUG rally_openstack.cleanup.manager [-] Cleaning up neutron floatingip objects
2019-10-28 01:11:17.418 13785 RALLYDEBUG rally_openstack.cleanup.manager [-] Cleaning up neutron trunk objects
2019-10-28 01:11:18.534 13785 RALLYDEBUG rally_openstack.cleanup.manager [-] Cleaning up neutron port objects
2019-10-28 01:11:19.729 13785 RALLYDEBUG rally_openstack.cleanup.manager [-] Cleaning up neutron subnet objects
2019-10-28 01:11:20.917 13785 RALLYDEBUG rally_openstack.cleanup.manager [-] Cleaning up neutron network objects
2019-10-28 01:11:22.352 13785 RALLYDEBUG rally_openstack.cleanup.manager [-] Cleaning up neutron router objects
2019-10-28 01:11:23.855 13785 RALLYDEBUG rally_openstack.cleanup.manager [-] Cleaning up neutron security_group objects
2019-10-28 01:11:25.069 13785 INFO rally.task.context [-] Task a3425f85-7b1b-491a-ac49-9eea7b18d903 | Context cleanup@openstack cleanup() finished in 14.22 sec
2019-10-28 01:11:25.070 13785 INFO rally.task.context [-] Task a3425f85-7b1b-491a-ac49-9eea7b18d903 | Context quotas@openstack cleanup() started
2019-10-28 01:11:25.231 13785 INFO rally.task.context [-] Task a3425f85-7b1b-491a-ac49-9eea7b18d903 | Context quotas@openstack cleanup() finished in 0.16 sec
2019-10-28 01:11:25.232 13785 INFO rally.task.context [-] Task a3425f85-7b1b-491a-ac49-9eea7b18d903 | Context users@openstack cleanup() started
2019-10-28 01:11:29.233 13785 INFO rally.task.context [-] Task a3425f85-7b1b-491a-ac49-9eea7b18d903 | Context users@openstack cleanup() finished in 4.00 sec
2019-10-28 01:11:30.819 13785 INFO rally.task.engine [-] Load duration is: 2.860046
2019-10-28 01:11:30.819 13785 INFO rally.task.engine [-] Full runner duration is: 2.906467
2019-10-28 01:11:30.820 13785 INFO rally.task.engine [-] Full duration is: 24.558702
2019-10-28 01:11:31.163 13785 INFO rally.task.engine [-] Running workload: position = 0 config = { "version": 2, "title": "A cropped version of a bigger task.", "description": "Auto-generated task from a single workload (uuid=de88fc84-208f-4390-a68a-edff72f11726)", "subtasks": [ { "title": "NeutronSecurityGroup.create_and_list_security_group_rules", "description": "Create and list Neutron security-group-rules.", "scenario": { "NeutronSecurityGroup.create_and_list_security_group_rules": {} }, "contexts": { "users": { "tenants": 3, "users_per_tenant": 2 }, "quotas": { "neutron": { "security_group": -1 } } }, "runner": { "constant": { "concurrency": 4, "times": 10 } }, "hooks": [], "sla": { "failure_rate": { "max": 0 } } } ] }
2019-10-28 01:11:31.187 13785 RALLYDEBUG rally_openstack.contexts.keystone.users [-] Creating 3 tenants using 20 threads
2019-10-28 01:11:32.154 13785 RALLYDEBUG rally_openstack.contexts.keystone.users [-] Creating 6 users using 20 threads
2019-10-28 01:11:33.698 13785 INFO rally.task.context [-] Task a3425f85-7b1b-491a-ac49-9eea7b18d903 | Context users@openstack setup() finished in 2.51 sec
2019-10-28 01:11:34.502 13785 INFO rally.task.context [-] Task a3425f85-7b1b-491a-ac49-9eea7b18d903 | Context quotas@openstack setup() finished in 0.80 sec
2019-10-28 01:11:34.502 13785 INFO rally.task.context [-] Task a3425f85-7b1b-491a-ac49-9eea7b18d903 | Context cleanup@openstack setup() finished in 0.01 msec
2019-10-28 01:11:34.512 13785 RALLYDEBUG rally.task.runner [-] Starting the constant runner (task UUID: a3425f85-7b1b-491a-ac49-9eea7b18d903). times: 10 concurrency: 4 timeout: 0 max_cpu_used: 16 processes_to_start: 4 concurrency_per_worker: 1 concurrency_overhead: 0
2019-10-28 01:11:34.523 18445 RALLYDEBUG rally.task.runner [-] Starting a worker. times: 10 duration: None concurrency: 1 timeout: 0 cls: method_name: run args: {}
2019-10-28 01:11:34.526 18446 RALLYDEBUG rally.task.runner [-] Starting a worker. times: 10 duration: None concurrency: 1 timeout: 0 cls: method_name: run args: {}
2019-10-28 01:11:34.530 18445 INFO rally.task.runner [-] Task a3425f85-7b1b-491a-ac49-9eea7b18d903 | ITER: 1 START
2019-10-28 01:11:34.530 18447 RALLYDEBUG rally.task.runner [-] Starting a worker. times: 10 duration: None concurrency: 1 timeout: 0 cls: method_name: run args: {}
2019-10-28 01:11:34.533 18446 INFO rally.task.runner [-] Task a3425f85-7b1b-491a-ac49-9eea7b18d903 | ITER: 2 START
2019-10-28 01:11:34.533 18449 RALLYDEBUG rally.task.runner [-] Starting a worker. times: 10 duration: None concurrency: 1 timeout: 0 cls: method_name: run args: {}
2019-10-28 01:11:34.537 18447 INFO rally.task.runner [-] Task a3425f85-7b1b-491a-ac49-9eea7b18d903 | ITER: 3 START
2019-10-28 01:11:34.540 18449 INFO rally.task.runner [-] Task a3425f85-7b1b-491a-ac49-9eea7b18d903 | ITER: 4 START
2019-10-28 01:11:35.239 18445 INFO rally.task.runner [-] Task a3425f85-7b1b-491a-ac49-9eea7b18d903 | ITER: 1 END: OK
2019-10-28 01:11:35.243 18445 INFO rally.task.runner [-] Task a3425f85-7b1b-491a-ac49-9eea7b18d903 | ITER: 5 START
2019-10-28 01:11:35.256 18447 INFO rally.task.runner [-] Task a3425f85-7b1b-491a-ac49-9eea7b18d903 | ITER: 3 END: OK
2019-10-28 01:11:35.261 18447 INFO rally.task.runner [-] Task a3425f85-7b1b-491a-ac49-9eea7b18d903 | ITER: 6 START
2019-10-28 01:11:35.269 18446 INFO rally.task.runner [-] Task a3425f85-7b1b-491a-ac49-9eea7b18d903 | ITER: 2 END: OK
2019-10-28 01:11:35.274 18446 INFO rally.task.runner [-] Task a3425f85-7b1b-491a-ac49-9eea7b18d903 | ITER: 7 START
2019-10-28 01:11:35.801 18449 INFO rally.task.runner [-] Task a3425f85-7b1b-491a-ac49-9eea7b18d903 | ITER: 4 END: OK
2019-10-28 01:11:35.806 18449 INFO rally.task.runner [-] Task a3425f85-7b1b-491a-ac49-9eea7b18d903 | ITER: 8 START
2019-10-28 01:11:35.943 18446 INFO rally.task.runner [-] Task a3425f85-7b1b-491a-ac49-9eea7b18d903 | ITER: 7 END: OK
2019-10-28 01:11:35.947 18446 INFO rally.task.runner [-] Task a3425f85-7b1b-491a-ac49-9eea7b18d903 | ITER: 9 START
2019-10-28 01:11:36.060 18447 INFO rally.task.runner [-] Task a3425f85-7b1b-491a-ac49-9eea7b18d903 | ITER: 6 END: OK
2019-10-28 01:11:36.064 18447 INFO rally.task.runner [-] Task a3425f85-7b1b-491a-ac49-9eea7b18d903 | ITER: 10 START
2019-10-28 01:11:36.183 18445 INFO rally.task.runner [-] Task a3425f85-7b1b-491a-ac49-9eea7b18d903 | ITER: 5 END: OK
2019-10-28 01:11:36.432 18449 INFO rally.task.runner [-] Task a3425f85-7b1b-491a-ac49-9eea7b18d903 | ITER: 8 END: OK
2019-10-28 01:11:36.587 18446 INFO rally.task.runner [-] Task a3425f85-7b1b-491a-ac49-9eea7b18d903 | ITER: 9 END: OK
2019-10-28 01:11:36.828 18447 INFO rally.task.runner [-] Task a3425f85-7b1b-491a-ac49-9eea7b18d903 | ITER: 10 END: OK
2019-10-28 01:11:36.859 13785 INFO rally.task.context [-] Task a3425f85-7b1b-491a-ac49-9eea7b18d903 | Context cleanup@openstack cleanup() started
2019-10-28 01:11:36.862 13785 RALLYDEBUG rally_openstack.cleanup.manager [-] Cleaning up neutron vip objects
2019-10-28 01:11:37.952 13785 RALLYDEBUG rally_openstack.cleanup.manager [-] Cleaning up neutron health_monitor objects
2019-10-28 01:11:39.050 13785 RALLYDEBUG rally_openstack.cleanup.manager [-] Cleaning up neutron pool objects
2019-10-28 01:11:40.155 13785 RALLYDEBUG rally_openstack.cleanup.manager [-] Cleaning up neutron loadbalancer objects
2019-10-28 01:11:41.270 13785 RALLYDEBUG rally_openstack.cleanup.manager [-] Cleaning up neutron floatingip objects
2019-10-28 01:11:42.488 13785 RALLYDEBUG rally_openstack.cleanup.manager [-] Cleaning up neutron trunk objects
2019-10-28 01:11:43.907 13785 RALLYDEBUG rally_openstack.cleanup.manager [-] Cleaning up neutron port objects
2019-10-28 01:11:45.103 13785 RALLYDEBUG rally_openstack.cleanup.manager [-] Cleaning up neutron subnet objects
2019-10-28 01:11:46.267 13785 RALLYDEBUG rally_openstack.cleanup.manager [-] Cleaning up neutron network objects
2019-10-28 01:11:47.430 13785 RALLYDEBUG rally_openstack.cleanup.manager [-] Cleaning up neutron router objects
2019-10-28 01:11:48.668 13785 RALLYDEBUG rally_openstack.cleanup.manager [-] Cleaning up neutron security_group objects
2019-10-28 01:11:49.958 13785 RALLYDEBUG rally_openstack.cleanup.manager [-] Deleting neutron.security_group object s_rally_de88fc84_iY7h42nA (0a42f1cd-b718-447b-bf82-ca67210eb630)
2019-10-28 01:11:49.967 13785 RALLYDEBUG rally_openstack.cleanup.manager [-] Deleting neutron.security_group object s_rally_de88fc84_BbqHGGvH (65836c50-de48-4a38-b167-a4c8e7a72122)
2019-10-28 01:11:49.974 13785 RALLYDEBUG rally_openstack.cleanup.manager [-] Deleting neutron.security_group object s_rally_de88fc84_59sgMxMy (67dfd84a-8be2-48ca-9e5f-1cf63c2a7a49)
2019-10-28 01:11:49.980 13785 RALLYDEBUG rally_openstack.cleanup.manager [-] Deleting neutron.security_group object s_rally_de88fc84_EvssabFt (36287201-f8d7-4979-91d7-f5ae56720caf)
2019-10-28 01:11:49.990 13785 RALLYDEBUG rally_openstack.cleanup.manager [-] Deleting neutron.security_group object s_rally_de88fc84_6L1tvSI1 (9143fe52-4a1d-4bdf-8351-4e89e572d3e8)
2019-10-28 01:11:50.003 13785 RALLYDEBUG rally_openstack.cleanup.manager [-] Deleting neutron.security_group object s_rally_de88fc84_qlrhCDEW (b0a3d0c3-0d2f-4f41-8abd-8bcb1f524911)
2019-10-28 01:11:50.021 13785 RALLYDEBUG rally_openstack.cleanup.manager [-] Deleting neutron.security_group object s_rally_de88fc84_gdgocPI1 (cc3bb67c-c916-4b50-8c02-853567a4c946)
2019-10-28 01:11:50.029 13785 RALLYDEBUG rally_openstack.cleanup.manager [-] Deleting neutron.security_group object s_rally_de88fc84_Vqa29Nds (cc61ce5b-ef97-4e7a-b938-f7379f6c8288)
2019-10-28 01:11:50.038 13785 RALLYDEBUG rally_openstack.cleanup.manager [-] Deleting neutron.security_group object s_rally_de88fc84_3e6O8jkd (f5d35410-6f8f-4b8e-99dd-21e3399899ce)
2019-10-28 01:11:50.041 13785 RALLYDEBUG rally_openstack.cleanup.manager [-] Deleting neutron.security_group object s_rally_de88fc84_wKEvpPr1 (fbc6e4b6-8e82-44f1-ada3-090c4297c126)
2019-10-28 01:11:51.835 13785 INFO rally.task.context [-] Task a3425f85-7b1b-491a-ac49-9eea7b18d903 | Context cleanup@openstack cleanup() finished in 14.98 sec
2019-10-28 01:11:51.836 13785 INFO rally.task.context [-] Task a3425f85-7b1b-491a-ac49-9eea7b18d903 | Context quotas@openstack cleanup() started
2019-10-28 01:11:52.014 13785 INFO rally.task.context [-] Task a3425f85-7b1b-491a-ac49-9eea7b18d903 | Context quotas@openstack cleanup() finished in 0.18 sec
2019-10-28 01:11:52.015 13785 INFO rally.task.context [-] Task a3425f85-7b1b-491a-ac49-9eea7b18d903 | Context users@openstack cleanup() started
2019-10-28 01:11:55.873 13785 INFO rally.task.context [-] Task a3425f85-7b1b-491a-ac49-9eea7b18d903 | Context users@openstack cleanup() finished in 3.86 sec
2019-10-28 01:11:57.353 13785 INFO rally.task.engine [-] Load duration is: 2.297122
2019-10-28 01:11:57.353 13785 INFO rally.task.engine [-] Full runner duration is: 2.347335
2019-10-28 01:11:57.354 13785 INFO rally.task.engine [-] Full duration is: 24.688224
2019-10-28 01:11:57.673 13785 INFO rally.task.engine [-] Running workload: position = 0 config = { "version": 2, "title": "A cropped version of a bigger task.", "description": "Auto-generated task from a single workload (uuid=ab4934a0-0d2d-4732-8107-cc157b246979)", "subtasks": [ { "title": "NeutronSecurityGroup.create_and_show_security_group", "description": "Create and show Neutron security-group.", "scenario": { "NeutronSecurityGroup.create_and_show_security_group": {} }, "contexts": { "users": { "tenants": 3, "users_per_tenant": 2 }, "quotas": { "neutron": { "security_group": -1 } } }, "runner": { "constant": { "concurrency": 4, "times": 10 } }, "hooks": [], "sla": { "failure_rate": { "max": 0 } } } ] }
2019-10-28 01:11:57.698 13785 RALLYDEBUG rally_openstack.contexts.keystone.users [-] Creating 3 tenants using 20 threads
2019-10-28 01:11:58.671 13785 RALLYDEBUG rally_openstack.contexts.keystone.users [-] Creating 6 users using 20 threads
2019-10-28 01:12:00.175 13785 INFO rally.task.context [-] Task a3425f85-7b1b-491a-ac49-9eea7b18d903 | Context users@openstack setup() finished in 2.48 sec
2019-10-28 01:12:00.886 13785 INFO rally.task.context [-] Task a3425f85-7b1b-491a-ac49-9eea7b18d903 | Context quotas@openstack setup() finished in 0.71 sec
2019-10-28 01:12:00.887 13785 INFO rally.task.context [-] Task a3425f85-7b1b-491a-ac49-9eea7b18d903 | Context cleanup@openstack setup() finished in 0.02 msec
2019-10-28 01:12:00.897 13785 RALLYDEBUG rally.task.runner [-] Starting the constant runner (task UUID: a3425f85-7b1b-491a-ac49-9eea7b18d903). times: 10 concurrency: 4 timeout: 0 max_cpu_used: 16 processes_to_start: 4 concurrency_per_worker: 1 concurrency_overhead: 0
2019-10-28 01:12:00.908 18769 RALLYDEBUG rally.task.runner [-] Starting a worker. times: 10 duration: None concurrency: 1 timeout: 0 cls: method_name: run args: {}
2019-10-28 01:12:00.912 18770 RALLYDEBUG rally.task.runner [-] Starting a worker. times: 10 duration: None concurrency: 1 timeout: 0 cls: method_name: run args: {}
2019-10-28 01:12:00.915 18769 INFO rally.task.runner [-] Task a3425f85-7b1b-491a-ac49-9eea7b18d903 | ITER: 1 START
2019-10-28 01:12:00.915 18771 RALLYDEBUG rally.task.runner [-] Starting a worker. times: 10 duration: None concurrency: 1 timeout: 0 cls: method_name: run args: {}
2019-10-28 01:12:00.919 18770 INFO rally.task.runner [-] Task a3425f85-7b1b-491a-ac49-9eea7b18d903 | ITER: 2 START
2019-10-28 01:12:00.919 18773 RALLYDEBUG rally.task.runner [-] Starting a worker. times: 10 duration: None concurrency: 1 timeout: 0 cls: method_name: run args: {}
2019-10-28 01:12:00.922 18771 INFO rally.task.runner [-] Task a3425f85-7b1b-491a-ac49-9eea7b18d903 | ITER: 3 START
2019-10-28 01:12:00.925 18773 INFO rally.task.runner [-] Task a3425f85-7b1b-491a-ac49-9eea7b18d903 | ITER: 4 START
2019-10-28 01:12:01.625 18769 INFO rally.task.runner [-] Task a3425f85-7b1b-491a-ac49-9eea7b18d903 | ITER: 1 END: OK
2019-10-28 01:12:01.629 18769 INFO rally.task.runner [-] Task a3425f85-7b1b-491a-ac49-9eea7b18d903 | ITER: 5 START
2019-10-28 01:12:01.634 18770 INFO rally.task.runner [-] Task a3425f85-7b1b-491a-ac49-9eea7b18d903 | ITER: 2 END: OK
2019-10-28 01:12:01.639 18770 INFO rally.task.runner [-] Task a3425f85-7b1b-491a-ac49-9eea7b18d903 | ITER: 6 START
2019-10-28 01:12:02.106 18773 INFO rally.task.runner [-] Task a3425f85-7b1b-491a-ac49-9eea7b18d903 | ITER: 4 END: OK
2019-10-28 01:12:02.110 18773 INFO rally.task.runner [-] Task a3425f85-7b1b-491a-ac49-9eea7b18d903 | ITER: 7 START
2019-10-28 01:12:02.163 18769 INFO rally.task.runner [-] Task a3425f85-7b1b-491a-ac49-9eea7b18d903 | ITER: 5 END: OK
2019-10-28 01:12:02.167 18769 INFO rally.task.runner [-] Task a3425f85-7b1b-491a-ac49-9eea7b18d903 | ITER: 8 START
2019-10-28 01:12:02.223 18771 INFO rally.task.runner [-] Task a3425f85-7b1b-491a-ac49-9eea7b18d903 | ITER: 3 END: OK
2019-10-28 01:12:02.227 18771 INFO rally.task.runner [-] Task a3425f85-7b1b-491a-ac49-9eea7b18d903 | ITER: 9 START
2019-10-28 01:12:02.274 18770 INFO rally.task.runner [-] Task a3425f85-7b1b-491a-ac49-9eea7b18d903 | ITER: 6 END: OK
2019-10-28 01:12:02.278 18770 INFO rally.task.runner [-] Task a3425f85-7b1b-491a-ac49-9eea7b18d903 | ITER: 10 START
2019-10-28 01:12:02.616 18773 INFO rally.task.runner [-] Task a3425f85-7b1b-491a-ac49-9eea7b18d903 | ITER: 7 END: OK
2019-10-28 01:12:02.734 18769 INFO rally.task.runner [-] Task a3425f85-7b1b-491a-ac49-9eea7b18d903 | ITER: 8 END: OK
2019-10-28 01:12:02.782 18771 INFO rally.task.runner [-] Task a3425f85-7b1b-491a-ac49-9eea7b18d903 | ITER: 9 END: OK
2019-10-28 01:12:02.840 18770 INFO rally.task.runner [-] Task a3425f85-7b1b-491a-ac49-9eea7b18d903 | ITER: 10 END: OK
2019-10-28 01:12:02.862 13785 INFO rally.task.context [-] Task a3425f85-7b1b-491a-ac49-9eea7b18d903 | Context cleanup@openstack cleanup() started
2019-10-28 01:12:02.865 13785 RALLYDEBUG rally_openstack.cleanup.manager [-] Cleaning up neutron vip objects
2019-10-28 01:12:04.312 13785 RALLYDEBUG rally_openstack.cleanup.manager [-] Cleaning up neutron health_monitor objects
2019-10-28 01:12:05.396 13785 RALLYDEBUG rally_openstack.cleanup.manager [-] Cleaning up neutron pool objects
2019-10-28 01:12:06.489 13785 RALLYDEBUG rally_openstack.cleanup.manager [-] Cleaning up neutron loadbalancer objects
2019-10-28 01:12:07.585 13785 RALLYDEBUG rally_openstack.cleanup.manager [-] Cleaning up neutron floatingip objects
2019-10-28 01:12:08.792 13785 RALLYDEBUG rally_openstack.cleanup.manager [-] Cleaning up neutron trunk objects
2019-10-28 01:12:09.897 13785 RALLYDEBUG rally_openstack.cleanup.manager [-] Cleaning up neutron port objects
2019-10-28 01:12:11.065 13785 RALLYDEBUG rally_openstack.cleanup.manager [-] Cleaning up neutron subnet objects
2019-10-28 01:12:12.222 13785 RALLYDEBUG rally_openstack.cleanup.manager [-] Cleaning up neutron network objects
2019-10-28 01:12:13.362 13785 RALLYDEBUG rally_openstack.cleanup.manager [-] Cleaning up neutron router objects
2019-10-28 01:12:14.544 13785 RALLYDEBUG rally_openstack.cleanup.manager [-] Cleaning up neutron security_group objects
2019-10-28 01:12:15.789 13785 RALLYDEBUG rally_openstack.cleanup.manager [-] Deleting neutron.security_group object s_rally_ab4934a0_G7Tr9Qpv (2f6572d3-bfe0-4afd-a5d6-5a286d14b56b)
2019-10-28 01:12:15.793 13785 RALLYDEBUG rally_openstack.cleanup.manager [-] Deleting neutron.security_group object s_rally_ab4934a0_22ARrMPP (a0a44f51-2a3a-4817-90af-3fc2fb67df6b)
2019-10-28 01:12:15.801 13785 RALLYDEBUG rally_openstack.cleanup.manager [-] Deleting neutron.security_group object s_rally_ab4934a0_rD9NVe02 (b8ec48e0-6472-4bd4-a448-20c17930f988)
2019-10-28 01:12:15.815 13785 RALLYDEBUG rally_openstack.cleanup.manager [-] Deleting neutron.security_group object s_rally_ab4934a0_v5DTuaXh (5d54554e-f312-428b-9356-1acbb859ea8b)
2019-10-28 01:12:15.828 13785 RALLYDEBUG rally_openstack.cleanup.manager [-] Deleting neutron.security_group object s_rally_ab4934a0_5BTJ8m9P (b5797f5b-df66-4311-9d51-9e2fb27af0f5)
2019-10-28 01:12:15.845 13785 RALLYDEBUG rally_openstack.cleanup.manager [-] Deleting neutron.security_group object s_rally_ab4934a0_aH0BMzUf (ab91a216-8366-4386-9b6e-a70d816ea919)
2019-10-28 01:12:15.853 13785 RALLYDEBUG rally_openstack.cleanup.manager [-] Deleting neutron.security_group object s_rally_ab4934a0_Cw95BYdm (c54b3458-4623-480a-8395-2785deeb6190)
2019-10-28 01:12:15.860 13785 RALLYDEBUG rally_openstack.cleanup.manager [-] Deleting neutron.security_group object s_rally_ab4934a0_9aiNqyqG (f0b4d721-2b60-487b-b982-46c200153947)
2019-10-28 01:12:15.867 13785 RALLYDEBUG rally_openstack.cleanup.manager [-] Deleting neutron.security_group object s_rally_ab4934a0_2QVSOybn (f7a44f48-2fea-484c-b85e-7a63fb619828)
2019-10-28 01:12:15.876 13785 RALLYDEBUG rally_openstack.cleanup.manager [-] Deleting neutron.security_group object s_rally_ab4934a0_MGkeDwKo (fa83e6d9-197f-4cee-ade9-8acfe88bb5aa)
2019-10-28 01:12:17.683 13785 INFO rally.task.context [-] Task a3425f85-7b1b-491a-ac49-9eea7b18d903 | Context cleanup@openstack cleanup() finished in 14.82 sec
2019-10-28 01:12:17.684 13785 INFO rally.task.context [-] Task a3425f85-7b1b-491a-ac49-9eea7b18d903 | Context quotas@openstack cleanup() started
2019-10-28 01:12:17.761 13785 INFO rally.task.context [-] Task a3425f85-7b1b-491a-ac49-9eea7b18d903 | Context quotas@openstack cleanup() finished in 77.03 msec
2019-10-28 01:12:17.762 13785 INFO rally.task.context [-] Task a3425f85-7b1b-491a-ac49-9eea7b18d903 | Context users@openstack cleanup() started
2019-10-28 01:12:21.658 13785 INFO rally.task.context [-] Task a3425f85-7b1b-491a-ac49-9eea7b18d903 | Context users@openstack cleanup() finished in 3.90 sec
2019-10-28 01:12:21.942 13785 INFO rally.task.engine [-] Load duration is: 1.923574
2019-10-28 01:12:21.943 13785 INFO rally.task.engine [-] Full runner duration is: 1.965383
2019-10-28 01:12:21.943 13785 INFO rally.task.engine [-] Full duration is: 23.962053
2019-10-28 01:12:22.230 13785 INFO rally.task.engine [-] Running workload: position = 0 config = { "version": 2, "title": "A cropped version of a bigger task.", "description": "Auto-generated task from a single workload (uuid=33e4b2ba-c911-4c37-a88b-fcd15a5636d6)", "subtasks": [ { "title": "NeutronNetworks.set_and_clear_router_gateway", "description": "Set and Remove the external network gateway from a router.", "scenario": { "NeutronNetworks.set_and_clear_router_gateway": { "network_create_args": { "router:external": true } } }, "contexts": { "users": { "tenants": 3, "users_per_tenant": 2 }, "quotas": { "neutron": { "network": -1, "router": -1 } }, "roles": [ "admin" ] }, "runner": { "constant": { "concurrency": 4, "times": 10 } }, "hooks": [], "sla": { "failure_rate": { "max": 0 } } } ] }
2019-10-28 01:12:22.255 13785 RALLYDEBUG rally_openstack.contexts.keystone.users [-] Creating 3 tenants using 20 threads
2019-10-28 01:12:23.239 13785 RALLYDEBUG rally_openstack.contexts.keystone.users [-] Creating 6 users using 20 threads
2019-10-28 01:12:24.804 13785 INFO rally.task.context [-] Task a3425f85-7b1b-491a-ac49-9eea7b18d903 | Context users@openstack setup() finished in 2.55 sec
2019-10-28 01:12:25.555 13785 INFO rally.task.context [-] Task a3425f85-7b1b-491a-ac49-9eea7b18d903 | Context quotas@openstack setup() finished in 0.75 sec
2019-10-28 01:12:26.252 13785 RALLYDEBUG rally_openstack.contexts.keystone.roles [-] Adding role admin having ID 64bb9355f92c44c794f3c521de4cba4f to all users using 30 threads
2019-10-28 01:12:31.425 13785 INFO rally.task.context [-] Task a3425f85-7b1b-491a-ac49-9eea7b18d903 | Context roles@openstack setup() finished in 5.87 sec
