2019-10-28 00:22:32.761 8 RALLYDEBUG rally.api [-] INFO logs from urllib3 and requests module are hide.
2019-10-28 00:22:32.762 8 RALLYDEBUG rally.api [-] urllib3 insecure warnings are hidden.
2019-10-28 00:22:32.762 8 RALLYDEBUG rally.api [-] ERROR log from boto module is hide.
2019-10-28 00:22:34.764 8 ERROR rally.cli.cliutils [-] Unexpected exception in CLI: rally.exceptions.DBRecordNotFound: Record for uuid or name is opnfv-rally not found in table envs
2019-10-28 00:22:34.764 8 ERROR rally.cli.cliutils
Traceback (most recent call last):
2019-10-28 00:22:34.764 8 ERROR rally.cli.cliutils
File "/usr/lib/python3.6/site-packages/rally/cli/cliutils.py", line 674, in run
2019-10-28 00:22:34.764 8 ERROR rally.cli.cliutils ret = fn(*fn_args, **fn_kwargs)
2019-10-28 00:22:34.764 8 ERROR rally.cli.cliutils File "", line 2, in destroy
2019-10-28 00:22:34.764 8 ERROR rally.cli.cliutils
File "/usr/lib/python3.6/site-packages/rally/cli/envutils.py", line 68, in default_from_global
2019-10-28 00:22:34.764 8 ERROR rally.cli.cliutils return f(*args, **kwargs)
2019-10-28 00:22:34.764 8 ERROR rally.cli.cliutils File "", line 2, in destroy
2019-10-28 00:22:34.764 8 ERROR rally.cli.cliutils
File "/usr/lib/python3.6/site-packages/rally/plugins/__init__.py", line 51, in ensure_plugins_are_loaded
2019-10-28 00:22:34.764 8 ERROR rally.cli.cliutils return f(*args, **kwargs)
2019-10-28 00:22:34.764 8 ERROR rally.cli.cliutils
File "/usr/lib/python3.6/site-packages/rally/cli/commands/deployment.py", line 157, in destroy
2019-10-28 00:22:34.764 8 ERROR rally.cli.cliutils api.deployment.destroy(deployment=deployment)
2019-10-28 00:22:34.764 8 ERROR rally.cli.cliutils
File "/usr/lib/python3.6/site-packages/rally/api.py", line 115, in destroy
2019-10-28 00:22:34.764 8 ERROR rally.cli.cliutils deploy = objects.Deployment.get(deployment)
2019-10-28 00:22:34.764 8 ERROR rally.cli.cliutils
File "/usr/lib/python3.6/site-packages/rally/common/objects/deploy.py", line 124, in get
2019-10-28 00:22:34.764 8 ERROR rally.cli.cliutils return Deployment(env_mgr.EnvManager.get(deploy))
2019-10-28 00:22:34.764 8 ERROR rally.cli.cliutils
File "/usr/lib/python3.6/site-packages/rally/env/env_mgr.py", line 212, in get
2019-10-28 00:22:34.764 8 ERROR rally.cli.cliutils return cls(db.env_get(uuid_or_name))
2019-10-28 00:22:34.764 8 ERROR rally.cli.cliutils
File "/usr/lib/python3.6/site-packages/rally/common/db/api.py", line 135, in wrapper
2019-10-28 00:22:34.764 8 ERROR rally.cli.cliutils result = f(session, *args, **kwargs)
2019-10-28 00:22:34.764 8 ERROR rally.cli.cliutils
File "/usr/lib/python3.6/site-packages/rally/common/db/api.py", line 521, in env_get
2019-10-28 00:22:34.764 8 ERROR rally.cli.cliutils criteria="uuid or name is %s" % uuid_or_name, table="envs")
2019-10-28 00:22:34.764 8 ERROR rally.cli.cliutils rally.exceptions.DBRecordNotFound: Record for uuid or name is opnfv-rally not found in table envs
2019-10-28 00:22:34.764 8 ERROR rally.cli.cliutils
2019-10-28 00:22:36.086 10 RALLYDEBUG rally.api [-] INFO logs from urllib3 and requests module are hide.
2019-10-28 00:22:36.087 10 RALLYDEBUG rally.api [-] urllib3 insecure warnings are hidden.
2019-10-28 00:22:36.087 10 RALLYDEBUG rally.api [-] ERROR log from boto module is hide.
2019-10-28 00:22:39.204 12 RALLYDEBUG rally.api [-] INFO logs from urllib3 and requests module are hide.
2019-10-28 00:22:39.204 12 RALLYDEBUG rally.api [-] urllib3 insecure warnings are hidden.
2019-10-28 00:22:39.204 12 RALLYDEBUG rally.api [-] ERROR log from boto module is hide.
2019-10-28 00:22:43.482 15 RALLYDEBUG rally.api [-] INFO logs from urllib3 and requests module are hide.
2019-10-28 00:22:43.483 15 RALLYDEBUG rally.api [-] urllib3 insecure warnings are hidden.
2019-10-28 00:22:43.483 15 RALLYDEBUG rally.api [-] ERROR log from boto module is hide.
2019-10-28 00:22:44.820 17 RALLYDEBUG rally.api [-] INFO logs from urllib3 and requests module are hide.
2019-10-28 00:22:44.820 17 RALLYDEBUG rally.api [-] urllib3 insecure warnings are hidden.
2019-10-28 00:22:44.821 17 RALLYDEBUG rally.api [-] ERROR log from boto module is hide.
2019-10-28 00:22:46.632 17 INFO rally.task.engine [-] Task 1401aceb-074d-4793-8dd4-50069d666e3f | Starting: Task validation.
2019-10-28 00:22:46.682 17 INFO rally.task.engine [-] Task 1401aceb-074d-4793-8dd4-50069d666e3f | Starting: Task validation of syntax.
2019-10-28 00:22:46.769 17 INFO rally.task.engine [-] Task 1401aceb-074d-4793-8dd4-50069d666e3f | Completed: Task validation of syntax.
2019-10-28 00:22:46.770 17 INFO rally.task.engine [-] Task 1401aceb-074d-4793-8dd4-50069d666e3f | Starting: Task validation of required platforms.
2019-10-28 00:22:46.813 17 INFO rally.task.engine [-] Task 1401aceb-074d-4793-8dd4-50069d666e3f | Completed: Task validation of required platforms.
2019-10-28 00:22:46.813 17 INFO rally.task.engine [-] Task 1401aceb-074d-4793-8dd4-50069d666e3f | Starting: Task validation of semantic.
2019-10-28 00:22:46.813 17 INFO rally.task.engine [-] Check health of the environment '14d1cdf6-4063-414e-94ac-aa0149de702c'.
2019-10-28 00:22:47.741 17 INFO rally.task.engine [-] Platform existing@openstack (available: True): OK!
2019-10-28 00:22:47.766 17 RALLYDEBUG rally_openstack.contexts.keystone.users [-] Creating 1 tenants using 20 threads
2019-10-28 00:22:48.593 17 RALLYDEBUG rally_openstack.contexts.keystone.users [-] Creating 1 users using 20 threads
2019-10-28 00:22:49.951 17 INFO rally.task.context [-] Task 1401aceb-074d-4793-8dd4-50069d666e3f | Context users@openstack setup() finished in 2.18 sec
2019-10-28 00:22:50.008 17 INFO rally.task.context [-] Task 1401aceb-074d-4793-8dd4-50069d666e3f | Context users@openstack cleanup() started
2019-10-28 00:22:52.797 17 INFO rally.task.context [-] Task 1401aceb-074d-4793-8dd4-50069d666e3f | Context users@openstack cleanup() finished in 2.79 sec
2019-10-28 00:22:52.797 17 INFO rally.task.engine [-] Task 1401aceb-074d-4793-8dd4-50069d666e3f | Completed: Task validation of semantic.
2019-10-28 00:22:52.798 17 INFO rally.task.engine [-] Task 1401aceb-074d-4793-8dd4-50069d666e3f | Completed: Task validation.
2019-10-28 00:22:52.798 17 INFO rally.api [-] Task 1401aceb-074d-4793-8dd4-50069d666e3f input file is valid.
2019-10-28 00:22:52.798 17 INFO rally.api [-] Run Task 1401aceb-074d-4793-8dd4-50069d666e3f against Deployment 14d1cdf6-4063-414e-94ac-aa0149de702c
2019-10-28 00:22:52.799 17 INFO rally.task.engine [-] Task 1401aceb-074d-4793-8dd4-50069d666e3f | Starting: Running task.
2019-10-28 00:22:53.157 17 INFO rally.task.engine [-] Running workload: position = 0 config = { "version": 2, "title": "A cropped version of a bigger task.", "description": "Auto-generated task from a single workload (uuid=e7450f9c-85ff-4800-9101-d37fc4f39d18)", "subtasks": [ { "title": "Authenticate.keystone", "description": "Check Keystone Client.", "scenario": { "Authenticate.keystone": {} }, "contexts": { "users": { "tenants": 3, "users_per_tenant": 2 } }, "runner": { "constant": { "concurrency": 4, "times": 10 } }, "hooks": [], "sla": { "failure_rate": { "max": 0 } } } ] }
2019-10-28 00:22:53.180 17 RALLYDEBUG rally_openstack.contexts.keystone.users [-] Creating 3 tenants using 20 threads
2019-10-28 00:22:54.140 17 RALLYDEBUG rally_openstack.contexts.keystone.users [-] Creating 6 users using 20 threads
2019-10-28 00:22:55.646 17 INFO rally.task.context [-] Task 1401aceb-074d-4793-8dd4-50069d666e3f | Context users@openstack setup() finished in 2.47 sec
2019-10-28 00:22:55.656 17 RALLYDEBUG rally.task.runner [-] Starting the constant runner (task UUID: 1401aceb-074d-4793-8dd4-50069d666e3f). times: 10 concurrency: 4 timeout: 0 max_cpu_used: 16 processes_to_start: 4 concurrency_per_worker: 1 concurrency_overhead: 0
2019-10-28 00:22:55.669 141 RALLYDEBUG rally.task.runner [-] Starting a worker. times: 10 duration: None concurrency: 1 timeout: 0 cls: method_name: run args: {}
2019-10-28 00:22:55.672 142 RALLYDEBUG rally.task.runner [-] Starting a worker. times: 10 duration: None concurrency: 1 timeout: 0 cls: method_name: run args: {}
2019-10-28 00:22:55.676 141 INFO rally.task.runner [-] Task 1401aceb-074d-4793-8dd4-50069d666e3f | ITER: 1 START
2019-10-28 00:22:55.676 143 RALLYDEBUG rally.task.runner [-] Starting a worker. times: 10 duration: None concurrency: 1 timeout: 0 cls: method_name: run args: {}
2019-10-28 00:22:55.679 142 INFO rally.task.runner [-] Task 1401aceb-074d-4793-8dd4-50069d666e3f | ITER: 2 START
2019-10-28 00:22:55.679 145 RALLYDEBUG rally.task.runner [-] Starting a worker. times: 10 duration: None concurrency: 1 timeout: 0 cls: method_name: run args: {}
2019-10-28 00:22:55.682 143 INFO rally.task.runner [-] Task 1401aceb-074d-4793-8dd4-50069d666e3f | ITER: 3 START
2019-10-28 00:22:55.685 145 INFO rally.task.runner [-] Task 1401aceb-074d-4793-8dd4-50069d666e3f | ITER: 4 START
2019-10-28 00:22:56.369 145 INFO rally.task.runner [-] Task 1401aceb-074d-4793-8dd4-50069d666e3f | ITER: 4 END: OK
2019-10-28 00:22:56.373 145 INFO rally.task.runner [-] Task 1401aceb-074d-4793-8dd4-50069d666e3f | ITER: 5 START
2019-10-28 00:22:56.380 142 INFO rally.task.runner [-] Task 1401aceb-074d-4793-8dd4-50069d666e3f | ITER: 2 END: OK
2019-10-28 00:22:56.384 142 INFO rally.task.runner [-] Task 1401aceb-074d-4793-8dd4-50069d666e3f | ITER: 6 START
2019-10-28 00:22:56.385 141 INFO rally.task.runner [-] Task 1401aceb-074d-4793-8dd4-50069d666e3f | ITER: 1 END: OK
2019-10-28 00:22:56.389 141 INFO rally.task.runner [-] Task 1401aceb-074d-4793-8dd4-50069d666e3f | ITER: 7 START
2019-10-28 00:22:56.422 143 INFO rally.task.runner [-] Task 1401aceb-074d-4793-8dd4-50069d666e3f | ITER: 3 END: OK
2019-10-28 00:22:56.426 143 INFO rally.task.runner [-] Task 1401aceb-074d-4793-8dd4-50069d666e3f | ITER: 8 START
2019-10-28 00:22:56.989 141 INFO rally.task.runner [-] Task 1401aceb-074d-4793-8dd4-50069d666e3f | ITER: 7 END: OK
2019-10-28 00:22:56.993 141 INFO rally.task.runner [-] Task 1401aceb-074d-4793-8dd4-50069d666e3f | ITER: 9 START
2019-10-28 00:22:57.021 143 INFO rally.task.runner [-] Task 1401aceb-074d-4793-8dd4-50069d666e3f | ITER: 8 END: OK
2019-10-28 00:22:57.024 143 INFO rally.task.runner [-] Task 1401aceb-074d-4793-8dd4-50069d666e3f | ITER: 10 START
2019-10-28 00:22:57.043 145 INFO rally.task.runner [-] Task 1401aceb-074d-4793-8dd4-50069d666e3f | ITER: 5 END: OK
2019-10-28 00:22:57.071 142 INFO rally.task.runner [-] Task 1401aceb-074d-4793-8dd4-50069d666e3f | ITER: 6 END: OK
2019-10-28 00:22:57.595 141 INFO rally.task.runner [-] Task 1401aceb-074d-4793-8dd4-50069d666e3f | ITER: 9 END: OK
2019-10-28 00:22:57.630 143 INFO rally.task.runner [-] Task 1401aceb-074d-4793-8dd4-50069d666e3f | ITER: 10 END: OK
2019-10-28 00:22:57.650 17 INFO rally.task.context [-] Task 1401aceb-074d-4793-8dd4-50069d666e3f | Context users@openstack cleanup() started
2019-10-28 00:23:01.876 17 INFO rally.task.context [-] Task 1401aceb-074d-4793-8dd4-50069d666e3f | Context users@openstack cleanup() finished in 4.23 sec
2019-10-28 00:23:03.272 17 INFO rally.task.engine [-] Load duration is: 1.952501
2019-10-28 00:23:03.272 17 INFO rally.task.engine [-] Full runner duration is: 1.995394
2019-10-28 00:23:03.273 17 INFO rally.task.engine [-] Full duration is: 8.696592
2019-10-28 00:23:03.541 17 INFO rally.task.engine [-] Running workload: position = 0 config = { "version": 2, "title": "A cropped version of a bigger task.", "description": "Auto-generated task from a single workload (uuid=e23c92cf-f055-41dc-972d-e707afeeeb2e)", "subtasks": [ { "title": "Authenticate.validate_cinder", "description": "Check Cinder Client to ensure validation of token.", "scenario": { "Authenticate.validate_cinder": { "repetitions": 2 } }, "contexts": { "users": { "tenants": 3, "users_per_tenant": 2 } }, "runner": { "constant": { "concurrency": 4, "times": 10 } }, "hooks": [], "sla": { "failure_rate": { "max": 0 } } } ] }
2019-10-28 00:23:03.565 17 RALLYDEBUG rally_openstack.contexts.keystone.users [-] Creating 3 tenants using 20 threads
2019-10-28 00:23:04.457 17 RALLYDEBUG rally_openstack.contexts.keystone.users [-] Creating 6 users using 20 threads
2019-10-28 00:23:06.017 17 INFO rally.task.context [-] Task 1401aceb-074d-4793-8dd4-50069d666e3f | Context users@openstack setup() finished in 2.45 sec
2019-10-28 00:23:06.026 17 RALLYDEBUG rally.task.runner [-] Starting the constant runner (task UUID: 1401aceb-074d-4793-8dd4-50069d666e3f). times: 10 concurrency: 4 timeout: 0 max_cpu_used: 16 processes_to_start: 4 concurrency_per_worker: 1 concurrency_overhead: 0
2019-10-28 00:23:06.037 245 RALLYDEBUG rally.task.runner [-] Starting a worker. times: 10 duration: None concurrency: 1 timeout: 0 cls: method_name: run args: {"repetitions": 2}
2019-10-28 00:23:06.040 246 RALLYDEBUG rally.task.runner [-] Starting a worker. times: 10 duration: None concurrency: 1 timeout: 0 cls: method_name: run args: {"repetitions": 2}
2019-10-28 00:23:06.044 245 INFO rally.task.runner [-] Task 1401aceb-074d-4793-8dd4-50069d666e3f | ITER: 1 START
2019-10-28 00:23:06.044 247 RALLYDEBUG rally.task.runner [-] Starting a worker. times: 10 duration: None concurrency: 1 timeout: 0 cls: method_name: run args: {"repetitions": 2}
2019-10-28 00:23:06.047 246 INFO rally.task.runner [-] Task 1401aceb-074d-4793-8dd4-50069d666e3f | ITER: 2 START
2019-10-28 00:23:06.047 248 RALLYDEBUG rally.task.runner [-] Starting a worker. times: 10 duration: None concurrency: 1 timeout: 0 cls: method_name: run args: {"repetitions": 2}
2019-10-28 00:23:06.050 247 INFO rally.task.runner [-] Task 1401aceb-074d-4793-8dd4-50069d666e3f | ITER: 3 START
2019-10-28 00:23:06.053 248 INFO rally.task.runner [-] Task 1401aceb-074d-4793-8dd4-50069d666e3f | ITER: 4 START
2019-10-28 00:23:06.693 248 INFO rally.task.runner [-] Task 1401aceb-074d-4793-8dd4-50069d666e3f | ITER: 4 END: OK
2019-10-28 00:23:06.693 246 INFO rally.task.runner [-] Task 1401aceb-074d-4793-8dd4-50069d666e3f | ITER: 2 END: OK
2019-10-28 00:23:06.697 248 INFO rally.task.runner [-] Task 1401aceb-074d-4793-8dd4-50069d666e3f | ITER: 6 START
2019-10-28 00:23:06.697 246 INFO rally.task.runner [-] Task 1401aceb-074d-4793-8dd4-50069d666e3f | ITER: 5 START
2019-10-28 00:23:06.896 245 INFO rally.task.runner [-] Task 1401aceb-074d-4793-8dd4-50069d666e3f | ITER: 1 END: OK
2019-10-28 00:23:06.900 245 INFO rally.task.runner [-] Task 1401aceb-074d-4793-8dd4-50069d666e3f | ITER: 7 START
2019-10-28 00:23:06.941 247 INFO rally.task.runner [-] Task 1401aceb-074d-4793-8dd4-50069d666e3f | ITER: 3 END: OK
2019-10-28 00:23:06.945 247 INFO rally.task.runner [-] Task 1401aceb-074d-4793-8dd4-50069d666e3f | ITER: 8 START
2019-10-28 00:23:07.087 246 INFO rally.task.runner [-] Task 1401aceb-074d-4793-8dd4-50069d666e3f | ITER: 5 END: OK
2019-10-28 00:23:07.088 248 INFO rally.task.runner [-] Task 1401aceb-074d-4793-8dd4-50069d666e3f | ITER: 6 END: OK
2019-10-28 00:23:07.091 246 INFO rally.task.runner [-] Task 1401aceb-074d-4793-8dd4-50069d666e3f | ITER: 9 START
2019-10-28 00:23:07.092 248 INFO rally.task.runner [-] Task 1401aceb-074d-4793-8dd4-50069d666e3f | ITER: 10 START
2019-10-28 00:23:07.363 245 INFO rally.task.runner [-] Task 1401aceb-074d-4793-8dd4-50069d666e3f | ITER: 7 END: OK
2019-10-28 00:23:07.464 248 INFO rally.task.runner [-] Task 1401aceb-074d-4793-8dd4-50069d666e3f | ITER: 10 END: OK
2019-10-28 00:23:07.475 246 INFO rally.task.runner [-] Task 1401aceb-074d-4793-8dd4-50069d666e3f | ITER: 9 END: OK
2019-10-28 00:23:07.691 247 INFO rally.task.runner [-] Task 1401aceb-074d-4793-8dd4-50069d666e3f | ITER: 8 END: OK
2019-10-28 00:23:07.718 17 INFO rally.task.context [-] Task 1401aceb-074d-4793-8dd4-50069d666e3f | Context users@openstack cleanup() started
2019-10-28 00:23:12.195 17 INFO rally.task.context [-] Task 1401aceb-074d-4793-8dd4-50069d666e3f | Context users@openstack cleanup() finished in 4.48 sec
2019-10-28 00:23:13.654 17 INFO rally.task.engine [-] Load duration is: 1.646406
2019-10-28 00:23:13.655 17 INFO rally.task.engine [-] Full runner duration is: 1.692382
2019-10-28 00:23:13.655 17 INFO rally.task.engine [-] Full duration is: 8.631747
2019-10-28 00:23:14.033 17 INFO rally.task.engine [-] Running workload: position = 0 config = { "version": 2, "title": "A cropped version of a bigger task.", "description": "Auto-generated task from a single workload (uuid=5521359b-18ca-4dc8-ab23-a50c0f796f07)", "subtasks": [ { "title": "Authenticate.validate_glance", "description": "Check Glance Client to ensure validation of token.", "scenario": { "Authenticate.validate_glance": { "repetitions": 2 } }, "contexts": { "users": { "tenants": 3, "users_per_tenant": 2 } }, "runner": { "constant": { "concurrency": 4, "times": 10 } }, "hooks": [], "sla": { "failure_rate": { "max": 0 } } } ] }
2019-10-28 00:23:14.058 17 RALLYDEBUG rally_openstack.contexts.keystone.users [-] Creating 3 tenants using 20 threads
2019-10-28 00:23:14.956 17 RALLYDEBUG rally_openstack.contexts.keystone.users [-] Creating 6 users using 20 threads
2019-10-28 00:23:16.597 17 INFO rally.task.context [-] Task 1401aceb-074d-4793-8dd4-50069d666e3f | Context users@openstack setup() finished in 2.54 sec
2019-10-28 00:23:16.606 17 RALLYDEBUG rally.task.runner [-] Starting the constant runner (task UUID: 1401aceb-074d-4793-8dd4-50069d666e3f). times: 10 concurrency: 4 timeout: 0 max_cpu_used: 16 processes_to_start: 4 concurrency_per_worker: 1 concurrency_overhead: 0
2019-10-28 00:23:16.618 349 RALLYDEBUG rally.task.runner [-] Starting a worker. times: 10 duration: None concurrency: 1 timeout: 0 cls: method_name: run args: {"repetitions": 2}
2019-10-28 00:23:16.621 350 RALLYDEBUG rally.task.runner [-] Starting a worker. times: 10 duration: None concurrency: 1 timeout: 0 cls: method_name: run args: {"repetitions": 2}
2019-10-28 00:23:16.624 349 INFO rally.task.runner [-] Task 1401aceb-074d-4793-8dd4-50069d666e3f | ITER: 1 START
2019-10-28 00:23:16.625 351 RALLYDEBUG rally.task.runner [-] Starting a worker. times: 10 duration: None concurrency: 1 timeout: 0 cls: method_name: run args: {"repetitions": 2}
2019-10-28 00:23:16.627 350 INFO rally.task.runner [-] Task 1401aceb-074d-4793-8dd4-50069d666e3f | ITER: 2 START
2019-10-28 00:23:16.628 353 RALLYDEBUG rally.task.runner [-] Starting a worker. times: 10 duration: None concurrency: 1 timeout: 0 cls: method_name: run args: {"repetitions": 2}
2019-10-28 00:23:16.631 351 INFO rally.task.runner [-] Task 1401aceb-074d-4793-8dd4-50069d666e3f | ITER: 3 START
2019-10-28 00:23:16.633 353 INFO rally.task.runner [-] Task 1401aceb-074d-4793-8dd4-50069d666e3f | ITER: 4 START
2019-10-28 00:23:17.269 351 INFO rally.task.runner [-] Task 1401aceb-074d-4793-8dd4-50069d666e3f | ITER: 3 END: OK
2019-10-28 00:23:17.274 351 INFO rally.task.runner [-] Task 1401aceb-074d-4793-8dd4-50069d666e3f | ITER: 5 START
2019-10-28 00:23:17.286 349 INFO rally.task.runner [-] Task 1401aceb-074d-4793-8dd4-50069d666e3f | ITER: 1 END: OK
2019-10-28 00:23:17.288 353 INFO rally.task.runner [-] Task 1401aceb-074d-4793-8dd4-50069d666e3f | ITER: 4 END: OK
2019-10-28 00:23:17.290 349 INFO rally.task.runner [-] Task 1401aceb-074d-4793-8dd4-50069d666e3f | ITER: 6 START
2019-10-28 00:23:17.293 353 INFO rally.task.runner [-] Task 1401aceb-074d-4793-8dd4-50069d666e3f | ITER: 7 START
2019-10-28 00:23:17.463 350 INFO rally.task.runner [-] Task 1401aceb-074d-4793-8dd4-50069d666e3f | ITER: 2 END: OK
2019-10-28 00:23:17.467 350 INFO rally.task.runner [-] Task 1401aceb-074d-4793-8dd4-50069d666e3f | ITER: 8 START
2019-10-28 00:23:17.752 349 INFO rally.task.runner [-] Task 1401aceb-074d-4793-8dd4-50069d666e3f | ITER: 6 END: OK
2019-10-28 00:23:17.755 349 INFO rally.task.runner [-] Task 1401aceb-074d-4793-8dd4-50069d666e3f | ITER: 9 START
2019-10-28 00:23:17.768 351 INFO rally.task.runner [-] Task 1401aceb-074d-4793-8dd4-50069d666e3f | ITER: 5 END: OK
2019-10-28 00:23:17.772 351 INFO rally.task.runner [-] Task 1401aceb-074d-4793-8dd4-50069d666e3f | ITER: 10 START
2019-10-28 00:23:17.811 353 INFO rally.task.runner [-] Task 1401aceb-074d-4793-8dd4-50069d666e3f | ITER: 7 END: OK
2019-10-28 00:23:17.928 350 INFO rally.task.runner [-] Task 1401aceb-074d-4793-8dd4-50069d666e3f | ITER: 8 END: OK
2019-10-28 00:23:18.163 349 INFO rally.task.runner [-] Task 1401aceb-074d-4793-8dd4-50069d666e3f | ITER: 9 END: OK
2019-10-28 00:23:18.196 351 INFO rally.task.runner [-] Task 1401aceb-074d-4793-8dd4-50069d666e3f | ITER: 10 END: OK
2019-10-28 00:23:18.222 17 INFO rally.task.context [-] Task 1401aceb-074d-4793-8dd4-50069d666e3f | Context users@openstack cleanup() started
2019-10-28 00:23:22.587 17 INFO rally.task.context [-] Task 1401aceb-074d-4793-8dd4-50069d666e3f | Context users@openstack cleanup() finished in 4.37 sec
2019-10-28 00:23:24.123 17 INFO rally.task.engine [-] Load duration is: 1.569841
2019-10-28 00:23:24.124 17 INFO rally.task.engine [-] Full runner duration is: 1.615858
2019-10-28 00:23:24.124 17 INFO rally.task.engine [-] Full duration is: 8.530455
2019-10-28 00:23:24.661 17 INFO rally.task.engine [-] Running workload: position = 0 config = { "version": 2, "title": "A cropped version of a bigger task.", "description": "Auto-generated task from a single workload (uuid=52bf9a0d-f871-471d-a496-a56047af5b90)", "subtasks": [ { "title": "Authenticate.validate_heat", "description": "Check Heat Client to ensure validation of token.", "scenario": { "Authenticate.validate_heat": { "repetitions": 2 } }, "contexts": { "users": { "tenants": 3, "users_per_tenant": 2 } }, "runner": { "constant": { "concurrency": 4, "times": 10 } }, "hooks": [], "sla": { "failure_rate": { "max": 0 } } } ] }
2019-10-28 00:23:24.683 17 RALLYDEBUG rally_openstack.contexts.keystone.users [-] Creating 3 tenants using 20 threads
2019-10-28 00:23:25.769 17 RALLYDEBUG rally_openstack.contexts.keystone.users [-] Creating 6 users using 20 threads
2019-10-28 00:23:27.326 17 INFO rally.task.context [-] Task 1401aceb-074d-4793-8dd4-50069d666e3f | Context users@openstack setup() finished in 2.64 sec
2019-10-28 00:23:27.335 17 RALLYDEBUG rally.task.runner [-] Starting the constant runner (task UUID: 1401aceb-074d-4793-8dd4-50069d666e3f). times: 10 concurrency: 4 timeout: 0 max_cpu_used: 16 processes_to_start: 4 concurrency_per_worker: 1 concurrency_overhead: 0
2019-10-28 00:23:27.347 453 RALLYDEBUG rally.task.runner [-] Starting a worker. times: 10 duration: None concurrency: 1 timeout: 0 cls: method_name: run args: {"repetitions": 2}
2019-10-28 00:23:27.350 454 RALLYDEBUG rally.task.runner [-] Starting a worker. times: 10 duration: None concurrency: 1 timeout: 0 cls: method_name: run args: {"repetitions": 2}
2019-10-28 00:23:27.353 453 INFO rally.task.runner [-] Task 1401aceb-074d-4793-8dd4-50069d666e3f | ITER: 1 START
2019-10-28 00:23:27.353 455 RALLYDEBUG rally.task.runner [-] Starting a worker. times: 10 duration: None concurrency: 1 timeout: 0 cls: method_name: run args: {"repetitions": 2}
2019-10-28 00:23:27.356 454 INFO rally.task.runner [-] Task 1401aceb-074d-4793-8dd4-50069d666e3f | ITER: 2 START
2019-10-28 00:23:27.356 456 RALLYDEBUG rally.task.runner [-] Starting a worker. times: 10 duration: None concurrency: 1 timeout: 0 cls: method_name: run args: {"repetitions": 2}
2019-10-28 00:23:27.360 455 INFO rally.task.runner [-] Task 1401aceb-074d-4793-8dd4-50069d666e3f | ITER: 3 START
2019-10-28 00:23:27.362 456 INFO rally.task.runner [-] Task 1401aceb-074d-4793-8dd4-50069d666e3f | ITER: 4 START
2019-10-28 00:23:28.269 456 INFO rally.task.runner [-] Task 1401aceb-074d-4793-8dd4-50069d666e3f | ITER: 4 END: OK
2019-10-28 00:23:28.273 456 INFO rally.task.runner [-] Task 1401aceb-074d-4793-8dd4-50069d666e3f | ITER: 5 START
2019-10-28 00:23:28.289 453 INFO rally.task.runner [-] Task 1401aceb-074d-4793-8dd4-50069d666e3f | ITER: 1 END: OK
2019-10-28 00:23:28.294 453 INFO rally.task.runner [-] Task 1401aceb-074d-4793-8dd4-50069d666e3f | ITER: 6 START
2019-10-28 00:23:28.309 455 INFO rally.task.runner [-] Task 1401aceb-074d-4793-8dd4-50069d666e3f | ITER: 3 END: OK
2019-10-28 00:23:28.314 455 INFO rally.task.runner [-] Task 1401aceb-074d-4793-8dd4-50069d666e3f | ITER: 7 START
2019-10-28 00:23:28.389 454 INFO rally.task.runner [-] Task 1401aceb-074d-4793-8dd4-50069d666e3f | ITER: 2 END: OK
2019-10-28 00:23:28.394 454 INFO rally.task.runner [-] Task 1401aceb-074d-4793-8dd4-50069d666e3f | ITER: 8 START
2019-10-28 00:23:28.772 456 INFO rally.task.runner [-] Task 1401aceb-074d-4793-8dd4-50069d666e3f | ITER: 5 END: OK
2019-10-28 00:23:28.777 456 INFO rally.task.runner [-] Task 1401aceb-074d-4793-8dd4-50069d666e3f | ITER: 9 START
2019-10-28 00:23:29.033 455 INFO rally.task.runner [-] Task 1401aceb-074d-4793-8dd4-50069d666e3f | ITER: 7 END: OK
2019-10-28 00:23:29.036 455 INFO rally.task.runner [-] Task 1401aceb-074d-4793-8dd4-50069d666e3f | ITER: 10 START
2019-10-28 00:23:29.043 453 INFO rally.task.runner [-] Task 1401aceb-074d-4793-8dd4-50069d666e3f | ITER: 6 END: OK
2019-10-28 00:23:29.070 454 INFO rally.task.runner [-] Task 1401aceb-074d-4793-8dd4-50069d666e3f | ITER: 8 END: OK
2019-10-28 00:23:29.156 456 INFO rally.task.runner [-] Task 1401aceb-074d-4793-8dd4-50069d666e3f | ITER: 9 END: OK
2019-10-28 00:23:29.786 455 INFO rally.task.runner [-] Task 1401aceb-074d-4793-8dd4-50069d666e3f | ITER: 10 END: OK
2019-10-28 00:23:29.816 17 INFO rally.task.context [-] Task 1401aceb-074d-4793-8dd4-50069d666e3f | Context users@openstack cleanup() started
2019-10-28 00:23:34.100 17 INFO rally.task.context [-] Task 1401aceb-074d-4793-8dd4-50069d666e3f | Context users@openstack cleanup() finished in 4.28 sec
2019-10-28 00:23:34.800 17 INFO rally.task.engine [-] Load duration is: 2.43109
2019-10-28 00:23:34.800 17 INFO rally.task.engine [-] Full runner duration is: 2.481537
2019-10-28 00:23:34.800 17 INFO rally.task.engine [-] Full duration is: 9.418009
2019-10-28 00:23:35.375 17 INFO rally.task.engine [-] Running workload: position = 0 config = { "version": 2, "title": "A cropped version of a bigger task.", "description": "Auto-generated task from a single workload (uuid=115161e7-15d9-446f-9b38-c77e52208ab9)", "subtasks": [ { "title": "Authenticate.validate_neutron", "description": "Check Neutron Client to ensure validation of token.", "scenario": { "Authenticate.validate_neutron": { "repetitions": 2 } }, "contexts": { "users": { "tenants": 3, "users_per_tenant": 2 } }, "runner": { "constant": { "concurrency": 4, "times": 10 } }, "hooks": [], "sla": { "failure_rate": { "max": 0 } } } ] }
2019-10-28 00:23:35.400 17 RALLYDEBUG rally_openstack.contexts.keystone.users [-] Creating 3 tenants using 20 threads
2019-10-28 00:23:36.324 17 RALLYDEBUG rally_openstack.contexts.keystone.users [-] Creating 6 users using 20 threads
2019-10-28 00:23:37.824 17 INFO rally.task.context [-] Task 1401aceb-074d-4793-8dd4-50069d666e3f | Context users@openstack setup() finished in 2.42 sec
2019-10-28 00:23:37.832 17 RALLYDEBUG rally.task.runner [-] Starting the constant runner (task UUID: 1401aceb-074d-4793-8dd4-50069d666e3f). times: 10 concurrency: 4 timeout: 0 max_cpu_used: 16 processes_to_start: 4 concurrency_per_worker: 1 concurrency_overhead: 0
2019-10-28 00:23:37.843 557 RALLYDEBUG rally.task.runner [-] Starting a worker. times: 10 duration: None concurrency: 1 timeout: 0 cls: method_name: run args: {"repetitions": 2}
2019-10-28 00:23:37.846 558 RALLYDEBUG rally.task.runner [-] Starting a worker. times: 10 duration: None concurrency: 1 timeout: 0 cls: method_name: run args: {"repetitions": 2}
2019-10-28 00:23:37.850 557 INFO rally.task.runner [-] Task 1401aceb-074d-4793-8dd4-50069d666e3f | ITER: 1 START
2019-10-28 00:23:37.849 559 RALLYDEBUG rally.task.runner [-] Starting a worker. times: 10 duration: None concurrency: 1 timeout: 0 cls: method_name: run args: {"repetitions": 2}
2019-10-28 00:23:37.852 558 INFO rally.task.runner [-] Task 1401aceb-074d-4793-8dd4-50069d666e3f | ITER: 2 START
2019-10-28 00:23:37.854 560 RALLYDEBUG rally.task.runner [-] Starting a worker. times: 10 duration: None concurrency: 1 timeout: 0 cls: method_name: run args: {"repetitions": 2}
2019-10-28 00:23:37.856 559 INFO rally.task.runner [-] Task 1401aceb-074d-4793-8dd4-50069d666e3f | ITER: 3 START
2019-10-28 00:23:37.861 560 INFO rally.task.runner [-] Task 1401aceb-074d-4793-8dd4-50069d666e3f | ITER: 4 START
2019-10-28 00:23:38.569 557 INFO rally.task.runner [-] Task 1401aceb-074d-4793-8dd4-50069d666e3f | ITER: 1 END: OK
2019-10-28 00:23:38.572 559 INFO rally.task.runner [-] Task 1401aceb-074d-4793-8dd4-50069d666e3f | ITER: 3 END: OK
2019-10-28 00:23:38.574 557 INFO rally.task.runner [-] Task 1401aceb-074d-4793-8dd4-50069d666e3f | ITER: 5 START
2019-10-28 00:23:38.577 559 INFO rally.task.runner [-] Task 1401aceb-074d-4793-8dd4-50069d666e3f | ITER: 6 START
2019-10-28 00:23:38.619 560 INFO rally.task.runner [-] Task 1401aceb-074d-4793-8dd4-50069d666e3f | ITER: 4 END: OK
2019-10-28 00:23:38.623 560 INFO rally.task.runner [-] Task 1401aceb-074d-4793-8dd4-50069d666e3f | ITER: 7 START
2019-10-28 00:23:38.634 558 INFO rally.task.runner [-] Task 1401aceb-074d-4793-8dd4-50069d666e3f | ITER: 2 END: OK
2019-10-28 00:23:38.638 558 INFO rally.task.runner [-] Task 1401aceb-074d-4793-8dd4-50069d666e3f | ITER: 8 START
2019-10-28 00:23:39.149 558 INFO rally.task.runner [-] Task 1401aceb-074d-4793-8dd4-50069d666e3f | ITER: 8 END: OK
2019-10-28 00:23:39.153 558 INFO rally.task.runner [-] Task 1401aceb-074d-4793-8dd4-50069d666e3f | ITER: 9 START
2019-10-28 00:23:39.155 557 INFO rally.task.runner [-] Task 1401aceb-074d-4793-8dd4-50069d666e3f | ITER: 5 END: OK
2019-10-28 00:23:39.160 557 INFO rally.task.runner [-] Task 1401aceb-074d-4793-8dd4-50069d666e3f | ITER: 10 START
2019-10-28 00:23:39.194 559 INFO rally.task.runner [-] Task 1401aceb-074d-4793-8dd4-50069d666e3f | ITER: 6 END: OK
2019-10-28 00:23:39.384 560 INFO rally.task.runner [-] Task 1401aceb-074d-4793-8dd4-50069d666e3f | ITER: 7 END: OK
2019-10-28 00:23:39.751 558 INFO rally.task.runner [-] Task 1401aceb-074d-4793-8dd4-50069d666e3f | ITER: 9 END: OK
2019-10-28 00:23:39.785 557 INFO rally.task.runner [-] Task 1401aceb-074d-4793-8dd4-50069d666e3f | ITER: 10 END: OK
2019-10-28 00:23:39.809 17 INFO rally.task.context [-] Task 1401aceb-074d-4793-8dd4-50069d666e3f | Context users@openstack cleanup() started
2019-10-28 00:23:44.536 17 INFO rally.task.context [-] Task 1401aceb-074d-4793-8dd4-50069d666e3f | Context users@openstack cleanup() finished in 4.73 sec
2019-10-28 00:23:45.514 17 INFO rally.task.engine [-] Load duration is: 1.934211
2019-10-28 00:23:45.514 17 INFO rally.task.engine [-] Full runner duration is: 1.976909
2019-10-28 00:23:45.515 17 INFO rally.task.engine [-] Full duration is: 9.138037
2019-10-28 00:23:46.080 17 INFO rally.task.engine [-] Running workload: position = 0 config = { "version": 2, "title": "A cropped version of a bigger task.", "description": "Auto-generated task from a single workload (uuid=27fdc5d9-5b16-4ff5-b480-c14fc29d110b)", "subtasks": [ { "title": "Authenticate.validate_nova", "description": "Check Nova Client to ensure validation of token.", "scenario": { "Authenticate.validate_nova": { "repetitions": 2 } }, "contexts": { "users": { "tenants": 3, "users_per_tenant": 2 } }, "runner": { "constant": { "concurrency": 4, "times": 10 } }, "hooks": [], "sla": { "failure_rate": { "max": 0 } } } ] }
2019-10-28 00:23:46.104 17 RALLYDEBUG rally_openstack.contexts.keystone.users [-] Creating 3 tenants using 20 threads
2019-10-28 00:23:47.040 17 RALLYDEBUG rally_openstack.contexts.keystone.users [-] Creating 6 users using 20 threads
2019-10-28 00:23:48.599 17 INFO rally.task.context [-] Task 1401aceb-074d-4793-8dd4-50069d666e3f | Context users@openstack setup() finished in 2.50 sec
2019-10-28 00:23:48.608 17 RALLYDEBUG rally.task.runner [-] Starting the constant runner (task UUID: 1401aceb-074d-4793-8dd4-50069d666e3f). times: 10 concurrency: 4 timeout: 0 max_cpu_used: 16 processes_to_start: 4 concurrency_per_worker: 1 concurrency_overhead: 0
2019-10-28 00:23:48.620 661 RALLYDEBUG rally.task.runner [-] Starting a worker. times: 10 duration: None concurrency: 1 timeout: 0 cls: method_name: run args: {"repetitions": 2}
2019-10-28 00:23:48.623 662 RALLYDEBUG rally.task.runner [-] Starting a worker. times: 10 duration: None concurrency: 1 timeout: 0 cls: method_name: run args: {"repetitions": 2}
2019-10-28 00:23:48.627 661 INFO rally.task.runner [-] Task 1401aceb-074d-4793-8dd4-50069d666e3f | ITER: 1 START
2019-10-28 00:23:48.627 663 RALLYDEBUG rally.task.runner [-] Starting a worker. times: 10 duration: None concurrency: 1 timeout: 0 cls: method_name: run args: {"repetitions": 2}
2019-10-28 00:23:48.629 662 INFO rally.task.runner [-] Task 1401aceb-074d-4793-8dd4-50069d666e3f | ITER: 2 START
2019-10-28 00:23:48.630 665 RALLYDEBUG rally.task.runner [-] Starting a worker. times: 10 duration: None concurrency: 1 timeout: 0 cls: method_name: run args: {"repetitions": 2}
2019-10-28 00:23:48.633 663 INFO rally.task.runner [-] Task 1401aceb-074d-4793-8dd4-50069d666e3f | ITER: 3 START
2019-10-28 00:23:48.636 665 INFO rally.task.runner [-] Task 1401aceb-074d-4793-8dd4-50069d666e3f | ITER: 4 START
2019-10-28 00:23:49.299 661 INFO rally.task.runner [-] Task 1401aceb-074d-4793-8dd4-50069d666e3f | ITER: 1 END: OK
2019-10-28 00:23:49.300 662 INFO rally.task.runner [-] Task 1401aceb-074d-4793-8dd4-50069d666e3f | ITER: 2 END: OK
2019-10-28 00:23:49.304 662 INFO rally.task.runner [-] Task 1401aceb-074d-4793-8dd4-50069d666e3f | ITER: 5 START
2019-10-28 00:23:49.304 661 INFO rally.task.runner [-] Task 1401aceb-074d-4793-8dd4-50069d666e3f | ITER: 6 START
2019-10-28 00:23:49.309 665 INFO rally.task.runner [-] Task 1401aceb-074d-4793-8dd4-50069d666e3f | ITER: 4 END: OK
2019-10-28 00:23:49.313 665 INFO rally.task.runner [-] Task 1401aceb-074d-4793-8dd4-50069d666e3f | ITER: 7 START
2019-10-28 00:23:49.321 663 INFO rally.task.runner [-] Task 1401aceb-074d-4793-8dd4-50069d666e3f | ITER: 3 END: OK
2019-10-28 00:23:49.325 663 INFO rally.task.runner [-] Task 1401aceb-074d-4793-8dd4-50069d666e3f | ITER: 8 START
2019-10-28 00:23:49.697 663 INFO rally.task.runner [-] Task 1401aceb-074d-4793-8dd4-50069d666e3f | ITER: 8 END: OK
2019-10-28 00:23:49.700 663 INFO rally.task.runner [-] Task 1401aceb-074d-4793-8dd4-50069d666e3f | ITER: 9 START
2019-10-28 00:23:49.729 661 INFO rally.task.runner [-] Task 1401aceb-074d-4793-8dd4-50069d666e3f | ITER: 6 END: OK
2019-10-28 00:23:49.732 661 INFO rally.task.runner [-] Task 1401aceb-074d-4793-8dd4-50069d666e3f | ITER: 10 START
2019-10-28 00:23:49.761 662 INFO rally.task.runner [-] Task 1401aceb-074d-4793-8dd4-50069d666e3f | ITER: 5 END: OK
2019-10-28 00:23:49.767 665 INFO rally.task.runner [-] Task 1401aceb-074d-4793-8dd4-50069d666e3f | ITER: 7 END: OK
2019-10-28 00:23:50.099 663 INFO rally.task.runner [-] Task 1401aceb-074d-4793-8dd4-50069d666e3f | ITER: 9 END: OK
2019-10-28 00:23:50.206 661 INFO rally.task.runner [-] Task 1401aceb-074d-4793-8dd4-50069d666e3f | ITER: 10 END: OK
2019-10-28 00:23:50.231 17 INFO rally.task.context [-] Task 1401aceb-074d-4793-8dd4-50069d666e3f | Context users@openstack cleanup() started
2019-10-28 00:23:54.689 17 INFO rally.task.context [-] Task 1401aceb-074d-4793-8dd4-50069d666e3f | Context users@openstack cleanup() finished in 4.46 sec
2019-10-28 00:23:56.174 17 INFO rally.task.engine [-] Load duration is: 1.578251
2019-10-28 00:23:56.175 17 INFO rally.task.engine [-] Full runner duration is: 1.623152
2019-10-28 00:23:56.175 17 INFO rally.task.engine [-] Full duration is: 8.585929
2019-10-28 00:23:56.679 17 INFO rally.task.engine [-] Task 1401aceb-074d-4793-8dd4-50069d666e3f | Completed: Running task.
2019-10-28 00:23:58.169 723 RALLYDEBUG rally.api [-] INFO logs from urllib3 and requests module are hide.
2019-10-28 00:23:58.170 723 RALLYDEBUG rally.api [-] urllib3 insecure warnings are hidden.
2019-10-28 00:23:58.170 723 RALLYDEBUG rally.api [-] ERROR log from boto module is hide.
2019-10-28 00:23:59.379 724 RALLYDEBUG rally.api [-] INFO logs from urllib3 and requests module are hide.
2019-10-28 00:23:59.379 724 RALLYDEBUG rally.api [-] urllib3 insecure warnings are hidden.
2019-10-28 00:23:59.379 724 RALLYDEBUG rally.api [-] ERROR log from boto module is hide.
2019-10-28 00:24:00.610 725 RALLYDEBUG rally.api [-] INFO logs from urllib3 and requests module are hide.
2019-10-28 00:24:00.610 725 RALLYDEBUG rally.api [-] urllib3 insecure warnings are hidden.
2019-10-28 00:24:00.610 725 RALLYDEBUG rally.api [-] ERROR log from boto module is hide.
2019-10-28 00:24:02.210 725 INFO rally.api [-] Building 'json' report for the following task(s): '1401aceb-074d-4793-8dd4-50069d666e3f'.
2019-10-28 00:24:02.226 725 INFO rally.api [-] The report has been successfully built.
2019-10-28 00:24:03.583 727 RALLYDEBUG rally.api [-] INFO logs from urllib3 and requests module are hide.
2019-10-28 00:24:03.584 727 RALLYDEBUG rally.api [-] urllib3 insecure warnings are hidden.
2019-10-28 00:24:03.584 727 RALLYDEBUG rally.api [-] ERROR log from boto module is hide.
2019-10-28 00:24:05.544 727 INFO rally.task.engine [-] Task 142aa344-e910-443f-94f1-6fa116ebe602 | Starting: Task validation.
2019-10-28 00:24:05.650 727 INFO rally.task.engine [-] Task 142aa344-e910-443f-94f1-6fa116ebe602 | Starting: Task validation of syntax.
2019-10-28 00:24:05.776 727 INFO rally.task.engine [-] Task 142aa344-e910-443f-94f1-6fa116ebe602 | Completed: Task validation of syntax.
2019-10-28 00:24:05.776 727 INFO rally.task.engine [-] Task 142aa344-e910-443f-94f1-6fa116ebe602 | Starting: Task validation of required platforms.
2019-10-28 00:24:05.829 727 INFO rally.task.engine [-] Task 142aa344-e910-443f-94f1-6fa116ebe602 | Completed: Task validation of required platforms.
2019-10-28 00:24:05.829 727 INFO rally.task.engine [-] Task 142aa344-e910-443f-94f1-6fa116ebe602 | Starting: Task validation of semantic.
2019-10-28 00:24:05.829 727 INFO rally.task.engine [-] Check health of the environment '14d1cdf6-4063-414e-94ac-aa0149de702c'.
2019-10-28 00:24:06.801 727 INFO rally.task.engine [-] Platform existing@openstack (available: True): OK!
2019-10-28 00:24:06.829 727 RALLYDEBUG rally_openstack.contexts.keystone.users [-] Creating 1 tenants using 20 threads
2019-10-28 00:24:07.709 727 RALLYDEBUG rally_openstack.contexts.keystone.users [-] Creating 1 users using 20 threads
2019-10-28 00:24:09.009 727 INFO rally.task.context [-] Task 142aa344-e910-443f-94f1-6fa116ebe602 | Context users@openstack setup() finished in 2.18 sec
2019-10-28 00:24:12.569 727 INFO rally.task.context [-] Task 142aa344-e910-443f-94f1-6fa116ebe602 | Context users@openstack cleanup() started
2019-10-28 00:24:15.283 727 INFO rally.task.context [-] Task 142aa344-e910-443f-94f1-6fa116ebe602 | Context users@openstack cleanup() finished in 2.71 sec
2019-10-28 00:24:15.284 727 INFO rally.task.engine [-] Task 142aa344-e910-443f-94f1-6fa116ebe602 | Completed: Task validation of semantic.
2019-10-28 00:24:15.285 727 INFO rally.task.engine [-] Task 142aa344-e910-443f-94f1-6fa116ebe602 | Completed: Task validation.
2019-10-28 00:24:15.285 727 INFO rally.api [-] Task 142aa344-e910-443f-94f1-6fa116ebe602 input file is valid.
2019-10-28 00:24:15.285 727 INFO rally.api [-] Run Task 142aa344-e910-443f-94f1-6fa116ebe602 against Deployment 14d1cdf6-4063-414e-94ac-aa0149de702c
2019-10-28 00:24:15.286 727 INFO rally.task.engine [-] Task 142aa344-e910-443f-94f1-6fa116ebe602 | Starting: Running task.
2019-10-28 00:24:15.602 727 INFO rally.task.engine [-] Running workload: position = 0 config = { "version": 2, "title": "A cropped version of a bigger task.", "description": "Auto-generated task from a single workload (uuid=997faf40-cb2a-4d48-a697-1df24339779a)", "subtasks": [ { "title": "GlanceImages.create_and_delete_image", "description": "Create and then delete an image.", "scenario": { "GlanceImages.create_and_delete_image": { "container_format": "bare", "disk_format": "qcow2", "image_location": "/home/opnfv/functest/images/cirros-0.4.0-x86_64-disk.img" } }, "contexts": { "users": { "tenants": 3, "users_per_tenant": 2 } }, "runner": { "constant": { "concurrency": 4, "times": 10 } }, "hooks": [], "sla": { "failure_rate": { "max": 0 } } } ] }
2019-10-28 00:24:15.625 727 RALLYDEBUG rally_openstack.contexts.keystone.users [-] Creating 3 tenants using 20 threads
2019-10-28 00:24:16.544 727 RALLYDEBUG rally_openstack.contexts.keystone.users [-] Creating 6 users using 20 threads
2019-10-28 00:24:18.006 727 INFO rally.task.context [-] Task 142aa344-e910-443f-94f1-6fa116ebe602 | Context users@openstack setup() finished in 2.38 sec
2019-10-28 00:24:18.007 727 INFO rally.task.context [-] Task 142aa344-e910-443f-94f1-6fa116ebe602 | Context cleanup@openstack setup() finished in 0.02 msec
2019-10-28 00:24:18.015 727 RALLYDEBUG rally.task.runner [-] Starting the constant runner (task UUID: 142aa344-e910-443f-94f1-6fa116ebe602). times: 10 concurrency: 4 timeout: 0 max_cpu_used: 16 processes_to_start: 4 concurrency_per_worker: 1 concurrency_overhead: 0
2019-10-28 00:24:18.028 851 RALLYDEBUG rally.task.runner [-] Starting a worker. times: 10 duration: None concurrency: 1 timeout: 0 cls: method_name: run args: {"container_format": "bare", "disk_format": "qcow2", "image_location": "/home/opnfv/functest/images/cirros-0.4.0-x86_64-disk.img"}
2019-10-28 00:24:18.031 852 RALLYDEBUG rally.task.runner [-] Starting a worker. times: 10 duration: None concurrency: 1 timeout: 0 cls: method_name: run args: {"container_format": "bare", "disk_format": "qcow2", "image_location": "/home/opnfv/functest/images/cirros-0.4.0-x86_64-disk.img"}
2019-10-28 00:24:18.035 851 INFO rally.task.runner [-] Task 142aa344-e910-443f-94f1-6fa116ebe602 | ITER: 1 START
2019-10-28 00:24:18.034 853 RALLYDEBUG rally.task.runner [-] Starting a worker. times: 10 duration: None concurrency: 1 timeout: 0 cls: method_name: run args: {"container_format": "bare", "disk_format": "qcow2", "image_location": "/home/opnfv/functest/images/cirros-0.4.0-x86_64-disk.img"}
2019-10-28 00:24:18.037 852 INFO rally.task.runner [-] Task 142aa344-e910-443f-94f1-6fa116ebe602 | ITER: 2 START
2019-10-28 00:24:18.038 854 RALLYDEBUG rally.task.runner [-] Starting a worker. times: 10 duration: None concurrency: 1 timeout: 0 cls: method_name: run args: {"container_format": "bare", "disk_format": "qcow2", "image_location": "/home/opnfv/functest/images/cirros-0.4.0-x86_64-disk.img"}
2019-10-28 00:24:18.041 853 INFO rally.task.runner [-] Task 142aa344-e910-443f-94f1-6fa116ebe602 | ITER: 3 START
2019-10-28 00:24:18.044 854 INFO rally.task.runner [-] Task 142aa344-e910-443f-94f1-6fa116ebe602 | ITER: 4 START
2019-10-28 00:24:21.013 851 RALLYDEBUG rally.task.utils [-] Waiting for resource '485d8093-34fd-49d3-92fb-61a6d5ba7a27'. Status changed: NONE => QUEUED in 0.039140939712524414
2019-10-28 00:24:21.021 852 RALLYDEBUG rally.task.utils [-] Waiting for resource '60ba9052-7ffd-4462-a76f-8d0f54280e2c'. Status changed: NONE => QUEUED in 0.04203343391418457
2019-10-28 00:24:21.026 854 RALLYDEBUG rally.task.utils [-] Waiting for resource '7fbfc5b8-23c4-4f3e-a715-c048d46e7514'. Status changed: NONE => QUEUED in 0.03918266296386719
2019-10-28 00:24:21.027 853 RALLYDEBUG rally.task.utils [-] Waiting for resource 'e563ab32-d34d-4c8b-a4e4-cbfc4b6c55cb'. Status changed: NONE => QUEUED in 0.03589487075805664
2019-10-28 00:24:21.252 853 RALLYDEBUG rally.task.utils [-] Waiting for resource s_rally_997faf40_ucMmXbSO. Status changed: QUEUED => ACTIVE in 0.019734621047973633
2019-10-28 00:24:21.252 851 RALLYDEBUG rally.task.utils [-] Waiting for resource s_rally_997faf40_MmjdQHfS. Status changed: QUEUED => ACTIVE in 0.01775836944580078
2019-10-28 00:24:21.253 854 RALLYDEBUG rally.task.utils [-] Waiting for resource s_rally_997faf40_l9y66mlJ. Status changed: QUEUED => ACTIVE in 0.0209200382232666
2019-10-28 00:24:21.274 852 RALLYDEBUG rally.task.utils [-] Waiting for resource s_rally_997faf40_HcLQI7HR. Status changed: QUEUED => ACTIVE in 0.019822359085083008
2019-10-28 00:24:21.308 851 INFO rally.task.runner [-] Task 142aa344-e910-443f-94f1-6fa116ebe602 | ITER: 1 END: OK
2019-10-28 00:24:21.308 853 INFO rally.task.runner [-] Task 142aa344-e910-443f-94f1-6fa116ebe602 | ITER: 3 END: OK
2019-10-28 00:24:21.310 854 INFO rally.task.runner [-] Task 142aa344-e910-443f-94f1-6fa116ebe602 | ITER: 4 END: OK
2019-10-28 00:24:21.313 851 INFO rally.task.runner [-] Task 142aa344-e910-443f-94f1-6fa116ebe602 | ITER: 5 START
2019-10-28 00:24:21.313 853 INFO rally.task.runner [-] Task 142aa344-e910-443f-94f1-6fa116ebe602 | ITER: 6 START
2019-10-28 00:24:21.314 854 INFO rally.task.runner [-] Task 142aa344-e910-443f-94f1-6fa116ebe602 | ITER: 7 START
2019-10-28 00:24:21.332 852 INFO rally.task.runner [-] Task 142aa344-e910-443f-94f1-6fa116ebe602 | ITER: 2 END: OK
2019-10-28 00:24:21.337 852 INFO rally.task.runner [-] Task 142aa344-e910-443f-94f1-6fa116ebe602 | ITER: 8 START
2019-10-28 00:24:24.108 851 RALLYDEBUG rally.task.utils [-] Waiting for resource '5d3c323c-be3e-4dde-b976-a74622233460'. Status changed: NONE => QUEUED in 0.042763471603393555
2019-10-28 00:24:24.175 854 RALLYDEBUG rally.task.utils [-] Waiting for resource '71d59bae-7d79-4fd9-8396-0f060fc56284'. Status changed: NONE => QUEUED in 0.03862166404724121
2019-10-28 00:24:24.369 851 RALLYDEBUG rally.task.utils [-] Waiting for resource s_rally_997faf40_p44zKbdG. Status changed: QUEUED => ACTIVE in 0.018118619918823242
2019-10-28 00:24:24.376 852 RALLYDEBUG rally.task.utils [-] Waiting for resource '6b8d5af7-e54b-425b-93f4-5b859a3ae87d'. Status changed: NONE => QUEUED in 0.029755592346191406
2019-10-28 00:24:24.407 854 RALLYDEBUG rally.task.utils [-] Waiting for resource s_rally_997faf40_BEzYzyhB. Status changed: QUEUED => ACTIVE in 0.019799470901489258
2019-10-28 00:24:24.427 851 INFO rally.task.runner [-] Task 142aa344-e910-443f-94f1-6fa116ebe602 | ITER: 5 END: OK
2019-10-28 00:24:24.430 851 INFO rally.task.runner [-] Task 142aa344-e910-443f-94f1-6fa116ebe602 | ITER: 9 START
2019-10-28 00:24:24.432 853 RALLYDEBUG rally.task.utils [-] Waiting for resource '1efa137d-c98b-4e1f-b72c-6e285207506d'. Status changed: NONE => QUEUED in 0.03132367134094238
2019-10-28 00:24:24.472 854 INFO rally.task.runner [-] Task 142aa344-e910-443f-94f1-6fa116ebe602 | ITER: 7 END: OK
2019-10-28 00:24:24.475 854 INFO rally.task.runner [-] Task 142aa344-e910-443f-94f1-6fa116ebe602 | ITER: 10 START
2019-10-28 00:24:24.631 852 RALLYDEBUG rally.task.utils [-] Waiting for resource s_rally_997faf40_U7hgRXd3. Status changed: QUEUED => ACTIVE in 0.01645636558532715
2019-10-28 00:24:24.654 853 RALLYDEBUG rally.task.utils [-] Waiting for resource s_rally_997faf40_fG6Ynl77. Status changed: QUEUED => ACTIVE in 0.017914295196533203
2019-10-28 00:24:24.684 852 INFO rally.task.runner [-] Task 142aa344-e910-443f-94f1-6fa116ebe602 | ITER: 8 END: OK
2019-10-28 00:24:24.704 853 INFO rally.task.runner [-] Task 142aa344-e910-443f-94f1-6fa116ebe602 | ITER: 6 END: OK
2019-10-28 00:24:27.255 854 RALLYDEBUG rally.task.utils [-] Waiting for resource 'b21c8dbd-2e2b-46a4-9344-7fa4af2b704d'. Status changed: NONE => QUEUED in 0.03774452209472656
2019-10-28 00:24:27.297 851 RALLYDEBUG rally.task.utils [-] Waiting for resource '13f05da4-dfdf-4695-854e-00498860ec46'. Status changed: NONE => QUEUED in 0.031919002532958984
2019-10-28 00:24:27.491 854 RALLYDEBUG rally.task.utils [-] Waiting for resource s_rally_997faf40_BUqIWsWy. Status changed: QUEUED => ACTIVE in 0.021062612533569336
2019-10-28 00:24:27.534 851 RALLYDEBUG rally.task.utils [-] Waiting for resource s_rally_997faf40_sZL9gqCP. Status changed: QUEUED => ACTIVE in 0.017615795135498047
2019-10-28 00:24:27.562 854 INFO rally.task.runner [-] Task 142aa344-e910-443f-94f1-6fa116ebe602 | ITER: 10 END: OK
2019-10-28 00:24:27.594 851 INFO rally.task.runner [-] Task 142aa344-e910-443f-94f1-6fa116ebe602 | ITER: 9 END: OK
2019-10-28 00:24:27.616 727 INFO rally.task.context [-] Task 142aa344-e910-443f-94f1-6fa116ebe602 | Context cleanup@openstack cleanup() started
2019-10-28 00:24:27.620 727 RALLYDEBUG rally_openstack.cleanup.manager [-] Cleaning up glance images objects
2019-10-28 00:24:28.883 727 INFO rally.task.context [-] Task 142aa344-e910-443f-94f1-6fa116ebe602 | Context cleanup@openstack cleanup() finished in 1.27 sec
2019-10-28 00:24:28.884 727 INFO rally.task.context [-] Task 142aa344-e910-443f-94f1-6fa116ebe602 | Context users@openstack cleanup() started
2019-10-28 00:24:32.918 727 INFO rally.task.context [-] Task 142aa344-e910-443f-94f1-6fa116ebe602 | Context users@openstack cleanup() finished in 4.03 sec
2019-10-28 00:24:33.754 727 INFO rally.task.engine [-] Load duration is: 8.839185
2019-10-28 00:24:33.755 727 INFO rally.task.engine [-] Full runner duration is: 9.601306
2019-10-28 00:24:33.755 727 INFO rally.task.engine [-] Full duration is: 17.293902
2019-10-28 00:24:34.334 727 INFO rally.task.engine [-] Running workload: position = 0 config = { "version": 2, "title": "A cropped version of a bigger task.", "description": "Auto-generated task from a single workload (uuid=6e240329-6253-4394-a67d-185e9895f21f)", "subtasks": [ { "title": "GlanceImages.create_and_list_image", "description": "Create an image and then list all images.", "scenario": { "GlanceImages.create_and_list_image": { "container_format": "bare", "disk_format": "qcow2", "image_location": "/home/opnfv/functest/images/cirros-0.4.0-x86_64-disk.img" } }, "contexts": { "users": { "tenants": 3, "users_per_tenant": 2 } }, "runner": { "constant": { "concurrency": 4, "times": 10 } }, "hooks": [], "sla": { "failure_rate": { "max": 0 } } } ] }
2019-10-28 00:24:34.357 727 RALLYDEBUG rally_openstack.contexts.keystone.users [-] Creating 3 tenants using 20 threads
2019-10-28 00:24:35.308 727 RALLYDEBUG rally_openstack.contexts.keystone.users [-] Creating 6 users using 20 threads
2019-10-28 00:24:36.827 727 INFO rally.task.context [-] Task 142aa344-e910-443f-94f1-6fa116ebe602 | Context users@openstack setup() finished in 2.47 sec
2019-10-28 00:24:36.828 727 INFO rally.task.context [-] Task 142aa344-e910-443f-94f1-6fa116ebe602 | Context cleanup@openstack setup() finished in 0.01 msec
