2019-10-28 00:57:41.051 11213 INFO rally.task.runner [-] Task 71ae9cba-0fe3-4da6-a923-2d2d6f3e1957 | ITER: 3 END: OK
2019-10-28 00:57:41.052 11212 INFO rally.task.runner [-] Task 71ae9cba-0fe3-4da6-a923-2d2d6f3e1957 | ITER: 6 START
2019-10-28 00:57:41.056 11213 INFO rally.task.runner [-] Task 71ae9cba-0fe3-4da6-a923-2d2d6f3e1957 | ITER: 7 START
2019-10-28 00:57:41.070 11211 INFO rally.task.runner [-] Task 71ae9cba-0fe3-4da6-a923-2d2d6f3e1957 | ITER: 1 END: OK
2019-10-28 00:57:41.074 11211 INFO rally.task.runner [-] Task 71ae9cba-0fe3-4da6-a923-2d2d6f3e1957 | ITER: 8 START
2019-10-28 00:57:43.513 11214 RALLYDEBUG rally.task.utils [-] Waiting for resource . Status changed: CREATE_IN_PROGRESS => CREATE_COMPLETE in 0.061170339584350586
2019-10-28 00:57:43.662 11214 RALLYDEBUG rally.task.utils [-] Waiting for resource . Status changed: CREATE_COMPLETE => CHECK_COMPLETE in 0.06485462188720703
2019-10-28 00:57:43.764 11214 RALLYDEBUG rally.task.utils [-] Waiting for resource . Status changed: CREATE_COMPLETE => DELETE_IN_PROGRESS in 0.049272775650024414
2019-10-28 00:57:44.477 11211 RALLYDEBUG rally.task.utils [-] Waiting for resource . Status changed: CREATE_IN_PROGRESS => CREATE_COMPLETE in 0.0743262767791748
2019-10-28 00:57:44.489 11212 RALLYDEBUG rally.task.utils [-] Waiting for resource . Status changed: CREATE_IN_PROGRESS => CREATE_COMPLETE in 0.0623021125793457
2019-10-28 00:57:44.521 11213 RALLYDEBUG rally.task.utils [-] Waiting for resource . Status changed: CREATE_IN_PROGRESS => CREATE_COMPLETE in 0.05402374267578125
2019-10-28 00:57:44.635 11211 RALLYDEBUG rally.task.utils [-] Waiting for resource . Status changed: CREATE_COMPLETE => CHECK_COMPLETE in 0.06468629837036133
2019-10-28 00:57:44.642 11212 RALLYDEBUG rally.task.utils [-] Waiting for resource . Status changed: CREATE_COMPLETE => CHECK_COMPLETE in 0.058608055114746094
2019-10-28 00:57:44.673 11213 RALLYDEBUG rally.task.utils [-] Waiting for resource . Status changed: CREATE_COMPLETE => CHECK_COMPLETE in 0.05594897270202637
2019-10-28 00:57:44.747 11211 RALLYDEBUG rally.task.utils [-] Waiting for resource . Status changed: CREATE_COMPLETE => DELETE_IN_PROGRESS in 0.055281877517700195
2019-10-28 00:57:44.756 11212 RALLYDEBUG rally.task.utils [-] Waiting for resource . Status changed: CREATE_COMPLETE => DELETE_IN_PROGRESS in 0.058138132095336914
2019-10-28 00:57:44.790 11213 RALLYDEBUG rally.task.utils [-] Waiting for resource . Status changed: CREATE_COMPLETE => DELETE_IN_PROGRESS in 0.06406140327453613
2019-10-28 00:57:44.811 11214 INFO rally.task.runner [-] Task 71ae9cba-0fe3-4da6-a923-2d2d6f3e1957 | ITER: 5 END: OK
2019-10-28 00:57:44.815 11214 INFO rally.task.runner [-] Task 71ae9cba-0fe3-4da6-a923-2d2d6f3e1957 | ITER: 9 START
2019-10-28 00:57:45.806 11211 INFO rally.task.runner [-] Task 71ae9cba-0fe3-4da6-a923-2d2d6f3e1957 | ITER: 8 END: OK
2019-10-28 00:57:45.810 11211 INFO rally.task.runner [-] Task 71ae9cba-0fe3-4da6-a923-2d2d6f3e1957 | ITER: 10 START
2019-10-28 00:57:45.814 11212 INFO rally.task.runner [-] Task 71ae9cba-0fe3-4da6-a923-2d2d6f3e1957 | ITER: 6 END: OK
2019-10-28 00:57:45.848 11213 INFO rally.task.runner [-] Task 71ae9cba-0fe3-4da6-a923-2d2d6f3e1957 | ITER: 7 END: OK
2019-10-28 00:57:48.309 11214 RALLYDEBUG rally.task.utils [-] Waiting for resource . Status changed: CREATE_IN_PROGRESS => CREATE_COMPLETE in 0.06620025634765625
2019-10-28 00:57:48.472 11214 RALLYDEBUG rally.task.utils [-] Waiting for resource . Status changed: CREATE_COMPLETE => CHECK_COMPLETE in 0.06349349021911621
2019-10-28 00:57:48.596 11214 RALLYDEBUG rally.task.utils [-] Waiting for resource . Status changed: CREATE_COMPLETE => DELETE_IN_PROGRESS in 0.0632789134979248
2019-10-28 00:57:49.282 11211 RALLYDEBUG rally.task.utils [-] Waiting for resource . Status changed: CREATE_IN_PROGRESS => CREATE_COMPLETE in 0.07086467742919922
2019-10-28 00:57:49.439 11211 RALLYDEBUG rally.task.utils [-] Waiting for resource . Status changed: CREATE_COMPLETE => CHECK_COMPLETE in 0.061387062072753906
2019-10-28 00:57:49.550 11211 RALLYDEBUG rally.task.utils [-] Waiting for resource . Status changed: CREATE_COMPLETE => DELETE_IN_PROGRESS in 0.052455902099609375
2019-10-28 00:57:50.605 11211 INFO rally.task.runner [-] Task 71ae9cba-0fe3-4da6-a923-2d2d6f3e1957 | ITER: 10 END: OK
2019-10-28 00:57:50.706 11214 INFO rally.task.runner [-] Task 71ae9cba-0fe3-4da6-a923-2d2d6f3e1957 | ITER: 9 END: OK
2019-10-28 00:57:50.733 8497 INFO rally.task.context [-] Task 71ae9cba-0fe3-4da6-a923-2d2d6f3e1957 | Context cleanup@openstack cleanup() started
2019-10-28 00:57:50.742 8497 RALLYDEBUG rally_openstack.cleanup.manager [-] Cleaning up heat stacks objects
2019-10-28 00:57:52.266 8497 INFO rally.task.context [-] Task 71ae9cba-0fe3-4da6-a923-2d2d6f3e1957 | Context cleanup@openstack cleanup() finished in 1.53 sec
2019-10-28 00:57:52.267 8497 INFO rally.task.context [-] Task 71ae9cba-0fe3-4da6-a923-2d2d6f3e1957 | Context roles@openstack cleanup() started
2019-10-28 00:57:52.267 8497 RALLYDEBUG rally_openstack.contexts.keystone.roles [-] Removing assigned role 8ca31992548b441886267677a8dd0f84 from all users
2019-10-28 00:57:53.263 8497 INFO rally.task.context [-] Task 71ae9cba-0fe3-4da6-a923-2d2d6f3e1957 | Context roles@openstack cleanup() finished in 1.00 sec
2019-10-28 00:57:53.264 8497 INFO rally.task.context [-] Task 71ae9cba-0fe3-4da6-a923-2d2d6f3e1957 | Context users@openstack cleanup() started
2019-10-28 00:57:57.719 8497 INFO rally.task.context [-] Task 71ae9cba-0fe3-4da6-a923-2d2d6f3e1957 | Context users@openstack cleanup() finished in 4.46 sec
2019-10-28 00:57:59.183 8497 INFO rally.task.engine [-] Load duration is: 13.446274
2019-10-28 00:57:59.184 8497 INFO rally.task.engine [-] Full runner duration is: 15.492737
2019-10-28 00:57:59.184 8497 INFO rally.task.engine [-] Full duration is: 30.766521
2019-10-28 00:57:59.499 8497 INFO rally.task.engine [-] Running workload: position = 0 config = { "version": 2, "title": "A cropped version of a bigger task.", "description": "Auto-generated task from a single workload (uuid=d1bfa183-f8b1-4aae-9c12-be47e9d9b4f9)", "subtasks": [ { "title": "HeatStacks.create_suspend_resume_delete_stack", "description": "Create, suspend-resume and then delete a stack.", "scenario": { "HeatStacks.create_suspend_resume_delete_stack": { "template_path": "/usr/lib/python3.6/site-packages/functest/opnfv_tests/openstack/rally/scenario/templates/random_strings.yaml.template" } }, "contexts": { "users": { "tenants": 3, "users_per_tenant": 2 }, "roles": [ "heat_stack_owner" ] }, "runner": { "constant": { "concurrency": 4, "times": 10 } }, "hooks": [], "sla": { "failure_rate": { "max": 0 } } } ] }
2019-10-28 00:57:59.525 8497 RALLYDEBUG rally_openstack.contexts.keystone.users [-] Creating 3 tenants using 20 threads
2019-10-28 00:58:00.549 8497 RALLYDEBUG rally_openstack.contexts.keystone.users [-] Creating 6 users using 20 threads
2019-10-28 00:58:02.117 8497 INFO rally.task.context [-] Task 71ae9cba-0fe3-4da6-a923-2d2d6f3e1957 | Context users@openstack setup() finished in 2.59 sec
2019-10-28 00:58:02.801 8497 RALLYDEBUG rally_openstack.contexts.keystone.roles [-] Adding role heat_stack_owner having ID 8ca31992548b441886267677a8dd0f84 to all users using 30 threads
2019-10-28 00:58:07.912 8497 INFO rally.task.context [-] Task 71ae9cba-0fe3-4da6-a923-2d2d6f3e1957 | Context roles@openstack setup() finished in 5.80 sec
2019-10-28 00:58:07.913 8497 INFO rally.task.context [-] Task 71ae9cba-0fe3-4da6-a923-2d2d6f3e1957 | Context cleanup@openstack setup() finished in 0.05 msec
2019-10-28 00:58:07.923 8497 RALLYDEBUG rally.task.runner [-] Starting the constant runner (task UUID: 71ae9cba-0fe3-4da6-a923-2d2d6f3e1957). times: 10 concurrency: 4 timeout: 0 max_cpu_used: 16 processes_to_start: 4 concurrency_per_worker: 1 concurrency_overhead: 0
2019-10-28 00:58:07.935 11395 RALLYDEBUG rally.task.runner [-] Starting a worker. times: 10 duration: None concurrency: 1 timeout: 0 cls: method_name: run args: {"template_path": "heat_template_version: 2014-10-16\n\ndescription: Test template for rally create-update-delete scenario\n\nresources:\n test_string_one:\n type: OS::Heat::RandomString\n properties:\n length: 20\n test_string_two:\n type: OS::Heat::RandomString\n properties:\n length: 20"}
2019-10-28 00:58:07.939 11396 RALLYDEBUG rally.task.runner [-] Starting a worker. times: 10 duration: None concurrency: 1 timeout: 0 cls: method_name: run args: {"template_path": "heat_template_version: 2014-10-16\n\ndescription: Test template for rally create-update-delete scenario\n\nresources:\n test_string_one:\n type: OS::Heat::RandomString\n properties:\n length: 20\n test_string_two:\n type: OS::Heat::RandomString\n properties:\n length: 20"}
2019-10-28 00:58:07.942 11395 INFO rally.task.runner [-] Task 71ae9cba-0fe3-4da6-a923-2d2d6f3e1957 | ITER: 1 START
2019-10-28 00:58:07.942 11397 RALLYDEBUG rally.task.runner [-] Starting a worker. times: 10 duration: None concurrency: 1 timeout: 0 cls: method_name: run args: {"template_path": "heat_template_version: 2014-10-16\n\ndescription: Test template for rally create-update-delete scenario\n\nresources:\n test_string_one:\n type: OS::Heat::RandomString\n properties:\n length: 20\n test_string_two:\n type: OS::Heat::RandomString\n properties:\n length: 20"}
2019-10-28 00:58:07.946 11396 INFO rally.task.runner [-] Task 71ae9cba-0fe3-4da6-a923-2d2d6f3e1957 | ITER: 2 START
2019-10-28 00:58:07.945 11398 RALLYDEBUG rally.task.runner [-] Starting a worker. times: 10 duration: None concurrency: 1 timeout: 0 cls: method_name: run args: {"template_path": "heat_template_version: 2014-10-16\n\ndescription: Test template for rally create-update-delete scenario\n\nresources:\n test_string_one:\n type: OS::Heat::RandomString\n properties:\n length: 20\n test_string_two:\n type: OS::Heat::RandomString\n properties:\n length: 20"}
2019-10-28 00:58:07.949 11397 INFO rally.task.runner [-] Task 71ae9cba-0fe3-4da6-a923-2d2d6f3e1957 | ITER: 3 START
2019-10-28 00:58:07.953 11398 INFO rally.task.runner [-] Task 71ae9cba-0fe3-4da6-a923-2d2d6f3e1957 | ITER: 4 START
2019-10-28 00:58:11.379 11397 RALLYDEBUG rally.task.utils [-] Waiting for resource . Status changed: CREATE_IN_PROGRESS => CREATE_COMPLETE in 0.07555580139160156
2019-10-28 00:58:11.382 11396 RALLYDEBUG rally.task.utils [-] Waiting for resource . Status changed: CREATE_IN_PROGRESS => CREATE_COMPLETE in 0.06566071510314941
2019-10-28 00:58:11.407 11395 RALLYDEBUG rally.task.utils [-] Waiting for resource . Status changed: CREATE_IN_PROGRESS => CREATE_COMPLETE in 0.07820773124694824
2019-10-28 00:58:11.467 11398 RALLYDEBUG rally.task.utils [-] Waiting for resource . Status changed: CREATE_IN_PROGRESS => CREATE_COMPLETE in 0.06893515586853027
2019-10-28 00:58:11.543 11396 RALLYDEBUG rally.task.utils [-] Waiting for resource . Status changed: CREATE_COMPLETE => SUSPEND_IN_PROGRESS in 0.05866694450378418
2019-10-28 00:58:11.552 11397 RALLYDEBUG rally.task.utils [-] Waiting for resource . Status changed: CREATE_COMPLETE => SUSPEND_IN_PROGRESS in 0.06218552589416504
2019-10-28 00:58:11.557 11395 RALLYDEBUG rally.task.utils [-] Waiting for resource . Status changed: CREATE_COMPLETE => SUSPEND_IN_PROGRESS in 0.06103014945983887
2019-10-28 00:58:11.614 11398 RALLYDEBUG rally.task.utils [-] Waiting for resource . Status changed: CREATE_COMPLETE => SUSPEND_IN_PROGRESS in 0.05165243148803711
2019-10-28 00:58:12.617 11396 RALLYDEBUG rally.task.utils [-] Waiting for resource . Status changed: SUSPEND_IN_PROGRESS => SUSPEND_COMPLETE in 1.0738954544067383
2019-10-28 00:58:12.626 11397 RALLYDEBUG rally.task.utils [-] Waiting for resource . Status changed: SUSPEND_IN_PROGRESS => SUSPEND_COMPLETE in 1.0744400024414062
2019-10-28 00:58:12.627 11395 RALLYDEBUG rally.task.utils [-] Waiting for resource . Status changed: SUSPEND_IN_PROGRESS => SUSPEND_COMPLETE in 1.070122480392456
2019-10-28 00:58:12.680 11398 RALLYDEBUG rally.task.utils [-] Waiting for resource . Status changed: SUSPEND_IN_PROGRESS => SUSPEND_COMPLETE in 1.0660409927368164
2019-10-28 00:58:12.762 11396 RALLYDEBUG rally.task.utils [-] Waiting for resource . Status changed: CREATE_COMPLETE => RESUME_IN_PROGRESS in 0.05556797981262207
2019-10-28 00:58:12.769 11397 RALLYDEBUG rally.task.utils [-] Waiting for resource . Status changed: CREATE_COMPLETE => RESUME_IN_PROGRESS in 0.05264425277709961
2019-10-28 00:58:12.828 11398 RALLYDEBUG rally.task.utils [-] Waiting for resource . Status changed: CREATE_COMPLETE => RESUME_IN_PROGRESS in 0.05851435661315918
2019-10-28 00:58:12.926 11395 RALLYDEBUG rally.task.utils [-] Waiting for resource . Status changed: CREATE_COMPLETE => RESUME_IN_PROGRESS in 0.06027960777282715
2019-10-28 00:58:13.839 11397 RALLYDEBUG rally.task.utils [-] Waiting for resource . Status changed: RESUME_IN_PROGRESS => RESUME_COMPLETE in 1.0696959495544434
2019-10-28 00:58:13.839 11396 RALLYDEBUG rally.task.utils [-] Waiting for resource . Status changed: RESUME_IN_PROGRESS => RESUME_COMPLETE in 1.0768380165100098
2019-10-28 00:58:13.898 11398 RALLYDEBUG rally.task.utils [-] Waiting for resource . Status changed: RESUME_IN_PROGRESS => RESUME_COMPLETE in 1.0702378749847412
2019-10-28 00:58:13.964 11396 RALLYDEBUG rally.task.utils [-] Waiting for resource . Status changed: CREATE_COMPLETE => DELETE_IN_PROGRESS in 0.055144309997558594
2019-10-28 00:58:13.966 11397 RALLYDEBUG rally.task.utils [-] Waiting for resource . Status changed: CREATE_COMPLETE => DELETE_IN_PROGRESS in 0.05821681022644043
2019-10-28 00:58:14.026 11398 RALLYDEBUG rally.task.utils [-] Waiting for resource . Status changed: CREATE_COMPLETE => DELETE_IN_PROGRESS in 0.05853104591369629
2019-10-28 00:58:14.100 11395 RALLYDEBUG rally.task.utils [-] Waiting for resource . Status changed: RESUME_IN_PROGRESS => RESUME_COMPLETE in 1.1744391918182373
2019-10-28 00:58:14.208 11395 RALLYDEBUG rally.task.utils [-] Waiting for resource . Status changed: CREATE_COMPLETE => DELETE_IN_PROGRESS in 0.05019330978393555
2019-10-28 00:58:15.028 11396 INFO rally.task.runner [-] Task 71ae9cba-0fe3-4da6-a923-2d2d6f3e1957 | ITER: 2 END: OK
2019-10-28 00:58:15.033 11396 INFO rally.task.runner [-] Task 71ae9cba-0fe3-4da6-a923-2d2d6f3e1957 | ITER: 5 START
2019-10-28 00:58:15.035 11397 INFO rally.task.runner [-] Task 71ae9cba-0fe3-4da6-a923-2d2d6f3e1957 | ITER: 3 END: OK
2019-10-28 00:58:15.039 11397 INFO rally.task.runner [-] Task 71ae9cba-0fe3-4da6-a923-2d2d6f3e1957 | ITER: 6 START
2019-10-28 00:58:15.084 11398 INFO rally.task.runner [-] Task 71ae9cba-0fe3-4da6-a923-2d2d6f3e1957 | ITER: 4 END: OK
2019-10-28 00:58:15.088 11398 INFO rally.task.runner [-] Task 71ae9cba-0fe3-4da6-a923-2d2d6f3e1957 | ITER: 7 START
2019-10-28 00:58:15.261 11395 INFO rally.task.runner [-] Task 71ae9cba-0fe3-4da6-a923-2d2d6f3e1957 | ITER: 1 END: OK
2019-10-28 00:58:15.266 11395 INFO rally.task.runner [-] Task 71ae9cba-0fe3-4da6-a923-2d2d6f3e1957 | ITER: 8 START
2019-10-28 00:58:18.452 11397 RALLYDEBUG rally.task.utils [-] Waiting for resource . Status changed: CREATE_IN_PROGRESS => CREATE_COMPLETE in 0.07051229476928711
2019-10-28 00:58:18.564 11396 RALLYDEBUG rally.task.utils [-] Waiting for resource . Status changed: CREATE_IN_PROGRESS => CREATE_COMPLETE in 0.06564068794250488
2019-10-28 00:58:18.618 11397 RALLYDEBUG rally.task.utils [-] Waiting for resource . Status changed: CREATE_COMPLETE => SUSPEND_IN_PROGRESS in 0.06434893608093262
2019-10-28 00:58:18.717 11395 RALLYDEBUG rally.task.utils [-] Waiting for resource . Status changed: CREATE_IN_PROGRESS => CREATE_COMPLETE in 0.05974626541137695
2019-10-28 00:58:18.722 11396 RALLYDEBUG rally.task.utils [-] Waiting for resource . Status changed: CREATE_COMPLETE => SUSPEND_IN_PROGRESS in 0.06148648262023926
2019-10-28 00:58:18.797 11398 RALLYDEBUG rally.task.utils [-] Waiting for resource . Status changed: CREATE_IN_PROGRESS => CREATE_COMPLETE in 0.05415511131286621
2019-10-28 00:58:18.862 11395 RALLYDEBUG rally.task.utils [-] Waiting for resource . Status changed: CREATE_COMPLETE => SUSPEND_IN_PROGRESS in 0.055974721908569336
2019-10-28 00:58:18.942 11398 RALLYDEBUG rally.task.utils [-] Waiting for resource . Status changed: CREATE_COMPLETE => SUSPEND_IN_PROGRESS in 0.059319257736206055
2019-10-28 00:58:19.693 11397 RALLYDEBUG rally.task.utils [-] Waiting for resource . Status changed: SUSPEND_IN_PROGRESS => SUSPEND_COMPLETE in 1.074507713317871
2019-10-28 00:58:19.788 11396 RALLYDEBUG rally.task.utils [-] Waiting for resource . Status changed: SUSPEND_IN_PROGRESS => SUSPEND_COMPLETE in 1.0655221939086914
2019-10-28 00:58:19.843 11397 RALLYDEBUG rally.task.utils [-] Waiting for resource . Status changed: CREATE_COMPLETE => RESUME_IN_PROGRESS in 0.06023597717285156
2019-10-28 00:58:19.919 11395 RALLYDEBUG rally.task.utils [-] Waiting for resource . Status changed: SUSPEND_IN_PROGRESS => SUSPEND_COMPLETE in 1.0576035976409912
2019-10-28 00:58:19.937 11396 RALLYDEBUG rally.task.utils [-] Waiting for resource . Status changed: CREATE_COMPLETE => RESUME_IN_PROGRESS in 0.05679774284362793
2019-10-28 00:58:19.998 11398 RALLYDEBUG rally.task.utils [-] Waiting for resource . Status changed: SUSPEND_IN_PROGRESS => SUSPEND_COMPLETE in 1.055321455001831
2019-10-28 00:58:20.076 11395 RALLYDEBUG rally.task.utils [-] Waiting for resource . Status changed: CREATE_COMPLETE => RESUME_COMPLETE in 0.0637674331665039
2019-10-28 00:58:20.140 11398 RALLYDEBUG rally.task.utils [-] Waiting for resource . Status changed: CREATE_COMPLETE => RESUME_COMPLETE in 0.05837106704711914
2019-10-28 00:58:20.181 11395 RALLYDEBUG rally.task.utils [-] Waiting for resource . Status changed: CREATE_COMPLETE => DELETE_IN_PROGRESS in 0.045899391174316406
2019-10-28 00:58:20.259 11398 RALLYDEBUG rally.task.utils [-] Waiting for resource . Status changed: CREATE_COMPLETE => DELETE_IN_PROGRESS in 0.04830741882324219
2019-10-28 00:58:20.914 11397 RALLYDEBUG rally.task.utils [-] Waiting for resource . Status changed: RESUME_IN_PROGRESS => RESUME_COMPLETE in 1.0709879398345947
2019-10-28 00:58:21.010 11396 RALLYDEBUG rally.task.utils [-] Waiting for resource . Status changed: RESUME_IN_PROGRESS => RESUME_COMPLETE in 1.0736589431762695
2019-10-28 00:58:21.034 11397 RALLYDEBUG rally.task.utils [-] Waiting for resource . Status changed: CREATE_COMPLETE => DELETE_IN_PROGRESS in 0.05519890785217285
2019-10-28 00:58:21.120 11396 RALLYDEBUG rally.task.utils [-] Waiting for resource . Status changed: CREATE_COMPLETE => DELETE_IN_PROGRESS in 0.051152944564819336
2019-10-28 00:58:21.235 11395 INFO rally.task.runner [-] Task 71ae9cba-0fe3-4da6-a923-2d2d6f3e1957 | ITER: 8 END: OK
2019-10-28 00:58:21.239 11395 INFO rally.task.runner [-] Task 71ae9cba-0fe3-4da6-a923-2d2d6f3e1957 | ITER: 9 START
2019-10-28 00:58:21.308 11398 INFO rally.task.runner [-] Task 71ae9cba-0fe3-4da6-a923-2d2d6f3e1957 | ITER: 7 END: OK
2019-10-28 00:58:21.312 11398 INFO rally.task.runner [-] Task 71ae9cba-0fe3-4da6-a923-2d2d6f3e1957 | ITER: 10 START
2019-10-28 00:58:22.172 11396 INFO rally.task.runner [-] Task 71ae9cba-0fe3-4da6-a923-2d2d6f3e1957 | ITER: 5 END: OK
2019-10-28 00:58:23.153 11397 INFO rally.task.runner [-] Task 71ae9cba-0fe3-4da6-a923-2d2d6f3e1957 | ITER: 6 END: OK
2019-10-28 00:58:24.646 11395 RALLYDEBUG rally.task.utils [-] Waiting for resource . Status changed: CREATE_IN_PROGRESS => CREATE_COMPLETE in 0.07144522666931152
2019-10-28 00:58:24.705 11398 RALLYDEBUG rally.task.utils [-] Waiting for resource . Status changed: CREATE_IN_PROGRESS => CREATE_COMPLETE in 0.07471299171447754
2019-10-28 00:58:24.797 11395 RALLYDEBUG rally.task.utils [-] Waiting for resource . Status changed: CREATE_COMPLETE => SUSPEND_IN_PROGRESS in 0.05549478530883789
2019-10-28 00:58:24.848 11398 RALLYDEBUG rally.task.utils [-] Waiting for resource . Status changed: CREATE_COMPLETE => SUSPEND_IN_PROGRESS in 0.058495283126831055
2019-10-28 00:58:25.866 11395 RALLYDEBUG rally.task.utils [-] Waiting for resource . Status changed: SUSPEND_IN_PROGRESS => SUSPEND_COMPLETE in 1.0693833827972412
2019-10-28 00:58:26.024 11395 RALLYDEBUG rally.task.utils [-] Waiting for resource . Status changed: CREATE_COMPLETE => RESUME_IN_PROGRESS in 0.05699634552001953
2019-10-28 00:58:26.024 11398 RALLYDEBUG rally.task.utils [-] Waiting for resource . Status changed: SUSPEND_IN_PROGRESS => SUSPEND_COMPLETE in 1.1764633655548096
2019-10-28 00:58:26.187 11398 RALLYDEBUG rally.task.utils [-] Waiting for resource . Status changed: CREATE_COMPLETE => RESUME_COMPLETE in 0.05976748466491699
2019-10-28 00:58:26.298 11398 RALLYDEBUG rally.task.utils [-] Waiting for resource . Status changed: CREATE_COMPLETE => DELETE_IN_PROGRESS in 0.05421757698059082
2019-10-28 00:58:27.094 11395 RALLYDEBUG rally.task.utils [-] Waiting for resource . Status changed: RESUME_IN_PROGRESS => RESUME_COMPLETE in 1.0706353187561035
2019-10-28 00:58:27.236 11395 RALLYDEBUG rally.task.utils [-] Waiting for resource . Status changed: CREATE_COMPLETE => DELETE_IN_PROGRESS in 0.06775808334350586
2019-10-28 00:58:27.355 11398 INFO rally.task.runner [-] Task 71ae9cba-0fe3-4da6-a923-2d2d6f3e1957 | ITER: 10 END: OK
2019-10-28 00:58:28.299 11395 INFO rally.task.runner [-] Task 71ae9cba-0fe3-4da6-a923-2d2d6f3e1957 | ITER: 9 END: OK
2019-10-28 00:58:28.325 8497 INFO rally.task.context [-] Task 71ae9cba-0fe3-4da6-a923-2d2d6f3e1957 | Context cleanup@openstack cleanup() started
2019-10-28 00:58:28.329 8497 RALLYDEBUG rally_openstack.cleanup.manager [-] Cleaning up heat stacks objects
2019-10-28 00:58:29.914 8497 INFO rally.task.context [-] Task 71ae9cba-0fe3-4da6-a923-2d2d6f3e1957 | Context cleanup@openstack cleanup() finished in 1.59 sec
2019-10-28 00:58:29.914 8497 INFO rally.task.context [-] Task 71ae9cba-0fe3-4da6-a923-2d2d6f3e1957 | Context roles@openstack cleanup() started
2019-10-28 00:58:29.915 8497 RALLYDEBUG rally_openstack.contexts.keystone.roles [-] Removing assigned role 8ca31992548b441886267677a8dd0f84 from all users
2019-10-28 00:58:30.931 8497 INFO rally.task.context [-] Task 71ae9cba-0fe3-4da6-a923-2d2d6f3e1957 | Context roles@openstack cleanup() finished in 1.02 sec
2019-10-28 00:58:30.931 8497 INFO rally.task.context [-] Task 71ae9cba-0fe3-4da6-a923-2d2d6f3e1957 | Context users@openstack cleanup() started
2019-10-28 00:58:35.381 8497 INFO rally.task.context [-] Task 71ae9cba-0fe3-4da6-a923-2d2d6f3e1957 | Context users@openstack cleanup() finished in 4.45 sec
2019-10-28 00:58:35.702 8497 INFO rally.task.engine [-] Load duration is: 18.355566
2019-10-28 00:58:35.703 8497 INFO rally.task.engine [-] Full runner duration is: 20.402456
2019-10-28 00:58:35.703 8497 INFO rally.task.engine [-] Full duration is: 35.858346
2019-10-28 00:58:35.991 8497 INFO rally.task.engine [-] Running workload: position = 0 config = { "version": 2, "title": "A cropped version of a bigger task.", "description": "Auto-generated task from a single workload (uuid=ef7a91e6-9fa3-410a-a14a-b8a8c9fa8d4a)", "subtasks": [ { "title": "HeatStacks.list_stacks_and_resources", "description": "List all resources from tenant stacks.", "scenario": { "HeatStacks.list_stacks_and_resources": {} }, "contexts": { "users": { "tenants": 3, "users_per_tenant": 2 }, "roles": [ "heat_stack_owner" ] }, "runner": { "constant": { "concurrency": 4, "times": 10 } }, "hooks": [], "sla": { "failure_rate": { "max": 0 } } } ] }
2019-10-28 00:58:36.016 8497 RALLYDEBUG rally_openstack.contexts.keystone.users [-] Creating 3 tenants using 20 threads
2019-10-28 00:58:37.061 8497 RALLYDEBUG rally_openstack.contexts.keystone.users [-] Creating 6 users using 20 threads
2019-10-28 00:58:38.662 8497 INFO rally.task.context [-] Task 71ae9cba-0fe3-4da6-a923-2d2d6f3e1957 | Context users@openstack setup() finished in 2.65 sec
2019-10-28 00:58:39.341 8497 RALLYDEBUG rally_openstack.contexts.keystone.roles [-] Adding role heat_stack_owner having ID 8ca31992548b441886267677a8dd0f84 to all users using 30 threads
2019-10-28 00:58:44.502 8497 INFO rally.task.context [-] Task 71ae9cba-0fe3-4da6-a923-2d2d6f3e1957 | Context roles@openstack setup() finished in 5.84 sec
2019-10-28 00:58:44.512 8497 RALLYDEBUG rally.task.runner [-] Starting the constant runner (task UUID: 71ae9cba-0fe3-4da6-a923-2d2d6f3e1957). times: 10 concurrency: 4 timeout: 0 max_cpu_used: 16 processes_to_start: 4 concurrency_per_worker: 1 concurrency_overhead: 0
2019-10-28 00:58:44.522 11579 RALLYDEBUG rally.task.runner [-] Starting a worker. times: 10 duration: None concurrency: 1 timeout: 0 cls: method_name: run args: {}
2019-10-28 00:58:44.526 11580 RALLYDEBUG rally.task.runner [-] Starting a worker. times: 10 duration: None concurrency: 1 timeout: 0 cls: method_name: run args: {}
2019-10-28 00:58:44.530 11579 INFO rally.task.runner [-] Task 71ae9cba-0fe3-4da6-a923-2d2d6f3e1957 | ITER: 1 START
2019-10-28 00:58:44.529 11581 RALLYDEBUG rally.task.runner [-] Starting a worker. times: 10 duration: None concurrency: 1 timeout: 0 cls: method_name: run args: {}
2019-10-28 00:58:44.533 11580 INFO rally.task.runner [-] Task 71ae9cba-0fe3-4da6-a923-2d2d6f3e1957 | ITER: 2 START
2019-10-28 00:58:44.533 11582 RALLYDEBUG rally.task.runner [-] Starting a worker. times: 10 duration: None concurrency: 1 timeout: 0 cls: method_name: run args: {}
2019-10-28 00:58:44.536 11581 INFO rally.task.runner [-] Task 71ae9cba-0fe3-4da6-a923-2d2d6f3e1957 | ITER: 3 START
2019-10-28 00:58:44.539 11582 INFO rally.task.runner [-] Task 71ae9cba-0fe3-4da6-a923-2d2d6f3e1957 | ITER: 4 START
2019-10-28 00:58:45.049 11581 INFO rally.task.runner [-] Task 71ae9cba-0fe3-4da6-a923-2d2d6f3e1957 | ITER: 3 END: OK
2019-10-28 00:58:45.054 11581 INFO rally.task.runner [-] Task 71ae9cba-0fe3-4da6-a923-2d2d6f3e1957 | ITER: 5 START
2019-10-28 00:58:45.062 11582 INFO rally.task.runner [-] Task 71ae9cba-0fe3-4da6-a923-2d2d6f3e1957 | ITER: 4 END: OK
2019-10-28 00:58:45.062 11580 INFO rally.task.runner [-] Task 71ae9cba-0fe3-4da6-a923-2d2d6f3e1957 | ITER: 2 END: OK
2019-10-28 00:58:45.066 11582 INFO rally.task.runner [-] Task 71ae9cba-0fe3-4da6-a923-2d2d6f3e1957 | ITER: 6 START
2019-10-28 00:58:45.067 11580 INFO rally.task.runner [-] Task 71ae9cba-0fe3-4da6-a923-2d2d6f3e1957 | ITER: 7 START
2019-10-28 00:58:45.083 11579 INFO rally.task.runner [-] Task 71ae9cba-0fe3-4da6-a923-2d2d6f3e1957 | ITER: 1 END: OK
2019-10-28 00:58:45.087 11579 INFO rally.task.runner [-] Task 71ae9cba-0fe3-4da6-a923-2d2d6f3e1957 | ITER: 8 START
2019-10-28 00:58:45.458 11581 INFO rally.task.runner [-] Task 71ae9cba-0fe3-4da6-a923-2d2d6f3e1957 | ITER: 5 END: OK
2019-10-28 00:58:45.461 11581 INFO rally.task.runner [-] Task 71ae9cba-0fe3-4da6-a923-2d2d6f3e1957 | ITER: 9 START
2019-10-28 00:58:45.525 11582 INFO rally.task.runner [-] Task 71ae9cba-0fe3-4da6-a923-2d2d6f3e1957 | ITER: 6 END: OK
2019-10-28 00:58:45.528 11582 INFO rally.task.runner [-] Task 71ae9cba-0fe3-4da6-a923-2d2d6f3e1957 | ITER: 10 START
2019-10-28 00:58:45.531 11579 INFO rally.task.runner [-] Task 71ae9cba-0fe3-4da6-a923-2d2d6f3e1957 | ITER: 8 END: OK
2019-10-28 00:58:45.538 11580 INFO rally.task.runner [-] Task 71ae9cba-0fe3-4da6-a923-2d2d6f3e1957 | ITER: 7 END: OK
2019-10-28 00:58:45.962 11581 INFO rally.task.runner [-] Task 71ae9cba-0fe3-4da6-a923-2d2d6f3e1957 | ITER: 9 END: OK
2019-10-28 00:58:45.987 11582 INFO rally.task.runner [-] Task 71ae9cba-0fe3-4da6-a923-2d2d6f3e1957 | ITER: 10 END: OK
2019-10-28 00:58:46.016 8497 INFO rally.task.context [-] Task 71ae9cba-0fe3-4da6-a923-2d2d6f3e1957 | Context roles@openstack cleanup() started
2019-10-28 00:58:46.016 8497 RALLYDEBUG rally_openstack.contexts.keystone.roles [-] Removing assigned role 8ca31992548b441886267677a8dd0f84 from all users
2019-10-28 00:58:46.985 8497 INFO rally.task.context [-] Task 71ae9cba-0fe3-4da6-a923-2d2d6f3e1957 | Context roles@openstack cleanup() finished in 0.97 sec
2019-10-28 00:58:46.985 8497 INFO rally.task.context [-] Task 71ae9cba-0fe3-4da6-a923-2d2d6f3e1957 | Context users@openstack cleanup() started
2019-10-28 00:58:51.355 8497 INFO rally.task.context [-] Task 71ae9cba-0fe3-4da6-a923-2d2d6f3e1957 | Context users@openstack cleanup() finished in 4.37 sec
2019-10-28 00:58:52.128 8497 INFO rally.task.engine [-] Load duration is: 1.45636
2019-10-28 00:58:52.128 8497 INFO rally.task.engine [-] Full runner duration is: 1.504505
2019-10-28 00:58:52.129 8497 INFO rally.task.engine [-] Full duration is: 15.340048
2019-10-28 00:58:52.398 8497 INFO rally.task.engine [-] Task 71ae9cba-0fe3-4da6-a923-2d2d6f3e1957 | Completed: Running task.
2019-10-28 00:58:53.968 11671 RALLYDEBUG rally.api [-] INFO logs from urllib3 and requests module are hide.
2019-10-28 00:58:53.969 11671 RALLYDEBUG rally.api [-] urllib3 insecure warnings are hidden.
2019-10-28 00:58:53.969 11671 RALLYDEBUG rally.api [-] ERROR log from boto module is hide.
2019-10-28 00:58:55.018 11672 RALLYDEBUG rally.api [-] INFO logs from urllib3 and requests module are hide.
2019-10-28 00:58:55.018 11672 RALLYDEBUG rally.api [-] urllib3 insecure warnings are hidden.
2019-10-28 00:58:55.018 11672 RALLYDEBUG rally.api [-] ERROR log from boto module is hide.
2019-10-28 00:58:56.121 11673 RALLYDEBUG rally.api [-] INFO logs from urllib3 and requests module are hide.
2019-10-28 00:58:56.121 11673 RALLYDEBUG rally.api [-] urllib3 insecure warnings are hidden.
2019-10-28 00:58:56.122 11673 RALLYDEBUG rally.api [-] ERROR log from boto module is hide.
2019-10-28 00:58:57.834 11673 INFO rally.api [-] Building 'json' report for the following task(s): '71ae9cba-0fe3-4da6-a923-2d2d6f3e1957'.
2019-10-28 00:58:57.856 11673 INFO rally.api [-] The report has been successfully built.
2019-10-28 00:58:59.216 11675 RALLYDEBUG rally.api [-] INFO logs from urllib3 and requests module are hide.
2019-10-28 00:58:59.216 11675 RALLYDEBUG rally.api [-] urllib3 insecure warnings are hidden.
2019-10-28 00:58:59.216 11675 RALLYDEBUG rally.api [-] ERROR log from boto module is hide.
2019-10-28 00:59:00.870 11675 INFO rally.task.engine [-] Task 1336b30f-67ca-45d9-9ae6-45eefdbd7861 | Starting: Task validation.
2019-10-28 00:59:00.967 11675 INFO rally.task.engine [-] Task 1336b30f-67ca-45d9-9ae6-45eefdbd7861 | Starting: Task validation of syntax.
2019-10-28 00:59:01.112 11675 INFO rally.task.engine [-] Task 1336b30f-67ca-45d9-9ae6-45eefdbd7861 | Completed: Task validation of syntax.
2019-10-28 00:59:01.112 11675 INFO rally.task.engine [-] Task 1336b30f-67ca-45d9-9ae6-45eefdbd7861 | Starting: Task validation of required platforms.
2019-10-28 00:59:01.171 11675 INFO rally.task.engine [-] Task 1336b30f-67ca-45d9-9ae6-45eefdbd7861 | Completed: Task validation of required platforms.
2019-10-28 00:59:01.171 11675 INFO rally.task.engine [-] Task 1336b30f-67ca-45d9-9ae6-45eefdbd7861 | Starting: Task validation of semantic.
2019-10-28 00:59:01.172 11675 INFO rally.task.engine [-] Check health of the environment '14d1cdf6-4063-414e-94ac-aa0149de702c'.
2019-10-28 00:59:02.140 11675 INFO rally.task.engine [-] Platform existing@openstack (available: True): OK!
2019-10-28 00:59:02.174 11675 RALLYDEBUG rally_openstack.contexts.keystone.users [-] Creating 1 tenants using 20 threads
2019-10-28 00:59:03.014 11675 RALLYDEBUG rally_openstack.contexts.keystone.users [-] Creating 1 users using 20 threads
2019-10-28 00:59:04.434 11675 INFO rally.task.context [-] Task 1336b30f-67ca-45d9-9ae6-45eefdbd7861 | Context users@openstack setup() finished in 2.26 sec
2019-10-28 00:59:04.530 11675 INFO rally.task.context [-] Task 1336b30f-67ca-45d9-9ae6-45eefdbd7861 | Context users@openstack cleanup() started
2019-10-28 00:59:07.352 11675 INFO rally.task.context [-] Task 1336b30f-67ca-45d9-9ae6-45eefdbd7861 | Context users@openstack cleanup() finished in 2.82 sec
2019-10-28 00:59:07.353 11675 INFO rally.task.engine [-] Task 1336b30f-67ca-45d9-9ae6-45eefdbd7861 | Completed: Task validation of semantic.
2019-10-28 00:59:07.353 11675 INFO rally.task.engine [-] Task 1336b30f-67ca-45d9-9ae6-45eefdbd7861 | Completed: Task validation.
2019-10-28 00:59:07.354 11675 INFO rally.api [-] Task 1336b30f-67ca-45d9-9ae6-45eefdbd7861 input file is valid.
2019-10-28 00:59:07.354 11675 INFO rally.api [-] Run Task 1336b30f-67ca-45d9-9ae6-45eefdbd7861 against Deployment 14d1cdf6-4063-414e-94ac-aa0149de702c
2019-10-28 00:59:07.355 11675 INFO rally.task.engine [-] Task 1336b30f-67ca-45d9-9ae6-45eefdbd7861 | Starting: Running task.
2019-10-28 00:59:07.543 11675 INFO rally.task.engine [-] Running workload: position = 0 config = { "version": 2, "title": "A cropped version of a bigger task.", "description": "Auto-generated task from a single workload (uuid=fbf2ebf4-b379-4dad-9cd7-4bee18df0022)", "subtasks": [ { "title": "KeystoneBasic.add_and_remove_user_role", "description": "Create a user role add to a user and disassociate.", "scenario": { "KeystoneBasic.add_and_remove_user_role": {} }, "contexts": { "users": { "tenants": 3, "users_per_tenant": 2 } }, "runner": { "constant": { "concurrency": 4, "times": 10 } }, "hooks": [], "sla": { "failure_rate": { "max": 0 } } } ] }
2019-10-28 00:59:07.566 11675 RALLYDEBUG rally_openstack.contexts.keystone.users [-] Creating 3 tenants using 20 threads
2019-10-28 00:59:08.489 11675 RALLYDEBUG rally_openstack.contexts.keystone.users [-] Creating 6 users using 20 threads
2019-10-28 00:59:10.053 11675 INFO rally.task.context [-] Task 1336b30f-67ca-45d9-9ae6-45eefdbd7861 | Context users@openstack setup() finished in 2.49 sec
2019-10-28 00:59:10.054 11675 INFO rally.task.context [-] Task 1336b30f-67ca-45d9-9ae6-45eefdbd7861 | Context admin_cleanup@openstack setup() finished in 0.08 msec
2019-10-28 00:59:10.064 11675 RALLYDEBUG rally.task.runner [-] Starting the constant runner (task UUID: 1336b30f-67ca-45d9-9ae6-45eefdbd7861). times: 10 concurrency: 4 timeout: 0 max_cpu_used: 16 processes_to_start: 4 concurrency_per_worker: 1 concurrency_overhead: 0
2019-10-28 00:59:10.077 11799 RALLYDEBUG rally.task.runner [-] Starting a worker. times: 10 duration: None concurrency: 1 timeout: 0 cls: method_name: run args: {}
2019-10-28 00:59:10.081 11800 RALLYDEBUG rally.task.runner [-] Starting a worker. times: 10 duration: None concurrency: 1 timeout: 0 cls: method_name: run args: {}
2019-10-28 00:59:10.084 11799 INFO rally.task.runner [-] Task 1336b30f-67ca-45d9-9ae6-45eefdbd7861 | ITER: 1 START
2019-10-28 00:59:10.084 11801 RALLYDEBUG rally.task.runner [-] Starting a worker. times: 10 duration: None concurrency: 1 timeout: 0 cls: method_name: run args: {}
2019-10-28 00:59:10.087 11803 RALLYDEBUG rally.task.runner [-] Starting a worker. times: 10 duration: None concurrency: 1 timeout: 0 cls: method_name: run args: {}
2019-10-28 00:59:10.087 11800 INFO rally.task.runner [-] Task 1336b30f-67ca-45d9-9ae6-45eefdbd7861 | ITER: 2 START
2019-10-28 00:59:10.091 11801 INFO rally.task.runner [-] Task 1336b30f-67ca-45d9-9ae6-45eefdbd7861 | ITER: 3 START
2019-10-28 00:59:10.093 11803 INFO rally.task.runner [-] Task 1336b30f-67ca-45d9-9ae6-45eefdbd7861 | ITER: 4 START
2019-10-28 00:59:11.564 11803 INFO rally.task.runner [-] Task 1336b30f-67ca-45d9-9ae6-45eefdbd7861 | ITER: 4 END: OK
2019-10-28 00:59:11.569 11803 INFO rally.task.runner [-] Task 1336b30f-67ca-45d9-9ae6-45eefdbd7861 | ITER: 5 START
2019-10-28 00:59:11.571 11799 INFO rally.task.runner [-] Task 1336b30f-67ca-45d9-9ae6-45eefdbd7861 | ITER: 1 END: OK
2019-10-28 00:59:11.576 11799 INFO rally.task.runner [-] Task 1336b30f-67ca-45d9-9ae6-45eefdbd7861 | ITER: 6 START
2019-10-28 00:59:11.577 11801 INFO rally.task.runner [-] Task 1336b30f-67ca-45d9-9ae6-45eefdbd7861 | ITER: 3 END: OK
2019-10-28 00:59:11.581 11801 INFO rally.task.runner [-] Task 1336b30f-67ca-45d9-9ae6-45eefdbd7861 | ITER: 7 START
2019-10-28 00:59:11.645 11800 INFO rally.task.runner [-] Task 1336b30f-67ca-45d9-9ae6-45eefdbd7861 | ITER: 2 END: OK
2019-10-28 00:59:11.649 11800 INFO rally.task.runner [-] Task 1336b30f-67ca-45d9-9ae6-45eefdbd7861 | ITER: 8 START
2019-10-28 00:59:13.120 11803 INFO rally.task.runner [-] Task 1336b30f-67ca-45d9-9ae6-45eefdbd7861 | ITER: 5 END: OK
2019-10-28 00:59:13.123 11803 INFO rally.task.runner [-] Task 1336b30f-67ca-45d9-9ae6-45eefdbd7861 | ITER: 9 START
2019-10-28 00:59:13.197 11801 INFO rally.task.runner [-] Task 1336b30f-67ca-45d9-9ae6-45eefdbd7861 | ITER: 7 END: OK
2019-10-28 00:59:13.200 11801 INFO rally.task.runner [-] Task 1336b30f-67ca-45d9-9ae6-45eefdbd7861 | ITER: 10 START
2019-10-28 00:59:13.207 11799 INFO rally.task.runner [-] Task 1336b30f-67ca-45d9-9ae6-45eefdbd7861 | ITER: 6 END: OK
2019-10-28 00:59:13.280 11800 INFO rally.task.runner [-] Task 1336b30f-67ca-45d9-9ae6-45eefdbd7861 | ITER: 8 END: OK
2019-10-28 00:59:14.665 11803 INFO rally.task.runner [-] Task 1336b30f-67ca-45d9-9ae6-45eefdbd7861 | ITER: 9 END: OK
2019-10-28 00:59:14.749 11801 INFO rally.task.runner [-] Task 1336b30f-67ca-45d9-9ae6-45eefdbd7861 | ITER: 10 END: OK
2019-10-28 00:59:14.778 11675 INFO rally.task.context [-] Task 1336b30f-67ca-45d9-9ae6-45eefdbd7861 | Context admin_cleanup@openstack cleanup() started
2019-10-28 00:59:14.782 11675 RALLYDEBUG rally_openstack.cleanup.manager [-] Cleaning up keystone user objects
2019-10-28 00:59:15.608 11675 RALLYDEBUG rally_openstack.cleanup.manager [-] Cleaning up keystone project objects
2019-10-28 00:59:16.379 11675 RALLYDEBUG rally_openstack.cleanup.manager [-] Cleaning up keystone service objects
2019-10-28 00:59:17.121 11675 RALLYDEBUG rally_openstack.cleanup.manager [-] Cleaning up keystone role objects
2019-10-28 00:59:17.831 11675 RALLYDEBUG rally_openstack.cleanup.manager [-] Deleting keystone.role object s_rally_fbf2ebf4_8BnEZkWq (3fc51385adfb4a32bb55db349c06f2b0)
2019-10-28 00:59:17.856 11675 RALLYDEBUG rally_openstack.cleanup.manager [-] Deleting keystone.role object s_rally_fbf2ebf4_o54BE8Bz (9f329a094c8c4bf8b59922a777889034)
2019-10-28 00:59:17.864 11675 RALLYDEBUG rally_openstack.cleanup.manager [-] Deleting keystone.role object s_rally_fbf2ebf4_eWLe0ZmM (ab03fa68557f4f01964b056b0350b78d)
2019-10-28 00:59:17.870 11675 RALLYDEBUG rally_openstack.cleanup.manager [-] Deleting keystone.role object s_rally_fbf2ebf4_aSReRs6T (8393d352399646e196f60ee51fa274d4)
2019-10-28 00:59:17.879 11675 RALLYDEBUG rally_openstack.cleanup.manager [-] Deleting keystone.role object s_rally_fbf2ebf4_sVRstn1D (b450189aeedd4dbcb4507e31d719164d)
2019-10-28 00:59:17.890 11675 RALLYDEBUG rally_openstack.cleanup.manager [-] Deleting keystone.role object s_rally_fbf2ebf4_HU2hZ96e (d1900d5ac1c7464faeee5413029f1dca)
2019-10-28 00:59:17.899 11675 RALLYDEBUG rally_openstack.cleanup.manager [-] Deleting keystone.role object s_rally_fbf2ebf4_2anG35oD (bc9d75e7eb4f47cd86a390bf28fcd0e2)
2019-10-28 00:59:17.914 11675 RALLYDEBUG rally_openstack.cleanup.manager [-] Deleting keystone.role object s_rally_fbf2ebf4_lL0TwYdK (e479506180a846c3b29d84e3dacd911f)
2019-10-28 00:59:17.928 11675 RALLYDEBUG rally_openstack.cleanup.manager [-] Deleting keystone.role object s_rally_fbf2ebf4_YGLXybHY (e967dde01ae04e64952d3a23d1aff76c)
2019-10-28 00:59:17.941 11675 RALLYDEBUG rally_openstack.cleanup.manager [-] Deleting keystone.role object s_rally_fbf2ebf4_v92hr0yq (f022abb867c242e6ad1bee749cf479ef)
2019-10-28 00:59:20.131 11675 INFO rally.task.context [-] Task 1336b30f-67ca-45d9-9ae6-45eefdbd7861 | Context admin_cleanup@openstack cleanup() finished in 5.35 sec
2019-10-28 00:59:20.132 11675 INFO rally.task.context [-] Task 1336b30f-67ca-45d9-9ae6-45eefdbd7861 | Context users@openstack cleanup() started
2019-10-28 00:59:24.679 11675 INFO rally.task.context [-] Task 1336b30f-67ca-45d9-9ae6-45eefdbd7861 | Context users@openstack cleanup() finished in 4.55 sec
2019-10-28 00:59:25.717 11675 INFO rally.task.engine [-] Load duration is: 3.374337
2019-10-28 00:59:25.717 11675 INFO rally.task.engine [-] Full runner duration is: 4.715198
2019-10-28 00:59:25.718 11675 INFO rally.task.engine [-] Full duration is: 17.114902
2019-10-28 00:59:26.020 11675 INFO rally.task.engine [-] Running workload: position = 0 config = { "version": 2, "title": "A cropped version of a bigger task.", "description": "Auto-generated task from a single workload (uuid=77084ec0-9fdb-4a89-bff6-e0b05938c7e6)", "subtasks": [ { "title": "KeystoneBasic.create_add_and_list_user_roles", "description": "Create user role, add it and list user roles for given user.", "scenario": { "KeystoneBasic.create_add_and_list_user_roles": {} }, "contexts": { "users": { "tenants": 3, "users_per_tenant": 2 } }, "runner": { "constant": { "concurrency": 4, "times": 10 } }, "hooks": [], "sla": { "failure_rate": { "max": 0 } } } ] }
2019-10-28 00:59:26.044 11675 RALLYDEBUG rally_openstack.contexts.keystone.users [-] Creating 3 tenants using 20 threads
2019-10-28 00:59:27.041 11675 RALLYDEBUG rally_openstack.contexts.keystone.users [-] Creating 6 users using 20 threads
2019-10-28 00:59:28.600 11675 INFO rally.task.context [-] Task 1336b30f-67ca-45d9-9ae6-45eefdbd7861 | Context users@openstack setup() finished in 2.56 sec
2019-10-28 00:59:28.600 11675 INFO rally.task.context [-] Task 1336b30f-67ca-45d9-9ae6-45eefdbd7861 | Context admin_cleanup@openstack setup() finished in 0.01 msec
2019-10-28 00:59:28.609 11675 RALLYDEBUG rally.task.runner [-] Starting the constant runner (task UUID: 1336b30f-67ca-45d9-9ae6-45eefdbd7861). times: 10 concurrency: 4 timeout: 0 max_cpu_used: 16 processes_to_start: 4 concurrency_per_worker: 1 concurrency_overhead: 0
2019-10-28 00:59:28.621 11983 RALLYDEBUG rally.task.runner [-] Starting a worker. times: 10 duration: None concurrency: 1 timeout: 0 cls: method_name: run args: {}
2019-10-28 00:59:28.624 11984 RALLYDEBUG rally.task.runner [-] Starting a worker. times: 10 duration: None concurrency: 1 timeout: 0 cls: method_name: run args: {}
2019-10-28 00:59:28.628 11983 INFO rally.task.runner [-] Task 1336b30f-67ca-45d9-9ae6-45eefdbd7861 | ITER: 1 START
2019-10-28 00:59:28.628 11985 RALLYDEBUG rally.task.runner [-] Starting a worker. times: 10 duration: None concurrency: 1 timeout: 0 cls: method_name: run args: {}
2019-10-28 00:59:28.631 11984 INFO rally.task.runner [-] Task 1336b30f-67ca-45d9-9ae6-45eefdbd7861 | ITER: 2 START
2019-10-28 00:59:28.631 11987 RALLYDEBUG rally.task.runner [-] Starting a worker. times: 10 duration: None concurrency: 1 timeout: 0 cls: method_name: run args: {}
2019-10-28 00:59:28.635 11985 INFO rally.task.runner [-] Task 1336b30f-67ca-45d9-9ae6-45eefdbd7861 | ITER: 3 START
2019-10-28 00:59:28.637 11987 INFO rally.task.runner [-] Task 1336b30f-67ca-45d9-9ae6-45eefdbd7861 | ITER: 4 START
2019-10-28 00:59:30.092 11983 INFO rally.task.runner [-] Task 1336b30f-67ca-45d9-9ae6-45eefdbd7861 | ITER: 1 END: OK
2019-10-28 00:59:30.096 11987 INFO rally.task.runner [-] Task 1336b30f-67ca-45d9-9ae6-45eefdbd7861 | ITER: 4 END: OK
2019-10-28 00:59:30.097 11983 INFO rally.task.runner [-] Task 1336b30f-67ca-45d9-9ae6-45eefdbd7861 | ITER: 5 START
2019-10-28 00:59:30.100 11987 INFO rally.task.runner [-] Task 1336b30f-67ca-45d9-9ae6-45eefdbd7861 | ITER: 6 START
2019-10-28 00:59:30.194 11984 INFO rally.task.runner [-] Task 1336b30f-67ca-45d9-9ae6-45eefdbd7861 | ITER: 2 END: OK
2019-10-28 00:59:30.199 11984 INFO rally.task.runner [-] Task 1336b30f-67ca-45d9-9ae6-45eefdbd7861 | ITER: 7 START
2019-10-28 00:59:30.297 11985 INFO rally.task.runner [-] Task 1336b30f-67ca-45d9-9ae6-45eefdbd7861 | ITER: 3 END: OK
2019-10-28 00:59:30.302 11985 INFO rally.task.runner [-] Task 1336b30f-67ca-45d9-9ae6-45eefdbd7861 | ITER: 8 START
2019-10-28 00:59:31.541 11983 INFO rally.task.runner [-] Task 1336b30f-67ca-45d9-9ae6-45eefdbd7861 | ITER: 5 END: OK
2019-10-28 00:59:31.544 11987 INFO rally.task.runner [-] Task 1336b30f-67ca-45d9-9ae6-45eefdbd7861 | ITER: 6 END: OK
2019-10-28 00:59:31.546 11983 INFO rally.task.runner [-] Task 1336b30f-67ca-45d9-9ae6-45eefdbd7861 | ITER: 9 START
2019-10-28 00:59:31.547 11987 INFO rally.task.runner [-] Task 1336b30f-67ca-45d9-9ae6-45eefdbd7861 | ITER: 10 START
2019-10-28 00:59:31.808 11985 INFO rally.task.runner [-] Task 1336b30f-67ca-45d9-9ae6-45eefdbd7861 | ITER: 8 END: OK
2019-10-28 00:59:31.897 11984 INFO rally.task.runner [-] Task 1336b30f-67ca-45d9-9ae6-45eefdbd7861 | ITER: 7 END: OK
2019-10-28 00:59:33.042 11987 INFO rally.task.runner [-] Task 1336b30f-67ca-45d9-9ae6-45eefdbd7861 | ITER: 10 END: OK
2019-10-28 00:59:33.045 11983 INFO rally.task.runner [-] Task 1336b30f-67ca-45d9-9ae6-45eefdbd7861 | ITER: 9 END: OK
2019-10-28 00:59:33.071 11675 INFO rally.task.context [-] Task 1336b30f-67ca-45d9-9ae6-45eefdbd7861 | Context admin_cleanup@openstack cleanup() started
2019-10-28 00:59:33.075 11675 RALLYDEBUG rally_openstack.cleanup.manager [-] Cleaning up keystone user objects
2019-10-28 00:59:33.868 11675 RALLYDEBUG rally_openstack.cleanup.manager [-] Cleaning up keystone project objects
2019-10-28 00:59:34.596 11675 RALLYDEBUG rally_openstack.cleanup.manager [-] Cleaning up keystone service objects
2019-10-28 00:59:35.359 11675 RALLYDEBUG rally_openstack.cleanup.manager [-] Cleaning up keystone role objects
2019-10-28 00:59:36.077 11675 RALLYDEBUG rally_openstack.cleanup.manager [-] Deleting keystone.role object s_rally_77084ec0_7egC4Sly (1b85e7eafbc24ca1910fd655a12243e4)
2019-10-28 00:59:36.091 11675 RALLYDEBUG rally_openstack.cleanup.manager [-] Deleting keystone.role object s_rally_77084ec0_ZFt6669A (5f541552417946dbb1a08b5ff70b01dc)
2019-10-28 00:59:36.095 11675 RALLYDEBUG rally_openstack.cleanup.manager [-] Deleting keystone.role object s_rally_77084ec0_XGR7JhLc (6426a2fd0a6248e9ac52e2ed15c9d248)
2019-10-28 00:59:36.097 11675 RALLYDEBUG rally_openstack.cleanup.manager [-] Deleting keystone.role object s_rally_77084ec0_Za94gMET (51b60c8bc94541feb5e2a53d68299a1f)
2019-10-28 00:59:36.109 11675 RALLYDEBUG rally_openstack.cleanup.manager [-] Deleting keystone.role object s_rally_77084ec0_DIjtFkVL (65300e90a7d74047854f12b044627dcd)
2019-10-28 00:59:36.130 11675 RALLYDEBUG rally_openstack.cleanup.manager [-] Deleting keystone.role object s_rally_77084ec0_EQ5PuYDG (847d0bc6d4e14e30bea81f9d9b88c632)
2019-10-28 00:59:36.149 11675 RALLYDEBUG rally_openstack.cleanup.manager [-] Deleting keystone.role object s_rally_77084ec0_7gdr4LB9 (9826e091823d4e72b4d15635f75c8a34)
2019-10-28 00:59:36.156 11675 RALLYDEBUG rally_openstack.cleanup.manager [-] Deleting keystone.role object s_rally_77084ec0_uTwRdvdN (acf107624058492f8888de4bf905078e)
2019-10-28 00:59:36.180 11675 RALLYDEBUG rally_openstack.cleanup.manager [-] Deleting keystone.role object s_rally_77084ec0_QML43zcu (dcaf64e4acb348a7b0eb28c6a709c492)
2019-10-28 00:59:36.195 11675 RALLYDEBUG rally_openstack.cleanup.manager [-] Deleting keystone.role object s_rally_77084ec0_8H98M8x4 (c63926dc44b242f9a54e685b38202413)
2019-10-28 00:59:38.450 11675 INFO rally.task.context [-] Task 1336b30f-67ca-45d9-9ae6-45eefdbd7861 | Context admin_cleanup@openstack cleanup() finished in 5.38 sec
2019-10-28 00:59:38.451 11675 INFO rally.task.context [-] Task 1336b30f-67ca-45d9-9ae6-45eefdbd7861 | Context users@openstack cleanup() started
2019-10-28 00:59:43.023 11675 INFO rally.task.context [-] Task 1336b30f-67ca-45d9-9ae6-45eefdbd7861 | Context users@openstack cleanup() finished in 4.57 sec
2019-10-28 00:59:44.248 11675 INFO rally.task.engine [-] Load duration is: 3.133257
2019-10-28 00:59:44.248 11675 INFO rally.task.engine [-] Full runner duration is: 4.46248
2019-10-28 00:59:44.248 11675 INFO rally.task.engine [-] Full duration is: 16.980902
2019-10-28 00:59:44.524 11675 INFO rally.task.engine [-] Running workload: position = 0 config = { "version": 2, "title": "A cropped version of a bigger task.", "description": "Auto-generated task from a single workload (uuid=c5e37c5d-e01f-4ab2-accf-6b5d88c73313)", "subtasks": [ { "title": "KeystoneBasic.create_and_list_tenants", "description": "Create a keystone tenant with random name and list all tenants.", "scenario": { "KeystoneBasic.create_and_list_tenants": {} }, "contexts": { "users": { "tenants": 3, "users_per_tenant": 2 } }, "runner": { "constant": { "concurrency": 4, "times": 10 } }, "hooks": [], "sla": { "failure_rate": { "max": 0 } } } ] }
2019-10-28 00:59:44.549 11675 RALLYDEBUG rally_openstack.contexts.keystone.users [-] Creating 3 tenants using 20 threads
2019-10-28 00:59:45.522 11675 RALLYDEBUG rally_openstack.contexts.keystone.users [-] Creating 6 users using 20 threads
2019-10-28 00:59:47.064 11675 INFO rally.task.context [-] Task 1336b30f-67ca-45d9-9ae6-45eefdbd7861 | Context users@openstack setup() finished in 2.51 sec
2019-10-28 00:59:47.065 11675 INFO rally.task.context [-] Task 1336b30f-67ca-45d9-9ae6-45eefdbd7861 | Context admin_cleanup@openstack setup() finished in 0.02 msec
2019-10-28 00:59:47.074 11675 RALLYDEBUG rally.task.runner [-] Starting the constant runner (task UUID: 1336b30f-67ca-45d9-9ae6-45eefdbd7861). times: 10 concurrency: 4 timeout: 0 max_cpu_used: 16 processes_to_start: 4 concurrency_per_worker: 1 concurrency_overhead: 0
2019-10-28 00:59:47.085 12167 RALLYDEBUG rally.task.runner [-] Starting a worker. times: 10 duration: None concurrency: 1 timeout: 0 cls: method_name: run args: {}
2019-10-28 00:59:47.089 12168 RALLYDEBUG rally.task.runner [-] Starting a worker. times: 10 duration: None concurrency: 1 timeout: 0 cls: method_name: run args: {}
2019-10-28 00:59:47.092 12167 INFO rally.task.runner [-] Task 1336b30f-67ca-45d9-9ae6-45eefdbd7861 | ITER: 1 START
2019-10-28 00:59:47.092 12169 RALLYDEBUG rally.task.runner [-] Starting a worker. times: 10 duration: None concurrency: 1 timeout: 0 cls: method_name: run args: {}
2019-10-28 00:59:47.095 12168 INFO rally.task.runner [-] Task 1336b30f-67ca-45d9-9ae6-45eefdbd7861 | ITER: 2 START
2019-10-28 00:59:47.096 12171 RALLYDEBUG rally.task.runner [-] Starting a worker. times: 10 duration: None concurrency: 1 timeout: 0 cls: method_name: run args: {}
2019-10-28 00:59:47.099 12169 INFO rally.task.runner [-] Task 1336b30f-67ca-45d9-9ae6-45eefdbd7861 | ITER: 3 START
2019-10-28 00:59:47.102 12171 INFO rally.task.runner [-] Task 1336b30f-67ca-45d9-9ae6-45eefdbd7861 | ITER: 4 START
2019-10-28 00:59:48.612 12169 INFO rally.task.runner [-] Task 1336b30f-67ca-45d9-9ae6-45eefdbd7861 | ITER: 3 END: OK
