2019-10-28 00:53:16.254 10108 RALLYDEBUG rally.task.runner [-] Starting a worker. times: 10 duration: None concurrency: 1 timeout: 0 cls: method_name: run args: {"template_path": "heat_template_version: 2014-10-16\n\ndescription: Test template for rally create-update-delete scenario\n\nresources:\n test_string_one:\n type: OS::Heat::RandomString\n properties:\n length: 20\n test_string_two:\n type: OS::Heat::RandomString\n properties:\n length: 20", "updated_template_path": "heat_template_version: 2014-10-16\n\ndescription: >\n Test template for create-update-delete-stack scenario in rally.\n The template updates the stack defined by random_strings.yaml.template with additional resource.\n\nresources:\n test_string_one:\n type: OS::Heat::RandomString\n properties:\n length: 20\n test_string_two:\n type: OS::Heat::RandomString\n properties:\n length: 20\n test_string_three:\n type: OS::Heat::RandomString\n properties:\n length: 20"}
2019-10-28 00:53:16.258 10107 INFO rally.task.runner [-] Task 71ae9cba-0fe3-4da6-a923-2d2d6f3e1957 | ITER: 1 START
2019-10-28 00:53:16.258 10109 RALLYDEBUG rally.task.runner [-] Starting a worker. times: 10 duration: None concurrency: 1 timeout: 0 cls: method_name: run args: {"template_path": "heat_template_version: 2014-10-16\n\ndescription: Test template for rally create-update-delete scenario\n\nresources:\n test_string_one:\n type: OS::Heat::RandomString\n properties:\n length: 20\n test_string_two:\n type: OS::Heat::RandomString\n properties:\n length: 20", "updated_template_path": "heat_template_version: 2014-10-16\n\ndescription: >\n Test template for create-update-delete-stack scenario in rally.\n The template updates the stack defined by random_strings.yaml.template with additional resource.\n\nresources:\n test_string_one:\n type: OS::Heat::RandomString\n properties:\n length: 20\n test_string_two:\n type: OS::Heat::RandomString\n properties:\n length: 20\n test_string_three:\n type: OS::Heat::RandomString\n properties:\n length: 20"}
2019-10-28 00:53:16.261 10108 INFO rally.task.runner [-] Task 71ae9cba-0fe3-4da6-a923-2d2d6f3e1957 | ITER: 2 START
2019-10-28 00:53:16.261 10110 RALLYDEBUG rally.task.runner [-] Starting a worker. times: 10 duration: None concurrency: 1 timeout: 0 cls: method_name: run args: {"template_path": "heat_template_version: 2014-10-16\n\ndescription: Test template for rally create-update-delete scenario\n\nresources:\n test_string_one:\n type: OS::Heat::RandomString\n properties:\n length: 20\n test_string_two:\n type: OS::Heat::RandomString\n properties:\n length: 20", "updated_template_path": "heat_template_version: 2014-10-16\n\ndescription: >\n Test template for create-update-delete-stack scenario in rally.\n The template updates the stack defined by random_strings.yaml.template with additional resource.\n\nresources:\n test_string_one:\n type: OS::Heat::RandomString\n properties:\n length: 20\n test_string_two:\n type: OS::Heat::RandomString\n properties:\n length: 20\n test_string_three:\n type: OS::Heat::RandomString\n properties:\n length: 20"}
2019-10-28 00:53:16.265 10109 INFO rally.task.runner [-] Task 71ae9cba-0fe3-4da6-a923-2d2d6f3e1957 | ITER: 3 START
2019-10-28 00:53:16.267 10110 INFO rally.task.runner [-] Task 71ae9cba-0fe3-4da6-a923-2d2d6f3e1957 | ITER: 4 START
2019-10-28 00:53:19.629 10110 RALLYDEBUG rally.task.utils [-] Waiting for resource . Status changed: CREATE_IN_PROGRESS => CREATE_COMPLETE in 0.06861209869384766
2019-10-28 00:53:19.637 10108 RALLYDEBUG rally.task.utils [-] Waiting for resource . Status changed: CREATE_IN_PROGRESS => CREATE_COMPLETE in 0.06817507743835449
2019-10-28 00:53:19.652 10109 RALLYDEBUG rally.task.utils [-] Waiting for resource . Status changed: CREATE_IN_PROGRESS => CREATE_COMPLETE in 0.06840634346008301
2019-10-28 00:53:19.696 10107 RALLYDEBUG rally.task.utils [-] Waiting for resource . Status changed: CREATE_IN_PROGRESS => CREATE_COMPLETE in 0.07273483276367188
2019-10-28 00:53:21.814 10110 RALLYDEBUG rally.task.utils [-] Waiting for resource . Status changed: CREATE_COMPLETE => UPDATE_IN_PROGRESS in 0.0810093879699707
2019-10-28 00:53:21.824 10108 RALLYDEBUG rally.task.utils [-] Waiting for resource . Status changed: CREATE_COMPLETE => UPDATE_IN_PROGRESS in 0.08655738830566406
2019-10-28 00:53:21.856 10109 RALLYDEBUG rally.task.utils [-] Waiting for resource . Status changed: CREATE_COMPLETE => UPDATE_IN_PROGRESS in 0.09798073768615723
2019-10-28 00:53:21.890 10107 RALLYDEBUG rally.task.utils [-] Waiting for resource . Status changed: CREATE_COMPLETE => UPDATE_IN_PROGRESS in 0.10486841201782227
2019-10-28 00:53:22.883 10110 RALLYDEBUG rally.task.utils [-] Waiting for resource . Status changed: UPDATE_IN_PROGRESS => UPDATE_COMPLETE in 1.0690231323242188
2019-10-28 00:53:22.894 10108 RALLYDEBUG rally.task.utils [-] Waiting for resource . Status changed: UPDATE_IN_PROGRESS => UPDATE_COMPLETE in 1.0696089267730713
2019-10-28 00:53:22.925 10109 RALLYDEBUG rally.task.utils [-] Waiting for resource . Status changed: UPDATE_IN_PROGRESS => UPDATE_COMPLETE in 1.0688769817352295
2019-10-28 00:53:22.964 10107 RALLYDEBUG rally.task.utils [-] Waiting for resource . Status changed: UPDATE_IN_PROGRESS => UPDATE_COMPLETE in 1.0738799571990967
2019-10-28 00:53:23.014 10108 RALLYDEBUG rally.task.utils [-] Waiting for resource . Status changed: CREATE_COMPLETE => DELETE_IN_PROGRESS in 0.058997392654418945
2019-10-28 00:53:23.017 10110 RALLYDEBUG rally.task.utils [-] Waiting for resource . Status changed: CREATE_COMPLETE => DELETE_IN_PROGRESS in 0.07607030868530273
2019-10-28 00:53:23.032 10109 RALLYDEBUG rally.task.utils [-] Waiting for resource . Status changed: CREATE_COMPLETE => DELETE_IN_PROGRESS in 0.05035591125488281
2019-10-28 00:53:23.088 10107 RALLYDEBUG rally.task.utils [-] Waiting for resource . Status changed: CREATE_COMPLETE => DELETE_IN_PROGRESS in 0.048568010330200195
2019-10-28 00:53:25.133 10108 INFO rally.task.runner [-] Task 71ae9cba-0fe3-4da6-a923-2d2d6f3e1957 | ITER: 2 END: OK
2019-10-28 00:53:25.137 10108 INFO rally.task.runner [-] Task 71ae9cba-0fe3-4da6-a923-2d2d6f3e1957 | ITER: 5 START
2019-10-28 00:53:25.138 10110 INFO rally.task.runner [-] Task 71ae9cba-0fe3-4da6-a923-2d2d6f3e1957 | ITER: 4 END: OK
2019-10-28 00:53:25.143 10110 INFO rally.task.runner [-] Task 71ae9cba-0fe3-4da6-a923-2d2d6f3e1957 | ITER: 6 START
2019-10-28 00:53:25.149 10109 INFO rally.task.runner [-] Task 71ae9cba-0fe3-4da6-a923-2d2d6f3e1957 | ITER: 3 END: OK
2019-10-28 00:53:25.154 10109 INFO rally.task.runner [-] Task 71ae9cba-0fe3-4da6-a923-2d2d6f3e1957 | ITER: 7 START
2019-10-28 00:53:25.205 10107 INFO rally.task.runner [-] Task 71ae9cba-0fe3-4da6-a923-2d2d6f3e1957 | ITER: 1 END: OK
2019-10-28 00:53:25.210 10107 INFO rally.task.runner [-] Task 71ae9cba-0fe3-4da6-a923-2d2d6f3e1957 | ITER: 8 START
2019-10-28 00:53:28.537 10108 RALLYDEBUG rally.task.utils [-] Waiting for resource . Status changed: CREATE_IN_PROGRESS => CREATE_COMPLETE in 0.06728482246398926
2019-10-28 00:53:28.669 10110 RALLYDEBUG rally.task.utils [-] Waiting for resource . Status changed: CREATE_IN_PROGRESS => CREATE_COMPLETE in 0.06363105773925781
2019-10-28 00:53:28.725 10107 RALLYDEBUG rally.task.utils [-] Waiting for resource . Status changed: CREATE_IN_PROGRESS => CREATE_COMPLETE in 0.060303449630737305
2019-10-28 00:53:28.745 10109 RALLYDEBUG rally.task.utils [-] Waiting for resource . Status changed: CREATE_IN_PROGRESS => CREATE_COMPLETE in 0.06168246269226074
2019-10-28 00:53:30.712 10108 RALLYDEBUG rally.task.utils [-] Waiting for resource . Status changed: CREATE_COMPLETE => UPDATE_IN_PROGRESS in 0.0734555721282959
2019-10-28 00:53:30.842 10110 RALLYDEBUG rally.task.utils [-] Waiting for resource . Status changed: CREATE_COMPLETE => UPDATE_IN_PROGRESS in 0.07306885719299316
2019-10-28 00:53:30.877 10107 RALLYDEBUG rally.task.utils [-] Waiting for resource . Status changed: CREATE_COMPLETE => UPDATE_IN_PROGRESS in 0.06512951850891113
2019-10-28 00:53:30.891 10109 RALLYDEBUG rally.task.utils [-] Waiting for resource . Status changed: CREATE_COMPLETE => UPDATE_IN_PROGRESS in 0.05913376808166504
2019-10-28 00:53:31.785 10108 RALLYDEBUG rally.task.utils [-] Waiting for resource . Status changed: UPDATE_IN_PROGRESS => UPDATE_COMPLETE in 1.0726532936096191
2019-10-28 00:53:31.918 10110 RALLYDEBUG rally.task.utils [-] Waiting for resource . Status changed: UPDATE_IN_PROGRESS => UPDATE_COMPLETE in 1.0764448642730713
2019-10-28 00:53:31.924 10108 RALLYDEBUG rally.task.utils [-] Waiting for resource . Status changed: CREATE_COMPLETE => DELETE_IN_PROGRESS in 0.07173848152160645
2019-10-28 00:53:31.939 10107 RALLYDEBUG rally.task.utils [-] Waiting for resource . Status changed: UPDATE_IN_PROGRESS => UPDATE_COMPLETE in 1.0623669624328613
2019-10-28 00:53:31.959 10109 RALLYDEBUG rally.task.utils [-] Waiting for resource . Status changed: UPDATE_IN_PROGRESS => UPDATE_COMPLETE in 1.0678205490112305
2019-10-28 00:53:32.042 10110 RALLYDEBUG rally.task.utils [-] Waiting for resource . Status changed: CREATE_COMPLETE => DELETE_IN_PROGRESS in 0.06444311141967773
2019-10-28 00:53:32.050 10107 RALLYDEBUG rally.task.utils [-] Waiting for resource . Status changed: CREATE_COMPLETE => DELETE_IN_PROGRESS in 0.055319786071777344
2019-10-28 00:53:32.077 10109 RALLYDEBUG rally.task.utils [-] Waiting for resource . Status changed: CREATE_COMPLETE => DELETE_IN_PROGRESS in 0.05694437026977539
2019-10-28 00:53:34.042 10108 INFO rally.task.runner [-] Task 71ae9cba-0fe3-4da6-a923-2d2d6f3e1957 | ITER: 5 END: OK
2019-10-28 00:53:34.047 10108 INFO rally.task.runner [-] Task 71ae9cba-0fe3-4da6-a923-2d2d6f3e1957 | ITER: 9 START
2019-10-28 00:53:34.159 10110 INFO rally.task.runner [-] Task 71ae9cba-0fe3-4da6-a923-2d2d6f3e1957 | ITER: 6 END: OK
2019-10-28 00:53:34.161 10107 INFO rally.task.runner [-] Task 71ae9cba-0fe3-4da6-a923-2d2d6f3e1957 | ITER: 8 END: OK
2019-10-28 00:53:34.162 10110 INFO rally.task.runner [-] Task 71ae9cba-0fe3-4da6-a923-2d2d6f3e1957 | ITER: 10 START
2019-10-28 00:53:34.182 10109 INFO rally.task.runner [-] Task 71ae9cba-0fe3-4da6-a923-2d2d6f3e1957 | ITER: 7 END: OK
2019-10-28 00:53:37.449 10108 RALLYDEBUG rally.task.utils [-] Waiting for resource . Status changed: CREATE_IN_PROGRESS => CREATE_COMPLETE in 0.08138728141784668
2019-10-28 00:53:37.574 10110 RALLYDEBUG rally.task.utils [-] Waiting for resource . Status changed: CREATE_IN_PROGRESS => CREATE_COMPLETE in 0.06750106811523438
2019-10-28 00:53:39.624 10108 RALLYDEBUG rally.task.utils [-] Waiting for resource . Status changed: CREATE_COMPLETE => UPDATE_IN_PROGRESS in 0.06763887405395508
2019-10-28 00:53:39.745 10110 RALLYDEBUG rally.task.utils [-] Waiting for resource . Status changed: CREATE_COMPLETE => UPDATE_IN_PROGRESS in 0.06447982788085938
2019-10-28 00:53:40.698 10108 RALLYDEBUG rally.task.utils [-] Waiting for resource . Status changed: UPDATE_IN_PROGRESS => UPDATE_COMPLETE in 1.0744903087615967
2019-10-28 00:53:40.809 10110 RALLYDEBUG rally.task.utils [-] Waiting for resource . Status changed: UPDATE_IN_PROGRESS => UPDATE_COMPLETE in 1.0641734600067139
2019-10-28 00:53:40.820 10108 RALLYDEBUG rally.task.utils [-] Waiting for resource . Status changed: CREATE_COMPLETE => DELETE_IN_PROGRESS in 0.05592799186706543
2019-10-28 00:53:40.914 10110 RALLYDEBUG rally.task.utils [-] Waiting for resource . Status changed: CREATE_COMPLETE => DELETE_IN_PROGRESS in 0.04977679252624512
2019-10-28 00:53:42.945 10108 INFO rally.task.runner [-] Task 71ae9cba-0fe3-4da6-a923-2d2d6f3e1957 | ITER: 9 END: OK
2019-10-28 00:53:43.031 10110 INFO rally.task.runner [-] Task 71ae9cba-0fe3-4da6-a923-2d2d6f3e1957 | ITER: 10 END: OK
2019-10-28 00:53:43.062 8497 INFO rally.task.context [-] Task 71ae9cba-0fe3-4da6-a923-2d2d6f3e1957 | Context cleanup@openstack cleanup() started
2019-10-28 00:53:43.068 8497 RALLYDEBUG rally_openstack.cleanup.manager [-] Cleaning up heat stacks objects
2019-10-28 00:53:44.590 8497 INFO rally.task.context [-] Task 71ae9cba-0fe3-4da6-a923-2d2d6f3e1957 | Context cleanup@openstack cleanup() finished in 1.53 sec
2019-10-28 00:53:44.591 8497 INFO rally.task.context [-] Task 71ae9cba-0fe3-4da6-a923-2d2d6f3e1957 | Context roles@openstack cleanup() started
2019-10-28 00:53:44.591 8497 RALLYDEBUG rally_openstack.contexts.keystone.roles [-] Removing assigned role 8ca31992548b441886267677a8dd0f84 from all users
2019-10-28 00:53:45.545 8497 INFO rally.task.context [-] Task 71ae9cba-0fe3-4da6-a923-2d2d6f3e1957 | Context roles@openstack cleanup() finished in 0.95 sec
2019-10-28 00:53:45.546 8497 INFO rally.task.context [-] Task 71ae9cba-0fe3-4da6-a923-2d2d6f3e1957 | Context users@openstack cleanup() started
2019-10-28 00:53:50.004 8497 INFO rally.task.context [-] Task 71ae9cba-0fe3-4da6-a923-2d2d6f3e1957 | Context users@openstack cleanup() finished in 4.46 sec
2019-10-28 00:53:50.183 8497 INFO rally.task.engine [-] Load duration is: 22.771479
2019-10-28 00:53:50.183 8497 INFO rally.task.engine [-] Full runner duration is: 26.821994
2019-10-28 00:53:50.184 8497 INFO rally.task.engine [-] Full duration is: 42.064045
2019-10-28 00:53:50.390 8497 INFO rally.task.engine [-] Running workload: position = 1 config = { "version": 2, "title": "A cropped version of a bigger task.", "description": "Auto-generated task from a single workload (uuid=3d1f1137-f496-4bd0-be68-ed3b45f75164)", "subtasks": [ { "title": "HeatStacks.create_update_delete_stack", "description": "Create, update and then delete a stack.", "scenario": { "HeatStacks.create_update_delete_stack": { "template_path": "/usr/lib/python3.6/site-packages/functest/opnfv_tests/openstack/rally/scenario/templates/random_strings.yaml.template", "updated_template_path": "/usr/lib/python3.6/site-packages/functest/opnfv_tests/openstack/rally/scenario/templates/updated_random_strings_delete.yaml.template" } }, "contexts": { "users": { "tenants": 3, "users_per_tenant": 2 }, "roles": [ "heat_stack_owner" ] }, "runner": { "constant": { "concurrency": 4, "times": 10 } }, "hooks": [], "sla": { "failure_rate": { "max": 0 } } } ] }
2019-10-28 00:53:50.416 8497 RALLYDEBUG rally_openstack.contexts.keystone.users [-] Creating 3 tenants using 20 threads
2019-10-28 00:53:51.421 8497 RALLYDEBUG rally_openstack.contexts.keystone.users [-] Creating 6 users using 20 threads
2019-10-28 00:53:53.030 8497 INFO rally.task.context [-] Task 71ae9cba-0fe3-4da6-a923-2d2d6f3e1957 | Context users@openstack setup() finished in 2.61 sec
2019-10-28 00:53:53.734 8497 RALLYDEBUG rally_openstack.contexts.keystone.roles [-] Adding role heat_stack_owner having ID 8ca31992548b441886267677a8dd0f84 to all users using 30 threads
2019-10-28 00:53:58.902 8497 INFO rally.task.context [-] Task 71ae9cba-0fe3-4da6-a923-2d2d6f3e1957 | Context roles@openstack setup() finished in 5.87 sec
2019-10-28 00:53:58.903 8497 INFO rally.task.context [-] Task 71ae9cba-0fe3-4da6-a923-2d2d6f3e1957 | Context cleanup@openstack setup() finished in 0.07 msec
2019-10-28 00:53:58.914 8497 RALLYDEBUG rally.task.runner [-] Starting the constant runner (task UUID: 71ae9cba-0fe3-4da6-a923-2d2d6f3e1957). times: 10 concurrency: 4 timeout: 0 max_cpu_used: 16 processes_to_start: 4 concurrency_per_worker: 1 concurrency_overhead: 0
2019-10-28 00:53:58.926 10291 RALLYDEBUG rally.task.runner [-] Starting a worker. times: 10 duration: None concurrency: 1 timeout: 0 cls: method_name: run args: {"template_path": "heat_template_version: 2014-10-16\n\ndescription: Test template for rally create-update-delete scenario\n\nresources:\n test_string_one:\n type: OS::Heat::RandomString\n properties:\n length: 20\n test_string_two:\n type: OS::Heat::RandomString\n properties:\n length: 20", "updated_template_path": "heat_template_version: 2014-10-16\n\ndescription: >\n Test template for create-update-delete-stack scenario in rally.\n The template deletes one resource from the stack defined by random_strings.yaml.template.\n\nresources:\n test_string_one:\n type: OS::Heat::RandomString\n properties:\n length: 20"}
2019-10-28 00:53:58.930 10292 RALLYDEBUG rally.task.runner [-] Starting a worker. times: 10 duration: None concurrency: 1 timeout: 0 cls: method_name: run args: {"template_path": "heat_template_version: 2014-10-16\n\ndescription: Test template for rally create-update-delete scenario\n\nresources:\n test_string_one:\n type: OS::Heat::RandomString\n properties:\n length: 20\n test_string_two:\n type: OS::Heat::RandomString\n properties:\n length: 20", "updated_template_path": "heat_template_version: 2014-10-16\n\ndescription: >\n Test template for create-update-delete-stack scenario in rally.\n The template deletes one resource from the stack defined by random_strings.yaml.template.\n\nresources:\n test_string_one:\n type: OS::Heat::RandomString\n properties:\n length: 20"}
2019-10-28 00:53:58.933 10291 INFO rally.task.runner [-] Task 71ae9cba-0fe3-4da6-a923-2d2d6f3e1957 | ITER: 1 START
2019-10-28 00:53:58.933 10293 RALLYDEBUG rally.task.runner [-] Starting a worker. times: 10 duration: None concurrency: 1 timeout: 0 cls: method_name: run args: {"template_path": "heat_template_version: 2014-10-16\n\ndescription: Test template for rally create-update-delete scenario\n\nresources:\n test_string_one:\n type: OS::Heat::RandomString\n properties:\n length: 20\n test_string_two:\n type: OS::Heat::RandomString\n properties:\n length: 20", "updated_template_path": "heat_template_version: 2014-10-16\n\ndescription: >\n Test template for create-update-delete-stack scenario in rally.\n The template deletes one resource from the stack defined by random_strings.yaml.template.\n\nresources:\n test_string_one:\n type: OS::Heat::RandomString\n properties:\n length: 20"}
2019-10-28 00:53:58.936 10292 INFO rally.task.runner [-] Task 71ae9cba-0fe3-4da6-a923-2d2d6f3e1957 | ITER: 2 START
2019-10-28 00:53:58.937 10294 RALLYDEBUG rally.task.runner [-] Starting a worker. times: 10 duration: None concurrency: 1 timeout: 0 cls: method_name: run args: {"template_path": "heat_template_version: 2014-10-16\n\ndescription: Test template for rally create-update-delete scenario\n\nresources:\n test_string_one:\n type: OS::Heat::RandomString\n properties:\n length: 20\n test_string_two:\n type: OS::Heat::RandomString\n properties:\n length: 20", "updated_template_path": "heat_template_version: 2014-10-16\n\ndescription: >\n Test template for create-update-delete-stack scenario in rally.\n The template deletes one resource from the stack defined by random_strings.yaml.template.\n\nresources:\n test_string_one:\n type: OS::Heat::RandomString\n properties:\n length: 20"}
2019-10-28 00:53:58.939 10293 INFO rally.task.runner [-] Task 71ae9cba-0fe3-4da6-a923-2d2d6f3e1957 | ITER: 3 START
2019-10-28 00:53:58.943 10294 INFO rally.task.runner [-] Task 71ae9cba-0fe3-4da6-a923-2d2d6f3e1957 | ITER: 4 START
2019-10-28 00:54:02.327 10294 RALLYDEBUG rally.task.utils [-] Waiting for resource . Status changed: CREATE_IN_PROGRESS => CREATE_COMPLETE in 0.07787895202636719
2019-10-28 00:54:02.328 10291 RALLYDEBUG rally.task.utils [-] Waiting for resource . Status changed: CREATE_IN_PROGRESS => CREATE_COMPLETE in 0.06921195983886719
2019-10-28 00:54:02.334 10293 RALLYDEBUG rally.task.utils [-] Waiting for resource . Status changed: CREATE_IN_PROGRESS => CREATE_COMPLETE in 0.06322932243347168
2019-10-28 00:54:02.458 10292 RALLYDEBUG rally.task.utils [-] Waiting for resource . Status changed: CREATE_IN_PROGRESS => CREATE_COMPLETE in 0.06624865531921387
2019-10-28 00:54:04.501 10293 RALLYDEBUG rally.task.utils [-] Waiting for resource . Status changed: CREATE_COMPLETE => UPDATE_COMPLETE in 0.07678508758544922
2019-10-28 00:54:04.502 10294 RALLYDEBUG rally.task.utils [-] Waiting for resource . Status changed: CREATE_COMPLETE => UPDATE_COMPLETE in 0.07770967483520508
2019-10-28 00:54:04.504 10291 RALLYDEBUG rally.task.utils [-] Waiting for resource . Status changed: CREATE_COMPLETE => UPDATE_COMPLETE in 0.07049179077148438
2019-10-28 00:54:04.625 10291 RALLYDEBUG rally.task.utils [-] Waiting for resource . Status changed: CREATE_COMPLETE => DELETE_IN_PROGRESS in 0.05678558349609375
2019-10-28 00:54:04.632 10294 RALLYDEBUG rally.task.utils [-] Waiting for resource . Status changed: CREATE_COMPLETE => DELETE_IN_PROGRESS in 0.06633830070495605
2019-10-28 00:54:04.634 10293 RALLYDEBUG rally.task.utils [-] Waiting for resource . Status changed: CREATE_COMPLETE => DELETE_IN_PROGRESS in 0.06147885322570801
2019-10-28 00:54:04.653 10292 RALLYDEBUG rally.task.utils [-] Waiting for resource . Status changed: CREATE_COMPLETE => UPDATE_COMPLETE in 0.08078360557556152
2019-10-28 00:54:04.791 10292 RALLYDEBUG rally.task.utils [-] Waiting for resource . Status changed: CREATE_COMPLETE => DELETE_IN_PROGRESS in 0.06296038627624512
2019-10-28 00:54:05.688 10291 INFO rally.task.runner [-] Task 71ae9cba-0fe3-4da6-a923-2d2d6f3e1957 | ITER: 1 END: OK
2019-10-28 00:54:05.691 10294 INFO rally.task.runner [-] Task 71ae9cba-0fe3-4da6-a923-2d2d6f3e1957 | ITER: 4 END: OK
2019-10-28 00:54:05.693 10291 INFO rally.task.runner [-] Task 71ae9cba-0fe3-4da6-a923-2d2d6f3e1957 | ITER: 5 START
2019-10-28 00:54:05.695 10294 INFO rally.task.runner [-] Task 71ae9cba-0fe3-4da6-a923-2d2d6f3e1957 | ITER: 6 START
2019-10-28 00:54:05.696 10293 INFO rally.task.runner [-] Task 71ae9cba-0fe3-4da6-a923-2d2d6f3e1957 | ITER: 3 END: OK
2019-10-28 00:54:05.700 10293 INFO rally.task.runner [-] Task 71ae9cba-0fe3-4da6-a923-2d2d6f3e1957 | ITER: 7 START
2019-10-28 00:54:05.841 10292 INFO rally.task.runner [-] Task 71ae9cba-0fe3-4da6-a923-2d2d6f3e1957 | ITER: 2 END: OK
2019-10-28 00:54:05.846 10292 INFO rally.task.runner [-] Task 71ae9cba-0fe3-4da6-a923-2d2d6f3e1957 | ITER: 8 START
2019-10-28 00:54:09.081 10291 RALLYDEBUG rally.task.utils [-] Waiting for resource . Status changed: CREATE_IN_PROGRESS => CREATE_COMPLETE in 0.06717061996459961
2019-10-28 00:54:09.151 10294 RALLYDEBUG rally.task.utils [-] Waiting for resource . Status changed: CREATE_IN_PROGRESS => CREATE_COMPLETE in 0.06333661079406738
2019-10-28 00:54:09.195 10293 RALLYDEBUG rally.task.utils [-] Waiting for resource . Status changed: CREATE_IN_PROGRESS => CREATE_COMPLETE in 0.06554007530212402
2019-10-28 00:54:09.232 10292 RALLYDEBUG rally.task.utils [-] Waiting for resource . Status changed: CREATE_IN_PROGRESS => CREATE_COMPLETE in 0.060479164123535156
2019-10-28 00:54:11.256 10291 RALLYDEBUG rally.task.utils [-] Waiting for resource . Status changed: CREATE_COMPLETE => UPDATE_COMPLETE in 0.07063126564025879
2019-10-28 00:54:11.343 10294 RALLYDEBUG rally.task.utils [-] Waiting for resource . Status changed: CREATE_COMPLETE => UPDATE_COMPLETE in 0.06950998306274414
2019-10-28 00:54:11.375 10292 RALLYDEBUG rally.task.utils [-] Waiting for resource . Status changed: CREATE_COMPLETE => UPDATE_COMPLETE in 0.059140682220458984
2019-10-28 00:54:11.379 10291 RALLYDEBUG rally.task.utils [-] Waiting for resource . Status changed: CREATE_COMPLETE => DELETE_IN_PROGRESS in 0.05931735038757324
2019-10-28 00:54:11.387 10293 RALLYDEBUG rally.task.utils [-] Waiting for resource . Status changed: CREATE_COMPLETE => UPDATE_COMPLETE in 0.06853842735290527
2019-10-28 00:54:11.481 10294 RALLYDEBUG rally.task.utils [-] Waiting for resource . Status changed: CREATE_COMPLETE => DELETE_IN_PROGRESS in 0.055460214614868164
2019-10-28 00:54:11.483 10292 RALLYDEBUG rally.task.utils [-] Waiting for resource . Status changed: CREATE_COMPLETE => DELETE_IN_PROGRESS in 0.05532097816467285
2019-10-28 00:54:11.536 10293 RALLYDEBUG rally.task.utils [-] Waiting for resource . Status changed: CREATE_COMPLETE => DELETE_IN_PROGRESS in 0.065887451171875
2019-10-28 00:54:12.444 10291 INFO rally.task.runner [-] Task 71ae9cba-0fe3-4da6-a923-2d2d6f3e1957 | ITER: 5 END: OK
2019-10-28 00:54:12.448 10291 INFO rally.task.runner [-] Task 71ae9cba-0fe3-4da6-a923-2d2d6f3e1957 | ITER: 9 START
2019-10-28 00:54:12.542 10294 INFO rally.task.runner [-] Task 71ae9cba-0fe3-4da6-a923-2d2d6f3e1957 | ITER: 6 END: OK
2019-10-28 00:54:12.545 10292 INFO rally.task.runner [-] Task 71ae9cba-0fe3-4da6-a923-2d2d6f3e1957 | ITER: 8 END: OK
2019-10-28 00:54:12.546 10294 INFO rally.task.runner [-] Task 71ae9cba-0fe3-4da6-a923-2d2d6f3e1957 | ITER: 10 START
2019-10-28 00:54:12.594 10293 INFO rally.task.runner [-] Task 71ae9cba-0fe3-4da6-a923-2d2d6f3e1957 | ITER: 7 END: OK
2019-10-28 00:54:15.926 10294 RALLYDEBUG rally.task.utils [-] Waiting for resource . Status changed: CREATE_IN_PROGRESS => CREATE_COMPLETE in 0.07430505752563477
2019-10-28 00:54:15.940 10291 RALLYDEBUG rally.task.utils [-] Waiting for resource . Status changed: CREATE_IN_PROGRESS => CREATE_COMPLETE in 0.06955265998840332
2019-10-28 00:54:18.098 10294 RALLYDEBUG rally.task.utils [-] Waiting for resource . Status changed: CREATE_COMPLETE => UPDATE_COMPLETE in 0.06360363960266113
2019-10-28 00:54:18.106 10291 RALLYDEBUG rally.task.utils [-] Waiting for resource . Status changed: CREATE_COMPLETE => UPDATE_COMPLETE in 0.060323238372802734
2019-10-28 00:54:18.215 10291 RALLYDEBUG rally.task.utils [-] Waiting for resource . Status changed: CREATE_COMPLETE => DELETE_IN_PROGRESS in 0.05493044853210449
2019-10-28 00:54:18.217 10294 RALLYDEBUG rally.task.utils [-] Waiting for resource . Status changed: CREATE_COMPLETE => DELETE_IN_PROGRESS in 0.06075739860534668
2019-10-28 00:54:19.282 10291 INFO rally.task.runner [-] Task 71ae9cba-0fe3-4da6-a923-2d2d6f3e1957 | ITER: 9 END: OK
2019-10-28 00:54:19.289 10294 INFO rally.task.runner [-] Task 71ae9cba-0fe3-4da6-a923-2d2d6f3e1957 | ITER: 10 END: OK
2019-10-28 00:54:19.321 8497 INFO rally.task.context [-] Task 71ae9cba-0fe3-4da6-a923-2d2d6f3e1957 | Context cleanup@openstack cleanup() started
2019-10-28 00:54:19.325 8497 RALLYDEBUG rally_openstack.cleanup.manager [-] Cleaning up heat stacks objects
2019-10-28 00:54:20.842 8497 INFO rally.task.context [-] Task 71ae9cba-0fe3-4da6-a923-2d2d6f3e1957 | Context cleanup@openstack cleanup() finished in 1.52 sec
2019-10-28 00:54:20.843 8497 INFO rally.task.context [-] Task 71ae9cba-0fe3-4da6-a923-2d2d6f3e1957 | Context roles@openstack cleanup() started
2019-10-28 00:54:20.843 8497 RALLYDEBUG rally_openstack.contexts.keystone.roles [-] Removing assigned role 8ca31992548b441886267677a8dd0f84 from all users
2019-10-28 00:54:21.851 8497 INFO rally.task.context [-] Task 71ae9cba-0fe3-4da6-a923-2d2d6f3e1957 | Context roles@openstack cleanup() finished in 1.01 sec
2019-10-28 00:54:21.851 8497 INFO rally.task.context [-] Task 71ae9cba-0fe3-4da6-a923-2d2d6f3e1957 | Context users@openstack cleanup() started
2019-10-28 00:54:26.373 8497 INFO rally.task.context [-] Task 71ae9cba-0fe3-4da6-a923-2d2d6f3e1957 | Context users@openstack cleanup() finished in 4.52 sec
2019-10-28 00:54:26.611 8497 INFO rally.task.engine [-] Load duration is: 16.353817
2019-10-28 00:54:26.612 8497 INFO rally.task.engine [-] Full runner duration is: 20.407727
2019-10-28 00:54:26.612 8497 INFO rally.task.engine [-] Full duration is: 35.959172
2019-10-28 00:54:26.833 8497 INFO rally.task.engine [-] Running workload: position = 2 config = { "version": 2, "title": "A cropped version of a bigger task.", "description": "Auto-generated task from a single workload (uuid=758450cc-f864-43db-98fa-21977f420951)", "subtasks": [ { "title": "HeatStacks.create_update_delete_stack", "description": "Create, update and then delete a stack.", "scenario": { "HeatStacks.create_update_delete_stack": { "template_path": "/usr/lib/python3.6/site-packages/functest/opnfv_tests/openstack/rally/scenario/templates/resource_group.yaml.template", "updated_template_path": "/usr/lib/python3.6/site-packages/functest/opnfv_tests/openstack/rally/scenario/templates/updated_resource_group_increase.yaml.template" } }, "contexts": { "users": { "tenants": 3, "users_per_tenant": 2 }, "roles": [ "heat_stack_owner" ] }, "runner": { "constant": { "concurrency": 4, "times": 10 } }, "hooks": [], "sla": { "failure_rate": { "max": 0 } } } ] }
2019-10-28 00:54:26.857 8497 RALLYDEBUG rally_openstack.contexts.keystone.users [-] Creating 3 tenants using 20 threads
2019-10-28 00:54:27.895 8497 RALLYDEBUG rally_openstack.contexts.keystone.users [-] Creating 6 users using 20 threads
2019-10-28 00:54:29.460 8497 INFO rally.task.context [-] Task 71ae9cba-0fe3-4da6-a923-2d2d6f3e1957 | Context users@openstack setup() finished in 2.60 sec
2019-10-28 00:54:30.197 8497 RALLYDEBUG rally_openstack.contexts.keystone.roles [-] Adding role heat_stack_owner having ID 8ca31992548b441886267677a8dd0f84 to all users using 30 threads
2019-10-28 00:54:35.276 8497 INFO rally.task.context [-] Task 71ae9cba-0fe3-4da6-a923-2d2d6f3e1957 | Context roles@openstack setup() finished in 5.82 sec
2019-10-28 00:54:35.277 8497 INFO rally.task.context [-] Task 71ae9cba-0fe3-4da6-a923-2d2d6f3e1957 | Context cleanup@openstack setup() finished in 0.01 msec
2019-10-28 00:54:35.287 8497 RALLYDEBUG rally.task.runner [-] Starting the constant runner (task UUID: 71ae9cba-0fe3-4da6-a923-2d2d6f3e1957). times: 10 concurrency: 4 timeout: 0 max_cpu_used: 16 processes_to_start: 4 concurrency_per_worker: 1 concurrency_overhead: 0
2019-10-28 00:54:35.299 10475 RALLYDEBUG rally.task.runner [-] Starting a worker. times: 10 duration: None concurrency: 1 timeout: 0 cls: method_name: run args: {"template_path": "heat_template_version: 2014-10-16\n\ndescription: Test template for rally create-update-delete scenario\n\nresources:\n test_group:\n type: OS::Heat::ResourceGroup\n properties:\n count: 2\n resource_def:\n type: OS::Heat::RandomString\n properties:\n length: 20", "updated_template_path": "heat_template_version: 2014-10-16\n\ndescription: >\n Test template for create-update-delete-stack scenario in rally.\n The template updates one resource from the stack defined by resource_group.yaml.template\n and adds children resources to that resource.\n\nresources:\n test_group:\n type: OS::Heat::ResourceGroup\n properties:\n count: 3\n resource_def:\n type: OS::Heat::RandomString\n properties:\n length: 20"}
2019-10-28 00:54:35.302 10476 RALLYDEBUG rally.task.runner [-] Starting a worker. times: 10 duration: None concurrency: 1 timeout: 0 cls: method_name: run args: {"template_path": "heat_template_version: 2014-10-16\n\ndescription: Test template for rally create-update-delete scenario\n\nresources:\n test_group:\n type: OS::Heat::ResourceGroup\n properties:\n count: 2\n resource_def:\n type: OS::Heat::RandomString\n properties:\n length: 20", "updated_template_path": "heat_template_version: 2014-10-16\n\ndescription: >\n Test template for create-update-delete-stack scenario in rally.\n The template updates one resource from the stack defined by resource_group.yaml.template\n and adds children resources to that resource.\n\nresources:\n test_group:\n type: OS::Heat::ResourceGroup\n properties:\n count: 3\n resource_def:\n type: OS::Heat::RandomString\n properties:\n length: 20"}
2019-10-28 00:54:35.306 10475 INFO rally.task.runner [-] Task 71ae9cba-0fe3-4da6-a923-2d2d6f3e1957 | ITER: 1 START
2019-10-28 00:54:35.306 10477 RALLYDEBUG rally.task.runner [-] Starting a worker. times: 10 duration: None concurrency: 1 timeout: 0 cls: method_name: run args: {"template_path": "heat_template_version: 2014-10-16\n\ndescription: Test template for rally create-update-delete scenario\n\nresources:\n test_group:\n type: OS::Heat::ResourceGroup\n properties:\n count: 2\n resource_def:\n type: OS::Heat::RandomString\n properties:\n length: 20", "updated_template_path": "heat_template_version: 2014-10-16\n\ndescription: >\n Test template for create-update-delete-stack scenario in rally.\n The template updates one resource from the stack defined by resource_group.yaml.template\n and adds children resources to that resource.\n\nresources:\n test_group:\n type: OS::Heat::ResourceGroup\n properties:\n count: 3\n resource_def:\n type: OS::Heat::RandomString\n properties:\n length: 20"}
2019-10-28 00:54:35.309 10476 INFO rally.task.runner [-] Task 71ae9cba-0fe3-4da6-a923-2d2d6f3e1957 | ITER: 2 START
2019-10-28 00:54:35.310 10479 RALLYDEBUG rally.task.runner [-] Starting a worker. times: 10 duration: None concurrency: 1 timeout: 0 cls: method_name: run args: {"template_path": "heat_template_version: 2014-10-16\n\ndescription: Test template for rally create-update-delete scenario\n\nresources:\n test_group:\n type: OS::Heat::ResourceGroup\n properties:\n count: 2\n resource_def:\n type: OS::Heat::RandomString\n properties:\n length: 20", "updated_template_path": "heat_template_version: 2014-10-16\n\ndescription: >\n Test template for create-update-delete-stack scenario in rally.\n The template updates one resource from the stack defined by resource_group.yaml.template\n and adds children resources to that resource.\n\nresources:\n test_group:\n type: OS::Heat::ResourceGroup\n properties:\n count: 3\n resource_def:\n type: OS::Heat::RandomString\n properties:\n length: 20"}
2019-10-28 00:54:35.313 10477 INFO rally.task.runner [-] Task 71ae9cba-0fe3-4da6-a923-2d2d6f3e1957 | ITER: 3 START
2019-10-28 00:54:35.316 10479 INFO rally.task.runner [-] Task 71ae9cba-0fe3-4da6-a923-2d2d6f3e1957 | ITER: 4 START
2019-10-28 00:54:39.764 10476 RALLYDEBUG rally.task.utils [-] Waiting for resource . Status changed: CREATE_IN_PROGRESS => CREATE_COMPLETE in 1.1305725574493408
2019-10-28 00:54:39.769 10479 RALLYDEBUG rally.task.utils [-] Waiting for resource . Status changed: CREATE_IN_PROGRESS => CREATE_COMPLETE in 1.1371355056762695
2019-10-28 00:54:39.777 10475 RALLYDEBUG rally.task.utils [-] Waiting for resource . Status changed: CREATE_IN_PROGRESS => CREATE_COMPLETE in 1.13594651222229
2019-10-28 00:54:39.852 10477 RALLYDEBUG rally.task.utils [-] Waiting for resource . Status changed: CREATE_IN_PROGRESS => CREATE_COMPLETE in 1.1309175491333008
2019-10-28 00:54:41.935 10476 RALLYDEBUG rally.task.utils [-] Waiting for resource . Status changed: CREATE_COMPLETE => UPDATE_IN_PROGRESS in 0.07355999946594238
2019-10-28 00:54:41.947 10479 RALLYDEBUG rally.task.utils [-] Waiting for resource . Status changed: CREATE_COMPLETE => UPDATE_IN_PROGRESS in 0.07379364967346191
2019-10-28 00:54:41.949 10475 RALLYDEBUG rally.task.utils [-] Waiting for resource . Status changed: CREATE_COMPLETE => UPDATE_IN_PROGRESS in 0.06802225112915039
2019-10-28 00:54:42.024 10477 RALLYDEBUG rally.task.utils [-] Waiting for resource . Status changed: CREATE_COMPLETE => UPDATE_IN_PROGRESS in 0.06508898735046387
2019-10-28 00:54:44.082 10476 RALLYDEBUG rally.task.utils [-] Waiting for resource . Status changed: UPDATE_IN_PROGRESS => UPDATE_COMPLETE in 2.146773338317871
2019-10-28 00:54:44.086 10479 RALLYDEBUG rally.task.utils [-] Waiting for resource . Status changed: UPDATE_IN_PROGRESS => UPDATE_COMPLETE in 2.13917875289917
2019-10-28 00:54:44.086 10475 RALLYDEBUG rally.task.utils [-] Waiting for resource . Status changed: UPDATE_IN_PROGRESS => UPDATE_COMPLETE in 2.1377172470092773
2019-10-28 00:54:44.148 10477 RALLYDEBUG rally.task.utils [-] Waiting for resource . Status changed: UPDATE_IN_PROGRESS => UPDATE_COMPLETE in 2.124403238296509
2019-10-28 00:54:44.213 10475 RALLYDEBUG rally.task.utils [-] Waiting for resource . Status changed: CREATE_COMPLETE => DELETE_IN_PROGRESS in 0.06373810768127441
2019-10-28 00:54:44.218 10476 RALLYDEBUG rally.task.utils [-] Waiting for resource . Status changed: CREATE_COMPLETE => DELETE_IN_PROGRESS in 0.07574081420898438
2019-10-28 00:54:44.232 10479 RALLYDEBUG rally.task.utils [-] Waiting for resource . Status changed: CREATE_COMPLETE => DELETE_IN_PROGRESS in 0.06951451301574707
2019-10-28 00:54:44.265 10477 RALLYDEBUG rally.task.utils [-] Waiting for resource . Status changed: CREATE_COMPLETE => DELETE_IN_PROGRESS in 0.0564877986907959
2019-10-28 00:54:47.404 10475 INFO rally.task.runner [-] Task 71ae9cba-0fe3-4da6-a923-2d2d6f3e1957 | ITER: 1 END: OK
2019-10-28 00:54:47.409 10475 INFO rally.task.runner [-] Task 71ae9cba-0fe3-4da6-a923-2d2d6f3e1957 | ITER: 5 START
2019-10-28 00:54:47.410 10476 INFO rally.task.runner [-] Task 71ae9cba-0fe3-4da6-a923-2d2d6f3e1957 | ITER: 2 END: OK
2019-10-28 00:54:47.409 10479 INFO rally.task.runner [-] Task 71ae9cba-0fe3-4da6-a923-2d2d6f3e1957 | ITER: 4 END: OK
2019-10-28 00:54:47.414 10479 INFO rally.task.runner [-] Task 71ae9cba-0fe3-4da6-a923-2d2d6f3e1957 | ITER: 6 START
2019-10-28 00:54:47.415 10476 INFO rally.task.runner [-] Task 71ae9cba-0fe3-4da6-a923-2d2d6f3e1957 | ITER: 7 START
2019-10-28 00:54:47.452 10477 INFO rally.task.runner [-] Task 71ae9cba-0fe3-4da6-a923-2d2d6f3e1957 | ITER: 3 END: OK
2019-10-28 00:54:47.457 10477 INFO rally.task.runner [-] Task 71ae9cba-0fe3-4da6-a923-2d2d6f3e1957 | ITER: 8 START
2019-10-28 00:54:51.958 10479 RALLYDEBUG rally.task.utils [-] Waiting for resource . Status changed: CREATE_IN_PROGRESS => CREATE_COMPLETE in 1.1395273208618164
2019-10-28 00:54:51.967 10476 RALLYDEBUG rally.task.utils [-] Waiting for resource . Status changed: CREATE_IN_PROGRESS => CREATE_COMPLETE in 1.1393444538116455
2019-10-28 00:54:52.048 10477 RALLYDEBUG rally.task.utils [-] Waiting for resource . Status changed: CREATE_IN_PROGRESS => CREATE_COMPLETE in 1.126307487487793
2019-10-28 00:54:52.064 10475 RALLYDEBUG rally.task.utils [-] Waiting for resource . Status changed: CREATE_IN_PROGRESS => CREATE_COMPLETE in 1.1338903903961182
2019-10-28 00:54:54.131 10479 RALLYDEBUG rally.task.utils [-] Waiting for resource . Status changed: CREATE_COMPLETE => UPDATE_IN_PROGRESS in 0.0615992546081543
2019-10-28 00:54:54.165 10476 RALLYDEBUG rally.task.utils [-] Waiting for resource . Status changed: CREATE_COMPLETE => UPDATE_IN_PROGRESS in 0.0597991943359375
2019-10-28 00:54:54.205 10477 RALLYDEBUG rally.task.utils [-] Waiting for resource . Status changed: CREATE_COMPLETE => UPDATE_IN_PROGRESS in 0.06306624412536621
2019-10-28 00:54:54.227 10475 RALLYDEBUG rally.task.utils [-] Waiting for resource . Status changed: CREATE_COMPLETE => UPDATE_IN_PROGRESS in 0.06670475006103516
2019-10-28 00:54:56.283 10479 RALLYDEBUG rally.task.utils [-] Waiting for resource . Status changed: UPDATE_IN_PROGRESS => UPDATE_COMPLETE in 2.151520252227783
2019-10-28 00:54:56.297 10476 RALLYDEBUG rally.task.utils [-] Waiting for resource . Status changed: UPDATE_IN_PROGRESS => UPDATE_COMPLETE in 2.132662773132324
2019-10-28 00:54:56.347 10477 RALLYDEBUG rally.task.utils [-] Waiting for resource . Status changed: UPDATE_IN_PROGRESS => UPDATE_COMPLETE in 2.141432523727417
2019-10-28 00:54:56.361 10475 RALLYDEBUG rally.task.utils [-] Waiting for resource . Status changed: UPDATE_IN_PROGRESS => UPDATE_COMPLETE in 2.134176254272461
2019-10-28 00:54:56.413 10476 RALLYDEBUG rally.task.utils [-] Waiting for resource . Status changed: CREATE_COMPLETE => DELETE_IN_PROGRESS in 0.05544114112854004
2019-10-28 00:54:56.422 10479 RALLYDEBUG rally.task.utils [-] Waiting for resource . Status changed: CREATE_COMPLETE => DELETE_IN_PROGRESS in 0.06617355346679688
2019-10-28 00:54:56.451 10477 RALLYDEBUG rally.task.utils [-] Waiting for resource . Status changed: CREATE_COMPLETE => DELETE_IN_PROGRESS in 0.04968690872192383
2019-10-28 00:54:56.485 10475 RALLYDEBUG rally.task.utils [-] Waiting for resource . Status changed: CREATE_COMPLETE => DELETE_IN_PROGRESS in 0.06099200248718262
2019-10-28 00:54:59.612 10476 INFO rally.task.runner [-] Task 71ae9cba-0fe3-4da6-a923-2d2d6f3e1957 | ITER: 7 END: OK
2019-10-28 00:54:59.617 10476 INFO rally.task.runner [-] Task 71ae9cba-0fe3-4da6-a923-2d2d6f3e1957 | ITER: 9 START
2019-10-28 00:54:59.626 10477 INFO rally.task.runner [-] Task 71ae9cba-0fe3-4da6-a923-2d2d6f3e1957 | ITER: 8 END: OK
2019-10-28 00:54:59.631 10477 INFO rally.task.runner [-] Task 71ae9cba-0fe3-4da6-a923-2d2d6f3e1957 | ITER: 10 START
2019-10-28 00:54:59.639 10479 INFO rally.task.runner [-] Task 71ae9cba-0fe3-4da6-a923-2d2d6f3e1957 | ITER: 6 END: OK
2019-10-28 00:54:59.670 10475 INFO rally.task.runner [-] Task 71ae9cba-0fe3-4da6-a923-2d2d6f3e1957 | ITER: 5 END: OK
2019-10-28 00:55:04.035 10477 RALLYDEBUG rally.task.utils [-] Waiting for resource . Status changed: CREATE_IN_PROGRESS => CREATE_COMPLETE in 1.1376466751098633
2019-10-28 00:55:04.059 10476 RALLYDEBUG rally.task.utils [-] Waiting for resource . Status changed: CREATE_IN_PROGRESS => CREATE_COMPLETE in 1.1412677764892578
2019-10-28 00:55:06.218 10477 RALLYDEBUG rally.task.utils [-] Waiting for resource . Status changed: CREATE_COMPLETE => UPDATE_IN_PROGRESS in 0.07355022430419922
2019-10-28 00:55:06.228 10476 RALLYDEBUG rally.task.utils [-] Waiting for resource . Status changed: CREATE_COMPLETE => UPDATE_IN_PROGRESS in 0.06651902198791504
2019-10-28 00:55:08.359 10477 RALLYDEBUG rally.task.utils [-] Waiting for resource . Status changed: UPDATE_IN_PROGRESS => UPDATE_COMPLETE in 2.141408681869507
2019-10-28 00:55:08.365 10476 RALLYDEBUG rally.task.utils [-] Waiting for resource . Status changed: UPDATE_IN_PROGRESS => UPDATE_COMPLETE in 2.1364786624908447
2019-10-28 00:55:08.466 10477 RALLYDEBUG rally.task.utils [-] Waiting for resource . Status changed: CREATE_COMPLETE => DELETE_IN_PROGRESS in 0.054480552673339844
2019-10-28 00:55:08.482 10476 RALLYDEBUG rally.task.utils [-] Waiting for resource . Status changed: CREATE_COMPLETE => DELETE_IN_PROGRESS in 0.05453753471374512
2019-10-28 00:55:11.650 10477 INFO rally.task.runner [-] Task 71ae9cba-0fe3-4da6-a923-2d2d6f3e1957 | ITER: 10 END: OK
2019-10-28 00:55:11.666 10476 INFO rally.task.runner [-] Task 71ae9cba-0fe3-4da6-a923-2d2d6f3e1957 | ITER: 9 END: OK
2019-10-28 00:55:11.690 8497 INFO rally.task.context [-] Task 71ae9cba-0fe3-4da6-a923-2d2d6f3e1957 | Context cleanup@openstack cleanup() started
2019-10-28 00:55:11.693 8497 RALLYDEBUG rally_openstack.cleanup.manager [-] Cleaning up heat stacks objects
2019-10-28 00:55:13.099 8497 RALLYDEBUG rally_openstack.cleanup.manager [-] Deleting heat.stacks object s_rally_758450cc_6PF8xcPc (1964d182-177f-4786-8b54-90bef0501526)
2019-10-28 00:55:13.682 8497 ERROR rally_openstack.cleanup.manager [-] Resource deletion failed, max retries exceeded for heat.stacks: 1964d182-177f-4786-8b54-90bef0501526.: heatclient.exc.HTTPNotFound: ERROR: The Stack (s_rally_758450cc_6PF8xcPc) could not be found.
2019-10-28 00:55:13.682 8497 ERROR rally_openstack.cleanup.manager
Traceback (most recent call last):
2019-10-28 00:55:13.682 8497 ERROR rally_openstack.cleanup.manager
File "/usr/lib/python3.6/site-packages/rally_openstack/cleanup/manager.py", line 85, in _delete_single_resource
2019-10-28 00:55:13.682 8497 ERROR rally_openstack.cleanup.manager rutils.retry(resource._max_attempts, resource.delete)
2019-10-28 00:55:13.682 8497 ERROR rally_openstack.cleanup.manager
File "/usr/lib/python3.6/site-packages/rally/common/utils.py", line 230, in retry
2019-10-28 00:55:13.682 8497 ERROR rally_openstack.cleanup.manager return func(*args, **kwargs)
2019-10-28 00:55:13.682 8497 ERROR rally_openstack.cleanup.manager
File "/usr/lib/python3.6/site-packages/rally_openstack/cleanup/base.py", line 129, in delete
2019-10-28 00:55:13.682 8497 ERROR rally_openstack.cleanup.manager self._manager().delete(self.id())
2019-10-28 00:55:13.682 8497 ERROR rally_openstack.cleanup.manager
File "/usr/lib/python3.6/site-packages/heatclient/v1/stacks.py", line 201, in delete
2019-10-28 00:55:13.682 8497 ERROR rally_openstack.cleanup.manager self._delete("/stacks/%s" % stack_id)
2019-10-28 00:55:13.682 8497 ERROR rally_openstack.cleanup.manager
File "/usr/lib/python3.6/site-packages/heatclient/common/base.py", line 207, in _delete
2019-10-28 00:55:13.682 8497 ERROR rally_openstack.cleanup.manager return self.client.delete(url)
2019-10-28 00:55:13.682 8497 ERROR rally_openstack.cleanup.manager
File "/usr/lib/python3.6/site-packages/keystoneauth1/adapter.py", line 390, in delete
2019-10-28 00:55:13.682 8497 ERROR rally_openstack.cleanup.manager return self.request(url, 'DELETE', **kwargs)
2019-10-28 00:55:13.682 8497 ERROR rally_openstack.cleanup.manager
File "/usr/lib/python3.6/site-packages/heatclient/common/http.py", line 320, in request
2019-10-28 00:55:13.682 8497 ERROR rally_openstack.cleanup.manager raise exc.from_response(resp)
2019-10-28 00:55:13.682 8497 ERROR rally_openstack.cleanup.manager heatclient.exc.HTTPNotFound: ERROR: The Stack (s_rally_758450cc_6PF8xcPc) could not be found.
2019-10-28 00:55:13.682 8497 ERROR rally_openstack.cleanup.manager
2019-10-28 00:55:13.688 8497 INFO rally.task.context [-] Task 71ae9cba-0fe3-4da6-a923-2d2d6f3e1957 | Context cleanup@openstack cleanup() finished in 2.00 sec
2019-10-28 00:55:13.689 8497 INFO rally.task.context [-] Task 71ae9cba-0fe3-4da6-a923-2d2d6f3e1957 | Context roles@openstack cleanup() started
2019-10-28 00:55:13.689 8497 RALLYDEBUG rally_openstack.contexts.keystone.roles [-] Removing assigned role 8ca31992548b441886267677a8dd0f84 from all users
2019-10-28 00:55:14.627 8497 INFO rally.task.context [-] Task 71ae9cba-0fe3-4da6-a923-2d2d6f3e1957 | Context roles@openstack cleanup() finished in 0.94 sec
2019-10-28 00:55:14.628 8497 INFO rally.task.context [-] Task 71ae9cba-0fe3-4da6-a923-2d2d6f3e1957 | Context users@openstack cleanup() started
2019-10-28 00:55:19.175 8497 INFO rally.task.context [-] Task 71ae9cba-0fe3-4da6-a923-2d2d6f3e1957 | Context users@openstack cleanup() finished in 4.55 sec
2019-10-28 00:55:21.139 8497 INFO rally.task.engine [-] Load duration is: 32.359477
2019-10-28 00:55:21.140 8497 INFO rally.task.engine [-] Full runner duration is: 36.402792
2019-10-28 00:55:21.140 8497 INFO rally.task.engine [-] Full duration is: 52.320178
2019-10-28 00:55:21.366 8497 INFO rally.task.engine [-] Running workload: position = 3 config = { "version": 2, "title": "A cropped version of a bigger task.", "description": "Auto-generated task from a single workload (uuid=5d750d87-c63a-4459-a55e-a22ff997ee36)", "subtasks": [ { "title": "HeatStacks.create_update_delete_stack", "description": "Create, update and then delete a stack.", "scenario": { "HeatStacks.create_update_delete_stack": { "template_path": "/usr/lib/python3.6/site-packages/functest/opnfv_tests/openstack/rally/scenario/templates/autoscaling_policy.yaml.template", "updated_template_path": "/usr/lib/python3.6/site-packages/functest/opnfv_tests/openstack/rally/scenario/templates/updated_autoscaling_policy_inplace.yaml.template" } }, "contexts": { "users": { "tenants": 3, "users_per_tenant": 2 }, "roles": [ "heat_stack_owner" ] }, "runner": { "constant": { "concurrency": 4, "times": 10 } }, "hooks": [], "sla": { "failure_rate": { "max": 0 } } } ] }
2019-10-28 00:55:21.391 8497 RALLYDEBUG rally_openstack.contexts.keystone.users [-] Creating 3 tenants using 20 threads
2019-10-28 00:55:22.296 8497 RALLYDEBUG rally_openstack.contexts.keystone.users [-] Creating 6 users using 20 threads
2019-10-28 00:55:23.931 8497 INFO rally.task.context [-] Task 71ae9cba-0fe3-4da6-a923-2d2d6f3e1957 | Context users@openstack setup() finished in 2.54 sec
2019-10-28 00:55:24.617 8497 RALLYDEBUG rally_openstack.contexts.keystone.roles [-] Adding role heat_stack_owner having ID 8ca31992548b441886267677a8dd0f84 to all users using 30 threads
2019-10-28 00:55:29.699 8497 INFO rally.task.context [-] Task 71ae9cba-0fe3-4da6-a923-2d2d6f3e1957 | Context roles@openstack setup() finished in 5.77 sec
2019-10-28 00:55:29.701 8497 INFO rally.task.context [-] Task 71ae9cba-0fe3-4da6-a923-2d2d6f3e1957 | Context cleanup@openstack setup() finished in 0.03 msec
2019-10-28 00:55:29.717 8497 RALLYDEBUG rally.task.runner [-] Starting the constant runner (task UUID: 71ae9cba-0fe3-4da6-a923-2d2d6f3e1957). times: 10 concurrency: 4 timeout: 0 max_cpu_used: 16 processes_to_start: 4 concurrency_per_worker: 1 concurrency_overhead: 0
2019-10-28 00:55:29.730 10659 RALLYDEBUG rally.task.runner [-] Starting a worker. times: 10 duration: None concurrency: 1 timeout: 0 cls: method_name: run args: {"template_path": "heat_template_version: 2013-05-23\n\nresources:\n test_group:\n type: OS::Heat::AutoScalingGroup\n properties:\n desired_capacity: 0\n max_size: 0\n min_size: 0\n resource:\n type: OS::Heat::RandomString\n test_policy:\n type: OS::Heat::ScalingPolicy\n properties:\n adjustment_type: change_in_capacity\n auto_scaling_group_id: { get_resource: test_group }\n scaling_adjustment: 1", "updated_template_path": "heat_template_version: 2013-05-23\n\ndescription: >\n Test template for create-update-delete-stack scenario in rally.\n The template updates resource parameters without resource re-creation(replacement)\n in the stack defined by autoscaling_policy.yaml.template. It allows to measure\n performance of \"pure\" resource update operation only.\n\nresources:\n test_group:\n type: OS::Heat::AutoScalingGroup\n properties:\n desired_capacity: 0\n max_size: 0\n min_size: 0\n resource:\n type: OS::Heat::RandomString\n test_policy:\n type: OS::Heat::ScalingPolicy\n properties:\n adjustment_type: change_in_capacity\n auto_scaling_group_id: { get_resource: test_group }\n scaling_adjustment: -1"}
