2019-10-28 00:24:36.837 727 RALLYDEBUG rally.task.runner [-] Starting the constant runner (task UUID: 142aa344-e910-443f-94f1-6fa116ebe602). times: 10 concurrency: 4 timeout: 0 max_cpu_used: 16 processes_to_start: 4 concurrency_per_worker: 1 concurrency_overhead: 0
2019-10-28 00:24:36.849 975 RALLYDEBUG rally.task.runner [-] Starting a worker. times: 10 duration: None concurrency: 1 timeout: 0 cls: method_name: run args: {"container_format": "bare", "disk_format": "qcow2", "image_location": "/home/opnfv/functest/images/cirros-0.4.0-x86_64-disk.img"}
2019-10-28 00:24:36.853 976 RALLYDEBUG rally.task.runner [-] Starting a worker. times: 10 duration: None concurrency: 1 timeout: 0 cls: method_name: run args: {"container_format": "bare", "disk_format": "qcow2", "image_location": "/home/opnfv/functest/images/cirros-0.4.0-x86_64-disk.img"}
2019-10-28 00:24:36.856 975 INFO rally.task.runner [-] Task 142aa344-e910-443f-94f1-6fa116ebe602 | ITER: 1 START
2019-10-28 00:24:36.856 977 RALLYDEBUG rally.task.runner [-] Starting a worker. times: 10 duration: None concurrency: 1 timeout: 0 cls: method_name: run args: {"container_format": "bare", "disk_format": "qcow2", "image_location": "/home/opnfv/functest/images/cirros-0.4.0-x86_64-disk.img"}
2019-10-28 00:24:36.859 976 INFO rally.task.runner [-] Task 142aa344-e910-443f-94f1-6fa116ebe602 | ITER: 2 START
2019-10-28 00:24:36.860 978 RALLYDEBUG rally.task.runner [-] Starting a worker. times: 10 duration: None concurrency: 1 timeout: 0 cls: method_name: run args: {"container_format": "bare", "disk_format": "qcow2", "image_location": "/home/opnfv/functest/images/cirros-0.4.0-x86_64-disk.img"}
2019-10-28 00:24:36.863 977 INFO rally.task.runner [-] Task 142aa344-e910-443f-94f1-6fa116ebe602 | ITER: 3 START
2019-10-28 00:24:36.866 978 INFO rally.task.runner [-] Task 142aa344-e910-443f-94f1-6fa116ebe602 | ITER: 4 START
2019-10-28 00:24:39.785 978 RALLYDEBUG rally.task.utils [-] Waiting for resource '8a18d7ec-dff0-4f08-9412-620c6c0c45ce'. Status changed: NONE => QUEUED in 0.041892290115356445
2019-10-28 00:24:39.798 977 RALLYDEBUG rally.task.utils [-] Waiting for resource 'd850f397-efef-4247-8b97-ff79f2d0466f'. Status changed: NONE => QUEUED in 0.03732585906982422
2019-10-28 00:24:39.802 975 RALLYDEBUG rally.task.utils [-] Waiting for resource '68c45dcc-8f84-4810-827d-42c754920fe4'. Status changed: NONE => QUEUED in 0.03708696365356445
2019-10-28 00:24:40.005 976 RALLYDEBUG rally.task.utils [-] Waiting for resource '677bc24a-ce85-427a-81dd-32daf37aed10'. Status changed: NONE => QUEUED in 0.0422208309173584
2019-10-28 00:24:40.006 977 RALLYDEBUG rally.task.utils [-] Waiting for resource s_rally_6e240329_c1CRRK3j. Status changed: QUEUED => ACTIVE in 0.019521474838256836
2019-10-28 00:24:40.037 978 RALLYDEBUG rally.task.utils [-] Waiting for resource s_rally_6e240329_nsbL0IBa. Status changed: QUEUED => ACTIVE in 0.018188953399658203
2019-10-28 00:24:40.039 977 INFO rally.task.runner [-] Task 142aa344-e910-443f-94f1-6fa116ebe602 | ITER: 3 END: OK
2019-10-28 00:24:40.042 975 RALLYDEBUG rally.task.utils [-] Waiting for resource s_rally_6e240329_N5DNuXZy. Status changed: QUEUED => ACTIVE in 0.021844148635864258
2019-10-28 00:24:40.044 977 INFO rally.task.runner [-] Task 142aa344-e910-443f-94f1-6fa116ebe602 | ITER: 5 START
2019-10-28 00:24:40.077 975 INFO rally.task.runner [-] Task 142aa344-e910-443f-94f1-6fa116ebe602 | ITER: 1 END: OK
2019-10-28 00:24:40.082 975 INFO rally.task.runner [-] Task 142aa344-e910-443f-94f1-6fa116ebe602 | ITER: 6 START
2019-10-28 00:24:40.084 978 INFO rally.task.runner [-] Task 142aa344-e910-443f-94f1-6fa116ebe602 | ITER: 4 END: OK
2019-10-28 00:24:40.087 978 INFO rally.task.runner [-] Task 142aa344-e910-443f-94f1-6fa116ebe602 | ITER: 7 START
2019-10-28 00:24:40.227 976 RALLYDEBUG rally.task.utils [-] Waiting for resource s_rally_6e240329_qPgDxlvF. Status changed: QUEUED => ACTIVE in 0.022693872451782227
2019-10-28 00:24:40.258 976 INFO rally.task.runner [-] Task 142aa344-e910-443f-94f1-6fa116ebe602 | ITER: 2 END: OK
2019-10-28 00:24:40.262 976 INFO rally.task.runner [-] Task 142aa344-e910-443f-94f1-6fa116ebe602 | ITER: 8 START
2019-10-28 00:24:42.824 977 RALLYDEBUG rally.task.utils [-] Waiting for resource '8f8c314e-2729-4924-9649-e93423734e74'. Status changed: NONE => QUEUED in 0.039278507232666016
2019-10-28 00:24:42.838 975 RALLYDEBUG rally.task.utils [-] Waiting for resource '57afecaf-62b6-411f-86f9-eae90a249250'. Status changed: NONE => QUEUED in 0.03538060188293457
2019-10-28 00:24:42.842 978 RALLYDEBUG rally.task.utils [-] Waiting for resource '8d4068aa-1568-4ad6-80cf-fa6742c201ba'. Status changed: NONE => QUEUED in 0.03187918663024902
2019-10-28 00:24:43.045 975 RALLYDEBUG rally.task.utils [-] Waiting for resource s_rally_6e240329_9AnlXxFP. Status changed: QUEUED => ACTIVE in 0.01807117462158203
2019-10-28 00:24:43.077 975 INFO rally.task.runner [-] Task 142aa344-e910-443f-94f1-6fa116ebe602 | ITER: 6 END: OK
2019-10-28 00:24:43.080 975 INFO rally.task.runner [-] Task 142aa344-e910-443f-94f1-6fa116ebe602 | ITER: 9 START
2019-10-28 00:24:43.097 976 RALLYDEBUG rally.task.utils [-] Waiting for resource '74f76444-7284-42a9-8e04-cbd618acd0b0'. Status changed: NONE => QUEUED in 0.031400442123413086
2019-10-28 00:24:43.098 978 RALLYDEBUG rally.task.utils [-] Waiting for resource s_rally_6e240329_Dv7npdyx. Status changed: QUEUED => ACTIVE in 0.016547441482543945
2019-10-28 00:24:43.101 977 RALLYDEBUG rally.task.utils [-] Waiting for resource s_rally_6e240329_aQVwXKFq. Status changed: QUEUED => ACTIVE in 0.014671564102172852
2019-10-28 00:24:43.130 978 INFO rally.task.runner [-] Task 142aa344-e910-443f-94f1-6fa116ebe602 | ITER: 7 END: OK
2019-10-28 00:24:43.132 978 INFO rally.task.runner [-] Task 142aa344-e910-443f-94f1-6fa116ebe602 | ITER: 10 START
2019-10-28 00:24:43.133 977 INFO rally.task.runner [-] Task 142aa344-e910-443f-94f1-6fa116ebe602 | ITER: 5 END: OK
2019-10-28 00:24:43.299 976 RALLYDEBUG rally.task.utils [-] Waiting for resource s_rally_6e240329_KhtsEoRa. Status changed: QUEUED => ACTIVE in 0.01661515235900879
2019-10-28 00:24:43.332 976 INFO rally.task.runner [-] Task 142aa344-e910-443f-94f1-6fa116ebe602 | ITER: 8 END: OK
2019-10-28 00:24:45.879 978 RALLYDEBUG rally.task.utils [-] Waiting for resource '0142ef21-2bee-41a0-a25d-12806412a6c9'. Status changed: NONE => QUEUED in 0.043878793716430664
2019-10-28 00:24:45.919 975 RALLYDEBUG rally.task.utils [-] Waiting for resource '2034b1ba-6aa7-45f0-838c-cc5dcd32bfdf'. Status changed: NONE => QUEUED in 0.03657078742980957
2019-10-28 00:24:46.265 978 RALLYDEBUG rally.task.utils [-] Waiting for resource s_rally_6e240329_7wRbTw5v. Status changed: QUEUED => ACTIVE in 0.022469520568847656
2019-10-28 00:24:46.295 975 RALLYDEBUG rally.task.utils [-] Waiting for resource s_rally_6e240329_k1HjD29V. Status changed: QUEUED => ACTIVE in 0.019716262817382812
2019-10-28 00:24:46.310 978 INFO rally.task.runner [-] Task 142aa344-e910-443f-94f1-6fa116ebe602 | ITER: 10 END: OK
2019-10-28 00:24:46.331 975 INFO rally.task.runner [-] Task 142aa344-e910-443f-94f1-6fa116ebe602 | ITER: 9 END: OK
2019-10-28 00:24:46.360 727 INFO rally.task.context [-] Task 142aa344-e910-443f-94f1-6fa116ebe602 | Context cleanup@openstack cleanup() started
2019-10-28 00:24:46.364 727 RALLYDEBUG rally_openstack.cleanup.manager [-] Cleaning up glance images objects
2019-10-28 00:24:47.785 727 RALLYDEBUG rally_openstack.cleanup.manager [-] Deleting glance.images object s_rally_6e240329_aQVwXKFq (8f8c314e-2729-4924-9649-e93423734e74)
2019-10-28 00:24:47.790 727 RALLYDEBUG rally_openstack.cleanup.manager [-] Deleting glance.images object s_rally_6e240329_k1HjD29V (2034b1ba-6aa7-45f0-838c-cc5dcd32bfdf)
2019-10-28 00:24:47.791 727 RALLYDEBUG rally_openstack.cleanup.manager [-] Deleting glance.images object s_rally_6e240329_c1CRRK3j (d850f397-efef-4247-8b97-ff79f2d0466f)
2019-10-28 00:24:47.800 727 RALLYDEBUG rally_openstack.cleanup.manager [-] Deleting glance.images object s_rally_6e240329_7wRbTw5v (0142ef21-2bee-41a0-a25d-12806412a6c9)
2019-10-28 00:24:47.804 727 RALLYDEBUG rally_openstack.cleanup.manager [-] Deleting glance.images object s_rally_6e240329_Dv7npdyx (8d4068aa-1568-4ad6-80cf-fa6742c201ba)
2019-10-28 00:24:47.808 727 RALLYDEBUG rally_openstack.cleanup.manager [-] Deleting glance.images object s_rally_6e240329_KhtsEoRa (74f76444-7284-42a9-8e04-cbd618acd0b0)
2019-10-28 00:24:47.817 727 RALLYDEBUG rally_openstack.cleanup.manager [-] Deleting glance.images object s_rally_6e240329_9AnlXxFP (57afecaf-62b6-411f-86f9-eae90a249250)
2019-10-28 00:24:47.826 727 RALLYDEBUG rally_openstack.cleanup.manager [-] Deleting glance.images object s_rally_6e240329_nsbL0IBa (8a18d7ec-dff0-4f08-9412-620c6c0c45ce)
2019-10-28 00:24:47.845 727 RALLYDEBUG rally_openstack.cleanup.manager [-] Deleting glance.images object s_rally_6e240329_N5DNuXZy (68c45dcc-8f84-4810-827d-42c754920fe4)
2019-10-28 00:24:47.855 727 RALLYDEBUG rally_openstack.cleanup.manager [-] Deleting glance.images object s_rally_6e240329_qPgDxlvF (677bc24a-ce85-427a-81dd-32daf37aed10)
2019-10-28 00:24:48.315 727 DEBUG glanceclient.common.http [-] Request returned failure status 404. _handle_response /usr/lib/python3.6/site-packages/glanceclient/common/http.py:125
2019-10-28 00:24:48.330 727 DEBUG glanceclient.common.http [-] Request returned failure status 404. _handle_response /usr/lib/python3.6/site-packages/glanceclient/common/http.py:125
2019-10-28 00:24:48.397 727 DEBUG glanceclient.common.http [-] Request returned failure status 404. _handle_response /usr/lib/python3.6/site-packages/glanceclient/common/http.py:125
2019-10-28 00:24:48.403 727 DEBUG glanceclient.common.http [-] Request returned failure status 404. _handle_response /usr/lib/python3.6/site-packages/glanceclient/common/http.py:125
2019-10-28 00:24:48.412 727 DEBUG glanceclient.common.http [-] Request returned failure status 404. _handle_response /usr/lib/python3.6/site-packages/glanceclient/common/http.py:125
2019-10-28 00:24:48.415 727 DEBUG glanceclient.common.http [-] Request returned failure status 404. _handle_response /usr/lib/python3.6/site-packages/glanceclient/common/http.py:125
2019-10-28 00:24:48.425 727 DEBUG glanceclient.common.http [-] Request returned failure status 404. _handle_response /usr/lib/python3.6/site-packages/glanceclient/common/http.py:125
2019-10-28 00:24:48.426 727 DEBUG glanceclient.common.http [-] Request returned failure status 404. _handle_response /usr/lib/python3.6/site-packages/glanceclient/common/http.py:125
2019-10-28 00:24:48.427 727 DEBUG glanceclient.common.http [-] Request returned failure status 404. _handle_response /usr/lib/python3.6/site-packages/glanceclient/common/http.py:125
2019-10-28 00:24:48.433 727 DEBUG glanceclient.common.http [-] Request returned failure status 404. _handle_response /usr/lib/python3.6/site-packages/glanceclient/common/http.py:125
2019-10-28 00:24:48.434 727 DEBUG glanceclient.common.http [-] Request returned failure status 404. _handle_response /usr/lib/python3.6/site-packages/glanceclient/common/http.py:125
2019-10-28 00:24:48.440 727 DEBUG glanceclient.common.http [-] Request returned failure status 404. _handle_response /usr/lib/python3.6/site-packages/glanceclient/common/http.py:125
2019-10-28 00:24:48.441 727 DEBUG glanceclient.common.http [-] Request returned failure status 404. _handle_response /usr/lib/python3.6/site-packages/glanceclient/common/http.py:125
2019-10-28 00:24:48.459 727 DEBUG glanceclient.common.http [-] Request returned failure status 404. _handle_response /usr/lib/python3.6/site-packages/glanceclient/common/http.py:125
2019-10-28 00:24:48.460 727 DEBUG glanceclient.common.http [-] Request returned failure status 404. _handle_response /usr/lib/python3.6/site-packages/glanceclient/common/http.py:125
2019-10-28 00:24:48.462 727 DEBUG glanceclient.common.http [-] Request returned failure status 404. _handle_response /usr/lib/python3.6/site-packages/glanceclient/common/http.py:125
2019-10-28 00:24:48.464 727 DEBUG glanceclient.common.http [-] Request returned failure status 404. _handle_response /usr/lib/python3.6/site-packages/glanceclient/common/http.py:125
2019-10-28 00:24:48.471 727 DEBUG glanceclient.common.http [-] Request returned failure status 404. _handle_response /usr/lib/python3.6/site-packages/glanceclient/common/http.py:125
2019-10-28 00:24:48.731 727 DEBUG glanceclient.common.http [-] Request returned failure status 404. _handle_response /usr/lib/python3.6/site-packages/glanceclient/common/http.py:125
2019-10-28 00:24:48.748 727 DEBUG glanceclient.common.http [-] Request returned failure status 404. _handle_response /usr/lib/python3.6/site-packages/glanceclient/common/http.py:125
2019-10-28 00:24:49.751 727 INFO rally.task.context [-] Task 142aa344-e910-443f-94f1-6fa116ebe602 | Context cleanup@openstack cleanup() finished in 3.39 sec
2019-10-28 00:24:49.752 727 INFO rally.task.context [-] Task 142aa344-e910-443f-94f1-6fa116ebe602 | Context users@openstack cleanup() started
2019-10-28 00:24:53.984 727 INFO rally.task.context [-] Task 142aa344-e910-443f-94f1-6fa116ebe602 | Context users@openstack cleanup() finished in 4.23 sec
2019-10-28 00:24:54.499 727 INFO rally.task.engine [-] Load duration is: 8.797579
2019-10-28 00:24:54.500 727 INFO rally.task.engine [-] Full runner duration is: 9.523147
2019-10-28 00:24:54.500 727 INFO rally.task.engine [-] Full duration is: 19.628846
2019-10-28 00:24:55.183 727 INFO rally.task.engine [-] Running workload: position = 0 config = { "version": 2, "title": "A cropped version of a bigger task.", "description": "Auto-generated task from a single workload (uuid=32462a98-5ef7-4390-a46d-3b4289fb70f1)", "subtasks": [ { "title": "GlanceImages.list_images", "description": "List all images.", "scenario": { "GlanceImages.list_images": {} }, "contexts": { "users": { "tenants": 3, "users_per_tenant": 2 } }, "runner": { "constant": { "concurrency": 4, "times": 10 } }, "hooks": [], "sla": { "failure_rate": { "max": 0 } } } ] }
2019-10-28 00:24:55.206 727 RALLYDEBUG rally_openstack.contexts.keystone.users [-] Creating 3 tenants using 20 threads
2019-10-28 00:24:56.197 727 RALLYDEBUG rally_openstack.contexts.keystone.users [-] Creating 6 users using 20 threads
2019-10-28 00:24:57.713 727 INFO rally.task.context [-] Task 142aa344-e910-443f-94f1-6fa116ebe602 | Context users@openstack setup() finished in 2.51 sec
2019-10-28 00:24:57.722 727 RALLYDEBUG rally.task.runner [-] Starting the constant runner (task UUID: 142aa344-e910-443f-94f1-6fa116ebe602). times: 10 concurrency: 4 timeout: 0 max_cpu_used: 16 processes_to_start: 4 concurrency_per_worker: 1 concurrency_overhead: 0
2019-10-28 00:24:57.733 1099 RALLYDEBUG rally.task.runner [-] Starting a worker. times: 10 duration: None concurrency: 1 timeout: 0 cls: method_name: run args: {}
2019-10-28 00:24:57.736 1100 RALLYDEBUG rally.task.runner [-] Starting a worker. times: 10 duration: None concurrency: 1 timeout: 0 cls: method_name: run args: {}
2019-10-28 00:24:57.740 1099 INFO rally.task.runner [-] Task 142aa344-e910-443f-94f1-6fa116ebe602 | ITER: 1 START
2019-10-28 00:24:57.740 1101 RALLYDEBUG rally.task.runner [-] Starting a worker. times: 10 duration: None concurrency: 1 timeout: 0 cls: method_name: run args: {}
2019-10-28 00:24:57.742 1100 INFO rally.task.runner [-] Task 142aa344-e910-443f-94f1-6fa116ebe602 | ITER: 2 START
2019-10-28 00:24:57.743 1102 RALLYDEBUG rally.task.runner [-] Starting a worker. times: 10 duration: None concurrency: 1 timeout: 0 cls: method_name: run args: {}
2019-10-28 00:24:57.747 1101 INFO rally.task.runner [-] Task 142aa344-e910-443f-94f1-6fa116ebe602 | ITER: 3 START
2019-10-28 00:24:57.750 1102 INFO rally.task.runner [-] Task 142aa344-e910-443f-94f1-6fa116ebe602 | ITER: 4 START
2019-10-28 00:24:58.560 1101 INFO rally.task.runner [-] Task 142aa344-e910-443f-94f1-6fa116ebe602 | ITER: 3 END: OK
2019-10-28 00:24:58.565 1101 INFO rally.task.runner [-] Task 142aa344-e910-443f-94f1-6fa116ebe602 | ITER: 5 START
2019-10-28 00:24:58.587 1100 INFO rally.task.runner [-] Task 142aa344-e910-443f-94f1-6fa116ebe602 | ITER: 2 END: OK
2019-10-28 00:24:58.591 1100 INFO rally.task.runner [-] Task 142aa344-e910-443f-94f1-6fa116ebe602 | ITER: 6 START
2019-10-28 00:24:58.793 1102 INFO rally.task.runner [-] Task 142aa344-e910-443f-94f1-6fa116ebe602 | ITER: 4 END: OK
2019-10-28 00:24:58.797 1102 INFO rally.task.runner [-] Task 142aa344-e910-443f-94f1-6fa116ebe602 | ITER: 7 START
2019-10-28 00:24:58.827 1099 INFO rally.task.runner [-] Task 142aa344-e910-443f-94f1-6fa116ebe602 | ITER: 1 END: OK
2019-10-28 00:24:58.832 1099 INFO rally.task.runner [-] Task 142aa344-e910-443f-94f1-6fa116ebe602 | ITER: 8 START
2019-10-28 00:24:59.270 1101 INFO rally.task.runner [-] Task 142aa344-e910-443f-94f1-6fa116ebe602 | ITER: 5 END: OK
2019-10-28 00:24:59.274 1101 INFO rally.task.runner [-] Task 142aa344-e910-443f-94f1-6fa116ebe602 | ITER: 9 START
2019-10-28 00:24:59.295 1100 INFO rally.task.runner [-] Task 142aa344-e910-443f-94f1-6fa116ebe602 | ITER: 6 END: OK
2019-10-28 00:24:59.299 1100 INFO rally.task.runner [-] Task 142aa344-e910-443f-94f1-6fa116ebe602 | ITER: 10 START
2019-10-28 00:24:59.506 1099 INFO rally.task.runner [-] Task 142aa344-e910-443f-94f1-6fa116ebe602 | ITER: 8 END: OK
2019-10-28 00:24:59.513 1102 INFO rally.task.runner [-] Task 142aa344-e910-443f-94f1-6fa116ebe602 | ITER: 7 END: OK
2019-10-28 00:24:59.959 1101 INFO rally.task.runner [-] Task 142aa344-e910-443f-94f1-6fa116ebe602 | ITER: 9 END: OK
2019-10-28 00:24:59.966 1100 INFO rally.task.runner [-] Task 142aa344-e910-443f-94f1-6fa116ebe602 | ITER: 10 END: OK
2019-10-28 00:24:59.989 727 INFO rally.task.context [-] Task 142aa344-e910-443f-94f1-6fa116ebe602 | Context users@openstack cleanup() started
2019-10-28 00:25:04.212 727 INFO rally.task.context [-] Task 142aa344-e910-443f-94f1-6fa116ebe602 | Context users@openstack cleanup() finished in 4.22 sec
2019-10-28 00:25:05.283 727 INFO rally.task.engine [-] Load duration is: 1.548379
2019-10-28 00:25:05.283 727 INFO rally.task.engine [-] Full runner duration is: 2.267881
2019-10-28 00:25:05.283 727 INFO rally.task.engine [-] Full duration is: 9.007983
2019-10-28 00:25:05.951 727 INFO rally.task.engine [-] Running workload: position = 0 config = { "version": 2, "title": "A cropped version of a bigger task.", "description": "Auto-generated task from a single workload (uuid=c7bdba7f-bdd6-4e8a-bda2-87e2abb14357)", "subtasks": [ { "title": "GlanceImages.create_image_and_boot_instances", "description": "Create an image and boot several instances from it.", "scenario": { "GlanceImages.create_image_and_boot_instances": { "container_format": "bare", "disk_format": "qcow2", "image_location": "/home/opnfv/functest/images/cirros-0.4.0-x86_64-disk.img", "flavor": { "name": "rally_full-flavor_94399dd7-70e5-4767-b49a-8f67339bf77d" }, "number_instances": 2, "nics": [ { "net-id": "2381ea0d-4449-473e-9297-21732a0ea467" } ] } }, "contexts": { "users": { "tenants": 3, "users_per_tenant": 2 }, "quotas": { "nova": { "cores": -1, "floating_ips": -1, "instances": -1, "ram": -1, "security_group_rules": -1, "security_groups": -1 } } }, "runner": { "constant": { "concurrency": 4, "times": 10 } }, "hooks": [], "sla": { "failure_rate": { "max": 0 } } } ] }
2019-10-28 00:25:05.976 727 RALLYDEBUG rally_openstack.contexts.keystone.users [-] Creating 3 tenants using 20 threads
2019-10-28 00:25:06.973 727 RALLYDEBUG rally_openstack.contexts.keystone.users [-] Creating 6 users using 20 threads
2019-10-28 00:25:08.478 727 INFO rally.task.context [-] Task 142aa344-e910-443f-94f1-6fa116ebe602 | Context users@openstack setup() finished in 2.50 sec
2019-10-28 00:25:09.449 727 INFO rally.task.context [-] Task 142aa344-e910-443f-94f1-6fa116ebe602 | Context quotas@openstack setup() finished in 0.97 sec
2019-10-28 00:25:09.450 727 INFO rally.task.context [-] Task 142aa344-e910-443f-94f1-6fa116ebe602 | Context cleanup@openstack setup() finished in 0.01 msec
2019-10-28 00:25:09.824 727 RALLYDEBUG rally.task.runner [-] Starting the constant runner (task UUID: 142aa344-e910-443f-94f1-6fa116ebe602). times: 10 concurrency: 4 timeout: 0 max_cpu_used: 16 processes_to_start: 4 concurrency_per_worker: 1 concurrency_overhead: 0
2019-10-28 00:25:09.836 1203 RALLYDEBUG rally.task.runner [-] Starting a worker. times: 10 duration: None concurrency: 1 timeout: 0 cls: method_name: run args: {"container_format": "bare", "disk_format": "qcow2", "image_location": "/home/opnfv/functest/images/cirros-0.4.0-x86_64-disk.img", "flavor": "f6e16333-aeab-48e5-b309-0e3bdd356d36", "number_instances": 2, "nics": [{"net-id": "2381ea0d-4449-473e-9297-21732a0ea467"}]}
2019-10-28 00:25:09.840 1204 RALLYDEBUG rally.task.runner [-] Starting a worker. times: 10 duration: None concurrency: 1 timeout: 0 cls: method_name: run args: {"container_format": "bare", "disk_format": "qcow2", "image_location": "/home/opnfv/functest/images/cirros-0.4.0-x86_64-disk.img", "flavor": "f6e16333-aeab-48e5-b309-0e3bdd356d36", "number_instances": 2, "nics": [{"net-id": "2381ea0d-4449-473e-9297-21732a0ea467"}]}
2019-10-28 00:25:09.844 1203 INFO rally.task.runner [-] Task 142aa344-e910-443f-94f1-6fa116ebe602 | ITER: 1 START
2019-10-28 00:25:09.844 1205 RALLYDEBUG rally.task.runner [-] Starting a worker. times: 10 duration: None concurrency: 1 timeout: 0 cls: method_name: run args: {"container_format": "bare", "disk_format": "qcow2", "image_location": "/home/opnfv/functest/images/cirros-0.4.0-x86_64-disk.img", "flavor": "f6e16333-aeab-48e5-b309-0e3bdd356d36", "number_instances": 2, "nics": [{"net-id": "2381ea0d-4449-473e-9297-21732a0ea467"}]}
2019-10-28 00:25:09.846 1204 INFO rally.task.runner [-] Task 142aa344-e910-443f-94f1-6fa116ebe602 | ITER: 2 START
2019-10-28 00:25:09.848 1207 RALLYDEBUG rally.task.runner [-] Starting a worker. times: 10 duration: None concurrency: 1 timeout: 0 cls: method_name: run args: {"container_format": "bare", "disk_format": "qcow2", "image_location": "/home/opnfv/functest/images/cirros-0.4.0-x86_64-disk.img", "flavor": "f6e16333-aeab-48e5-b309-0e3bdd356d36", "number_instances": 2, "nics": [{"net-id": "2381ea0d-4449-473e-9297-21732a0ea467"}]}
2019-10-28 00:25:09.850 1205 INFO rally.task.runner [-] Task 142aa344-e910-443f-94f1-6fa116ebe602 | ITER: 3 START
2019-10-28 00:25:09.857 1207 INFO rally.task.runner [-] Task 142aa344-e910-443f-94f1-6fa116ebe602 | ITER: 4 START
2019-10-28 00:25:10.521 1203 WARNING rally_openstack.scenarios.glance.images [-] 'kwargs' is deprecated in Rally v0.8.0: Use 'boot_server_kwargs' for additional parameters when booting servers.
2019-10-28 00:25:10.521 1205 WARNING rally_openstack.scenarios.glance.images [-] 'kwargs' is deprecated in Rally v0.8.0: Use 'boot_server_kwargs' for additional parameters when booting servers.
2019-10-28 00:25:10.523 1204 WARNING rally_openstack.scenarios.glance.images [-] 'kwargs' is deprecated in Rally v0.8.0: Use 'boot_server_kwargs' for additional parameters when booting servers.
2019-10-28 00:25:10.547 1207 WARNING rally_openstack.scenarios.glance.images [-] 'kwargs' is deprecated in Rally v0.8.0: Use 'boot_server_kwargs' for additional parameters when booting servers.
2019-10-28 00:25:12.758 1204 RALLYDEBUG rally.task.utils [-] Waiting for resource 'a5a575cf-fafc-4400-91b2-bf4487c088dc'. Status changed: NONE => QUEUED in 0.04064154624938965
2019-10-28 00:25:12.758 1205 RALLYDEBUG rally.task.utils [-] Waiting for resource 'c260dd04-a985-44ef-aabc-596b011efa7c'. Status changed: NONE => QUEUED in 0.03900957107543945
2019-10-28 00:25:12.760 1203 RALLYDEBUG rally.task.utils [-] Waiting for resource 'e85779b5-ce9c-46c1-ae72-e95fc2396d8f'. Status changed: NONE => QUEUED in 0.041671037673950195
2019-10-28 00:25:12.764 1207 RALLYDEBUG rally.task.utils [-] Waiting for resource '43bc74b2-12c8-427a-8eb1-c7b5f2393885'. Status changed: NONE => QUEUED in 0.03641939163208008
2019-10-28 00:25:12.987 1203 RALLYDEBUG rally.task.utils [-] Waiting for resource s_rally_c7bdba7f_gUB6gBx4. Status changed: QUEUED => ACTIVE in 0.03746986389160156
2019-10-28 00:25:13.030 1207 RALLYDEBUG rally.task.utils [-] Waiting for resource s_rally_c7bdba7f_xBKFVdzn. Status changed: QUEUED => ACTIVE in 0.01680135726928711
2019-10-28 00:25:13.039 1204 RALLYDEBUG rally.task.utils [-] Waiting for resource s_rally_c7bdba7f_f3z3GC3O. Status changed: QUEUED => ACTIVE in 0.019709348678588867
2019-10-28 00:25:13.041 1205 RALLYDEBUG rally.task.utils [-] Waiting for resource s_rally_c7bdba7f_qdL4iEnx. Status changed: QUEUED => ACTIVE in 0.020121097564697266
2019-10-28 00:25:22.379 1203 RALLYDEBUG rally.task.utils [-] Waiting for resource s_rally_c7bdba7f_71lA4wmF_1. Status changed: BUILD => ACTIVE in 6.787135601043701
2019-10-28 00:25:22.563 1203 RALLYDEBUG rally.task.utils [-] Waiting for resource s_rally_c7bdba7f_71lA4wmF_0. Status changed: BUILD => ACTIVE in 0.1834409236907959
2019-10-28 00:25:22.564 1203 INFO rally.task.runner [-] Task 142aa344-e910-443f-94f1-6fa116ebe602 | ITER: 1 END: OK
2019-10-28 00:25:22.569 1203 INFO rally.task.runner [-] Task 142aa344-e910-443f-94f1-6fa116ebe602 | ITER: 5 START
2019-10-28 00:25:23.249 1203 WARNING rally_openstack.scenarios.glance.images [-] 'kwargs' is deprecated in Rally v0.8.0: Use 'boot_server_kwargs' for additional parameters when booting servers.
2019-10-28 00:25:24.714 1205 RALLYDEBUG rally.task.utils [-] Waiting for resource s_rally_c7bdba7f_syK1xxer_1. Status changed: BUILD => ACTIVE in 9.076019287109375
2019-10-28 00:25:24.766 1207 RALLYDEBUG rally.task.utils [-] Waiting for resource s_rally_c7bdba7f_F7X5f5U2_1. Status changed: BUILD => ACTIVE in 9.013599395751953
2019-10-28 00:25:24.850 1204 RALLYDEBUG rally.task.utils [-] Waiting for resource s_rally_c7bdba7f_8lFEwzKK_1. Status changed: BUILD => ACTIVE in 8.955435752868652
2019-10-28 00:25:24.859 1205 RALLYDEBUG rally.task.utils [-] Waiting for resource s_rally_c7bdba7f_syK1xxer_0. Status changed: BUILD => ACTIVE in 0.14406085014343262
2019-10-28 00:25:24.859 1205 INFO rally.task.runner [-] Task 142aa344-e910-443f-94f1-6fa116ebe602 | ITER: 3 END: OK
2019-10-28 00:25:24.863 1205 INFO rally.task.runner [-] Task 142aa344-e910-443f-94f1-6fa116ebe602 | ITER: 6 START
2019-10-28 00:25:24.940 1207 RALLYDEBUG rally.task.utils [-] Waiting for resource s_rally_c7bdba7f_F7X5f5U2_0. Status changed: BUILD => ACTIVE in 0.17299675941467285
2019-10-28 00:25:24.941 1207 INFO rally.task.runner [-] Task 142aa344-e910-443f-94f1-6fa116ebe602 | ITER: 4 END: OK
2019-10-28 00:25:24.946 1207 INFO rally.task.runner [-] Task 142aa344-e910-443f-94f1-6fa116ebe602 | ITER: 7 START
2019-10-28 00:25:24.989 1204 RALLYDEBUG rally.task.utils [-] Waiting for resource s_rally_c7bdba7f_8lFEwzKK_0. Status changed: BUILD => ACTIVE in 0.13910865783691406
2019-10-28 00:25:24.990 1204 INFO rally.task.runner [-] Task 142aa344-e910-443f-94f1-6fa116ebe602 | ITER: 2 END: OK
2019-10-28 00:25:24.994 1204 INFO rally.task.runner [-] Task 142aa344-e910-443f-94f1-6fa116ebe602 | ITER: 8 START
2019-10-28 00:25:25.439 1203 RALLYDEBUG rally.task.utils [-] Waiting for resource '50a82661-3f10-4d47-a6f4-a5ee5bbee5fa'. Status changed: NONE => QUEUED in 0.030989646911621094
2019-10-28 00:25:25.554 1207 WARNING rally_openstack.scenarios.glance.images [-] 'kwargs' is deprecated in Rally v0.8.0: Use 'boot_server_kwargs' for additional parameters when booting servers.
2019-10-28 00:25:25.580 1205 WARNING rally_openstack.scenarios.glance.images [-] 'kwargs' is deprecated in Rally v0.8.0: Use 'boot_server_kwargs' for additional parameters when booting servers.
2019-10-28 00:25:25.588 1204 WARNING rally_openstack.scenarios.glance.images [-] 'kwargs' is deprecated in Rally v0.8.0: Use 'boot_server_kwargs' for additional parameters when booting servers.
2019-10-28 00:25:25.699 1203 RALLYDEBUG rally.task.utils [-] Waiting for resource s_rally_c7bdba7f_SmBHxd7h. Status changed: QUEUED => ACTIVE in 0.016742467880249023
2019-10-28 00:25:27.715 1207 RALLYDEBUG rally.task.utils [-] Waiting for resource 'a6f23d2f-3c25-44ca-8260-5b68ee24bea0'. Status changed: NONE => QUEUED in 0.03211402893066406
2019-10-28 00:25:27.746 1205 RALLYDEBUG rally.task.utils [-] Waiting for resource '140d2695-148f-4551-8810-1f3a386f0f81'. Status changed: NONE => QUEUED in 0.029216766357421875
2019-10-28 00:25:27.747 1204 RALLYDEBUG rally.task.utils [-] Waiting for resource 'c17248ef-e308-474b-8296-508980b669a4'. Status changed: NONE => QUEUED in 0.031039714813232422
2019-10-28 00:25:28.169 1205 RALLYDEBUG rally.task.utils [-] Waiting for resource s_rally_c7bdba7f_7ookj7oA. Status changed: QUEUED => ACTIVE in 0.017702579498291016
2019-10-28 00:25:28.380 1207 RALLYDEBUG rally.task.utils [-] Waiting for resource s_rally_c7bdba7f_jNpJBcZj. Status changed: QUEUED => ACTIVE in 0.01799607276916504
2019-10-28 00:25:28.407 1204 RALLYDEBUG rally.task.utils [-] Waiting for resource s_rally_c7bdba7f_kji7iizn. Status changed: QUEUED => ACTIVE in 0.024024248123168945
2019-10-28 00:25:40.054 1205 RALLYDEBUG rally.task.utils [-] Waiting for resource s_rally_c7bdba7f_icW5pWeZ_1. Status changed: BUILD => ACTIVE in 8.955110549926758
2019-10-28 00:25:44.619 1205 RALLYDEBUG rally.task.utils [-] Waiting for resource s_rally_c7bdba7f_icW5pWeZ_0. Status changed: BUILD => ACTIVE in 4.563530206680298
2019-10-28 00:25:44.620 1205 INFO rally.task.runner [-] Task 142aa344-e910-443f-94f1-6fa116ebe602 | ITER: 6 END: OK
2019-10-28 00:25:44.625 1205 INFO rally.task.runner [-] Task 142aa344-e910-443f-94f1-6fa116ebe602 | ITER: 9 START
2019-10-28 00:25:44.823 1204 RALLYDEBUG rally.task.utils [-] Waiting for resource s_rally_c7bdba7f_x4QPzy0n_1. Status changed: BUILD => ACTIVE in 13.390370607376099
2019-10-28 00:25:45.053 1204 RALLYDEBUG rally.task.utils [-] Waiting for resource s_rally_c7bdba7f_x4QPzy0n_0. Status changed: BUILD => ACTIVE in 0.22810840606689453
2019-10-28 00:25:45.053 1204 INFO rally.task.runner [-] Task 142aa344-e910-443f-94f1-6fa116ebe602 | ITER: 8 END: OK
2019-10-28 00:25:45.058 1204 INFO rally.task.runner [-] Task 142aa344-e910-443f-94f1-6fa116ebe602 | ITER: 10 START
2019-10-28 00:25:45.124 1207 RALLYDEBUG rally.task.utils [-] Waiting for resource s_rally_c7bdba7f_O1VItsVT_1. Status changed: BUILD => ACTIVE in 13.208088397979736
2019-10-28 00:25:45.233 1205 WARNING rally_openstack.scenarios.glance.images [-] 'kwargs' is deprecated in Rally v0.8.0: Use 'boot_server_kwargs' for additional parameters when booting servers.
2019-10-28 00:25:45.257 1207 RALLYDEBUG rally.task.utils [-] Waiting for resource s_rally_c7bdba7f_O1VItsVT_0. Status changed: BUILD => ACTIVE in 0.1316356658935547
2019-10-28 00:25:45.258 1207 INFO rally.task.runner [-] Task 142aa344-e910-443f-94f1-6fa116ebe602 | ITER: 7 END: OK
2019-10-28 00:25:45.664 1204 WARNING rally_openstack.scenarios.glance.images [-] 'kwargs' is deprecated in Rally v0.8.0: Use 'boot_server_kwargs' for additional parameters when booting servers.
2019-10-28 00:25:46.379 1203 RALLYDEBUG rally.task.utils [-] Waiting for resource s_rally_c7bdba7f_UxaIFG2r_1. Status changed: BUILD => ACTIVE in 17.696423530578613
2019-10-28 00:25:46.569 1203 RALLYDEBUG rally.task.utils [-] Waiting for resource s_rally_c7bdba7f_UxaIFG2r_0. Status changed: BUILD => ACTIVE in 0.18791532516479492
2019-10-28 00:25:46.570 1203 INFO rally.task.runner [-] Task 142aa344-e910-443f-94f1-6fa116ebe602 | ITER: 5 END: OK
2019-10-28 00:25:47.418 1205 RALLYDEBUG rally.task.utils [-] Waiting for resource '3e0570e1-8a3a-4162-909f-4b5ded01b886'. Status changed: NONE => QUEUED in 0.03455710411071777
2019-10-28 00:25:47.776 1205 RALLYDEBUG rally.task.utils [-] Waiting for resource s_rally_c7bdba7f_q5mRzehb. Status changed: QUEUED => ACTIVE in 0.01874685287475586
2019-10-28 00:25:47.845 1204 RALLYDEBUG rally.task.utils [-] Waiting for resource '73fb8acb-07b5-4835-bbc3-bef4cd4f4b7f'. Status changed: NONE => QUEUED in 0.028873682022094727
2019-10-28 00:25:48.072 1204 RALLYDEBUG rally.task.utils [-] Waiting for resource s_rally_c7bdba7f_cqfu8uFY. Status changed: QUEUED => ACTIVE in 0.0186767578125
2019-10-28 00:26:03.622 1205 RALLYDEBUG rally.task.utils [-] Waiting for resource s_rally_c7bdba7f_5JuDBZQw_1. Status changed: BUILD => ACTIVE in 13.141103267669678
2019-10-28 00:26:04.105 1204 RALLYDEBUG rally.task.utils [-] Waiting for resource s_rally_c7bdba7f_TZFT2hIb_1. Status changed: BUILD => ACTIVE in 13.420627355575562
2019-10-28 00:26:06.257 1205 RALLYDEBUG rally.task.utils [-] Waiting for resource s_rally_c7bdba7f_5JuDBZQw_0. Status changed: BUILD => ACTIVE in 2.633302688598633
2019-10-28 00:26:06.258 1205 INFO rally.task.runner [-] Task 142aa344-e910-443f-94f1-6fa116ebe602 | ITER: 9 END: OK
2019-10-28 00:26:06.415 1204 RALLYDEBUG rally.task.utils [-] Waiting for resource s_rally_c7bdba7f_TZFT2hIb_0. Status changed: BUILD => ACTIVE in 2.3086178302764893
2019-10-28 00:26:06.416 1204 INFO rally.task.runner [-] Task 142aa344-e910-443f-94f1-6fa116ebe602 | ITER: 10 END: OK
2019-10-28 00:26:06.438 727 INFO rally.task.context [-] Task 142aa344-e910-443f-94f1-6fa116ebe602 | Context cleanup@openstack cleanup() started
2019-10-28 00:26:06.441 727 RALLYDEBUG rally_openstack.cleanup.manager [-] Cleaning up nova servers objects
2019-10-28 00:26:08.762 727 RALLYDEBUG rally_openstack.cleanup.manager [-] Deleting nova.servers object s_rally_c7bdba7f_5JuDBZQw_1 (684c7552-98a0-4b96-93ee-381361613e76)
2019-10-28 00:26:08.767 727 RALLYDEBUG rally_openstack.cleanup.manager [-] Deleting nova.servers object s_rally_c7bdba7f_5JuDBZQw_0 (55016ad4-47b8-43af-a412-d97f7516ab30)
2019-10-28 00:26:08.776 727 RALLYDEBUG rally_openstack.cleanup.manager [-] Deleting nova.servers object s_rally_c7bdba7f_x4QPzy0n_1 (6c4a9ae9-ef41-4e3d-8afd-95b2ef6d1fb9)
2019-10-28 00:26:08.786 727 RALLYDEBUG rally_openstack.cleanup.manager [-] Deleting nova.servers object s_rally_c7bdba7f_x4QPzy0n_0 (2361904c-b86f-4532-a460-fd3e71728a6e)
2019-10-28 00:26:08.797 727 RALLYDEBUG rally_openstack.cleanup.manager [-] Deleting nova.servers object s_rally_c7bdba7f_icW5pWeZ_1 (720e09ac-6634-4efb-b665-84660815138c)
2019-10-28 00:26:08.805 727 RALLYDEBUG rally_openstack.cleanup.manager [-] Deleting nova.servers object s_rally_c7bdba7f_icW5pWeZ_0 (e950582e-4384-42b9-a3a9-1ea626942bd4)
2019-10-28 00:26:08.819 727 RALLYDEBUG rally_openstack.cleanup.manager [-] Deleting nova.servers object s_rally_c7bdba7f_syK1xxer_1 (aad8fb48-4a9e-4336-98f7-ad7d60d87b53)
2019-10-28 00:26:08.831 727 RALLYDEBUG rally_openstack.cleanup.manager [-] Deleting nova.servers object s_rally_c7bdba7f_syK1xxer_0 (6846ac6d-06ca-45f0-aa75-06dee013210b)
2019-10-28 00:26:08.841 727 RALLYDEBUG rally_openstack.cleanup.manager [-] Deleting nova.servers object s_rally_c7bdba7f_UxaIFG2r_1 (fe7d8703-e128-4c30-bfb9-d2ed03e34fff)
2019-10-28 00:26:08.859 727 RALLYDEBUG rally_openstack.cleanup.manager [-] Deleting nova.servers object s_rally_c7bdba7f_UxaIFG2r_0 (aed2200e-335b-42fc-9344-a1624bedc0d7)
2019-10-28 00:26:08.866 727 RALLYDEBUG rally_openstack.cleanup.manager [-] Deleting nova.servers object s_rally_c7bdba7f_TZFT2hIb_1 (958afb48-c78e-46a2-8c75-2caf3a74bca4)
2019-10-28 00:26:08.870 727 RALLYDEBUG rally_openstack.cleanup.manager [-] Deleting nova.servers object s_rally_c7bdba7f_TZFT2hIb_0 (ae274347-c7cb-4eec-a74a-1ab9014c0ee4)
2019-10-28 00:26:08.884 727 RALLYDEBUG rally_openstack.cleanup.manager [-] Deleting nova.servers object s_rally_c7bdba7f_O1VItsVT_1 (14fc3f5a-b187-4c0f-852b-d9eeca433b5a)
2019-10-28 00:26:08.909 727 RALLYDEBUG rally_openstack.cleanup.manager [-] Deleting nova.servers object s_rally_c7bdba7f_O1VItsVT_0 (49674de5-6c19-444f-b632-c434b7c73a04)
2019-10-28 00:26:08.918 727 RALLYDEBUG rally_openstack.cleanup.manager [-] Deleting nova.servers object s_rally_c7bdba7f_8lFEwzKK_0 (0e8bb98c-74ab-41c1-a9ea-10c5b163b76d)
2019-10-28 00:26:08.933 727 RALLYDEBUG rally_openstack.cleanup.manager [-] Deleting nova.servers object s_rally_c7bdba7f_F7X5f5U2_1 (76ca946d-5c4b-4dea-b187-598fbbda7936)
2019-10-28 00:26:08.950 727 RALLYDEBUG rally_openstack.cleanup.manager [-] Deleting nova.servers object s_rally_c7bdba7f_8lFEwzKK_1 (85739f52-a5e5-45c6-803e-0cd5768ee93d)
2019-10-28 00:26:08.960 727 RALLYDEBUG rally_openstack.cleanup.manager [-] Deleting nova.servers object s_rally_c7bdba7f_71lA4wmF_1 (c24a931f-188b-4ee8-92c8-8c31859c8d5c)
2019-10-28 00:26:08.975 727 RALLYDEBUG rally_openstack.cleanup.manager [-] Deleting nova.servers object s_rally_c7bdba7f_71lA4wmF_0 (18e4af73-5d4b-4104-b80a-4d4e97b603dd)
2019-10-28 00:26:08.983 727 RALLYDEBUG rally_openstack.cleanup.manager [-] Deleting nova.servers object s_rally_c7bdba7f_F7X5f5U2_0 (64397325-d08b-4fcd-9dc0-bb321ac75d5c)
2019-10-28 00:26:17.773 727 RALLYDEBUG rally_openstack.cleanup.manager [-] Cleaning up nova server_groups objects
2019-10-28 00:26:18.899 727 RALLYDEBUG rally_openstack.cleanup.manager [-] Cleaning up nova keypairs objects
2019-10-28 00:26:21.189 727 RALLYDEBUG rally_openstack.cleanup.manager [-] Cleaning up glance images objects
2019-10-28 00:26:22.507 727 RALLYDEBUG rally_openstack.cleanup.manager [-] Deleting glance.images object s_rally_c7bdba7f_q5mRzehb (3e0570e1-8a3a-4162-909f-4b5ded01b886)
2019-10-28 00:26:22.517 727 RALLYDEBUG rally_openstack.cleanup.manager [-] Deleting glance.images object s_rally_c7bdba7f_kji7iizn (c17248ef-e308-474b-8296-508980b669a4)
2019-10-28 00:26:22.526 727 RALLYDEBUG rally_openstack.cleanup.manager [-] Deleting glance.images object s_rally_c7bdba7f_7ookj7oA (140d2695-148f-4551-8810-1f3a386f0f81)
2019-10-28 00:26:22.537 727 RALLYDEBUG rally_openstack.cleanup.manager [-] Deleting glance.images object s_rally_c7bdba7f_qdL4iEnx (c260dd04-a985-44ef-aabc-596b011efa7c)
2019-10-28 00:26:22.551 727 RALLYDEBUG rally_openstack.cleanup.manager [-] Deleting glance.images object s_rally_c7bdba7f_SmBHxd7h (50a82661-3f10-4d47-a6f4-a5ee5bbee5fa)
2019-10-28 00:26:22.556 727 RALLYDEBUG rally_openstack.cleanup.manager [-] Deleting glance.images object s_rally_c7bdba7f_cqfu8uFY (73fb8acb-07b5-4835-bbc3-bef4cd4f4b7f)
2019-10-28 00:26:22.563 727 RALLYDEBUG rally_openstack.cleanup.manager [-] Deleting glance.images object s_rally_c7bdba7f_jNpJBcZj (a6f23d2f-3c25-44ca-8260-5b68ee24bea0)
2019-10-28 00:26:22.579 727 RALLYDEBUG rally_openstack.cleanup.manager [-] Deleting glance.images object s_rally_c7bdba7f_gUB6gBx4 (e85779b5-ce9c-46c1-ae72-e95fc2396d8f)
2019-10-28 00:26:22.592 727 RALLYDEBUG rally_openstack.cleanup.manager [-] Deleting glance.images object s_rally_c7bdba7f_f3z3GC3O (a5a575cf-fafc-4400-91b2-bf4487c088dc)
2019-10-28 00:26:22.609 727 RALLYDEBUG rally_openstack.cleanup.manager [-] Deleting glance.images object s_rally_c7bdba7f_xBKFVdzn (43bc74b2-12c8-427a-8eb1-c7b5f2393885)
2019-10-28 00:26:22.998 727 DEBUG glanceclient.common.http [-] Request returned failure status 404. _handle_response /usr/lib/python3.6/site-packages/glanceclient/common/http.py:125
2019-10-28 00:26:23.016 727 DEBUG glanceclient.common.http [-] Request returned failure status 404. _handle_response /usr/lib/python3.6/site-packages/glanceclient/common/http.py:125
2019-10-28 00:26:23.028 727 DEBUG glanceclient.common.http [-] Request returned failure status 404. _handle_response /usr/lib/python3.6/site-packages/glanceclient/common/http.py:125
2019-10-28 00:26:23.046 727 DEBUG glanceclient.common.http [-] Request returned failure status 404. _handle_response /usr/lib/python3.6/site-packages/glanceclient/common/http.py:125
2019-10-28 00:26:23.047 727 DEBUG glanceclient.common.http [-] Request returned failure status 404. _handle_response /usr/lib/python3.6/site-packages/glanceclient/common/http.py:125
2019-10-28 00:26:23.056 727 DEBUG glanceclient.common.http [-] Request returned failure status 404. _handle_response /usr/lib/python3.6/site-packages/glanceclient/common/http.py:125
2019-10-28 00:26:23.062 727 DEBUG glanceclient.common.http [-] Request returned failure status 404. _handle_response /usr/lib/python3.6/site-packages/glanceclient/common/http.py:125
2019-10-28 00:26:23.070 727 DEBUG glanceclient.common.http [-] Request returned failure status 404. _handle_response /usr/lib/python3.6/site-packages/glanceclient/common/http.py:125
2019-10-28 00:26:23.094 727 DEBUG glanceclient.common.http [-] Request returned failure status 404. _handle_response /usr/lib/python3.6/site-packages/glanceclient/common/http.py:125
2019-10-28 00:26:23.115 727 DEBUG glanceclient.common.http [-] Request returned failure status 404. _handle_response /usr/lib/python3.6/site-packages/glanceclient/common/http.py:125
2019-10-28 00:26:23.122 727 DEBUG glanceclient.common.http [-] Request returned failure status 404. _handle_response /usr/lib/python3.6/site-packages/glanceclient/common/http.py:125
2019-10-28 00:26:23.128 727 DEBUG glanceclient.common.http [-] Request returned failure status 404. _handle_response /usr/lib/python3.6/site-packages/glanceclient/common/http.py:125
2019-10-28 00:26:23.134 727 DEBUG glanceclient.common.http [-] Request returned failure status 404. _handle_response /usr/lib/python3.6/site-packages/glanceclient/common/http.py:125
2019-10-28 00:26:23.146 727 DEBUG glanceclient.common.http [-] Request returned failure status 404. _handle_response /usr/lib/python3.6/site-packages/glanceclient/common/http.py:125
2019-10-28 00:26:23.153 727 DEBUG glanceclient.common.http [-] Request returned failure status 404. _handle_response /usr/lib/python3.6/site-packages/glanceclient/common/http.py:125
2019-10-28 00:26:23.155 727 DEBUG glanceclient.common.http [-] Request returned failure status 404. _handle_response /usr/lib/python3.6/site-packages/glanceclient/common/http.py:125
2019-10-28 00:26:23.170 727 DEBUG glanceclient.common.http [-] Request returned failure status 404. _handle_response /usr/lib/python3.6/site-packages/glanceclient/common/http.py:125
2019-10-28 00:26:23.175 727 DEBUG glanceclient.common.http [-] Request returned failure status 404. _handle_response /usr/lib/python3.6/site-packages/glanceclient/common/http.py:125
2019-10-28 00:26:23.176 727 DEBUG glanceclient.common.http [-] Request returned failure status 404. _handle_response /usr/lib/python3.6/site-packages/glanceclient/common/http.py:125
2019-10-28 00:26:23.187 727 DEBUG glanceclient.common.http [-] Request returned failure status 404. _handle_response /usr/lib/python3.6/site-packages/glanceclient/common/http.py:125
2019-10-28 00:26:24.190 727 INFO rally.task.context [-] Task 142aa344-e910-443f-94f1-6fa116ebe602 | Context cleanup@openstack cleanup() finished in 17.75 sec
2019-10-28 00:26:24.191 727 INFO rally.task.context [-] Task 142aa344-e910-443f-94f1-6fa116ebe602 | Context quotas@openstack cleanup() started
2019-10-28 00:26:24.321 727 INFO rally.task.context [-] Task 142aa344-e910-443f-94f1-6fa116ebe602 | Context quotas@openstack cleanup() finished in 0.13 sec
2019-10-28 00:26:24.322 727 INFO rally.task.context [-] Task 142aa344-e910-443f-94f1-6fa116ebe602 | Context users@openstack cleanup() started
2019-10-28 00:26:28.210 727 INFO rally.task.context [-] Task 142aa344-e910-443f-94f1-6fa116ebe602 | Context users@openstack cleanup() finished in 3.89 sec
2019-10-28 00:26:28.352 727 INFO rally.task.engine [-] Load duration is: 54.894786
2019-10-28 00:26:28.353 727 INFO rally.task.engine [-] Full runner duration is: 56.614285
2019-10-28 00:26:28.353 727 INFO rally.task.engine [-] Full duration is: 82.236258
2019-10-28 00:26:29.017 727 INFO rally.task.engine [-] Running workload: position = 0 config = { "version": 2, "title": "A cropped version of a bigger task.", "description": "Auto-generated task from a single workload (uuid=6e2c9ec3-868b-46ae-8b48-4e250881c96e)", "subtasks": [ { "title": "GlanceImages.create_and_deactivate_image", "description": "Create an image, then deactivate it.", "scenario": { "GlanceImages.create_and_deactivate_image": { "container_format": "bare", "disk_format": "qcow2", "image_location": "/home/opnfv/functest/images/cirros-0.4.0-x86_64-disk.img" } }, "contexts": { "users": { "tenants": 3, "users_per_tenant": 2 } }, "runner": { "constant": { "concurrency": 4, "times": 10 } }, "hooks": [], "sla": { "failure_rate": { "max": 0 } } } ] }
2019-10-28 00:26:29.041 727 RALLYDEBUG rally_openstack.contexts.keystone.users [-] Creating 3 tenants using 20 threads
2019-10-28 00:26:30.037 727 RALLYDEBUG rally_openstack.contexts.keystone.users [-] Creating 6 users using 20 threads
2019-10-28 00:26:31.533 727 INFO rally.task.context [-] Task 142aa344-e910-443f-94f1-6fa116ebe602 | Context users@openstack setup() finished in 2.49 sec
2019-10-28 00:26:31.534 727 INFO rally.task.context [-] Task 142aa344-e910-443f-94f1-6fa116ebe602 | Context cleanup@openstack setup() finished in 0.01 msec
2019-10-28 00:26:31.543 727 RALLYDEBUG rally.task.runner [-] Starting the constant runner (task UUID: 142aa344-e910-443f-94f1-6fa116ebe602). times: 10 concurrency: 4 timeout: 0 max_cpu_used: 16 processes_to_start: 4 concurrency_per_worker: 1 concurrency_overhead: 0
2019-10-28 00:26:31.555 1387 RALLYDEBUG rally.task.runner [-] Starting a worker. times: 10 duration: None concurrency: 1 timeout: 0 cls: method_name: run args: {"container_format": "bare", "disk_format": "qcow2", "image_location": "/home/opnfv/functest/images/cirros-0.4.0-x86_64-disk.img"}
2019-10-28 00:26:31.558 1388 RALLYDEBUG rally.task.runner [-] Starting a worker. times: 10 duration: None concurrency: 1 timeout: 0 cls: method_name: run args: {"container_format": "bare", "disk_format": "qcow2", "image_location": "/home/opnfv/functest/images/cirros-0.4.0-x86_64-disk.img"}
2019-10-28 00:26:31.562 1387 INFO rally.task.runner [-] Task 142aa344-e910-443f-94f1-6fa116ebe602 | ITER: 1 START
2019-10-28 00:26:31.562 1389 RALLYDEBUG rally.task.runner [-] Starting a worker. times: 10 duration: None concurrency: 1 timeout: 0 cls: method_name: run args: {"container_format": "bare", "disk_format": "qcow2", "image_location": "/home/opnfv/functest/images/cirros-0.4.0-x86_64-disk.img"}
2019-10-28 00:26:31.565 1388 INFO rally.task.runner [-] Task 142aa344-e910-443f-94f1-6fa116ebe602 | ITER: 2 START
2019-10-28 00:26:31.565 1390 RALLYDEBUG rally.task.runner [-] Starting a worker. times: 10 duration: None concurrency: 1 timeout: 0 cls: method_name: run args: {"container_format": "bare", "disk_format": "qcow2", "image_location": "/home/opnfv/functest/images/cirros-0.4.0-x86_64-disk.img"}
2019-10-28 00:26:31.568 1389 INFO rally.task.runner [-] Task 142aa344-e910-443f-94f1-6fa116ebe602 | ITER: 3 START
2019-10-28 00:26:31.571 1390 INFO rally.task.runner [-] Task 142aa344-e910-443f-94f1-6fa116ebe602 | ITER: 4 START
2019-10-28 00:26:34.475 1389 RALLYDEBUG rally.task.utils [-] Waiting for resource 'fc286d52-f3b8-49fe-bfe0-cb8f8bbac59f'. Status changed: NONE => QUEUED in 0.040228843688964844
2019-10-28 00:26:34.476 1387 RALLYDEBUG rally.task.utils [-] Waiting for resource '074719a9-f5e5-487e-b4e5-87aa8ad56790'. Status changed: NONE => QUEUED in 0.04195237159729004
2019-10-28 00:26:34.499 1390 RALLYDEBUG rally.task.utils [-] Waiting for resource '2bc0096b-81a9-44d0-a724-48cd2a028c1c'. Status changed: NONE => QUEUED in 0.03560972213745117
2019-10-28 00:26:34.514 1388 RALLYDEBUG rally.task.utils [-] Waiting for resource 'e9b2cfd5-3979-4099-a3fe-5f5ac473ce2c'. Status changed: NONE => QUEUED in 0.04407215118408203
2019-10-28 00:26:34.710 1389 RALLYDEBUG rally.task.utils [-] Waiting for resource s_rally_6e2c9ec3_TD4iLZeH. Status changed: QUEUED => ACTIVE in 0.022830486297607422
2019-10-28 00:26:34.723 1387 RALLYDEBUG rally.task.utils [-] Waiting for resource s_rally_6e2c9ec3_DuHvIJ5D. Status changed: QUEUED => ACTIVE in 0.017026662826538086
2019-10-28 00:26:34.726 1390 RALLYDEBUG rally.task.utils [-] Waiting for resource s_rally_6e2c9ec3_GBk7PbHu. Status changed: QUEUED => ACTIVE in 0.019584178924560547
2019-10-28 00:26:34.755 1388 RALLYDEBUG rally.task.utils [-] Waiting for resource s_rally_6e2c9ec3_OxoShg7X. Status changed: QUEUED => ACTIVE in 0.022928953170776367
2019-10-28 00:26:34.772 1389 INFO rally.task.runner [-] Task 142aa344-e910-443f-94f1-6fa116ebe602 | ITER: 3 END: OK
2019-10-28 00:26:34.776 1387 INFO rally.task.runner [-] Task 142aa344-e910-443f-94f1-6fa116ebe602 | ITER: 1 END: OK
2019-10-28 00:26:34.776 1389 INFO rally.task.runner [-] Task 142aa344-e910-443f-94f1-6fa116ebe602 | ITER: 5 START
2019-10-28 00:26:34.779 1387 INFO rally.task.runner [-] Task 142aa344-e910-443f-94f1-6fa116ebe602 | ITER: 6 START
2019-10-28 00:26:34.785 1390 INFO rally.task.runner [-] Task 142aa344-e910-443f-94f1-6fa116ebe602 | ITER: 4 END: OK
2019-10-28 00:26:34.791 1390 INFO rally.task.runner [-] Task 142aa344-e910-443f-94f1-6fa116ebe602 | ITER: 7 START
2019-10-28 00:26:34.825 1388 INFO rally.task.runner [-] Task 142aa344-e910-443f-94f1-6fa116ebe602 | ITER: 2 END: OK
2019-10-28 00:26:34.828 1388 INFO rally.task.runner [-] Task 142aa344-e910-443f-94f1-6fa116ebe602 | ITER: 8 START
2019-10-28 00:26:37.571 1390 RALLYDEBUG rally.task.utils [-] Waiting for resource '74e3adfa-0eae-4829-84ef-4455bcf7f99a'. Status changed: NONE => QUEUED in 0.03774666786193848
2019-10-28 00:26:37.572 1387 RALLYDEBUG rally.task.utils [-] Waiting for resource '27dd6aa5-10ff-4942-91e1-359bea8717e1'. Status changed: NONE => QUEUED in 0.034981489181518555
2019-10-28 00:26:37.592 1388 RALLYDEBUG rally.task.utils [-] Waiting for resource '0430a52b-770f-4e63-9329-738bac61f94e'. Status changed: NONE => QUEUED in 0.0384368896484375
2019-10-28 00:26:37.605 1389 RALLYDEBUG rally.task.utils [-] Waiting for resource '41f6b18f-e5c9-432e-98f0-cff82704380d'. Status changed: NONE => QUEUED in 0.037854671478271484
2019-10-28 00:26:37.786 1390 RALLYDEBUG rally.task.utils [-] Waiting for resource s_rally_6e2c9ec3_pTqgUxjW. Status changed: QUEUED => ACTIVE in 0.024467945098876953
2019-10-28 00:26:37.810 1387 RALLYDEBUG rally.task.utils [-] Waiting for resource s_rally_6e2c9ec3_3KU06mZe. Status changed: QUEUED => ACTIVE in 0.020853757858276367
2019-10-28 00:26:37.817 1389 RALLYDEBUG rally.task.utils [-] Waiting for resource s_rally_6e2c9ec3_voFbwdin. Status changed: QUEUED => ACTIVE in 0.02117180824279785
