2019-10-28 01:12:31.426 13785 INFO rally.task.context [-] Task a3425f85-7b1b-491a-ac49-9eea7b18d903 | Context cleanup@openstack setup() finished in 0.01 msec
2019-10-28 01:12:31.436 13785 RALLYDEBUG rally.task.runner [-] Starting the constant runner (task UUID: a3425f85-7b1b-491a-ac49-9eea7b18d903). times: 10 concurrency: 4 timeout: 0 max_cpu_used: 16 processes_to_start: 4 concurrency_per_worker: 1 concurrency_overhead: 0
2019-10-28 01:12:31.447 19123 RALLYDEBUG rally.task.runner [-] Starting a worker. times: 10 duration: None concurrency: 1 timeout: 0 cls: method_name: run args: {"network_create_args": {"router:external": true}}
2019-10-28 01:12:31.451 19124 RALLYDEBUG rally.task.runner [-] Starting a worker. times: 10 duration: None concurrency: 1 timeout: 0 cls: method_name: run args: {"network_create_args": {"router:external": true}}
2019-10-28 01:12:31.455 19123 INFO rally.task.runner [-] Task a3425f85-7b1b-491a-ac49-9eea7b18d903 | ITER: 1 START
2019-10-28 01:12:31.455 19125 RALLYDEBUG rally.task.runner [-] Starting a worker. times: 10 duration: None concurrency: 1 timeout: 0 cls: method_name: run args: {"network_create_args": {"router:external": true}}
2019-10-28 01:12:31.458 19124 INFO rally.task.runner [-] Task a3425f85-7b1b-491a-ac49-9eea7b18d903 | ITER: 2 START
2019-10-28 01:12:31.458 19127 RALLYDEBUG rally.task.runner [-] Starting a worker. times: 10 duration: None concurrency: 1 timeout: 0 cls: method_name: run args: {"network_create_args": {"router:external": true}}
2019-10-28 01:12:31.462 19125 INFO rally.task.runner [-] Task a3425f85-7b1b-491a-ac49-9eea7b18d903 | ITER: 3 START
2019-10-28 01:12:31.465 19127 INFO rally.task.runner [-] Task a3425f85-7b1b-491a-ac49-9eea7b18d903 | ITER: 4 START
2019-10-28 01:12:35.445 19125 INFO rally.task.runner [-] Task a3425f85-7b1b-491a-ac49-9eea7b18d903 | ITER: 3 END: OK
2019-10-28 01:12:35.450 19125 INFO rally.task.runner [-] Task a3425f85-7b1b-491a-ac49-9eea7b18d903 | ITER: 5 START
2019-10-28 01:12:35.760 19124 INFO rally.task.runner [-] Task a3425f85-7b1b-491a-ac49-9eea7b18d903 | ITER: 2 END: OK
2019-10-28 01:12:35.765 19124 INFO rally.task.runner [-] Task a3425f85-7b1b-491a-ac49-9eea7b18d903 | ITER: 6 START
2019-10-28 01:12:36.410 19127 INFO rally.task.runner [-] Task a3425f85-7b1b-491a-ac49-9eea7b18d903 | ITER: 4 END: OK
2019-10-28 01:12:36.414 19127 INFO rally.task.runner [-] Task a3425f85-7b1b-491a-ac49-9eea7b18d903 | ITER: 7 START
2019-10-28 01:12:36.697 19123 INFO rally.task.runner [-] Task a3425f85-7b1b-491a-ac49-9eea7b18d903 | ITER: 1 END: OK
2019-10-28 01:12:36.702 19123 INFO rally.task.runner [-] Task a3425f85-7b1b-491a-ac49-9eea7b18d903 | ITER: 8 START
2019-10-28 01:12:39.407 19124 INFO rally.task.runner [-] Task a3425f85-7b1b-491a-ac49-9eea7b18d903 | ITER: 6 END: OK
2019-10-28 01:12:39.411 19124 INFO rally.task.runner [-] Task a3425f85-7b1b-491a-ac49-9eea7b18d903 | ITER: 9 START
2019-10-28 01:12:40.484 19125 INFO rally.task.runner [-] Task a3425f85-7b1b-491a-ac49-9eea7b18d903 | ITER: 5 END: OK
2019-10-28 01:12:40.488 19125 INFO rally.task.runner [-] Task a3425f85-7b1b-491a-ac49-9eea7b18d903 | ITER: 10 START
2019-10-28 01:12:40.522 19127 INFO rally.task.runner [-] Task a3425f85-7b1b-491a-ac49-9eea7b18d903 | ITER: 7 END: OK
2019-10-28 01:12:40.623 19123 INFO rally.task.runner [-] Task a3425f85-7b1b-491a-ac49-9eea7b18d903 | ITER: 8 END: OK
2019-10-28 01:12:43.087 19124 INFO rally.task.runner [-] Task a3425f85-7b1b-491a-ac49-9eea7b18d903 | ITER: 9 END: OK
2019-10-28 01:12:44.175 19125 INFO rally.task.runner [-] Task a3425f85-7b1b-491a-ac49-9eea7b18d903 | ITER: 10 END: OK
2019-10-28 01:12:44.199 13785 INFO rally.task.context [-] Task a3425f85-7b1b-491a-ac49-9eea7b18d903 | Context cleanup@openstack cleanup() started
2019-10-28 01:12:44.203 13785 RALLYDEBUG rally_openstack.cleanup.manager [-] Cleaning up neutron vip objects
2019-10-28 01:12:45.267 13785 RALLYDEBUG rally_openstack.cleanup.manager [-] Cleaning up neutron health_monitor objects
2019-10-28 01:12:46.347 13785 RALLYDEBUG rally_openstack.cleanup.manager [-] Cleaning up neutron pool objects
2019-10-28 01:12:47.433 13785 RALLYDEBUG rally_openstack.cleanup.manager [-] Cleaning up neutron loadbalancer objects
2019-10-28 01:12:48.789 13785 RALLYDEBUG rally_openstack.cleanup.manager [-] Cleaning up neutron floatingip objects
2019-10-28 01:12:49.981 13785 RALLYDEBUG rally_openstack.cleanup.manager [-] Cleaning up neutron trunk objects
2019-10-28 01:12:51.100 13785 RALLYDEBUG rally_openstack.cleanup.manager [-] Cleaning up neutron port objects
2019-10-28 01:12:52.326 13785 RALLYDEBUG rally_openstack.cleanup.manager [-] Cleaning up neutron subnet objects
2019-10-28 01:12:53.998 13785 RALLYDEBUG rally_openstack.cleanup.manager [-] Cleaning up neutron network objects
2019-10-28 01:12:55.606 13785 RALLYDEBUG rally_openstack.cleanup.manager [-] Deleting neutron.network object s_rally_33e4b2ba_SoI9R9G0 (6adc5ee9-6b88-4e67-b9ea-59a4d3899522)
2019-10-28 01:12:55.615 13785 RALLYDEBUG rally_openstack.cleanup.manager [-] Deleting neutron.network object s_rally_33e4b2ba_RkCJKjB0 (9e113a9d-8c80-408e-b711-90ad74566ac0)
2019-10-28 01:12:55.624 13785 RALLYDEBUG rally_openstack.cleanup.manager [-] Deleting neutron.network object s_rally_33e4b2ba_eSYMwcCB (4e868950-1d23-4fb5-bdba-3ec63f2e06cd)
2019-10-28 01:12:55.627 13785 RALLYDEBUG rally_openstack.cleanup.manager [-] Deleting neutron.network object s_rally_33e4b2ba_YgUdcOfD (7480deb9-751f-4f2d-bdc7-3a32eedf2091)
2019-10-28 01:12:55.631 13785 RALLYDEBUG rally_openstack.cleanup.manager [-] Deleting neutron.network object s_rally_33e4b2ba_6c9F6jkR (9d2a9e98-26c4-4b38-a33b-e425743e0852)
2019-10-28 01:12:55.644 13785 RALLYDEBUG rally_openstack.cleanup.manager [-] Deleting neutron.network object s_rally_33e4b2ba_ptw1q4SA (a332294f-4303-4d97-ba0c-cb00ee91fa50)
2019-10-28 01:12:55.662 13785 RALLYDEBUG rally_openstack.cleanup.manager [-] Deleting neutron.network object s_rally_33e4b2ba_ZQyVZzhq (46432584-e711-4a9b-b175-7579880933c6)
2019-10-28 01:12:55.668 13785 RALLYDEBUG rally_openstack.cleanup.manager [-] Deleting neutron.network object s_rally_33e4b2ba_0MyFvQgY (4e0e529d-e4fc-4bc2-ba42-69e676b2aa63)
2019-10-28 01:12:55.705 13785 RALLYDEBUG rally_openstack.cleanup.manager [-] Deleting neutron.network object s_rally_33e4b2ba_dNQSzmE0 (89b80851-c3e4-4e4e-84f5-e49199f74faa)
2019-10-28 01:12:55.715 13785 RALLYDEBUG rally_openstack.cleanup.manager [-] Deleting neutron.network object s_rally_33e4b2ba_EVSxNSwj (99b6a08e-ae53-4520-9075-f546bfd0a93c)
2019-10-28 01:12:58.151 13785 RALLYDEBUG rally_openstack.cleanup.manager [-] Cleaning up neutron router objects
2019-10-28 01:12:59.521 13785 RALLYDEBUG rally_openstack.cleanup.manager [-] Deleting neutron.router object s_rally_33e4b2ba_ez39ZpgI (3c7f1b22-fd6a-437e-a3d5-6e733d30b80b)
2019-10-28 01:12:59.531 13785 RALLYDEBUG rally_openstack.cleanup.manager [-] Deleting neutron.router object s_rally_33e4b2ba_n7FcEHfX (4b6c843d-fa4b-4a9c-b58d-eed6789ccb58)
2019-10-28 01:12:59.539 13785 RALLYDEBUG rally_openstack.cleanup.manager [-] Deleting neutron.router object s_rally_33e4b2ba_H98uyxpb (46b1c15d-2119-4e5d-99b5-6926687e1619)
2019-10-28 01:12:59.548 13785 RALLYDEBUG rally_openstack.cleanup.manager [-] Deleting neutron.router object s_rally_33e4b2ba_lE8FfMSL (53f854af-7193-4558-a98e-fa016e93e2f2)
2019-10-28 01:12:59.554 13785 RALLYDEBUG rally_openstack.cleanup.manager [-] Deleting neutron.router object s_rally_33e4b2ba_iFK2vQhL (a43631f2-02e3-475c-be4b-d9711e69ac69)
2019-10-28 01:12:59.562 13785 RALLYDEBUG rally_openstack.cleanup.manager [-] Deleting neutron.router object s_rally_33e4b2ba_NBUrETnD (cbb74ff5-cd6d-48f1-9755-d0f9793cde45)
2019-10-28 01:12:59.574 13785 RALLYDEBUG rally_openstack.cleanup.manager [-] Deleting neutron.router object s_rally_33e4b2ba_kczIR74r (308475a1-ed8c-493a-84ba-45adcc98e115)
2019-10-28 01:12:59.584 13785 RALLYDEBUG rally_openstack.cleanup.manager [-] Deleting neutron.router object s_rally_33e4b2ba_TC1sytkJ (55d5880e-ed5c-44f2-a12f-09119a424020)
2019-10-28 01:12:59.603 13785 RALLYDEBUG rally_openstack.cleanup.manager [-] Deleting neutron.router object s_rally_33e4b2ba_SENnSRoG (92f474a2-fce7-4f21-9184-728eacab8592)
2019-10-28 01:12:59.619 13785 RALLYDEBUG rally_openstack.cleanup.manager [-] Deleting neutron.router object s_rally_33e4b2ba_1jc27GQ1 (dbed82b3-9858-472d-ba0d-8da1e80b154e)
2019-10-28 01:13:01.741 13785 RALLYDEBUG rally_openstack.cleanup.manager [-] Cleaning up neutron security_group objects
2019-10-28 01:13:02.949 13785 INFO rally.task.context [-] Task a3425f85-7b1b-491a-ac49-9eea7b18d903 | Context cleanup@openstack cleanup() finished in 18.75 sec
2019-10-28 01:13:02.950 13785 INFO rally.task.context [-] Task a3425f85-7b1b-491a-ac49-9eea7b18d903 | Context roles@openstack cleanup() started
2019-10-28 01:13:02.950 13785 RALLYDEBUG rally_openstack.contexts.keystone.roles [-] Removing assigned role 64bb9355f92c44c794f3c521de4cba4f from all users
2019-10-28 01:13:03.893 13785 INFO rally.task.context [-] Task a3425f85-7b1b-491a-ac49-9eea7b18d903 | Context roles@openstack cleanup() finished in 0.94 sec
2019-10-28 01:13:03.894 13785 INFO rally.task.context [-] Task a3425f85-7b1b-491a-ac49-9eea7b18d903 | Context quotas@openstack cleanup() started
2019-10-28 01:13:03.943 13785 INFO rally.task.context [-] Task a3425f85-7b1b-491a-ac49-9eea7b18d903 | Context quotas@openstack cleanup() finished in 49.05 msec
2019-10-28 01:13:03.943 13785 INFO rally.task.context [-] Task a3425f85-7b1b-491a-ac49-9eea7b18d903 | Context users@openstack cleanup() started
2019-10-28 01:13:08.112 13785 INFO rally.task.context [-] Task a3425f85-7b1b-491a-ac49-9eea7b18d903 | Context users@openstack cleanup() finished in 4.17 sec
2019-10-28 01:13:08.477 13785 INFO rally.task.engine [-] Load duration is: 12.719447
2019-10-28 01:13:08.478 13785 INFO rally.task.engine [-] Full runner duration is: 12.764046
2019-10-28 01:13:08.478 13785 INFO rally.task.engine [-] Full duration is: 45.859644
2019-10-28 01:13:08.787 13785 INFO rally.task.engine [-] Running workload: position = 0 config = { "version": 2, "title": "A cropped version of a bigger task.", "description": "Auto-generated task from a single workload (uuid=32763413-e8b1-445c-a5d3-3268be39320a)", "subtasks": [ { "title": "NeutronNetworks.create_and_show_ports", "description": "Create a given number of ports and show created ports in trun.", "scenario": { "NeutronNetworks.create_and_show_ports": { "ports_per_network": 2 } }, "contexts": { "users": { "tenants": 3, "users_per_tenant": 2 }, "network": { "router": {} }, "quotas": { "neutron": { "network": -1, "router": -1 } } }, "runner": { "constant": { "concurrency": 4, "times": 10 } }, "hooks": [], "sla": { "failure_rate": { "max": 0 } } } ] }
2019-10-28 01:13:08.813 13785 RALLYDEBUG rally_openstack.contexts.keystone.users [-] Creating 3 tenants using 20 threads
2019-10-28 01:13:09.811 13785 RALLYDEBUG rally_openstack.contexts.keystone.users [-] Creating 6 users using 20 threads
2019-10-28 01:13:11.300 13785 INFO rally.task.context [-] Task a3425f85-7b1b-491a-ac49-9eea7b18d903 | Context users@openstack setup() finished in 2.49 sec
2019-10-28 01:13:12.007 13785 INFO rally.task.context [-] Task a3425f85-7b1b-491a-ac49-9eea7b18d903 | Context quotas@openstack setup() finished in 0.71 sec
2019-10-28 01:13:12.558 13785 RALLYDEBUG rally_openstack.wrappers.network [-] CIDR generated: 10.2.72.0/24
2019-10-28 01:13:13.409 13785 RALLYDEBUG rally_openstack.wrappers.network [-] CIDR generated: 10.2.73.0/24
2019-10-28 01:13:14.120 13785 RALLYDEBUG rally_openstack.wrappers.network [-] CIDR generated: 10.2.74.0/24
2019-10-28 01:13:14.592 13785 INFO rally.task.context [-] Task a3425f85-7b1b-491a-ac49-9eea7b18d903 | Context network@openstack setup() finished in 2.58 sec
2019-10-28 01:13:14.592 13785 INFO rally.task.context [-] Task a3425f85-7b1b-491a-ac49-9eea7b18d903 | Context cleanup@openstack setup() finished in 0.01 msec
2019-10-28 01:13:14.601 13785 RALLYDEBUG rally.task.runner [-] Starting the constant runner (task UUID: a3425f85-7b1b-491a-ac49-9eea7b18d903). times: 10 concurrency: 4 timeout: 0 max_cpu_used: 16 processes_to_start: 4 concurrency_per_worker: 1 concurrency_overhead: 0
2019-10-28 01:13:14.612 19477 RALLYDEBUG rally.task.runner [-] Starting a worker. times: 10 duration: None concurrency: 1 timeout: 0 cls: method_name: run args: {"ports_per_network": 2}
2019-10-28 01:13:14.615 19478 RALLYDEBUG rally.task.runner [-] Starting a worker. times: 10 duration: None concurrency: 1 timeout: 0 cls: method_name: run args: {"ports_per_network": 2}
2019-10-28 01:13:14.620 19477 INFO rally.task.runner [-] Task a3425f85-7b1b-491a-ac49-9eea7b18d903 | ITER: 1 START
2019-10-28 01:13:14.619 19479 RALLYDEBUG rally.task.runner [-] Starting a worker. times: 10 duration: None concurrency: 1 timeout: 0 cls: method_name: run args: {"ports_per_network": 2}
2019-10-28 01:13:14.622 19478 INFO rally.task.runner [-] Task a3425f85-7b1b-491a-ac49-9eea7b18d903 | ITER: 2 START
2019-10-28 01:13:14.622 19480 RALLYDEBUG rally.task.runner [-] Starting a worker. times: 10 duration: None concurrency: 1 timeout: 0 cls: method_name: run args: {"ports_per_network": 2}
2019-10-28 01:13:14.626 19479 INFO rally.task.runner [-] Task a3425f85-7b1b-491a-ac49-9eea7b18d903 | ITER: 3 START
2019-10-28 01:13:14.629 19480 INFO rally.task.runner [-] Task a3425f85-7b1b-491a-ac49-9eea7b18d903 | ITER: 4 START
2019-10-28 01:13:16.320 19477 INFO rally.task.runner [-] Task a3425f85-7b1b-491a-ac49-9eea7b18d903 | ITER: 1 END: OK
2019-10-28 01:13:16.324 19477 INFO rally.task.runner [-] Task a3425f85-7b1b-491a-ac49-9eea7b18d903 | ITER: 5 START
2019-10-28 01:13:16.621 19478 INFO rally.task.runner [-] Task a3425f85-7b1b-491a-ac49-9eea7b18d903 | ITER: 2 END: OK
2019-10-28 01:13:16.626 19478 INFO rally.task.runner [-] Task a3425f85-7b1b-491a-ac49-9eea7b18d903 | ITER: 6 START
2019-10-28 01:13:16.636 19479 INFO rally.task.runner [-] Task a3425f85-7b1b-491a-ac49-9eea7b18d903 | ITER: 3 END: OK
2019-10-28 01:13:16.641 19479 INFO rally.task.runner [-] Task a3425f85-7b1b-491a-ac49-9eea7b18d903 | ITER: 7 START
2019-10-28 01:13:16.664 19480 INFO rally.task.runner [-] Task a3425f85-7b1b-491a-ac49-9eea7b18d903 | ITER: 4 END: OK
2019-10-28 01:13:16.669 19480 INFO rally.task.runner [-] Task a3425f85-7b1b-491a-ac49-9eea7b18d903 | ITER: 8 START
2019-10-28 01:13:18.147 19477 INFO rally.task.runner [-] Task a3425f85-7b1b-491a-ac49-9eea7b18d903 | ITER: 5 END: OK
2019-10-28 01:13:18.151 19477 INFO rally.task.runner [-] Task a3425f85-7b1b-491a-ac49-9eea7b18d903 | ITER: 9 START
2019-10-28 01:13:18.247 19479 INFO rally.task.runner [-] Task a3425f85-7b1b-491a-ac49-9eea7b18d903 | ITER: 7 END: OK
2019-10-28 01:13:18.250 19479 INFO rally.task.runner [-] Task a3425f85-7b1b-491a-ac49-9eea7b18d903 | ITER: 10 START
2019-10-28 01:13:18.456 19478 INFO rally.task.runner [-] Task a3425f85-7b1b-491a-ac49-9eea7b18d903 | ITER: 6 END: OK
2019-10-28 01:13:18.699 19480 INFO rally.task.runner [-] Task a3425f85-7b1b-491a-ac49-9eea7b18d903 | ITER: 8 END: OK
2019-10-28 01:13:20.056 19477 INFO rally.task.runner [-] Task a3425f85-7b1b-491a-ac49-9eea7b18d903 | ITER: 9 END: OK
2019-10-28 01:13:20.221 19479 INFO rally.task.runner [-] Task a3425f85-7b1b-491a-ac49-9eea7b18d903 | ITER: 10 END: OK
2019-10-28 01:13:20.247 13785 INFO rally.task.context [-] Task a3425f85-7b1b-491a-ac49-9eea7b18d903 | Context cleanup@openstack cleanup() started
2019-10-28 01:13:20.251 13785 RALLYDEBUG rally_openstack.cleanup.manager [-] Cleaning up neutron vip objects
2019-10-28 01:13:21.442 13785 RALLYDEBUG rally_openstack.cleanup.manager [-] Cleaning up neutron health_monitor objects
2019-10-28 01:13:22.508 13785 RALLYDEBUG rally_openstack.cleanup.manager [-] Cleaning up neutron pool objects
2019-10-28 01:13:23.590 13785 RALLYDEBUG rally_openstack.cleanup.manager [-] Cleaning up neutron loadbalancer objects
2019-10-28 01:13:24.670 13785 RALLYDEBUG rally_openstack.cleanup.manager [-] Cleaning up neutron floatingip objects
2019-10-28 01:13:26.087 13785 RALLYDEBUG rally_openstack.cleanup.manager [-] Cleaning up neutron trunk objects
2019-10-28 01:13:27.216 13785 RALLYDEBUG rally_openstack.cleanup.manager [-] Cleaning up neutron port objects
2019-10-28 01:13:28.502 13785 RALLYDEBUG rally_openstack.cleanup.manager [-] Deleting neutron.port object s_rally_32763413_Wur6b0k1 (05ada63d-e947-4179-b044-fa33cc4a967b)
2019-10-28 01:13:28.511 13785 RALLYDEBUG rally_openstack.cleanup.manager [-] Deleting neutron.port object s_rally_32763413_dbdIhrQ0 (0aea0b0a-b8d0-4cfb-ad11-b00d49c4dc58)
2019-10-28 01:13:28.520 13785 RALLYDEBUG rally_openstack.cleanup.manager [-] Deleting neutron.port object s_rally_32763413_xkLZqczi (25c2ee0c-f644-47a6-a8c8-d83ed5edb125)
2019-10-28 01:13:28.530 13785 RALLYDEBUG rally_openstack.cleanup.manager [-] Deleting neutron.port object s_rally_32763413_9BXzUVUx (2e9397ea-08b4-4950-9a27-4db7b8024e23)
2019-10-28 01:13:28.545 13785 RALLYDEBUG rally_openstack.cleanup.manager [-] Deleting neutron.port object s_rally_32763413_Mu3L4cJu (7a50e007-b02c-433e-86d6-437e0f557a69)
2019-10-28 01:13:28.554 13785 RALLYDEBUG rally_openstack.cleanup.manager [-] Deleting neutron.port object s_rally_32763413_d9smufFm (7daa423f-1a1d-4fca-9e37-ff5e189df9b5)
2019-10-28 01:13:28.567 13785 RALLYDEBUG rally_openstack.cleanup.manager [-] Deleting neutron.port object s_rally_32763413_fVNA5oZz (602c7da1-891a-40a3-b777-424665bdbd3c)
2019-10-28 01:13:28.573 13785 RALLYDEBUG rally_openstack.cleanup.manager [-] Deleting neutron.port object s_rally_32763413_ymBWCqvo (a6129b2c-0c86-4a76-b9c4-0bf41db92c96)
2019-10-28 01:13:28.579 13785 RALLYDEBUG rally_openstack.cleanup.manager [-] Deleting neutron.port object s_rally_32763413_gXpivDBL (d585d333-c233-49bd-9583-b719cf850cda)
2019-10-28 01:13:28.583 13785 RALLYDEBUG rally_openstack.cleanup.manager [-] Deleting neutron.port object s_rally_32763413_WaFPCiuN (da6383b4-aa83-4a02-a573-952359c500a1)
2019-10-28 01:13:28.611 13785 RALLYDEBUG rally_openstack.cleanup.manager [-] Deleting neutron.port object s_rally_32763413_zR5qMDYY (f755b3fa-bdf6-407f-afd4-8a77329ab47f)
2019-10-28 01:13:28.634 13785 RALLYDEBUG rally_openstack.cleanup.manager [-] Deleting neutron.port object s_rally_32763413_v9wIBpAG (fff6a838-97e1-4dc9-b546-82daf85b1bd4)
2019-10-28 01:13:28.654 13785 RALLYDEBUG rally_openstack.cleanup.manager [-] Deleting neutron.port object s_rally_32763413_8kT8JUGJ (248eff6c-2a75-4590-9b27-7690e9620f44)
2019-10-28 01:13:28.668 13785 RALLYDEBUG rally_openstack.cleanup.manager [-] Deleting neutron.port object s_rally_32763413_Oyca9bpS (3ff6a662-4e4f-4f49-9413-4a980b076270)
2019-10-28 01:13:28.680 13785 RALLYDEBUG rally_openstack.cleanup.manager [-] Deleting neutron.port object s_rally_32763413_MQbGRJua (67e40460-b0f3-4e5a-9767-cfd3c952f3f4)
2019-10-28 01:13:28.690 13785 RALLYDEBUG rally_openstack.cleanup.manager [-] Deleting neutron.port object s_rally_32763413_LxkgDzZr (7b1e1c90-1f9c-43ff-a232-1ec9dfbf8b0f)
2019-10-28 01:13:28.713 13785 RALLYDEBUG rally_openstack.cleanup.manager [-] Deleting neutron.port object s_rally_32763413_q4q1M2bv (82b1fe33-4375-47a8-86a4-540b43e81e87)
2019-10-28 01:13:28.728 13785 RALLYDEBUG rally_openstack.cleanup.manager [-] Deleting neutron.port object s_rally_32763413_tY1hBP1g (681e1222-2d0e-4196-9f85-b8cb235955cd)
2019-10-28 01:13:28.735 13785 RALLYDEBUG rally_openstack.cleanup.manager [-] Deleting neutron.port object s_rally_32763413_GQgQI1Zf (e175d4cb-17f2-4eed-ace0-33bf7581d057)
2019-10-28 01:13:28.744 13785 RALLYDEBUG rally_openstack.cleanup.manager [-] Deleting neutron.port object s_rally_32763413_rQKOzR8i (d8fe9975-833a-4ed1-afe9-ea06a866f01b)
2019-10-28 01:13:31.511 13785 RALLYDEBUG rally_openstack.cleanup.manager [-] Cleaning up neutron subnet objects
2019-10-28 01:13:32.738 13785 RALLYDEBUG rally_openstack.cleanup.manager [-] Cleaning up neutron network objects
2019-10-28 01:13:34.069 13785 RALLYDEBUG rally_openstack.cleanup.manager [-] Cleaning up neutron router objects
2019-10-28 01:13:35.254 13785 RALLYDEBUG rally_openstack.cleanup.manager [-] Cleaning up neutron security_group objects
2019-10-28 01:13:36.463 13785 INFO rally.task.context [-] Task a3425f85-7b1b-491a-ac49-9eea7b18d903 | Context cleanup@openstack cleanup() finished in 16.22 sec
2019-10-28 01:13:36.464 13785 INFO rally.task.context [-] Task a3425f85-7b1b-491a-ac49-9eea7b18d903 | Context network@openstack cleanup() started
2019-10-28 01:13:46.568 13785 INFO rally.task.context [-] Task a3425f85-7b1b-491a-ac49-9eea7b18d903 | Context network@openstack cleanup() finished in 10.10 sec
2019-10-28 01:13:46.569 13785 INFO rally.task.context [-] Task a3425f85-7b1b-491a-ac49-9eea7b18d903 | Context quotas@openstack cleanup() started
2019-10-28 01:13:46.699 13785 INFO rally.task.context [-] Task a3425f85-7b1b-491a-ac49-9eea7b18d903 | Context quotas@openstack cleanup() finished in 0.13 sec
2019-10-28 01:13:46.699 13785 INFO rally.task.context [-] Task a3425f85-7b1b-491a-ac49-9eea7b18d903 | Context users@openstack cleanup() started
2019-10-28 01:13:50.580 13785 INFO rally.task.context [-] Task a3425f85-7b1b-491a-ac49-9eea7b18d903 | Context users@openstack cleanup() finished in 3.88 sec
2019-10-28 01:13:51.033 13785 INFO rally.task.engine [-] Load duration is: 5.600548
2019-10-28 01:13:51.034 13785 INFO rally.task.engine [-] Full runner duration is: 5.646857
2019-10-28 01:13:51.034 13785 INFO rally.task.engine [-] Full duration is: 41.770172
2019-10-28 01:13:51.289 13785 INFO rally.task.engine [-] Running workload: position = 0 config = { "version": 2, "title": "A cropped version of a bigger task.", "description": "Auto-generated task from a single workload (uuid=db9ab785-883e-4f3b-92c0-f8303ee29200)", "subtasks": [ { "title": "NeutronNetworks.create_and_show_routers", "description": "Create and show a given number of routers.", "scenario": { "NeutronNetworks.create_and_show_routers": { "subnets_per_network": 2 } }, "contexts": { "users": { "tenants": 3, "users_per_tenant": 2 }, "quotas": { "neutron": { "network": -1, "subnet": -1, "router": -1 } } }, "runner": { "constant": { "concurrency": 4, "times": 10 } }, "hooks": [], "sla": { "failure_rate": { "max": 0 } } } ] }
2019-10-28 01:13:51.313 13785 RALLYDEBUG rally_openstack.contexts.keystone.users [-] Creating 3 tenants using 20 threads
2019-10-28 01:13:52.318 13785 RALLYDEBUG rally_openstack.contexts.keystone.users [-] Creating 6 users using 20 threads
2019-10-28 01:13:53.817 13785 INFO rally.task.context [-] Task a3425f85-7b1b-491a-ac49-9eea7b18d903 | Context users@openstack setup() finished in 2.50 sec
2019-10-28 01:13:54.652 13785 INFO rally.task.context [-] Task a3425f85-7b1b-491a-ac49-9eea7b18d903 | Context quotas@openstack setup() finished in 0.83 sec
2019-10-28 01:13:54.653 13785 INFO rally.task.context [-] Task a3425f85-7b1b-491a-ac49-9eea7b18d903 | Context cleanup@openstack setup() finished in 0.01 msec
2019-10-28 01:13:54.663 13785 RALLYDEBUG rally.task.runner [-] Starting the constant runner (task UUID: a3425f85-7b1b-491a-ac49-9eea7b18d903). times: 10 concurrency: 4 timeout: 0 max_cpu_used: 16 processes_to_start: 4 concurrency_per_worker: 1 concurrency_overhead: 0
2019-10-28 01:13:54.674 19801 RALLYDEBUG rally.task.runner [-] Starting a worker. times: 10 duration: None concurrency: 1 timeout: 0 cls: method_name: run args: {"subnets_per_network": 2}
2019-10-28 01:13:54.678 19802 RALLYDEBUG rally.task.runner [-] Starting a worker. times: 10 duration: None concurrency: 1 timeout: 0 cls: method_name: run args: {"subnets_per_network": 2}
2019-10-28 01:13:54.681 19801 INFO rally.task.runner [-] Task a3425f85-7b1b-491a-ac49-9eea7b18d903 | ITER: 1 START
2019-10-28 01:13:54.681 19803 RALLYDEBUG rally.task.runner [-] Starting a worker. times: 10 duration: None concurrency: 1 timeout: 0 cls: method_name: run args: {"subnets_per_network": 2}
2019-10-28 01:13:54.685 19802 INFO rally.task.runner [-] Task a3425f85-7b1b-491a-ac49-9eea7b18d903 | ITER: 2 START
2019-10-28 01:13:54.684 19805 RALLYDEBUG rally.task.runner [-] Starting a worker. times: 10 duration: None concurrency: 1 timeout: 0 cls: method_name: run args: {"subnets_per_network": 2}
2019-10-28 01:13:54.688 19803 INFO rally.task.runner [-] Task a3425f85-7b1b-491a-ac49-9eea7b18d903 | ITER: 3 START
2019-10-28 01:13:54.691 19805 INFO rally.task.runner [-] Task a3425f85-7b1b-491a-ac49-9eea7b18d903 | ITER: 4 START
2019-10-28 01:13:55.367 19802 RALLYDEBUG rally_openstack.wrappers.network [-] CIDR generated: 10.2.75.0/24
2019-10-28 01:13:55.638 19803 RALLYDEBUG rally_openstack.wrappers.network [-] CIDR generated: 10.2.76.0/24
2019-10-28 01:13:55.689 19801 RALLYDEBUG rally_openstack.wrappers.network [-] CIDR generated: 10.2.77.0/24
2019-10-28 01:13:55.898 19805 RALLYDEBUG rally_openstack.wrappers.network [-] CIDR generated: 10.2.78.0/24
2019-10-28 01:13:56.210 19802 RALLYDEBUG rally_openstack.wrappers.network [-] CIDR generated: 10.2.79.0/24
2019-10-28 01:13:56.246 19803 RALLYDEBUG rally_openstack.wrappers.network [-] CIDR generated: 10.2.80.0/24
2019-10-28 01:13:56.282 19801 RALLYDEBUG rally_openstack.wrappers.network [-] CIDR generated: 10.2.81.0/24
2019-10-28 01:13:56.522 19805 RALLYDEBUG rally_openstack.wrappers.network [-] CIDR generated: 10.2.82.0/24
2019-10-28 01:14:01.380 19802 INFO rally.task.runner [-] Task a3425f85-7b1b-491a-ac49-9eea7b18d903 | ITER: 2 END: OK
2019-10-28 01:14:01.385 19802 INFO rally.task.runner [-] Task a3425f85-7b1b-491a-ac49-9eea7b18d903 | ITER: 5 START
2019-10-28 01:14:01.734 19803 INFO rally.task.runner [-] Task a3425f85-7b1b-491a-ac49-9eea7b18d903 | ITER: 3 END: OK
2019-10-28 01:14:01.738 19803 INFO rally.task.runner [-] Task a3425f85-7b1b-491a-ac49-9eea7b18d903 | ITER: 6 START
2019-10-28 01:14:01.784 19801 INFO rally.task.runner [-] Task a3425f85-7b1b-491a-ac49-9eea7b18d903 | ITER: 1 END: OK
2019-10-28 01:14:01.788 19801 INFO rally.task.runner [-] Task a3425f85-7b1b-491a-ac49-9eea7b18d903 | ITER: 7 START
2019-10-28 01:14:01.983 19802 RALLYDEBUG rally_openstack.wrappers.network [-] CIDR generated: 10.2.83.0/24
2019-10-28 01:14:02.256 19803 RALLYDEBUG rally_openstack.wrappers.network [-] CIDR generated: 10.2.84.0/24
2019-10-28 01:14:02.329 19805 INFO rally.task.runner [-] Task a3425f85-7b1b-491a-ac49-9eea7b18d903 | ITER: 4 END: OK
2019-10-28 01:14:02.333 19805 INFO rally.task.runner [-] Task a3425f85-7b1b-491a-ac49-9eea7b18d903 | ITER: 8 START
2019-10-28 01:14:02.420 19801 RALLYDEBUG rally_openstack.wrappers.network [-] CIDR generated: 10.2.85.0/24
2019-10-28 01:14:02.577 19802 RALLYDEBUG rally_openstack.wrappers.network [-] CIDR generated: 10.2.86.0/24
2019-10-28 01:14:02.969 19805 RALLYDEBUG rally_openstack.wrappers.network [-] CIDR generated: 10.2.87.0/24
2019-10-28 01:14:03.127 19801 RALLYDEBUG rally_openstack.wrappers.network [-] CIDR generated: 10.2.88.0/24
2019-10-28 01:14:03.242 19803 RALLYDEBUG rally_openstack.wrappers.network [-] CIDR generated: 10.2.89.0/24
2019-10-28 01:14:03.964 19805 RALLYDEBUG rally_openstack.wrappers.network [-] CIDR generated: 10.2.90.0/24
2019-10-28 01:14:07.416 19802 INFO rally.task.runner [-] Task a3425f85-7b1b-491a-ac49-9eea7b18d903 | ITER: 5 END: OK
2019-10-28 01:14:07.420 19802 INFO rally.task.runner [-] Task a3425f85-7b1b-491a-ac49-9eea7b18d903 | ITER: 9 START
2019-10-28 01:14:08.097 19802 RALLYDEBUG rally_openstack.wrappers.network [-] CIDR generated: 10.2.91.0/24
2019-10-28 01:14:08.185 19801 INFO rally.task.runner [-] Task a3425f85-7b1b-491a-ac49-9eea7b18d903 | ITER: 7 END: OK
2019-10-28 01:14:08.189 19801 INFO rally.task.runner [-] Task a3425f85-7b1b-491a-ac49-9eea7b18d903 | ITER: 10 START
2019-10-28 01:14:08.422 19803 INFO rally.task.runner [-] Task a3425f85-7b1b-491a-ac49-9eea7b18d903 | ITER: 6 END: OK
2019-10-28 01:14:08.673 19805 INFO rally.task.runner [-] Task a3425f85-7b1b-491a-ac49-9eea7b18d903 | ITER: 8 END: OK
2019-10-28 01:14:08.679 19801 RALLYDEBUG rally_openstack.wrappers.network [-] CIDR generated: 10.2.92.0/24
2019-10-28 01:14:08.689 19802 RALLYDEBUG rally_openstack.wrappers.network [-] CIDR generated: 10.2.93.0/24
2019-10-28 01:14:09.220 19801 RALLYDEBUG rally_openstack.wrappers.network [-] CIDR generated: 10.2.94.0/24
2019-10-28 01:14:13.399 19802 INFO rally.task.runner [-] Task a3425f85-7b1b-491a-ac49-9eea7b18d903 | ITER: 9 END: OK
2019-10-28 01:14:13.807 19801 INFO rally.task.runner [-] Task a3425f85-7b1b-491a-ac49-9eea7b18d903 | ITER: 10 END: OK
2019-10-28 01:14:13.837 13785 INFO rally.task.context [-] Task a3425f85-7b1b-491a-ac49-9eea7b18d903 | Context cleanup@openstack cleanup() started
2019-10-28 01:14:13.845 13785 RALLYDEBUG rally_openstack.cleanup.manager [-] Cleaning up neutron vip objects
2019-10-28 01:14:14.898 13785 RALLYDEBUG rally_openstack.cleanup.manager [-] Cleaning up neutron health_monitor objects
2019-10-28 01:14:15.942 13785 RALLYDEBUG rally_openstack.cleanup.manager [-] Cleaning up neutron pool objects
2019-10-28 01:14:16.964 13785 RALLYDEBUG rally_openstack.cleanup.manager [-] Cleaning up neutron loadbalancer objects
2019-10-28 01:14:18.029 13785 RALLYDEBUG rally_openstack.cleanup.manager [-] Cleaning up neutron floatingip objects
2019-10-28 01:14:19.451 13785 RALLYDEBUG rally_openstack.cleanup.manager [-] Cleaning up neutron trunk objects
2019-10-28 01:14:20.559 13785 RALLYDEBUG rally_openstack.cleanup.manager [-] Cleaning up neutron port objects
2019-10-28 01:14:22.353 13785 RALLYDEBUG rally_openstack.cleanup.manager [-] Deleting neutron.port object s_rally_db9ab785_qrJTXFwL (2807e87d-0348-425e-b908-e880b7b989f2)
2019-10-28 01:14:22.371 13785 RALLYDEBUG rally_openstack.cleanup.manager [-] Deleting neutron.port object s_rally_db9ab785_vUrEEgVe (2d1d574e-fab5-45fb-aab0-ba92c9bd6040)
2019-10-28 01:14:22.381 13785 RALLYDEBUG rally_openstack.cleanup.manager [-] Deleting neutron.port object s_rally_db9ab785_FTLMFTNj (3f1a718d-e11f-419a-afdc-fec156778b97)
2019-10-28 01:14:22.387 13785 RALLYDEBUG rally_openstack.cleanup.manager [-] Deleting neutron.port object s_rally_db9ab785_Vi0ajgml (45ec880d-f99b-41b9-88b5-5c2ec0e2630a)
2019-10-28 01:14:22.396 13785 RALLYDEBUG rally_openstack.cleanup.manager [-] Deleting neutron.port object s_rally_db9ab785_HQaCdKiT (704f96b1-8875-46bb-8b05-d647457d3858)
2019-10-28 01:14:22.419 13785 RALLYDEBUG rally_openstack.cleanup.manager [-] Deleting neutron.port object s_rally_db9ab785_9OOegYDa (cdd8c93b-509f-4cfa-96da-482eaa307b83)
2019-10-28 01:14:22.434 13785 RALLYDEBUG rally_openstack.cleanup.manager [-] Deleting neutron.port object s_rally_db9ab785_Jwl2cWdf (ffcd3961-7164-4175-af13-c552b15c5c9b)
2019-10-28 01:14:22.435 13785 RALLYDEBUG rally_openstack.cleanup.manager [-] Deleting neutron.port object s_rally_db9ab785_Xu0wflpQ (ce5b925b-9f4e-4579-8c99-30223f2959fa)
2019-10-28 01:14:22.438 13785 RALLYDEBUG rally_openstack.cleanup.manager [-] Deleting neutron.port object s_rally_db9ab785_sdapKaJq (32c920a3-82f7-414e-8b8e-98c009b9c084)
2019-10-28 01:14:22.443 13785 RALLYDEBUG rally_openstack.cleanup.manager [-] Deleting neutron.port object s_rally_db9ab785_GvoSmtjl (756fe4ba-e1af-4bca-a802-9cb860ad920e)
2019-10-28 01:14:22.461 13785 RALLYDEBUG rally_openstack.cleanup.manager [-] Deleting neutron.port object s_rally_db9ab785_ijX8SXeh (b464ed6b-4cf1-4d8a-b63c-5a145490b5db)
2019-10-28 01:14:22.493 13785 RALLYDEBUG rally_openstack.cleanup.manager [-] Deleting neutron.port object s_rally_db9ab785_leMfS07O (ca4993c9-6018-4c8d-9505-8399922fd0a2)
2019-10-28 01:14:22.536 13785 RALLYDEBUG rally_openstack.cleanup.manager [-] Deleting neutron.port object s_rally_db9ab785_XZf06GYX (42680098-e1fe-408d-8c2b-7ab19fc81f9b)
2019-10-28 01:14:22.542 13785 RALLYDEBUG rally_openstack.cleanup.manager [-] Deleting neutron.port object s_rally_db9ab785_EfTSNWDi (4bbbdcb1-7f5c-4fc6-b032-d5709a9622f5)
2019-10-28 01:14:22.546 13785 RALLYDEBUG rally_openstack.cleanup.manager [-] Deleting neutron.port object s_rally_db9ab785_KDS3ClhK (19758541-cb80-4b3f-982b-73f38b833252)
2019-10-28 01:14:22.560 13785 RALLYDEBUG rally_openstack.cleanup.manager [-] Deleting neutron.port object s_rally_db9ab785_S33krCsJ (61f86fd7-cc14-46b9-9cc0-5167a11cd9ad)
2019-10-28 01:14:22.575 13785 RALLYDEBUG rally_openstack.cleanup.manager [-] Deleting neutron.port object s_rally_db9ab785_vqVWnOdt (626ca6c9-5b9e-499a-a6c3-6a5e67501178)
2019-10-28 01:14:22.580 13785 RALLYDEBUG rally_openstack.cleanup.manager [-] Deleting neutron.port object s_rally_db9ab785_paCkl8dj (9caaff22-c0e2-4d96-8630-ef581f5cf5b4)
2019-10-28 01:14:22.608 13785 RALLYDEBUG rally_openstack.cleanup.manager [-] Deleting neutron.port object s_rally_db9ab785_mr5HsKUL (dfecdde7-54db-4b82-aed3-7429da497094)
2019-10-28 01:14:22.628 13785 RALLYDEBUG rally_openstack.cleanup.manager [-] Deleting neutron.port object s_rally_db9ab785_BuySDLzv (ea176150-5f62-404c-b7d0-fad955cd7f5f)
2019-10-28 01:14:28.788 13785 RALLYDEBUG rally_openstack.cleanup.manager [-] Cleaning up neutron subnet objects
2019-10-28 01:14:30.008 13785 RALLYDEBUG rally_openstack.cleanup.manager [-] Deleting neutron.subnet object s_rally_db9ab785_roC6diFU (14a11f1e-664d-4a29-b7ab-33b94c972047)
2019-10-28 01:14:30.018 13785 RALLYDEBUG rally_openstack.cleanup.manager [-] Deleting neutron.subnet object s_rally_db9ab785_vJ5E24qn (8114b8ab-ae53-4066-90f9-82ab46999436)
2019-10-28 01:14:30.026 13785 RALLYDEBUG rally_openstack.cleanup.manager [-] Deleting neutron.subnet object s_rally_db9ab785_Cm75aVPw (8733a5fa-05fa-41b7-ae36-bb1357770e23)
2019-10-28 01:14:30.031 13785 RALLYDEBUG rally_openstack.cleanup.manager [-] Deleting neutron.subnet object s_rally_db9ab785_jiA28zSi (9f8caea7-08ae-4ea5-8042-3896da15a1f6)
2019-10-28 01:14:30.045 13785 RALLYDEBUG rally_openstack.cleanup.manager [-] Deleting neutron.subnet object s_rally_db9ab785_dGCwR6Hq (a05369c1-13f7-4dc6-8c13-5a6c10f84c4c)
2019-10-28 01:14:30.056 13785 RALLYDEBUG rally_openstack.cleanup.manager [-] Deleting neutron.subnet object s_rally_db9ab785_HjUVgPd4 (c58e0bb1-d0ff-46bc-835c-d0216d90cafe)
2019-10-28 01:14:30.083 13785 RALLYDEBUG rally_openstack.cleanup.manager [-] Deleting neutron.subnet object s_rally_db9ab785_acSVr7Pt (e2d9b5ee-2149-49c3-b7b3-c0402a3e856b)
2019-10-28 01:14:30.092 13785 RALLYDEBUG rally_openstack.cleanup.manager [-] Deleting neutron.subnet object s_rally_db9ab785_iGnK5HbR (f0bfd037-140c-4c61-b3bb-33e5e02cd78c)
2019-10-28 01:14:30.109 13785 RALLYDEBUG rally_openstack.cleanup.manager [-] Deleting neutron.subnet object s_rally_db9ab785_ywlVdkcD (482d87b4-e7ec-4988-87e2-54e79f091780)
2019-10-28 01:14:30.112 13785 RALLYDEBUG rally_openstack.cleanup.manager [-] Deleting neutron.subnet object s_rally_db9ab785_WJSwGvQC (a5426fbc-2c78-4912-a2e2-495d74bd2627)
2019-10-28 01:14:30.122 13785 RALLYDEBUG rally_openstack.cleanup.manager [-] Deleting neutron.subnet object s_rally_db9ab785_bN6h7mOT (b555ee21-979a-4ba6-8168-89af4e28ace2)
2019-10-28 01:14:30.141 13785 RALLYDEBUG rally_openstack.cleanup.manager [-] Deleting neutron.subnet object s_rally_db9ab785_roCkGFu6 (f4a61bed-9f3e-4c7c-9717-924a35dec7a5)
2019-10-28 01:14:30.147 13785 RALLYDEBUG rally_openstack.cleanup.manager [-] Deleting neutron.subnet object s_rally_db9ab785_6Cu0240n (108668ad-211f-4233-9226-c32cecab23ef)
2019-10-28 01:14:30.156 13785 RALLYDEBUG rally_openstack.cleanup.manager [-] Deleting neutron.subnet object s_rally_db9ab785_bRQraeEh (24b2b32d-e2be-45ce-8c78-e5c056f2fe72)
2019-10-28 01:14:30.180 13785 RALLYDEBUG rally_openstack.cleanup.manager [-] Deleting neutron.subnet object s_rally_db9ab785_qBB0EpGO (92958653-33a3-432f-81f8-00dbdc768d2c)
2019-10-28 01:14:30.185 13785 RALLYDEBUG rally_openstack.cleanup.manager [-] Deleting neutron.subnet object s_rally_db9ab785_e2CXcicD (98850c48-a058-419b-85c6-a9a4f3434fe0)
2019-10-28 01:14:30.202 13785 RALLYDEBUG rally_openstack.cleanup.manager [-] Deleting neutron.subnet object s_rally_db9ab785_s9z6vJkx (a4f67fa6-b0b7-471e-ab08-97a47c2661fd)
2019-10-28 01:14:30.215 13785 RALLYDEBUG rally_openstack.cleanup.manager [-] Deleting neutron.subnet object s_rally_db9ab785_b7TcpW3D (b663ebb4-de4f-4069-9230-77878133ff1c)
2019-10-28 01:14:30.220 13785 RALLYDEBUG rally_openstack.cleanup.manager [-] Deleting neutron.subnet object s_rally_db9ab785_ts5vOvnx (c927e5a9-cc57-490a-8889-3790909f65c6)
2019-10-28 01:14:30.228 13785 RALLYDEBUG rally_openstack.cleanup.manager [-] Deleting neutron.subnet object s_rally_db9ab785_2ak7sKdZ (fc9b5e46-701e-407f-954a-571133a79a60)
2019-10-28 01:14:37.448 13785 RALLYDEBUG rally_openstack.cleanup.manager [-] Cleaning up neutron network objects
2019-10-28 01:14:38.724 13785 RALLYDEBUG rally_openstack.cleanup.manager [-] Deleting neutron.network object s_rally_db9ab785_MdWphc1Z (415e7b7f-0ec2-4b6e-9e7f-89d840f050a6)
2019-10-28 01:14:38.734 13785 RALLYDEBUG rally_openstack.cleanup.manager [-] Deleting neutron.network object s_rally_db9ab785_jU3evaYs (8f58f855-4b6d-46e6-bc78-e394d57efcf2)
2019-10-28 01:14:38.743 13785 RALLYDEBUG rally_openstack.cleanup.manager [-] Deleting neutron.network object s_rally_db9ab785_v0xYimJ4 (e77396b3-36fa-42f5-b102-26b1bbdd8fc5)
2019-10-28 01:14:38.751 13785 RALLYDEBUG rally_openstack.cleanup.manager [-] Deleting neutron.network object s_rally_db9ab785_i79YYMjN (f1ee6315-987c-4245-ae39-aca17d337a4f)
2019-10-28 01:14:38.762 13785 RALLYDEBUG rally_openstack.cleanup.manager [-] Deleting neutron.network object s_rally_db9ab785_vtGGBCy8 (83e991d1-29a6-4048-ae02-162f2399c98f)
2019-10-28 01:14:38.782 13785 RALLYDEBUG rally_openstack.cleanup.manager [-] Deleting neutron.network object s_rally_db9ab785_sDS87eCl (a5dfb9d9-b42f-45c9-854b-e5191c398ecf)
2019-10-28 01:14:38.801 13785 RALLYDEBUG rally_openstack.cleanup.manager [-] Deleting neutron.network object s_rally_db9ab785_3lZtsAFi (36d19619-6766-40c3-9ace-859815a1e1e1)
2019-10-28 01:14:38.814 13785 RALLYDEBUG rally_openstack.cleanup.manager [-] Deleting neutron.network object s_rally_db9ab785_0sGAjyo3 (470e5bd8-f7ae-4a0a-b189-065e5b6913c1)
2019-10-28 01:14:38.818 13785 RALLYDEBUG rally_openstack.cleanup.manager [-] Deleting neutron.network object s_rally_db9ab785_8rCCginv (a17be839-70d2-4dea-a244-f2494ba2bc89)
2019-10-28 01:14:38.828 13785 RALLYDEBUG rally_openstack.cleanup.manager [-] Deleting neutron.network object s_rally_db9ab785_mvIfpUCZ (a627ebf4-276d-4de0-8683-bf93980db13e)
2019-10-28 01:14:41.293 13785 RALLYDEBUG rally_openstack.cleanup.manager [-] Cleaning up neutron router objects
2019-10-28 01:14:42.852 13785 RALLYDEBUG rally_openstack.cleanup.manager [-] Deleting neutron.router object s_rally_db9ab785_Vi0ajgml (09367e75-a2c3-48b9-afe1-b382d614e334)
2019-10-28 01:14:42.861 13785 RALLYDEBUG rally_openstack.cleanup.manager [-] Deleting neutron.router object s_rally_db9ab785_HQaCdKiT (0f10459d-aad5-43fc-afd5-a01c08044f6c)
2019-10-28 01:14:42.870 13785 RALLYDEBUG rally_openstack.cleanup.manager [-] Deleting neutron.router object s_rally_db9ab785_FTLMFTNj (19bf2586-28eb-4fbb-b788-3136f5628e97)
2019-10-28 01:14:42.879 13785 RALLYDEBUG rally_openstack.cleanup.manager [-] Deleting neutron.router object s_rally_db9ab785_Xu0wflpQ (21de42f9-7812-4dcd-a955-c0ed94b81bed)
2019-10-28 01:14:42.884 13785 RALLYDEBUG rally_openstack.cleanup.manager [-] Deleting neutron.router object s_rally_db9ab785_qrJTXFwL (52734172-3ccc-461c-8ab7-740f8cb6fd90)
2019-10-28 01:14:42.890 13785 RALLYDEBUG rally_openstack.cleanup.manager [-] Deleting neutron.router object s_rally_db9ab785_vUrEEgVe (5d14118a-a156-412c-8238-98990b298c1b)
2019-10-28 01:14:42.899 13785 RALLYDEBUG rally_openstack.cleanup.manager [-] Deleting neutron.router object s_rally_db9ab785_9OOegYDa (8c71b58f-7699-4830-b56b-01846160e610)
2019-10-28 01:14:42.924 13785 RALLYDEBUG rally_openstack.cleanup.manager [-] Deleting neutron.router object s_rally_db9ab785_Jwl2cWdf (de503552-bc4c-440d-abb2-90f7181d61f4)
2019-10-28 01:14:42.946 13785 RALLYDEBUG rally_openstack.cleanup.manager [-] Deleting neutron.router object s_rally_db9ab785_leMfS07O (137e5906-f7ab-4bf7-9b1a-09bf4b950a1e)
2019-10-28 01:14:42.953 13785 RALLYDEBUG rally_openstack.cleanup.manager [-] Deleting neutron.router object s_rally_db9ab785_ijX8SXeh (18b76dd0-82ea-4f00-97fb-dd83a5dfb365)
2019-10-28 01:14:42.974 13785 RALLYDEBUG rally_openstack.cleanup.manager [-] Deleting neutron.router object s_rally_db9ab785_sdapKaJq (480aeb92-776b-4bb6-868e-d936a85b5aa3)
2019-10-28 01:14:42.982 13785 RALLYDEBUG rally_openstack.cleanup.manager [-] Deleting neutron.router object s_rally_db9ab785_GvoSmtjl (6edecf99-4e06-44d1-b127-8241faef2917)
2019-10-28 01:14:42.992 13785 RALLYDEBUG rally_openstack.cleanup.manager [-] Deleting neutron.router object s_rally_db9ab785_XZf06GYX (0cb1a8d7-ebf0-425f-b851-1b7ee54d4387)
2019-10-28 01:14:42.999 13785 RALLYDEBUG rally_openstack.cleanup.manager [-] Deleting neutron.router object s_rally_db9ab785_EfTSNWDi (36592992-0c9e-48ae-ae4c-5396b326a0ad)
2019-10-28 01:14:43.011 13785 RALLYDEBUG rally_openstack.cleanup.manager [-] Deleting neutron.router object s_rally_db9ab785_BuySDLzv (47879273-e782-47fd-bd0b-be81aa58bbf6)
2019-10-28 01:14:43.015 13785 RALLYDEBUG rally_openstack.cleanup.manager [-] Deleting neutron.router object s_rally_db9ab785_S33krCsJ (49c9d452-acb4-41a9-8d1b-366805171d56)
2019-10-28 01:14:43.038 13785 RALLYDEBUG rally_openstack.cleanup.manager [-] Deleting neutron.router object s_rally_db9ab785_paCkl8dj (59b0a0e4-4de6-4c2c-827b-d6d7b8a33bdd)
2019-10-28 01:14:43.057 13785 RALLYDEBUG rally_openstack.cleanup.manager [-] Deleting neutron.router object s_rally_db9ab785_vqVWnOdt (7766807b-dc45-4b8c-ace3-08c507b0b8bd)
2019-10-28 01:14:43.064 13785 RALLYDEBUG rally_openstack.cleanup.manager [-] Deleting neutron.router object s_rally_db9ab785_KDS3ClhK (b8453493-adbe-4a62-bec8-e7ca9a4bfdd3)
2019-10-28 01:14:43.070 13785 RALLYDEBUG rally_openstack.cleanup.manager [-] Deleting neutron.router object s_rally_db9ab785_mr5HsKUL (df23cb5d-ddcd-4eca-8d45-395c5de826e0)
2019-10-28 01:14:45.574 13785 RALLYDEBUG rally_openstack.cleanup.manager [-] Cleaning up neutron security_group objects
2019-10-28 01:14:46.770 13785 INFO rally.task.context [-] Task a3425f85-7b1b-491a-ac49-9eea7b18d903 | Context cleanup@openstack cleanup() finished in 32.93 sec
2019-10-28 01:14:46.771 13785 INFO rally.task.context [-] Task a3425f85-7b1b-491a-ac49-9eea7b18d903 | Context quotas@openstack cleanup() started
2019-10-28 01:14:46.887 13785 INFO rally.task.context [-] Task a3425f85-7b1b-491a-ac49-9eea7b18d903 | Context quotas@openstack cleanup() finished in 0.12 sec
2019-10-28 01:14:46.888 13785 INFO rally.task.context [-] Task a3425f85-7b1b-491a-ac49-9eea7b18d903 | Context users@openstack cleanup() started
2019-10-28 01:14:50.828 13785 INFO rally.task.context [-] Task a3425f85-7b1b-491a-ac49-9eea7b18d903 | Context users@openstack cleanup() finished in 3.94 sec
2019-10-28 01:14:51.646 13785 INFO rally.task.engine [-] Load duration is: 19.12437
2019-10-28 01:14:51.646 13785 INFO rally.task.engine [-] Full runner duration is: 19.174725
2019-10-28 01:14:51.646 13785 INFO rally.task.engine [-] Full duration is: 59.516682
2019-10-28 01:14:51.990 13785 INFO rally.task.engine [-] Running workload: position = 0 config = { "version": 2, "title": "A cropped version of a bigger task.", "description": "Auto-generated task from a single workload (uuid=622534b7-3786-45b6-ad76-1dd6e1118d1e)", "subtasks": [ { "title": "NeutronNetworks.create_and_show_subnets", "description": "Create and show a subnet details.", "scenario": { "NeutronNetworks.create_and_show_subnets": { "subnets_per_network": 2 } }, "contexts": { "users": { "tenants": 3, "users_per_tenant": 2 }, "network": { "router": {} }, "quotas": { "neutron": { "network": -1, "subnet": -1 } } }, "runner": { "constant": { "concurrency": 4, "times": 10 } }, "hooks": [], "sla": { "failure_rate": { "max": 0 } } } ] }
2019-10-28 01:14:52.014 13785 RALLYDEBUG rally_openstack.contexts.keystone.users [-] Creating 3 tenants using 20 threads
2019-10-28 01:14:52.988 13785 RALLYDEBUG rally_openstack.contexts.keystone.users [-] Creating 6 users using 20 threads
2019-10-28 01:14:54.502 13785 INFO rally.task.context [-] Task a3425f85-7b1b-491a-ac49-9eea7b18d903 | Context users@openstack setup() finished in 2.49 sec
2019-10-28 01:14:55.289 13785 INFO rally.task.context [-] Task a3425f85-7b1b-491a-ac49-9eea7b18d903 | Context quotas@openstack setup() finished in 0.79 sec
2019-10-28 01:14:55.842 13785 RALLYDEBUG rally_openstack.wrappers.network [-] CIDR generated: 10.2.95.0/24
2019-10-28 01:14:56.892 13785 RALLYDEBUG rally_openstack.wrappers.network [-] CIDR generated: 10.2.96.0/24
2019-10-28 01:14:57.647 13785 RALLYDEBUG rally_openstack.wrappers.network [-] CIDR generated: 10.2.97.0/24
2019-10-28 01:14:58.135 13785 INFO rally.task.context [-] Task a3425f85-7b1b-491a-ac49-9eea7b18d903 | Context network@openstack setup() finished in 2.85 sec
2019-10-28 01:14:58.136 13785 INFO rally.task.context [-] Task a3425f85-7b1b-491a-ac49-9eea7b18d903 | Context cleanup@openstack setup() finished in 0.01 msec
2019-10-28 01:14:58.145 13785 RALLYDEBUG rally.task.runner [-] Starting the constant runner (task UUID: a3425f85-7b1b-491a-ac49-9eea7b18d903). times: 10 concurrency: 4 timeout: 0 max_cpu_used: 16 processes_to_start: 4 concurrency_per_worker: 1 concurrency_overhead: 0
2019-10-28 01:14:58.157 20125 RALLYDEBUG rally.task.runner [-] Starting a worker. times: 10 duration: None concurrency: 1 timeout: 0 cls: method_name: run args: {"subnets_per_network": 2}
2019-10-28 01:14:58.160 20126 RALLYDEBUG rally.task.runner [-] Starting a worker. times: 10 duration: None concurrency: 1 timeout: 0 cls: method_name: run args: {"subnets_per_network": 2}
2019-10-28 01:14:58.164 20125 INFO rally.task.runner [-] Task a3425f85-7b1b-491a-ac49-9eea7b18d903 | ITER: 1 START
2019-10-28 01:14:58.164 20127 RALLYDEBUG rally.task.runner [-] Starting a worker. times: 10 duration: None concurrency: 1 timeout: 0 cls: method_name: run args: {"subnets_per_network": 2}
2019-10-28 01:14:58.167 20125 RALLYDEBUG rally_openstack.wrappers.network [-] CIDR generated: 10.2.98.0/24
2019-10-28 01:14:58.167 20126 INFO rally.task.runner [-] Task a3425f85-7b1b-491a-ac49-9eea7b18d903 | ITER: 2 START
2019-10-28 01:14:58.167 20128 RALLYDEBUG rally.task.runner [-] Starting a worker. times: 10 duration: None concurrency: 1 timeout: 0 cls: method_name: run args: {"subnets_per_network": 2}
2019-10-28 01:14:58.170 20126 RALLYDEBUG rally_openstack.wrappers.network [-] CIDR generated: 10.2.99.0/24
2019-10-28 01:14:58.170 20127 INFO rally.task.runner [-] Task a3425f85-7b1b-491a-ac49-9eea7b18d903 | ITER: 3 START
2019-10-28 01:14:58.174 20128 INFO rally.task.runner [-] Task a3425f85-7b1b-491a-ac49-9eea7b18d903 | ITER: 4 START
2019-10-28 01:14:58.174 20127 RALLYDEBUG rally_openstack.wrappers.network [-] CIDR generated: 10.2.100.0/24
2019-10-28 01:14:58.176 20128 RALLYDEBUG rally_openstack.wrappers.network [-] CIDR generated: 10.2.101.0/24
2019-10-28 01:14:59.139 20128 RALLYDEBUG rally_openstack.wrappers.network [-] CIDR generated: 10.2.102.0/24
2019-10-28 01:14:59.237 20126 RALLYDEBUG rally_openstack.wrappers.network [-] CIDR generated: 10.2.103.0/24
2019-10-28 01:14:59.840 20127 RALLYDEBUG rally_openstack.wrappers.network [-] CIDR generated: 10.2.104.0/24
2019-10-28 01:14:59.878 20128 INFO rally.task.runner [-] Task a3425f85-7b1b-491a-ac49-9eea7b18d903 | ITER: 4 END: OK
2019-10-28 01:14:59.882 20128 INFO rally.task.runner [-] Task a3425f85-7b1b-491a-ac49-9eea7b18d903 | ITER: 5 START
2019-10-28 01:14:59.883 20128 RALLYDEBUG rally_openstack.wrappers.network [-] CIDR generated: 10.2.105.0/24
2019-10-28 01:14:59.890 20125 RALLYDEBUG rally_openstack.wrappers.network [-] CIDR generated: 10.2.106.0/24
2019-10-28 01:15:00.233 20126 INFO rally.task.runner [-] Task a3425f85-7b1b-491a-ac49-9eea7b18d903 | ITER: 2 END: OK
2019-10-28 01:15:00.237 20126 INFO rally.task.runner [-] Task a3425f85-7b1b-491a-ac49-9eea7b18d903 | ITER: 6 START
2019-10-28 01:15:00.238 20126 RALLYDEBUG rally_openstack.wrappers.network [-] CIDR generated: 10.2.107.0/24
2019-10-28 01:15:00.674 20127 INFO rally.task.runner [-] Task a3425f85-7b1b-491a-ac49-9eea7b18d903 | ITER: 3 END: OK
2019-10-28 01:15:00.677 20127 INFO rally.task.runner [-] Task a3425f85-7b1b-491a-ac49-9eea7b18d903 | ITER: 7 START
2019-10-28 01:15:00.679 20127 RALLYDEBUG rally_openstack.wrappers.network [-] CIDR generated: 10.2.108.0/24
2019-10-28 01:15:00.830 20128 RALLYDEBUG rally_openstack.wrappers.network [-] CIDR generated: 10.2.109.0/24
2019-10-28 01:15:01.115 20125 INFO rally.task.runner [-] Task a3425f85-7b1b-491a-ac49-9eea7b18d903 | ITER: 1 END: OK
2019-10-28 01:15:01.120 20125 INFO rally.task.runner [-] Task a3425f85-7b1b-491a-ac49-9eea7b18d903 | ITER: 8 START
2019-10-28 01:15:01.121 20125 RALLYDEBUG rally_openstack.wrappers.network [-] CIDR generated: 10.2.110.0/24
2019-10-28 01:15:01.252 20126 RALLYDEBUG rally_openstack.wrappers.network [-] CIDR generated: 10.2.111.0/24
2019-10-28 01:15:01.597 20128 INFO rally.task.runner [-] Task a3425f85-7b1b-491a-ac49-9eea7b18d903 | ITER: 5 END: OK
2019-10-28 01:15:01.600 20128 INFO rally.task.runner [-] Task a3425f85-7b1b-491a-ac49-9eea7b18d903 | ITER: 9 START
2019-10-28 01:15:01.602 20128 RALLYDEBUG rally_openstack.wrappers.network [-] CIDR generated: 10.2.112.0/24
2019-10-28 01:15:01.952 20127 RALLYDEBUG rally_openstack.wrappers.network [-] CIDR generated: 10.2.113.0/24
2019-10-28 01:15:02.110 20125 RALLYDEBUG rally_openstack.wrappers.network [-] CIDR generated: 10.2.114.0/24
2019-10-28 01:15:02.367 20126 INFO rally.task.runner [-] Task a3425f85-7b1b-491a-ac49-9eea7b18d903 | ITER: 6 END: OK
2019-10-28 01:15:02.369 20126 INFO rally.task.runner [-] Task a3425f85-7b1b-491a-ac49-9eea7b18d903 | ITER: 10 START
2019-10-28 01:15:02.371 20126 RALLYDEBUG rally_openstack.wrappers.network [-] CIDR generated: 10.2.115.0/24
2019-10-28 01:15:02.475 20128 RALLYDEBUG rally_openstack.wrappers.network [-] CIDR generated: 10.2.116.0/24
2019-10-28 01:15:02.892 20125 INFO rally.task.runner [-] Task a3425f85-7b1b-491a-ac49-9eea7b18d903 | ITER: 8 END: OK
2019-10-28 01:15:02.948 20127 INFO rally.task.runner [-] Task a3425f85-7b1b-491a-ac49-9eea7b18d903 | ITER: 7 END: OK
