2019-10-28 01:41:27.328 22401 RALLYDEBUG rally.task.runner [-] Starting a worker. times: 10 duration: None concurrency: 1 timeout: 0 cls: method_name: run args: {"flavor": "f6e16333-aeab-48e5-b309-0e3bdd356d36", "image": "557170a9-5025-4cf4-a927-2cc8be496f7e", "block_migration": false, "nics": [{"net-id": "2381ea0d-4449-473e-9297-21732a0ea467"}]}
2019-10-28 01:41:27.331 22400 INFO rally.task.runner [-] Task 0b5399c7-6330-4103-a825-8ad7cce983f7 | ITER: 2 START
2019-10-28 01:41:27.332 22404 RALLYDEBUG rally.task.runner [-] Starting a worker. times: 10 duration: None concurrency: 1 timeout: 0 cls: method_name: run args: {"flavor": "f6e16333-aeab-48e5-b309-0e3bdd356d36", "image": "557170a9-5025-4cf4-a927-2cc8be496f7e", "block_migration": false, "nics": [{"net-id": "2381ea0d-4449-473e-9297-21732a0ea467"}]}
2019-10-28 01:41:27.335 22401 INFO rally.task.runner [-] Task 0b5399c7-6330-4103-a825-8ad7cce983f7 | ITER: 3 START
2019-10-28 01:41:27.339 22404 INFO rally.task.runner [-] Task 0b5399c7-6330-4103-a825-8ad7cce983f7 | ITER: 4 START
2019-10-28 01:41:34.059 22399 RALLYDEBUG rally.task.utils [-] Waiting for resource s_rally_8459754a_YFopAQ7C. Status changed: BUILD => ACTIVE in 4.455774307250977
2019-10-28 01:41:34.273 22404 RALLYDEBUG rally.task.utils [-] Waiting for resource s_rally_8459754a_i0c41jgl. Status changed: BUILD => ACTIVE in 4.701703786849976
2019-10-28 01:41:36.446 22401 RALLYDEBUG rally.task.utils [-] Waiting for resource s_rally_8459754a_Qd6CcL3C. Status changed: BUILD => ACTIVE in 6.7981860637664795
2019-10-28 01:41:36.709 22399 RALLYDEBUG rally.task.utils [-] Waiting for resource s_rally_8459754a_YFopAQ7C. Status changed: ACTIVE => MIGRATING in 0.17151594161987305
2019-10-28 01:41:36.910 22404 RALLYDEBUG rally.task.utils [-] Waiting for resource s_rally_8459754a_i0c41jgl. Status changed: ACTIVE => MIGRATING in 0.2055976390838623
2019-10-28 01:41:38.631 22400 RALLYDEBUG rally.task.utils [-] Waiting for resource s_rally_8459754a_k2f6ytSe. Status changed: BUILD => ACTIVE in 8.99661636352539
2019-10-28 01:41:39.402 22401 RALLYDEBUG rally.task.utils [-] Waiting for resource s_rally_8459754a_Qd6CcL3C. Status changed: ACTIVE => MIGRATING in 0.14630436897277832
2019-10-28 01:41:40.723 22400 RALLYDEBUG rally.task.utils [-] Waiting for resource s_rally_8459754a_k2f6ytSe. Status changed: ACTIVE => MIGRATING in 0.1790914535522461
2019-10-28 01:41:41.037 22399 RALLYDEBUG rally.task.utils [-] Waiting for resource s_rally_8459754a_YFopAQ7C. Status changed: MIGRATING => ACTIVE in 4.3285887241363525
2019-10-28 01:41:43.444 22404 RALLYDEBUG rally.task.utils [-] Waiting for resource s_rally_8459754a_i0c41jgl. Status changed: MIGRATING => ACTIVE in 6.533557891845703
2019-10-28 01:41:43.638 22399 INFO rally.task.runner [-] Task 0b5399c7-6330-4103-a825-8ad7cce983f7 | ITER: 1 END: OK
2019-10-28 01:41:43.642 22399 INFO rally.task.runner [-] Task 0b5399c7-6330-4103-a825-8ad7cce983f7 | ITER: 5 START
2019-10-28 01:41:45.953 22404 INFO rally.task.runner [-] Task 0b5399c7-6330-4103-a825-8ad7cce983f7 | ITER: 4 END: OK
2019-10-28 01:41:45.958 22404 INFO rally.task.runner [-] Task 0b5399c7-6330-4103-a825-8ad7cce983f7 | ITER: 6 START
2019-10-28 01:41:50.277 22401 RALLYDEBUG rally.task.utils [-] Waiting for resource s_rally_8459754a_Qd6CcL3C. Status changed: MIGRATING => ACTIVE in 10.874730587005615
2019-10-28 01:41:50.686 22399 RALLYDEBUG rally.task.utils [-] Waiting for resource s_rally_8459754a_pJkzlXu9. Status changed: BUILD => ACTIVE in 4.874414920806885
2019-10-28 01:41:52.762 22401 INFO rally.task.runner [-] Task 0b5399c7-6330-4103-a825-8ad7cce983f7 | ITER: 3 END: OK
2019-10-28 01:41:52.769 22401 INFO rally.task.runner [-] Task 0b5399c7-6330-4103-a825-8ad7cce983f7 | ITER: 7 START
2019-10-28 01:41:53.418 22399 RALLYDEBUG rally.task.utils [-] Waiting for resource s_rally_8459754a_pJkzlXu9. Status changed: ACTIVE => MIGRATING in 0.15073537826538086
2019-10-28 01:41:55.276 22404 RALLYDEBUG rally.task.utils [-] Waiting for resource s_rally_8459754a_CDKIRhTv. Status changed: BUILD => ACTIVE in 6.985482454299927
2019-10-28 01:41:55.858 22400 RALLYDEBUG rally.task.utils [-] Waiting for resource s_rally_8459754a_k2f6ytSe. Status changed: MIGRATING => ACTIVE in 15.134485244750977
2019-10-28 01:41:57.830 22404 RALLYDEBUG rally.task.utils [-] Waiting for resource s_rally_8459754a_CDKIRhTv. Status changed: ACTIVE => MIGRATING in 0.1937406063079834
2019-10-28 01:41:58.362 22400 INFO rally.task.runner [-] Task 0b5399c7-6330-4103-a825-8ad7cce983f7 | ITER: 2 END: OK
2019-10-28 01:41:58.369 22400 INFO rally.task.runner [-] Task 0b5399c7-6330-4103-a825-8ad7cce983f7 | ITER: 8 START
2019-10-28 01:41:59.537 22401 RALLYDEBUG rally.task.utils [-] Waiting for resource s_rally_8459754a_BsZx7yYX. Status changed: BUILD => ACTIVE in 4.6528403759002686
2019-10-28 01:41:59.993 22399 RALLYDEBUG rally.task.utils [-] Waiting for resource s_rally_8459754a_pJkzlXu9. Status changed: MIGRATING => ACTIVE in 6.574999809265137
2019-10-28 01:42:02.221 22401 RALLYDEBUG rally.task.utils [-] Waiting for resource s_rally_8459754a_BsZx7yYX. Status changed: ACTIVE => MIGRATING in 0.14720821380615234
2019-10-28 01:42:02.536 22399 INFO rally.task.runner [-] Task 0b5399c7-6330-4103-a825-8ad7cce983f7 | ITER: 5 END: OK
2019-10-28 01:42:02.541 22399 INFO rally.task.runner [-] Task 0b5399c7-6330-4103-a825-8ad7cce983f7 | ITER: 9 START
2019-10-28 01:42:04.473 22404 RALLYDEBUG rally.task.utils [-] Waiting for resource s_rally_8459754a_CDKIRhTv. Status changed: MIGRATING => ACTIVE in 6.643053293228149
2019-10-28 01:42:07.019 22404 INFO rally.task.runner [-] Task 0b5399c7-6330-4103-a825-8ad7cce983f7 | ITER: 6 END: OK
2019-10-28 01:42:07.025 22404 INFO rally.task.runner [-] Task 0b5399c7-6330-4103-a825-8ad7cce983f7 | ITER: 10 START
2019-10-28 01:42:08.177 22400 RALLYDEBUG rally.task.utils [-] Waiting for resource s_rally_8459754a_xnDkbbDJ. Status changed: BUILD => ACTIVE in 7.114516258239746
2019-10-28 01:42:08.802 22401 RALLYDEBUG rally.task.utils [-] Waiting for resource s_rally_8459754a_BsZx7yYX. Status changed: MIGRATING => ACTIVE in 6.580614328384399
2019-10-28 01:42:09.100 22399 RALLYDEBUG rally.task.utils [-] Waiting for resource s_rally_8459754a_6aKdF5lb. Status changed: BUILD => ACTIVE in 4.5467188358306885
2019-10-28 01:42:11.187 22400 RALLYDEBUG rally.task.utils [-] Waiting for resource s_rally_8459754a_xnDkbbDJ. Status changed: ACTIVE => MIGRATING in 0.19732189178466797
2019-10-28 01:42:11.447 22401 INFO rally.task.runner [-] Task 0b5399c7-6330-4103-a825-8ad7cce983f7 | ITER: 7 END: OK
2019-10-28 01:42:11.798 22399 RALLYDEBUG rally.task.utils [-] Waiting for resource s_rally_8459754a_6aKdF5lb. Status changed: ACTIVE => MIGRATING in 0.17278695106506348
2019-10-28 01:42:14.011 22404 RALLYDEBUG rally.task.utils [-] Waiting for resource s_rally_8459754a_QECNL48I. Status changed: BUILD => ACTIVE in 4.749955415725708
2019-10-28 01:42:15.773 22400 RALLYDEBUG rally.task.utils [-] Waiting for resource s_rally_8459754a_xnDkbbDJ. Status changed: MIGRATING => ACTIVE in 4.586663484573364
2019-10-28 01:42:16.272 22404 RALLYDEBUG rally.task.utils [-] Waiting for resource s_rally_8459754a_QECNL48I. Status changed: ACTIVE => MIGRATING in 0.23782944679260254
2019-10-28 01:42:18.322 22400 INFO rally.task.runner [-] Task 0b5399c7-6330-4103-a825-8ad7cce983f7 | ITER: 8 END: OK
2019-10-28 01:42:22.812 22399 RALLYDEBUG rally.task.utils [-] Waiting for resource s_rally_8459754a_6aKdF5lb. Status changed: MIGRATING => ACTIVE in 11.013682842254639
2019-10-28 01:42:25.473 22399 INFO rally.task.runner [-] Task 0b5399c7-6330-4103-a825-8ad7cce983f7 | ITER: 9 END: OK
2019-10-28 01:42:27.327 22404 RALLYDEBUG rally.task.utils [-] Waiting for resource s_rally_8459754a_QECNL48I. Status changed: MIGRATING => ACTIVE in 11.055504560470581
2019-10-28 01:42:29.879 22404 INFO rally.task.runner [-] Task 0b5399c7-6330-4103-a825-8ad7cce983f7 | ITER: 10 END: OK
2019-10-28 01:42:29.903 20411 INFO rally.task.context [-] Task 0b5399c7-6330-4103-a825-8ad7cce983f7 | Context cleanup@openstack cleanup() started
2019-10-28 01:42:29.906 20411 RALLYDEBUG rally_openstack.cleanup.manager [-] Cleaning up nova servers objects
2019-10-28 01:42:31.359 20411 RALLYDEBUG rally_openstack.cleanup.manager [-] Cleaning up nova server_groups objects
2019-10-28 01:42:32.459 20411 RALLYDEBUG rally_openstack.cleanup.manager [-] Cleaning up nova keypairs objects
2019-10-28 01:42:34.760 20411 INFO rally.task.context [-] Task 0b5399c7-6330-4103-a825-8ad7cce983f7 | Context cleanup@openstack cleanup() finished in 4.86 sec
2019-10-28 01:42:34.760 20411 INFO rally.task.context [-] Task 0b5399c7-6330-4103-a825-8ad7cce983f7 | Context users@openstack cleanup() started
2019-10-28 01:42:38.728 20411 INFO rally.task.context [-] Task 0b5399c7-6330-4103-a825-8ad7cce983f7 | Context users@openstack cleanup() finished in 3.97 sec
2019-10-28 01:42:40.010 20411 INFO rally.task.engine [-] Load duration is: 61.549682
2019-10-28 01:42:40.011 20411 INFO rally.task.engine [-] Full runner duration is: 62.595334
2019-10-28 01:42:40.011 20411 INFO rally.task.engine [-] Full duration is: 75.084974
2019-10-28 01:42:40.383 20411 INFO rally.task.engine [-] Running workload: position = 0 config = { "version": 2, "title": "A cropped version of a bigger task.", "description": "Auto-generated task from a single workload (uuid=fdf3cb94-5fad-49c4-afe8-a1100366fc0e)", "subtasks": [ { "title": "NovaServers.boot_server_attach_created_volume_and_live_migrate", "description": "Create a VM, attach a volume to it and live migrate.", "scenario": { "NovaServers.boot_server_attach_created_volume_and_live_migrate": { "flavor": { "name": "rally_full-flavor_94399dd7-70e5-4767-b49a-8f67339bf77d" }, "image": { "name": "rally_full-img_94399dd7-70e5-4767-b49a-8f67339bf77d" }, "size": 10, "block_migration": false, "boot_server_kwargs": { "nics": [ { "net-id": "2381ea0d-4449-473e-9297-21732a0ea467" } ] } } }, "contexts": { "users": { "tenants": 3, "users_per_tenant": 2 }, "api_versions": { "cinder": { "version": 3, "service_type": "volumev3" } } }, "runner": { "constant": { "concurrency": 4, "times": 10 } }, "hooks": [], "sla": { "failure_rate": { "max": 0 } } } ] }
2019-10-28 01:42:40.408 20411 RALLYDEBUG rally_openstack.contexts.keystone.users [-] Creating 3 tenants using 20 threads
2019-10-28 01:42:41.414 20411 RALLYDEBUG rally_openstack.contexts.keystone.users [-] Creating 6 users using 20 threads
2019-10-28 01:42:42.907 20411 INFO rally.task.context [-] Task 0b5399c7-6330-4103-a825-8ad7cce983f7 | Context users@openstack setup() finished in 2.50 sec
2019-10-28 01:42:43.295 20411 INFO rally.task.context [-] Task 0b5399c7-6330-4103-a825-8ad7cce983f7 | Context api_versions@openstack setup() finished in 0.39 sec
2019-10-28 01:42:43.296 20411 INFO rally.task.context [-] Task 0b5399c7-6330-4103-a825-8ad7cce983f7 | Context cleanup@openstack setup() finished in 0.01 msec
2019-10-28 01:42:44.227 20411 RALLYDEBUG rally.task.runner [-] Starting the constant runner (task UUID: 0b5399c7-6330-4103-a825-8ad7cce983f7). times: 10 concurrency: 4 timeout: 0 max_cpu_used: 16 processes_to_start: 4 concurrency_per_worker: 1 concurrency_overhead: 0
2019-10-28 01:42:44.239 22563 RALLYDEBUG rally.task.runner [-] Starting a worker. times: 10 duration: None concurrency: 1 timeout: 0 cls: method_name: run args: {"flavor": "f6e16333-aeab-48e5-b309-0e3bdd356d36", "image": "557170a9-5025-4cf4-a927-2cc8be496f7e", "size": 10, "block_migration": false, "boot_server_kwargs": {"nics": [{"net-id": "2381ea0d-4449-473e-9297-21732a0ea467"}]}}
2019-10-28 01:42:44.243 22564 RALLYDEBUG rally.task.runner [-] Starting a worker. times: 10 duration: None concurrency: 1 timeout: 0 cls: method_name: run args: {"flavor": "f6e16333-aeab-48e5-b309-0e3bdd356d36", "image": "557170a9-5025-4cf4-a927-2cc8be496f7e", "size": 10, "block_migration": false, "boot_server_kwargs": {"nics": [{"net-id": "2381ea0d-4449-473e-9297-21732a0ea467"}]}}
2019-10-28 01:42:44.247 22563 INFO rally.task.runner [-] Task 0b5399c7-6330-4103-a825-8ad7cce983f7 | ITER: 1 START
2019-10-28 01:42:44.247 22565 RALLYDEBUG rally.task.runner [-] Starting a worker. times: 10 duration: None concurrency: 1 timeout: 0 cls: method_name: run args: {"flavor": "f6e16333-aeab-48e5-b309-0e3bdd356d36", "image": "557170a9-5025-4cf4-a927-2cc8be496f7e", "size": 10, "block_migration": false, "boot_server_kwargs": {"nics": [{"net-id": "2381ea0d-4449-473e-9297-21732a0ea467"}]}}
2019-10-28 01:42:44.250 22564 INFO rally.task.runner [-] Task 0b5399c7-6330-4103-a825-8ad7cce983f7 | ITER: 2 START
2019-10-28 01:42:44.251 22568 RALLYDEBUG rally.task.runner [-] Starting a worker. times: 10 duration: None concurrency: 1 timeout: 0 cls: method_name: run args: {"flavor": "f6e16333-aeab-48e5-b309-0e3bdd356d36", "image": "557170a9-5025-4cf4-a927-2cc8be496f7e", "size": 10, "block_migration": false, "boot_server_kwargs": {"nics": [{"net-id": "2381ea0d-4449-473e-9297-21732a0ea467"}]}}
2019-10-28 01:42:44.254 22565 INFO rally.task.runner [-] Task 0b5399c7-6330-4103-a825-8ad7cce983f7 | ITER: 3 START
2019-10-28 01:42:44.258 22568 INFO rally.task.runner [-] Task 0b5399c7-6330-4103-a825-8ad7cce983f7 | ITER: 4 START
2019-10-28 01:42:50.983 22564 RALLYDEBUG rally.task.utils [-] Waiting for resource s_rally_fdf3cb94_BJmSYUv5. Status changed: BUILD => ACTIVE in 4.612931728363037
2019-10-28 01:42:51.081 22568 RALLYDEBUG rally.task.utils [-] Waiting for resource s_rally_fdf3cb94_FSBO5hNq. Status changed: BUILD => ACTIVE in 4.6249401569366455
2019-10-28 01:42:53.440 22565 RALLYDEBUG rally.task.utils [-] Waiting for resource s_rally_fdf3cb94_kxDPnlDO. Status changed: BUILD => ACTIVE in 6.791759967803955
2019-10-28 01:42:53.623 22563 RALLYDEBUG rally.task.utils [-] Waiting for resource s_rally_fdf3cb94_rQWS7JKE. Status changed: BUILD => ACTIVE in 6.789554119110107
2019-10-28 01:42:54.017 22564 RALLYDEBUG rally.task.utils [-] Waiting for resource s_rally_fdf3cb94_2dKcRbiP. Status changed: AVAILABLE => RESERVED in 0.40938496589660645
2019-10-28 01:42:54.230 22568 RALLYDEBUG rally.task.utils [-] Waiting for resource s_rally_fdf3cb94_KjMK4WFp. Status changed: AVAILABLE => RESERVED in 0.43658971786499023
2019-10-28 01:42:56.434 22564 RALLYDEBUG rally.task.utils [-] Waiting for resource s_rally_fdf3cb94_2dKcRbiP. Status changed: RESERVED => IN-USE in 2.4164633750915527
2019-10-28 01:42:56.588 22565 RALLYDEBUG rally.task.utils [-] Waiting for resource s_rally_fdf3cb94_heH1vT3E. Status changed: AVAILABLE => RESERVED in 0.41559600830078125
2019-10-28 01:42:56.641 22568 RALLYDEBUG rally.task.utils [-] Waiting for resource s_rally_fdf3cb94_KjMK4WFp. Status changed: RESERVED => IN-USE in 2.41100811958313
2019-10-28 01:42:56.812 22563 RALLYDEBUG rally.task.utils [-] Waiting for resource s_rally_fdf3cb94_IcHV3Xul. Status changed: AVAILABLE => RESERVED in 0.5810258388519287
2019-10-28 01:42:58.589 22564 RALLYDEBUG rally.task.utils [-] Waiting for resource s_rally_fdf3cb94_BJmSYUv5. Status changed: ACTIVE => MIGRATING in 0.24671721458435059
2019-10-28 01:42:58.980 22565 RALLYDEBUG rally.task.utils [-] Waiting for resource s_rally_fdf3cb94_heH1vT3E. Status changed: RESERVED => IN-USE in 2.39251971244812
2019-10-28 01:42:59.208 22563 RALLYDEBUG rally.task.utils [-] Waiting for resource s_rally_fdf3cb94_IcHV3Xul. Status changed: RESERVED => IN-USE in 2.39506459236145
2019-10-28 01:42:59.507 22568 RALLYDEBUG rally.task.utils [-] Waiting for resource s_rally_fdf3cb94_FSBO5hNq. Status changed: ACTIVE => MIGRATING in 0.21031904220581055
2019-10-28 01:43:01.881 22565 RALLYDEBUG rally.task.utils [-] Waiting for resource s_rally_fdf3cb94_kxDPnlDO. Status changed: ACTIVE => MIGRATING in 0.17864394187927246
2019-10-28 01:43:01.918 22563 RALLYDEBUG rally.task.utils [-] Waiting for resource s_rally_fdf3cb94_rQWS7JKE. Status changed: ACTIVE => MIGRATING in 0.2637476921081543
2019-10-28 01:43:05.123 22564 RALLYDEBUG rally.task.utils [-] Waiting for resource s_rally_fdf3cb94_BJmSYUv5. Status changed: MIGRATING => ACTIVE in 6.5337324142456055
2019-10-28 01:43:05.980 22564 RALLYDEBUG rally.task.utils [-] Waiting for resource s_rally_fdf3cb94_2dKcRbiP. Status changed: AVAILABLE => DETACHING in 0.4226417541503906
2019-10-28 01:43:06.049 22568 RALLYDEBUG rally.task.utils [-] Waiting for resource s_rally_fdf3cb94_FSBO5hNq. Status changed: MIGRATING => ACTIVE in 6.5418901443481445
2019-10-28 01:43:06.886 22568 RALLYDEBUG rally.task.utils [-] Waiting for resource s_rally_fdf3cb94_KjMK4WFp. Status changed: AVAILABLE => DETACHING in 0.4132814407348633
2019-10-28 01:43:08.404 22564 RALLYDEBUG rally.task.utils [-] Waiting for resource s_rally_fdf3cb94_2dKcRbiP. Status changed: DETACHING => AVAILABLE in 2.4236714839935303
2019-10-28 01:43:08.522 22564 RALLYDEBUG rally.task.utils [-] Waiting for resource s_rally_fdf3cb94_2dKcRbiP. Status changed: AVAILABLE => DELETING in 0.058539390563964844
2019-10-28 01:43:09.290 22568 RALLYDEBUG rally.task.utils [-] Waiting for resource s_rally_fdf3cb94_KjMK4WFp. Status changed: DETACHING => AVAILABLE in 2.4036192893981934
2019-10-28 01:43:09.401 22568 RALLYDEBUG rally.task.utils [-] Waiting for resource s_rally_fdf3cb94_KjMK4WFp. Status changed: AVAILABLE => DELETING in 0.053789377212524414
2019-10-28 01:43:12.783 22565 RALLYDEBUG rally.task.utils [-] Waiting for resource s_rally_fdf3cb94_kxDPnlDO. Status changed: MIGRATING => ACTIVE in 10.902469873428345
2019-10-28 01:43:12.872 22564 INFO rally.task.runner [-] Task 0b5399c7-6330-4103-a825-8ad7cce983f7 | ITER: 2 END: OK
2019-10-28 01:43:12.878 22564 INFO rally.task.runner [-] Task 0b5399c7-6330-4103-a825-8ad7cce983f7 | ITER: 5 START
2019-10-28 01:43:13.047 22563 RALLYDEBUG rally.task.utils [-] Waiting for resource s_rally_fdf3cb94_rQWS7JKE. Status changed: MIGRATING => ACTIVE in 11.128743410110474
2019-10-28 01:43:13.579 22565 RALLYDEBUG rally.task.utils [-] Waiting for resource s_rally_fdf3cb94_heH1vT3E. Status changed: AVAILABLE => DETACHING in 0.4210348129272461
2019-10-28 01:43:13.973 22568 INFO rally.task.runner [-] Task 0b5399c7-6330-4103-a825-8ad7cce983f7 | ITER: 4 END: OK
2019-10-28 01:43:13.979 22568 INFO rally.task.runner [-] Task 0b5399c7-6330-4103-a825-8ad7cce983f7 | ITER: 6 START
2019-10-28 01:43:14.525 22563 RALLYDEBUG rally.task.utils [-] Waiting for resource s_rally_fdf3cb94_IcHV3Xul. Status changed: AVAILABLE => DELETING in 0.05906033515930176
2019-10-28 01:43:15.978 22565 RALLYDEBUG rally.task.utils [-] Waiting for resource s_rally_fdf3cb94_heH1vT3E. Status changed: DETACHING => AVAILABLE in 2.3991360664367676
2019-10-28 01:43:16.119 22565 RALLYDEBUG rally.task.utils [-] Waiting for resource s_rally_fdf3cb94_heH1vT3E. Status changed: AVAILABLE => DELETING in 0.06531858444213867
2019-10-28 01:43:19.049 22563 INFO rally.task.runner [-] Task 0b5399c7-6330-4103-a825-8ad7cce983f7 | ITER: 1 END: OK
2019-10-28 01:43:19.055 22563 INFO rally.task.runner [-] Task 0b5399c7-6330-4103-a825-8ad7cce983f7 | ITER: 7 START
2019-10-28 01:43:19.576 22564 RALLYDEBUG rally.task.utils [-] Waiting for resource s_rally_fdf3cb94_nmrO07Ca. Status changed: BUILD => ACTIVE in 4.558304309844971
2019-10-28 01:43:20.541 22565 INFO rally.task.runner [-] Task 0b5399c7-6330-4103-a825-8ad7cce983f7 | ITER: 3 END: OK
2019-10-28 01:43:20.547 22565 INFO rally.task.runner [-] Task 0b5399c7-6330-4103-a825-8ad7cce983f7 | ITER: 8 START
2019-10-28 01:43:20.796 22568 RALLYDEBUG rally.task.utils [-] Waiting for resource s_rally_fdf3cb94_NLWsGL4A. Status changed: BUILD => ACTIVE in 4.693242788314819
2019-10-28 01:43:22.582 22564 RALLYDEBUG rally.task.utils [-] Waiting for resource s_rally_fdf3cb94_5ePU9Vo9. Status changed: AVAILABLE => RESERVED in 0.40334439277648926
2019-10-28 01:43:23.917 22568 RALLYDEBUG rally.task.utils [-] Waiting for resource s_rally_fdf3cb94_jfYevHYa. Status changed: AVAILABLE => RESERVED in 0.42089247703552246
2019-10-28 01:43:24.983 22564 RALLYDEBUG rally.task.utils [-] Waiting for resource s_rally_fdf3cb94_5ePU9Vo9. Status changed: RESERVED => IN-USE in 2.4005908966064453
2019-10-28 01:43:25.978 22563 RALLYDEBUG rally.task.utils [-] Waiting for resource s_rally_fdf3cb94_m6UPLy4m. Status changed: BUILD => ACTIVE in 4.66689133644104
2019-10-28 01:43:26.340 22568 RALLYDEBUG rally.task.utils [-] Waiting for resource s_rally_fdf3cb94_jfYevHYa. Status changed: RESERVED => IN-USE in 2.4220945835113525
2019-10-28 01:43:27.437 22565 RALLYDEBUG rally.task.utils [-] Waiting for resource s_rally_fdf3cb94_AbW8GtiJ. Status changed: BUILD => ACTIVE in 4.683371305465698
2019-10-28 01:43:27.711 22564 RALLYDEBUG rally.task.utils [-] Waiting for resource s_rally_fdf3cb94_nmrO07Ca. Status changed: ACTIVE => MIGRATING in 0.20626115798950195
2019-10-28 01:43:28.950 22563 RALLYDEBUG rally.task.utils [-] Waiting for resource s_rally_fdf3cb94_r5zgH73q. Status changed: AVAILABLE => RESERVED in 0.41744422912597656
2019-10-28 01:43:29.463 22568 RALLYDEBUG rally.task.utils [-] Waiting for resource s_rally_fdf3cb94_NLWsGL4A. Status changed: ACTIVE => MIGRATING in 0.16162991523742676
2019-10-28 01:43:30.406 22565 RALLYDEBUG rally.task.utils [-] Waiting for resource s_rally_fdf3cb94_vG8YnzoU. Status changed: AVAILABLE => RESERVED in 0.3990476131439209
2019-10-28 01:43:31.351 22563 RALLYDEBUG rally.task.utils [-] Waiting for resource s_rally_fdf3cb94_r5zgH73q. Status changed: RESERVED => IN-USE in 2.4007070064544678
2019-10-28 01:43:32.817 22565 RALLYDEBUG rally.task.utils [-] Waiting for resource s_rally_fdf3cb94_vG8YnzoU. Status changed: RESERVED => IN-USE in 2.410947561264038
2019-10-28 01:43:34.104 22563 RALLYDEBUG rally.task.utils [-] Waiting for resource s_rally_fdf3cb94_m6UPLy4m. Status changed: ACTIVE => MIGRATING in 0.19397187232971191
2019-10-28 01:43:34.240 22564 RALLYDEBUG rally.task.utils [-] Waiting for resource s_rally_fdf3cb94_nmrO07Ca. Status changed: MIGRATING => ACTIVE in 6.528304576873779
2019-10-28 01:43:34.967 22564 RALLYDEBUG rally.task.utils [-] Waiting for resource s_rally_fdf3cb94_5ePU9Vo9. Status changed: AVAILABLE => DETACHING in 0.39862847328186035
2019-10-28 01:43:35.781 22565 RALLYDEBUG rally.task.utils [-] Waiting for resource s_rally_fdf3cb94_AbW8GtiJ. Status changed: ACTIVE => MIGRATING in 0.15532374382019043
2019-10-28 01:43:35.902 22568 RALLYDEBUG rally.task.utils [-] Waiting for resource s_rally_fdf3cb94_NLWsGL4A. Status changed: MIGRATING => ACTIVE in 6.439090251922607
2019-10-28 01:43:36.619 22568 RALLYDEBUG rally.task.utils [-] Waiting for resource s_rally_fdf3cb94_jfYevHYa. Status changed: AVAILABLE => DETACHING in 0.4101083278656006
2019-10-28 01:43:37.379 22564 RALLYDEBUG rally.task.utils [-] Waiting for resource s_rally_fdf3cb94_5ePU9Vo9. Status changed: DETACHING => AVAILABLE in 2.4128732681274414
2019-10-28 01:43:37.512 22564 RALLYDEBUG rally.task.utils [-] Waiting for resource s_rally_fdf3cb94_5ePU9Vo9. Status changed: AVAILABLE => DELETING in 0.05597090721130371
2019-10-28 01:43:39.032 22568 RALLYDEBUG rally.task.utils [-] Waiting for resource s_rally_fdf3cb94_jfYevHYa. Status changed: DETACHING => AVAILABLE in 2.4134583473205566
2019-10-28 01:43:39.145 22568 RALLYDEBUG rally.task.utils [-] Waiting for resource s_rally_fdf3cb94_jfYevHYa. Status changed: AVAILABLE => DELETING in 0.049059391021728516
2019-10-28 01:43:41.880 22564 INFO rally.task.runner [-] Task 0b5399c7-6330-4103-a825-8ad7cce983f7 | ITER: 5 END: OK
2019-10-28 01:43:41.885 22564 INFO rally.task.runner [-] Task 0b5399c7-6330-4103-a825-8ad7cce983f7 | ITER: 9 START
2019-10-28 01:43:42.785 22563 RALLYDEBUG rally.task.utils [-] Waiting for resource s_rally_fdf3cb94_m6UPLy4m. Status changed: MIGRATING => ACTIVE in 8.68104338645935
2019-10-28 01:43:43.521 22568 INFO rally.task.runner [-] Task 0b5399c7-6330-4103-a825-8ad7cce983f7 | ITER: 6 END: OK
2019-10-28 01:43:43.526 22568 INFO rally.task.runner [-] Task 0b5399c7-6330-4103-a825-8ad7cce983f7 | ITER: 10 START
2019-10-28 01:43:43.671 22563 RALLYDEBUG rally.task.utils [-] Waiting for resource s_rally_fdf3cb94_r5zgH73q. Status changed: AVAILABLE => DETACHING in 0.4116475582122803
2019-10-28 01:43:44.445 22565 RALLYDEBUG rally.task.utils [-] Waiting for resource s_rally_fdf3cb94_AbW8GtiJ. Status changed: MIGRATING => ACTIVE in 8.663771390914917
2019-10-28 01:43:45.222 22565 RALLYDEBUG rally.task.utils [-] Waiting for resource s_rally_fdf3cb94_vG8YnzoU. Status changed: AVAILABLE => DETACHING in 0.44612622261047363
2019-10-28 01:43:46.084 22563 RALLYDEBUG rally.task.utils [-] Waiting for resource s_rally_fdf3cb94_r5zgH73q. Status changed: DETACHING => AVAILABLE in 2.4126932621002197
2019-10-28 01:43:46.194 22563 RALLYDEBUG rally.task.utils [-] Waiting for resource s_rally_fdf3cb94_r5zgH73q. Status changed: AVAILABLE => DELETING in 0.05491018295288086
2019-10-28 01:43:47.641 22565 RALLYDEBUG rally.task.utils [-] Waiting for resource s_rally_fdf3cb94_vG8YnzoU. Status changed: DETACHING => AVAILABLE in 2.4195830821990967
2019-10-28 01:43:47.761 22565 RALLYDEBUG rally.task.utils [-] Waiting for resource s_rally_fdf3cb94_vG8YnzoU. Status changed: AVAILABLE => DELETING in 0.052336931228637695
2019-10-28 01:43:48.712 22564 RALLYDEBUG rally.task.utils [-] Waiting for resource s_rally_fdf3cb94_WaBS592W. Status changed: BUILD => ACTIVE in 4.765556812286377
2019-10-28 01:43:50.296 22568 RALLYDEBUG rally.task.utils [-] Waiting for resource s_rally_fdf3cb94_dKJxbHIi. Status changed: BUILD => ACTIVE in 4.5717267990112305
2019-10-28 01:43:50.532 22563 INFO rally.task.runner [-] Task 0b5399c7-6330-4103-a825-8ad7cce983f7 | ITER: 7 END: OK
2019-10-28 01:43:51.876 22564 RALLYDEBUG rally.task.utils [-] Waiting for resource s_rally_fdf3cb94_97SYN6d0. Status changed: AVAILABLE => RESERVED in 0.39613890647888184
2019-10-28 01:43:52.171 22565 INFO rally.task.runner [-] Task 0b5399c7-6330-4103-a825-8ad7cce983f7 | ITER: 8 END: OK
2019-10-28 01:43:53.364 22568 RALLYDEBUG rally.task.utils [-] Waiting for resource s_rally_fdf3cb94_hkjc1Il1. Status changed: AVAILABLE => RESERVED in 0.41527676582336426
2019-10-28 01:43:54.295 22564 RALLYDEBUG rally.task.utils [-] Waiting for resource s_rally_fdf3cb94_97SYN6d0. Status changed: RESERVED => IN-USE in 2.4186580181121826
2019-10-28 01:43:55.766 22568 RALLYDEBUG rally.task.utils [-] Waiting for resource s_rally_fdf3cb94_hkjc1Il1. Status changed: RESERVED => IN-USE in 2.4026334285736084
2019-10-28 01:43:57.219 22564 RALLYDEBUG rally.task.utils [-] Waiting for resource s_rally_fdf3cb94_WaBS592W. Status changed: ACTIVE => MIGRATING in 0.20442748069763184
2019-10-28 01:43:58.590 22568 RALLYDEBUG rally.task.utils [-] Waiting for resource s_rally_fdf3cb94_dKJxbHIi. Status changed: ACTIVE => MIGRATING in 0.20564937591552734
2019-10-28 01:44:06.078 22564 RALLYDEBUG rally.task.utils [-] Waiting for resource s_rally_fdf3cb94_WaBS592W. Status changed: MIGRATING => ACTIVE in 8.859028577804565
2019-10-28 01:44:06.965 22564 RALLYDEBUG rally.task.utils [-] Waiting for resource s_rally_fdf3cb94_97SYN6d0. Status changed: AVAILABLE => DETACHING in 0.44033098220825195
2019-10-28 01:44:09.392 22564 RALLYDEBUG rally.task.utils [-] Waiting for resource s_rally_fdf3cb94_97SYN6d0. Status changed: DETACHING => AVAILABLE in 2.42641282081604
2019-10-28 01:44:09.526 22564 RALLYDEBUG rally.task.utils [-] Waiting for resource s_rally_fdf3cb94_97SYN6d0. Status changed: AVAILABLE => DELETING in 0.07341980934143066
2019-10-28 01:44:11.674 22568 RALLYDEBUG rally.task.utils [-] Waiting for resource s_rally_fdf3cb94_dKJxbHIi. Status changed: MIGRATING => ACTIVE in 13.08387017250061
2019-10-28 01:44:12.460 22568 RALLYDEBUG rally.task.utils [-] Waiting for resource s_rally_fdf3cb94_hkjc1Il1. Status changed: AVAILABLE => DETACHING in 0.4097301959991455
2019-10-28 01:44:13.962 22564 INFO rally.task.runner [-] Task 0b5399c7-6330-4103-a825-8ad7cce983f7 | ITER: 9 END: OK
2019-10-28 01:44:14.906 22568 RALLYDEBUG rally.task.utils [-] Waiting for resource s_rally_fdf3cb94_hkjc1Il1. Status changed: DETACHING => AVAILABLE in 2.44633412361145
2019-10-28 01:44:15.035 22568 RALLYDEBUG rally.task.utils [-] Waiting for resource s_rally_fdf3cb94_hkjc1Il1. Status changed: AVAILABLE => DELETING in 0.06485772132873535
2019-10-28 01:44:19.546 22568 INFO rally.task.runner [-] Task 0b5399c7-6330-4103-a825-8ad7cce983f7 | ITER: 10 END: OK
2019-10-28 01:44:19.569 20411 INFO rally.task.context [-] Task 0b5399c7-6330-4103-a825-8ad7cce983f7 | Context cleanup@openstack cleanup() started
2019-10-28 01:44:19.573 20411 RALLYDEBUG rally_openstack.cleanup.manager [-] Cleaning up nova servers objects
2019-10-28 01:44:20.916 20411 RALLYDEBUG rally_openstack.cleanup.manager [-] Cleaning up nova server_groups objects
2019-10-28 01:44:22.028 20411 RALLYDEBUG rally_openstack.cleanup.manager [-] Cleaning up nova keypairs objects
2019-10-28 01:44:24.336 20411 RALLYDEBUG rally_openstack.cleanup.manager [-] Cleaning up cinder backups objects
2019-10-28 01:44:25.485 20411 RALLYDEBUG rally_openstack.cleanup.manager [-] Cleaning up cinder volume_snapshots objects
2019-10-28 01:44:26.605 20411 RALLYDEBUG rally_openstack.cleanup.manager [-] Cleaning up cinder transfers objects
2019-10-28 01:44:27.712 20411 RALLYDEBUG rally_openstack.cleanup.manager [-] Cleaning up cinder volumes objects
2019-10-28 01:44:28.890 20411 INFO rally.task.context [-] Task 0b5399c7-6330-4103-a825-8ad7cce983f7 | Context cleanup@openstack cleanup() finished in 9.32 sec
2019-10-28 01:44:28.891 20411 INFO rally.task.context [-] Task 0b5399c7-6330-4103-a825-8ad7cce983f7 | Context api_versions@openstack cleanup() started
2019-10-28 01:44:28.891 20411 INFO rally.task.context [-] Task 0b5399c7-6330-4103-a825-8ad7cce983f7 | Context api_versions@openstack cleanup() finished in 0.39 msec
2019-10-28 01:44:28.891 20411 INFO rally.task.context [-] Task 0b5399c7-6330-4103-a825-8ad7cce983f7 | Context users@openstack cleanup() started
2019-10-28 01:44:32.823 20411 INFO rally.task.context [-] Task 0b5399c7-6330-4103-a825-8ad7cce983f7 | Context users@openstack cleanup() finished in 3.93 sec
2019-10-28 01:44:32.917 20411 INFO rally.task.engine [-] Load duration is: 94.294736
2019-10-28 01:44:32.918 20411 INFO rally.task.engine [-] Full runner duration is: 95.343166
2019-10-28 01:44:32.918 20411 INFO rally.task.engine [-] Full duration is: 112.417646
2019-10-28 01:44:33.312 20411 INFO rally.task.engine [-] Running workload: position = 0 config = { "version": 2, "title": "A cropped version of a bigger task.", "description": "Auto-generated task from a single workload (uuid=c8e587a0-3082-4394-b615-24cb79a2de43)", "subtasks": [ { "title": "NovaServers.boot_server_from_volume_and_live_migrate", "description": "Boot a server from volume and then migrate it.", "scenario": { "NovaServers.boot_server_from_volume_and_live_migrate": { "flavor": { "name": "rally_full-flavor_94399dd7-70e5-4767-b49a-8f67339bf77d" }, "image": { "name": "rally_full-img_94399dd7-70e5-4767-b49a-8f67339bf77d" }, "block_migration": false, "volume_size": 1, "force_delete": false, "nics": [ { "net-id": "2381ea0d-4449-473e-9297-21732a0ea467" } ] } }, "contexts": { "users": { "tenants": 3, "users_per_tenant": 2 }, "api_versions": { "cinder": { "version": 3, "service_type": "volumev3" } } }, "runner": { "constant": { "concurrency": 4, "times": 10 } }, "hooks": [], "sla": { "failure_rate": { "max": 0 } } } ] }
2019-10-28 01:44:33.336 20411 RALLYDEBUG rally_openstack.contexts.keystone.users [-] Creating 3 tenants using 20 threads
2019-10-28 01:44:34.280 20411 RALLYDEBUG rally_openstack.contexts.keystone.users [-] Creating 6 users using 20 threads
2019-10-28 01:44:35.766 20411 INFO rally.task.context [-] Task 0b5399c7-6330-4103-a825-8ad7cce983f7 | Context users@openstack setup() finished in 2.43 sec
2019-10-28 01:44:36.140 20411 INFO rally.task.context [-] Task 0b5399c7-6330-4103-a825-8ad7cce983f7 | Context api_versions@openstack setup() finished in 0.37 sec
2019-10-28 01:44:36.141 20411 INFO rally.task.context [-] Task 0b5399c7-6330-4103-a825-8ad7cce983f7 | Context cleanup@openstack setup() finished in 0.01 msec
2019-10-28 01:44:37.080 20411 RALLYDEBUG rally.task.runner [-] Starting the constant runner (task UUID: 0b5399c7-6330-4103-a825-8ad7cce983f7). times: 10 concurrency: 4 timeout: 0 max_cpu_used: 16 processes_to_start: 4 concurrency_per_worker: 1 concurrency_overhead: 0
2019-10-28 01:44:37.092 22807 RALLYDEBUG rally.task.runner [-] Starting a worker. times: 10 duration: None concurrency: 1 timeout: 0 cls: method_name: run args: {"flavor": "f6e16333-aeab-48e5-b309-0e3bdd356d36", "image": "557170a9-5025-4cf4-a927-2cc8be496f7e", "block_migration": false, "volume_size": 1, "force_delete": false, "nics": [{"net-id": "2381ea0d-4449-473e-9297-21732a0ea467"}]}
2019-10-28 01:44:37.096 22808 RALLYDEBUG rally.task.runner [-] Starting a worker. times: 10 duration: None concurrency: 1 timeout: 0 cls: method_name: run args: {"flavor": "f6e16333-aeab-48e5-b309-0e3bdd356d36", "image": "557170a9-5025-4cf4-a927-2cc8be496f7e", "block_migration": false, "volume_size": 1, "force_delete": false, "nics": [{"net-id": "2381ea0d-4449-473e-9297-21732a0ea467"}]}
2019-10-28 01:44:37.099 22807 INFO rally.task.runner [-] Task 0b5399c7-6330-4103-a825-8ad7cce983f7 | ITER: 1 START
2019-10-28 01:44:37.100 22809 RALLYDEBUG rally.task.runner [-] Starting a worker. times: 10 duration: None concurrency: 1 timeout: 0 cls: method_name: run args: {"flavor": "f6e16333-aeab-48e5-b309-0e3bdd356d36", "image": "557170a9-5025-4cf4-a927-2cc8be496f7e", "block_migration": false, "volume_size": 1, "force_delete": false, "nics": [{"net-id": "2381ea0d-4449-473e-9297-21732a0ea467"}]}
2019-10-28 01:44:37.103 22808 INFO rally.task.runner [-] Task 0b5399c7-6330-4103-a825-8ad7cce983f7 | ITER: 2 START
2019-10-28 01:44:37.103 22812 RALLYDEBUG rally.task.runner [-] Starting a worker. times: 10 duration: None concurrency: 1 timeout: 0 cls: method_name: run args: {"flavor": "f6e16333-aeab-48e5-b309-0e3bdd356d36", "image": "557170a9-5025-4cf4-a927-2cc8be496f7e", "block_migration": false, "volume_size": 1, "force_delete": false, "nics": [{"net-id": "2381ea0d-4449-473e-9297-21732a0ea467"}]}
2019-10-28 01:44:37.107 22809 INFO rally.task.runner [-] Task 0b5399c7-6330-4103-a825-8ad7cce983f7 | ITER: 3 START
2019-10-28 01:44:37.109 22812 INFO rally.task.runner [-] Task 0b5399c7-6330-4103-a825-8ad7cce983f7 | ITER: 4 START
2019-10-28 01:44:52.800 22808 RALLYDEBUG rally.task.utils [-] Waiting for resource s_rally_c8e587a0_blzKgjBs. Status changed: DOWNLOADING => AVAILABLE in 12.52521562576294
2019-10-28 01:45:01.655 22808 RALLYDEBUG rally.task.utils [-] Waiting for resource s_rally_c8e587a0_us5TlYc4. Status changed: BUILD => ACTIVE in 6.610769510269165
2019-10-28 01:45:02.758 22807 RALLYDEBUG rally.task.utils [-] Waiting for resource s_rally_c8e587a0_KmLbbbfQ. Status changed: DOWNLOADING => AVAILABLE in 22.870110750198364
2019-10-28 01:45:03.916 22808 RALLYDEBUG rally.task.utils [-] Waiting for resource s_rally_c8e587a0_us5TlYc4. Status changed: ACTIVE => MIGRATING in 0.20811986923217773
2019-10-28 01:45:10.469 22808 RALLYDEBUG rally.task.utils [-] Waiting for resource s_rally_c8e587a0_us5TlYc4. Status changed: MIGRATING => ACTIVE in 6.553742170333862
2019-10-28 01:45:11.516 22807 RALLYDEBUG rally.task.utils [-] Waiting for resource s_rally_c8e587a0_IJmmrOYV. Status changed: BUILD => ACTIVE in 6.782955884933472
2019-10-28 01:45:12.958 22808 INFO rally.task.runner [-] Task 0b5399c7-6330-4103-a825-8ad7cce983f7 | ITER: 2 END: OK
2019-10-28 01:45:12.963 22808 INFO rally.task.runner [-] Task 0b5399c7-6330-4103-a825-8ad7cce983f7 | ITER: 5 START
2019-10-28 01:45:13.774 22807 RALLYDEBUG rally.task.utils [-] Waiting for resource s_rally_c8e587a0_IJmmrOYV. Status changed: ACTIVE => MIGRATING in 0.13960576057434082
2019-10-28 01:45:22.625 22807 RALLYDEBUG rally.task.utils [-] Waiting for resource s_rally_c8e587a0_IJmmrOYV. Status changed: MIGRATING => ACTIVE in 8.851451873779297
2019-10-28 01:45:27.496 22807 INFO rally.task.runner [-] Task 0b5399c7-6330-4103-a825-8ad7cce983f7 | ITER: 1 END: OK
2019-10-28 01:45:27.502 22807 INFO rally.task.runner [-] Task 0b5399c7-6330-4103-a825-8ad7cce983f7 | ITER: 6 START
2019-10-28 01:45:39.965 22809 RALLYDEBUG rally.task.utils [-] Waiting for resource s_rally_c8e587a0_c6b9NSWS. Status changed: DOWNLOADING => AVAILABLE in 60.02808904647827
2019-10-28 01:45:40.377 22812 RALLYDEBUG rally.task.utils [-] Waiting for resource s_rally_c8e587a0_SgyA2gG5. Status changed: DOWNLOADING => AVAILABLE in 60.39656114578247
2019-10-28 01:45:43.028 22807 RALLYDEBUG rally.task.utils [-] Waiting for resource s_rally_c8e587a0_EbWWHleM. Status changed: DOWNLOADING => AVAILABLE in 12.526910781860352
2019-10-28 01:45:48.794 22809 RALLYDEBUG rally.task.utils [-] Waiting for resource s_rally_c8e587a0_F6JitTzE. Status changed: BUILD => ACTIVE in 6.6625752449035645
2019-10-28 01:45:49.220 22812 RALLYDEBUG rally.task.utils [-] Waiting for resource s_rally_c8e587a0_7ZN7tsFJ. Status changed: BUILD => ACTIVE in 6.789312124252319
2019-10-28 01:45:51.588 22809 RALLYDEBUG rally.task.utils [-] Waiting for resource s_rally_c8e587a0_F6JitTzE. Status changed: ACTIVE => MIGRATING in 0.22236371040344238
2019-10-28 01:45:51.995 22807 RALLYDEBUG rally.task.utils [-] Waiting for resource s_rally_c8e587a0_6gfGzKOw. Status changed: BUILD => ACTIVE in 6.888637542724609
2019-10-28 01:45:52.228 22812 RALLYDEBUG rally.task.utils [-] Waiting for resource s_rally_c8e587a0_7ZN7tsFJ. Status changed: ACTIVE => MIGRATING in 0.18233728408813477
2019-10-28 01:45:54.117 22807 RALLYDEBUG rally.task.utils [-] Waiting for resource s_rally_c8e587a0_6gfGzKOw. Status changed: ACTIVE => MIGRATING in 0.13549041748046875
2019-10-28 01:45:57.321 22808 RALLYDEBUG rally.task.utils [-] Waiting for resource s_rally_c8e587a0_9V6VtUXc. Status changed: DOWNLOADING => AVAILABLE in 41.504544496536255
2019-10-28 01:45:58.766 22812 RALLYDEBUG rally.task.utils [-] Waiting for resource s_rally_c8e587a0_7ZN7tsFJ. Status changed: MIGRATING => ACTIVE in 6.538435459136963
2019-10-28 01:46:00.368 22809 RALLYDEBUG rally.task.utils [-] Waiting for resource s_rally_c8e587a0_F6JitTzE. Status changed: MIGRATING => ACTIVE in 8.780132293701172
2019-10-28 01:46:01.242 22812 INFO rally.task.runner [-] Task 0b5399c7-6330-4103-a825-8ad7cce983f7 | ITER: 4 END: OK
2019-10-28 01:46:01.248 22812 INFO rally.task.runner [-] Task 0b5399c7-6330-4103-a825-8ad7cce983f7 | ITER: 7 START
2019-10-28 01:46:02.892 22809 INFO rally.task.runner [-] Task 0b5399c7-6330-4103-a825-8ad7cce983f7 | ITER: 3 END: OK
2019-10-28 01:46:02.899 22809 INFO rally.task.runner [-] Task 0b5399c7-6330-4103-a825-8ad7cce983f7 | ITER: 8 START
2019-10-28 01:46:06.163 22808 RALLYDEBUG rally.task.utils [-] Waiting for resource s_rally_c8e587a0_XaKlUBoP. Status changed: BUILD => ACTIVE in 6.825955867767334
2019-10-28 01:46:06.995 22807 RALLYDEBUG rally.task.utils [-] Waiting for resource s_rally_c8e587a0_6gfGzKOw. Status changed: MIGRATING => ACTIVE in 12.878191471099854
2019-10-28 01:46:08.819 22808 RALLYDEBUG rally.task.utils [-] Waiting for resource s_rally_c8e587a0_XaKlUBoP. Status changed: ACTIVE => MIGRATING in 0.1861438751220703
2019-10-28 01:46:09.506 22807 INFO rally.task.runner [-] Task 0b5399c7-6330-4103-a825-8ad7cce983f7 | ITER: 6 END: OK
2019-10-28 01:46:09.510 22807 INFO rally.task.runner [-] Task 0b5399c7-6330-4103-a825-8ad7cce983f7 | ITER: 9 START
2019-10-28 01:46:15.506 22808 RALLYDEBUG rally.task.utils [-] Waiting for resource s_rally_c8e587a0_XaKlUBoP. Status changed: MIGRATING => ACTIVE in 6.686710357666016
2019-10-28 01:46:16.516 22807 RALLYDEBUG rally.task.utils [-] Waiting for resource s_rally_c8e587a0_55Hgl1Mn. Status changed: CREATING => DOWNLOADING in 4.229786157608032
2019-10-28 01:46:18.040 22808 INFO rally.task.runner [-] Task 0b5399c7-6330-4103-a825-8ad7cce983f7 | ITER: 5 END: OK
2019-10-28 01:46:18.045 22808 INFO rally.task.runner [-] Task 0b5399c7-6330-4103-a825-8ad7cce983f7 | ITER: 10 START
2019-10-28 01:46:18.755 22812 RALLYDEBUG rally.task.utils [-] Waiting for resource s_rally_c8e587a0_Bgtigasx. Status changed: DOWNLOADING => AVAILABLE in 14.561891555786133
2019-10-28 01:46:29.218 22808 RALLYDEBUG rally.task.utils [-] Waiting for resource s_rally_c8e587a0_A1oFaqgH. Status changed: CREATING => DOWNLOADING in 8.511181592941284
2019-10-28 01:46:30.631 22809 RALLYDEBUG rally.task.utils [-] Waiting for resource s_rally_c8e587a0_oYWX6Bbj. Status changed: DOWNLOADING => AVAILABLE in 24.99890637397766
2019-10-28 01:46:32.457 22812 RALLYDEBUG rally.task.utils [-] Waiting for resource s_rally_c8e587a0_fDfvvh9S. Status changed: BUILD => ACTIVE in 11.59394383430481
2019-10-28 01:46:34.770 22812 RALLYDEBUG rally.task.utils [-] Waiting for resource s_rally_c8e587a0_fDfvvh9S. Status changed: ACTIVE => MIGRATING in 0.18265390396118164
2019-10-28 01:46:37.393 22809 RALLYDEBUG rally.task.utils [-] Waiting for resource s_rally_c8e587a0_DGkE1hKl. Status changed: BUILD => ACTIVE in 4.6448352336883545
2019-10-28 01:46:39.777 22809 RALLYDEBUG rally.task.utils [-] Waiting for resource s_rally_c8e587a0_DGkE1hKl. Status changed: ACTIVE => MIGRATING in 0.17583012580871582
2019-10-28 01:46:43.342 22807 RALLYDEBUG rally.task.utils [-] Waiting for resource s_rally_c8e587a0_55Hgl1Mn. Status changed: DOWNLOADING => AVAILABLE in 26.825623989105225
2019-10-28 01:46:43.521 22812 RALLYDEBUG rally.task.utils [-] Waiting for resource s_rally_c8e587a0_fDfvvh9S. Status changed: MIGRATING => ACTIVE in 8.751776456832886
2019-10-28 01:46:46.087 22812 INFO rally.task.runner [-] Task 0b5399c7-6330-4103-a825-8ad7cce983f7 | ITER: 7 END: OK
2019-10-28 01:46:50.837 22809 RALLYDEBUG rally.task.utils [-] Waiting for resource s_rally_c8e587a0_DGkE1hKl. Status changed: MIGRATING => ACTIVE in 11.05919075012207
2019-10-28 01:46:52.237 22807 RALLYDEBUG rally.task.utils [-] Waiting for resource s_rally_c8e587a0_siExkstU. Status changed: BUILD => ACTIVE in 6.701303482055664
2019-10-28 01:46:55.304 22807 RALLYDEBUG rally.task.utils [-] Waiting for resource s_rally_c8e587a0_siExkstU. Status changed: ACTIVE => MIGRATING in 0.16017842292785645
2019-10-28 01:46:55.516 22809 INFO rally.task.runner [-] Task 0b5399c7-6330-4103-a825-8ad7cce983f7 | ITER: 8 END: OK
2019-10-28 01:46:56.311 22808 RALLYDEBUG rally.task.utils [-] Waiting for resource s_rally_c8e587a0_A1oFaqgH. Status changed: DOWNLOADING => AVAILABLE in 27.09281349182129
2019-10-28 01:47:04.145 22807 RALLYDEBUG rally.task.utils [-] Waiting for resource s_rally_c8e587a0_siExkstU. Status changed: MIGRATING => ACTIVE in 8.8415207862854
2019-10-28 01:47:05.720 22808 RALLYDEBUG rally.task.utils [-] Waiting for resource s_rally_c8e587a0_mKpZq8MP. Status changed: BUILD => ACTIVE in 7.325452566146851
2019-10-28 01:47:06.795 22807 INFO rally.task.runner [-] Task 0b5399c7-6330-4103-a825-8ad7cce983f7 | ITER: 9 END: OK
2019-10-28 01:47:07.932 22808 RALLYDEBUG rally.task.utils [-] Waiting for resource s_rally_c8e587a0_mKpZq8MP. Status changed: ACTIVE => MIGRATING in 0.20182037353515625
2019-10-28 01:47:14.631 22808 RALLYDEBUG rally.task.utils [-] Waiting for resource s_rally_c8e587a0_mKpZq8MP. Status changed: MIGRATING => ACTIVE in 6.699616432189941
2019-10-28 01:47:17.226 22808 INFO rally.task.runner [-] Task 0b5399c7-6330-4103-a825-8ad7cce983f7 | ITER: 10 END: OK
2019-10-28 01:47:17.254 20411 INFO rally.task.context [-] Task 0b5399c7-6330-4103-a825-8ad7cce983f7 | Context cleanup@openstack cleanup() started
2019-10-28 01:47:17.261 20411 RALLYDEBUG rally_openstack.cleanup.manager [-] Cleaning up nova servers objects
2019-10-28 01:47:18.541 20411 RALLYDEBUG rally_openstack.cleanup.manager [-] Cleaning up nova server_groups objects
2019-10-28 01:47:19.675 20411 RALLYDEBUG rally_openstack.cleanup.manager [-] Cleaning up nova keypairs objects
2019-10-28 01:47:22.048 20411 RALLYDEBUG rally_openstack.cleanup.manager [-] Cleaning up cinder backups objects
2019-10-28 01:47:23.202 20411 RALLYDEBUG rally_openstack.cleanup.manager [-] Cleaning up cinder volume_snapshots objects
2019-10-28 01:47:24.321 20411 RALLYDEBUG rally_openstack.cleanup.manager [-] Cleaning up cinder transfers objects
2019-10-28 01:47:25.425 20411 RALLYDEBUG rally_openstack.cleanup.manager [-] Cleaning up cinder volumes objects
2019-10-28 01:47:26.646 20411 RALLYDEBUG rally_openstack.cleanup.manager [-] Deleting cinder.volumes object s_rally_c8e587a0_oYWX6Bbj (3e21e689-d893-4ebb-bf83-b2b634082af5)
2019-10-28 01:47:26.653 20411 RALLYDEBUG rally_openstack.cleanup.manager [-] Deleting cinder.volumes object s_rally_c8e587a0_A1oFaqgH (c62c39f6-e1d2-45eb-bdb8-bad655f2e8d8)
2019-10-28 01:47:26.661 20411 RALLYDEBUG rally_openstack.cleanup.manager [-] Deleting cinder.volumes object s_rally_c8e587a0_EbWWHleM (98745300-71a8-4439-b155-b5a2901777bc)
2019-10-28 01:47:26.665 20411 RALLYDEBUG rally_openstack.cleanup.manager [-] Deleting cinder.volumes object s_rally_c8e587a0_c6b9NSWS (f8c203b7-2ac2-4c1a-8fc2-15e1594ff447)
2019-10-28 01:47:26.674 20411 RALLYDEBUG rally_openstack.cleanup.manager [-] Deleting cinder.volumes object s_rally_c8e587a0_SgyA2gG5 (13f82c13-c640-45c4-9cae-c26f620d6d02)
2019-10-28 01:47:26.677 20411 RALLYDEBUG rally_openstack.cleanup.manager [-] Deleting cinder.volumes object s_rally_c8e587a0_55Hgl1Mn (94ea00c0-8839-4740-bc80-8a216c82cd01)
2019-10-28 01:47:26.692 20411 RALLYDEBUG rally_openstack.cleanup.manager [-] Deleting cinder.volumes object s_rally_c8e587a0_blzKgjBs (deeb1117-7eac-4a25-b720-75c6f2d0c0d5)
2019-10-28 01:47:26.713 20411 RALLYDEBUG rally_openstack.cleanup.manager [-] Deleting cinder.volumes object s_rally_c8e587a0_KmLbbbfQ (1cfcaf5b-05a4-4530-be9e-a7868c4d531b)
2019-10-28 01:47:26.723 20411 RALLYDEBUG rally_openstack.cleanup.manager [-] Deleting cinder.volumes object s_rally_c8e587a0_Bgtigasx (dc943e4b-2488-4a80-a27a-0e03ab54902a)
2019-10-28 01:47:26.747 20411 RALLYDEBUG rally_openstack.cleanup.manager [-] Deleting cinder.volumes object s_rally_c8e587a0_9V6VtUXc (73ca4e19-bc35-44f7-bce9-db0abe4e333c)
2019-10-28 01:47:30.438 20411 INFO rally.task.context [-] Task 0b5399c7-6330-4103-a825-8ad7cce983f7 | Context cleanup@openstack cleanup() finished in 13.18 sec
2019-10-28 01:47:30.438 20411 INFO rally.task.context [-] Task 0b5399c7-6330-4103-a825-8ad7cce983f7 | Context api_versions@openstack cleanup() started
2019-10-28 01:47:30.439 20411 INFO rally.task.context [-] Task 0b5399c7-6330-4103-a825-8ad7cce983f7 | Context api_versions@openstack cleanup() finished in 0.36 msec
2019-10-28 01:47:30.439 20411 INFO rally.task.context [-] Task 0b5399c7-6330-4103-a825-8ad7cce983f7 | Context users@openstack cleanup() started
2019-10-28 01:47:34.325 20411 INFO rally.task.context [-] Task 0b5399c7-6330-4103-a825-8ad7cce983f7 | Context users@openstack cleanup() finished in 3.89 sec
2019-10-28 01:47:36.100 20411 INFO rally.task.engine [-] Load duration is: 159.122704
2019-10-28 01:47:36.100 20411 INFO rally.task.engine [-] Full runner duration is: 160.174373
2019-10-28 01:47:36.101 20411 INFO rally.task.engine [-] Full duration is: 180.990793
2019-10-28 01:47:36.455 20411 INFO rally.task.engine [-] Running workload: position = 0 config = { "version": 2, "title": "A cropped version of a bigger task.", "description": "Auto-generated task from a single workload (uuid=e36142b5-d9a9-4b5d-84e0-81c716bc59e7)", "subtasks": [ { "title": "NovaKeypair.boot_and_delete_server_with_keypair", "description": "Boot and delete server with keypair.", "scenario": { "NovaKeypair.boot_and_delete_server_with_keypair": { "flavor": { "name": "rally_full-flavor_94399dd7-70e5-4767-b49a-8f67339bf77d" }, "image": { "name": "rally_full-img_94399dd7-70e5-4767-b49a-8f67339bf77d" }, "server_kwargs": { "nics": [ { "net-id": "2381ea0d-4449-473e-9297-21732a0ea467" } ] } } }, "contexts": { "users": { "tenants": 3, "users_per_tenant": 2 }, "network": { "networks_per_tenant": 1, "start_cidr": "100.1.0.0/25" }, "quotas": { "neutron": { "network": -1, "port": -1, "subnet": -1 }, "nova": { "cores": -1, "floating_ips": -1, "instances": -1, "key_pairs": -1, "ram": -1, "security_group_rules": -1, "security_groups": -1 } } }, "runner": { "constant": { "concurrency": 4, "times": 10 } }, "hooks": [], "sla": { "failure_rate": { "max": 0 } } } ] }
2019-10-28 01:47:36.482 20411 RALLYDEBUG rally_openstack.contexts.keystone.users [-] Creating 3 tenants using 20 threads
2019-10-28 01:47:37.369 20411 RALLYDEBUG rally_openstack.contexts.keystone.users [-] Creating 6 users using 20 threads
2019-10-28 01:47:38.848 20411 INFO rally.task.context [-] Task 0b5399c7-6330-4103-a825-8ad7cce983f7 | Context users@openstack setup() finished in 2.37 sec
2019-10-28 01:47:40.223 20411 INFO rally.task.context [-] Task 0b5399c7-6330-4103-a825-8ad7cce983f7 | Context quotas@openstack setup() finished in 1.37 sec
2019-10-28 01:47:42.282 20411 RALLYDEBUG rally_openstack.wrappers.network [-] CIDR generated: 100.1.9.0/25
2019-10-28 01:47:46.038 20411 RALLYDEBUG rally_openstack.wrappers.network [-] CIDR generated: 100.1.9.128/25
2019-10-28 01:47:50.117 20411 RALLYDEBUG rally_openstack.wrappers.network [-] CIDR generated: 100.1.10.0/25
2019-10-28 01:47:52.332 20411 INFO rally.task.context [-] Task 0b5399c7-6330-4103-a825-8ad7cce983f7 | Context network@openstack setup() finished in 12.11 sec
2019-10-28 01:47:52.332 20411 INFO rally.task.context [-] Task 0b5399c7-6330-4103-a825-8ad7cce983f7 | Context cleanup@openstack setup() finished in 0.02 msec
2019-10-28 01:47:53.173 20411 RALLYDEBUG rally.task.runner [-] Starting the constant runner (task UUID: 0b5399c7-6330-4103-a825-8ad7cce983f7). times: 10 concurrency: 4 timeout: 0 max_cpu_used: 16 processes_to_start: 4 concurrency_per_worker: 1 concurrency_overhead: 0
2019-10-28 01:47:53.185 23051 RALLYDEBUG rally.task.runner [-] Starting a worker. times: 10 duration: None concurrency: 1 timeout: 0 cls: method_name: run args: {"flavor": "f6e16333-aeab-48e5-b309-0e3bdd356d36", "image": "557170a9-5025-4cf4-a927-2cc8be496f7e", "server_kwargs": {"nics": [{"net-id": "2381ea0d-4449-473e-9297-21732a0ea467"}]}}
