2019-10-28 00:36:07.192 3235 RALLYDEBUG rally.task.utils [-] Waiting for resource s_rally_63cb3bd9_Z93r4G7n. Status changed: DETACHING => AVAILABLE in 2.4036669731140137
2019-10-28 00:36:07.275 3235 RALLYDEBUG rally.task.utils [-] Waiting for resource s_rally_63cb3bd9_4hRzvQHM. Status changed: AVAILABLE => DELETING in 0.025908231735229492
2019-10-28 00:36:09.080 3233 RALLYDEBUG rally.task.utils [-] Waiting for resource s_rally_63cb3bd9_eWc3tZxs. Status changed: DETACHING => AVAILABLE in 2.4045989513397217
2019-10-28 00:36:09.171 3233 RALLYDEBUG rally.task.utils [-] Waiting for resource s_rally_63cb3bd9_L8Ed5lMO. Status changed: AVAILABLE => DELETING in 0.02538013458251953
2019-10-28 00:36:09.291 3234 RALLYDEBUG rally.task.utils [-] Waiting for resource s_rally_63cb3bd9_uRziIHHl. Status changed: AVAILABLE => DELETING in 0.0510406494140625
2019-10-28 00:36:09.407 3235 RALLYDEBUG rally.task.utils [-] Waiting for resource s_rally_63cb3bd9_Z93r4G7n. Status changed: AVAILABLE => DELETING in 0.05173230171203613
2019-10-28 00:36:09.736 3237 INFO rally.task.runner [-] Task fce3fcdf-c1f2-4016-ae60-c76cd79b21b7 | ITER: 6 END: OK
2019-10-28 00:36:09.740 3237 INFO rally.task.runner [-] Task fce3fcdf-c1f2-4016-ae60-c76cd79b21b7 | ITER: 9 START
2019-10-28 00:36:11.325 3233 RALLYDEBUG rally.task.utils [-] Waiting for resource s_rally_63cb3bd9_eWc3tZxs. Status changed: AVAILABLE => DELETING in 0.06571078300476074
2019-10-28 00:36:13.721 3234 INFO rally.task.runner [-] Task fce3fcdf-c1f2-4016-ae60-c76cd79b21b7 | ITER: 5 END: OK
2019-10-28 00:36:13.727 3234 INFO rally.task.runner [-] Task fce3fcdf-c1f2-4016-ae60-c76cd79b21b7 | ITER: 10 START
2019-10-28 00:36:13.810 3235 INFO rally.task.runner [-] Task fce3fcdf-c1f2-4016-ae60-c76cd79b21b7 | ITER: 8 END: OK
2019-10-28 00:36:15.757 3233 INFO rally.task.runner [-] Task fce3fcdf-c1f2-4016-ae60-c76cd79b21b7 | ITER: 7 END: OK
2019-10-28 00:36:18.966 3237 RALLYDEBUG rally.task.utils [-] Waiting for resource s_rally_63cb3bd9_OL1IN4fB. Status changed: BUILD => ACTIVE in 2.4434659481048584
2019-10-28 00:36:19.642 3237 RALLYDEBUG rally.task.utils [-] Waiting for resource s_rally_63cb3bd9_pyPrcMVj. Status changed: AVAILABLE => RESERVED in 0.40662455558776855
2019-10-28 00:36:22.061 3237 RALLYDEBUG rally.task.utils [-] Waiting for resource s_rally_63cb3bd9_pyPrcMVj. Status changed: RESERVED => IN-USE in 2.4187686443328857
2019-10-28 00:36:22.627 3237 RALLYDEBUG rally.task.utils [-] Waiting for resource s_rally_63cb3bd9_pyPrcMVj. Status changed: AVAILABLE => DETACHING in 0.40752220153808594
2019-10-28 00:36:25.018 3234 RALLYDEBUG rally.task.utils [-] Waiting for resource s_rally_63cb3bd9_JoJ1KbOn. Status changed: BUILD => ACTIVE in 4.675299882888794
2019-10-28 00:36:25.040 3237 RALLYDEBUG rally.task.utils [-] Waiting for resource s_rally_63cb3bd9_pyPrcMVj. Status changed: DETACHING => AVAILABLE in 2.4129152297973633
2019-10-28 00:36:25.127 3237 RALLYDEBUG rally.task.utils [-] Waiting for resource s_rally_63cb3bd9_5M57dJfA. Status changed: AVAILABLE => DELETING in 0.027544260025024414
2019-10-28 00:36:25.675 3234 RALLYDEBUG rally.task.utils [-] Waiting for resource s_rally_63cb3bd9_tTEhRgkF. Status changed: AVAILABLE => RESERVED in 0.4083235263824463
2019-10-28 00:36:27.278 3237 RALLYDEBUG rally.task.utils [-] Waiting for resource s_rally_63cb3bd9_pyPrcMVj. Status changed: AVAILABLE => DELETING in 0.05511331558227539
2019-10-28 00:36:28.088 3234 RALLYDEBUG rally.task.utils [-] Waiting for resource s_rally_63cb3bd9_tTEhRgkF. Status changed: RESERVED => IN-USE in 2.413329601287842
2019-10-28 00:36:28.656 3234 RALLYDEBUG rally.task.utils [-] Waiting for resource s_rally_63cb3bd9_tTEhRgkF. Status changed: AVAILABLE => DETACHING in 0.4013373851776123
2019-10-28 00:36:31.066 3234 RALLYDEBUG rally.task.utils [-] Waiting for resource s_rally_63cb3bd9_tTEhRgkF. Status changed: DETACHING => AVAILABLE in 2.4100427627563477
2019-10-28 00:36:31.159 3234 RALLYDEBUG rally.task.utils [-] Waiting for resource s_rally_63cb3bd9_p7umDQzS. Status changed: AVAILABLE => DELETING in 0.03065037727355957
2019-10-28 00:36:31.696 3237 INFO rally.task.runner [-] Task fce3fcdf-c1f2-4016-ae60-c76cd79b21b7 | ITER: 9 END: OK
2019-10-28 00:36:33.320 3234 RALLYDEBUG rally.task.utils [-] Waiting for resource s_rally_63cb3bd9_tTEhRgkF. Status changed: AVAILABLE => DELETING in 0.06800270080566406
2019-10-28 00:36:37.797 3234 INFO rally.task.runner [-] Task fce3fcdf-c1f2-4016-ae60-c76cd79b21b7 | ITER: 10 END: OK
2019-10-28 00:36:37.832 1845 INFO rally.task.context [-] Task fce3fcdf-c1f2-4016-ae60-c76cd79b21b7 | Context cleanup@openstack cleanup() started
2019-10-28 00:36:37.835 1845 RALLYDEBUG rally_openstack.cleanup.manager [-] Cleaning up nova servers objects
2019-10-28 00:36:39.154 1845 RALLYDEBUG rally_openstack.cleanup.manager [-] Cleaning up nova server_groups objects
2019-10-28 00:36:40.279 1845 RALLYDEBUG rally_openstack.cleanup.manager [-] Cleaning up nova keypairs objects
2019-10-28 00:36:42.645 1845 RALLYDEBUG rally_openstack.cleanup.manager [-] Cleaning up cinder backups objects
2019-10-28 00:36:43.798 1845 RALLYDEBUG rally_openstack.cleanup.manager [-] Cleaning up cinder volume_snapshots objects
2019-10-28 00:36:44.925 1845 RALLYDEBUG rally_openstack.cleanup.manager [-] Cleaning up cinder transfers objects
2019-10-28 00:36:46.052 1845 RALLYDEBUG rally_openstack.cleanup.manager [-] Cleaning up cinder volumes objects
2019-10-28 00:36:47.236 1845 INFO rally.task.context [-] Task fce3fcdf-c1f2-4016-ae60-c76cd79b21b7 | Context cleanup@openstack cleanup() finished in 9.40 sec
2019-10-28 00:36:47.237 1845 INFO rally.task.context [-] Task fce3fcdf-c1f2-4016-ae60-c76cd79b21b7 | Context quotas@openstack cleanup() started
2019-10-28 00:36:47.313 1845 INFO rally.task.context [-] Task fce3fcdf-c1f2-4016-ae60-c76cd79b21b7 | Context quotas@openstack cleanup() finished in 76.28 msec
2019-10-28 00:36:47.313 1845 INFO rally.task.context [-] Task fce3fcdf-c1f2-4016-ae60-c76cd79b21b7 | Context api_versions@openstack cleanup() started
2019-10-28 00:36:47.314 1845 INFO rally.task.context [-] Task fce3fcdf-c1f2-4016-ae60-c76cd79b21b7 | Context api_versions@openstack cleanup() finished in 0.35 msec
2019-10-28 00:36:47.314 1845 INFO rally.task.context [-] Task fce3fcdf-c1f2-4016-ae60-c76cd79b21b7 | Context users@openstack cleanup() started
2019-10-28 00:36:51.238 1845 INFO rally.task.context [-] Task fce3fcdf-c1f2-4016-ae60-c76cd79b21b7 | Context users@openstack cleanup() finished in 3.92 sec
2019-10-28 00:36:52.986 1845 INFO rally.task.engine [-] Load duration is: 73.722517
2019-10-28 00:36:52.987 1845 INFO rally.task.engine [-] Full runner duration is: 74.781888
2019-10-28 00:36:52.987 1845 INFO rally.task.engine [-] Full duration is: 92.690989
2019-10-28 00:36:53.372 1845 INFO rally.task.engine [-] Running workload: position = 0 config = { "version": 2, "title": "A cropped version of a bigger task.", "description": "Auto-generated task from a single workload (uuid=ddb9fd46-82a0-4285-b706-e80c89655a74)", "subtasks": [ { "title": "CinderVolumes.create_volume", "description": "Create a volume.", "scenario": { "CinderVolumes.create_volume": { "size": 1 } }, "contexts": { "users": { "tenants": 3, "users_per_tenant": 2 }, "api_versions": { "cinder": { "version": 3, "service_type": "volumev3" } } }, "runner": { "constant": { "concurrency": 4, "times": 10 } }, "hooks": [], "sla": { "failure_rate": { "max": 0 } } } ] }
2019-10-28 00:36:53.397 1845 RALLYDEBUG rally_openstack.contexts.keystone.users [-] Creating 3 tenants using 20 threads
2019-10-28 00:36:54.388 1845 RALLYDEBUG rally_openstack.contexts.keystone.users [-] Creating 6 users using 20 threads
2019-10-28 00:36:55.859 1845 INFO rally.task.context [-] Task fce3fcdf-c1f2-4016-ae60-c76cd79b21b7 | Context users@openstack setup() finished in 2.46 sec
2019-10-28 00:36:56.248 1845 INFO rally.task.context [-] Task fce3fcdf-c1f2-4016-ae60-c76cd79b21b7 | Context api_versions@openstack setup() finished in 0.39 sec
2019-10-28 00:36:56.249 1845 INFO rally.task.context [-] Task fce3fcdf-c1f2-4016-ae60-c76cd79b21b7 | Context cleanup@openstack setup() finished in 0.01 msec
2019-10-28 00:36:56.258 1845 RALLYDEBUG rally.task.runner [-] Starting the constant runner (task UUID: fce3fcdf-c1f2-4016-ae60-c76cd79b21b7). times: 10 concurrency: 4 timeout: 0 max_cpu_used: 16 processes_to_start: 4 concurrency_per_worker: 1 concurrency_overhead: 0
2019-10-28 00:36:56.270 3477 RALLYDEBUG rally.task.runner [-] Starting a worker. times: 10 duration: None concurrency: 1 timeout: 0 cls: method_name: run args: {"size": 1}
2019-10-28 00:36:56.273 3478 RALLYDEBUG rally.task.runner [-] Starting a worker. times: 10 duration: None concurrency: 1 timeout: 0 cls: method_name: run args: {"size": 1}
2019-10-28 00:36:56.277 3477 INFO rally.task.runner [-] Task fce3fcdf-c1f2-4016-ae60-c76cd79b21b7 | ITER: 1 START
2019-10-28 00:36:56.277 3479 RALLYDEBUG rally.task.runner [-] Starting a worker. times: 10 duration: None concurrency: 1 timeout: 0 cls: method_name: run args: {"size": 1}
2019-10-28 00:36:56.280 3478 INFO rally.task.runner [-] Task fce3fcdf-c1f2-4016-ae60-c76cd79b21b7 | ITER: 2 START
2019-10-28 00:36:56.280 3480 RALLYDEBUG rally.task.runner [-] Starting a worker. times: 10 duration: None concurrency: 1 timeout: 0 cls: method_name: run args: {"size": 1}
2019-10-28 00:36:56.283 3479 INFO rally.task.runner [-] Task fce3fcdf-c1f2-4016-ae60-c76cd79b21b7 | ITER: 3 START
2019-10-28 00:36:56.287 3480 INFO rally.task.runner [-] Task fce3fcdf-c1f2-4016-ae60-c76cd79b21b7 | ITER: 4 START
2019-10-28 00:36:59.073 3477 INFO rally.task.runner [-] Task fce3fcdf-c1f2-4016-ae60-c76cd79b21b7 | ITER: 1 END: OK
2019-10-28 00:36:59.077 3477 INFO rally.task.runner [-] Task fce3fcdf-c1f2-4016-ae60-c76cd79b21b7 | ITER: 5 START
2019-10-28 00:36:59.080 3478 INFO rally.task.runner [-] Task fce3fcdf-c1f2-4016-ae60-c76cd79b21b7 | ITER: 2 END: OK
2019-10-28 00:36:59.081 3479 INFO rally.task.runner [-] Task fce3fcdf-c1f2-4016-ae60-c76cd79b21b7 | ITER: 3 END: OK
2019-10-28 00:36:59.084 3478 INFO rally.task.runner [-] Task fce3fcdf-c1f2-4016-ae60-c76cd79b21b7 | ITER: 6 START
2019-10-28 00:36:59.086 3479 INFO rally.task.runner [-] Task fce3fcdf-c1f2-4016-ae60-c76cd79b21b7 | ITER: 7 START
2019-10-28 00:36:59.098 3480 INFO rally.task.runner [-] Task fce3fcdf-c1f2-4016-ae60-c76cd79b21b7 | ITER: 4 END: OK
2019-10-28 00:36:59.102 3480 INFO rally.task.runner [-] Task fce3fcdf-c1f2-4016-ae60-c76cd79b21b7 | ITER: 8 START
2019-10-28 00:37:01.783 3480 INFO rally.task.runner [-] Task fce3fcdf-c1f2-4016-ae60-c76cd79b21b7 | ITER: 8 END: OK
2019-10-28 00:37:01.787 3480 INFO rally.task.runner [-] Task fce3fcdf-c1f2-4016-ae60-c76cd79b21b7 | ITER: 9 START
2019-10-28 00:37:01.809 3477 INFO rally.task.runner [-] Task fce3fcdf-c1f2-4016-ae60-c76cd79b21b7 | ITER: 5 END: OK
2019-10-28 00:37:01.812 3477 INFO rally.task.runner [-] Task fce3fcdf-c1f2-4016-ae60-c76cd79b21b7 | ITER: 10 START
2019-10-28 00:37:01.817 3478 INFO rally.task.runner [-] Task fce3fcdf-c1f2-4016-ae60-c76cd79b21b7 | ITER: 6 END: OK
2019-10-28 00:37:01.830 3479 INFO rally.task.runner [-] Task fce3fcdf-c1f2-4016-ae60-c76cd79b21b7 | ITER: 7 END: OK
2019-10-28 00:37:04.476 3477 INFO rally.task.runner [-] Task fce3fcdf-c1f2-4016-ae60-c76cd79b21b7 | ITER: 10 END: OK
2019-10-28 00:37:04.509 3480 INFO rally.task.runner [-] Task fce3fcdf-c1f2-4016-ae60-c76cd79b21b7 | ITER: 9 END: OK
2019-10-28 00:37:04.539 1845 INFO rally.task.context [-] Task fce3fcdf-c1f2-4016-ae60-c76cd79b21b7 | Context cleanup@openstack cleanup() started
2019-10-28 00:37:04.543 1845 RALLYDEBUG rally_openstack.cleanup.manager [-] Cleaning up cinder backups objects
2019-10-28 00:37:05.682 1845 RALLYDEBUG rally_openstack.cleanup.manager [-] Cleaning up cinder volume_snapshots objects
2019-10-28 00:37:06.826 1845 RALLYDEBUG rally_openstack.cleanup.manager [-] Cleaning up cinder transfers objects
2019-10-28 00:37:08.255 1845 RALLYDEBUG rally_openstack.cleanup.manager [-] Cleaning up cinder volumes objects
2019-10-28 00:37:09.462 1845 RALLYDEBUG rally_openstack.cleanup.manager [-] Deleting cinder.volumes object s_rally_ddb9fd46_fBix2uWd (d5250dff-6246-4f98-b115-43611fdc274c)
2019-10-28 00:37:09.465 1845 RALLYDEBUG rally_openstack.cleanup.manager [-] Deleting cinder.volumes object s_rally_ddb9fd46_q0qSxibI (3c3f2b31-cc24-4a10-8ee8-1b0aacf57a04)
2019-10-28 00:37:09.481 1845 RALLYDEBUG rally_openstack.cleanup.manager [-] Deleting cinder.volumes object s_rally_ddb9fd46_fXvYCbhk (a5925f13-54a7-483b-848e-9c9dc7b6a965)
2019-10-28 00:37:09.490 1845 RALLYDEBUG rally_openstack.cleanup.manager [-] Deleting cinder.volumes object s_rally_ddb9fd46_lmiFnkfE (b900cb48-6715-45c0-a404-8a2e7a824eb6)
2019-10-28 00:37:09.499 1845 RALLYDEBUG rally_openstack.cleanup.manager [-] Deleting cinder.volumes object s_rally_ddb9fd46_ke86m5xn (fd22a18d-52fc-4776-bcba-2c3741a70756)
2019-10-28 00:37:09.506 1845 RALLYDEBUG rally_openstack.cleanup.manager [-] Deleting cinder.volumes object s_rally_ddb9fd46_1odZlOrm (b4b899ba-9a4c-4c1e-8c83-c4dc5a006eb9)
2019-10-28 00:37:09.525 1845 RALLYDEBUG rally_openstack.cleanup.manager [-] Deleting cinder.volumes object s_rally_ddb9fd46_P12fLXpf (388600e4-777c-4499-85f5-9f184b7940f9)
2019-10-28 00:37:09.544 1845 RALLYDEBUG rally_openstack.cleanup.manager [-] Deleting cinder.volumes object s_rally_ddb9fd46_L1gD9eCB (37d3bb40-434f-47fd-ac74-0871114f71ba)
2019-10-28 00:37:09.568 1845 RALLYDEBUG rally_openstack.cleanup.manager [-] Deleting cinder.volumes object s_rally_ddb9fd46_67SShugI (1c79160b-ad49-45b4-b105-4eb3db026f79)
2019-10-28 00:37:09.573 1845 RALLYDEBUG rally_openstack.cleanup.manager [-] Deleting cinder.volumes object s_rally_ddb9fd46_xQOC5U4P (0e96a70d-3768-4c72-8da5-0ff147f3c442)
2019-10-28 00:37:13.242 1845 INFO rally.task.context [-] Task fce3fcdf-c1f2-4016-ae60-c76cd79b21b7 | Context cleanup@openstack cleanup() finished in 8.70 sec
2019-10-28 00:37:13.243 1845 INFO rally.task.context [-] Task fce3fcdf-c1f2-4016-ae60-c76cd79b21b7 | Context api_versions@openstack cleanup() started
2019-10-28 00:37:13.243 1845 INFO rally.task.context [-] Task fce3fcdf-c1f2-4016-ae60-c76cd79b21b7 | Context api_versions@openstack cleanup() finished in 0.41 msec
2019-10-28 00:37:13.244 1845 INFO rally.task.context [-] Task fce3fcdf-c1f2-4016-ae60-c76cd79b21b7 | Context users@openstack cleanup() started
2019-10-28 00:37:17.504 1845 INFO rally.task.context [-] Task fce3fcdf-c1f2-4016-ae60-c76cd79b21b7 | Context users@openstack cleanup() finished in 4.26 sec
2019-10-28 00:37:17.646 1845 INFO rally.task.engine [-] Load duration is: 8.228174
2019-10-28 00:37:17.646 1845 INFO rally.task.engine [-] Full runner duration is: 8.281257
2019-10-28 00:37:17.646 1845 INFO rally.task.engine [-] Full duration is: 24.10986
2019-10-28 00:37:17.833 1845 INFO rally.task.engine [-] Running workload: position = 1 config = { "version": 2, "title": "A cropped version of a bigger task.", "description": "Auto-generated task from a single workload (uuid=17f4c8d2-2302-4b67-8dd4-417f9af45a3e)", "subtasks": [ { "title": "CinderVolumes.create_volume", "description": "Create a volume.", "scenario": { "CinderVolumes.create_volume": { "size": { "min": 1, "max": 1 } } }, "contexts": { "users": { "tenants": 3, "users_per_tenant": 2 }, "quotas": { "cinder": { "gigabytes": -1, "snapshots": -1, "volumes": -1 } }, "api_versions": { "cinder": { "version": 3, "service_type": "volumev3" } } }, "runner": { "constant": { "concurrency": 4, "times": 10 } }, "hooks": [], "sla": { "failure_rate": { "max": 0 } } } ] }
2019-10-28 00:37:17.858 1845 RALLYDEBUG rally_openstack.contexts.keystone.users [-] Creating 3 tenants using 20 threads
2019-10-28 00:37:18.752 1845 RALLYDEBUG rally_openstack.contexts.keystone.users [-] Creating 6 users using 20 threads
2019-10-28 00:37:20.286 1845 INFO rally.task.context [-] Task fce3fcdf-c1f2-4016-ae60-c76cd79b21b7 | Context users@openstack setup() finished in 2.43 sec
2019-10-28 00:37:20.674 1845 INFO rally.task.context [-] Task fce3fcdf-c1f2-4016-ae60-c76cd79b21b7 | Context api_versions@openstack setup() finished in 0.39 sec
2019-10-28 00:37:21.381 1845 INFO rally.task.context [-] Task fce3fcdf-c1f2-4016-ae60-c76cd79b21b7 | Context quotas@openstack setup() finished in 0.71 sec
2019-10-28 00:37:21.381 1845 INFO rally.task.context [-] Task fce3fcdf-c1f2-4016-ae60-c76cd79b21b7 | Context cleanup@openstack setup() finished in 0.01 msec
2019-10-28 00:37:21.391 1845 RALLYDEBUG rally.task.runner [-] Starting the constant runner (task UUID: fce3fcdf-c1f2-4016-ae60-c76cd79b21b7). times: 10 concurrency: 4 timeout: 0 max_cpu_used: 16 processes_to_start: 4 concurrency_per_worker: 1 concurrency_overhead: 0
2019-10-28 00:37:21.402 3661 RALLYDEBUG rally.task.runner [-] Starting a worker. times: 10 duration: None concurrency: 1 timeout: 0 cls: method_name: run args: {"size": {"min": 1, "max": 1}}
2019-10-28 00:37:21.406 3662 RALLYDEBUG rally.task.runner [-] Starting a worker. times: 10 duration: None concurrency: 1 timeout: 0 cls: method_name: run args: {"size": {"min": 1, "max": 1}}
2019-10-28 00:37:21.409 3661 INFO rally.task.runner [-] Task fce3fcdf-c1f2-4016-ae60-c76cd79b21b7 | ITER: 1 START
2019-10-28 00:37:21.410 3663 RALLYDEBUG rally.task.runner [-] Starting a worker. times: 10 duration: None concurrency: 1 timeout: 0 cls: method_name: run args: {"size": {"min": 1, "max": 1}}
2019-10-28 00:37:21.413 3662 INFO rally.task.runner [-] Task fce3fcdf-c1f2-4016-ae60-c76cd79b21b7 | ITER: 2 START
2019-10-28 00:37:21.413 3665 RALLYDEBUG rally.task.runner [-] Starting a worker. times: 10 duration: None concurrency: 1 timeout: 0 cls: method_name: run args: {"size": {"min": 1, "max": 1}}
2019-10-28 00:37:21.417 3663 INFO rally.task.runner [-] Task fce3fcdf-c1f2-4016-ae60-c76cd79b21b7 | ITER: 3 START
2019-10-28 00:37:21.419 3665 INFO rally.task.runner [-] Task fce3fcdf-c1f2-4016-ae60-c76cd79b21b7 | ITER: 4 START
2019-10-28 00:37:24.131 3661 INFO rally.task.runner [-] Task fce3fcdf-c1f2-4016-ae60-c76cd79b21b7 | ITER: 1 END: OK
2019-10-28 00:37:24.135 3661 INFO rally.task.runner [-] Task fce3fcdf-c1f2-4016-ae60-c76cd79b21b7 | ITER: 5 START
2019-10-28 00:37:24.156 3662 INFO rally.task.runner [-] Task fce3fcdf-c1f2-4016-ae60-c76cd79b21b7 | ITER: 2 END: OK
2019-10-28 00:37:24.161 3662 INFO rally.task.runner [-] Task fce3fcdf-c1f2-4016-ae60-c76cd79b21b7 | ITER: 6 START
2019-10-28 00:37:24.196 3665 INFO rally.task.runner [-] Task fce3fcdf-c1f2-4016-ae60-c76cd79b21b7 | ITER: 4 END: OK
2019-10-28 00:37:24.200 3665 INFO rally.task.runner [-] Task fce3fcdf-c1f2-4016-ae60-c76cd79b21b7 | ITER: 7 START
2019-10-28 00:37:24.298 3663 INFO rally.task.runner [-] Task fce3fcdf-c1f2-4016-ae60-c76cd79b21b7 | ITER: 3 END: OK
2019-10-28 00:37:24.303 3663 INFO rally.task.runner [-] Task fce3fcdf-c1f2-4016-ae60-c76cd79b21b7 | ITER: 8 START
2019-10-28 00:37:26.875 3661 INFO rally.task.runner [-] Task fce3fcdf-c1f2-4016-ae60-c76cd79b21b7 | ITER: 5 END: OK
2019-10-28 00:37:26.879 3661 INFO rally.task.runner [-] Task fce3fcdf-c1f2-4016-ae60-c76cd79b21b7 | ITER: 9 START
2019-10-28 00:37:26.919 3665 INFO rally.task.runner [-] Task fce3fcdf-c1f2-4016-ae60-c76cd79b21b7 | ITER: 7 END: OK
2019-10-28 00:37:26.923 3665 INFO rally.task.runner [-] Task fce3fcdf-c1f2-4016-ae60-c76cd79b21b7 | ITER: 10 START
2019-10-28 00:37:26.924 3662 INFO rally.task.runner [-] Task fce3fcdf-c1f2-4016-ae60-c76cd79b21b7 | ITER: 6 END: OK
2019-10-28 00:37:26.952 3663 INFO rally.task.runner [-] Task fce3fcdf-c1f2-4016-ae60-c76cd79b21b7 | ITER: 8 END: OK
2019-10-28 00:37:29.615 3661 INFO rally.task.runner [-] Task fce3fcdf-c1f2-4016-ae60-c76cd79b21b7 | ITER: 9 END: OK
2019-10-28 00:37:29.642 3665 INFO rally.task.runner [-] Task fce3fcdf-c1f2-4016-ae60-c76cd79b21b7 | ITER: 10 END: OK
2019-10-28 00:37:29.668 1845 INFO rally.task.context [-] Task fce3fcdf-c1f2-4016-ae60-c76cd79b21b7 | Context cleanup@openstack cleanup() started
2019-10-28 00:37:29.672 1845 RALLYDEBUG rally_openstack.cleanup.manager [-] Cleaning up cinder backups objects
2019-10-28 00:37:30.930 1845 RALLYDEBUG rally_openstack.cleanup.manager [-] Cleaning up cinder volume_snapshots objects
2019-10-28 00:37:32.054 1845 RALLYDEBUG rally_openstack.cleanup.manager [-] Cleaning up cinder transfers objects
2019-10-28 00:37:33.726 1845 RALLYDEBUG rally_openstack.cleanup.manager [-] Cleaning up cinder volumes objects
2019-10-28 00:37:34.912 1845 RALLYDEBUG rally_openstack.cleanup.manager [-] Deleting cinder.volumes object s_rally_17f4c8d2_d6ohb7yp (ec5edd21-e5f9-411a-8bf8-9915f1d21a40)
2019-10-28 00:37:34.919 1845 RALLYDEBUG rally_openstack.cleanup.manager [-] Deleting cinder.volumes object s_rally_17f4c8d2_MJmJP3Hp (6f264c57-2ea0-47e3-a84e-5b305176df46)
2019-10-28 00:37:34.927 1845 RALLYDEBUG rally_openstack.cleanup.manager [-] Deleting cinder.volumes object s_rally_17f4c8d2_xJlxsPc5 (b3f01950-4f4d-4ef5-bbfd-f4696edab486)
2019-10-28 00:37:34.938 1845 RALLYDEBUG rally_openstack.cleanup.manager [-] Deleting cinder.volumes object s_rally_17f4c8d2_EmQjMEa5 (5e2c9469-5fdd-4c95-99fd-a4cb6c05e8aa)
2019-10-28 00:37:34.942 1845 RALLYDEBUG rally_openstack.cleanup.manager [-] Deleting cinder.volumes object s_rally_17f4c8d2_lEIBlyWv (f5725c90-6468-434b-aefb-45aac62201ca)
2019-10-28 00:37:34.961 1845 RALLYDEBUG rally_openstack.cleanup.manager [-] Deleting cinder.volumes object s_rally_17f4c8d2_AkpbILjY (b04b8ff7-c8bd-478f-a55a-21d36e055743)
2019-10-28 00:37:34.973 1845 RALLYDEBUG rally_openstack.cleanup.manager [-] Deleting cinder.volumes object s_rally_17f4c8d2_lr82lfRv (d6ff21d3-5b5f-411b-b6cc-d72d9552f32a)
2019-10-28 00:37:34.977 1845 RALLYDEBUG rally_openstack.cleanup.manager [-] Deleting cinder.volumes object s_rally_17f4c8d2_4uJfTlT9 (d5c4d265-4d6b-4c1f-bd9e-08cb030f6159)
2019-10-28 00:37:34.987 1845 RALLYDEBUG rally_openstack.cleanup.manager [-] Deleting cinder.volumes object s_rally_17f4c8d2_ov1BMfwn (483aaf40-6f17-4168-8f45-7d93f720d9d2)
2019-10-28 00:37:35.001 1845 RALLYDEBUG rally_openstack.cleanup.manager [-] Deleting cinder.volumes object s_rally_17f4c8d2_zv0BpfRr (26788dba-5194-4c6d-81ae-9d56141714ad)
2019-10-28 00:37:38.672 1845 INFO rally.task.context [-] Task fce3fcdf-c1f2-4016-ae60-c76cd79b21b7 | Context cleanup@openstack cleanup() finished in 9.00 sec
2019-10-28 00:37:38.673 1845 INFO rally.task.context [-] Task fce3fcdf-c1f2-4016-ae60-c76cd79b21b7 | Context quotas@openstack cleanup() started
2019-10-28 00:37:38.746 1845 INFO rally.task.context [-] Task fce3fcdf-c1f2-4016-ae60-c76cd79b21b7 | Context quotas@openstack cleanup() finished in 72.41 msec
2019-10-28 00:37:38.746 1845 INFO rally.task.context [-] Task fce3fcdf-c1f2-4016-ae60-c76cd79b21b7 | Context api_versions@openstack cleanup() started
2019-10-28 00:37:38.746 1845 INFO rally.task.context [-] Task fce3fcdf-c1f2-4016-ae60-c76cd79b21b7 | Context api_versions@openstack cleanup() finished in 0.35 msec
2019-10-28 00:37:38.747 1845 INFO rally.task.context [-] Task fce3fcdf-c1f2-4016-ae60-c76cd79b21b7 | Context users@openstack cleanup() started
2019-10-28 00:37:43.169 1845 INFO rally.task.context [-] Task fce3fcdf-c1f2-4016-ae60-c76cd79b21b7 | Context users@openstack cleanup() finished in 4.42 sec
2019-10-28 00:37:44.001 1845 INFO rally.task.engine [-] Load duration is: 8.227932
2019-10-28 00:37:44.002 1845 INFO rally.task.engine [-] Full runner duration is: 8.277679
2019-10-28 00:37:44.002 1845 INFO rally.task.engine [-] Full duration is: 25.313178
2019-10-28 00:37:44.295 1845 INFO rally.task.engine [-] Running workload: position = 0 config = { "version": 2, "title": "A cropped version of a bigger task.", "description": "Auto-generated task from a single workload (uuid=11f03619-1607-413e-869b-e294cb2a9617)", "subtasks": [ { "title": "CinderVolumes.list_volumes", "description": "List all volumes.", "scenario": { "CinderVolumes.list_volumes": { "detailed": true } }, "contexts": { "users": { "tenants": 3, "users_per_tenant": 2 }, "quotas": { "cinder": { "gigabytes": -1, "snapshots": -1, "volumes": -1 } }, "api_versions": { "cinder": { "version": 3, "service_type": "volumev3" } }, "volumes": { "size": 1, "volumes_per_tenant": 4 } }, "runner": { "constant": { "concurrency": 4, "times": 10 } }, "hooks": [], "sla": { "failure_rate": { "max": 0 } } } ] }
2019-10-28 00:37:44.322 1845 RALLYDEBUG rally_openstack.contexts.keystone.users [-] Creating 3 tenants using 20 threads
2019-10-28 00:37:45.274 1845 RALLYDEBUG rally_openstack.contexts.keystone.users [-] Creating 6 users using 20 threads
2019-10-28 00:37:46.787 1845 INFO rally.task.context [-] Task fce3fcdf-c1f2-4016-ae60-c76cd79b21b7 | Context users@openstack setup() finished in 2.46 sec
2019-10-28 00:37:47.190 1845 INFO rally.task.context [-] Task fce3fcdf-c1f2-4016-ae60-c76cd79b21b7 | Context api_versions@openstack setup() finished in 0.40 sec
2019-10-28 00:37:47.932 1845 INFO rally.task.context [-] Task fce3fcdf-c1f2-4016-ae60-c76cd79b21b7 | Context quotas@openstack setup() finished in 0.74 sec
2019-10-28 00:38:17.157 1845 INFO rally.task.context [-] Task fce3fcdf-c1f2-4016-ae60-c76cd79b21b7 | Context volumes@openstack setup() finished in 29.22 sec
2019-10-28 00:38:17.166 1845 RALLYDEBUG rally.task.runner [-] Starting the constant runner (task UUID: fce3fcdf-c1f2-4016-ae60-c76cd79b21b7). times: 10 concurrency: 4 timeout: 0 max_cpu_used: 16 processes_to_start: 4 concurrency_per_worker: 1 concurrency_overhead: 0
2019-10-28 00:38:17.178 3845 RALLYDEBUG rally.task.runner [-] Starting a worker. times: 10 duration: None concurrency: 1 timeout: 0 cls: method_name: run args: {"detailed": true}
2019-10-28 00:38:17.182 3846 RALLYDEBUG rally.task.runner [-] Starting a worker. times: 10 duration: None concurrency: 1 timeout: 0 cls: method_name: run args: {"detailed": true}
2019-10-28 00:38:17.186 3845 INFO rally.task.runner [-] Task fce3fcdf-c1f2-4016-ae60-c76cd79b21b7 | ITER: 1 START
2019-10-28 00:38:17.185 3847 RALLYDEBUG rally.task.runner [-] Starting a worker. times: 10 duration: None concurrency: 1 timeout: 0 cls: method_name: run args: {"detailed": true}
2019-10-28 00:38:17.189 3846 INFO rally.task.runner [-] Task fce3fcdf-c1f2-4016-ae60-c76cd79b21b7 | ITER: 2 START
2019-10-28 00:38:17.189 3848 RALLYDEBUG rally.task.runner [-] Starting a worker. times: 10 duration: None concurrency: 1 timeout: 0 cls: method_name: run args: {"detailed": true}
2019-10-28 00:38:17.193 3847 INFO rally.task.runner [-] Task fce3fcdf-c1f2-4016-ae60-c76cd79b21b7 | ITER: 3 START
2019-10-28 00:38:17.197 3848 INFO rally.task.runner [-] Task fce3fcdf-c1f2-4016-ae60-c76cd79b21b7 | ITER: 4 START
2019-10-28 00:38:17.588 3846 INFO rally.task.runner [-] Task fce3fcdf-c1f2-4016-ae60-c76cd79b21b7 | ITER: 2 END: OK
2019-10-28 00:38:17.592 3846 INFO rally.task.runner [-] Task fce3fcdf-c1f2-4016-ae60-c76cd79b21b7 | ITER: 5 START
2019-10-28 00:38:17.678 3848 INFO rally.task.runner [-] Task fce3fcdf-c1f2-4016-ae60-c76cd79b21b7 | ITER: 4 END: OK
2019-10-28 00:38:17.680 3847 INFO rally.task.runner [-] Task fce3fcdf-c1f2-4016-ae60-c76cd79b21b7 | ITER: 3 END: OK
2019-10-28 00:38:17.683 3848 INFO rally.task.runner [-] Task fce3fcdf-c1f2-4016-ae60-c76cd79b21b7 | ITER: 6 START
2019-10-28 00:38:17.685 3847 INFO rally.task.runner [-] Task fce3fcdf-c1f2-4016-ae60-c76cd79b21b7 | ITER: 7 START
2019-10-28 00:38:17.717 3845 INFO rally.task.runner [-] Task fce3fcdf-c1f2-4016-ae60-c76cd79b21b7 | ITER: 1 END: OK
2019-10-28 00:38:17.723 3845 INFO rally.task.runner [-] Task fce3fcdf-c1f2-4016-ae60-c76cd79b21b7 | ITER: 8 START
2019-10-28 00:38:18.067 3848 INFO rally.task.runner [-] Task fce3fcdf-c1f2-4016-ae60-c76cd79b21b7 | ITER: 6 END: OK
2019-10-28 00:38:18.072 3848 INFO rally.task.runner [-] Task fce3fcdf-c1f2-4016-ae60-c76cd79b21b7 | ITER: 9 START
2019-10-28 00:38:18.081 3847 INFO rally.task.runner [-] Task fce3fcdf-c1f2-4016-ae60-c76cd79b21b7 | ITER: 7 END: OK
2019-10-28 00:38:18.085 3847 INFO rally.task.runner [-] Task fce3fcdf-c1f2-4016-ae60-c76cd79b21b7 | ITER: 10 START
2019-10-28 00:38:18.235 3845 INFO rally.task.runner [-] Task fce3fcdf-c1f2-4016-ae60-c76cd79b21b7 | ITER: 8 END: OK
2019-10-28 00:38:18.283 3846 INFO rally.task.runner [-] Task fce3fcdf-c1f2-4016-ae60-c76cd79b21b7 | ITER: 5 END: OK
2019-10-28 00:38:18.458 3848 INFO rally.task.runner [-] Task fce3fcdf-c1f2-4016-ae60-c76cd79b21b7 | ITER: 9 END: OK
2019-10-28 00:38:18.619 3847 INFO rally.task.runner [-] Task fce3fcdf-c1f2-4016-ae60-c76cd79b21b7 | ITER: 10 END: OK
2019-10-28 00:38:18.643 1845 INFO rally.task.context [-] Task fce3fcdf-c1f2-4016-ae60-c76cd79b21b7 | Context volumes@openstack cleanup() started
2019-10-28 00:38:18.645 1845 RALLYDEBUG rally_openstack.cleanup.manager [-] Cleaning up cinder volumes objects
2019-10-28 00:38:19.843 1845 RALLYDEBUG rally_openstack.cleanup.manager [-] Deleting cinder.volumes object c_rally_11f03619_sYZqAkvF (b978906a-b9ef-4c9c-a573-812a2841db23)
2019-10-28 00:38:19.849 1845 RALLYDEBUG rally_openstack.cleanup.manager [-] Deleting cinder.volumes object c_rally_11f03619_ACEUgpe9 (6958aa8d-d059-4247-9f07-c0c3f6495a70)
2019-10-28 00:38:19.856 1845 RALLYDEBUG rally_openstack.cleanup.manager [-] Deleting cinder.volumes object c_rally_11f03619_uNcPRAYF (f78bfb3a-db5a-42cd-9d6c-86593837b86e)
2019-10-28 00:38:19.868 1845 RALLYDEBUG rally_openstack.cleanup.manager [-] Deleting cinder.volumes object c_rally_11f03619_KfijRcqh (e6f75001-bd42-42d8-b549-538f7dd734bd)
2019-10-28 00:38:19.871 1845 RALLYDEBUG rally_openstack.cleanup.manager [-] Deleting cinder.volumes object c_rally_11f03619_ewKTc9cB (63da3551-96a3-407e-ab2d-ab44e4065afc)
2019-10-28 00:38:19.880 1845 RALLYDEBUG rally_openstack.cleanup.manager [-] Deleting cinder.volumes object c_rally_11f03619_XfIPvWin (f9ac7f9c-7554-427e-8d6d-61f94c343c6b)
2019-10-28 00:38:19.896 1845 RALLYDEBUG rally_openstack.cleanup.manager [-] Deleting cinder.volumes object c_rally_11f03619_0Q9wZJPN (2e8b44c6-e5e1-45fc-a1fb-3aed9071f1bc)
2019-10-28 00:38:19.903 1845 RALLYDEBUG rally_openstack.cleanup.manager [-] Deleting cinder.volumes object c_rally_11f03619_fblVMQ9K (49abfdd1-fc31-4342-8bcd-602b3152f57e)
2019-10-28 00:38:19.923 1845 RALLYDEBUG rally_openstack.cleanup.manager [-] Deleting cinder.volumes object c_rally_11f03619_r1m3Td6M (8c2c5bf9-212e-42de-897a-bba9286e071d)
2019-10-28 00:38:19.934 1845 RALLYDEBUG rally_openstack.cleanup.manager [-] Deleting cinder.volumes object c_rally_11f03619_Ai4NwJjv (2fb08912-9c94-47c4-b75e-52199579a226)
2019-10-28 00:38:19.935 1845 RALLYDEBUG rally_openstack.cleanup.manager [-] Deleting cinder.volumes object c_rally_11f03619_wlO2ARBy (e8851fdb-aa0b-485f-ab94-5ca4f545f691)
2019-10-28 00:38:19.942 1845 RALLYDEBUG rally_openstack.cleanup.manager [-] Deleting cinder.volumes object c_rally_11f03619_ek3lYHyR (a0369cab-d113-4a8b-aa71-2e7fdfeb38e0)
2019-10-28 00:38:24.054 1845 INFO rally.task.context [-] Task fce3fcdf-c1f2-4016-ae60-c76cd79b21b7 | Context volumes@openstack cleanup() finished in 5.41 sec
2019-10-28 00:38:24.055 1845 INFO rally.task.context [-] Task fce3fcdf-c1f2-4016-ae60-c76cd79b21b7 | Context quotas@openstack cleanup() started
2019-10-28 00:38:24.122 1845 INFO rally.task.context [-] Task fce3fcdf-c1f2-4016-ae60-c76cd79b21b7 | Context quotas@openstack cleanup() finished in 67.50 msec
2019-10-28 00:38:24.123 1845 INFO rally.task.context [-] Task fce3fcdf-c1f2-4016-ae60-c76cd79b21b7 | Context api_versions@openstack cleanup() started
2019-10-28 00:38:24.123 1845 INFO rally.task.context [-] Task fce3fcdf-c1f2-4016-ae60-c76cd79b21b7 | Context api_versions@openstack cleanup() finished in 0.39 msec
2019-10-28 00:38:24.124 1845 INFO rally.task.context [-] Task fce3fcdf-c1f2-4016-ae60-c76cd79b21b7 | Context users@openstack cleanup() started
2019-10-28 00:38:28.160 1845 INFO rally.task.context [-] Task fce3fcdf-c1f2-4016-ae60-c76cd79b21b7 | Context users@openstack cleanup() finished in 4.04 sec
2019-10-28 00:38:28.533 1845 INFO rally.task.engine [-] Load duration is: 1.42954
2019-10-28 00:38:28.534 1845 INFO rally.task.engine [-] Full runner duration is: 1.477452
2019-10-28 00:38:28.534 1845 INFO rally.task.engine [-] Full duration is: 43.840477
2019-10-28 00:38:28.855 1845 INFO rally.task.engine [-] Running workload: position = 0 config = { "version": 2, "title": "A cropped version of a bigger task.", "description": "Auto-generated task from a single workload (uuid=fe1348f2-460c-40a6-ab06-08c8a8931950)", "subtasks": [ { "title": "CinderVolumes.create_and_delete_snapshot", "description": "Create and then delete a volume-snapshot.", "scenario": { "CinderVolumes.create_and_delete_snapshot": { "force": false } }, "contexts": { "users": { "tenants": 3, "users_per_tenant": 2 }, "quotas": { "cinder": { "gigabytes": -1, "snapshots": -1, "volumes": -1 } }, "api_versions": { "cinder": { "version": 3, "service_type": "volumev3" } }, "volumes": { "size": 1, "volumes_per_tenant": 1 } }, "runner": { "constant": { "concurrency": 4, "times": 10 } }, "hooks": [], "sla": { "failure_rate": { "max": 0 } } } ] }
2019-10-28 00:38:28.882 1845 RALLYDEBUG rally_openstack.contexts.keystone.users [-] Creating 3 tenants using 20 threads
2019-10-28 00:38:29.868 1845 RALLYDEBUG rally_openstack.contexts.keystone.users [-] Creating 6 users using 20 threads
2019-10-28 00:38:31.384 1845 INFO rally.task.context [-] Task fce3fcdf-c1f2-4016-ae60-c76cd79b21b7 | Context users@openstack setup() finished in 2.50 sec
2019-10-28 00:38:31.786 1845 INFO rally.task.context [-] Task fce3fcdf-c1f2-4016-ae60-c76cd79b21b7 | Context api_versions@openstack setup() finished in 0.40 sec
2019-10-28 00:38:32.553 1845 INFO rally.task.context [-] Task fce3fcdf-c1f2-4016-ae60-c76cd79b21b7 | Context quotas@openstack setup() finished in 0.77 sec
2019-10-28 00:38:41.016 1845 INFO rally.task.context [-] Task fce3fcdf-c1f2-4016-ae60-c76cd79b21b7 | Context volumes@openstack setup() finished in 8.46 sec
2019-10-28 00:38:41.017 1845 INFO rally.task.context [-] Task fce3fcdf-c1f2-4016-ae60-c76cd79b21b7 | Context cleanup@openstack setup() finished in 0.01 msec
2019-10-28 00:38:41.029 1845 RALLYDEBUG rally.task.runner [-] Starting the constant runner (task UUID: fce3fcdf-c1f2-4016-ae60-c76cd79b21b7). times: 10 concurrency: 4 timeout: 0 max_cpu_used: 16 processes_to_start: 4 concurrency_per_worker: 1 concurrency_overhead: 0
2019-10-28 00:38:41.041 3969 RALLYDEBUG rally.task.runner [-] Starting a worker. times: 10 duration: None concurrency: 1 timeout: 0 cls: method_name: run args: {"force": false}
2019-10-28 00:38:41.045 3970 RALLYDEBUG rally.task.runner [-] Starting a worker. times: 10 duration: None concurrency: 1 timeout: 0 cls: method_name: run args: {"force": false}
2019-10-28 00:38:41.048 3971 RALLYDEBUG rally.task.runner [-] Starting a worker. times: 10 duration: None concurrency: 1 timeout: 0 cls: method_name: run args: {"force": false}
2019-10-28 00:38:41.050 3969 INFO rally.task.runner [-] Task fce3fcdf-c1f2-4016-ae60-c76cd79b21b7 | ITER: 1 START
2019-10-28 00:38:41.052 3970 INFO rally.task.runner [-] Task fce3fcdf-c1f2-4016-ae60-c76cd79b21b7 | ITER: 2 START
2019-10-28 00:38:41.052 3972 RALLYDEBUG rally.task.runner [-] Starting a worker. times: 10 duration: None concurrency: 1 timeout: 0 cls: method_name: run args: {"force": false}
2019-10-28 00:38:41.055 3971 INFO rally.task.runner [-] Task fce3fcdf-c1f2-4016-ae60-c76cd79b21b7 | ITER: 3 START
2019-10-28 00:38:41.059 3972 INFO rally.task.runner [-] Task fce3fcdf-c1f2-4016-ae60-c76cd79b21b7 | ITER: 4 START
2019-10-28 00:38:43.745 3971 RALLYDEBUG rally.task.utils [-] Waiting for resource s_rally_fe1348f2_Q68ofA5A. Status changed: AVAILABLE => DELETING in 0.027081966400146484
2019-10-28 00:38:43.780 3970 RALLYDEBUG rally.task.utils [-] Waiting for resource s_rally_fe1348f2_N3j9HJBa. Status changed: AVAILABLE => DELETING in 0.02731943130493164
2019-10-28 00:38:43.798 3969 RALLYDEBUG rally.task.utils [-] Waiting for resource s_rally_fe1348f2_pLOyHiTR. Status changed: AVAILABLE => DELETING in 0.024849891662597656
2019-10-28 00:38:43.805 3972 RALLYDEBUG rally.task.utils [-] Waiting for resource s_rally_fe1348f2_X6G8LMGn. Status changed: AVAILABLE => DELETING in 0.026816368103027344
2019-10-28 00:38:45.777 3971 INFO rally.task.runner [-] Task fce3fcdf-c1f2-4016-ae60-c76cd79b21b7 | ITER: 3 END: OK
2019-10-28 00:38:45.782 3971 INFO rally.task.runner [-] Task fce3fcdf-c1f2-4016-ae60-c76cd79b21b7 | ITER: 5 START
2019-10-28 00:38:45.811 3970 INFO rally.task.runner [-] Task fce3fcdf-c1f2-4016-ae60-c76cd79b21b7 | ITER: 2 END: OK
2019-10-28 00:38:45.817 3970 INFO rally.task.runner [-] Task fce3fcdf-c1f2-4016-ae60-c76cd79b21b7 | ITER: 6 START
2019-10-28 00:38:45.835 3972 INFO rally.task.runner [-] Task fce3fcdf-c1f2-4016-ae60-c76cd79b21b7 | ITER: 4 END: OK
2019-10-28 00:38:45.836 3969 INFO rally.task.runner [-] Task fce3fcdf-c1f2-4016-ae60-c76cd79b21b7 | ITER: 1 END: OK
2019-10-28 00:38:45.840 3972 INFO rally.task.runner [-] Task fce3fcdf-c1f2-4016-ae60-c76cd79b21b7 | ITER: 7 START
2019-10-28 00:38:45.840 3969 INFO rally.task.runner [-] Task fce3fcdf-c1f2-4016-ae60-c76cd79b21b7 | ITER: 8 START
2019-10-28 00:38:48.436 3971 RALLYDEBUG rally.task.utils [-] Waiting for resource s_rally_fe1348f2_sXalehrZ. Status changed: AVAILABLE => DELETING in 0.02900385856628418
2019-10-28 00:38:48.447 3970 RALLYDEBUG rally.task.utils [-] Waiting for resource s_rally_fe1348f2_FvgmlqPr. Status changed: AVAILABLE => DELETING in 0.02658700942993164
2019-10-28 00:38:48.456 3969 RALLYDEBUG rally.task.utils [-] Waiting for resource s_rally_fe1348f2_vfXD9iAc. Status changed: AVAILABLE => DELETING in 0.02837204933166504
2019-10-28 00:38:48.582 3972 RALLYDEBUG rally.task.utils [-] Waiting for resource s_rally_fe1348f2_vHy0bGsA. Status changed: AVAILABLE => DELETING in 0.026955366134643555
2019-10-28 00:38:50.467 3971 INFO rally.task.runner [-] Task fce3fcdf-c1f2-4016-ae60-c76cd79b21b7 | ITER: 5 END: OK
2019-10-28 00:38:50.471 3971 INFO rally.task.runner [-] Task fce3fcdf-c1f2-4016-ae60-c76cd79b21b7 | ITER: 9 START
2019-10-28 00:38:50.476 3970 INFO rally.task.runner [-] Task fce3fcdf-c1f2-4016-ae60-c76cd79b21b7 | ITER: 6 END: OK
2019-10-28 00:38:50.480 3970 INFO rally.task.runner [-] Task fce3fcdf-c1f2-4016-ae60-c76cd79b21b7 | ITER: 10 START
2019-10-28 00:38:50.485 3969 INFO rally.task.runner [-] Task fce3fcdf-c1f2-4016-ae60-c76cd79b21b7 | ITER: 8 END: OK
2019-10-28 00:38:50.608 3972 INFO rally.task.runner [-] Task fce3fcdf-c1f2-4016-ae60-c76cd79b21b7 | ITER: 7 END: OK
2019-10-28 00:38:53.130 3970 RALLYDEBUG rally.task.utils [-] Waiting for resource s_rally_fe1348f2_iO3D8xdE. Status changed: AVAILABLE => DELETING in 0.02902531623840332
2019-10-28 00:38:53.130 3971 RALLYDEBUG rally.task.utils [-] Waiting for resource s_rally_fe1348f2_5QQlAfQ7. Status changed: AVAILABLE => DELETING in 0.02874922752380371
2019-10-28 00:38:55.160 3970 INFO rally.task.runner [-] Task fce3fcdf-c1f2-4016-ae60-c76cd79b21b7 | ITER: 10 END: OK
2019-10-28 00:38:55.160 3971 INFO rally.task.runner [-] Task fce3fcdf-c1f2-4016-ae60-c76cd79b21b7 | ITER: 9 END: OK
2019-10-28 00:38:55.191 1845 INFO rally.task.context [-] Task fce3fcdf-c1f2-4016-ae60-c76cd79b21b7 | Context cleanup@openstack cleanup() started
2019-10-28 00:38:55.194 1845 RALLYDEBUG rally_openstack.cleanup.manager [-] Cleaning up cinder backups objects
2019-10-28 00:38:56.329 1845 RALLYDEBUG rally_openstack.cleanup.manager [-] Cleaning up cinder volume_snapshots objects
2019-10-28 00:38:57.456 1845 RALLYDEBUG rally_openstack.cleanup.manager [-] Cleaning up cinder transfers objects
2019-10-28 00:38:58.580 1845 RALLYDEBUG rally_openstack.cleanup.manager [-] Cleaning up cinder volumes objects
2019-10-28 00:38:59.800 1845 INFO rally.task.context [-] Task fce3fcdf-c1f2-4016-ae60-c76cd79b21b7 | Context cleanup@openstack cleanup() finished in 4.61 sec
2019-10-28 00:38:59.800 1845 INFO rally.task.context [-] Task fce3fcdf-c1f2-4016-ae60-c76cd79b21b7 | Context volumes@openstack cleanup() started
2019-10-28 00:38:59.801 1845 RALLYDEBUG rally_openstack.cleanup.manager [-] Cleaning up cinder volumes objects
2019-10-28 00:39:01.005 1845 RALLYDEBUG rally_openstack.cleanup.manager [-] Deleting cinder.volumes object c_rally_fe1348f2_cccW2TKZ (10ec64f5-0df3-4c06-a8ec-f96efce833cb)
2019-10-28 00:39:01.011 1845 RALLYDEBUG rally_openstack.cleanup.manager [-] Deleting cinder.volumes object c_rally_fe1348f2_LAEApvXL (6e9335fa-a190-41f9-be4f-c16325e99204)
2019-10-28 00:39:01.018 1845 RALLYDEBUG rally_openstack.cleanup.manager [-] Deleting cinder.volumes object c_rally_fe1348f2_0qnTjgJW (11a18de3-75c1-4441-bf64-f61f2597ac95)
2019-10-28 00:39:03.536 1845 INFO rally.task.context [-] Task fce3fcdf-c1f2-4016-ae60-c76cd79b21b7 | Context volumes@openstack cleanup() finished in 3.74 sec
2019-10-28 00:39:03.536 1845 INFO rally.task.context [-] Task fce3fcdf-c1f2-4016-ae60-c76cd79b21b7 | Context quotas@openstack cleanup() started
2019-10-28 00:39:03.632 1845 INFO rally.task.context [-] Task fce3fcdf-c1f2-4016-ae60-c76cd79b21b7 | Context quotas@openstack cleanup() finished in 95.25 msec
2019-10-28 00:39:03.632 1845 INFO rally.task.context [-] Task fce3fcdf-c1f2-4016-ae60-c76cd79b21b7 | Context api_versions@openstack cleanup() started
2019-10-28 00:39:03.633 1845 INFO rally.task.context [-] Task fce3fcdf-c1f2-4016-ae60-c76cd79b21b7 | Context api_versions@openstack cleanup() finished in 0.38 msec
2019-10-28 00:39:03.633 1845 INFO rally.task.context [-] Task fce3fcdf-c1f2-4016-ae60-c76cd79b21b7 | Context users@openstack cleanup() started
2019-10-28 00:39:07.882 1845 INFO rally.task.context [-] Task fce3fcdf-c1f2-4016-ae60-c76cd79b21b7 | Context users@openstack cleanup() finished in 4.25 sec
2019-10-28 00:39:09.106 1845 INFO rally.task.engine [-] Load duration is: 14.105692
2019-10-28 00:39:09.107 1845 INFO rally.task.engine [-] Full runner duration is: 14.162714
2019-10-28 00:39:09.107 1845 INFO rally.task.engine [-] Full duration is: 39.003231
2019-10-28 00:39:09.418 1845 INFO rally.task.engine [-] Running workload: position = 0 config = { "version": 2, "title": "A cropped version of a bigger task.", "description": "Auto-generated task from a single workload (uuid=1badedb4-1b49-47f5-8658-a06f671b5c88)", "subtasks": [ { "title": "CinderVolumes.create_and_delete_volume", "description": "Create and then delete a volume.", "scenario": { "CinderVolumes.create_and_delete_volume": { "size": { "max": 1, "min": 1 } } }, "contexts": { "users": { "tenants": 3, "users_per_tenant": 2 }, "quotas": { "cinder": { "gigabytes": -1, "snapshots": -1, "volumes": -1 } }, "api_versions": { "cinder": { "version": 3, "service_type": "volumev3" } } }, "runner": { "constant": { "concurrency": 4, "times": 10 } }, "hooks": [], "sla": { "failure_rate": { "max": 0 } } } ] }
2019-10-28 00:39:09.443 1845 RALLYDEBUG rally_openstack.contexts.keystone.users [-] Creating 3 tenants using 20 threads
2019-10-28 00:39:10.478 1845 RALLYDEBUG rally_openstack.contexts.keystone.users [-] Creating 6 users using 20 threads
2019-10-28 00:39:11.970 1845 INFO rally.task.context [-] Task fce3fcdf-c1f2-4016-ae60-c76cd79b21b7 | Context users@openstack setup() finished in 2.53 sec
2019-10-28 00:39:12.355 1845 INFO rally.task.context [-] Task fce3fcdf-c1f2-4016-ae60-c76cd79b21b7 | Context api_versions@openstack setup() finished in 0.38 sec
2019-10-28 00:39:13.082 1845 INFO rally.task.context [-] Task fce3fcdf-c1f2-4016-ae60-c76cd79b21b7 | Context quotas@openstack setup() finished in 0.73 sec
2019-10-28 00:39:13.083 1845 INFO rally.task.context [-] Task fce3fcdf-c1f2-4016-ae60-c76cd79b21b7 | Context cleanup@openstack setup() finished in 0.00 msec
2019-10-28 00:39:13.092 1845 RALLYDEBUG rally.task.runner [-] Starting the constant runner (task UUID: fce3fcdf-c1f2-4016-ae60-c76cd79b21b7). times: 10 concurrency: 4 timeout: 0 max_cpu_used: 16 processes_to_start: 4 concurrency_per_worker: 1 concurrency_overhead: 0
2019-10-28 00:39:13.104 4173 RALLYDEBUG rally.task.runner [-] Starting a worker. times: 10 duration: None concurrency: 1 timeout: 0 cls: method_name: run args: {"size": {"max": 1, "min": 1}}
2019-10-28 00:39:13.108 4174 RALLYDEBUG rally.task.runner [-] Starting a worker. times: 10 duration: None concurrency: 1 timeout: 0 cls: method_name: run args: {"size": {"max": 1, "min": 1}}
2019-10-28 00:39:13.111 4173 INFO rally.task.runner [-] Task fce3fcdf-c1f2-4016-ae60-c76cd79b21b7 | ITER: 1 START
2019-10-28 00:39:13.112 4175 RALLYDEBUG rally.task.runner [-] Starting a worker. times: 10 duration: None concurrency: 1 timeout: 0 cls: method_name: run args: {"size": {"max": 1, "min": 1}}
2019-10-28 00:39:13.115 4174 INFO rally.task.runner [-] Task fce3fcdf-c1f2-4016-ae60-c76cd79b21b7 | ITER: 2 START
2019-10-28 00:39:13.115 4178 RALLYDEBUG rally.task.runner [-] Starting a worker. times: 10 duration: None concurrency: 1 timeout: 0 cls: method_name: run args: {"size": {"max": 1, "min": 1}}
2019-10-28 00:39:13.118 4175 INFO rally.task.runner [-] Task fce3fcdf-c1f2-4016-ae60-c76cd79b21b7 | ITER: 3 START
2019-10-28 00:39:13.121 4178 INFO rally.task.runner [-] Task fce3fcdf-c1f2-4016-ae60-c76cd79b21b7 | ITER: 4 START
2019-10-28 00:39:15.953 4175 RALLYDEBUG rally.task.utils [-] Waiting for resource s_rally_1badedb4_c0G1McJu. Status changed: AVAILABLE => DELETING in 0.05657696723937988
2019-10-28 00:39:15.964 4174 RALLYDEBUG rally.task.utils [-] Waiting for resource s_rally_1badedb4_9sHGivXa. Status changed: AVAILABLE => DELETING in 0.05077695846557617
2019-10-28 00:39:15.965 4178 RALLYDEBUG rally.task.utils [-] Waiting for resource s_rally_1badedb4_jNBk6LFk. Status changed: AVAILABLE => DELETING in 0.051851749420166016
2019-10-28 00:39:15.979 4173 RALLYDEBUG rally.task.utils [-] Waiting for resource s_rally_1badedb4_KtqdPyVZ. Status changed: AVAILABLE => DELETING in 0.05167341232299805
2019-10-28 00:39:18.001 4175 INFO rally.task.runner [-] Task fce3fcdf-c1f2-4016-ae60-c76cd79b21b7 | ITER: 3 END: OK
2019-10-28 00:39:18.004 4174 INFO rally.task.runner [-] Task fce3fcdf-c1f2-4016-ae60-c76cd79b21b7 | ITER: 2 END: OK
2019-10-28 00:39:18.005 4175 INFO rally.task.runner [-] Task fce3fcdf-c1f2-4016-ae60-c76cd79b21b7 | ITER: 5 START
2019-10-28 00:39:18.008 4178 INFO rally.task.runner [-] Task fce3fcdf-c1f2-4016-ae60-c76cd79b21b7 | ITER: 4 END: OK
2019-10-28 00:39:18.009 4174 INFO rally.task.runner [-] Task fce3fcdf-c1f2-4016-ae60-c76cd79b21b7 | ITER: 6 START
2019-10-28 00:39:18.013 4178 INFO rally.task.runner [-] Task fce3fcdf-c1f2-4016-ae60-c76cd79b21b7 | ITER: 7 START
2019-10-28 00:39:18.020 4173 INFO rally.task.runner [-] Task fce3fcdf-c1f2-4016-ae60-c76cd79b21b7 | ITER: 1 END: OK
2019-10-28 00:39:18.025 4173 INFO rally.task.runner [-] Task fce3fcdf-c1f2-4016-ae60-c76cd79b21b7 | ITER: 8 START
2019-10-28 00:39:20.772 4178 RALLYDEBUG rally.task.utils [-] Waiting for resource s_rally_1badedb4_ZBEKMvIc. Status changed: AVAILABLE => DELETING in 0.050559282302856445
2019-10-28 00:39:20.776 4174 RALLYDEBUG rally.task.utils [-] Waiting for resource s_rally_1badedb4_2C1728T6. Status changed: AVAILABLE => DELETING in 0.052445411682128906
2019-10-28 00:39:20.843 4175 RALLYDEBUG rally.task.utils [-] Waiting for resource s_rally_1badedb4_1D2PCMWe. Status changed: AVAILABLE => DELETING in 0.05138897895812988
2019-10-28 00:39:20.860 4173 RALLYDEBUG rally.task.utils [-] Waiting for resource s_rally_1badedb4_MYE1hPG4. Status changed: AVAILABLE => DELETING in 0.05558514595031738
2019-10-28 00:39:22.818 4174 INFO rally.task.runner [-] Task fce3fcdf-c1f2-4016-ae60-c76cd79b21b7 | ITER: 6 END: OK
2019-10-28 00:39:22.818 4178 INFO rally.task.runner [-] Task fce3fcdf-c1f2-4016-ae60-c76cd79b21b7 | ITER: 7 END: OK
2019-10-28 00:39:22.822 4178 INFO rally.task.runner [-] Task fce3fcdf-c1f2-4016-ae60-c76cd79b21b7 | ITER: 10 START
2019-10-28 00:39:22.822 4174 INFO rally.task.runner [-] Task fce3fcdf-c1f2-4016-ae60-c76cd79b21b7 | ITER: 9 START
2019-10-28 00:39:22.877 4175 INFO rally.task.runner [-] Task fce3fcdf-c1f2-4016-ae60-c76cd79b21b7 | ITER: 5 END: OK
2019-10-28 00:39:22.899 4173 INFO rally.task.runner [-] Task fce3fcdf-c1f2-4016-ae60-c76cd79b21b7 | ITER: 8 END: OK
2019-10-28 00:39:25.580 4174 RALLYDEBUG rally.task.utils [-] Waiting for resource s_rally_1badedb4_1VPT5ObU. Status changed: AVAILABLE => DELETING in 0.053212881088256836
2019-10-28 00:39:25.625 4178 RALLYDEBUG rally.task.utils [-] Waiting for resource s_rally_1badedb4_ymxiNSt9. Status changed: AVAILABLE => DELETING in 0.05640554428100586
2019-10-28 00:39:27.623 4174 INFO rally.task.runner [-] Task fce3fcdf-c1f2-4016-ae60-c76cd79b21b7 | ITER: 9 END: OK
2019-10-28 00:39:27.666 4178 INFO rally.task.runner [-] Task fce3fcdf-c1f2-4016-ae60-c76cd79b21b7 | ITER: 10 END: OK
2019-10-28 00:39:27.690 1845 INFO rally.task.context [-] Task fce3fcdf-c1f2-4016-ae60-c76cd79b21b7 | Context cleanup@openstack cleanup() started
2019-10-28 00:39:27.694 1845 RALLYDEBUG rally_openstack.cleanup.manager [-] Cleaning up cinder backups objects
2019-10-28 00:39:29.049 1845 RALLYDEBUG rally_openstack.cleanup.manager [-] Cleaning up cinder volume_snapshots objects
2019-10-28 00:39:30.164 1845 RALLYDEBUG rally_openstack.cleanup.manager [-] Cleaning up cinder transfers objects
2019-10-28 00:39:31.259 1845 RALLYDEBUG rally_openstack.cleanup.manager [-] Cleaning up cinder volumes objects
2019-10-28 00:39:32.429 1845 INFO rally.task.context [-] Task fce3fcdf-c1f2-4016-ae60-c76cd79b21b7 | Context cleanup@openstack cleanup() finished in 4.74 sec
2019-10-28 00:39:32.430 1845 INFO rally.task.context [-] Task fce3fcdf-c1f2-4016-ae60-c76cd79b21b7 | Context quotas@openstack cleanup() started
2019-10-28 00:39:32.515 1845 INFO rally.task.context [-] Task fce3fcdf-c1f2-4016-ae60-c76cd79b21b7 | Context quotas@openstack cleanup() finished in 85.15 msec
2019-10-28 00:39:32.516 1845 INFO rally.task.context [-] Task fce3fcdf-c1f2-4016-ae60-c76cd79b21b7 | Context api_versions@openstack cleanup() started
2019-10-28 00:39:32.516 1845 INFO rally.task.context [-] Task fce3fcdf-c1f2-4016-ae60-c76cd79b21b7 | Context api_versions@openstack cleanup() finished in 0.39 msec
2019-10-28 00:39:32.517 1845 INFO rally.task.context [-] Task fce3fcdf-c1f2-4016-ae60-c76cd79b21b7 | Context users@openstack cleanup() started
