2019-10-28 01:01:50.080 13460 RALLYDEBUG rally.task.runner [-] Starting a worker. times: 10 duration: None concurrency: 1 timeout: 0 cls: method_name: run args: {}
2019-10-28 01:01:50.082 13457 INFO rally.task.runner [-] Task 1336b30f-67ca-45d9-9ae6-45eefdbd7861 | ITER: 3 START
2019-10-28 01:01:50.085 13460 INFO rally.task.runner [-] Task 1336b30f-67ca-45d9-9ae6-45eefdbd7861 | ITER: 4 START
2019-10-28 01:01:51.622 13455 INFO rally.task.runner [-] Task 1336b30f-67ca-45d9-9ae6-45eefdbd7861 | ITER: 1 END: OK
2019-10-28 01:01:51.626 13455 INFO rally.task.runner [-] Task 1336b30f-67ca-45d9-9ae6-45eefdbd7861 | ITER: 5 START
2019-10-28 01:01:51.636 13456 INFO rally.task.runner [-] Task 1336b30f-67ca-45d9-9ae6-45eefdbd7861 | ITER: 2 END: OK
2019-10-28 01:01:51.639 13456 INFO rally.task.runner [-] Task 1336b30f-67ca-45d9-9ae6-45eefdbd7861 | ITER: 6 START
2019-10-28 01:01:51.651 13457 INFO rally.task.runner [-] Task 1336b30f-67ca-45d9-9ae6-45eefdbd7861 | ITER: 3 END: OK
2019-10-28 01:01:51.655 13457 INFO rally.task.runner [-] Task 1336b30f-67ca-45d9-9ae6-45eefdbd7861 | ITER: 7 START
2019-10-28 01:01:51.676 13460 INFO rally.task.runner [-] Task 1336b30f-67ca-45d9-9ae6-45eefdbd7861 | ITER: 4 END: OK
2019-10-28 01:01:51.679 13460 INFO rally.task.runner [-] Task 1336b30f-67ca-45d9-9ae6-45eefdbd7861 | ITER: 8 START
2019-10-28 01:01:53.073 13455 INFO rally.task.runner [-] Task 1336b30f-67ca-45d9-9ae6-45eefdbd7861 | ITER: 5 END: OK
2019-10-28 01:01:53.076 13455 INFO rally.task.runner [-] Task 1336b30f-67ca-45d9-9ae6-45eefdbd7861 | ITER: 9 START
2019-10-28 01:01:53.077 13456 INFO rally.task.runner [-] Task 1336b30f-67ca-45d9-9ae6-45eefdbd7861 | ITER: 6 END: OK
2019-10-28 01:01:53.081 13456 INFO rally.task.runner [-] Task 1336b30f-67ca-45d9-9ae6-45eefdbd7861 | ITER: 10 START
2019-10-28 01:01:53.082 13457 INFO rally.task.runner [-] Task 1336b30f-67ca-45d9-9ae6-45eefdbd7861 | ITER: 7 END: OK
2019-10-28 01:01:53.132 13460 INFO rally.task.runner [-] Task 1336b30f-67ca-45d9-9ae6-45eefdbd7861 | ITER: 8 END: OK
2019-10-28 01:01:54.524 13455 INFO rally.task.runner [-] Task 1336b30f-67ca-45d9-9ae6-45eefdbd7861 | ITER: 9 END: OK
2019-10-28 01:01:54.534 13456 INFO rally.task.runner [-] Task 1336b30f-67ca-45d9-9ae6-45eefdbd7861 | ITER: 10 END: OK
2019-10-28 01:01:54.562 11675 INFO rally.task.context [-] Task 1336b30f-67ca-45d9-9ae6-45eefdbd7861 | Context admin_cleanup@openstack cleanup() started
2019-10-28 01:01:54.566 11675 RALLYDEBUG rally_openstack.cleanup.manager [-] Cleaning up keystone user objects
2019-10-28 01:01:55.307 11675 RALLYDEBUG rally_openstack.cleanup.manager [-] Deleting keystone.user object s_rally_a5a078b5_zfhUCpzA (65935100b46045fd9d10888a37c157b4)
2019-10-28 01:01:55.312 11675 RALLYDEBUG rally_openstack.cleanup.manager [-] Deleting keystone.user object s_rally_a5a078b5_8YqKP34i (7145576f7e6c4d74bbdaa3f9c8ca17c5)
2019-10-28 01:01:55.337 11675 RALLYDEBUG rally_openstack.cleanup.manager [-] Deleting keystone.user object s_rally_a5a078b5_xkcvUR1z (c63bc4816b594c61aa1d99e59f9a1f22)
2019-10-28 01:01:55.337 11675 RALLYDEBUG rally_openstack.cleanup.manager [-] Deleting keystone.user object s_rally_a5a078b5_DfjaywCO (8f9a82cd3ddc42ae924299cd30c39c75)
2019-10-28 01:01:55.341 11675 RALLYDEBUG rally_openstack.cleanup.manager [-] Deleting keystone.user object s_rally_a5a078b5_SRdgCHtk (c8bd4754885b4c8b969e7601b544c862)
2019-10-28 01:01:55.342 11675 RALLYDEBUG rally_openstack.cleanup.manager [-] Deleting keystone.user object s_rally_a5a078b5_LJEajS2P (60af01c284b74ebab97a8fb98304a407)
2019-10-28 01:01:55.364 11675 RALLYDEBUG rally_openstack.cleanup.manager [-] Deleting keystone.user object s_rally_a5a078b5_Es99sTZ2 (d4a62de3f7b54b6196c29403e6769a69)
2019-10-28 01:01:55.373 11675 RALLYDEBUG rally_openstack.cleanup.manager [-] Deleting keystone.user object s_rally_a5a078b5_GFFU9a5s (dd6050e26ab948de90fb9d7d7d3dc057)
2019-10-28 01:01:55.377 11675 RALLYDEBUG rally_openstack.cleanup.manager [-] Deleting keystone.user object s_rally_a5a078b5_UZEt85se (db78af3f4c4a4fe68c876ab624392408)
2019-10-28 01:01:55.386 11675 RALLYDEBUG rally_openstack.cleanup.manager [-] Deleting keystone.user object s_rally_a5a078b5_Hlv5hvd6 (ecd7355f94474f8ab13545c6e066407b)
2019-10-28 01:01:57.554 11675 RALLYDEBUG rally_openstack.cleanup.manager [-] Cleaning up keystone project objects
2019-10-28 01:01:58.336 11675 RALLYDEBUG rally_openstack.cleanup.manager [-] Cleaning up keystone service objects
2019-10-28 01:01:59.138 11675 RALLYDEBUG rally_openstack.cleanup.manager [-] Cleaning up keystone role objects
2019-10-28 01:01:59.869 11675 INFO rally.task.context [-] Task 1336b30f-67ca-45d9-9ae6-45eefdbd7861 | Context admin_cleanup@openstack cleanup() finished in 5.31 sec
2019-10-28 01:01:59.869 11675 INFO rally.task.context [-] Task 1336b30f-67ca-45d9-9ae6-45eefdbd7861 | Context users@openstack cleanup() started
2019-10-28 01:02:02.637 11675 INFO rally.task.context [-] Task 1336b30f-67ca-45d9-9ae6-45eefdbd7861 | Context users@openstack cleanup() finished in 2.77 sec
2019-10-28 01:02:03.976 11675 INFO rally.task.engine [-] Load duration is: 3.161714
2019-10-28 01:02:03.977 11675 INFO rally.task.engine [-] Full runner duration is: 4.504295
2019-10-28 01:02:03.977 11675 INFO rally.task.engine [-] Full duration is: 14.746512
2019-10-28 01:02:04.292 11675 INFO rally.task.engine [-] Running workload: position = 0 config = { "version": 2, "title": "A cropped version of a bigger task.", "description": "Auto-generated task from a single workload (uuid=9c13b05c-a24f-431f-9dd9-1a374d531868)", "subtasks": [ { "title": "KeystoneBasic.create_tenant_with_users", "description": "Create a keystone tenant and several users belonging to it.", "scenario": { "KeystoneBasic.create_tenant_with_users": { "users_per_tenant": 10 } }, "contexts": {}, "runner": { "constant": { "concurrency": 4, "times": 10 } }, "hooks": [], "sla": { "failure_rate": { "max": 0 } } } ] }
2019-10-28 01:02:04.315 11675 RALLYDEBUG rally_openstack.contexts.keystone.users [-] Creating 1 tenants using 20 threads
2019-10-28 01:02:05.186 11675 RALLYDEBUG rally_openstack.contexts.keystone.users [-] Creating 1 users using 20 threads
2019-10-28 01:02:06.484 11675 INFO rally.task.context [-] Task 1336b30f-67ca-45d9-9ae6-45eefdbd7861 | Context users@openstack setup() finished in 2.17 sec
2019-10-28 01:02:06.485 11675 INFO rally.task.context [-] Task 1336b30f-67ca-45d9-9ae6-45eefdbd7861 | Context admin_cleanup@openstack setup() finished in 0.01 msec
2019-10-28 01:02:06.494 11675 RALLYDEBUG rally.task.runner [-] Starting the constant runner (task UUID: 1336b30f-67ca-45d9-9ae6-45eefdbd7861). times: 10 concurrency: 4 timeout: 0 max_cpu_used: 16 processes_to_start: 4 concurrency_per_worker: 1 concurrency_overhead: 0
2019-10-28 01:02:06.506 13639 RALLYDEBUG rally.task.runner [-] Starting a worker. times: 10 duration: None concurrency: 1 timeout: 0 cls: method_name: run args: {"users_per_tenant": 10}
2019-10-28 01:02:06.509 13640 RALLYDEBUG rally.task.runner [-] Starting a worker. times: 10 duration: None concurrency: 1 timeout: 0 cls: method_name: run args: {"users_per_tenant": 10}
2019-10-28 01:02:06.511 13639 INFO rally.task.runner [-] Task 1336b30f-67ca-45d9-9ae6-45eefdbd7861 | ITER: 1 START
2019-10-28 01:02:06.513 13641 RALLYDEBUG rally.task.runner [-] Starting a worker. times: 10 duration: None concurrency: 1 timeout: 0 cls: method_name: run args: {"users_per_tenant": 10}
2019-10-28 01:02:06.514 13640 INFO rally.task.runner [-] Task 1336b30f-67ca-45d9-9ae6-45eefdbd7861 | ITER: 2 START
2019-10-28 01:02:06.516 13644 RALLYDEBUG rally.task.runner [-] Starting a worker. times: 10 duration: None concurrency: 1 timeout: 0 cls: method_name: run args: {"users_per_tenant": 10}
2019-10-28 01:02:06.518 13641 INFO rally.task.runner [-] Task 1336b30f-67ca-45d9-9ae6-45eefdbd7861 | ITER: 3 START
2019-10-28 01:02:06.521 13644 INFO rally.task.runner [-] Task 1336b30f-67ca-45d9-9ae6-45eefdbd7861 | ITER: 4 START
2019-10-28 01:02:11.300 13644 INFO rally.task.runner [-] Task 1336b30f-67ca-45d9-9ae6-45eefdbd7861 | ITER: 4 END: OK
2019-10-28 01:02:11.304 13644 INFO rally.task.runner [-] Task 1336b30f-67ca-45d9-9ae6-45eefdbd7861 | ITER: 5 START
2019-10-28 01:02:11.328 13640 INFO rally.task.runner [-] Task 1336b30f-67ca-45d9-9ae6-45eefdbd7861 | ITER: 2 END: OK
2019-10-28 01:02:11.331 13640 INFO rally.task.runner [-] Task 1336b30f-67ca-45d9-9ae6-45eefdbd7861 | ITER: 6 START
2019-10-28 01:02:11.350 13639 INFO rally.task.runner [-] Task 1336b30f-67ca-45d9-9ae6-45eefdbd7861 | ITER: 1 END: OK
2019-10-28 01:02:11.352 13639 INFO rally.task.runner [-] Task 1336b30f-67ca-45d9-9ae6-45eefdbd7861 | ITER: 7 START
2019-10-28 01:02:11.354 13641 INFO rally.task.runner [-] Task 1336b30f-67ca-45d9-9ae6-45eefdbd7861 | ITER: 3 END: OK
2019-10-28 01:02:11.356 13641 INFO rally.task.runner [-] Task 1336b30f-67ca-45d9-9ae6-45eefdbd7861 | ITER: 8 START
2019-10-28 01:02:16.071 13639 INFO rally.task.runner [-] Task 1336b30f-67ca-45d9-9ae6-45eefdbd7861 | ITER: 7 END: OK
2019-10-28 01:02:16.074 13644 INFO rally.task.runner [-] Task 1336b30f-67ca-45d9-9ae6-45eefdbd7861 | ITER: 5 END: OK
2019-10-28 01:02:16.075 13639 INFO rally.task.runner [-] Task 1336b30f-67ca-45d9-9ae6-45eefdbd7861 | ITER: 9 START
2019-10-28 01:02:16.076 13644 INFO rally.task.runner [-] Task 1336b30f-67ca-45d9-9ae6-45eefdbd7861 | ITER: 10 START
2019-10-28 01:02:16.104 13640 INFO rally.task.runner [-] Task 1336b30f-67ca-45d9-9ae6-45eefdbd7861 | ITER: 6 END: OK
2019-10-28 01:02:16.150 13641 INFO rally.task.runner [-] Task 1336b30f-67ca-45d9-9ae6-45eefdbd7861 | ITER: 8 END: OK
2019-10-28 01:02:20.601 13644 INFO rally.task.runner [-] Task 1336b30f-67ca-45d9-9ae6-45eefdbd7861 | ITER: 10 END: OK
2019-10-28 01:02:20.657 13639 INFO rally.task.runner [-] Task 1336b30f-67ca-45d9-9ae6-45eefdbd7861 | ITER: 9 END: OK
2019-10-28 01:02:20.682 11675 INFO rally.task.context [-] Task 1336b30f-67ca-45d9-9ae6-45eefdbd7861 | Context admin_cleanup@openstack cleanup() started
2019-10-28 01:02:20.685 11675 RALLYDEBUG rally_openstack.cleanup.manager [-] Cleaning up keystone user objects
2019-10-28 01:02:21.415 11675 RALLYDEBUG rally_openstack.cleanup.manager [-] Deleting keystone.user object s_rally_9c13b05c_SsgJhtzr (04a30eec97c2428b8695e7b7f5768a0e)
2019-10-28 01:02:21.424 11675 RALLYDEBUG rally_openstack.cleanup.manager [-] Deleting keystone.user object s_rally_9c13b05c_Gf3Y1cl8 (0a6c406fd8a7484ab856b18ff2e2f599)
2019-10-28 01:02:21.433 11675 RALLYDEBUG rally_openstack.cleanup.manager [-] Deleting keystone.user object s_rally_9c13b05c_pS4mxvPO (0be28c35eff94c3b9642953ada3f8fd7)
2019-10-28 01:02:21.437 11675 RALLYDEBUG rally_openstack.cleanup.manager [-] Deleting keystone.user object s_rally_9c13b05c_Mq5PlZQK (0ca6942fb2054a689f54deca3359e8e4)
2019-10-28 01:02:21.456 11675 RALLYDEBUG rally_openstack.cleanup.manager [-] Deleting keystone.user object s_rally_9c13b05c_2WMoz07V (104e84b3fdb547ff92ca707f1a1b3047)
2019-10-28 01:02:21.464 11675 RALLYDEBUG rally_openstack.cleanup.manager [-] Deleting keystone.user object s_rally_9c13b05c_poD8gWjC (114e3631b4e14f48a75b0381720574ae)
2019-10-28 01:02:21.485 11675 RALLYDEBUG rally_openstack.cleanup.manager [-] Deleting keystone.user object s_rally_9c13b05c_SLQ6a8G2 (17cdb69a9ba543ab92fae2e0dba375db)
2019-10-28 01:02:21.495 11675 RALLYDEBUG rally_openstack.cleanup.manager [-] Deleting keystone.user object s_rally_9c13b05c_YuyW4E0t (20ad8b1a8d0a4ad0ae6ab3049c075876)
2019-10-28 01:02:21.512 11675 RALLYDEBUG rally_openstack.cleanup.manager [-] Deleting keystone.user object s_rally_9c13b05c_htXfyToR (1d654e0f20c44e60b654d4127784f6a5)
2019-10-28 01:02:21.517 11675 RALLYDEBUG rally_openstack.cleanup.manager [-] Deleting keystone.user object s_rally_9c13b05c_cjqyYSmR (28a2a069bc354c279c5bb780107a763f)
2019-10-28 01:02:21.523 11675 RALLYDEBUG rally_openstack.cleanup.manager [-] Deleting keystone.user object s_rally_9c13b05c_OGkKuQP4 (26c03c12960843358b35a3d962332d43)
2019-10-28 01:02:21.530 11675 RALLYDEBUG rally_openstack.cleanup.manager [-] Deleting keystone.user object s_rally_9c13b05c_JnCsf0zM (294f38feb50d4f788bb50955f56b952f)
2019-10-28 01:02:21.549 11675 RALLYDEBUG rally_openstack.cleanup.manager [-] Deleting keystone.user object s_rally_9c13b05c_NYwLeYhC (31731be7437a46f385bd7fd02ff856d8)
2019-10-28 01:02:21.566 11675 RALLYDEBUG rally_openstack.cleanup.manager [-] Deleting keystone.user object s_rally_9c13b05c_fe9xCEdF (34ce59769ebe41c482544ed2a9213615)
2019-10-28 01:02:21.589 11675 RALLYDEBUG rally_openstack.cleanup.manager [-] Deleting keystone.user object s_rally_9c13b05c_NQtRXZXk (34fa96a6fc58484aa63e6fbd10e76edf)
2019-10-28 01:02:21.628 11675 RALLYDEBUG rally_openstack.cleanup.manager [-] Deleting keystone.user object s_rally_9c13b05c_RRfDCg24 (35b842cadcfe4cd992979b8ad5d7c928)
2019-10-28 01:02:21.645 11675 RALLYDEBUG rally_openstack.cleanup.manager [-] Deleting keystone.user object s_rally_9c13b05c_zYZS0dyu (363bd47215d04f31be3b66571c688459)
2019-10-28 01:02:21.650 11675 RALLYDEBUG rally_openstack.cleanup.manager [-] Deleting keystone.user object s_rally_9c13b05c_on9scs3M (3933032c35324c8eac093d02ac8444ef)
2019-10-28 01:02:21.660 11675 RALLYDEBUG rally_openstack.cleanup.manager [-] Deleting keystone.user object s_rally_9c13b05c_sMZ9o2Xs (397f83b6ebd8485fa642d8bdfd6d326e)
2019-10-28 01:02:21.666 11675 RALLYDEBUG rally_openstack.cleanup.manager [-] Deleting keystone.user object s_rally_9c13b05c_wDtgk1vH (3bcef8433e6a48eb825ecac9794121f0)
2019-10-28 01:02:23.612 11675 RALLYDEBUG rally_openstack.cleanup.manager [-] Deleting keystone.user object s_rally_9c13b05c_fCaC8DqY (3c93818b519c4ed3bfca31629e22f2bd)
2019-10-28 01:02:23.621 11675 RALLYDEBUG rally_openstack.cleanup.manager [-] Deleting keystone.user object s_rally_9c13b05c_8BQbVbjT (43d41387e07245db953e00d24d4b75b6)
2019-10-28 01:02:23.629 11675 RALLYDEBUG rally_openstack.cleanup.manager [-] Deleting keystone.user object s_rally_9c13b05c_tsbsPVqR (497e09def385413c8c8d3b51243d7935)
2019-10-28 01:02:23.730 11675 RALLYDEBUG rally_openstack.cleanup.manager [-] Deleting keystone.user object s_rally_9c13b05c_wZ7sNcTL (49ee0556c455444e84d0e68b225aecda)
2019-10-28 01:02:23.833 11675 RALLYDEBUG rally_openstack.cleanup.manager [-] Deleting keystone.user object s_rally_9c13b05c_VULxHoIR (4a636da75c034d298eb338c8cb34d9e8)
2019-10-28 01:02:23.913 11675 RALLYDEBUG rally_openstack.cleanup.manager [-] Deleting keystone.user object s_rally_9c13b05c_yMubdwfD (4dac29dd5e0741bdb7417b6753ddaac0)
2019-10-28 01:02:23.917 11675 RALLYDEBUG rally_openstack.cleanup.manager [-] Deleting keystone.user object s_rally_9c13b05c_WXpjyTyh (4fdc5d0c7fc4410882d0ae5e754bee85)
2019-10-28 01:02:24.043 11675 RALLYDEBUG rally_openstack.cleanup.manager [-] Deleting keystone.user object s_rally_9c13b05c_HewxUSQc (4fdc8f9cbd7f4ddc8e4fc229eca30d5e)
2019-10-28 01:02:24.051 11675 RALLYDEBUG rally_openstack.cleanup.manager [-] Deleting keystone.user object s_rally_9c13b05c_icl4ttEp (4fe7572dccf74658b4ba33e9aabb53f5)
2019-10-28 01:02:24.159 11675 RALLYDEBUG rally_openstack.cleanup.manager [-] Deleting keystone.user object s_rally_9c13b05c_ns6ij4fu (52bbbe855e3c44b1a688c2d092f7c4b6)
2019-10-28 01:02:24.168 11675 RALLYDEBUG rally_openstack.cleanup.manager [-] Deleting keystone.user object s_rally_9c13b05c_mdPEVNUH (55c521023e8247c9a3db074ef7be1147)
2019-10-28 01:02:24.172 11675 RALLYDEBUG rally_openstack.cleanup.manager [-] Deleting keystone.user object s_rally_9c13b05c_YstOs2zG (572185f3e328455abdafc3f91db340bc)
2019-10-28 01:02:24.176 11675 RALLYDEBUG rally_openstack.cleanup.manager [-] Deleting keystone.user object s_rally_9c13b05c_NwKkD8Hx (59111f0ae95c4d23b3244c992edd782d)
2019-10-28 01:02:24.184 11675 RALLYDEBUG rally_openstack.cleanup.manager [-] Deleting keystone.user object s_rally_9c13b05c_hZ8Cc5i8 (5a9458713758490db2f9386fa0221f13)
2019-10-28 01:02:24.199 11675 RALLYDEBUG rally_openstack.cleanup.manager [-] Deleting keystone.user object s_rally_9c13b05c_Q8ULmqYI (6191a9543cd44c1d96992710c52aecab)
2019-10-28 01:02:24.206 11675 RALLYDEBUG rally_openstack.cleanup.manager [-] Deleting keystone.user object s_rally_9c13b05c_yVVC05rf (61e3f8c9f2b84c19b750ad0e864670a0)
2019-10-28 01:02:24.209 11675 RALLYDEBUG rally_openstack.cleanup.manager [-] Deleting keystone.user object s_rally_9c13b05c_T4vvmG67 (6e92586269794f638308afba785897cc)
2019-10-28 01:02:24.217 11675 RALLYDEBUG rally_openstack.cleanup.manager [-] Deleting keystone.user object s_rally_9c13b05c_kTTCmWXW (6fe2363bd5ae4509976d713e9bc54c5d)
2019-10-28 01:02:24.278 11675 RALLYDEBUG rally_openstack.cleanup.manager [-] Deleting keystone.user object s_rally_9c13b05c_3816lLZX (70c8ac4e5e8049188f98b366648cf36a)
2019-10-28 01:02:24.285 11675 RALLYDEBUG rally_openstack.cleanup.manager [-] Deleting keystone.user object s_rally_9c13b05c_ksynq9vc (75870cd54b954a1d887406e80f88b247)
2019-10-28 01:02:25.646 11675 RALLYDEBUG rally_openstack.cleanup.manager [-] Deleting keystone.user object s_rally_9c13b05c_C3IBQo8j (7b55788008f14acfa9f1161915b13feb)
2019-10-28 01:02:25.778 11675 RALLYDEBUG rally_openstack.cleanup.manager [-] Deleting keystone.user object s_rally_9c13b05c_qrTXLKfu (7d552e678cdd4ba0b91093694469daef)
2019-10-28 01:02:25.804 11675 RALLYDEBUG rally_openstack.cleanup.manager [-] Deleting keystone.user object s_rally_9c13b05c_kQGl1Xs5 (83206ff375b943e7b5a799714406e1bd)
2019-10-28 01:02:25.864 11675 RALLYDEBUG rally_openstack.cleanup.manager [-] Deleting keystone.user object s_rally_9c13b05c_TRpkmI62 (85f5f16c912e438ab39f302afa301a8a)
2019-10-28 01:02:25.936 11675 RALLYDEBUG rally_openstack.cleanup.manager [-] Deleting keystone.user object s_rally_9c13b05c_wgJoqneY (8605084d2d04499aa1cd537770a64a72)
2019-10-28 01:02:25.973 11675 RALLYDEBUG rally_openstack.cleanup.manager [-] Deleting keystone.user object s_rally_9c13b05c_rH4Ouh72 (86254a2d846d43a48375596b88237a93)
2019-10-28 01:02:26.228 11675 RALLYDEBUG rally_openstack.cleanup.manager [-] Deleting keystone.user object s_rally_9c13b05c_c01qi0Tx (8701455371df40069b00a5358cce5fc2)
2019-10-28 01:02:26.245 11675 RALLYDEBUG rally_openstack.cleanup.manager [-] Deleting keystone.user object s_rally_9c13b05c_RqtSAceC (87bb073619594e9f89c90dcab274958f)
2019-10-28 01:02:26.259 11675 RALLYDEBUG rally_openstack.cleanup.manager [-] Deleting keystone.user object s_rally_9c13b05c_LyPWoZnv (89669560abb946d68b1bdd764afd2508)
2019-10-28 01:02:26.278 11675 RALLYDEBUG rally_openstack.cleanup.manager [-] Deleting keystone.user object s_rally_9c13b05c_cYGogMEp (89b095d8910f48d4bb64a01ac02c1bc6)
2019-10-28 01:02:26.282 11675 RALLYDEBUG rally_openstack.cleanup.manager [-] Deleting keystone.user object s_rally_9c13b05c_UhsSo0nZ (8a64f31019c147d6ace3f4bc3e85b00d)
2019-10-28 01:02:26.285 11675 RALLYDEBUG rally_openstack.cleanup.manager [-] Deleting keystone.user object s_rally_9c13b05c_CMqMk1UL (8a6af65d51524623bea471df9bab5d38)
2019-10-28 01:02:26.302 11675 RALLYDEBUG rally_openstack.cleanup.manager [-] Deleting keystone.user object s_rally_9c13b05c_isCCRYbQ (8e3e9d4a727749ab988df705f510f53b)
2019-10-28 01:02:26.307 11675 RALLYDEBUG rally_openstack.cleanup.manager [-] Deleting keystone.user object s_rally_9c13b05c_ZzIfLwy2 (8b48877036e34bb0ac4b83d065fbfe9e)
2019-10-28 01:02:26.362 11675 RALLYDEBUG rally_openstack.cleanup.manager [-] Deleting keystone.user object s_rally_9c13b05c_SrFyqHPZ (90ee3447879a46e5ab823f2248639070)
2019-10-28 01:02:26.414 11675 RALLYDEBUG rally_openstack.cleanup.manager [-] Deleting keystone.user object s_rally_9c13b05c_xJGtuhJt (937d08c4d03b4ce39cc0cd783facb71f)
2019-10-28 01:02:26.421 11675 RALLYDEBUG rally_openstack.cleanup.manager [-] Deleting keystone.user object s_rally_9c13b05c_G2zzWMKh (9465e760ea6e46b78ccd1ff30a209a7f)
2019-10-28 01:02:26.584 11675 RALLYDEBUG rally_openstack.cleanup.manager [-] Deleting keystone.user object s_rally_9c13b05c_nZBPL54V (981a6da023b949c9befe8d80181ec811)
2019-10-28 01:02:26.587 11675 RALLYDEBUG rally_openstack.cleanup.manager [-] Deleting keystone.user object s_rally_9c13b05c_BeKpCNho (98515782231d46de9a82f399ec2e61f9)
2019-10-28 01:02:26.595 11675 RALLYDEBUG rally_openstack.cleanup.manager [-] Deleting keystone.user object s_rally_9c13b05c_9UgdzaFz (98dbb837037a445b8fa1f85cab095f57)
2019-10-28 01:02:27.497 11675 RALLYDEBUG rally_openstack.cleanup.manager [-] Deleting keystone.user object s_rally_9c13b05c_PFWarC2x (9993836167c94c579c7043fa9462a97b)
2019-10-28 01:02:27.676 11675 RALLYDEBUG rally_openstack.cleanup.manager [-] Deleting keystone.user object s_rally_9c13b05c_sGiiWvZL (9a2289ea9de94a919f67bc04ef7b8101)
2019-10-28 01:02:27.685 11675 RALLYDEBUG rally_openstack.cleanup.manager [-] Deleting keystone.user object s_rally_9c13b05c_bU8scg8D (9abe28777ff044d79de57780d06d0e74)
2019-10-28 01:02:27.811 11675 RALLYDEBUG rally_openstack.cleanup.manager [-] Deleting keystone.user object s_rally_9c13b05c_sNgTNtxy (9dccad7cc04646b9823be3bdaafc5c0e)
2019-10-28 01:02:27.837 11675 RALLYDEBUG rally_openstack.cleanup.manager [-] Deleting keystone.user object s_rally_9c13b05c_QmZoNExm (9fa674ce79ac4773b7f4a31dfeaeb39b)
2019-10-28 01:02:28.042 11675 RALLYDEBUG rally_openstack.cleanup.manager [-] Deleting keystone.user object s_rally_9c13b05c_FgBQELYf (a1645fed73644d5dbf83dc3ff65dd8d6)
2019-10-28 01:02:28.086 11675 RALLYDEBUG rally_openstack.cleanup.manager [-] Deleting keystone.user object s_rally_9c13b05c_yC8VYv3j (a27b123d500543c189cf4415b81dfbbc)
2019-10-28 01:02:28.308 11675 RALLYDEBUG rally_openstack.cleanup.manager [-] Deleting keystone.user object s_rally_9c13b05c_sqtdvR1x (a4baa94364374b5ca57a2eea25a3ccf5)
2019-10-28 01:02:28.317 11675 RALLYDEBUG rally_openstack.cleanup.manager [-] Deleting keystone.user object s_rally_9c13b05c_Z6dTMeFv (a6361aa2e2754c7aa8bbed71f1f3a849)
2019-10-28 01:02:28.326 11675 RALLYDEBUG rally_openstack.cleanup.manager [-] Deleting keystone.user object s_rally_9c13b05c_BI5nnMDT (a65abd4b62ef4d2e8fc23a83e8d4d5d6)
2019-10-28 01:02:28.476 11675 RALLYDEBUG rally_openstack.cleanup.manager [-] Deleting keystone.user object s_rally_9c13b05c_Jnci8wP6 (a77b38b9bdd44d42b355f249ab1b424c)
2019-10-28 01:02:28.540 11675 RALLYDEBUG rally_openstack.cleanup.manager [-] Deleting keystone.user object s_rally_9c13b05c_Xc1WjLur (a8a06e8d924344ad8f9b3ce92b2916f3)
2019-10-28 01:02:28.641 11675 RALLYDEBUG rally_openstack.cleanup.manager [-] Deleting keystone.user object s_rally_9c13b05c_0kSq2yDo (aad068e960704d63a6c2607f66ded7f9)
2019-10-28 01:02:28.650 11675 RALLYDEBUG rally_openstack.cleanup.manager [-] Deleting keystone.user object s_rally_9c13b05c_X9rF3xEn (ac17b7c55e3f4170b01f229fbf32efba)
2019-10-28 01:02:28.658 11675 RALLYDEBUG rally_openstack.cleanup.manager [-] Deleting keystone.user object s_rally_9c13b05c_Sgwo4nzj (bbd1ae80c12f4521accf8c780a404f6d)
2019-10-28 01:02:28.687 11675 RALLYDEBUG rally_openstack.cleanup.manager [-] Deleting keystone.user object s_rally_9c13b05c_MNHRHy6g (bd6ae472eb7f4aedbbda23ab83fe64f3)
2019-10-28 01:02:28.694 11675 RALLYDEBUG rally_openstack.cleanup.manager [-] Deleting keystone.user object s_rally_9c13b05c_Pt6Kh7CJ (c028bc26c84444e69012898e4695faf6)
2019-10-28 01:02:28.843 11675 RALLYDEBUG rally_openstack.cleanup.manager [-] Deleting keystone.user object s_rally_9c13b05c_CBtiVbtH (c17a9d2f011943108a955f15144d5aa3)
2019-10-28 01:02:28.868 11675 RALLYDEBUG rally_openstack.cleanup.manager [-] Deleting keystone.user object s_rally_9c13b05c_MiF7nzKE (c49fec4a6fa7442e90058b7d018b07f7)
2019-10-28 01:02:28.879 11675 RALLYDEBUG rally_openstack.cleanup.manager [-] Deleting keystone.user object s_rally_9c13b05c_Ykwi1iSG (cae955de771944eaacc898124b8f7aee)
2019-10-28 01:02:29.311 11675 RALLYDEBUG rally_openstack.cleanup.manager [-] Deleting keystone.user object s_rally_9c13b05c_aP8P5wT4 (d2f023ec7a1a4a6a9dfea06ae0a957c0)
2019-10-28 01:02:29.640 11675 RALLYDEBUG rally_openstack.cleanup.manager [-] Deleting keystone.user object s_rally_9c13b05c_99oAhPZq (d9ef183757334aee87000c867c817d12)
2019-10-28 01:02:29.659 11675 RALLYDEBUG rally_openstack.cleanup.manager [-] Deleting keystone.user object s_rally_9c13b05c_RKbQ2viG (da0a79217d524f14b5323cacce7487fa)
2019-10-28 01:02:29.681 11675 RALLYDEBUG rally_openstack.cleanup.manager [-] Deleting keystone.user object s_rally_9c13b05c_MGHqocJr (da200d1ae4d54ca58087a1842d712447)
2019-10-28 01:02:29.689 11675 RALLYDEBUG rally_openstack.cleanup.manager [-] Deleting keystone.user object s_rally_9c13b05c_M3mMvh37 (dc02799135bd4118827884581862584e)
2019-10-28 01:02:29.881 11675 RALLYDEBUG rally_openstack.cleanup.manager [-] Deleting keystone.user object s_rally_9c13b05c_5vtnpBEw (dcdc480c58e748c29c7525c7ed36b2a3)
2019-10-28 01:02:30.086 11675 RALLYDEBUG rally_openstack.cleanup.manager [-] Deleting keystone.user object s_rally_9c13b05c_0uQRJC25 (e0b9743527c5412a8b1ddde93ee7bbde)
2019-10-28 01:02:30.111 11675 RALLYDEBUG rally_openstack.cleanup.manager [-] Deleting keystone.user object s_rally_9c13b05c_IPrUoZNm (e0c86e2f0f244c718d7ddaf9fb035ed5)
2019-10-28 01:02:30.257 11675 RALLYDEBUG rally_openstack.cleanup.manager [-] Deleting keystone.user object s_rally_9c13b05c_VWQkUJ9a (e24b79521f3a48ddbac9f54f65dfe5cc)
2019-10-28 01:02:30.421 11675 RALLYDEBUG rally_openstack.cleanup.manager [-] Deleting keystone.user object s_rally_9c13b05c_II7TYKh8 (e25537c28ef54ebb87cd199e12c0566f)
2019-10-28 01:02:30.450 11675 RALLYDEBUG rally_openstack.cleanup.manager [-] Deleting keystone.user object s_rally_9c13b05c_oEoWdTF0 (e69b40f55d7747cc9168b41f25a9db8c)
2019-10-28 01:02:30.571 11675 RALLYDEBUG rally_openstack.cleanup.manager [-] Deleting keystone.user object s_rally_9c13b05c_weA52swq (e9ee28c7295b4ca19155dce7f5880d70)
2019-10-28 01:02:30.573 11675 RALLYDEBUG rally_openstack.cleanup.manager [-] Deleting keystone.user object s_rally_9c13b05c_7pPN0LmQ (ebc4d1f35dbf420eaada802af97b5fb9)
2019-10-28 01:02:30.759 11675 RALLYDEBUG rally_openstack.cleanup.manager [-] Deleting keystone.user object s_rally_9c13b05c_yIsDElN1 (f42848e2e9a840c08562d8419724f95c)
2019-10-28 01:02:30.859 11675 RALLYDEBUG rally_openstack.cleanup.manager [-] Deleting keystone.user object s_rally_9c13b05c_qbfdHRNf (f5d9e89a8f134cd6991b1595899cf8a6)
2019-10-28 01:02:30.864 11675 RALLYDEBUG rally_openstack.cleanup.manager [-] Deleting keystone.user object s_rally_9c13b05c_jroI9MJp (f68dcd7fa49945fa80ae7f4a5965f588)
2019-10-28 01:02:30.892 11675 RALLYDEBUG rally_openstack.cleanup.manager [-] Deleting keystone.user object s_rally_9c13b05c_LI57Cthv (facdeddfff704ffb96a65621db8301f3)
2019-10-28 01:02:30.908 11675 RALLYDEBUG rally_openstack.cleanup.manager [-] Deleting keystone.user object s_rally_9c13b05c_qv7cpEQG (fb2fa6a70391452282fa495c43b096f8)
2019-10-28 01:02:30.953 11675 RALLYDEBUG rally_openstack.cleanup.manager [-] Deleting keystone.user object s_rally_9c13b05c_Cno8HLAS (fd6957196cff4114acbbd9b63ce5f363)
2019-10-28 01:02:31.015 11675 RALLYDEBUG rally_openstack.cleanup.manager [-] Deleting keystone.user object s_rally_9c13b05c_mPAC0uBc (fec96de73d3243c093597256ba9a79fc)
2019-10-28 01:02:33.178 11675 RALLYDEBUG rally_openstack.cleanup.manager [-] Cleaning up keystone project objects
2019-10-28 01:02:33.947 11675 RALLYDEBUG rally_openstack.cleanup.manager [-] Deleting keystone.project object s_rally_9c13b05c_4eLr8pYT (1ad40bd2e202470a9a6636d4119df8e3)
2019-10-28 01:02:33.966 11675 RALLYDEBUG rally_openstack.cleanup.manager [-] Deleting keystone.project object s_rally_9c13b05c_tNs5sa3r (21ed09ad107b4121b852aa311aeeb70c)
2019-10-28 01:02:33.974 11675 RALLYDEBUG rally_openstack.cleanup.manager [-] Deleting keystone.project object s_rally_9c13b05c_nIqfsS1z (70094bb79c4544e5b45ec6bb77e424d9)
2019-10-28 01:02:33.977 11675 RALLYDEBUG rally_openstack.cleanup.manager [-] Deleting keystone.project object s_rally_9c13b05c_5phPgvWt (6e3653508d7448a6846187d0e6a6714d)
2019-10-28 01:02:33.984 11675 RALLYDEBUG rally_openstack.cleanup.manager [-] Deleting keystone.project object s_rally_9c13b05c_kuU0KDlf (705f5021ec2b4fafaf5cdc3944c0a3c8)
2019-10-28 01:02:33.990 11675 RALLYDEBUG rally_openstack.cleanup.manager [-] Deleting keystone.project object s_rally_9c13b05c_h5dxv6pZ (7d2b13ae13504054bd03669660968960)
2019-10-28 01:02:34.005 11675 RALLYDEBUG rally_openstack.cleanup.manager [-] Deleting keystone.project object s_rally_9c13b05c_dCgL8ZDE (8aaecc0afb4a420bb9c4598625afd9d4)
2019-10-28 01:02:34.030 11675 RALLYDEBUG rally_openstack.cleanup.manager [-] Deleting keystone.project object s_rally_9c13b05c_myZtK0TS (cdbb0b1450fd47b7a8078e5e7df00f0b)
2019-10-28 01:02:34.035 11675 RALLYDEBUG rally_openstack.cleanup.manager [-] Deleting keystone.project object s_rally_9c13b05c_WyHyBT19 (e4ae377e23bc4a898f571c3fda7611dc)
2019-10-28 01:02:34.055 11675 RALLYDEBUG rally_openstack.cleanup.manager [-] Deleting keystone.project object s_rally_9c13b05c_SnPI9lKH (b138dedf04864ec59e4f8396ce3fe4ce)
2019-10-28 01:02:36.271 11675 RALLYDEBUG rally_openstack.cleanup.manager [-] Cleaning up keystone service objects
2019-10-28 01:02:37.125 11675 RALLYDEBUG rally_openstack.cleanup.manager [-] Cleaning up keystone role objects
2019-10-28 01:02:37.850 11675 INFO rally.task.context [-] Task 1336b30f-67ca-45d9-9ae6-45eefdbd7861 | Context admin_cleanup@openstack cleanup() finished in 17.17 sec
2019-10-28 01:02:37.851 11675 INFO rally.task.context [-] Task 1336b30f-67ca-45d9-9ae6-45eefdbd7861 | Context users@openstack cleanup() started
2019-10-28 01:02:40.628 11675 INFO rally.task.context [-] Task 1336b30f-67ca-45d9-9ae6-45eefdbd7861 | Context users@openstack cleanup() finished in 2.78 sec
2019-10-28 01:02:42.603 11675 INFO rally.task.engine [-] Load duration is: 12.865016
2019-10-28 01:02:42.604 11675 INFO rally.task.engine [-] Full runner duration is: 14.188029
2019-10-28 01:02:42.604 11675 INFO rally.task.engine [-] Full duration is: 36.314282
2019-10-28 01:02:42.862 11675 INFO rally.task.engine [-] Task 1336b30f-67ca-45d9-9ae6-45eefdbd7861 | Completed: Running task.
2019-10-28 01:02:44.357 13781 RALLYDEBUG rally.api [-] INFO logs from urllib3 and requests module are hide.
2019-10-28 01:02:44.357 13781 RALLYDEBUG rally.api [-] urllib3 insecure warnings are hidden.
2019-10-28 01:02:44.357 13781 RALLYDEBUG rally.api [-] ERROR log from boto module is hide.
2019-10-28 01:02:45.590 13782 RALLYDEBUG rally.api [-] INFO logs from urllib3 and requests module are hide.
2019-10-28 01:02:45.591 13782 RALLYDEBUG rally.api [-] urllib3 insecure warnings are hidden.
2019-10-28 01:02:45.591 13782 RALLYDEBUG rally.api [-] ERROR log from boto module is hide.
2019-10-28 01:02:46.854 13783 RALLYDEBUG rally.api [-] INFO logs from urllib3 and requests module are hide.
2019-10-28 01:02:46.854 13783 RALLYDEBUG rally.api [-] urllib3 insecure warnings are hidden.
2019-10-28 01:02:46.854 13783 RALLYDEBUG rally.api [-] ERROR log from boto module is hide.
2019-10-28 01:02:48.520 13783 INFO rally.api [-] Building 'json' report for the following task(s): '1336b30f-67ca-45d9-9ae6-45eefdbd7861'.
2019-10-28 01:02:48.547 13783 INFO rally.api [-] The report has been successfully built.
2019-10-28 01:02:49.910 13785 RALLYDEBUG rally.api [-] INFO logs from urllib3 and requests module are hide.
2019-10-28 01:02:49.910 13785 RALLYDEBUG rally.api [-] urllib3 insecure warnings are hidden.
2019-10-28 01:02:49.910 13785 RALLYDEBUG rally.api [-] ERROR log from boto module is hide.
2019-10-28 01:02:51.938 13785 INFO rally.task.engine [-] Task a3425f85-7b1b-491a-ac49-9eea7b18d903 | Starting: Task validation.
2019-10-28 01:02:51.994 13785 INFO rally.task.engine [-] Task a3425f85-7b1b-491a-ac49-9eea7b18d903 | Starting: Task validation of syntax.
2019-10-28 01:02:52.297 13785 INFO rally.task.engine [-] Task a3425f85-7b1b-491a-ac49-9eea7b18d903 | Completed: Task validation of syntax.
2019-10-28 01:02:52.298 13785 INFO rally.task.engine [-] Task a3425f85-7b1b-491a-ac49-9eea7b18d903 | Starting: Task validation of required platforms.
2019-10-28 01:02:52.410 13785 INFO rally.task.engine [-] Task a3425f85-7b1b-491a-ac49-9eea7b18d903 | Completed: Task validation of required platforms.
2019-10-28 01:02:52.410 13785 INFO rally.task.engine [-] Task a3425f85-7b1b-491a-ac49-9eea7b18d903 | Starting: Task validation of semantic.
2019-10-28 01:02:52.411 13785 INFO rally.task.engine [-] Check health of the environment '14d1cdf6-4063-414e-94ac-aa0149de702c'.
2019-10-28 01:02:53.336 13785 INFO rally.task.engine [-] Platform existing@openstack (available: True): OK!
2019-10-28 01:02:53.355 13785 RALLYDEBUG rally_openstack.contexts.keystone.users [-] Creating 1 tenants using 20 threads
2019-10-28 01:02:54.188 13785 RALLYDEBUG rally_openstack.contexts.keystone.users [-] Creating 1 users using 20 threads
2019-10-28 01:02:55.590 13785 INFO rally.task.context [-] Task a3425f85-7b1b-491a-ac49-9eea7b18d903 | Context users@openstack setup() finished in 2.23 sec
2019-10-28 01:03:01.920 13785 INFO rally.task.context [-] Task a3425f85-7b1b-491a-ac49-9eea7b18d903 | Context users@openstack cleanup() started
2019-10-28 01:03:04.981 13785 INFO rally.task.context [-] Task a3425f85-7b1b-491a-ac49-9eea7b18d903 | Context users@openstack cleanup() finished in 3.06 sec
2019-10-28 01:03:04.981 13785 INFO rally.task.engine [-] Task a3425f85-7b1b-491a-ac49-9eea7b18d903 | Completed: Task validation of semantic.
2019-10-28 01:03:04.982 13785 INFO rally.task.engine [-] Task a3425f85-7b1b-491a-ac49-9eea7b18d903 | Completed: Task validation.
2019-10-28 01:03:04.982 13785 INFO rally.api [-] Task a3425f85-7b1b-491a-ac49-9eea7b18d903 input file is valid.
2019-10-28 01:03:04.983 13785 INFO rally.api [-] Run Task a3425f85-7b1b-491a-ac49-9eea7b18d903 against Deployment 14d1cdf6-4063-414e-94ac-aa0149de702c
2019-10-28 01:03:04.983 13785 INFO rally.task.engine [-] Task a3425f85-7b1b-491a-ac49-9eea7b18d903 | Starting: Running task.
2019-10-28 01:03:05.163 13785 INFO rally.task.engine [-] Running workload: position = 0 config = { "version": 2, "title": "A cropped version of a bigger task.", "description": "Auto-generated task from a single workload (uuid=e0061b0d-3776-41ca-8c3d-95000f031782)", "subtasks": [ { "title": "NeutronNetworks.create_and_update_networks", "description": "Create and update a network.", "scenario": { "NeutronNetworks.create_and_update_networks": { "network_create_args": {}, "network_update_args": { "admin_state_up": false } } }, "contexts": { "users": { "tenants": 3, "users_per_tenant": 2 }, "quotas": { "neutron": { "network": -1 } } }, "runner": { "constant": { "concurrency": 4, "times": 10 } }, "hooks": [], "sla": { "failure_rate": { "max": 0 } } } ] }
2019-10-28 01:03:05.187 13785 RALLYDEBUG rally_openstack.contexts.keystone.users [-] Creating 3 tenants using 20 threads
2019-10-28 01:03:06.097 13785 RALLYDEBUG rally_openstack.contexts.keystone.users [-] Creating 6 users using 20 threads
2019-10-28 01:03:07.633 13785 INFO rally.task.context [-] Task a3425f85-7b1b-491a-ac49-9eea7b18d903 | Context users@openstack setup() finished in 2.45 sec
2019-10-28 01:03:08.519 13785 INFO rally.task.context [-] Task a3425f85-7b1b-491a-ac49-9eea7b18d903 | Context quotas@openstack setup() finished in 0.88 sec
2019-10-28 01:03:08.519 13785 INFO rally.task.context [-] Task a3425f85-7b1b-491a-ac49-9eea7b18d903 | Context cleanup@openstack setup() finished in 0.01 msec
2019-10-28 01:03:08.529 13785 RALLYDEBUG rally.task.runner [-] Starting the constant runner (task UUID: a3425f85-7b1b-491a-ac49-9eea7b18d903). times: 10 concurrency: 4 timeout: 0 max_cpu_used: 16 processes_to_start: 4 concurrency_per_worker: 1 concurrency_overhead: 0
2019-10-28 01:03:08.543 13909 RALLYDEBUG rally.task.runner [-] Starting a worker. times: 10 duration: None concurrency: 1 timeout: 0 cls: method_name: run args: {"network_create_args": {}, "network_update_args": {"admin_state_up": false}}
2019-10-28 01:03:08.546 13910 RALLYDEBUG rally.task.runner [-] Starting a worker. times: 10 duration: None concurrency: 1 timeout: 0 cls: method_name: run args: {"network_create_args": {}, "network_update_args": {"admin_state_up": false}}
2019-10-28 01:03:08.549 13909 INFO rally.task.runner [-] Task a3425f85-7b1b-491a-ac49-9eea7b18d903 | ITER: 1 START
2019-10-28 01:03:08.550 13911 RALLYDEBUG rally.task.runner [-] Starting a worker. times: 10 duration: None concurrency: 1 timeout: 0 cls: method_name: run args: {"network_create_args": {}, "network_update_args": {"admin_state_up": false}}
2019-10-28 01:03:08.552 13910 INFO rally.task.runner [-] Task a3425f85-7b1b-491a-ac49-9eea7b18d903 | ITER: 2 START
2019-10-28 01:03:08.554 13914 RALLYDEBUG rally.task.runner [-] Starting a worker. times: 10 duration: None concurrency: 1 timeout: 0 cls: method_name: run args: {"network_create_args": {}, "network_update_args": {"admin_state_up": false}}
2019-10-28 01:03:08.556 13911 INFO rally.task.runner [-] Task a3425f85-7b1b-491a-ac49-9eea7b18d903 | ITER: 3 START
2019-10-28 01:03:08.560 13914 INFO rally.task.runner [-] Task a3425f85-7b1b-491a-ac49-9eea7b18d903 | ITER: 4 START
2019-10-28 01:03:09.659 13914 INFO rally.task.runner [-] Task a3425f85-7b1b-491a-ac49-9eea7b18d903 | ITER: 4 END: OK
2019-10-28 01:03:09.663 13914 INFO rally.task.runner [-] Task a3425f85-7b1b-491a-ac49-9eea7b18d903 | ITER: 5 START
2019-10-28 01:03:09.813 13909 INFO rally.task.runner [-] Task a3425f85-7b1b-491a-ac49-9eea7b18d903 | ITER: 1 END: OK
2019-10-28 01:03:09.813 13911 INFO rally.task.runner [-] Task a3425f85-7b1b-491a-ac49-9eea7b18d903 | ITER: 3 END: OK
2019-10-28 01:03:09.817 13911 INFO rally.task.runner [-] Task a3425f85-7b1b-491a-ac49-9eea7b18d903 | ITER: 6 START
2019-10-28 01:03:09.818 13909 INFO rally.task.runner [-] Task a3425f85-7b1b-491a-ac49-9eea7b18d903 | ITER: 7 START
2019-10-28 01:03:10.136 13910 INFO rally.task.runner [-] Task a3425f85-7b1b-491a-ac49-9eea7b18d903 | ITER: 2 END: OK
2019-10-28 01:03:10.141 13910 INFO rally.task.runner [-] Task a3425f85-7b1b-491a-ac49-9eea7b18d903 | ITER: 8 START
2019-10-28 01:03:10.652 13914 INFO rally.task.runner [-] Task a3425f85-7b1b-491a-ac49-9eea7b18d903 | ITER: 5 END: OK
2019-10-28 01:03:10.656 13914 INFO rally.task.runner [-] Task a3425f85-7b1b-491a-ac49-9eea7b18d903 | ITER: 9 START
2019-10-28 01:03:10.995 13911 INFO rally.task.runner [-] Task a3425f85-7b1b-491a-ac49-9eea7b18d903 | ITER: 6 END: OK
2019-10-28 01:03:10.998 13911 INFO rally.task.runner [-] Task a3425f85-7b1b-491a-ac49-9eea7b18d903 | ITER: 10 START
2019-10-28 01:03:11.088 13909 INFO rally.task.runner [-] Task a3425f85-7b1b-491a-ac49-9eea7b18d903 | ITER: 7 END: OK
2019-10-28 01:03:11.123 13910 INFO rally.task.runner [-] Task a3425f85-7b1b-491a-ac49-9eea7b18d903 | ITER: 8 END: OK
2019-10-28 01:03:11.498 13914 INFO rally.task.runner [-] Task a3425f85-7b1b-491a-ac49-9eea7b18d903 | ITER: 9 END: OK
2019-10-28 01:03:12.169 13911 INFO rally.task.runner [-] Task a3425f85-7b1b-491a-ac49-9eea7b18d903 | ITER: 10 END: OK
2019-10-28 01:03:12.194 13785 INFO rally.task.context [-] Task a3425f85-7b1b-491a-ac49-9eea7b18d903 | Context cleanup@openstack cleanup() started
2019-10-28 01:03:12.198 13785 RALLYDEBUG rally_openstack.cleanup.manager [-] Cleaning up neutron vip objects
2019-10-28 01:03:13.450 13785 RALLYDEBUG rally_openstack.cleanup.manager [-] Cleaning up neutron health_monitor objects
2019-10-28 01:03:14.550 13785 RALLYDEBUG rally_openstack.cleanup.manager [-] Cleaning up neutron pool objects
2019-10-28 01:03:15.660 13785 RALLYDEBUG rally_openstack.cleanup.manager [-] Cleaning up neutron loadbalancer objects
2019-10-28 01:03:16.809 13785 RALLYDEBUG rally_openstack.cleanup.manager [-] Cleaning up neutron floatingip objects
2019-10-28 01:03:18.037 13785 RALLYDEBUG rally_openstack.cleanup.manager [-] Cleaning up neutron trunk objects
2019-10-28 01:03:19.163 13785 RALLYDEBUG rally_openstack.cleanup.manager [-] Cleaning up neutron port objects
2019-10-28 01:03:20.354 13785 RALLYDEBUG rally_openstack.cleanup.manager [-] Cleaning up neutron subnet objects
2019-10-28 01:03:21.528 13785 RALLYDEBUG rally_openstack.cleanup.manager [-] Cleaning up neutron network objects
2019-10-28 01:03:22.864 13785 RALLYDEBUG rally_openstack.cleanup.manager [-] Deleting neutron.network object s_rally_e0061b0d_ipVUjUvo (56def82b-58ed-4019-8582-8759db9230d9)
2019-10-28 01:03:22.875 13785 RALLYDEBUG rally_openstack.cleanup.manager [-] Deleting neutron.network object s_rally_e0061b0d_Cy3p4INu (8854eb73-0a39-41dc-9956-e7c9d42605ae)
2019-10-28 01:03:22.884 13785 RALLYDEBUG rally_openstack.cleanup.manager [-] Deleting neutron.network object s_rally_e0061b0d_WsCXweE5 (8c0646f7-ea64-4a9b-930d-440a2d603573)
2019-10-28 01:03:22.891 13785 RALLYDEBUG rally_openstack.cleanup.manager [-] Deleting neutron.network object s_rally_e0061b0d_C4YOSd0y (cef8a0c4-8634-49d2-8ee6-02e66dfb3f57)
2019-10-28 01:03:22.900 13785 RALLYDEBUG rally_openstack.cleanup.manager [-] Deleting neutron.network object s_rally_e0061b0d_Kv7p0ZDi (fab0c00f-c2d5-46aa-9afd-76897074bb6a)
2019-10-28 01:03:22.904 13785 RALLYDEBUG rally_openstack.cleanup.manager [-] Deleting neutron.network object s_rally_e0061b0d_zjbeWWaT (7c094545-fb3e-4498-b854-8c14234b2d4c)
2019-10-28 01:03:22.923 13785 RALLYDEBUG rally_openstack.cleanup.manager [-] Deleting neutron.network object s_rally_e0061b0d_LpfeugTz (c76f0f33-01af-4cd2-b1cf-fcebdf8aafd5)
2019-10-28 01:03:22.932 13785 RALLYDEBUG rally_openstack.cleanup.manager [-] Deleting neutron.network object s_rally_e0061b0d_w3iHhV18 (d44c7ea4-75ce-4aef-a9b5-867dd66f106e)
2019-10-28 01:03:22.948 13785 RALLYDEBUG rally_openstack.cleanup.manager [-] Deleting neutron.network object s_rally_e0061b0d_4RSvCVLe (50615ab9-4f60-48cd-8836-ac932077b1ef)
2019-10-28 01:03:22.953 13785 RALLYDEBUG rally_openstack.cleanup.manager [-] Deleting neutron.network object s_rally_e0061b0d_fAlafAJa (628953c7-9e32-403d-802c-4c5cff87216a)
2019-10-28 01:03:25.583 13785 RALLYDEBUG rally_openstack.cleanup.manager [-] Cleaning up neutron router objects
2019-10-28 01:03:26.797 13785 RALLYDEBUG rally_openstack.cleanup.manager [-] Cleaning up neutron security_group objects
2019-10-28 01:03:28.034 13785 INFO rally.task.context [-] Task a3425f85-7b1b-491a-ac49-9eea7b18d903 | Context cleanup@openstack cleanup() finished in 15.84 sec
2019-10-28 01:03:28.035 13785 INFO rally.task.context [-] Task a3425f85-7b1b-491a-ac49-9eea7b18d903 | Context quotas@openstack cleanup() started
2019-10-28 01:03:28.258 13785 INFO rally.task.context [-] Task a3425f85-7b1b-491a-ac49-9eea7b18d903 | Context quotas@openstack cleanup() finished in 0.22 sec
2019-10-28 01:03:28.258 13785 INFO rally.task.context [-] Task a3425f85-7b1b-491a-ac49-9eea7b18d903 | Context users@openstack cleanup() started
2019-10-28 01:03:32.162 13785 INFO rally.task.context [-] Task a3425f85-7b1b-491a-ac49-9eea7b18d903 | Context users@openstack cleanup() finished in 3.90 sec
2019-10-28 01:03:33.396 13785 INFO rally.task.engine [-] Load duration is: 3.618102
2019-10-28 01:03:33.396 13785 INFO rally.task.engine [-] Full runner duration is: 3.665537
2019-10-28 01:03:33.397 13785 INFO rally.task.engine [-] Full duration is: 26.977837
2019-10-28 01:03:33.744 13785 INFO rally.task.engine [-] Running workload: position = 0 config = { "version": 2, "title": "A cropped version of a bigger task.", "description": "Auto-generated task from a single workload (uuid=c8be2740-90fb-45a2-a878-7fbc2cb2b240)", "subtasks": [ { "title": "NeutronNetworks.create_and_update_ports", "description": "Create and update a given number of ports.", "scenario": { "NeutronNetworks.create_and_update_ports": { "network_create_args": {}, "port_create_args": {}, "port_update_args": { "admin_state_up": false, "device_id": "dummy_id", "device_owner": "dummy_owner" }, "ports_per_network": 1 } }, "contexts": { "users": { "tenants": 3, "users_per_tenant": 2 }, "network": { "router": {} }, "quotas": { "neutron": { "network": -1, "port": -1 } } }, "runner": { "constant": { "concurrency": 4, "times": 10 } }, "hooks": [], "sla": { "failure_rate": { "max": 0 } } } ] }
2019-10-28 01:03:33.772 13785 RALLYDEBUG rally_openstack.contexts.keystone.users [-] Creating 3 tenants using 20 threads
2019-10-28 01:03:34.697 13785 RALLYDEBUG rally_openstack.contexts.keystone.users [-] Creating 6 users using 20 threads
2019-10-28 01:03:36.265 13785 INFO rally.task.context [-] Task a3425f85-7b1b-491a-ac49-9eea7b18d903 | Context users@openstack setup() finished in 2.49 sec
2019-10-28 01:03:37.026 13785 INFO rally.task.context [-] Task a3425f85-7b1b-491a-ac49-9eea7b18d903 | Context quotas@openstack setup() finished in 0.76 sec
2019-10-28 01:03:37.649 13785 RALLYDEBUG rally_openstack.wrappers.network [-] CIDR generated: 10.2.0.0/24
2019-10-28 01:03:38.750 13785 RALLYDEBUG rally_openstack.wrappers.network [-] CIDR generated: 10.2.1.0/24
2019-10-28 01:03:39.665 13785 RALLYDEBUG rally_openstack.wrappers.network [-] CIDR generated: 10.2.2.0/24
2019-10-28 01:03:40.057 13785 INFO rally.task.context [-] Task a3425f85-7b1b-491a-ac49-9eea7b18d903 | Context network@openstack setup() finished in 3.03 sec
2019-10-28 01:03:40.058 13785 INFO rally.task.context [-] Task a3425f85-7b1b-491a-ac49-9eea7b18d903 | Context cleanup@openstack setup() finished in 0.02 msec
2019-10-28 01:03:40.068 13785 RALLYDEBUG rally.task.runner [-] Starting the constant runner (task UUID: a3425f85-7b1b-491a-ac49-9eea7b18d903). times: 10 concurrency: 4 timeout: 0 max_cpu_used: 16 processes_to_start: 4 concurrency_per_worker: 1 concurrency_overhead: 0
2019-10-28 01:03:40.080 14233 RALLYDEBUG rally.task.runner [-] Starting a worker. times: 10 duration: None concurrency: 1 timeout: 0 cls: method_name: run args: {"network_create_args": {}, "port_create_args": {}, "port_update_args": {"admin_state_up": false, "device_id": "dummy_id", "device_owner": "dummy_owner"}, "ports_per_network": 1}
2019-10-28 01:03:40.083 14234 RALLYDEBUG rally.task.runner [-] Starting a worker. times: 10 duration: None concurrency: 1 timeout: 0 cls: method_name: run args: {"network_create_args": {}, "port_create_args": {}, "port_update_args": {"admin_state_up": false, "device_id": "dummy_id", "device_owner": "dummy_owner"}, "ports_per_network": 1}
2019-10-28 01:03:40.087 14233 INFO rally.task.runner [-] Task a3425f85-7b1b-491a-ac49-9eea7b18d903 | ITER: 1 START
2019-10-28 01:03:40.087 14235 RALLYDEBUG rally.task.runner [-] Starting a worker. times: 10 duration: None concurrency: 1 timeout: 0 cls: method_name: run args: {"network_create_args": {}, "port_create_args": {}, "port_update_args": {"admin_state_up": false, "device_id": "dummy_id", "device_owner": "dummy_owner"}, "ports_per_network": 1}
2019-10-28 01:03:40.090 14234 INFO rally.task.runner [-] Task a3425f85-7b1b-491a-ac49-9eea7b18d903 | ITER: 2 START
2019-10-28 01:03:40.090 14236 RALLYDEBUG rally.task.runner [-] Starting a worker. times: 10 duration: None concurrency: 1 timeout: 0 cls: method_name: run args: {"network_create_args": {}, "port_create_args": {}, "port_update_args": {"admin_state_up": false, "device_id": "dummy_id", "device_owner": "dummy_owner"}, "ports_per_network": 1}
2019-10-28 01:03:40.094 14235 INFO rally.task.runner [-] Task a3425f85-7b1b-491a-ac49-9eea7b18d903 | ITER: 3 START
2019-10-28 01:03:40.097 14236 INFO rally.task.runner [-] Task a3425f85-7b1b-491a-ac49-9eea7b18d903 | ITER: 4 START
2019-10-28 01:03:41.570 14235 INFO rally.task.runner [-] Task a3425f85-7b1b-491a-ac49-9eea7b18d903 | ITER: 3 END: OK
2019-10-28 01:03:41.575 14235 INFO rally.task.runner [-] Task a3425f85-7b1b-491a-ac49-9eea7b18d903 | ITER: 5 START
2019-10-28 01:03:41.717 14233 INFO rally.task.runner [-] Task a3425f85-7b1b-491a-ac49-9eea7b18d903 | ITER: 1 END: OK
2019-10-28 01:03:41.721 14233 INFO rally.task.runner [-] Task a3425f85-7b1b-491a-ac49-9eea7b18d903 | ITER: 6 START
2019-10-28 01:03:41.935 14234 INFO rally.task.runner [-] Task a3425f85-7b1b-491a-ac49-9eea7b18d903 | ITER: 2 END: OK
2019-10-28 01:03:41.941 14234 INFO rally.task.runner [-] Task a3425f85-7b1b-491a-ac49-9eea7b18d903 | ITER: 7 START
2019-10-28 01:03:42.078 14236 INFO rally.task.runner [-] Task a3425f85-7b1b-491a-ac49-9eea7b18d903 | ITER: 4 END: OK
2019-10-28 01:03:42.082 14236 INFO rally.task.runner [-] Task a3425f85-7b1b-491a-ac49-9eea7b18d903 | ITER: 8 START
2019-10-28 01:03:43.241 14234 INFO rally.task.runner [-] Task a3425f85-7b1b-491a-ac49-9eea7b18d903 | ITER: 7 END: OK
2019-10-28 01:03:43.244 14234 INFO rally.task.runner [-] Task a3425f85-7b1b-491a-ac49-9eea7b18d903 | ITER: 9 START
2019-10-28 01:03:43.276 14233 INFO rally.task.runner [-] Task a3425f85-7b1b-491a-ac49-9eea7b18d903 | ITER: 6 END: OK
2019-10-28 01:03:43.280 14233 INFO rally.task.runner [-] Task a3425f85-7b1b-491a-ac49-9eea7b18d903 | ITER: 10 START
2019-10-28 01:03:43.355 14235 INFO rally.task.runner [-] Task a3425f85-7b1b-491a-ac49-9eea7b18d903 | ITER: 5 END: OK
2019-10-28 01:03:43.727 14236 INFO rally.task.runner [-] Task a3425f85-7b1b-491a-ac49-9eea7b18d903 | ITER: 8 END: OK
2019-10-28 01:03:44.672 14234 INFO rally.task.runner [-] Task a3425f85-7b1b-491a-ac49-9eea7b18d903 | ITER: 9 END: OK
2019-10-28 01:03:44.838 14233 INFO rally.task.runner [-] Task a3425f85-7b1b-491a-ac49-9eea7b18d903 | ITER: 10 END: OK
2019-10-28 01:03:44.867 13785 INFO rally.task.context [-] Task a3425f85-7b1b-491a-ac49-9eea7b18d903 | Context cleanup@openstack cleanup() started
2019-10-28 01:03:44.870 13785 RALLYDEBUG rally_openstack.cleanup.manager [-] Cleaning up neutron vip objects
2019-10-28 01:03:46.026 13785 RALLYDEBUG rally_openstack.cleanup.manager [-] Cleaning up neutron health_monitor objects
2019-10-28 01:03:47.101 13785 RALLYDEBUG rally_openstack.cleanup.manager [-] Cleaning up neutron pool objects
2019-10-28 01:03:48.207 13785 RALLYDEBUG rally_openstack.cleanup.manager [-] Cleaning up neutron loadbalancer objects
2019-10-28 01:03:49.308 13785 RALLYDEBUG rally_openstack.cleanup.manager [-] Cleaning up neutron floatingip objects
2019-10-28 01:03:50.504 13785 RALLYDEBUG rally_openstack.cleanup.manager [-] Cleaning up neutron trunk objects
2019-10-28 01:03:51.707 13785 RALLYDEBUG rally_openstack.cleanup.manager [-] Cleaning up neutron port objects
2019-10-28 01:03:52.998 13785 RALLYDEBUG rally_openstack.cleanup.manager [-] Deleting neutron.port object s_rally_c8be2740_vZxUqHai (16ce6a83-f9d2-4aa0-9329-368a47110002)
