2019-07-05 09:02:04.202 23768 RALLYDEBUG rally.task.runner [-] Starting a worker. concurrency: 1 args: {"network_create_args": {}, "subnet_create_args": {}, "subnet_cidr_start": "1.1.0.0/30", "subnets_per_network": 2} times: 40 method_name: run timeout: 0 duration: None cls:
2019-07-05 09:02:04.204 23772 RALLYDEBUG rally.task.runner [-] Starting a worker. concurrency: 1 args: {"network_create_args": {}, "subnet_create_args": {}, "subnet_cidr_start": "1.1.0.0/30", "subnets_per_network": 2} times: 40 method_name: run timeout: 0 duration: None cls:
2019-07-05 09:02:04.205 23765 WARNING rally_openstack.scenarios.neutron.utils [-] Running this scenario without either the 'network' or 'existing_network' context is deprecated
2019-07-05 09:02:04.208 23776 RALLYDEBUG rally.task.runner [-] Starting a worker. concurrency: 1 args: {"network_create_args": {}, "subnet_create_args": {}, "subnet_cidr_start": "1.1.0.0/30", "subnets_per_network": 2} times: 40 method_name: run timeout: 0 duration: None cls:
2019-07-05 09:02:04.210 23772 INFO rally.task.runner [-] Task 2d96a6c3-edc5-4322-be8d-4c1321fe0da9 | ITER: 12 START
2019-07-05 09:02:04.210 23768 INFO rally.task.runner [-] Task 2d96a6c3-edc5-4322-be8d-4c1321fe0da9 | ITER: 11 START
2019-07-05 09:02:04.212 23772 WARNING rally_openstack.scenarios.neutron.utils [-] Running this scenario without either the 'network' or 'existing_network' context is deprecated
2019-07-05 09:02:04.211 23756 INFO rally.task.runner [-] Task 2d96a6c3-edc5-4322-be8d-4c1321fe0da9 | ITER: 3 START
2019-07-05 09:02:04.212 23768 WARNING rally_openstack.scenarios.neutron.utils [-] Running this scenario without either the 'network' or 'existing_network' context is deprecated
2019-07-05 09:02:04.213 23756 WARNING rally_openstack.scenarios.neutron.utils [-] Running this scenario without either the 'network' or 'existing_network' context is deprecated
2019-07-05 09:02:04.214 23779 RALLYDEBUG rally.task.runner [-] Starting a worker. concurrency: 1 args: {"network_create_args": {}, "subnet_create_args": {}, "subnet_cidr_start": "1.1.0.0/30", "subnets_per_network": 2} times: 40 method_name: run timeout: 0 duration: None cls:
2019-07-05 09:02:04.205 23758 INFO rally.task.runner [-] Task 2d96a6c3-edc5-4322-be8d-4c1321fe0da9 | ITER: 7 START
2019-07-05 09:02:04.215 23776 INFO rally.task.runner [-] Task 2d96a6c3-edc5-4322-be8d-4c1321fe0da9 | ITER: 13 START
2019-07-05 09:02:04.217 23776 WARNING rally_openstack.scenarios.neutron.utils [-] Running this scenario without either the 'network' or 'existing_network' context is deprecated
2019-07-05 09:02:04.216 23758 WARNING rally_openstack.scenarios.neutron.utils [-] Running this scenario without either the 'network' or 'existing_network' context is deprecated
2019-07-05 09:02:04.206 23759 INFO rally.task.runner [-] Task 2d96a6c3-edc5-4322-be8d-4c1321fe0da9 | ITER: 8 START
2019-07-05 09:02:04.219 23757 INFO rally.task.runner [-] Task 2d96a6c3-edc5-4322-be8d-4c1321fe0da9 | ITER: 5 START
2019-07-05 09:02:04.220 23757 WARNING rally_openstack.scenarios.neutron.utils [-] Running this scenario without either the 'network' or 'existing_network' context is deprecated
2019-07-05 09:02:04.219 23759 WARNING rally_openstack.scenarios.neutron.utils [-] Running this scenario without either the 'network' or 'existing_network' context is deprecated
2019-07-05 09:02:04.220 23779 INFO rally.task.runner [-] Task 2d96a6c3-edc5-4322-be8d-4c1321fe0da9 | ITER: 14 START
2019-07-05 09:02:04.219 23785 RALLYDEBUG rally.task.runner [-] Starting a worker. concurrency: 1 args: {"network_create_args": {}, "subnet_create_args": {}, "subnet_cidr_start": "1.1.0.0/30", "subnets_per_network": 2} times: 40 method_name: run timeout: 0 duration: None cls:
2019-07-05 09:02:04.221 23779 WARNING rally_openstack.scenarios.neutron.utils [-] Running this scenario without either the 'network' or 'existing_network' context is deprecated
2019-07-05 09:02:04.227 23785 INFO rally.task.runner [-] Task 2d96a6c3-edc5-4322-be8d-4c1321fe0da9 | ITER: 15 START
2019-07-05 09:02:04.229 23785 WARNING rally_openstack.scenarios.neutron.utils [-] Running this scenario without either the 'network' or 'existing_network' context is deprecated
2019-07-05 09:02:04.234 23791 RALLYDEBUG rally.task.runner [-] Starting a worker. concurrency: 1 args: {"network_create_args": {}, "subnet_create_args": {}, "subnet_cidr_start": "1.1.0.0/30", "subnets_per_network": 2} times: 40 method_name: run timeout: 0 duration: None cls:
2019-07-05 09:02:04.236 23794 RALLYDEBUG rally.task.runner [-] Starting a worker. concurrency: 1 args: {"network_create_args": {}, "subnet_create_args": {}, "subnet_cidr_start": "1.1.0.0/30", "subnets_per_network": 2} times: 40 method_name: run timeout: 0 duration: None cls:
2019-07-05 09:02:04.242 23791 INFO rally.task.runner [-] Task 2d96a6c3-edc5-4322-be8d-4c1321fe0da9 | ITER: 16 START
2019-07-05 09:02:04.242 23794 INFO rally.task.runner [-] Task 2d96a6c3-edc5-4322-be8d-4c1321fe0da9 | ITER: 17 START
2019-07-05 09:02:04.244 23791 WARNING rally_openstack.scenarios.neutron.utils [-] Running this scenario without either the 'network' or 'existing_network' context is deprecated
2019-07-05 09:02:04.244 23794 WARNING rally_openstack.scenarios.neutron.utils [-] Running this scenario without either the 'network' or 'existing_network' context is deprecated
2019-07-05 09:02:04.246 23795 RALLYDEBUG rally.task.runner [-] Starting a worker. concurrency: 1 args: {"network_create_args": {}, "subnet_create_args": {}, "subnet_cidr_start": "1.1.0.0/30", "subnets_per_network": 2} times: 40 method_name: run timeout: 0 duration: None cls:
2019-07-05 09:02:04.253 23795 INFO rally.task.runner [-] Task 2d96a6c3-edc5-4322-be8d-4c1321fe0da9 | ITER: 18 START
2019-07-05 09:02:04.255 23795 WARNING rally_openstack.scenarios.neutron.utils [-] Running this scenario without either the 'network' or 'existing_network' context is deprecated
2019-07-05 09:02:04.254 23800 RALLYDEBUG rally.task.runner [-] Starting a worker. concurrency: 1 args: {"network_create_args": {}, "subnet_create_args": {}, "subnet_cidr_start": "1.1.0.0/30", "subnets_per_network": 2} times: 40 method_name: run timeout: 0 duration: None cls:
2019-07-05 09:02:04.260 23800 INFO rally.task.runner [-] Task 2d96a6c3-edc5-4322-be8d-4c1321fe0da9 | ITER: 19 START
2019-07-05 09:02:04.262 23800 WARNING rally_openstack.scenarios.neutron.utils [-] Running this scenario without either the 'network' or 'existing_network' context is deprecated
2019-07-05 09:02:04.261 23803 RALLYDEBUG rally.task.runner [-] Starting a worker. concurrency: 1 args: {"network_create_args": {}, "subnet_create_args": {}, "subnet_cidr_start": "1.1.0.0/30", "subnets_per_network": 2} times: 40 method_name: run timeout: 0 duration: None cls:
2019-07-05 09:02:04.266 23803 INFO rally.task.runner [-] Task 2d96a6c3-edc5-4322-be8d-4c1321fe0da9 | ITER: 20 START
2019-07-05 09:02:04.267 23803 WARNING rally_openstack.scenarios.neutron.utils [-] Running this scenario without either the 'network' or 'existing_network' context is deprecated
2019-07-05 09:02:05.006 23776 RALLYDEBUG rally_openstack.wrappers.network [-] CIDR generated: 1.1.4.96/30
2019-07-05 09:02:05.008 23779 RALLYDEBUG rally_openstack.wrappers.network [-] CIDR generated: 1.1.4.100/30
2019-07-05 09:02:05.050 23759 RALLYDEBUG rally_openstack.wrappers.network [-] CIDR generated: 1.1.4.104/30
2019-07-05 09:02:05.177 23758 RALLYDEBUG rally_openstack.wrappers.network [-] CIDR generated: 1.1.4.108/30
2019-07-05 09:02:05.190 23756 RALLYDEBUG rally_openstack.wrappers.network [-] CIDR generated: 1.1.4.112/30
2019-07-05 09:02:05.265 23756 RALLYDEBUG rally_openstack.wrappers.network [-] CIDR generated: 1.1.4.116/30
2019-07-05 09:02:05.282 23759 RALLYDEBUG rally_openstack.wrappers.network [-] CIDR generated: 1.1.4.120/30
2019-07-05 09:02:05.282 23768 RALLYDEBUG rally_openstack.wrappers.network [-] CIDR generated: 1.1.4.124/30
2019-07-05 09:02:05.409 23765 RALLYDEBUG rally_openstack.wrappers.network [-] CIDR generated: 1.1.4.128/30
2019-07-05 09:02:05.412 23757 RALLYDEBUG rally_openstack.wrappers.network [-] CIDR generated: 1.1.4.132/30
2019-07-05 09:02:05.414 23795 RALLYDEBUG rally_openstack.wrappers.network [-] CIDR generated: 1.1.4.136/30
2019-07-05 09:02:05.447 23757 RALLYDEBUG rally_openstack.wrappers.network [-] CIDR generated: 1.1.4.140/30
2019-07-05 09:02:05.453 23803 RALLYDEBUG rally_openstack.wrappers.network [-] CIDR generated: 1.1.4.144/30
2019-07-05 09:02:05.463 23800 RALLYDEBUG rally_openstack.wrappers.network [-] CIDR generated: 1.1.4.148/30
2019-07-05 09:02:05.470 23794 RALLYDEBUG rally_openstack.wrappers.network [-] CIDR generated: 1.1.4.152/30
2019-07-05 09:02:05.541 23758 RALLYDEBUG rally_openstack.wrappers.network [-] CIDR generated: 1.1.4.156/30
2019-07-05 09:02:05.548 23785 RALLYDEBUG rally_openstack.wrappers.network [-] CIDR generated: 1.1.4.160/30
2019-07-05 09:02:05.788 23762 RALLYDEBUG rally_openstack.wrappers.network [-] CIDR generated: 1.1.4.164/30
2019-07-05 09:02:05.792 23772 RALLYDEBUG rally_openstack.wrappers.network [-] CIDR generated: 1.1.4.168/30
2019-07-05 09:02:06.023 23791 RALLYDEBUG rally_openstack.wrappers.network [-] CIDR generated: 1.1.4.172/30
2019-07-05 09:02:06.095 23759 RALLYDEBUG rally_openstack.wrappers.network [-] CIDR generated: 1.1.4.176/30
2019-07-05 09:02:06.210 23758 RALLYDEBUG rally_openstack.wrappers.network [-] CIDR generated: 1.1.4.180/30
2019-07-05 09:02:06.348 23785 RALLYDEBUG rally_openstack.wrappers.network [-] CIDR generated: 1.1.4.184/30
2019-07-05 09:02:06.617 23756 RALLYDEBUG rally_openstack.wrappers.network [-] CIDR generated: 1.1.4.188/30
2019-07-05 09:02:06.745 23756 RALLYDEBUG rally_openstack.wrappers.network [-] CIDR generated: 1.1.4.192/30
2019-07-05 09:02:07.144 23779 RALLYDEBUG rally_openstack.wrappers.network [-] CIDR generated: 1.1.4.196/30
2019-07-05 09:02:07.195 23768 RALLYDEBUG rally_openstack.wrappers.network [-] CIDR generated: 1.1.4.200/30
2019-07-05 09:02:07.494 23795 RALLYDEBUG rally_openstack.wrappers.network [-] CIDR generated: 1.1.4.204/30
2019-07-05 09:02:07.604 23772 RALLYDEBUG rally_openstack.wrappers.network [-] CIDR generated: 1.1.4.208/30
2019-07-05 09:02:07.770 23800 RALLYDEBUG rally_openstack.wrappers.network [-] CIDR generated: 1.1.4.212/30
2019-07-05 09:02:07.838 23776 RALLYDEBUG rally_openstack.wrappers.network [-] CIDR generated: 1.1.4.216/30
2019-07-05 09:02:07.844 23791 RALLYDEBUG rally_openstack.wrappers.network [-] CIDR generated: 1.1.4.220/30
2019-07-05 09:02:08.129 23758 RALLYDEBUG rally_openstack.wrappers.network [-] CIDR generated: 1.1.4.224/30
2019-07-05 09:02:08.196 23762 RALLYDEBUG rally_openstack.wrappers.network [-] CIDR generated: 1.1.4.228/30
2019-07-05 09:02:09.099 23757 RALLYDEBUG rally_openstack.wrappers.network [-] CIDR generated: 1.1.4.232/30
2019-07-05 09:02:09.129 23794 RALLYDEBUG rally_openstack.wrappers.network [-] CIDR generated: 1.1.4.236/30
2019-07-05 09:02:09.285 23765 RALLYDEBUG rally_openstack.wrappers.network [-] CIDR generated: 1.1.4.240/30
2019-07-05 09:02:09.823 23803 RALLYDEBUG rally_openstack.wrappers.network [-] CIDR generated: 1.1.4.244/30
2019-07-05 09:02:09.927 23757 RALLYDEBUG rally_openstack.wrappers.network [-] CIDR generated: 1.1.4.248/30
2019-07-05 09:02:10.048 23759 RALLYDEBUG rally_openstack.wrappers.network [-] CIDR generated: 1.1.4.252/30
2019-07-05 09:02:10.342 23758 INFO rally.task.runner [-] Task 2d96a6c3-edc5-4322-be8d-4c1321fe0da9 | ITER: 7 END: OK
2019-07-05 09:02:10.347 23758 INFO rally.task.runner [-] Task 2d96a6c3-edc5-4322-be8d-4c1321fe0da9 | ITER: 21 START
2019-07-05 09:02:10.348 23758 WARNING rally_openstack.scenarios.neutron.utils [-] Running this scenario without either the 'network' or 'existing_network' context is deprecated
2019-07-05 09:02:10.918 23800 INFO rally.task.runner [-] Task 2d96a6c3-edc5-4322-be8d-4c1321fe0da9 | ITER: 19 END: OK
2019-07-05 09:02:10.923 23800 INFO rally.task.runner [-] Task 2d96a6c3-edc5-4322-be8d-4c1321fe0da9 | ITER: 22 START
2019-07-05 09:02:10.924 23800 WARNING rally_openstack.scenarios.neutron.utils [-] Running this scenario without either the 'network' or 'existing_network' context is deprecated
2019-07-05 09:02:11.170 23758 RALLYDEBUG rally_openstack.wrappers.network [-] CIDR generated: 1.1.5.0/30
2019-07-05 09:02:11.326 23791 INFO rally.task.runner [-] Task 2d96a6c3-edc5-4322-be8d-4c1321fe0da9 | ITER: 16 END: OK
2019-07-05 09:02:11.331 23791 INFO rally.task.runner [-] Task 2d96a6c3-edc5-4322-be8d-4c1321fe0da9 | ITER: 23 START
2019-07-05 09:02:11.332 23791 WARNING rally_openstack.scenarios.neutron.utils [-] Running this scenario without either the 'network' or 'existing_network' context is deprecated
2019-07-05 09:02:11.506 23759 INFO rally.task.runner [-] Task 2d96a6c3-edc5-4322-be8d-4c1321fe0da9 | ITER: 6 END: OK
2019-07-05 09:02:11.510 23759 INFO rally.task.runner [-] Task 2d96a6c3-edc5-4322-be8d-4c1321fe0da9 | ITER: 24 START
2019-07-05 09:02:11.511 23759 WARNING rally_openstack.scenarios.neutron.utils [-] Running this scenario without either the 'network' or 'existing_network' context is deprecated
2019-07-05 09:02:11.581 23800 RALLYDEBUG rally_openstack.wrappers.network [-] CIDR generated: 1.1.5.4/30
2019-07-05 09:02:11.614 23785 INFO rally.task.runner [-] Task 2d96a6c3-edc5-4322-be8d-4c1321fe0da9 | ITER: 15 END: OK
2019-07-05 09:02:11.618 23785 INFO rally.task.runner [-] Task 2d96a6c3-edc5-4322-be8d-4c1321fe0da9 | ITER: 25 START
2019-07-05 09:02:11.619 23785 WARNING rally_openstack.scenarios.neutron.utils [-] Running this scenario without either the 'network' or 'existing_network' context is deprecated
2019-07-05 09:02:12.215 23762 INFO rally.task.runner [-] Task 2d96a6c3-edc5-4322-be8d-4c1321fe0da9 | ITER: 9 END: OK
2019-07-05 09:02:12.221 23762 INFO rally.task.runner [-] Task 2d96a6c3-edc5-4322-be8d-4c1321fe0da9 | ITER: 26 START
2019-07-05 09:02:12.221 23762 WARNING rally_openstack.scenarios.neutron.utils [-] Running this scenario without either the 'network' or 'existing_network' context is deprecated
2019-07-05 09:02:12.355 23791 RALLYDEBUG rally_openstack.wrappers.network [-] CIDR generated: 1.1.5.8/30
2019-07-05 09:02:12.385 23759 RALLYDEBUG rally_openstack.wrappers.network [-] CIDR generated: 1.1.5.12/30
2019-07-05 09:02:12.494 23772 INFO rally.task.runner [-] Task 2d96a6c3-edc5-4322-be8d-4c1321fe0da9 | ITER: 12 END: OK
2019-07-05 09:02:12.495 23785 RALLYDEBUG rally_openstack.wrappers.network [-] CIDR generated: 1.1.5.16/30
2019-07-05 09:02:12.499 23772 INFO rally.task.runner [-] Task 2d96a6c3-edc5-4322-be8d-4c1321fe0da9 | ITER: 27 START
2019-07-05 09:02:12.500 23772 WARNING rally_openstack.scenarios.neutron.utils [-] Running this scenario without either the 'network' or 'existing_network' context is deprecated
2019-07-05 09:02:13.083 23794 INFO rally.task.runner [-] Task 2d96a6c3-edc5-4322-be8d-4c1321fe0da9 | ITER: 17 END: OK
2019-07-05 09:02:13.088 23794 INFO rally.task.runner [-] Task 2d96a6c3-edc5-4322-be8d-4c1321fe0da9 | ITER: 28 START
2019-07-05 09:02:13.088 23794 WARNING rally_openstack.scenarios.neutron.utils [-] Running this scenario without either the 'network' or 'existing_network' context is deprecated
2019-07-05 09:02:13.153 23756 INFO rally.task.runner [-] Task 2d96a6c3-edc5-4322-be8d-4c1321fe0da9 | ITER: 3 END: OK
2019-07-05 09:02:13.158 23756 INFO rally.task.runner [-] Task 2d96a6c3-edc5-4322-be8d-4c1321fe0da9 | ITER: 29 START
2019-07-05 09:02:13.159 23756 WARNING rally_openstack.scenarios.neutron.utils [-] Running this scenario without either the 'network' or 'existing_network' context is deprecated
2019-07-05 09:02:13.374 23762 RALLYDEBUG rally_openstack.wrappers.network [-] CIDR generated: 1.1.5.20/30
2019-07-05 09:02:13.595 23779 INFO rally.task.runner [-] Task 2d96a6c3-edc5-4322-be8d-4c1321fe0da9 | ITER: 14 END: OK
2019-07-05 09:02:13.600 23779 INFO rally.task.runner [-] Task 2d96a6c3-edc5-4322-be8d-4c1321fe0da9 | ITER: 30 START
2019-07-05 09:02:13.601 23779 WARNING rally_openstack.scenarios.neutron.utils [-] Running this scenario without either the 'network' or 'existing_network' context is deprecated
2019-07-05 09:02:13.757 23758 RALLYDEBUG rally_openstack.wrappers.network [-] CIDR generated: 1.1.5.24/30
2019-07-05 09:02:13.773 23785 RALLYDEBUG rally_openstack.wrappers.network [-] CIDR generated: 1.1.5.28/30
2019-07-05 09:02:13.885 23756 INFO rally.task.runner [-] Task 2d96a6c3-edc5-4322-be8d-4c1321fe0da9 | ITER: 1 END: OK
2019-07-05 09:02:13.889 23756 INFO rally.task.runner [-] Task 2d96a6c3-edc5-4322-be8d-4c1321fe0da9 | ITER: 31 START
2019-07-05 09:02:13.890 23756 WARNING rally_openstack.scenarios.neutron.utils [-] Running this scenario without either the 'network' or 'existing_network' context is deprecated
2019-07-05 09:02:13.901 23800 RALLYDEBUG rally_openstack.wrappers.network [-] CIDR generated: 1.1.5.32/30
2019-07-05 09:02:13.918 23756 RALLYDEBUG rally_openstack.wrappers.network [-] CIDR generated: 1.1.5.36/30
2019-07-05 09:02:14.033 23794 RALLYDEBUG rally_openstack.wrappers.network [-] CIDR generated: 1.1.5.40/30
2019-07-05 09:02:14.074 23758 INFO rally.task.runner [-] Task 2d96a6c3-edc5-4322-be8d-4c1321fe0da9 | ITER: 4 END: OK
2019-07-05 09:02:14.078 23758 INFO rally.task.runner [-] Task 2d96a6c3-edc5-4322-be8d-4c1321fe0da9 | ITER: 32 START
2019-07-05 09:02:14.079 23758 WARNING rally_openstack.scenarios.neutron.utils [-] Running this scenario without either the 'network' or 'existing_network' context is deprecated
2019-07-05 09:02:14.257 23779 RALLYDEBUG rally_openstack.wrappers.network [-] CIDR generated: 1.1.5.44/30
2019-07-05 09:02:14.305 23768 INFO rally.task.runner [-] Task 2d96a6c3-edc5-4322-be8d-4c1321fe0da9 | ITER: 11 END: OK
2019-07-05 09:02:14.307 23759 RALLYDEBUG rally_openstack.wrappers.network [-] CIDR generated: 1.1.5.48/30
2019-07-05 09:02:14.310 23768 INFO rally.task.runner [-] Task 2d96a6c3-edc5-4322-be8d-4c1321fe0da9 | ITER: 33 START
2019-07-05 09:02:14.310 23768 WARNING rally_openstack.scenarios.neutron.utils [-] Running this scenario without either the 'network' or 'existing_network' context is deprecated
2019-07-05 09:02:14.454 23795 INFO rally.task.runner [-] Task 2d96a6c3-edc5-4322-be8d-4c1321fe0da9 | ITER: 18 END: OK
2019-07-05 09:02:14.459 23795 INFO rally.task.runner [-] Task 2d96a6c3-edc5-4322-be8d-4c1321fe0da9 | ITER: 34 START
2019-07-05 09:02:14.460 23795 WARNING rally_openstack.scenarios.neutron.utils [-] Running this scenario without either the 'network' or 'existing_network' context is deprecated
2019-07-05 09:02:14.998 23758 RALLYDEBUG rally_openstack.wrappers.network [-] CIDR generated: 1.1.5.52/30
2019-07-05 09:02:15.040 23768 RALLYDEBUG rally_openstack.wrappers.network [-] CIDR generated: 1.1.5.56/30
2019-07-05 09:02:15.080 23756 RALLYDEBUG rally_openstack.wrappers.network [-] CIDR generated: 1.1.5.60/30
2019-07-05 09:02:15.244 23772 RALLYDEBUG rally_openstack.wrappers.network [-] CIDR generated: 1.1.5.64/30
2019-07-05 09:02:15.267 23762 RALLYDEBUG rally_openstack.wrappers.network [-] CIDR generated: 1.1.5.68/30
2019-07-05 09:02:15.379 23795 RALLYDEBUG rally_openstack.wrappers.network [-] CIDR generated: 1.1.5.72/30
2019-07-05 09:02:15.907 23779 RALLYDEBUG rally_openstack.wrappers.network [-] CIDR generated: 1.1.5.76/30
2019-07-05 09:02:16.055 23756 RALLYDEBUG rally_openstack.wrappers.network [-] CIDR generated: 1.1.5.80/30
2019-07-05 09:02:16.422 23776 INFO rally.task.runner [-] Task 2d96a6c3-edc5-4322-be8d-4c1321fe0da9 | ITER: 13 END: OK
2019-07-05 09:02:16.426 23776 INFO rally.task.runner [-] Task 2d96a6c3-edc5-4322-be8d-4c1321fe0da9 | ITER: 35 START
2019-07-05 09:02:16.427 23776 WARNING rally_openstack.scenarios.neutron.utils [-] Running this scenario without either the 'network' or 'existing_network' context is deprecated
2019-07-05 09:02:16.629 23803 INFO rally.task.runner [-] Task 2d96a6c3-edc5-4322-be8d-4c1321fe0da9 | ITER: 20 END: OK
2019-07-05 09:02:16.633 23803 INFO rally.task.runner [-] Task 2d96a6c3-edc5-4322-be8d-4c1321fe0da9 | ITER: 36 START
2019-07-05 09:02:16.634 23803 WARNING rally_openstack.scenarios.neutron.utils [-] Running this scenario without either the 'network' or 'existing_network' context is deprecated
2019-07-05 09:02:16.769 23772 RALLYDEBUG rally_openstack.wrappers.network [-] CIDR generated: 1.1.5.84/30
2019-07-05 09:02:16.963 23768 RALLYDEBUG rally_openstack.wrappers.network [-] CIDR generated: 1.1.5.88/30
2019-07-05 09:02:17.315 23803 RALLYDEBUG rally_openstack.wrappers.network [-] CIDR generated: 1.1.5.92/30
2019-07-05 09:02:17.361 23776 RALLYDEBUG rally_openstack.wrappers.network [-] CIDR generated: 1.1.5.96/30
2019-07-05 09:02:17.663 23791 RALLYDEBUG rally_openstack.wrappers.network [-] CIDR generated: 1.1.5.100/30
2019-07-05 09:02:17.674 23756 RALLYDEBUG rally_openstack.wrappers.network [-] CIDR generated: 1.1.5.104/30
2019-07-05 09:02:17.697 23757 INFO rally.task.runner [-] Task 2d96a6c3-edc5-4322-be8d-4c1321fe0da9 | ITER: 2 END: OK
2019-07-05 09:02:17.701 23757 INFO rally.task.runner [-] Task 2d96a6c3-edc5-4322-be8d-4c1321fe0da9 | ITER: 37 START
2019-07-05 09:02:17.701 23757 WARNING rally_openstack.scenarios.neutron.utils [-] Running this scenario without either the 'network' or 'existing_network' context is deprecated
2019-07-05 09:02:18.250 23757 RALLYDEBUG rally_openstack.wrappers.network [-] CIDR generated: 1.1.5.108/30
2019-07-05 09:02:18.335 23776 RALLYDEBUG rally_openstack.wrappers.network [-] CIDR generated: 1.1.5.112/30
2019-07-05 09:02:18.374 23765 INFO rally.task.runner [-] Task 2d96a6c3-edc5-4322-be8d-4c1321fe0da9 | ITER: 10 END: OK
2019-07-05 09:02:18.377 23765 INFO rally.task.runner [-] Task 2d96a6c3-edc5-4322-be8d-4c1321fe0da9 | ITER: 38 START
2019-07-05 09:02:18.378 23765 WARNING rally_openstack.scenarios.neutron.utils [-] Running this scenario without either the 'network' or 'existing_network' context is deprecated
2019-07-05 09:02:18.605 23779 INFO rally.task.runner [-] Task 2d96a6c3-edc5-4322-be8d-4c1321fe0da9 | ITER: 30 END: OK
2019-07-05 09:02:18.607 23779 INFO rally.task.runner [-] Task 2d96a6c3-edc5-4322-be8d-4c1321fe0da9 | ITER: 39 START
2019-07-05 09:02:18.608 23779 WARNING rally_openstack.scenarios.neutron.utils [-] Running this scenario without either the 'network' or 'existing_network' context is deprecated
2019-07-05 09:02:18.759 23757 INFO rally.task.runner [-] Task 2d96a6c3-edc5-4322-be8d-4c1321fe0da9 | ITER: 5 END: OK
2019-07-05 09:02:18.762 23757 INFO rally.task.runner [-] Task 2d96a6c3-edc5-4322-be8d-4c1321fe0da9 | ITER: 40 START
2019-07-05 09:02:18.763 23757 WARNING rally_openstack.scenarios.neutron.utils [-] Running this scenario without either the 'network' or 'existing_network' context is deprecated
2019-07-05 09:02:18.857 23762 INFO rally.task.runner [-] Task 2d96a6c3-edc5-4322-be8d-4c1321fe0da9 | ITER: 26 END: OK
2019-07-05 09:02:19.216 23779 RALLYDEBUG rally_openstack.wrappers.network [-] CIDR generated: 1.1.5.116/30
2019-07-05 09:02:19.352 23757 RALLYDEBUG rally_openstack.wrappers.network [-] CIDR generated: 1.1.5.120/30
2019-07-05 09:02:19.481 23757 RALLYDEBUG rally_openstack.wrappers.network [-] CIDR generated: 1.1.5.124/30
2019-07-05 09:02:19.547 23794 RALLYDEBUG rally_openstack.wrappers.network [-] CIDR generated: 1.1.5.128/30
2019-07-05 09:02:19.628 23765 RALLYDEBUG rally_openstack.wrappers.network [-] CIDR generated: 1.1.5.132/30
2019-07-05 09:02:20.569 23759 INFO rally.task.runner [-] Task 2d96a6c3-edc5-4322-be8d-4c1321fe0da9 | ITER: 8 END: OK
2019-07-05 09:02:20.775 23800 INFO rally.task.runner [-] Task 2d96a6c3-edc5-4322-be8d-4c1321fe0da9 | ITER: 22 END: OK
2019-07-05 09:02:20.869 23795 RALLYDEBUG rally_openstack.wrappers.network [-] CIDR generated: 1.1.5.136/30
2019-07-05 09:02:20.914 23765 RALLYDEBUG rally_openstack.wrappers.network [-] CIDR generated: 1.1.5.140/30
2019-07-05 09:02:21.105 23758 RALLYDEBUG rally_openstack.wrappers.network [-] CIDR generated: 1.1.5.144/30
2019-07-05 09:02:21.544 23756 INFO rally.task.runner [-] Task 2d96a6c3-edc5-4322-be8d-4c1321fe0da9 | ITER: 31 END: OK
2019-07-05 09:02:21.653 23803 RALLYDEBUG rally_openstack.wrappers.network [-] CIDR generated: 1.1.5.148/30
2019-07-05 09:02:21.807 23757 RALLYDEBUG rally_openstack.wrappers.network [-] CIDR generated: 1.1.5.152/30
2019-07-05 09:02:21.937 23758 INFO rally.task.runner [-] Task 2d96a6c3-edc5-4322-be8d-4c1321fe0da9 | ITER: 21 END: OK
2019-07-05 09:02:22.242 23785 INFO rally.task.runner [-] Task 2d96a6c3-edc5-4322-be8d-4c1321fe0da9 | ITER: 25 END: OK
2019-07-05 09:02:22.350 23779 RALLYDEBUG rally_openstack.wrappers.network [-] CIDR generated: 1.1.5.156/30
2019-07-05 09:02:22.783 23759 INFO rally.task.runner [-] Task 2d96a6c3-edc5-4322-be8d-4c1321fe0da9 | ITER: 24 END: OK
2019-07-05 09:02:22.821 23791 INFO rally.task.runner [-] Task 2d96a6c3-edc5-4322-be8d-4c1321fe0da9 | ITER: 23 END: OK
2019-07-05 09:02:22.853 23768 INFO rally.task.runner [-] Task 2d96a6c3-edc5-4322-be8d-4c1321fe0da9 | ITER: 33 END: OK
2019-07-05 09:02:24.248 23803 INFO rally.task.runner [-] Task 2d96a6c3-edc5-4322-be8d-4c1321fe0da9 | ITER: 36 END: OK
2019-07-05 09:02:24.310 23772 INFO rally.task.runner [-] Task 2d96a6c3-edc5-4322-be8d-4c1321fe0da9 | ITER: 27 END: OK
2019-07-05 09:02:24.466 23756 INFO rally.task.runner [-] Task 2d96a6c3-edc5-4322-be8d-4c1321fe0da9 | ITER: 29 END: OK
2019-07-05 09:02:24.748 23794 INFO rally.task.runner [-] Task 2d96a6c3-edc5-4322-be8d-4c1321fe0da9 | ITER: 28 END: OK
2019-07-05 09:02:25.015 23776 INFO rally.task.runner [-] Task 2d96a6c3-edc5-4322-be8d-4c1321fe0da9 | ITER: 35 END: OK
2019-07-05 09:02:25.416 23795 INFO rally.task.runner [-] Task 2d96a6c3-edc5-4322-be8d-4c1321fe0da9 | ITER: 34 END: OK
2019-07-05 09:02:25.459 23757 INFO rally.task.runner [-] Task 2d96a6c3-edc5-4322-be8d-4c1321fe0da9 | ITER: 37 END: OK
2019-07-05 09:02:25.532 23758 INFO rally.task.runner [-] Task 2d96a6c3-edc5-4322-be8d-4c1321fe0da9 | ITER: 32 END: OK
2019-07-05 09:02:26.496 23765 INFO rally.task.runner [-] Task 2d96a6c3-edc5-4322-be8d-4c1321fe0da9 | ITER: 38 END: OK
2019-07-05 09:02:26.624 23779 INFO rally.task.runner [-] Task 2d96a6c3-edc5-4322-be8d-4c1321fe0da9 | ITER: 39 END: OK
2019-07-05 09:02:26.847 23757 INFO rally.task.runner [-] Task 2d96a6c3-edc5-4322-be8d-4c1321fe0da9 | ITER: 40 END: OK
2019-07-05 09:02:26.871 21662 INFO rally.task.context [-] Task 2d96a6c3-edc5-4322-be8d-4c1321fe0da9 | Context cleanup@openstack cleanup() started
2019-07-05 09:02:26.874 21662 RALLYDEBUG rally_openstack.cleanup.manager [-] Cleaning up neutron vip objects
2019-07-05 09:02:27.261 21662 RALLYDEBUG rally_openstack.cleanup.manager [-] Cleaning up neutron health_monitor objects
2019-07-05 09:02:27.667 21662 RALLYDEBUG rally_openstack.cleanup.manager [-] Cleaning up neutron pool objects
2019-07-05 09:02:28.081 21662 RALLYDEBUG rally_openstack.cleanup.manager [-] Cleaning up neutron loadbalancer objects
2019-07-05 09:02:28.581 21662 RALLYDEBUG rally_openstack.cleanup.manager [-] Cleaning up neutron floatingip objects
2019-07-05 09:02:29.007 21662 RALLYDEBUG rally_openstack.cleanup.manager [-] Cleaning up neutron port objects
2019-07-05 09:02:29.505 21662 RALLYDEBUG rally_openstack.cleanup.manager [-] Cleaning up neutron subnet objects
2019-07-05 09:02:29.933 21662 RALLYDEBUG rally_openstack.cleanup.manager [-] Cleaning up neutron network objects
2019-07-05 09:02:30.697 21662 RALLYDEBUG rally_openstack.cleanup.manager [-] Deleting neutron.network object s_rally_1cb75e89_LlavqDbW (0ad57647-67c1-4433-b7e3-909b6f49806a)
2019-07-05 09:02:30.707 21662 RALLYDEBUG rally_openstack.cleanup.manager [-] Deleting neutron.network object s_rally_1cb75e89_reNgrRMD (2bf2ffbf-1802-42a8-a54b-0c5b6e67cb0d)
2019-07-05 09:02:30.720 21662 RALLYDEBUG rally_openstack.cleanup.manager [-] Deleting neutron.network object s_rally_1cb75e89_Ml8X3YEB (31c80f81-8836-41c5-9e20-59c30ece4131)
2019-07-05 09:02:30.722 21662 RALLYDEBUG rally_openstack.cleanup.manager [-] Deleting neutron.network object s_rally_1cb75e89_ZabbdXCT (3858021a-5a64-4d30-9707-fc3eca15e9f1)
2019-07-05 09:02:30.732 21662 RALLYDEBUG rally_openstack.cleanup.manager [-] Deleting neutron.network object s_rally_1cb75e89_ssE27i77 (28e2a0eb-3ab6-4db0-a2b1-68ac675a9030)
2019-07-05 09:02:30.733 21662 RALLYDEBUG rally_openstack.cleanup.manager [-] Deleting neutron.network object s_rally_1cb75e89_rrXT1Cg8 (437ced1c-e504-4b25-8537-8826a89f120e)
2019-07-05 09:02:30.747 21662 RALLYDEBUG rally_openstack.cleanup.manager [-] Deleting neutron.network object s_rally_1cb75e89_H0Wp66mo (4b566e04-b7af-4df9-813a-3c9c0d7685a6)
2019-07-05 09:02:30.748 21662 RALLYDEBUG rally_openstack.cleanup.manager [-] Deleting neutron.network object s_rally_1cb75e89_cqUCGiHI (6e75dd6d-0378-4984-bed0-fca71b78067d)
2019-07-05 09:02:30.763 21662 RALLYDEBUG rally_openstack.cleanup.manager [-] Deleting neutron.network object s_rally_1cb75e89_07JkUazj (7211691a-4ece-465e-84ba-1221fea13dd8)
2019-07-05 09:02:30.757 21662 RALLYDEBUG rally_openstack.cleanup.manager [-] Deleting neutron.network object s_rally_1cb75e89_guGOcB5T (728ac7b2-f92d-416a-ad96-4588558f56c9)
2019-07-05 09:02:30.786 21662 RALLYDEBUG rally_openstack.cleanup.manager [-] Deleting neutron.network object s_rally_1cb75e89_gRbElC9t (74703c03-9395-4e21-83eb-111d842e5173)
2019-07-05 09:02:30.860 21662 RALLYDEBUG rally_openstack.cleanup.manager [-] Deleting neutron.network object s_rally_1cb75e89_IofYKR53 (8c61aacf-5651-440e-98da-f45e477e0b89)
2019-07-05 09:02:30.867 21662 RALLYDEBUG rally_openstack.cleanup.manager [-] Deleting neutron.network object s_rally_1cb75e89_oXnp6qhr (784ea71c-0961-41e6-927a-517299c54e4e)
2019-07-05 09:02:30.867 21662 RALLYDEBUG rally_openstack.cleanup.manager [-] Deleting neutron.network object s_rally_1cb75e89_zXVo0KRO (88937b07-e11e-46e4-b5a1-8e6ee31dc329)
2019-07-05 09:02:30.873 21662 RALLYDEBUG rally_openstack.cleanup.manager [-] Deleting neutron.network object s_rally_1cb75e89_4wZ8fsgl (80cecdd1-7149-485c-b4b5-74fd621af4ef)
2019-07-05 09:02:30.875 21662 RALLYDEBUG rally_openstack.cleanup.manager [-] Deleting neutron.network object s_rally_1cb75e89_7YjjrQWa (8745fbad-7962-4dbc-831e-a4ad9b50782b)
2019-07-05 09:02:30.889 21662 RALLYDEBUG rally_openstack.cleanup.manager [-] Deleting neutron.network object s_rally_1cb75e89_DuTjDSkZ (7d78cbae-b951-4592-a732-f10d4783bddb)
2019-07-05 09:02:30.910 21662 RALLYDEBUG rally_openstack.cleanup.manager [-] Deleting neutron.network object s_rally_1cb75e89_fY3z6rdj (85427152-1e2b-4dae-b8b9-6336044a2ecc)
2019-07-05 09:02:30.947 21662 RALLYDEBUG rally_openstack.cleanup.manager [-] Deleting neutron.network object s_rally_1cb75e89_puwmjwK8 (9b55e3ff-81c6-4867-991f-56d0fe23ec8b)
2019-07-05 09:02:30.987 21662 RALLYDEBUG rally_openstack.cleanup.manager [-] Deleting neutron.network object s_rally_1cb75e89_dOKagyZp (97b6ce83-f408-4a03-87c5-560befc9debe)
2019-07-05 09:02:33.055 21662 RALLYDEBUG rally_openstack.cleanup.manager [-] Deleting neutron.network object s_rally_1cb75e89_eexXoSmU (9e364c8f-3fb6-4ce6-95c3-f2bd040afb14)
2019-07-05 09:02:33.225 21662 RALLYDEBUG rally_openstack.cleanup.manager [-] Deleting neutron.network object s_rally_1cb75e89_fiNfY2KB (9eceaaf8-6695-401b-9d85-7aacda9a36b4)
2019-07-05 09:02:33.423 21662 RALLYDEBUG rally_openstack.cleanup.manager [-] Deleting neutron.network object s_rally_1cb75e89_mACvBlGv (a75f1f41-0a9f-4754-be28-8692eb2f9c49)
2019-07-05 09:02:33.442 21662 RALLYDEBUG rally_openstack.cleanup.manager [-] Deleting neutron.network object s_rally_1cb75e89_rl4Nt6Di (a8d5cbe6-84d1-49a0-b13a-5805f5b8f233)
2019-07-05 09:02:33.454 21662 RALLYDEBUG rally_openstack.cleanup.manager [-] Deleting neutron.network object s_rally_1cb75e89_L5AGVT8H (aacc8297-0fbe-4737-952e-497bc575fca9)
2019-07-05 09:02:33.513 21662 RALLYDEBUG rally_openstack.cleanup.manager [-] Deleting neutron.network object s_rally_1cb75e89_tGqtMSq7 (b480981c-130e-4619-b900-1d561ebdf555)
2019-07-05 09:02:33.521 21662 RALLYDEBUG rally_openstack.cleanup.manager [-] Deleting neutron.network object s_rally_1cb75e89_Mh69nmDt (b9156ef3-5ff5-4d46-9edc-942afa8a139b)
2019-07-05 09:02:33.706 21662 RALLYDEBUG rally_openstack.cleanup.manager [-] Deleting neutron.network object s_rally_1cb75e89_ZZi332qC (c8d0c3b3-83e4-4569-8846-8f4246fd4361)
2019-07-05 09:02:33.777 21662 RALLYDEBUG rally_openstack.cleanup.manager [-] Deleting neutron.network object s_rally_1cb75e89_A0qav3vI (ca09c3ab-c1ae-4c25-a41c-dc4f63fb216c)
2019-07-05 09:02:33.943 21662 RALLYDEBUG rally_openstack.cleanup.manager [-] Deleting neutron.network object s_rally_1cb75e89_fMdBrxuJ (ca5663f9-f788-4542-85b8-edebb03cd4a9)
2019-07-05 09:02:33.968 21662 RALLYDEBUG rally_openstack.cleanup.manager [-] Deleting neutron.network object s_rally_1cb75e89_kUWyWNae (d65dd28a-0e8f-4a68-91d0-d2fc51c8179f)
2019-07-05 09:02:33.995 21662 RALLYDEBUG rally_openstack.cleanup.manager [-] Deleting neutron.network object s_rally_1cb75e89_2ux7eBad (db0bf89c-de31-499b-8fd7-f4314069dacf)
2019-07-05 09:02:34.571 21662 RALLYDEBUG rally_openstack.cleanup.manager [-] Deleting neutron.network object s_rally_1cb75e89_PwceH2Z0 (e4969ca1-62a8-4c2f-9643-4ba146c15f9d)
2019-07-05 09:02:34.676 21662 RALLYDEBUG rally_openstack.cleanup.manager [-] Deleting neutron.network object s_rally_1cb75e89_oVGmE7uS (e9458ee6-9af3-4d49-ad06-a415586f74c3)
2019-07-05 09:02:34.872 21662 RALLYDEBUG rally_openstack.cleanup.manager [-] Deleting neutron.network object s_rally_1cb75e89_H4srAnih (ea1c9ef0-1830-439e-89af-1a47cd7b0aaf)
2019-07-05 09:02:34.948 21662 RALLYDEBUG rally_openstack.cleanup.manager [-] Deleting neutron.network object s_rally_1cb75e89_2Ozti6dU (ecbda423-0dcc-45d8-858c-f6704e7eabb3)
2019-07-05 09:02:35.047 21662 RALLYDEBUG rally_openstack.cleanup.manager [-] Deleting neutron.network object s_rally_1cb75e89_SWQzPNua (ed4bd6e7-c6ba-4f96-8931-22ac62bba483)
2019-07-05 09:02:35.240 21662 RALLYDEBUG rally_openstack.cleanup.manager [-] Deleting neutron.network object s_rally_1cb75e89_aHkoA6Jn (f0353680-e1ca-4bea-a5b4-a944ee420aba)
2019-07-05 09:02:35.262 21662 RALLYDEBUG rally_openstack.cleanup.manager [-] Deleting neutron.network object s_rally_1cb75e89_4INpBud5 (f1853fd1-5e2a-4f32-9a3e-6914782894bf)
2019-07-05 09:02:35.275 21662 RALLYDEBUG rally_openstack.cleanup.manager [-] Deleting neutron.network object s_rally_1cb75e89_RKLmG2OZ (f2f96276-6618-4ad1-86d4-ea9398652b3e)
2019-07-05 09:02:38.168 21662 RALLYDEBUG rally_openstack.cleanup.manager [-] Cleaning up neutron router objects
2019-07-05 09:02:38.596 21662 RALLYDEBUG rally_openstack.cleanup.manager [-] Cleaning up neutron security_group objects
2019-07-05 09:02:39.020 21662 INFO rally.task.context [-] Task 2d96a6c3-edc5-4322-be8d-4c1321fe0da9 | Context cleanup@openstack cleanup() finished in 12.15 sec
2019-07-05 09:02:39.021 21662 INFO rally.task.context [-] Task 2d96a6c3-edc5-4322-be8d-4c1321fe0da9 | Context quotas@openstack cleanup() started
2019-07-05 09:02:39.097 21662 INFO rally.task.context [-] Task 2d96a6c3-edc5-4322-be8d-4c1321fe0da9 | Context quotas@openstack cleanup() finished in 75.87 msec
2019-07-05 09:02:39.097 21662 INFO rally.task.context [-] Task 2d96a6c3-edc5-4322-be8d-4c1321fe0da9 | Context users@openstack cleanup() started
2019-07-05 09:02:41.737 21662 INFO rally.task.context [-] Task 2d96a6c3-edc5-4322-be8d-4c1321fe0da9 | Context users@openstack cleanup() finished in 2.64 sec
2019-07-05 09:02:43.565 21662 INFO rally.task.engine [-] Load duration is: 22.658193
2019-07-05 09:02:43.565 21662 INFO rally.task.engine [-] Full runner duration is: 22.705616
2019-07-05 09:02:43.566 21662 INFO rally.task.engine [-] Full duration is: 40.375666
2019-07-05 09:02:43.902 21662 INFO rally.task.engine [-] Running workload: position = 0 config = { "version": 2, "title": "A cropped version of a bigger task.", "description": "Auto-generated task from a single workload (uuid=8a2b04e3-9a0e-4625-9e80-b22724760117)", "subtasks": [ { "title": "NeutronNetworks.create_and_list_routers", "description": "Create and a given number of routers and list all routers.", "scenario": { "NeutronNetworks.create_and_list_routers": { "network_create_args": null, "subnet_create_args": null, "subnet_cidr_start": "1.1.0.0/30", "subnets_per_network": 2, "router_create_args": null } }, "contexts": { "users": { "tenants": 1, "users_per_tenant": 1 }, "quotas": { "neutron": { "network": -1, "subnet": -1, "router": -1 } } }, "runner": { "constant": { "times": 40, "concurrency": 20 } }, "hooks": [], "sla": { "failure_rate": { "max": 0 } } } ] }
2019-07-05 09:02:43.930 21662 RALLYDEBUG rally_openstack.contexts.keystone.users [-] Creating 1 tenants using 20 threads
2019-07-05 09:02:44.807 21662 RALLYDEBUG rally_openstack.contexts.keystone.users [-] Creating 1 users using 20 threads
2019-07-05 09:02:46.158 21662 INFO rally.task.context [-] Task 2d96a6c3-edc5-4322-be8d-4c1321fe0da9 | Context users@openstack setup() finished in 2.23 sec
2019-07-05 09:02:46.683 21662 INFO rally.task.context [-] Task 2d96a6c3-edc5-4322-be8d-4c1321fe0da9 | Context quotas@openstack setup() finished in 0.52 sec
2019-07-05 09:02:46.684 21662 INFO rally.task.context [-] Task 2d96a6c3-edc5-4322-be8d-4c1321fe0da9 | Context cleanup@openstack setup() finished in 0.01 msec
2019-07-05 09:02:46.692 21662 RALLYDEBUG rally.task.runner [-] Starting the constant runner (task UUID: 2d96a6c3-edc5-4322-be8d-4c1321fe0da9). timeout: 0 concurrency: 20 concurrency_per_worker: 1 times: 40 concurrency_overhead: 4 processes_to_start: 16 max_cpu_used: 16
2019-07-05 09:02:46.706 24126 RALLYDEBUG rally.task.runner [-] Starting a worker. concurrency: 2 args: {"network_create_args": null, "subnet_create_args": null, "subnet_cidr_start": "1.1.0.0/30", "subnets_per_network": 2, "router_create_args": null} times: 40 method_name: run timeout: 0 duration: None cls:
2019-07-05 09:02:46.709 24127 RALLYDEBUG rally.task.runner [-] Starting a worker. concurrency: 2 args: {"network_create_args": null, "subnet_create_args": null, "subnet_cidr_start": "1.1.0.0/30", "subnets_per_network": 2, "router_create_args": null} times: 40 method_name: run timeout: 0 duration: None cls:
2019-07-05 09:02:46.712 24128 RALLYDEBUG rally.task.runner [-] Starting a worker. concurrency: 2 args: {"network_create_args": null, "subnet_create_args": null, "subnet_cidr_start": "1.1.0.0/30", "subnets_per_network": 2, "router_create_args": null} times: 40 method_name: run timeout: 0 duration: None cls:
2019-07-05 09:02:46.715 24126 INFO rally.task.runner [-] Task 2d96a6c3-edc5-4322-be8d-4c1321fe0da9 | ITER: 1 START
2019-07-05 09:02:46.716 24129 RALLYDEBUG rally.task.runner [-] Starting a worker. concurrency: 2 args: {"network_create_args": null, "subnet_create_args": null, "subnet_cidr_start": "1.1.0.0/30", "subnets_per_network": 2, "router_create_args": null} times: 40 method_name: run timeout: 0 duration: None cls:
2019-07-05 09:02:46.719 24130 RALLYDEBUG rally.task.runner [-] Starting a worker. concurrency: 1 args: {"network_create_args": null, "subnet_create_args": null, "subnet_cidr_start": "1.1.0.0/30", "subnets_per_network": 2, "router_create_args": null} times: 40 method_name: run timeout: 0 duration: None cls:
2019-07-05 09:02:46.720 24127 INFO rally.task.runner [-] Task 2d96a6c3-edc5-4322-be8d-4c1321fe0da9 | ITER: 2 START
2019-07-05 09:02:46.722 24128 INFO rally.task.runner [-] Task 2d96a6c3-edc5-4322-be8d-4c1321fe0da9 | ITER: 4 START
2019-07-05 09:02:46.723 24134 RALLYDEBUG rally.task.runner [-] Starting a worker. concurrency: 1 args: {"network_create_args": null, "subnet_create_args": null, "subnet_cidr_start": "1.1.0.0/30", "subnets_per_network": 2, "router_create_args": null} times: 40 method_name: run timeout: 0 duration: None cls:
2019-07-05 09:02:46.725 24130 INFO rally.task.runner [-] Task 2d96a6c3-edc5-4322-be8d-4c1321fe0da9 | ITER: 8 START
2019-07-05 09:02:46.725 24129 INFO rally.task.runner [-] Task 2d96a6c3-edc5-4322-be8d-4c1321fe0da9 | ITER: 6 START
2019-07-05 09:02:46.727 24137 RALLYDEBUG rally.task.runner [-] Starting a worker. concurrency: 1 args: {"network_create_args": null, "subnet_create_args": null, "subnet_cidr_start": "1.1.0.0/30", "subnets_per_network": 2, "router_create_args": null} times: 40 method_name: run timeout: 0 duration: None cls:
2019-07-05 09:02:46.726 24128 INFO rally.task.runner [-] Task 2d96a6c3-edc5-4322-be8d-4c1321fe0da9 | ITER: 7 START
2019-07-05 09:02:46.729 24134 INFO rally.task.runner [-] Task 2d96a6c3-edc5-4322-be8d-4c1321fe0da9 | ITER: 10 START
2019-07-05 09:02:46.732 24143 RALLYDEBUG rally.task.runner [-] Starting a worker. concurrency: 1 args: {"network_create_args": null, "subnet_create_args": null, "subnet_cidr_start": "1.1.0.0/30", "subnets_per_network": 2, "router_create_args": null} times: 40 method_name: run timeout: 0 duration: None cls:
2019-07-05 09:02:46.730 24129 INFO rally.task.runner [-] Task 2d96a6c3-edc5-4322-be8d-4c1321fe0da9 | ITER: 9 START
2019-07-05 09:02:46.732 24127 INFO rally.task.runner [-] Task 2d96a6c3-edc5-4322-be8d-4c1321fe0da9 | ITER: 5 START
2019-07-05 09:02:46.735 24126 INFO rally.task.runner [-] Task 2d96a6c3-edc5-4322-be8d-4c1321fe0da9 | ITER: 3 START
2019-07-05 09:02:46.735 24146 RALLYDEBUG rally.task.runner [-] Starting a worker. concurrency: 1 args: {"network_create_args": null, "subnet_create_args": null, "subnet_cidr_start": "1.1.0.0/30", "subnets_per_network": 2, "router_create_args": null} times: 40 method_name: run timeout: 0 duration: None cls:
2019-07-05 09:02:46.737 24137 INFO rally.task.runner [-] Task 2d96a6c3-edc5-4322-be8d-4c1321fe0da9 | ITER: 11 START
2019-07-05 09:02:46.739 24151 RALLYDEBUG rally.task.runner [-] Starting a worker. concurrency: 1 args: {"network_create_args": null, "subnet_create_args": null, "subnet_cidr_start": "1.1.0.0/30", "subnets_per_network": 2, "router_create_args": null} times: 40 method_name: run timeout: 0 duration: None cls:
2019-07-05 09:02:46.742 24143 INFO rally.task.runner [-] Task 2d96a6c3-edc5-4322-be8d-4c1321fe0da9 | ITER: 12 START
2019-07-05 09:02:46.743 24146 INFO rally.task.runner [-] Task 2d96a6c3-edc5-4322-be8d-4c1321fe0da9 | ITER: 13 START
2019-07-05 09:02:46.747 24151 INFO rally.task.runner [-] Task 2d96a6c3-edc5-4322-be8d-4c1321fe0da9 | ITER: 14 START
2019-07-05 09:02:46.751 24159 RALLYDEBUG rally.task.runner [-] Starting a worker. concurrency: 1 args: {"network_create_args": null, "subnet_create_args": null, "subnet_cidr_start": "1.1.0.0/30", "subnets_per_network": 2, "router_create_args": null} times: 40 method_name: run timeout: 0 duration: None cls:
2019-07-05 09:02:46.758 24159 INFO rally.task.runner [-] Task 2d96a6c3-edc5-4322-be8d-4c1321fe0da9 | ITER: 15 START
2019-07-05 09:02:46.761 24161 RALLYDEBUG rally.task.runner [-] Starting a worker. concurrency: 1 args: {"network_create_args": null, "subnet_create_args": null, "subnet_cidr_start": "1.1.0.0/30", "subnets_per_network": 2, "router_create_args": null} times: 40 method_name: run timeout: 0 duration: None cls:
2019-07-05 09:02:46.767 24164 RALLYDEBUG rally.task.runner [-] Starting a worker. concurrency: 1 args: {"network_create_args": null, "subnet_create_args": null, "subnet_cidr_start": "1.1.0.0/30", "subnets_per_network": 2, "router_create_args": null} times: 40 method_name: run timeout: 0 duration: None cls:
2019-07-05 09:02:46.768 24161 INFO rally.task.runner [-] Task 2d96a6c3-edc5-4322-be8d-4c1321fe0da9 | ITER: 16 START
2019-07-05 09:02:46.773 24164 INFO rally.task.runner [-] Task 2d96a6c3-edc5-4322-be8d-4c1321fe0da9 | ITER: 17 START
2019-07-05 09:02:46.773 24165 RALLYDEBUG rally.task.runner [-] Starting a worker. concurrency: 1 args: {"network_create_args": null, "subnet_create_args": null, "subnet_cidr_start": "1.1.0.0/30", "subnets_per_network": 2, "router_create_args": null} times: 40 method_name: run timeout: 0 duration: None cls:
2019-07-05 09:02:46.779 24165 INFO rally.task.runner [-] Task 2d96a6c3-edc5-4322-be8d-4c1321fe0da9 | ITER: 18 START
2019-07-05 09:02:46.779 24169 RALLYDEBUG rally.task.runner [-] Starting a worker. concurrency: 1 args: {"network_create_args": null, "subnet_create_args": null, "subnet_cidr_start": "1.1.0.0/30", "subnets_per_network": 2, "router_create_args": null} times: 40 method_name: run timeout: 0 duration: None cls:
2019-07-05 09:02:46.784 24169 INFO rally.task.runner [-] Task 2d96a6c3-edc5-4322-be8d-4c1321fe0da9 | ITER: 19 START
2019-07-05 09:02:46.785 24173 RALLYDEBUG rally.task.runner [-] Starting a worker. concurrency: 1 args: {"network_create_args": null, "subnet_create_args": null, "subnet_cidr_start": "1.1.0.0/30", "subnets_per_network": 2, "router_create_args": null} times: 40 method_name: run timeout: 0 duration: None cls:
2019-07-05 09:02:46.790 24173 INFO rally.task.runner [-] Task 2d96a6c3-edc5-4322-be8d-4c1321fe0da9 | ITER: 20 START
2019-07-05 09:02:47.537 24137 RALLYDEBUG rally_openstack.wrappers.network [-] CIDR generated: 1.1.5.160/30
2019-07-05 09:02:47.602 24128 RALLYDEBUG rally_openstack.wrappers.network [-] CIDR generated: 1.1.5.164/30
2019-07-05 09:02:47.715 24143 RALLYDEBUG rally_openstack.wrappers.network [-] CIDR generated: 1.1.5.168/30
2019-07-05 09:02:47.740 24151 RALLYDEBUG rally_openstack.wrappers.network [-] CIDR generated: 1.1.5.172/30
2019-07-05 09:02:47.753 24126 RALLYDEBUG rally_openstack.wrappers.network [-] CIDR generated: 1.1.5.176/30
2019-07-05 09:02:47.754 24146 RALLYDEBUG rally_openstack.wrappers.network [-] CIDR generated: 1.1.5.180/30
2019-07-05 09:02:47.755 24129 RALLYDEBUG rally_openstack.wrappers.network [-] CIDR generated: 1.1.5.184/30
2019-07-05 09:02:47.779 24127 RALLYDEBUG rally_openstack.wrappers.network [-] CIDR generated: 1.1.5.188/30
2019-07-05 09:02:47.790 24134 RALLYDEBUG rally_openstack.wrappers.network [-] CIDR generated: 1.1.5.192/30
2019-07-05 09:02:47.798 24130 RALLYDEBUG rally_openstack.wrappers.network [-] CIDR generated: 1.1.5.196/30
2019-07-05 09:02:47.804 24127 RALLYDEBUG rally_openstack.wrappers.network [-] CIDR generated: 1.1.5.200/30
2019-07-05 09:02:47.890 24126 RALLYDEBUG rally_openstack.wrappers.network [-] CIDR generated: 1.1.5.204/30
2019-07-05 09:02:47.920 24129 RALLYDEBUG rally_openstack.wrappers.network [-] CIDR generated: 1.1.5.208/30
2019-07-05 09:02:47.924 24128 RALLYDEBUG rally_openstack.wrappers.network [-] CIDR generated: 1.1.5.212/30
2019-07-05 09:02:48.015 24169 RALLYDEBUG rally_openstack.wrappers.network [-] CIDR generated: 1.1.5.216/30
2019-07-05 09:02:48.020 24164 RALLYDEBUG rally_openstack.wrappers.network [-] CIDR generated: 1.1.5.220/30
2019-07-05 09:02:48.107 24173 RALLYDEBUG rally_openstack.wrappers.network [-] CIDR generated: 1.1.5.224/30
2019-07-05 09:02:48.156 24159 RALLYDEBUG rally_openstack.wrappers.network [-] CIDR generated: 1.1.5.228/30
2019-07-05 09:02:48.273 24165 RALLYDEBUG rally_openstack.wrappers.network [-] CIDR generated: 1.1.5.232/30
2019-07-05 09:02:48.322 24161 RALLYDEBUG rally_openstack.wrappers.network [-] CIDR generated: 1.1.5.236/30
2019-07-05 09:02:48.840 24137 RALLYDEBUG rally_openstack.wrappers.network [-] CIDR generated: 1.1.5.240/30
2019-07-05 09:02:48.852 24164 RALLYDEBUG rally_openstack.wrappers.network [-] CIDR generated: 1.1.5.244/30
2019-07-05 09:02:48.987 24126 RALLYDEBUG rally_openstack.wrappers.network [-] CIDR generated: 1.1.5.248/30
2019-07-05 09:02:48.993 24128 RALLYDEBUG rally_openstack.wrappers.network [-] CIDR generated: 1.1.5.252/30
2019-07-05 09:02:49.112 24165 RALLYDEBUG rally_openstack.wrappers.network [-] CIDR generated: 1.1.6.0/30
2019-07-05 09:02:49.388 24134 RALLYDEBUG rally_openstack.wrappers.network [-] CIDR generated: 1.1.6.4/30
2019-07-05 09:02:49.582 24173 RALLYDEBUG rally_openstack.wrappers.network [-] CIDR generated: 1.1.6.8/30
2019-07-05 09:02:50.327 24146 RALLYDEBUG rally_openstack.wrappers.network [-] CIDR generated: 1.1.6.12/30
2019-07-05 09:02:50.430 24143 RALLYDEBUG rally_openstack.wrappers.network [-] CIDR generated: 1.1.6.16/30
2019-07-05 09:02:50.457 24128 RALLYDEBUG rally_openstack.wrappers.network [-] CIDR generated: 1.1.6.20/30
2019-07-05 09:02:50.477 24161 RALLYDEBUG rally_openstack.wrappers.network [-] CIDR generated: 1.1.6.24/30
2019-07-05 09:02:50.540 24127 RALLYDEBUG rally_openstack.wrappers.network [-] CIDR generated: 1.1.6.28/30
2019-07-05 09:02:50.611 24169 RALLYDEBUG rally_openstack.wrappers.network [-] CIDR generated: 1.1.6.32/30
2019-07-05 09:02:50.639 24127 RALLYDEBUG rally_openstack.wrappers.network [-] CIDR generated: 1.1.6.36/30
2019-07-05 09:02:50.925 24129 RALLYDEBUG rally_openstack.wrappers.network [-] CIDR generated: 1.1.6.40/30
2019-07-05 09:02:51.375 24126 RALLYDEBUG rally_openstack.wrappers.network [-] CIDR generated: 1.1.6.44/30
2019-07-05 09:02:51.469 24130 RALLYDEBUG rally_openstack.wrappers.network [-] CIDR generated: 1.1.6.48/30
2019-07-05 09:02:53.445 24159 RALLYDEBUG rally_openstack.wrappers.network [-] CIDR generated: 1.1.6.52/30
2019-07-05 09:02:53.533 24129 RALLYDEBUG rally_openstack.wrappers.network [-] CIDR generated: 1.1.6.56/30
2019-07-05 09:02:53.613 24151 RALLYDEBUG rally_openstack.wrappers.network [-] CIDR generated: 1.1.6.60/30
2019-07-05 09:02:57.149 24137 INFO rally.task.runner [-] Task 2d96a6c3-edc5-4322-be8d-4c1321fe0da9 | ITER: 11 END: OK
2019-07-05 09:02:57.153 24137 INFO rally.task.runner [-] Task 2d96a6c3-edc5-4322-be8d-4c1321fe0da9 | ITER: 21 START
2019-07-05 09:02:57.369 24164 INFO rally.task.runner [-] Task 2d96a6c3-edc5-4322-be8d-4c1321fe0da9 | ITER: 17 END: OK
2019-07-05 09:02:57.374 24164 INFO rally.task.runner [-] Task 2d96a6c3-edc5-4322-be8d-4c1321fe0da9 | ITER: 22 START
2019-07-05 09:02:58.308 24164 RALLYDEBUG rally_openstack.wrappers.network [-] CIDR generated: 1.1.6.64/30
2019-07-05 09:02:58.603 24137 RALLYDEBUG rally_openstack.wrappers.network [-] CIDR generated: 1.1.6.68/30
2019-07-05 09:02:59.147 24164 RALLYDEBUG rally_openstack.wrappers.network [-] CIDR generated: 1.1.6.72/30
2019-07-05 09:02:59.343 24126 INFO rally.task.runner [-] Task 2d96a6c3-edc5-4322-be8d-4c1321fe0da9 | ITER: 1 END: OK
2019-07-05 09:02:59.347 24126 INFO rally.task.runner [-] Task 2d96a6c3-edc5-4322-be8d-4c1321fe0da9 | ITER: 23 START
2019-07-05 09:03:00.009 24143 INFO rally.task.runner [-] Task 2d96a6c3-edc5-4322-be8d-4c1321fe0da9 | ITER: 12 END: OK
