2019-07-05 09:09:24.475 21662 RALLYDEBUG rally_openstack.cleanup.manager [-] Deleting neutron.port object s_rally_c87579c2_pQSK5YM4 (de00b8c4-ed9c-4ae2-be9c-40b514b9b54b)
2019-07-05 09:09:24.588 21662 RALLYDEBUG rally_openstack.cleanup.manager [-] Deleting neutron.port object s_rally_c87579c2_o2K8AOEL (def4b393-4281-445e-a0c9-0a4acee14ed2)
2019-07-05 09:09:24.604 21662 RALLYDEBUG rally_openstack.cleanup.manager [-] Deleting neutron.port object s_rally_c87579c2_PotOuHEd (e038fe8f-b30c-42a6-b621-2a5d00fcb21a)
2019-07-05 09:09:24.688 21662 RALLYDEBUG rally_openstack.cleanup.manager [-] Deleting neutron.port object s_rally_c87579c2_F7Kh9Wf0 (e04541df-513d-4ba5-b2cd-895721861c9b)
2019-07-05 09:09:24.981 21662 RALLYDEBUG rally_openstack.cleanup.manager [-] Deleting neutron.port object s_rally_c87579c2_J1TGnjBx (e0dc8368-b432-4335-a589-94ab38bfb549)
2019-07-05 09:09:25.172 21662 RALLYDEBUG rally_openstack.cleanup.manager [-] Deleting neutron.port object s_rally_c87579c2_MimSDtnj (e1edf0ae-e63f-47e9-8f93-05da68966f3a)
2019-07-05 09:09:25.198 21662 RALLYDEBUG rally_openstack.cleanup.manager [-] Deleting neutron.port object s_rally_c87579c2_7gSvbNuz (e23e9a65-506d-4ec4-a95c-10a86d85a867)
2019-07-05 09:09:25.228 21662 RALLYDEBUG rally_openstack.cleanup.manager [-] Deleting neutron.port object s_rally_c87579c2_H7m7dxnJ (e26c6fb6-c475-4775-a2e3-4cb878cc6257)
2019-07-05 09:09:25.329 21662 RALLYDEBUG rally_openstack.cleanup.manager [-] Deleting neutron.port object s_rally_c87579c2_UsrttPwj (e27c572b-b774-4f07-a08c-ce29c4c07a46)
2019-07-05 09:09:25.668 21662 RALLYDEBUG rally_openstack.cleanup.manager [-] Deleting neutron.port object s_rally_c87579c2_z5OkBq7Y (e2d69e31-6ec2-4170-90e5-be1f43acde43)
2019-07-05 09:09:25.687 21662 RALLYDEBUG rally_openstack.cleanup.manager [-] Deleting neutron.port object s_rally_c87579c2_cYYMzvCl (e368b75f-881f-4266-aac5-a7779abbf6c1)
2019-07-05 09:09:25.758 21662 RALLYDEBUG rally_openstack.cleanup.manager [-] Deleting neutron.port object s_rally_c87579c2_WFQm6lrg (e4236587-1f69-4439-ac6d-0c5a128668d7)
2019-07-05 09:09:25.775 21662 RALLYDEBUG rally_openstack.cleanup.manager [-] Deleting neutron.port object s_rally_c87579c2_eJNucG7t (e469b5e5-3b6e-4767-bc7a-284cb368b36a)
2019-07-05 09:09:25.845 21662 RALLYDEBUG rally_openstack.cleanup.manager [-] Deleting neutron.port object s_rally_c87579c2_RMhcYnbH (e4e49c01-7578-4160-8238-6f0e249d9c81)
2019-07-05 09:09:26.072 21662 RALLYDEBUG rally_openstack.cleanup.manager [-] Deleting neutron.port object s_rally_c87579c2_vEsrG00D (e6a70add-6066-4301-9177-d4ad155e71ff)
2019-07-05 09:09:26.156 21662 RALLYDEBUG rally_openstack.cleanup.manager [-] Deleting neutron.port object s_rally_c87579c2_kivFDDhh (e790fd84-7253-4b73-9f7f-ace00ccf582a)
2019-07-05 09:09:26.366 21662 RALLYDEBUG rally_openstack.cleanup.manager [-] Deleting neutron.port object s_rally_c87579c2_UBdmpT9u (e7a80bda-93f6-49fa-8106-654ccf551f06)
2019-07-05 09:09:26.396 21662 RALLYDEBUG rally_openstack.cleanup.manager [-] Deleting neutron.port object s_rally_c87579c2_VPafRzQC (e80ffe10-a70f-403c-9e49-01d6e0f23488)
2019-07-05 09:09:26.420 21662 RALLYDEBUG rally_openstack.cleanup.manager [-] Deleting neutron.port object s_rally_c87579c2_Cz6QYq6C (e8c211c5-b95b-4eec-b0cc-2db83a288758)
2019-07-05 09:09:26.456 21662 RALLYDEBUG rally_openstack.cleanup.manager [-] Deleting neutron.port object s_rally_c87579c2_VceCDGhf (ea42aff4-e4f9-4f69-b8a0-da360c59eea8)
2019-07-05 09:09:26.631 21662 RALLYDEBUG rally_openstack.cleanup.manager [-] Deleting neutron.port object s_rally_c87579c2_jUx45Yr9 (eaddf8d2-d7c8-4dae-a3a7-a3ea16f90818)
2019-07-05 09:09:26.792 21662 RALLYDEBUG rally_openstack.cleanup.manager [-] Deleting neutron.port object s_rally_c87579c2_iyx0WFWK (eb982495-44db-43eb-a2a5-aa06dc6d2c0e)
2019-07-05 09:09:26.927 21662 RALLYDEBUG rally_openstack.cleanup.manager [-] Deleting neutron.port object s_rally_c87579c2_GmoeqwN5 (ebb64a33-17a2-4f9d-982a-59a70a1f39a7)
2019-07-05 09:09:27.056 21662 RALLYDEBUG rally_openstack.cleanup.manager [-] Deleting neutron.port object s_rally_c87579c2_eaYq1XeZ (ecff6b90-112d-4838-9735-01ec2a407b91)
2019-07-05 09:09:27.072 21662 RALLYDEBUG rally_openstack.cleanup.manager [-] Deleting neutron.port object s_rally_c87579c2_Z5EWQs1L (edc7ac59-60a4-47bf-aca6-a107a097d7e4)
2019-07-05 09:09:27.117 21662 RALLYDEBUG rally_openstack.cleanup.manager [-] Deleting neutron.port object s_rally_c87579c2_sPZSzlhz (ee0f4d75-9d53-4b6a-be95-bfc27c1a6c7c)
2019-07-05 09:09:27.277 21662 RALLYDEBUG rally_openstack.cleanup.manager [-] Deleting neutron.port object s_rally_c87579c2_qmdsTERl (ee4f1df4-b34b-4657-97fe-cb42f2e6fa53)
2019-07-05 09:09:27.445 21662 RALLYDEBUG rally_openstack.cleanup.manager [-] Deleting neutron.port object s_rally_c87579c2_GGD163U3 (ee50c85f-1e3a-42bf-afb2-25bbd369b48e)
2019-07-05 09:09:27.525 21662 RALLYDEBUG rally_openstack.cleanup.manager [-] Deleting neutron.port object s_rally_c87579c2_hXuQYv9q (eedc40e6-658c-4c96-be80-1c00d646cc74)
2019-07-05 09:09:27.623 21662 RALLYDEBUG rally_openstack.cleanup.manager [-] Deleting neutron.port object s_rally_c87579c2_pSJaQKXL (ef2dd767-a85f-467a-9d58-678e63a3f393)
2019-07-05 09:09:27.921 21662 RALLYDEBUG rally_openstack.cleanup.manager [-] Deleting neutron.port object s_rally_c87579c2_WqzHvMfr (ef34cf42-9454-4afe-91aa-22f0a683afa7)
2019-07-05 09:09:28.059 21662 RALLYDEBUG rally_openstack.cleanup.manager [-] Deleting neutron.port object s_rally_c87579c2_qOv5LyNR (ef9df236-c2c0-4643-a866-b30b7862b89d)
2019-07-05 09:09:28.076 21662 RALLYDEBUG rally_openstack.cleanup.manager [-] Deleting neutron.port object s_rally_c87579c2_nQcjYM4O (f0a3f761-6c2e-4bef-bac2-76925324fae7)
2019-07-05 09:09:28.135 21662 RALLYDEBUG rally_openstack.cleanup.manager [-] Deleting neutron.port object s_rally_c87579c2_iDW7BErQ (f140efbb-0c8b-420a-8e9d-f5952435ee5a)
2019-07-05 09:09:28.302 21662 RALLYDEBUG rally_openstack.cleanup.manager [-] Deleting neutron.port object s_rally_c87579c2_VmLC00qo (f1477bae-87f5-437a-a6a4-c2c0b6814248)
2019-07-05 09:09:28.449 21662 RALLYDEBUG rally_openstack.cleanup.manager [-] Deleting neutron.port object s_rally_c87579c2_QmJZAGX3 (f14dc8c9-6da9-448c-ab8b-8a6a22487677)
2019-07-05 09:09:28.452 21662 RALLYDEBUG rally_openstack.cleanup.manager [-] Deleting neutron.port object s_rally_c87579c2_HIHecyr0 (f19c8f69-8242-4039-9864-2e67525ba1c6)
2019-07-05 09:09:28.475 21662 RALLYDEBUG rally_openstack.cleanup.manager [-] Deleting neutron.port object s_rally_c87579c2_D5vCGkhn (f1a5c1ac-3498-46f5-b916-e2d0c6aeae8d)
2019-07-05 09:09:28.552 21662 RALLYDEBUG rally_openstack.cleanup.manager [-] Deleting neutron.port object s_rally_c87579c2_TmK8EamU (f1a8d12a-6fd7-4d71-a107-9985d476e167)
2019-07-05 09:09:28.722 21662 RALLYDEBUG rally_openstack.cleanup.manager [-] Deleting neutron.port object s_rally_c87579c2_FFIIxPbo (f1c15497-7765-46b7-8bc8-28b5156d0821)
2019-07-05 09:09:28.911 21662 RALLYDEBUG rally_openstack.cleanup.manager [-] Deleting neutron.port object s_rally_c87579c2_6oQJCIqy (f2a87f11-ed55-4908-afda-dbb2eb1fb243)
2019-07-05 09:09:29.006 21662 RALLYDEBUG rally_openstack.cleanup.manager [-] Deleting neutron.port object s_rally_c87579c2_FPjguaQD (f2ab13ce-d500-4742-80c0-5f7736f966f1)
2019-07-05 09:09:29.066 21662 RALLYDEBUG rally_openstack.cleanup.manager [-] Deleting neutron.port object s_rally_c87579c2_WewBQtK7 (f4475447-bb29-4169-9a2c-28863e2044bb)
2019-07-05 09:09:29.075 21662 RALLYDEBUG rally_openstack.cleanup.manager [-] Deleting neutron.port object s_rally_c87579c2_tTLDTCH3 (f4a16a8d-2df6-4370-93e0-0f1444286527)
2019-07-05 09:09:29.121 21662 RALLYDEBUG rally_openstack.cleanup.manager [-] Deleting neutron.port object s_rally_c87579c2_E6pBUcu0 (f4f93f59-d173-4fe5-8b12-e22c7233c92e)
2019-07-05 09:09:29.226 21662 RALLYDEBUG rally_openstack.cleanup.manager [-] Deleting neutron.port object s_rally_c87579c2_GdLqh6as (f53ab40a-fc49-4800-a08c-d00d157268b5)
2019-07-05 09:09:29.291 21662 RALLYDEBUG rally_openstack.cleanup.manager [-] Deleting neutron.port object s_rally_c87579c2_UJ4VcV2i (f570ced9-f301-46d7-8887-78d760e32440)
2019-07-05 09:09:29.456 21662 RALLYDEBUG rally_openstack.cleanup.manager [-] Deleting neutron.port object s_rally_c87579c2_Q42IHbYw (f5c274cc-858e-4f18-9dc8-f41b9c6221b5)
2019-07-05 09:09:29.467 21662 RALLYDEBUG rally_openstack.cleanup.manager [-] Deleting neutron.port object s_rally_c87579c2_A7DQdzdy (f7d2249e-358d-4500-9f2b-e04d73d17e30)
2019-07-05 09:09:29.602 21662 RALLYDEBUG rally_openstack.cleanup.manager [-] Deleting neutron.port object s_rally_c87579c2_uNrx0Dui (f8cf3bd9-a597-42d0-9920-3d1bc8d526ff)
2019-07-05 09:09:29.788 21662 RALLYDEBUG rally_openstack.cleanup.manager [-] Deleting neutron.port object s_rally_c87579c2_UAMIHLB5 (f9c0617b-4e24-4d18-97f0-319198edc7a2)
2019-07-05 09:09:30.008 21662 RALLYDEBUG rally_openstack.cleanup.manager [-] Deleting neutron.port object s_rally_c87579c2_oNI2QXvi (faadd1c5-5cc5-4cc3-9c9a-f8115afdcc28)
2019-07-05 09:09:30.252 21662 RALLYDEBUG rally_openstack.cleanup.manager [-] Deleting neutron.port object s_rally_c87579c2_JSkcCCM2 (fac8bc3d-82c7-4b5d-b8aa-0a8d527bd3f7)
2019-07-05 09:09:30.287 21662 RALLYDEBUG rally_openstack.cleanup.manager [-] Deleting neutron.port object s_rally_c87579c2_B99Y3Azw (fb832b32-7a48-479a-bc05-ab73f6ff7147)
2019-07-05 09:09:30.314 21662 RALLYDEBUG rally_openstack.cleanup.manager [-] Deleting neutron.port object s_rally_c87579c2_LBI4V2x6 (fcaddaa0-5cef-4133-8382-180f73c2c69f)
2019-07-05 09:09:30.339 21662 RALLYDEBUG rally_openstack.cleanup.manager [-] Deleting neutron.port object s_rally_c87579c2_EqnlKZfP (fd5ece88-432c-40eb-a337-f103747c0ddb)
2019-07-05 09:09:30.502 21662 RALLYDEBUG rally_openstack.cleanup.manager [-] Deleting neutron.port object s_rally_c87579c2_jWXtLsvJ (fd6f6f05-63f2-4fde-8ba1-5dca4e48020b)
2019-07-05 09:09:30.609 21662 RALLYDEBUG rally_openstack.cleanup.manager [-] Deleting neutron.port object s_rally_c87579c2_Ok97TYop (fdf39274-ab23-4a58-bfed-bb25ec3200d4)
2019-07-05 09:09:30.698 21662 RALLYDEBUG rally_openstack.cleanup.manager [-] Deleting neutron.port object s_rally_c87579c2_HjBOJcld (feead41a-f7c7-400a-a9d9-b460874c1dde)
2019-07-05 09:09:30.796 21662 RALLYDEBUG rally_openstack.cleanup.manager [-] Deleting neutron.port object s_rally_c87579c2_QEFu43f0 (fefff739-3c0a-4dfa-b087-beb079258b5a)
2019-07-05 09:09:31.003 21662 RALLYDEBUG rally_openstack.cleanup.manager [-] Deleting neutron.port object s_rally_c87579c2_zYoBeso0 (ff432e02-a1cd-490c-9f11-abdb3b8e81b5)
2019-07-05 09:09:31.103 21662 RALLYDEBUG rally_openstack.cleanup.manager [-] Deleting neutron.port object s_rally_c87579c2_RgtS1QDx (ff5116a0-3561-44ed-8a1c-605173b097ea)
2019-07-05 09:09:33.073 21662 RALLYDEBUG rally_openstack.cleanup.manager [-] Cleaning up neutron subnet objects
2019-07-05 09:09:33.482 21662 RALLYDEBUG rally_openstack.cleanup.manager [-] Cleaning up neutron network objects
2019-07-05 09:09:33.935 21662 RALLYDEBUG rally_openstack.cleanup.manager [-] Deleting neutron.network object s_rally_c87579c2_ui3lYU7F (74bb0d20-6eac-4cf8-951d-33075cba4783)
2019-07-05 09:09:33.935 21662 RALLYDEBUG rally_openstack.cleanup.manager [-] Deleting neutron.network object s_rally_c87579c2_idFLoXV0 (7acf566c-88fa-4861-aa42-c3a7defc03ca)
2019-07-05 09:09:33.952 21662 RALLYDEBUG rally_openstack.cleanup.manager [-] Deleting neutron.network object s_rally_c87579c2_DL988rTd (818cd697-df0d-41af-bb65-be9003c4eb5f)
2019-07-05 09:09:33.953 21662 RALLYDEBUG rally_openstack.cleanup.manager [-] Deleting neutron.network object s_rally_c87579c2_SUEqionB (a6f69867-b404-4f93-a8db-dc5c97ed2964)
2019-07-05 09:09:33.967 21662 RALLYDEBUG rally_openstack.cleanup.manager [-] Deleting neutron.network object s_rally_c87579c2_uZ4hwibS (b76984f8-a9c9-467c-8079-a19cb95364b3)
2019-07-05 09:09:33.980 21662 RALLYDEBUG rally_openstack.cleanup.manager [-] Deleting neutron.network object s_rally_c87579c2_q9qEJciD (c01499d2-d700-424d-b572-dae7ce1cfa51)
2019-07-05 09:09:33.982 21662 RALLYDEBUG rally_openstack.cleanup.manager [-] Deleting neutron.network object s_rally_c87579c2_XVez8TC7 (b545afa2-7286-45eb-bf8b-dcf50cc78eab)
2019-07-05 09:09:33.989 21662 RALLYDEBUG rally_openstack.cleanup.manager [-] Deleting neutron.network object s_rally_c87579c2_hmDBwqwK (f3df8a7e-864b-4c84-b9df-f823bfefe25b)
2019-07-05 09:09:36.827 21662 RALLYDEBUG rally_openstack.cleanup.manager [-] Cleaning up neutron router objects
2019-07-05 09:09:37.237 21662 RALLYDEBUG rally_openstack.cleanup.manager [-] Cleaning up neutron security_group objects
2019-07-05 09:09:37.646 21662 INFO rally.task.context [-] Task 2d96a6c3-edc5-4322-be8d-4c1321fe0da9 | Context cleanup@openstack cleanup() finished in 54.07 sec
2019-07-05 09:09:37.647 21662 INFO rally.task.context [-] Task 2d96a6c3-edc5-4322-be8d-4c1321fe0da9 | Context quotas@openstack cleanup() started
2019-07-05 09:09:37.721 21662 INFO rally.task.context [-] Task 2d96a6c3-edc5-4322-be8d-4c1321fe0da9 | Context quotas@openstack cleanup() finished in 74.45 msec
2019-07-05 09:09:37.722 21662 INFO rally.task.context [-] Task 2d96a6c3-edc5-4322-be8d-4c1321fe0da9 | Context users@openstack cleanup() started
2019-07-05 09:09:40.342 21662 INFO rally.task.context [-] Task 2d96a6c3-edc5-4322-be8d-4c1321fe0da9 | Context users@openstack cleanup() finished in 2.62 sec
2019-07-05 09:09:40.921 21662 INFO rally.task.engine [-] Load duration is: 56.191139
2019-07-05 09:09:40.921 21662 INFO rally.task.engine [-] Full runner duration is: 56.238292
2019-07-05 09:09:40.921 21662 INFO rally.task.engine [-] Full duration is: 115.899886
2019-07-05 09:09:41.221 21662 INFO rally.task.engine [-] Running workload: position = 1 config = { "version": 2, "title": "A cropped version of a bigger task.", "description": "Auto-generated task from a single workload (uuid=f420f65f-122c-40b8-8fe7-618fa94c31d4)", "subtasks": [ { "title": "NeutronNetworks.create_and_update_ports", "description": "Create and update a given number of ports.", "scenario": { "NeutronNetworks.create_and_update_ports": { "network_create_args": {}, "port_create_args": {}, "ports_per_network": 5, "port_update_args": { "admin_state_up": false, "device_id": "dummy_id", "device_owner": "dummy_owner", "name": "_port_updated" } } }, "contexts": { "users": { "tenants": 1, "users_per_tenant": 1 }, "quotas": { "neutron": { "network": -1, "port": -1 } } }, "runner": { "constant": { "times": 40, "concurrency": 20 } }, "hooks": [], "sla": { "failure_rate": { "max": 0 } } } ] }
2019-07-05 09:09:41.248 21662 RALLYDEBUG rally_openstack.contexts.keystone.users [-] Creating 1 tenants using 20 threads
2019-07-05 09:09:42.157 21662 RALLYDEBUG rally_openstack.contexts.keystone.users [-] Creating 1 users using 20 threads
2019-07-05 09:09:43.517 21662 INFO rally.task.context [-] Task 2d96a6c3-edc5-4322-be8d-4c1321fe0da9 | Context users@openstack setup() finished in 2.27 sec
2019-07-05 09:09:43.965 21662 INFO rally.task.context [-] Task 2d96a6c3-edc5-4322-be8d-4c1321fe0da9 | Context quotas@openstack setup() finished in 0.45 sec
2019-07-05 09:09:43.966 21662 INFO rally.task.context [-] Task 2d96a6c3-edc5-4322-be8d-4c1321fe0da9 | Context cleanup@openstack setup() finished in 0.01 msec
2019-07-05 09:09:43.975 21662 RALLYDEBUG rally.task.runner [-] Starting the constant runner (task UUID: 2d96a6c3-edc5-4322-be8d-4c1321fe0da9). timeout: 0 concurrency: 20 concurrency_per_worker: 1 times: 40 concurrency_overhead: 4 processes_to_start: 16 max_cpu_used: 16
2019-07-05 09:09:43.989 25538 RALLYDEBUG rally.task.runner [-] Starting a worker. concurrency: 2 args: {"network_create_args": {}, "port_create_args": {}, "ports_per_network": 5, "port_update_args": {"admin_state_up": false, "device_id": "dummy_id", "device_owner": "dummy_owner", "name": "_port_updated"}} times: 40 method_name: run timeout: 0 duration: None cls:
2019-07-05 09:09:43.992 25539 RALLYDEBUG rally.task.runner [-] Starting a worker. concurrency: 2 args: {"network_create_args": {}, "port_create_args": {}, "ports_per_network": 5, "port_update_args": {"admin_state_up": false, "device_id": "dummy_id", "device_owner": "dummy_owner", "name": "_port_updated"}} times: 40 method_name: run timeout: 0 duration: None cls:
2019-07-05 09:09:43.996 25540 RALLYDEBUG rally.task.runner [-] Starting a worker. concurrency: 2 args: {"network_create_args": {}, "port_create_args": {}, "ports_per_network": 5, "port_update_args": {"admin_state_up": false, "device_id": "dummy_id", "device_owner": "dummy_owner", "name": "_port_updated"}} times: 40 method_name: run timeout: 0 duration: None cls:
2019-07-05 09:09:43.997 25538 INFO rally.task.runner [-] Task 2d96a6c3-edc5-4322-be8d-4c1321fe0da9 | ITER: 1 START
2019-07-05 09:09:43.999 25541 RALLYDEBUG rally.task.runner [-] Starting a worker. concurrency: 2 args: {"network_create_args": {}, "port_create_args": {}, "ports_per_network": 5, "port_update_args": {"admin_state_up": false, "device_id": "dummy_id", "device_owner": "dummy_owner", "name": "_port_updated"}} times: 40 method_name: run timeout: 0 duration: None cls:
2019-07-05 09:09:44.000 25538 WARNING rally_openstack.scenarios.neutron.utils [-] Running this scenario without either the 'network' or 'existing_network' context is deprecated
2019-07-05 09:09:44.002 25542 RALLYDEBUG rally.task.runner [-] Starting a worker. concurrency: 1 args: {"network_create_args": {}, "port_create_args": {}, "ports_per_network": 5, "port_update_args": {"admin_state_up": false, "device_id": "dummy_id", "device_owner": "dummy_owner", "name": "_port_updated"}} times: 40 method_name: run timeout: 0 duration: None cls:
2019-07-05 09:09:44.003 25540 INFO rally.task.runner [-] Task 2d96a6c3-edc5-4322-be8d-4c1321fe0da9 | ITER: 4 START
2019-07-05 09:09:44.005 25539 INFO rally.task.runner [-] Task 2d96a6c3-edc5-4322-be8d-4c1321fe0da9 | ITER: 5 START
2019-07-05 09:09:44.006 25546 RALLYDEBUG rally.task.runner [-] Starting a worker. concurrency: 1 args: {"network_create_args": {}, "port_create_args": {}, "ports_per_network": 5, "port_update_args": {"admin_state_up": false, "device_id": "dummy_id", "device_owner": "dummy_owner", "name": "_port_updated"}} times: 40 method_name: run timeout: 0 duration: None cls:
2019-07-05 09:09:44.006 25540 WARNING rally_openstack.scenarios.neutron.utils [-] Running this scenario without either the 'network' or 'existing_network' context is deprecated
2019-07-05 09:09:44.008 25539 WARNING rally_openstack.scenarios.neutron.utils [-] Running this scenario without either the 'network' or 'existing_network' context is deprecated
2019-07-05 09:09:44.010 25542 INFO rally.task.runner [-] Task 2d96a6c3-edc5-4322-be8d-4c1321fe0da9 | ITER: 8 START
2019-07-05 09:09:44.010 25549 RALLYDEBUG rally.task.runner [-] Starting a worker. concurrency: 1 args: {"network_create_args": {}, "port_create_args": {}, "ports_per_network": 5, "port_update_args": {"admin_state_up": false, "device_id": "dummy_id", "device_owner": "dummy_owner", "name": "_port_updated"}} times: 40 method_name: run timeout: 0 duration: None cls:
2019-07-05 09:09:44.011 25541 INFO rally.task.runner [-] Task 2d96a6c3-edc5-4322-be8d-4c1321fe0da9 | ITER: 6 START
2019-07-05 09:09:44.011 25542 WARNING rally_openstack.scenarios.neutron.utils [-] Running this scenario without either the 'network' or 'existing_network' context is deprecated
2019-07-05 09:09:44.011 25540 INFO rally.task.runner [-] Task 2d96a6c3-edc5-4322-be8d-4c1321fe0da9 | ITER: 7 START
2019-07-05 09:09:44.013 25546 INFO rally.task.runner [-] Task 2d96a6c3-edc5-4322-be8d-4c1321fe0da9 | ITER: 10 START
2019-07-05 09:09:44.013 25553 RALLYDEBUG rally.task.runner [-] Starting a worker. concurrency: 1 args: {"network_create_args": {}, "port_create_args": {}, "ports_per_network": 5, "port_update_args": {"admin_state_up": false, "device_id": "dummy_id", "device_owner": "dummy_owner", "name": "_port_updated"}} times: 40 method_name: run timeout: 0 duration: None cls:
2019-07-05 09:09:44.014 25546 WARNING rally_openstack.scenarios.neutron.utils [-] Running this scenario without either the 'network' or 'existing_network' context is deprecated
2019-07-05 09:09:44.012 25541 INFO rally.task.runner [-] Task 2d96a6c3-edc5-4322-be8d-4c1321fe0da9 | ITER: 9 START
2019-07-05 09:09:44.014 25538 INFO rally.task.runner [-] Task 2d96a6c3-edc5-4322-be8d-4c1321fe0da9 | ITER: 3 START
2019-07-05 09:09:44.009 25539 INFO rally.task.runner [-] Task 2d96a6c3-edc5-4322-be8d-4c1321fe0da9 | ITER: 2 START
2019-07-05 09:09:44.014 25541 WARNING rally_openstack.scenarios.neutron.utils [-] Running this scenario without either the 'network' or 'existing_network' context is deprecated
2019-07-05 09:09:44.015 25538 WARNING rally_openstack.scenarios.neutron.utils [-] Running this scenario without either the 'network' or 'existing_network' context is deprecated
2019-07-05 09:09:44.016 25539 WARNING rally_openstack.scenarios.neutron.utils [-] Running this scenario without either the 'network' or 'existing_network' context is deprecated
2019-07-05 09:09:44.017 25549 INFO rally.task.runner [-] Task 2d96a6c3-edc5-4322-be8d-4c1321fe0da9 | ITER: 11 START
2019-07-05 09:09:44.015 25541 WARNING rally_openstack.scenarios.neutron.utils [-] Running this scenario without either the 'network' or 'existing_network' context is deprecated
2019-07-05 09:09:44.019 25549 WARNING rally_openstack.scenarios.neutron.utils [-] Running this scenario without either the 'network' or 'existing_network' context is deprecated
2019-07-05 09:09:44.018 25540 WARNING rally_openstack.scenarios.neutron.utils [-] Running this scenario without either the 'network' or 'existing_network' context is deprecated
2019-07-05 09:09:44.020 25553 INFO rally.task.runner [-] Task 2d96a6c3-edc5-4322-be8d-4c1321fe0da9 | ITER: 12 START
2019-07-05 09:09:44.021 25562 RALLYDEBUG rally.task.runner [-] Starting a worker. concurrency: 1 args: {"network_create_args": {}, "port_create_args": {}, "ports_per_network": 5, "port_update_args": {"admin_state_up": false, "device_id": "dummy_id", "device_owner": "dummy_owner", "name": "_port_updated"}} times: 40 method_name: run timeout: 0 duration: None cls:
2019-07-05 09:09:44.023 25553 WARNING rally_openstack.scenarios.neutron.utils [-] Running this scenario without either the 'network' or 'existing_network' context is deprecated
2019-07-05 09:09:44.029 25562 INFO rally.task.runner [-] Task 2d96a6c3-edc5-4322-be8d-4c1321fe0da9 | ITER: 13 START
2019-07-05 09:09:44.029 25567 RALLYDEBUG rally.task.runner [-] Starting a worker. concurrency: 1 args: {"network_create_args": {}, "port_create_args": {}, "ports_per_network": 5, "port_update_args": {"admin_state_up": false, "device_id": "dummy_id", "device_owner": "dummy_owner", "name": "_port_updated"}} times: 40 method_name: run timeout: 0 duration: None cls:
2019-07-05 09:09:44.031 25562 WARNING rally_openstack.scenarios.neutron.utils [-] Running this scenario without either the 'network' or 'existing_network' context is deprecated
2019-07-05 09:09:44.040 25567 INFO rally.task.runner [-] Task 2d96a6c3-edc5-4322-be8d-4c1321fe0da9 | ITER: 14 START
2019-07-05 09:09:44.040 25570 RALLYDEBUG rally.task.runner [-] Starting a worker. concurrency: 1 args: {"network_create_args": {}, "port_create_args": {}, "ports_per_network": 5, "port_update_args": {"admin_state_up": false, "device_id": "dummy_id", "device_owner": "dummy_owner", "name": "_port_updated"}} times: 40 method_name: run timeout: 0 duration: None cls:
2019-07-05 09:09:44.042 25567 WARNING rally_openstack.scenarios.neutron.utils [-] Running this scenario without either the 'network' or 'existing_network' context is deprecated
2019-07-05 09:09:44.047 25570 INFO rally.task.runner [-] Task 2d96a6c3-edc5-4322-be8d-4c1321fe0da9 | ITER: 15 START
2019-07-05 09:09:44.049 25570 WARNING rally_openstack.scenarios.neutron.utils [-] Running this scenario without either the 'network' or 'existing_network' context is deprecated
2019-07-05 09:09:44.050 25573 RALLYDEBUG rally.task.runner [-] Starting a worker. concurrency: 1 args: {"network_create_args": {}, "port_create_args": {}, "ports_per_network": 5, "port_update_args": {"admin_state_up": false, "device_id": "dummy_id", "device_owner": "dummy_owner", "name": "_port_updated"}} times: 40 method_name: run timeout: 0 duration: None cls:
2019-07-05 09:09:44.056 25573 INFO rally.task.runner [-] Task 2d96a6c3-edc5-4322-be8d-4c1321fe0da9 | ITER: 16 START
2019-07-05 09:09:44.058 25573 WARNING rally_openstack.scenarios.neutron.utils [-] Running this scenario without either the 'network' or 'existing_network' context is deprecated
2019-07-05 09:09:44.059 25576 RALLYDEBUG rally.task.runner [-] Starting a worker. concurrency: 1 args: {"network_create_args": {}, "port_create_args": {}, "ports_per_network": 5, "port_update_args": {"admin_state_up": false, "device_id": "dummy_id", "device_owner": "dummy_owner", "name": "_port_updated"}} times: 40 method_name: run timeout: 0 duration: None cls:
2019-07-05 09:09:44.065 25576 INFO rally.task.runner [-] Task 2d96a6c3-edc5-4322-be8d-4c1321fe0da9 | ITER: 17 START
2019-07-05 09:09:44.065 25579 RALLYDEBUG rally.task.runner [-] Starting a worker. concurrency: 1 args: {"network_create_args": {}, "port_create_args": {}, "ports_per_network": 5, "port_update_args": {"admin_state_up": false, "device_id": "dummy_id", "device_owner": "dummy_owner", "name": "_port_updated"}} times: 40 method_name: run timeout: 0 duration: None cls:
2019-07-05 09:09:44.067 25576 WARNING rally_openstack.scenarios.neutron.utils [-] Running this scenario without either the 'network' or 'existing_network' context is deprecated
2019-07-05 09:09:44.067 25580 RALLYDEBUG rally.task.runner [-] Starting a worker. concurrency: 1 args: {"network_create_args": {}, "port_create_args": {}, "ports_per_network": 5, "port_update_args": {"admin_state_up": false, "device_id": "dummy_id", "device_owner": "dummy_owner", "name": "_port_updated"}} times: 40 method_name: run timeout: 0 duration: None cls:
2019-07-05 09:09:44.070 25579 INFO rally.task.runner [-] Task 2d96a6c3-edc5-4322-be8d-4c1321fe0da9 | ITER: 18 START
2019-07-05 09:09:44.072 25579 WARNING rally_openstack.scenarios.neutron.utils [-] Running this scenario without either the 'network' or 'existing_network' context is deprecated
2019-07-05 09:09:44.072 25580 INFO rally.task.runner [-] Task 2d96a6c3-edc5-4322-be8d-4c1321fe0da9 | ITER: 19 START
2019-07-05 09:09:44.073 25580 WARNING rally_openstack.scenarios.neutron.utils [-] Running this scenario without either the 'network' or 'existing_network' context is deprecated
2019-07-05 09:09:44.073 25583 RALLYDEBUG rally.task.runner [-] Starting a worker. concurrency: 1 args: {"network_create_args": {}, "port_create_args": {}, "ports_per_network": 5, "port_update_args": {"admin_state_up": false, "device_id": "dummy_id", "device_owner": "dummy_owner", "name": "_port_updated"}} times: 40 method_name: run timeout: 0 duration: None cls:
2019-07-05 09:09:44.078 25583 INFO rally.task.runner [-] Task 2d96a6c3-edc5-4322-be8d-4c1321fe0da9 | ITER: 20 START
2019-07-05 09:09:44.079 25583 WARNING rally_openstack.scenarios.neutron.utils [-] Running this scenario without either the 'network' or 'existing_network' context is deprecated
2019-07-05 09:09:53.191 25553 INFO rally.task.runner [-] Task 2d96a6c3-edc5-4322-be8d-4c1321fe0da9 | ITER: 12 END: OK
2019-07-05 09:09:53.195 25553 INFO rally.task.runner [-] Task 2d96a6c3-edc5-4322-be8d-4c1321fe0da9 | ITER: 21 START
2019-07-05 09:09:53.196 25553 WARNING rally_openstack.scenarios.neutron.utils [-] Running this scenario without either the 'network' or 'existing_network' context is deprecated
2019-07-05 09:09:53.211 25538 INFO rally.task.runner [-] Task 2d96a6c3-edc5-4322-be8d-4c1321fe0da9 | ITER: 3 END: OK
2019-07-05 09:09:53.215 25538 INFO rally.task.runner [-] Task 2d96a6c3-edc5-4322-be8d-4c1321fe0da9 | ITER: 22 START
2019-07-05 09:09:53.216 25538 WARNING rally_openstack.scenarios.neutron.utils [-] Running this scenario without either the 'network' or 'existing_network' context is deprecated
2019-07-05 09:09:53.416 25567 INFO rally.task.runner [-] Task 2d96a6c3-edc5-4322-be8d-4c1321fe0da9 | ITER: 14 END: OK
2019-07-05 09:09:53.421 25567 INFO rally.task.runner [-] Task 2d96a6c3-edc5-4322-be8d-4c1321fe0da9 | ITER: 23 START
2019-07-05 09:09:53.421 25567 WARNING rally_openstack.scenarios.neutron.utils [-] Running this scenario without either the 'network' or 'existing_network' context is deprecated
2019-07-05 09:09:53.688 25540 INFO rally.task.runner [-] Task 2d96a6c3-edc5-4322-be8d-4c1321fe0da9 | ITER: 7 END: OK
2019-07-05 09:09:53.694 25540 INFO rally.task.runner [-] Task 2d96a6c3-edc5-4322-be8d-4c1321fe0da9 | ITER: 24 START
2019-07-05 09:09:53.695 25540 WARNING rally_openstack.scenarios.neutron.utils [-] Running this scenario without either the 'network' or 'existing_network' context is deprecated
2019-07-05 09:09:54.222 25542 INFO rally.task.runner [-] Task 2d96a6c3-edc5-4322-be8d-4c1321fe0da9 | ITER: 8 END: OK
2019-07-05 09:09:54.227 25542 INFO rally.task.runner [-] Task 2d96a6c3-edc5-4322-be8d-4c1321fe0da9 | ITER: 25 START
2019-07-05 09:09:54.227 25542 WARNING rally_openstack.scenarios.neutron.utils [-] Running this scenario without either the 'network' or 'existing_network' context is deprecated
2019-07-05 09:09:54.617 25540 INFO rally.task.runner [-] Task 2d96a6c3-edc5-4322-be8d-4c1321fe0da9 | ITER: 4 END: OK
2019-07-05 09:09:54.621 25540 INFO rally.task.runner [-] Task 2d96a6c3-edc5-4322-be8d-4c1321fe0da9 | ITER: 26 START
2019-07-05 09:09:54.622 25540 WARNING rally_openstack.scenarios.neutron.utils [-] Running this scenario without either the 'network' or 'existing_network' context is deprecated
2019-07-05 09:09:54.661 25562 INFO rally.task.runner [-] Task 2d96a6c3-edc5-4322-be8d-4c1321fe0da9 | ITER: 13 END: OK
2019-07-05 09:09:54.666 25562 INFO rally.task.runner [-] Task 2d96a6c3-edc5-4322-be8d-4c1321fe0da9 | ITER: 27 START
2019-07-05 09:09:54.666 25562 WARNING rally_openstack.scenarios.neutron.utils [-] Running this scenario without either the 'network' or 'existing_network' context is deprecated
2019-07-05 09:09:54.938 25583 INFO rally.task.runner [-] Task 2d96a6c3-edc5-4322-be8d-4c1321fe0da9 | ITER: 20 END: OK
2019-07-05 09:09:54.943 25583 INFO rally.task.runner [-] Task 2d96a6c3-edc5-4322-be8d-4c1321fe0da9 | ITER: 28 START
2019-07-05 09:09:54.944 25583 WARNING rally_openstack.scenarios.neutron.utils [-] Running this scenario without either the 'network' or 'existing_network' context is deprecated
2019-07-05 09:09:55.014 25546 INFO rally.task.runner [-] Task 2d96a6c3-edc5-4322-be8d-4c1321fe0da9 | ITER: 10 END: OK
2019-07-05 09:09:55.018 25546 INFO rally.task.runner [-] Task 2d96a6c3-edc5-4322-be8d-4c1321fe0da9 | ITER: 29 START
2019-07-05 09:09:55.019 25546 WARNING rally_openstack.scenarios.neutron.utils [-] Running this scenario without either the 'network' or 'existing_network' context is deprecated
2019-07-05 09:09:55.128 25541 INFO rally.task.runner [-] Task 2d96a6c3-edc5-4322-be8d-4c1321fe0da9 | ITER: 9 END: OK
2019-07-05 09:09:55.134 25541 INFO rally.task.runner [-] Task 2d96a6c3-edc5-4322-be8d-4c1321fe0da9 | ITER: 30 START
2019-07-05 09:09:55.135 25541 WARNING rally_openstack.scenarios.neutron.utils [-] Running this scenario without either the 'network' or 'existing_network' context is deprecated
2019-07-05 09:09:55.335 25576 INFO rally.task.runner [-] Task 2d96a6c3-edc5-4322-be8d-4c1321fe0da9 | ITER: 17 END: OK
2019-07-05 09:09:55.341 25576 INFO rally.task.runner [-] Task 2d96a6c3-edc5-4322-be8d-4c1321fe0da9 | ITER: 31 START
2019-07-05 09:09:55.342 25576 WARNING rally_openstack.scenarios.neutron.utils [-] Running this scenario without either the 'network' or 'existing_network' context is deprecated
2019-07-05 09:09:55.540 25580 INFO rally.task.runner [-] Task 2d96a6c3-edc5-4322-be8d-4c1321fe0da9 | ITER: 19 END: OK
2019-07-05 09:09:55.545 25580 INFO rally.task.runner [-] Task 2d96a6c3-edc5-4322-be8d-4c1321fe0da9 | ITER: 32 START
2019-07-05 09:09:55.545 25580 WARNING rally_openstack.scenarios.neutron.utils [-] Running this scenario without either the 'network' or 'existing_network' context is deprecated
2019-07-05 09:09:55.624 25539 INFO rally.task.runner [-] Task 2d96a6c3-edc5-4322-be8d-4c1321fe0da9 | ITER: 2 END: OK
2019-07-05 09:09:55.629 25539 INFO rally.task.runner [-] Task 2d96a6c3-edc5-4322-be8d-4c1321fe0da9 | ITER: 33 START
2019-07-05 09:09:55.630 25539 WARNING rally_openstack.scenarios.neutron.utils [-] Running this scenario without either the 'network' or 'existing_network' context is deprecated
2019-07-05 09:09:55.751 25549 INFO rally.task.runner [-] Task 2d96a6c3-edc5-4322-be8d-4c1321fe0da9 | ITER: 11 END: OK
2019-07-05 09:09:55.756 25549 INFO rally.task.runner [-] Task 2d96a6c3-edc5-4322-be8d-4c1321fe0da9 | ITER: 34 START
2019-07-05 09:09:55.757 25549 WARNING rally_openstack.scenarios.neutron.utils [-] Running this scenario without either the 'network' or 'existing_network' context is deprecated
2019-07-05 09:09:55.961 25538 INFO rally.task.runner [-] Task 2d96a6c3-edc5-4322-be8d-4c1321fe0da9 | ITER: 1 END: OK
2019-07-05 09:09:55.965 25538 INFO rally.task.runner [-] Task 2d96a6c3-edc5-4322-be8d-4c1321fe0da9 | ITER: 35 START
2019-07-05 09:09:55.966 25538 WARNING rally_openstack.scenarios.neutron.utils [-] Running this scenario without either the 'network' or 'existing_network' context is deprecated
2019-07-05 09:09:56.433 25573 INFO rally.task.runner [-] Task 2d96a6c3-edc5-4322-be8d-4c1321fe0da9 | ITER: 16 END: OK
2019-07-05 09:09:56.439 25573 INFO rally.task.runner [-] Task 2d96a6c3-edc5-4322-be8d-4c1321fe0da9 | ITER: 36 START
2019-07-05 09:09:56.440 25573 WARNING rally_openstack.scenarios.neutron.utils [-] Running this scenario without either the 'network' or 'existing_network' context is deprecated
2019-07-05 09:09:56.523 25539 INFO rally.task.runner [-] Task 2d96a6c3-edc5-4322-be8d-4c1321fe0da9 | ITER: 5 END: OK
2019-07-05 09:09:56.528 25539 INFO rally.task.runner [-] Task 2d96a6c3-edc5-4322-be8d-4c1321fe0da9 | ITER: 37 START
2019-07-05 09:09:56.528 25539 WARNING rally_openstack.scenarios.neutron.utils [-] Running this scenario without either the 'network' or 'existing_network' context is deprecated
2019-07-05 09:09:56.918 25570 INFO rally.task.runner [-] Task 2d96a6c3-edc5-4322-be8d-4c1321fe0da9 | ITER: 15 END: OK
2019-07-05 09:09:56.923 25570 INFO rally.task.runner [-] Task 2d96a6c3-edc5-4322-be8d-4c1321fe0da9 | ITER: 38 START
2019-07-05 09:09:56.924 25570 WARNING rally_openstack.scenarios.neutron.utils [-] Running this scenario without either the 'network' or 'existing_network' context is deprecated
2019-07-05 09:09:57.335 25579 INFO rally.task.runner [-] Task 2d96a6c3-edc5-4322-be8d-4c1321fe0da9 | ITER: 18 END: OK
2019-07-05 09:09:57.340 25579 INFO rally.task.runner [-] Task 2d96a6c3-edc5-4322-be8d-4c1321fe0da9 | ITER: 39 START
2019-07-05 09:09:57.340 25579 WARNING rally_openstack.scenarios.neutron.utils [-] Running this scenario without either the 'network' or 'existing_network' context is deprecated
2019-07-05 09:09:59.904 25541 INFO rally.task.runner [-] Task 2d96a6c3-edc5-4322-be8d-4c1321fe0da9 | ITER: 6 END: OK
2019-07-05 09:09:59.909 25541 INFO rally.task.runner [-] Task 2d96a6c3-edc5-4322-be8d-4c1321fe0da9 | ITER: 40 START
2019-07-05 09:09:59.909 25541 WARNING rally_openstack.scenarios.neutron.utils [-] Running this scenario without either the 'network' or 'existing_network' context is deprecated
2019-07-05 09:10:03.060 25538 INFO rally.task.runner [-] Task 2d96a6c3-edc5-4322-be8d-4c1321fe0da9 | ITER: 22 END: OK
2019-07-05 09:10:03.335 25583 INFO rally.task.runner [-] Task 2d96a6c3-edc5-4322-be8d-4c1321fe0da9 | ITER: 28 END: OK
2019-07-05 09:10:03.928 25542 INFO rally.task.runner [-] Task 2d96a6c3-edc5-4322-be8d-4c1321fe0da9 | ITER: 25 END: OK
2019-07-05 09:10:04.401 25540 INFO rally.task.runner [-] Task 2d96a6c3-edc5-4322-be8d-4c1321fe0da9 | ITER: 26 END: OK
2019-07-05 09:10:04.577 25538 INFO rally.task.runner [-] Task 2d96a6c3-edc5-4322-be8d-4c1321fe0da9 | ITER: 35 END: OK
2019-07-05 09:10:04.686 25553 INFO rally.task.runner [-] Task 2d96a6c3-edc5-4322-be8d-4c1321fe0da9 | ITER: 21 END: OK
2019-07-05 09:10:05.499 25540 INFO rally.task.runner [-] Task 2d96a6c3-edc5-4322-be8d-4c1321fe0da9 | ITER: 24 END: OK
2019-07-05 09:10:05.524 25567 INFO rally.task.runner [-] Task 2d96a6c3-edc5-4322-be8d-4c1321fe0da9 | ITER: 23 END: OK
2019-07-05 09:10:05.767 25576 INFO rally.task.runner [-] Task 2d96a6c3-edc5-4322-be8d-4c1321fe0da9 | ITER: 31 END: OK
2019-07-05 09:10:05.910 25549 INFO rally.task.runner [-] Task 2d96a6c3-edc5-4322-be8d-4c1321fe0da9 | ITER: 34 END: OK
2019-07-05 09:10:05.954 25562 INFO rally.task.runner [-] Task 2d96a6c3-edc5-4322-be8d-4c1321fe0da9 | ITER: 27 END: OK
2019-07-05 09:10:05.971 25539 INFO rally.task.runner [-] Task 2d96a6c3-edc5-4322-be8d-4c1321fe0da9 | ITER: 37 END: OK
2019-07-05 09:10:05.997 25541 INFO rally.task.runner [-] Task 2d96a6c3-edc5-4322-be8d-4c1321fe0da9 | ITER: 30 END: OK
2019-07-05 09:10:06.231 25570 INFO rally.task.runner [-] Task 2d96a6c3-edc5-4322-be8d-4c1321fe0da9 | ITER: 38 END: OK
2019-07-05 09:10:06.284 25580 INFO rally.task.runner [-] Task 2d96a6c3-edc5-4322-be8d-4c1321fe0da9 | ITER: 32 END: OK
2019-07-05 09:10:06.304 25573 INFO rally.task.runner [-] Task 2d96a6c3-edc5-4322-be8d-4c1321fe0da9 | ITER: 36 END: OK
2019-07-05 09:10:06.981 25546 INFO rally.task.runner [-] Task 2d96a6c3-edc5-4322-be8d-4c1321fe0da9 | ITER: 29 END: OK
2019-07-05 09:10:07.138 25539 INFO rally.task.runner [-] Task 2d96a6c3-edc5-4322-be8d-4c1321fe0da9 | ITER: 33 END: OK
2019-07-05 09:10:07.243 25579 INFO rally.task.runner [-] Task 2d96a6c3-edc5-4322-be8d-4c1321fe0da9 | ITER: 39 END: OK
2019-07-05 09:10:08.608 25541 INFO rally.task.runner [-] Task 2d96a6c3-edc5-4322-be8d-4c1321fe0da9 | ITER: 40 END: OK
2019-07-05 09:10:08.636 21662 INFO rally.task.context [-] Task 2d96a6c3-edc5-4322-be8d-4c1321fe0da9 | Context cleanup@openstack cleanup() started
2019-07-05 09:10:08.639 21662 RALLYDEBUG rally_openstack.cleanup.manager [-] Cleaning up neutron vip objects
2019-07-05 09:10:09.033 21662 RALLYDEBUG rally_openstack.cleanup.manager [-] Cleaning up neutron health_monitor objects
2019-07-05 09:10:09.429 21662 RALLYDEBUG rally_openstack.cleanup.manager [-] Cleaning up neutron pool objects
2019-07-05 09:10:09.813 21662 RALLYDEBUG rally_openstack.cleanup.manager [-] Cleaning up neutron loadbalancer objects
2019-07-05 09:10:10.203 21662 RALLYDEBUG rally_openstack.cleanup.manager [-] Cleaning up neutron floatingip objects
2019-07-05 09:10:10.634 21662 RALLYDEBUG rally_openstack.cleanup.manager [-] Cleaning up neutron port objects
2019-07-05 09:10:11.435 21662 RALLYDEBUG rally_openstack.cleanup.manager [-] Deleting neutron.port object s_rally_f420f65f_vGZBQwJj (035ac193-c334-4ead-9769-13fd9af9749a)
2019-07-05 09:10:11.437 21662 RALLYDEBUG rally_openstack.cleanup.manager [-] Deleting neutron.port object s_rally_f420f65f_LYK8BAHF (02c2617b-81c6-4db0-ae82-e910e8af5702)
2019-07-05 09:10:11.438 21662 RALLYDEBUG rally_openstack.cleanup.manager [-] Deleting neutron.port object s_rally_f420f65f_ahz9kxGb (14bc4994-e28c-4d6a-b69b-e51ff13bc0ff)
2019-07-05 09:10:11.440 21662 RALLYDEBUG rally_openstack.cleanup.manager [-] Deleting neutron.port object s_rally_f420f65f_7tmBOIHT (0d175901-4f76-418b-9e1b-97076d7eb38e)
2019-07-05 09:10:11.446 21662 RALLYDEBUG rally_openstack.cleanup.manager [-] Deleting neutron.port object s_rally_f420f65f_KwXuHfMW (001b0a96-348a-40c9-9f6a-c0228161b83e)
2019-07-05 09:10:11.450 21662 RALLYDEBUG rally_openstack.cleanup.manager [-] Deleting neutron.port object s_rally_f420f65f_qZO6XIZQ (08647814-9123-4ed3-8a9e-cb6c9fe2494b)
2019-07-05 09:10:11.463 21662 RALLYDEBUG rally_openstack.cleanup.manager [-] Deleting neutron.port object s_rally_f420f65f_2LfPzTyX (14bfe70e-6a50-4ab4-b782-70491425fd62)
2019-07-05 09:10:11.471 21662 RALLYDEBUG rally_openstack.cleanup.manager [-] Deleting neutron.port object s_rally_f420f65f_tW5hbmpk (1ab275d5-4a14-4483-a73b-f699e195c3de)
2019-07-05 09:10:11.480 21662 RALLYDEBUG rally_openstack.cleanup.manager [-] Deleting neutron.port object s_rally_f420f65f_DFdEOC4y (103e9409-6b8d-48b3-b197-b114eebe17a1)
2019-07-05 09:10:11.482 21662 RALLYDEBUG rally_openstack.cleanup.manager [-] Deleting neutron.port object s_rally_f420f65f_AOF9rZTU (1626faaa-8402-4e1c-8a80-9db286ddb9d8)
2019-07-05 09:10:11.494 21662 RALLYDEBUG rally_openstack.cleanup.manager [-] Deleting neutron.port object s_rally_f420f65f_Hy3PfSiY (01f9b420-05b9-4065-b355-5913bad1d06a)
2019-07-05 09:10:11.496 21662 RALLYDEBUG rally_openstack.cleanup.manager [-] Deleting neutron.port object s_rally_f420f65f_MqQt8S1t (09ba2218-0277-4117-aa2d-f6aba29cd185)
2019-07-05 09:10:11.501 21662 RALLYDEBUG rally_openstack.cleanup.manager [-] Deleting neutron.port object s_rally_f420f65f_af0VmWgG (10f9cb3a-7a3c-4929-b90d-4891d96cf05b)
2019-07-05 09:10:11.534 21662 RALLYDEBUG rally_openstack.cleanup.manager [-] Deleting neutron.port object s_rally_f420f65f_pHz6SVXk (1b1ad2e5-7f45-4e3d-a7c9-51db49bd4cd9)
2019-07-05 09:10:11.540 21662 RALLYDEBUG rally_openstack.cleanup.manager [-] Deleting neutron.port object s_rally_f420f65f_lYjG0HSJ (14dd9dbf-23f0-451e-b437-4e3b2a24360b)
2019-07-05 09:10:11.553 21662 RALLYDEBUG rally_openstack.cleanup.manager [-] Deleting neutron.port object s_rally_f420f65f_iAPHpIHF (1022afdc-6989-4e32-9feb-e54c9e08d228)
2019-07-05 09:10:11.575 21662 RALLYDEBUG rally_openstack.cleanup.manager [-] Deleting neutron.port object s_rally_f420f65f_aZFtAkKo (1b4896fc-cfa4-4ad7-b35b-f5194fc8905c)
2019-07-05 09:10:11.580 21662 RALLYDEBUG rally_openstack.cleanup.manager [-] Deleting neutron.port object s_rally_f420f65f_tDVpkE3N (0ebcc00b-b370-4be1-b7a2-37bf2ce634c7)
2019-07-05 09:10:11.588 21662 RALLYDEBUG rally_openstack.cleanup.manager [-] Deleting neutron.port object s_rally_f420f65f_r7Y5kRDu (1a61dd89-5b8e-44d4-af00-cd50393c8b32)
2019-07-05 09:10:11.613 21662 RALLYDEBUG rally_openstack.cleanup.manager [-] Deleting neutron.port object s_rally_f420f65f_RRU0y2gp (009b87a4-a2e0-4e3d-a1ce-450584b323e0)
2019-07-05 09:10:13.684 21662 RALLYDEBUG rally_openstack.cleanup.manager [-] Deleting neutron.port object s_rally_f420f65f_Qbbs1oyn (1ece474c-6afa-46dc-90be-f67129c02220)
2019-07-05 09:10:13.899 21662 RALLYDEBUG rally_openstack.cleanup.manager [-] Deleting neutron.port object s_rally_f420f65f_FsFyVU1z (1fb76fe0-4fbe-401c-af24-d840103f6db7)
2019-07-05 09:10:13.963 21662 RALLYDEBUG rally_openstack.cleanup.manager [-] Deleting neutron.port object s_rally_f420f65f_yVOqP7MM (20c1f55c-f4c6-4aba-aa69-ea3646b87b47)
2019-07-05 09:10:14.000 21662 RALLYDEBUG rally_openstack.cleanup.manager [-] Deleting neutron.port object s_rally_f420f65f_zcOhBKwD (226fbb86-8305-4049-bb89-6fe155668ef2)
2019-07-05 09:10:14.026 21662 RALLYDEBUG rally_openstack.cleanup.manager [-] Deleting neutron.port object s_rally_f420f65f_zx1Wk3e6 (23b2a136-4e28-450b-8c10-f2c6198eb451)
2019-07-05 09:10:14.034 21662 RALLYDEBUG rally_openstack.cleanup.manager [-] Deleting neutron.port object s_rally_f420f65f_3DinK0gN (25d3f362-dcd5-43ed-8e41-66347745aa8b)
2019-07-05 09:10:14.058 21662 RALLYDEBUG rally_openstack.cleanup.manager [-] Deleting neutron.port object s_rally_f420f65f_TA146J73 (26feda00-f479-41ed-a883-3b211f4b34d4)
2019-07-05 09:10:14.107 21662 RALLYDEBUG rally_openstack.cleanup.manager [-] Deleting neutron.port object s_rally_f420f65f_r5k56vza (28b51134-6f7a-46ca-96c8-73c249d7a64e)
2019-07-05 09:10:14.129 21662 RALLYDEBUG rally_openstack.cleanup.manager [-] Deleting neutron.port object s_rally_f420f65f_iD2oLVAV (28d3103f-0c43-4ad4-8af3-6056db07a4d1)
2019-07-05 09:10:14.183 21662 RALLYDEBUG rally_openstack.cleanup.manager [-] Deleting neutron.port object s_rally_f420f65f_StePpeS1 (2972c7c7-e75f-46f3-bb75-489ef36a73ce)
2019-07-05 09:10:14.264 21662 RALLYDEBUG rally_openstack.cleanup.manager [-] Deleting neutron.port object s_rally_f420f65f_pf5oYLRV (29d678e3-99eb-446f-a730-1325c0be0a1a)
2019-07-05 09:10:14.290 21662 RALLYDEBUG rally_openstack.cleanup.manager [-] Deleting neutron.port object s_rally_f420f65f_clCMIyHs (2aa2933d-51cc-4764-b5cc-64fd41d52933)
2019-07-05 09:10:14.315 21662 RALLYDEBUG rally_openstack.cleanup.manager [-] Deleting neutron.port object s_rally_f420f65f_6A8LHwuA (2dc105c8-3712-4158-9dac-2798afb85c56)
2019-07-05 09:10:14.318 21662 RALLYDEBUG rally_openstack.cleanup.manager [-] Deleting neutron.port object s_rally_f420f65f_qsnxj8hS (2ad7fdeb-0f25-4bc1-ab5d-28cdb4f84e43)
2019-07-05 09:10:14.343 21662 RALLYDEBUG rally_openstack.cleanup.manager [-] Deleting neutron.port object s_rally_f420f65f_GSCeyFyQ (2dd3eef2-f5c6-46b5-91f1-334e1be1daa7)
2019-07-05 09:10:14.418 21662 RALLYDEBUG rally_openstack.cleanup.manager [-] Deleting neutron.port object s_rally_f420f65f_SwIuWpKD (2f8c8487-b650-4175-bc7f-0671b9f9fdec)
2019-07-05 09:10:14.516 21662 RALLYDEBUG rally_openstack.cleanup.manager [-] Deleting neutron.port object s_rally_f420f65f_1UVLn8MW (2fd429cb-76da-4829-955b-77c7466c33fe)
2019-07-05 09:10:14.537 21662 RALLYDEBUG rally_openstack.cleanup.manager [-] Deleting neutron.port object s_rally_f420f65f_pVAGBeAv (30114789-9a36-4f73-9675-e9d2452a08ba)
2019-07-05 09:10:14.622 21662 RALLYDEBUG rally_openstack.cleanup.manager [-] Deleting neutron.port object s_rally_f420f65f_ZSfFSXYp (319aec8a-229d-4254-9614-951ede6c01f0)
2019-07-05 09:10:14.658 21662 RALLYDEBUG rally_openstack.cleanup.manager [-] Deleting neutron.port object s_rally_f420f65f_oRdNOEO5 (33219b74-d1b5-4ec3-a26d-e1e3193534ab)
2019-07-05 09:10:15.524 21662 RALLYDEBUG rally_openstack.cleanup.manager [-] Deleting neutron.port object s_rally_f420f65f_omQSTmzT (3566df82-81da-4c59-804d-e3a02f487701)
2019-07-05 09:10:15.759 21662 RALLYDEBUG rally_openstack.cleanup.manager [-] Deleting neutron.port object s_rally_f420f65f_HH317znu (362c3076-f537-43a0-858b-21be46b3e881)
2019-07-05 09:10:15.922 21662 RALLYDEBUG rally_openstack.cleanup.manager [-] Deleting neutron.port object s_rally_f420f65f_31sjxKw7 (3ae58b67-c6a5-43da-bfa6-d93ded554261)
2019-07-05 09:10:16.120 21662 RALLYDEBUG rally_openstack.cleanup.manager [-] Deleting neutron.port object s_rally_f420f65f_AH8nOHfp (3b24c7d1-f6eb-4f31-b023-b9d7841a6394)
2019-07-05 09:10:16.342 21662 RALLYDEBUG rally_openstack.cleanup.manager [-] Deleting neutron.port object s_rally_f420f65f_v3YlbVCR (3b4bdc7c-7445-4b1a-aea1-a375f01c046a)
2019-07-05 09:10:16.380 21662 RALLYDEBUG rally_openstack.cleanup.manager [-] Deleting neutron.port object s_rally_f420f65f_mAXgtj1o (3cd305e8-cd18-41fe-ae0c-4c647925f5ff)
2019-07-05 09:10:16.381 21662 RALLYDEBUG rally_openstack.cleanup.manager [-] Deleting neutron.port object s_rally_f420f65f_vjll5T2n (407cd880-3b9b-4ff8-8ce2-e5a96d221d29)
2019-07-05 09:10:16.524 21662 RALLYDEBUG rally_openstack.cleanup.manager [-] Deleting neutron.port object s_rally_f420f65f_BmbGRUHk (416603e2-df20-4370-bff7-86b8fc7c6d62)
2019-07-05 09:10:16.539 21662 RALLYDEBUG rally_openstack.cleanup.manager [-] Deleting neutron.port object s_rally_f420f65f_qc1RUk7V (4325f991-565d-44d4-9214-ca776a4f61da)
2019-07-05 09:10:16.579 21662 RALLYDEBUG rally_openstack.cleanup.manager [-] Deleting neutron.port object s_rally_f420f65f_zW97bZRn (440eb548-f5bf-4e61-a82d-edaed2be33b5)
2019-07-05 09:10:16.599 21662 RALLYDEBUG rally_openstack.cleanup.manager [-] Deleting neutron.port object s_rally_f420f65f_PTC98YDp (44186c49-11c9-498e-bf4a-e6ab8fb86ea6)
2019-07-05 09:10:16.786 21662 RALLYDEBUG rally_openstack.cleanup.manager [-] Deleting neutron.port object s_rally_f420f65f_uEWZ8Nv0 (445379a9-1866-4129-a1dd-85b899906e9d)
2019-07-05 09:10:16.849 21662 RALLYDEBUG rally_openstack.cleanup.manager [-] Deleting neutron.port object s_rally_f420f65f_cljbWMoS (45e71ac1-8d4b-4843-81cd-6b7b402d3480)
2019-07-05 09:10:16.850 21662 RALLYDEBUG rally_openstack.cleanup.manager [-] Deleting neutron.port object s_rally_f420f65f_ZAuQWWJ9 (46bbf63a-4df4-4959-abce-5644c8be14f6)
2019-07-05 09:10:16.927 21662 RALLYDEBUG rally_openstack.cleanup.manager [-] Deleting neutron.port object s_rally_f420f65f_aynkhtUL (48f07a13-948b-43eb-a0e8-9bea4e18c1f6)
2019-07-05 09:10:17.010 21662 RALLYDEBUG rally_openstack.cleanup.manager [-] Deleting neutron.port object s_rally_f420f65f_H22tzJcL (4b454cf4-260f-41a2-8d40-149c39b18efb)
2019-07-05 09:10:17.021 21662 RALLYDEBUG rally_openstack.cleanup.manager [-] Deleting neutron.port object s_rally_f420f65f_hHNp9LLr (4bb13397-79d8-4fc7-80e9-a2b11be2c24a)
2019-07-05 09:10:17.135 21662 RALLYDEBUG rally_openstack.cleanup.manager [-] Deleting neutron.port object s_rally_f420f65f_ZLIbwERl (4d89d493-3d92-4f43-b84c-165553a63209)
2019-07-05 09:10:17.427 21662 RALLYDEBUG rally_openstack.cleanup.manager [-] Deleting neutron.port object s_rally_f420f65f_yJx3UgaF (4f37d267-409a-4f99-a17b-38cc6aa371a2)
2019-07-05 09:10:17.582 21662 RALLYDEBUG rally_openstack.cleanup.manager [-] Deleting neutron.port object s_rally_f420f65f_AN87UDTL (4f9e24be-09e4-4b14-b0bc-05b4bbc2fe0e)
2019-07-05 09:10:17.582 21662 RALLYDEBUG rally_openstack.cleanup.manager [-] Deleting neutron.port object s_rally_f420f65f_2KWIGilC (5028ba3a-c614-4412-8993-2a2b06410dbd)
2019-07-05 09:10:17.708 21662 RALLYDEBUG rally_openstack.cleanup.manager [-] Deleting neutron.port object s_rally_f420f65f_he5Ytxns (5055008f-90b9-47be-b8bc-805d8ffc49bc)
2019-07-05 09:10:17.767 21662 RALLYDEBUG rally_openstack.cleanup.manager [-] Deleting neutron.port object s_rally_f420f65f_RVYuAWvo (52a910a8-985e-4eeb-896d-be270de4cc78)
2019-07-05 09:10:17.918 21662 RALLYDEBUG rally_openstack.cleanup.manager [-] Deleting neutron.port object s_rally_f420f65f_fIzyTVin (5335abd8-f654-467f-9a05-23c12a86395a)
2019-07-05 09:10:18.525 21662 RALLYDEBUG rally_openstack.cleanup.manager [-] Deleting neutron.port object s_rally_f420f65f_4w9suCfL (5497d2a6-3fbe-4f84-a6e5-d0d3e3e49284)
2019-07-05 09:10:18.572 21662 RALLYDEBUG rally_openstack.cleanup.manager [-] Deleting neutron.port object s_rally_f420f65f_eQcnP0BC (55eb1f1e-1207-4049-94b3-67a6634e4813)
2019-07-05 09:10:18.597 21662 RALLYDEBUG rally_openstack.cleanup.manager [-] Deleting neutron.port object s_rally_f420f65f_EUwVAPW9 (56b2ebef-5fba-4403-a752-52862c6635a8)
