2019-07-05 09:10:18.641 21662 RALLYDEBUG rally_openstack.cleanup.manager [-] Deleting neutron.port object s_rally_f420f65f_M8PaTD4h (572d87f8-a8bd-4f95-9682-4a0bbea7383a)
2019-07-05 09:10:18.709 21662 RALLYDEBUG rally_openstack.cleanup.manager [-] Deleting neutron.port object s_rally_f420f65f_ZtgpdCwX (57a88b08-688f-4cf8-b640-31928688a3f9)
2019-07-05 09:10:18.881 21662 RALLYDEBUG rally_openstack.cleanup.manager [-] Deleting neutron.port object s_rally_f420f65f_mP05mCYc (57f5b0b1-ba0b-49c8-9975-bf35874de439)
2019-07-05 09:10:18.891 21662 RALLYDEBUG rally_openstack.cleanup.manager [-] Deleting neutron.port object s_rally_f420f65f_VmAkyka8 (5ae16434-5918-478c-a189-7de6e57ff0cb)
2019-07-05 09:10:19.016 21662 RALLYDEBUG rally_openstack.cleanup.manager [-] Deleting neutron.port object s_rally_f420f65f_xqCop9ml (5b7b9fb9-0716-4f34-8187-fdb740cdcc83)
2019-07-05 09:10:19.047 21662 RALLYDEBUG rally_openstack.cleanup.manager [-] Deleting neutron.port object s_rally_f420f65f_NLKzQ8Ao (5d4760d4-2fde-45cc-acbe-10af1c3166e4)
2019-07-05 09:10:19.124 21662 RALLYDEBUG rally_openstack.cleanup.manager [-] Deleting neutron.port object s_rally_f420f65f_xcgArjWb (5e261934-4996-4b1e-b04e-b8060fd1d7ce)
2019-07-05 09:10:19.151 21662 RALLYDEBUG rally_openstack.cleanup.manager [-] Deleting neutron.port object s_rally_f420f65f_WGi65ghP (5ece9265-85d2-401e-97f4-264e850e6921)
2019-07-05 09:10:19.192 21662 RALLYDEBUG rally_openstack.cleanup.manager [-] Deleting neutron.port object s_rally_f420f65f_7k2Wq8Gl (60dd10fa-b657-4f30-b5e9-68c6222a14cb)
2019-07-05 09:10:19.355 21662 RALLYDEBUG rally_openstack.cleanup.manager [-] Deleting neutron.port object s_rally_f420f65f_RLzktPlm (617af583-4d52-492c-aa28-1a20a6491789)
2019-07-05 09:10:19.472 21662 RALLYDEBUG rally_openstack.cleanup.manager [-] Deleting neutron.port object s_rally_f420f65f_IQivcTDP (6556e0e9-5107-4454-9dd0-f2599f39649e)
2019-07-05 09:10:19.501 21662 RALLYDEBUG rally_openstack.cleanup.manager [-] Deleting neutron.port object s_rally_f420f65f_upxOBVHG (660f3b2a-46e2-4ff0-a529-5797ff2ef79d)
2019-07-05 09:10:19.587 21662 RALLYDEBUG rally_openstack.cleanup.manager [-] Deleting neutron.port object s_rally_f420f65f_IajmECMf (684301d6-20fe-4247-a080-5b0ac24de18c)
2019-07-05 09:10:19.602 21662 RALLYDEBUG rally_openstack.cleanup.manager [-] Deleting neutron.port object s_rally_f420f65f_JvKh7I7y (6a765b40-b152-4fa8-a8b5-9a22dc316c33)
2019-07-05 09:10:19.619 21662 RALLYDEBUG rally_openstack.cleanup.manager [-] Deleting neutron.port object s_rally_f420f65f_8UOeWWm4 (6aaf0db2-e155-4548-a245-67db4e5eb879)
2019-07-05 09:10:19.793 21662 RALLYDEBUG rally_openstack.cleanup.manager [-] Deleting neutron.port object s_rally_f420f65f_8AdONYNe (6bda3da1-2818-4adb-9799-fe26654faae6)
2019-07-05 09:10:19.808 21662 RALLYDEBUG rally_openstack.cleanup.manager [-] Deleting neutron.port object s_rally_f420f65f_s4y6YB7V (70d8da5b-2442-488d-a057-7bbd6c4fe920)
2019-07-05 09:10:20.345 21662 RALLYDEBUG rally_openstack.cleanup.manager [-] Deleting neutron.port object s_rally_f420f65f_zkvfsk6f (744b15f4-41ba-4182-bfa5-03db3dbafbe5)
2019-07-05 09:10:20.450 21662 RALLYDEBUG rally_openstack.cleanup.manager [-] Deleting neutron.port object s_rally_f420f65f_24BXdydn (74c20705-eed3-443f-b06c-b1bb7db6fb69)
2019-07-05 09:10:20.475 21662 RALLYDEBUG rally_openstack.cleanup.manager [-] Deleting neutron.port object s_rally_f420f65f_ei0tc7v2 (77060ac7-865e-4650-a7b9-6a9f504e9b04)
2019-07-05 09:10:20.760 21662 RALLYDEBUG rally_openstack.cleanup.manager [-] Deleting neutron.port object s_rally_f420f65f_xYiqEtjN (771337ae-369e-4291-88e3-a195e2546810)
2019-07-05 09:10:20.782 21662 RALLYDEBUG rally_openstack.cleanup.manager [-] Deleting neutron.port object s_rally_f420f65f_fGv6IhTx (773a87da-0508-46ac-9aae-43067ee0d431)
2019-07-05 09:10:20.802 21662 RALLYDEBUG rally_openstack.cleanup.manager [-] Deleting neutron.port object s_rally_f420f65f_CaYsq8Dl (77f35cf0-2e75-435f-a15b-fd183aae2db4)
2019-07-05 09:10:21.068 21662 RALLYDEBUG rally_openstack.cleanup.manager [-] Deleting neutron.port object s_rally_f420f65f_7zvtNqJG (780f61aa-f9e7-4bd5-ba3c-647df58182a6)
2019-07-05 09:10:21.143 21662 RALLYDEBUG rally_openstack.cleanup.manager [-] Deleting neutron.port object s_rally_f420f65f_anHvVQ0f (78a9cadf-3ac4-4abb-ac7a-1396eafb54ce)
2019-07-05 09:10:21.219 21662 RALLYDEBUG rally_openstack.cleanup.manager [-] Deleting neutron.port object s_rally_f420f65f_kclsgZDU (794a716f-998e-4f28-927a-8d584fe2371c)
2019-07-05 09:10:21.337 21662 RALLYDEBUG rally_openstack.cleanup.manager [-] Deleting neutron.port object s_rally_f420f65f_Aku2w9sx (79d6960a-c589-46c0-9805-d74a6825e26a)
2019-07-05 09:10:21.391 21662 RALLYDEBUG rally_openstack.cleanup.manager [-] Deleting neutron.port object s_rally_f420f65f_FGp1n3pf (7cde0e70-607e-4f2c-a02d-3f0587c05796)
2019-07-05 09:10:21.459 21662 RALLYDEBUG rally_openstack.cleanup.manager [-] Deleting neutron.port object s_rally_f420f65f_nco6Jclu (7dfab07c-464c-4307-8e5b-93c3514b85fb)
2019-07-05 09:10:21.489 21662 RALLYDEBUG rally_openstack.cleanup.manager [-] Deleting neutron.port object s_rally_f420f65f_5FxFJlSl (7f0f68e1-5e07-40ec-aefe-6dce456ba217)
2019-07-05 09:10:21.560 21662 RALLYDEBUG rally_openstack.cleanup.manager [-] Deleting neutron.port object s_rally_f420f65f_vslbzZhK (80359401-e00a-41f1-905c-1f16bb587b5a)
2019-07-05 09:10:21.696 21662 RALLYDEBUG rally_openstack.cleanup.manager [-] Deleting neutron.port object s_rally_f420f65f_lZiO34H4 (829bb3bc-5460-456f-baf0-1a9ca88bee5d)
2019-07-05 09:10:21.704 21662 RALLYDEBUG rally_openstack.cleanup.manager [-] Deleting neutron.port object s_rally_f420f65f_p2pe2rvu (8322a9ba-cfb1-41de-93c0-d007e78a687c)
2019-07-05 09:10:21.762 21662 RALLYDEBUG rally_openstack.cleanup.manager [-] Deleting neutron.port object s_rally_f420f65f_uC3lXoP6 (833d56ee-19ce-4fc6-9418-a4cec8103618)
2019-07-05 09:10:21.930 21662 RALLYDEBUG rally_openstack.cleanup.manager [-] Deleting neutron.port object s_rally_f420f65f_NR5lfFg5 (858efeff-1b7f-4c0f-828b-664ff47257f9)
2019-07-05 09:10:21.946 21662 RALLYDEBUG rally_openstack.cleanup.manager [-] Deleting neutron.port object s_rally_f420f65f_x16xv8gT (86d7e43a-33df-4d0a-a410-6a9c91302b45)
2019-07-05 09:10:22.126 21662 RALLYDEBUG rally_openstack.cleanup.manager [-] Deleting neutron.port object s_rally_f420f65f_IDv0WCgh (86fb26ca-a0b9-4102-a44b-5555c17417fb)
2019-07-05 09:10:22.162 21662 RALLYDEBUG rally_openstack.cleanup.manager [-] Deleting neutron.port object s_rally_f420f65f_cAMxaZlI (88e17092-aca8-4bc6-9a46-d6729b3fbbc9)
2019-07-05 09:10:22.598 21662 RALLYDEBUG rally_openstack.cleanup.manager [-] Deleting neutron.port object s_rally_f420f65f_6ZWRw4LI (893ea4b0-0dd7-4127-be27-0b425b216781)
2019-07-05 09:10:22.623 21662 RALLYDEBUG rally_openstack.cleanup.manager [-] Deleting neutron.port object s_rally_f420f65f_6JcQgo94 (8c0d4f71-2c44-477b-ae4a-1ab2f4760219)
2019-07-05 09:10:22.670 21662 RALLYDEBUG rally_openstack.cleanup.manager [-] Deleting neutron.port object s_rally_f420f65f_WCLSLGnu (8c27cfcb-d98e-458b-bc47-4ef52e5d65a8)
2019-07-05 09:10:22.701 21662 RALLYDEBUG rally_openstack.cleanup.manager [-] Deleting neutron.port object s_rally_f420f65f_arlehYWN (8c928a60-c7ce-4a59-a5cf-482e1e77ff1b)
2019-07-05 09:10:22.906 21662 RALLYDEBUG rally_openstack.cleanup.manager [-] Deleting neutron.port object s_rally_f420f65f_YKK1HxcG (8d2c4128-0ca5-42a6-9135-6e38c854abee)
2019-07-05 09:10:23.279 21662 RALLYDEBUG rally_openstack.cleanup.manager [-] Deleting neutron.port object s_rally_f420f65f_LvadEPEB (8d41950b-b9a5-48b9-ae60-6aafff1e6581)
2019-07-05 09:10:23.356 21662 RALLYDEBUG rally_openstack.cleanup.manager [-] Deleting neutron.port object s_rally_f420f65f_OM2150wN (8d6f3031-e8c8-4238-bb25-e9c318edb877)
2019-07-05 09:10:23.538 21662 RALLYDEBUG rally_openstack.cleanup.manager [-] Deleting neutron.port object s_rally_f420f65f_Ebki2l9i (90245040-4652-4b31-902e-eb0c01bde3f1)
2019-07-05 09:10:23.557 21662 RALLYDEBUG rally_openstack.cleanup.manager [-] Deleting neutron.port object s_rally_f420f65f_da4XZBiL (9286209b-4db4-47e2-9bd0-299869991b86)
2019-07-05 09:10:23.637 21662 RALLYDEBUG rally_openstack.cleanup.manager [-] Deleting neutron.port object s_rally_f420f65f_vXmkFtRk (92abdcd1-f81b-4bed-a358-388ae791504e)
2019-07-05 09:10:23.728 21662 RALLYDEBUG rally_openstack.cleanup.manager [-] Deleting neutron.port object s_rally_f420f65f_L9ODDP6s (92f9a772-d0a3-4e72-a8fa-6dde1734585c)
2019-07-05 09:10:23.903 21662 RALLYDEBUG rally_openstack.cleanup.manager [-] Deleting neutron.port object s_rally_f420f65f_4rN9HML0 (943dd0f9-a151-45e4-b941-596b27f5028d)
2019-07-05 09:10:23.996 21662 RALLYDEBUG rally_openstack.cleanup.manager [-] Deleting neutron.port object s_rally_f420f65f_VtFNrV4z (97ded04f-8502-480f-9c35-e0acd66ab88a)
2019-07-05 09:10:24.031 21662 RALLYDEBUG rally_openstack.cleanup.manager [-] Deleting neutron.port object s_rally_f420f65f_rpRB1yrq (991f4052-8ca4-429a-a977-848a95d7c493)
2019-07-05 09:10:24.075 21662 RALLYDEBUG rally_openstack.cleanup.manager [-] Deleting neutron.port object s_rally_f420f65f_rzQAn9DZ (994569c1-9432-4c7e-b67f-57cfb8033a7e)
2019-07-05 09:10:24.083 21662 RALLYDEBUG rally_openstack.cleanup.manager [-] Deleting neutron.port object s_rally_f420f65f_x6eGCQzn (9bc3019a-1df9-44aa-9232-ae2bec4a3a00)
2019-07-05 09:10:24.174 21662 RALLYDEBUG rally_openstack.cleanup.manager [-] Deleting neutron.port object s_rally_f420f65f_c7Wnpogn (9d360d22-43b1-44d6-9794-ee14ac01f82a)
2019-07-05 09:10:24.288 21662 RALLYDEBUG rally_openstack.cleanup.manager [-] Deleting neutron.port object s_rally_f420f65f_CUw3uYyo (a078508e-2078-4fe5-a706-6fced566f51d)
2019-07-05 09:10:24.356 21662 RALLYDEBUG rally_openstack.cleanup.manager [-] Deleting neutron.port object s_rally_f420f65f_BDbel1dI (a2e43231-fee8-444f-837b-b9cec8d3c86f)
2019-07-05 09:10:24.415 21662 RALLYDEBUG rally_openstack.cleanup.manager [-] Deleting neutron.port object s_rally_f420f65f_G6gSwvPI (a4edecfe-7e52-41f9-be94-4c7344079a37)
2019-07-05 09:10:24.689 21662 RALLYDEBUG rally_openstack.cleanup.manager [-] Deleting neutron.port object s_rally_f420f65f_GcoDPCkt (a55bacfa-546d-4089-86fc-21ffc5878860)
2019-07-05 09:10:24.750 21662 RALLYDEBUG rally_openstack.cleanup.manager [-] Deleting neutron.port object s_rally_f420f65f_zYAlORwp (a58823d3-1fa9-4546-b120-ed5a8a5a2058)
2019-07-05 09:10:24.817 21662 RALLYDEBUG rally_openstack.cleanup.manager [-] Deleting neutron.port object s_rally_f420f65f_Qn9N7dEZ (a63ee966-c6d2-462c-9a02-6447d4244a2f)
2019-07-05 09:10:24.894 21662 RALLYDEBUG rally_openstack.cleanup.manager [-] Deleting neutron.port object s_rally_f420f65f_w8UIBKsN (a907e5fd-ca05-451d-b104-56cc50d3d74f)
2019-07-05 09:10:25.070 21662 RALLYDEBUG rally_openstack.cleanup.manager [-] Deleting neutron.port object s_rally_f420f65f_PqWneJmE (a95ea3d2-c073-4eff-8100-2dd8c45cf60b)
2019-07-05 09:10:25.211 21662 RALLYDEBUG rally_openstack.cleanup.manager [-] Deleting neutron.port object s_rally_f420f65f_xvoErhRV (aad6ee47-21b9-437b-8808-bde9e9d7fb41)
2019-07-05 09:10:25.405 21662 RALLYDEBUG rally_openstack.cleanup.manager [-] Deleting neutron.port object s_rally_f420f65f_3lCnRmwj (ab8b3385-7a58-42de-9c21-2b680a6c126d)
2019-07-05 09:10:25.443 21662 RALLYDEBUG rally_openstack.cleanup.manager [-] Deleting neutron.port object s_rally_f420f65f_BHyO3BfN (ac450b3b-cfee-40d2-b954-ce59b5081ff7)
2019-07-05 09:10:25.578 21662 RALLYDEBUG rally_openstack.cleanup.manager [-] Deleting neutron.port object s_rally_f420f65f_PhDLrTme (acf1f4f8-48bc-4199-9dae-5279293d47f7)
2019-07-05 09:10:25.712 21662 RALLYDEBUG rally_openstack.cleanup.manager [-] Deleting neutron.port object s_rally_f420f65f_W8lVFtCY (ae438c56-3325-4f92-ad46-5d683be3ee04)
2019-07-05 09:10:25.827 21662 RALLYDEBUG rally_openstack.cleanup.manager [-] Deleting neutron.port object s_rally_f420f65f_XZmK6xuC (ae4bbc6f-baa0-49ed-b373-310247a21518)
2019-07-05 09:10:25.933 21662 RALLYDEBUG rally_openstack.cleanup.manager [-] Deleting neutron.port object s_rally_f420f65f_yHtoXNjP (b0178d42-d63c-4f65-9c1c-deb5c82de68a)
2019-07-05 09:10:25.961 21662 RALLYDEBUG rally_openstack.cleanup.manager [-] Deleting neutron.port object s_rally_f420f65f_GNqJQ6UK (b14b0bde-b13c-4189-9c74-8b678a5fca15)
2019-07-05 09:10:26.153 21662 RALLYDEBUG rally_openstack.cleanup.manager [-] Deleting neutron.port object s_rally_f420f65f_HV3lDdcW (b1c7a109-07ee-4d3e-9d9c-df395945d25d)
2019-07-05 09:10:26.285 21662 RALLYDEBUG rally_openstack.cleanup.manager [-] Deleting neutron.port object s_rally_f420f65f_K7QaEt3W (b31fa260-8997-4aac-b66b-b36e2fc8372d)
2019-07-05 09:10:26.292 21662 RALLYDEBUG rally_openstack.cleanup.manager [-] Deleting neutron.port object s_rally_f420f65f_3ph8VnUG (b3e27a5f-a6af-499b-8fc5-1611fdfc3f9d)
2019-07-05 09:10:26.350 21662 RALLYDEBUG rally_openstack.cleanup.manager [-] Deleting neutron.port object s_rally_f420f65f_9T0WKnRF (b5b700a4-6064-46f3-9036-612d83eef70d)
2019-07-05 09:10:26.437 21662 RALLYDEBUG rally_openstack.cleanup.manager [-] Deleting neutron.port object s_rally_f420f65f_EtisURyn (b73fe0e3-b71e-401a-974f-aa0de261f168)
2019-07-05 09:10:26.645 21662 RALLYDEBUG rally_openstack.cleanup.manager [-] Deleting neutron.port object s_rally_f420f65f_pfGeFGOU (b894d0b4-5c8c-43cc-b3ff-0c6751b0bf09)
2019-07-05 09:10:26.732 21662 RALLYDEBUG rally_openstack.cleanup.manager [-] Deleting neutron.port object s_rally_f420f65f_lXhFusqv (ba7c6fe1-16f4-4984-8fe6-7e989af1b4c6)
2019-07-05 09:10:26.888 21662 RALLYDEBUG rally_openstack.cleanup.manager [-] Deleting neutron.port object s_rally_f420f65f_ahdZfntT (bab60158-f110-474b-b409-beee65c2e55d)
2019-07-05 09:10:27.067 21662 RALLYDEBUG rally_openstack.cleanup.manager [-] Deleting neutron.port object s_rally_f420f65f_rCOnIe83 (bad3d844-1760-450e-ad8f-03886eeba3d9)
2019-07-05 09:10:27.083 21662 RALLYDEBUG rally_openstack.cleanup.manager [-] Deleting neutron.port object s_rally_f420f65f_6e3UqhMW (bc6e5f6b-db39-434d-b6d9-411787304cb6)
2019-07-05 09:10:27.367 21662 RALLYDEBUG rally_openstack.cleanup.manager [-] Deleting neutron.port object s_rally_f420f65f_iEBylRMC (bffcac4c-592f-46e1-81a2-c7d064954ea7)
2019-07-05 09:10:27.390 21662 RALLYDEBUG rally_openstack.cleanup.manager [-] Deleting neutron.port object s_rally_f420f65f_gkKm05Ji (c14cf491-a9bd-441f-86aa-c1b6d914de8c)
2019-07-05 09:10:27.519 21662 RALLYDEBUG rally_openstack.cleanup.manager [-] Deleting neutron.port object s_rally_f420f65f_WBOzpDdj (c2b6f819-4a84-4bc7-82ef-1655b41289c1)
2019-07-05 09:10:27.531 21662 RALLYDEBUG rally_openstack.cleanup.manager [-] Deleting neutron.port object s_rally_f420f65f_GTGZ6Q2g (c2bfcb18-fff7-4652-b0df-1f45df21718c)
2019-07-05 09:10:27.651 21662 RALLYDEBUG rally_openstack.cleanup.manager [-] Deleting neutron.port object s_rally_f420f65f_HmHHYXRR (c31d146c-3cb3-4df8-9c4b-83cae9c49885)
2019-07-05 09:10:27.802 21662 RALLYDEBUG rally_openstack.cleanup.manager [-] Deleting neutron.port object s_rally_f420f65f_k3dw8Cud (c37d22b6-e246-4013-9e72-7392cb102a52)
2019-07-05 09:10:27.809 21662 RALLYDEBUG rally_openstack.cleanup.manager [-] Deleting neutron.port object s_rally_f420f65f_9OdS3rMW (c5ae3c09-2da7-4c93-8e5d-723357d54db4)
2019-07-05 09:10:27.962 21662 RALLYDEBUG rally_openstack.cleanup.manager [-] Deleting neutron.port object s_rally_f420f65f_iceoRSu1 (c5e39496-d626-4c83-a391-134e3847d8d6)
2019-07-05 09:10:28.038 21662 RALLYDEBUG rally_openstack.cleanup.manager [-] Deleting neutron.port object s_rally_f420f65f_HcjOE94w (c7646b2a-bf1c-4841-aa44-cadce452a918)
2019-07-05 09:10:28.162 21662 RALLYDEBUG rally_openstack.cleanup.manager [-] Deleting neutron.port object s_rally_f420f65f_WCe7YxzL (c7673f77-d5fc-41cb-b528-6c14ec9459b5)
2019-07-05 09:10:28.220 21662 RALLYDEBUG rally_openstack.cleanup.manager [-] Deleting neutron.port object s_rally_f420f65f_W1s1QNDz (c7d5ad65-f008-43c5-bbaf-4d73b07c1389)
2019-07-05 09:10:28.420 21662 RALLYDEBUG rally_openstack.cleanup.manager [-] Deleting neutron.port object s_rally_f420f65f_s8gFfGyC (c7d5c786-9b98-40fb-be63-9715684e4e18)
2019-07-05 09:10:28.493 21662 RALLYDEBUG rally_openstack.cleanup.manager [-] Deleting neutron.port object s_rally_f420f65f_F1lPwV3m (c899ada1-4457-439f-8e62-70836e33fbac)
2019-07-05 09:10:28.516 21662 RALLYDEBUG rally_openstack.cleanup.manager [-] Deleting neutron.port object s_rally_f420f65f_ir0mzYpu (cab33c3c-1336-4377-844e-efbf064488c7)
2019-07-05 09:10:28.537 21662 RALLYDEBUG rally_openstack.cleanup.manager [-] Deleting neutron.port object s_rally_f420f65f_QbW7nwfh (d45eefb3-7566-44a6-8c77-c2b33d361f61)
2019-07-05 09:10:28.834 21662 RALLYDEBUG rally_openstack.cleanup.manager [-] Deleting neutron.port object s_rally_f420f65f_HXO2BJXz (d4a2136f-40ee-41c5-92fa-10f2987b482c)
2019-07-05 09:10:28.858 21662 RALLYDEBUG rally_openstack.cleanup.manager [-] Deleting neutron.port object s_rally_f420f65f_e48Mlm8A (d6e508a4-c3cc-4f69-b7fc-8e0b9570639e)
2019-07-05 09:10:28.879 21662 RALLYDEBUG rally_openstack.cleanup.manager [-] Deleting neutron.port object s_rally_f420f65f_w1XosE2g (d966dcea-0059-4e0f-bab1-0c8cb4e7df0b)
2019-07-05 09:10:29.032 21662 RALLYDEBUG rally_openstack.cleanup.manager [-] Deleting neutron.port object s_rally_f420f65f_vKuNw3K2 (dbdfa3ae-7e54-44fb-a39b-fddebb262707)
2019-07-05 09:10:29.200 21662 RALLYDEBUG rally_openstack.cleanup.manager [-] Deleting neutron.port object s_rally_f420f65f_m8ybhhA5 (ddc14549-a2f6-4266-ab2f-f382482a18d9)
2019-07-05 09:10:29.349 21662 RALLYDEBUG rally_openstack.cleanup.manager [-] Deleting neutron.port object s_rally_f420f65f_czGSQ5nU (e0ccb844-241d-48fb-81cd-0696f15978cd)
2019-07-05 09:10:29.355 21662 RALLYDEBUG rally_openstack.cleanup.manager [-] Deleting neutron.port object s_rally_f420f65f_PXK8F16A (e1487d97-6a8b-4d1e-9a82-4be0a3804428)
2019-07-05 09:10:29.490 21662 RALLYDEBUG rally_openstack.cleanup.manager [-] Deleting neutron.port object s_rally_f420f65f_81JDWcxr (e194b807-e5cc-4b35-bdff-5cff8a4f8837)
2019-07-05 09:10:29.514 21662 RALLYDEBUG rally_openstack.cleanup.manager [-] Deleting neutron.port object s_rally_f420f65f_UNKwlQI6 (e23b3bff-9da5-49fe-91b6-6cee911a3ca4)
2019-07-05 09:10:29.658 21662 RALLYDEBUG rally_openstack.cleanup.manager [-] Deleting neutron.port object s_rally_f420f65f_8zCwIZy6 (e2582aef-eea7-47cd-8916-d4891251c01a)
2019-07-05 09:10:29.944 21662 RALLYDEBUG rally_openstack.cleanup.manager [-] Deleting neutron.port object s_rally_f420f65f_prZiXAKM (e2f3a764-5e9c-4365-8cc9-9ce516484fae)
2019-07-05 09:10:30.147 21662 RALLYDEBUG rally_openstack.cleanup.manager [-] Deleting neutron.port object s_rally_f420f65f_JjowTjYC (e39a2c34-6d69-4fb1-be2a-a9c3ab4dccf0)
2019-07-05 09:10:30.169 21662 RALLYDEBUG rally_openstack.cleanup.manager [-] Deleting neutron.port object s_rally_f420f65f_1sWEXZsh (e489297c-fd8b-4522-bb47-0a57f538ff39)
2019-07-05 09:10:30.261 21662 RALLYDEBUG rally_openstack.cleanup.manager [-] Deleting neutron.port object s_rally_f420f65f_auJ5QEHt (e4fbfcad-8803-4d55-a6aa-6a6f7980ec0a)
2019-07-05 09:10:30.382 21662 RALLYDEBUG rally_openstack.cleanup.manager [-] Deleting neutron.port object s_rally_f420f65f_y01r8c36 (e51593af-bea6-423a-bb36-cd0d045be38e)
2019-07-05 09:10:30.567 21662 RALLYDEBUG rally_openstack.cleanup.manager [-] Deleting neutron.port object s_rally_f420f65f_UlvOr8hw (e63b94d7-d8f5-4c5d-9135-1be21e8ffc63)
2019-07-05 09:10:30.639 21662 RALLYDEBUG rally_openstack.cleanup.manager [-] Deleting neutron.port object s_rally_f420f65f_cZm6dMFk (e78f4ecb-7d25-464f-bf66-ce19b7605466)
2019-07-05 09:10:30.802 21662 RALLYDEBUG rally_openstack.cleanup.manager [-] Deleting neutron.port object s_rally_f420f65f_MJXbH8Cf (e85c2610-3223-494b-9f82-58deda0ed2dd)
2019-07-05 09:10:30.981 21662 RALLYDEBUG rally_openstack.cleanup.manager [-] Deleting neutron.port object s_rally_f420f65f_bbjbWL8D (e8f6762f-7eb1-4acb-86fb-d1c7cca5832f)
2019-07-05 09:10:31.088 21662 RALLYDEBUG rally_openstack.cleanup.manager [-] Deleting neutron.port object s_rally_f420f65f_LSgTY1ah (ea502d88-e46c-49bd-9c03-1529d9330d39)
2019-07-05 09:10:31.248 21662 RALLYDEBUG rally_openstack.cleanup.manager [-] Deleting neutron.port object s_rally_f420f65f_uYsM4OqP (ea51d606-a143-4ac3-b70a-9f00a57c67e4)
2019-07-05 09:10:31.306 21662 RALLYDEBUG rally_openstack.cleanup.manager [-] Deleting neutron.port object s_rally_f420f65f_CoYIvWQv (eadb5abd-803a-481b-8766-77dc7b692d9d)
2019-07-05 09:10:31.357 21662 RALLYDEBUG rally_openstack.cleanup.manager [-] Deleting neutron.port object s_rally_f420f65f_hcyBKCf7 (ec4a90bb-2825-4cf3-8718-292526f1f355)
2019-07-05 09:10:31.511 21662 RALLYDEBUG rally_openstack.cleanup.manager [-] Deleting neutron.port object s_rally_f420f65f_DLBHmj46 (ed98f067-657f-4eaf-89dd-2a05e0c122a7)
2019-07-05 09:10:31.532 21662 RALLYDEBUG rally_openstack.cleanup.manager [-] Deleting neutron.port object s_rally_f420f65f_26n3029G (f09648af-24d5-46c8-953f-8647c4f6fd2d)
2019-07-05 09:10:31.714 21662 RALLYDEBUG rally_openstack.cleanup.manager [-] Deleting neutron.port object s_rally_f420f65f_sTNtDZDv (f1c395eb-a29d-43af-b37e-9e88f331570f)
2019-07-05 09:10:31.784 21662 RALLYDEBUG rally_openstack.cleanup.manager [-] Deleting neutron.port object s_rally_f420f65f_1EkROgpW (f32e1405-3b00-4e8b-90ff-079186371b85)
2019-07-05 09:10:31.800 21662 RALLYDEBUG rally_openstack.cleanup.manager [-] Deleting neutron.port object s_rally_f420f65f_WJ6IC2WL (f568310b-c598-467f-a0e1-084032258bb8)
2019-07-05 09:10:31.839 21662 RALLYDEBUG rally_openstack.cleanup.manager [-] Deleting neutron.port object s_rally_f420f65f_tMBw2iwF (f742d47d-451d-45e9-a105-18a7489d192f)
2019-07-05 09:10:31.999 21662 RALLYDEBUG rally_openstack.cleanup.manager [-] Deleting neutron.port object s_rally_f420f65f_XJBSBbjr (f74eeafa-f3ee-4677-ab86-9dda23049141)
2019-07-05 09:10:32.058 21662 RALLYDEBUG rally_openstack.cleanup.manager [-] Deleting neutron.port object s_rally_f420f65f_kiBlm9Yl (f9082b7a-e561-4851-8947-1fbeedbaaa5b)
2019-07-05 09:10:32.202 21662 RALLYDEBUG rally_openstack.cleanup.manager [-] Deleting neutron.port object s_rally_f420f65f_zYI9GLnI (f9d4a87d-051e-43cf-8c08-67a3a1722bd4)
2019-07-05 09:10:32.253 21662 RALLYDEBUG rally_openstack.cleanup.manager [-] Deleting neutron.port object s_rally_f420f65f_GYesR9dM (fb9a4f54-d652-4ef8-95ec-9be12ca456fd)
2019-07-05 09:10:32.408 21662 RALLYDEBUG rally_openstack.cleanup.manager [-] Deleting neutron.port object s_rally_f420f65f_uYJCytA3 (fd7f004a-041f-4c5c-8f51-a47e283556e3)
2019-07-05 09:10:32.461 21662 RALLYDEBUG rally_openstack.cleanup.manager [-] Deleting neutron.port object s_rally_f420f65f_9aoU03YF (fe3d636c-5dfb-4c3d-a93b-b686b2eb36ab)
2019-07-05 09:10:32.775 21662 RALLYDEBUG rally_openstack.cleanup.manager [-] Deleting neutron.port object s_rally_f420f65f_wal73QdV (fed2ca12-ea70-4dd8-aaf6-6b6f71071f1d)
2019-07-05 09:10:32.851 21662 RALLYDEBUG rally_openstack.cleanup.manager [-] Deleting neutron.port object s_rally_f420f65f_TVb0d6Kv (ff324cdc-3446-4dc8-914d-1bccc1bc0d27)
2019-07-05 09:10:34.985 21662 RALLYDEBUG rally_openstack.cleanup.manager [-] Cleaning up neutron subnet objects
2019-07-05 09:10:35.399 21662 RALLYDEBUG rally_openstack.cleanup.manager [-] Cleaning up neutron network objects
2019-07-05 09:10:35.923 21662 RALLYDEBUG rally_openstack.cleanup.manager [-] Deleting neutron.network object s_rally_f420f65f_JhSB9Dmk (018fc3ce-aaa6-4cdc-930a-181010ca634e)
2019-07-05 09:10:35.938 21662 RALLYDEBUG rally_openstack.cleanup.manager [-] Deleting neutron.network object s_rally_f420f65f_v5jG6WZ9 (0c852509-76a5-4cdc-9e5b-da923f3a9bda)
2019-07-05 09:10:35.946 21662 RALLYDEBUG rally_openstack.cleanup.manager [-] Deleting neutron.network object s_rally_f420f65f_yUYHO7sR (0e5b29d7-88f3-489b-be84-574d3b4449fa)
2019-07-05 09:10:35.946 21662 RALLYDEBUG rally_openstack.cleanup.manager [-] Deleting neutron.network object s_rally_f420f65f_SIaad2M2 (0f929620-5e86-4c07-8a0a-49a2d64fe962)
2019-07-05 09:10:35.960 21662 RALLYDEBUG rally_openstack.cleanup.manager [-] Deleting neutron.network object s_rally_f420f65f_g6Jxt4nQ (17a90c9a-9f01-46cc-866e-84a0204fe8e5)
2019-07-05 09:10:35.961 21662 RALLYDEBUG rally_openstack.cleanup.manager [-] Deleting neutron.network object s_rally_f420f65f_SHiuMzme (1eba8601-79db-400d-9f32-f557a9868747)
2019-07-05 09:10:35.968 21662 RALLYDEBUG rally_openstack.cleanup.manager [-] Deleting neutron.network object s_rally_f420f65f_Ey9XjfF6 (23238faa-72dc-42bb-9166-2d5d875c2153)
2019-07-05 09:10:35.969 21662 RALLYDEBUG rally_openstack.cleanup.manager [-] Deleting neutron.network object s_rally_f420f65f_jE2yV5kX (14a8869e-06fb-4917-b40a-bcdc94200bd7)
2019-07-05 09:10:35.978 21662 RALLYDEBUG rally_openstack.cleanup.manager [-] Deleting neutron.network object s_rally_f420f65f_Uib52vUH (28f3213d-8f1b-4a9b-ba89-eb6cbcbba14f)
2019-07-05 09:10:36.016 21662 RALLYDEBUG rally_openstack.cleanup.manager [-] Deleting neutron.network object s_rally_f420f65f_nsX2NBFy (2e3e66b3-8eda-4a75-aa69-6a046db831f3)
2019-07-05 09:10:36.032 21662 RALLYDEBUG rally_openstack.cleanup.manager [-] Deleting neutron.network object s_rally_f420f65f_z12GlJrH (3d0e7897-ee3f-4517-82b2-04be3cc85b71)
2019-07-05 09:10:36.036 21662 RALLYDEBUG rally_openstack.cleanup.manager [-] Deleting neutron.network object s_rally_f420f65f_0HsRyS8a (3a2d05b4-782d-475a-81ac-2b2dfa111af5)
2019-07-05 09:10:36.047 21662 RALLYDEBUG rally_openstack.cleanup.manager [-] Deleting neutron.network object s_rally_f420f65f_5WStHfjM (450a1beb-a60b-4db4-9182-1e2423ff80f5)
2019-07-05 09:10:36.064 21662 RALLYDEBUG rally_openstack.cleanup.manager [-] Deleting neutron.network object s_rally_f420f65f_Emnt6VKN (386f7d2d-4766-43fa-a428-972d5a7df2d6)
2019-07-05 09:10:36.099 21662 RALLYDEBUG rally_openstack.cleanup.manager [-] Deleting neutron.network object s_rally_f420f65f_t8L01A3Q (4b4c6cb6-81dd-47e5-a8cd-6b057bb9a2c5)
2019-07-05 09:10:36.126 21662 RALLYDEBUG rally_openstack.cleanup.manager [-] Deleting neutron.network object s_rally_f420f65f_WjChttW9 (545c8391-303d-4ce4-b66e-bf355c0dd7c1)
2019-07-05 09:10:36.130 21662 RALLYDEBUG rally_openstack.cleanup.manager [-] Deleting neutron.network object s_rally_f420f65f_u0vkpiGX (572e0249-a648-46f4-86b5-4b7b4b5515a0)
2019-07-05 09:10:36.148 21662 RALLYDEBUG rally_openstack.cleanup.manager [-] Deleting neutron.network object s_rally_f420f65f_48tu8tpc (4bbe40d9-1870-4eb0-b7ee-27c6bb380a26)
2019-07-05 09:10:36.150 21662 RALLYDEBUG rally_openstack.cleanup.manager [-] Deleting neutron.network object s_rally_f420f65f_z9uoOv2F (5bad08ca-7748-44aa-b633-725159a8498a)
2019-07-05 09:10:36.165 21662 RALLYDEBUG rally_openstack.cleanup.manager [-] Deleting neutron.network object s_rally_f420f65f_XeCJGZPQ (46b72e8e-c9ae-4afd-945f-6828e6e52afc)
2019-07-05 09:10:38.159 21662 RALLYDEBUG rally_openstack.cleanup.manager [-] Deleting neutron.network object s_rally_f420f65f_MXIF21U6 (6e6322a1-00ba-4930-bd22-31e91feed693)
2019-07-05 09:10:38.399 21662 RALLYDEBUG rally_openstack.cleanup.manager [-] Deleting neutron.network object s_rally_f420f65f_n1ssa5q9 (72f20763-029e-48e5-a3b2-8965c6e46637)
2019-07-05 09:10:38.458 21662 RALLYDEBUG rally_openstack.cleanup.manager [-] Deleting neutron.network object s_rally_f420f65f_9mIhzMms (74c03f1d-9b69-47c6-b8ce-c83b2ad2fba8)
2019-07-05 09:10:38.530 21662 RALLYDEBUG rally_openstack.cleanup.manager [-] Deleting neutron.network object s_rally_f420f65f_w7a8CNZB (7849dc4e-7be0-4f14-af4a-9d99f08e4cb2)
2019-07-05 09:10:38.582 21662 RALLYDEBUG rally_openstack.cleanup.manager [-] Deleting neutron.network object s_rally_f420f65f_BxVt2gPh (78bff86d-af5a-467d-91f0-66ce548989f4)
2019-07-05 09:10:38.654 21662 RALLYDEBUG rally_openstack.cleanup.manager [-] Deleting neutron.network object s_rally_f420f65f_sr2xMG9Z (81f2a519-e815-46d2-bbe6-47806cca161b)
2019-07-05 09:10:38.655 21662 RALLYDEBUG rally_openstack.cleanup.manager [-] Deleting neutron.network object s_rally_f420f65f_1bVbkizz (856556b4-2114-4743-9c8b-5ab3999c299c)
2019-07-05 09:10:39.000 21662 RALLYDEBUG rally_openstack.cleanup.manager [-] Deleting neutron.network object s_rally_f420f65f_oO6i6OEz (89167400-5e5f-4d5b-99d6-db6de1d3e0d7)
2019-07-05 09:10:39.112 21662 RALLYDEBUG rally_openstack.cleanup.manager [-] Deleting neutron.network object s_rally_f420f65f_0lcJE9I9 (8c305180-1494-4575-8c0d-d2f69271e7f8)
2019-07-05 09:10:39.159 21662 RALLYDEBUG rally_openstack.cleanup.manager [-] Deleting neutron.network object s_rally_f420f65f_gXC32QG4 (8c5a9b0e-1153-491c-97aa-e69dca5b9478)
2019-07-05 09:10:39.189 21662 RALLYDEBUG rally_openstack.cleanup.manager [-] Deleting neutron.network object s_rally_f420f65f_TriqcvsU (8eb1db3a-3e62-411e-866d-3839d1812a6c)
2019-07-05 09:10:39.338 21662 RALLYDEBUG rally_openstack.cleanup.manager [-] Deleting neutron.network object s_rally_f420f65f_ARQRq8Pj (a35331a6-5d4a-4b1a-9791-c9c3a4675697)
2019-07-05 09:10:39.366 21662 RALLYDEBUG rally_openstack.cleanup.manager [-] Deleting neutron.network object s_rally_f420f65f_ZdCcXSBO (a4c0f825-b262-4054-8c0b-2ccab5be316e)
2019-07-05 09:10:39.389 21662 RALLYDEBUG rally_openstack.cleanup.manager [-] Deleting neutron.network object s_rally_f420f65f_bd6qWIHk (ade4983e-b152-4a3c-b18d-3d08c30ec1c8)
2019-07-05 09:10:39.429 21662 RALLYDEBUG rally_openstack.cleanup.manager [-] Deleting neutron.network object s_rally_f420f65f_KoNmCMvd (c5a60589-15e7-43b9-854d-773841fb6f76)
2019-07-05 09:10:39.430 21662 RALLYDEBUG rally_openstack.cleanup.manager [-] Deleting neutron.network object s_rally_f420f65f_13eYutKB (cae52c1c-eb8b-4925-8129-1ef3587e9f3a)
2019-07-05 09:10:39.684 21662 RALLYDEBUG rally_openstack.cleanup.manager [-] Deleting neutron.network object s_rally_f420f65f_Q5RUJeKQ (dccd06d8-2576-4219-a549-05ece4113632)
2019-07-05 09:10:39.880 21662 RALLYDEBUG rally_openstack.cleanup.manager [-] Deleting neutron.network object s_rally_f420f65f_nphk6p4N (e6fe073a-a420-40e7-8446-17366c66c423)
2019-07-05 09:10:40.036 21662 RALLYDEBUG rally_openstack.cleanup.manager [-] Deleting neutron.network object s_rally_f420f65f_fV0YlmlY (f7c41f33-c873-4bf1-88a7-3a58c58f3dde)
2019-07-05 09:10:40.114 21662 RALLYDEBUG rally_openstack.cleanup.manager [-] Deleting neutron.network object s_rally_f420f65f_pGBxS2DL (f81c03b5-1e57-413b-87f9-388efeead800)
2019-07-05 09:10:42.734 21662 RALLYDEBUG rally_openstack.cleanup.manager [-] Cleaning up neutron router objects
2019-07-05 09:10:43.172 21662 RALLYDEBUG rally_openstack.cleanup.manager [-] Cleaning up neutron security_group objects
2019-07-05 09:10:43.595 21662 INFO rally.task.context [-] Task 2d96a6c3-edc5-4322-be8d-4c1321fe0da9 | Context cleanup@openstack cleanup() finished in 34.96 sec
2019-07-05 09:10:43.595 21662 INFO rally.task.context [-] Task 2d96a6c3-edc5-4322-be8d-4c1321fe0da9 | Context quotas@openstack cleanup() started
2019-07-05 09:10:43.673 21662 INFO rally.task.context [-] Task 2d96a6c3-edc5-4322-be8d-4c1321fe0da9 | Context quotas@openstack cleanup() finished in 77.51 msec
2019-07-05 09:10:43.673 21662 INFO rally.task.context [-] Task 2d96a6c3-edc5-4322-be8d-4c1321fe0da9 | Context users@openstack cleanup() started
2019-07-05 09:10:46.356 21662 INFO rally.task.context [-] Task 2d96a6c3-edc5-4322-be8d-4c1321fe0da9 | Context users@openstack cleanup() finished in 2.68 sec
2019-07-05 09:10:47.542 21662 INFO rally.task.engine [-] Load duration is: 24.608223
2019-07-05 09:10:47.543 21662 INFO rally.task.engine [-] Full runner duration is: 24.661714
2019-07-05 09:10:47.543 21662 INFO rally.task.engine [-] Full duration is: 65.113957
2019-07-05 09:10:47.840 21662 INFO rally.task.engine [-] Running workload: position = 2 config = { "version": 2, "title": "A cropped version of a bigger task.", "description": "Auto-generated task from a single workload (uuid=24106592-0030-4577-8dc3-07cb1ed4f4e7)", "subtasks": [ { "title": "NeutronNetworks.create_and_delete_ports", "description": "Create and delete a port.", "scenario": { "NeutronNetworks.create_and_delete_ports": { "network_create_args": {}, "port_create_args": {}, "ports_per_network": 5 } }, "contexts": { "users": { "tenants": 1, "users_per_tenant": 1 }, "quotas": { "neutron": { "network": -1, "port": -1 } } }, "runner": { "constant": { "times": 40, "concurrency": 20 } }, "hooks": [], "sla": { "failure_rate": { "max": 0 } } } ] }
2019-07-05 09:10:47.869 21662 RALLYDEBUG rally_openstack.contexts.keystone.users [-] Creating 1 tenants using 20 threads
2019-07-05 09:10:48.765 21662 RALLYDEBUG rally_openstack.contexts.keystone.users [-] Creating 1 users using 20 threads
2019-07-05 09:10:50.092 21662 INFO rally.task.context [-] Task 2d96a6c3-edc5-4322-be8d-4c1321fe0da9 | Context users@openstack setup() finished in 2.22 sec
2019-07-05 09:10:50.606 21662 INFO rally.task.context [-] Task 2d96a6c3-edc5-4322-be8d-4c1321fe0da9 | Context quotas@openstack setup() finished in 0.51 sec
2019-07-05 09:10:50.607 21662 INFO rally.task.context [-] Task 2d96a6c3-edc5-4322-be8d-4c1321fe0da9 | Context cleanup@openstack setup() finished in 0.01 msec
2019-07-05 09:10:50.615 21662 RALLYDEBUG rally.task.runner [-] Starting the constant runner (task UUID: 2d96a6c3-edc5-4322-be8d-4c1321fe0da9). timeout: 0 concurrency: 20 concurrency_per_worker: 1 times: 40 concurrency_overhead: 4 processes_to_start: 16 max_cpu_used: 16
2019-07-05 09:10:50.628 25908 RALLYDEBUG rally.task.runner [-] Starting a worker. concurrency: 2 args: {"network_create_args": {}, "port_create_args": {}, "ports_per_network": 5} times: 40 method_name: run timeout: 0 duration: None cls:
2019-07-05 09:10:50.632 25909 RALLYDEBUG rally.task.runner [-] Starting a worker. concurrency: 2 args: {"network_create_args": {}, "port_create_args": {}, "ports_per_network": 5} times: 40 method_name: run timeout: 0 duration: None cls:
2019-07-05 09:10:50.635 25910 RALLYDEBUG rally.task.runner [-] Starting a worker. concurrency: 2 args: {"network_create_args": {}, "port_create_args": {}, "ports_per_network": 5} times: 40 method_name: run timeout: 0 duration: None cls:
2019-07-05 09:10:50.638 25908 INFO rally.task.runner [-] Task 2d96a6c3-edc5-4322-be8d-4c1321fe0da9 | ITER: 1 START
2019-07-05 09:10:50.639 25911 RALLYDEBUG rally.task.runner [-] Starting a worker. concurrency: 2 args: {"network_create_args": {}, "port_create_args": {}, "ports_per_network": 5} times: 40 method_name: run timeout: 0 duration: None cls:
2019-07-05 09:10:50.640 25909 INFO rally.task.runner [-] Task 2d96a6c3-edc5-4322-be8d-4c1321fe0da9 | ITER: 2 START
2019-07-05 09:10:50.641 25908 WARNING rally_openstack.scenarios.neutron.utils [-] Running this scenario without either the 'network' or 'existing_network' context is deprecated
2019-07-05 09:10:50.642 25909 WARNING rally_openstack.scenarios.neutron.utils [-] Running this scenario without either the 'network' or 'existing_network' context is deprecated
2019-07-05 09:10:50.643 25910 INFO rally.task.runner [-] Task 2d96a6c3-edc5-4322-be8d-4c1321fe0da9 | ITER: 4 START
2019-07-05 09:10:50.645 25910 WARNING rally_openstack.scenarios.neutron.utils [-] Running this scenario without either the 'network' or 'existing_network' context is deprecated
2019-07-05 09:10:50.642 25908 INFO rally.task.runner [-] Task 2d96a6c3-edc5-4322-be8d-4c1321fe0da9 | ITER: 3 START
2019-07-05 09:10:50.647 25917 RALLYDEBUG rally.task.runner [-] Starting a worker. concurrency: 1 args: {"network_create_args": {}, "port_create_args": {}, "ports_per_network": 5} times: 40 method_name: run timeout: 0 duration: None cls:
2019-07-05 09:10:50.649 25911 INFO rally.task.runner [-] Task 2d96a6c3-edc5-4322-be8d-4c1321fe0da9 | ITER: 7 START
2019-07-05 09:10:50.652 25911 INFO rally.task.runner [-] Task 2d96a6c3-edc5-4322-be8d-4c1321fe0da9 | ITER: 8 START
2019-07-05 09:10:50.654 25917 INFO rally.task.runner [-] Task 2d96a6c3-edc5-4322-be8d-4c1321fe0da9 | ITER: 9 START
2019-07-05 09:10:50.654 25911 WARNING rally_openstack.scenarios.neutron.utils [-] Running this scenario without either the 'network' or 'existing_network' context is deprecated
2019-07-05 09:10:50.656 25917 WARNING rally_openstack.scenarios.neutron.utils [-] Running this scenario without either the 'network' or 'existing_network' context is deprecated
2019-07-05 09:10:50.656 25908 WARNING rally_openstack.scenarios.neutron.utils [-] Running this scenario without either the 'network' or 'existing_network' context is deprecated
2019-07-05 09:10:50.655 25911 WARNING rally_openstack.scenarios.neutron.utils [-] Running this scenario without either the 'network' or 'existing_network' context is deprecated
2019-07-05 09:10:50.657 25922 RALLYDEBUG rally.task.runner [-] Starting a worker. concurrency: 1 args: {"network_create_args": {}, "port_create_args": {}, "ports_per_network": 5} times: 40 method_name: run timeout: 0 duration: None cls:
2019-07-05 09:10:50.661 25910 INFO rally.task.runner [-] Task 2d96a6c3-edc5-4322-be8d-4c1321fe0da9 | ITER: 6 START
2019-07-05 09:10:50.661 25926 RALLYDEBUG rally.task.runner [-] Starting a worker. concurrency: 1 args: {"network_create_args": {}, "port_create_args": {}, "ports_per_network": 5} times: 40 method_name: run timeout: 0 duration: None cls:
2019-07-05 09:10:50.662 25910 WARNING rally_openstack.scenarios.neutron.utils [-] Running this scenario without either the 'network' or 'existing_network' context is deprecated
2019-07-05 09:10:50.663 25909 INFO rally.task.runner [-] Task 2d96a6c3-edc5-4322-be8d-4c1321fe0da9 | ITER: 5 START
2019-07-05 09:10:50.664 25922 INFO rally.task.runner [-] Task 2d96a6c3-edc5-4322-be8d-4c1321fe0da9 | ITER: 10 START
2019-07-05 09:10:50.664 25909 WARNING rally_openstack.scenarios.neutron.utils [-] Running this scenario without either the 'network' or 'existing_network' context is deprecated
2019-07-05 09:10:50.666 25922 WARNING rally_openstack.scenarios.neutron.utils [-] Running this scenario without either the 'network' or 'existing_network' context is deprecated
2019-07-05 09:10:50.668 25926 INFO rally.task.runner [-] Task 2d96a6c3-edc5-4322-be8d-4c1321fe0da9 | ITER: 11 START
2019-07-05 09:10:50.670 25926 WARNING rally_openstack.scenarios.neutron.utils [-] Running this scenario without either the 'network' or 'existing_network' context is deprecated
2019-07-05 09:10:50.676 25934 RALLYDEBUG rally.task.runner [-] Starting a worker. concurrency: 1 args: {"network_create_args": {}, "port_create_args": {}, "ports_per_network": 5} times: 40 method_name: run timeout: 0 duration: None cls:
2019-07-05 09:10:50.676 25929 RALLYDEBUG rally.task.runner [-] Starting a worker. concurrency: 1 args: {"network_create_args": {}, "port_create_args": {}, "ports_per_network": 5} times: 40 method_name: run timeout: 0 duration: None cls:
2019-07-05 09:10:50.684 25929 INFO rally.task.runner [-] Task 2d96a6c3-edc5-4322-be8d-4c1321fe0da9 | ITER: 13 START
2019-07-05 09:10:50.686 25929 WARNING rally_openstack.scenarios.neutron.utils [-] Running this scenario without either the 'network' or 'existing_network' context is deprecated
2019-07-05 09:10:50.687 25935 RALLYDEBUG rally.task.runner [-] Starting a worker. concurrency: 1 args: {"network_create_args": {}, "port_create_args": {}, "ports_per_network": 5} times: 40 method_name: run timeout: 0 duration: None cls:
2019-07-05 09:10:50.687 25934 INFO rally.task.runner [-] Task 2d96a6c3-edc5-4322-be8d-4c1321fe0da9 | ITER: 12 START
2019-07-05 09:10:50.691 25934 WARNING rally_openstack.scenarios.neutron.utils [-] Running this scenario without either the 'network' or 'existing_network' context is deprecated
2019-07-05 09:10:50.693 25935 INFO rally.task.runner [-] Task 2d96a6c3-edc5-4322-be8d-4c1321fe0da9 | ITER: 14 START
2019-07-05 09:10:50.694 25935 WARNING rally_openstack.scenarios.neutron.utils [-] Running this scenario without either the 'network' or 'existing_network' context is deprecated
2019-07-05 09:10:50.696 25939 RALLYDEBUG rally.task.runner [-] Starting a worker. concurrency: 1 args: {"network_create_args": {}, "port_create_args": {}, "ports_per_network": 5} times: 40 method_name: run timeout: 0 duration: None cls:
2019-07-05 09:10:50.706 25943 RALLYDEBUG rally.task.runner [-] Starting a worker. concurrency: 1 args: {"network_create_args": {}, "port_create_args": {}, "ports_per_network": 5} times: 40 method_name: run timeout: 0 duration: None cls:
2019-07-05 09:10:50.708 25939 INFO rally.task.runner [-] Task 2d96a6c3-edc5-4322-be8d-4c1321fe0da9 | ITER: 15 START
2019-07-05 09:10:50.709 25939 WARNING rally_openstack.scenarios.neutron.utils [-] Running this scenario without either the 'network' or 'existing_network' context is deprecated
2019-07-05 09:10:50.712 25943 INFO rally.task.runner [-] Task 2d96a6c3-edc5-4322-be8d-4c1321fe0da9 | ITER: 16 START
2019-07-05 09:10:50.714 25943 WARNING rally_openstack.scenarios.neutron.utils [-] Running this scenario without either the 'network' or 'existing_network' context is deprecated
2019-07-05 09:10:50.715 25946 RALLYDEBUG rally.task.runner [-] Starting a worker. concurrency: 1 args: {"network_create_args": {}, "port_create_args": {}, "ports_per_network": 5} times: 40 method_name: run timeout: 0 duration: None cls:
2019-07-05 09:10:50.722 25946 INFO rally.task.runner [-] Task 2d96a6c3-edc5-4322-be8d-4c1321fe0da9 | ITER: 17 START
2019-07-05 09:10:50.722 25949 RALLYDEBUG rally.task.runner [-] Starting a worker. concurrency: 1 args: {"network_create_args": {}, "port_create_args": {}, "ports_per_network": 5} times: 40 method_name: run timeout: 0 duration: None cls:
2019-07-05 09:10:50.723 25946 WARNING rally_openstack.scenarios.neutron.utils [-] Running this scenario without either the 'network' or 'existing_network' context is deprecated
2019-07-05 09:10:50.728 25949 INFO rally.task.runner [-] Task 2d96a6c3-edc5-4322-be8d-4c1321fe0da9 | ITER: 18 START
2019-07-05 09:10:50.729 25949 WARNING rally_openstack.scenarios.neutron.utils [-] Running this scenario without either the 'network' or 'existing_network' context is deprecated
2019-07-05 09:10:50.729 25952 RALLYDEBUG rally.task.runner [-] Starting a worker. concurrency: 1 args: {"network_create_args": {}, "port_create_args": {}, "ports_per_network": 5} times: 40 method_name: run timeout: 0 duration: None cls:
2019-07-05 09:10:50.733 25952 INFO rally.task.runner [-] Task 2d96a6c3-edc5-4322-be8d-4c1321fe0da9 | ITER: 19 START
2019-07-05 09:10:50.735 25952 WARNING rally_openstack.scenarios.neutron.utils [-] Running this scenario without either the 'network' or 'existing_network' context is deprecated
2019-07-05 09:10:50.736 25955 RALLYDEBUG rally.task.runner [-] Starting a worker. concurrency: 1 args: {"network_create_args": {}, "port_create_args": {}, "ports_per_network": 5} times: 40 method_name: run timeout: 0 duration: None cls:
2019-07-05 09:10:50.740 25955 INFO rally.task.runner [-] Task 2d96a6c3-edc5-4322-be8d-4c1321fe0da9 | ITER: 20 START
2019-07-05 09:10:50.741 25955 WARNING rally_openstack.scenarios.neutron.utils [-] Running this scenario without either the 'network' or 'existing_network' context is deprecated
2019-07-05 09:10:59.112 25908 INFO rally.task.runner [-] Task 2d96a6c3-edc5-4322-be8d-4c1321fe0da9 | ITER: 3 END: OK
2019-07-05 09:10:59.116 25908 INFO rally.task.runner [-] Task 2d96a6c3-edc5-4322-be8d-4c1321fe0da9 | ITER: 21 START
2019-07-05 09:10:59.117 25908 WARNING rally_openstack.scenarios.neutron.utils [-] Running this scenario without either the 'network' or 'existing_network' context is deprecated
2019-07-05 09:11:00.267 25908 INFO rally.task.runner [-] Task 2d96a6c3-edc5-4322-be8d-4c1321fe0da9 | ITER: 1 END: OK
2019-07-05 09:11:00.272 25908 INFO rally.task.runner [-] Task 2d96a6c3-edc5-4322-be8d-4c1321fe0da9 | ITER: 22 START
2019-07-05 09:11:00.272 25908 WARNING rally_openstack.scenarios.neutron.utils [-] Running this scenario without either the 'network' or 'existing_network' context is deprecated
2019-07-05 09:11:01.123 25911 INFO rally.task.runner [-] Task 2d96a6c3-edc5-4322-be8d-4c1321fe0da9 | ITER: 7 END: OK
2019-07-05 09:11:01.127 25911 INFO rally.task.runner [-] Task 2d96a6c3-edc5-4322-be8d-4c1321fe0da9 | ITER: 23 START
2019-07-05 09:11:01.128 25911 WARNING rally_openstack.scenarios.neutron.utils [-] Running this scenario without either the 'network' or 'existing_network' context is deprecated
2019-07-05 09:11:01.743 25909 INFO rally.task.runner [-] Task 2d96a6c3-edc5-4322-be8d-4c1321fe0da9 | ITER: 5 END: OK
2019-07-05 09:11:01.747 25909 INFO rally.task.runner [-] Task 2d96a6c3-edc5-4322-be8d-4c1321fe0da9 | ITER: 24 START
2019-07-05 09:11:01.748 25909 WARNING rally_openstack.scenarios.neutron.utils [-] Running this scenario without either the 'network' or 'existing_network' context is deprecated
2019-07-05 09:11:01.845 25917 INFO rally.task.runner [-] Task 2d96a6c3-edc5-4322-be8d-4c1321fe0da9 | ITER: 9 END: OK
2019-07-05 09:11:01.850 25917 INFO rally.task.runner [-] Task 2d96a6c3-edc5-4322-be8d-4c1321fe0da9 | ITER: 25 START
2019-07-05 09:11:01.850 25917 WARNING rally_openstack.scenarios.neutron.utils [-] Running this scenario without either the 'network' or 'existing_network' context is deprecated
2019-07-05 09:11:01.935 25922 INFO rally.task.runner [-] Task 2d96a6c3-edc5-4322-be8d-4c1321fe0da9 | ITER: 10 END: OK
2019-07-05 09:11:01.939 25922 INFO rally.task.runner [-] Task 2d96a6c3-edc5-4322-be8d-4c1321fe0da9 | ITER: 26 START
2019-07-05 09:11:01.939 25922 WARNING rally_openstack.scenarios.neutron.utils [-] Running this scenario without either the 'network' or 'existing_network' context is deprecated
2019-07-05 09:11:01.997 25939 INFO rally.task.runner [-] Task 2d96a6c3-edc5-4322-be8d-4c1321fe0da9 | ITER: 15 END: OK
2019-07-05 09:11:02.001 25939 INFO rally.task.runner [-] Task 2d96a6c3-edc5-4322-be8d-4c1321fe0da9 | ITER: 27 START
2019-07-05 09:11:02.002 25939 WARNING rally_openstack.scenarios.neutron.utils [-] Running this scenario without either the 'network' or 'existing_network' context is deprecated
2019-07-05 09:11:02.062 25955 INFO rally.task.runner [-] Task 2d96a6c3-edc5-4322-be8d-4c1321fe0da9 | ITER: 20 END: OK
2019-07-05 09:11:02.067 25955 INFO rally.task.runner [-] Task 2d96a6c3-edc5-4322-be8d-4c1321fe0da9 | ITER: 28 START
2019-07-05 09:11:02.068 25955 WARNING rally_openstack.scenarios.neutron.utils [-] Running this scenario without either the 'network' or 'existing_network' context is deprecated
2019-07-05 09:11:02.077 25926 INFO rally.task.runner [-] Task 2d96a6c3-edc5-4322-be8d-4c1321fe0da9 | ITER: 11 END: OK
2019-07-05 09:11:02.081 25926 INFO rally.task.runner [-] Task 2d96a6c3-edc5-4322-be8d-4c1321fe0da9 | ITER: 29 START
2019-07-05 09:11:02.082 25926 WARNING rally_openstack.scenarios.neutron.utils [-] Running this scenario without either the 'network' or 'existing_network' context is deprecated
2019-07-05 09:11:02.338 25935 INFO rally.task.runner [-] Task 2d96a6c3-edc5-4322-be8d-4c1321fe0da9 | ITER: 14 END: OK
2019-07-05 09:11:02.342 25935 INFO rally.task.runner [-] Task 2d96a6c3-edc5-4322-be8d-4c1321fe0da9 | ITER: 30 START
2019-07-05 09:11:02.343 25935 WARNING rally_openstack.scenarios.neutron.utils [-] Running this scenario without either the 'network' or 'existing_network' context is deprecated
2019-07-05 09:11:02.366 25946 INFO rally.task.runner [-] Task 2d96a6c3-edc5-4322-be8d-4c1321fe0da9 | ITER: 17 END: OK
2019-07-05 09:11:02.370 25946 INFO rally.task.runner [-] Task 2d96a6c3-edc5-4322-be8d-4c1321fe0da9 | ITER: 31 START
2019-07-05 09:11:02.371 25946 WARNING rally_openstack.scenarios.neutron.utils [-] Running this scenario without either the 'network' or 'existing_network' context is deprecated
2019-07-05 09:11:02.757 25911 INFO rally.task.runner [-] Task 2d96a6c3-edc5-4322-be8d-4c1321fe0da9 | ITER: 8 END: OK
2019-07-05 09:11:02.761 25911 INFO rally.task.runner [-] Task 2d96a6c3-edc5-4322-be8d-4c1321fe0da9 | ITER: 32 START
2019-07-05 09:11:02.762 25911 WARNING rally_openstack.scenarios.neutron.utils [-] Running this scenario without either the 'network' or 'existing_network' context is deprecated
2019-07-05 09:11:03.269 25952 INFO rally.task.runner [-] Task 2d96a6c3-edc5-4322-be8d-4c1321fe0da9 | ITER: 19 END: OK
2019-07-05 09:11:03.275 25952 INFO rally.task.runner [-] Task 2d96a6c3-edc5-4322-be8d-4c1321fe0da9 | ITER: 33 START
2019-07-05 09:11:03.275 25952 WARNING rally_openstack.scenarios.neutron.utils [-] Running this scenario without either the 'network' or 'existing_network' context is deprecated
2019-07-05 09:11:03.564 25929 INFO rally.task.runner [-] Task 2d96a6c3-edc5-4322-be8d-4c1321fe0da9 | ITER: 13 END: OK
2019-07-05 09:11:03.569 25929 INFO rally.task.runner [-] Task 2d96a6c3-edc5-4322-be8d-4c1321fe0da9 | ITER: 34 START
2019-07-05 09:11:03.570 25929 WARNING rally_openstack.scenarios.neutron.utils [-] Running this scenario without either the 'network' or 'existing_network' context is deprecated
2019-07-05 09:11:03.912 25910 INFO rally.task.runner [-] Task 2d96a6c3-edc5-4322-be8d-4c1321fe0da9 | ITER: 6 END: OK
2019-07-05 09:11:03.917 25910 INFO rally.task.runner [-] Task 2d96a6c3-edc5-4322-be8d-4c1321fe0da9 | ITER: 35 START
2019-07-05 09:11:03.918 25910 WARNING rally_openstack.scenarios.neutron.utils [-] Running this scenario without either the 'network' or 'existing_network' context is deprecated
2019-07-05 09:11:04.090 25943 INFO rally.task.runner [-] Task 2d96a6c3-edc5-4322-be8d-4c1321fe0da9 | ITER: 16 END: OK
2019-07-05 09:11:04.095 25943 INFO rally.task.runner [-] Task 2d96a6c3-edc5-4322-be8d-4c1321fe0da9 | ITER: 36 START
2019-07-05 09:11:04.096 25943 WARNING rally_openstack.scenarios.neutron.utils [-] Running this scenario without either the 'network' or 'existing_network' context is deprecated
2019-07-05 09:11:04.200 25949 INFO rally.task.runner [-] Task 2d96a6c3-edc5-4322-be8d-4c1321fe0da9 | ITER: 18 END: OK
2019-07-05 09:11:04.205 25949 INFO rally.task.runner [-] Task 2d96a6c3-edc5-4322-be8d-4c1321fe0da9 | ITER: 37 START
2019-07-05 09:11:04.205 25949 WARNING rally_openstack.scenarios.neutron.utils [-] Running this scenario without either the 'network' or 'existing_network' context is deprecated
2019-07-05 09:11:04.342 25934 INFO rally.task.runner [-] Task 2d96a6c3-edc5-4322-be8d-4c1321fe0da9 | ITER: 12 END: OK
2019-07-05 09:11:04.346 25934 INFO rally.task.runner [-] Task 2d96a6c3-edc5-4322-be8d-4c1321fe0da9 | ITER: 38 START
2019-07-05 09:11:04.347 25934 WARNING rally_openstack.scenarios.neutron.utils [-] Running this scenario without either the 'network' or 'existing_network' context is deprecated
