2019-07-05 08:57:19.689 21653 RALLYDEBUG rally.api [-] INFO logs from urllib3 and requests module are hide.
2019-07-05 08:57:19.689 21653 RALLYDEBUG rally.api [-] urllib3 insecure warnings are hidden.
2019-07-05 08:57:19.689 21653 RALLYDEBUG rally.api [-] ERROR log from boto module is hide.
2019-07-05 08:57:22.326 21655 RALLYDEBUG rally.api [-] INFO logs from urllib3 and requests module are hide.
2019-07-05 08:57:22.326 21655 RALLYDEBUG rally.api [-] urllib3 insecure warnings are hidden.
2019-07-05 08:57:22.326 21655 RALLYDEBUG rally.api [-] ERROR log from boto module is hide.
2019-07-05 08:57:23.824 21655 WARNING rally_openstack.platforms.existing [-] endpoint is deprecated and not used.
2019-07-05 08:57:24.863 21657 RALLYDEBUG rally.api [-] INFO logs from urllib3 and requests module are hide.
2019-07-05 08:57:24.863 21657 RALLYDEBUG rally.api [-] urllib3 insecure warnings are hidden.
2019-07-05 08:57:24.863 21657 RALLYDEBUG rally.api [-] ERROR log from boto module is hide.
2019-07-05 08:57:28.044 21660 RALLYDEBUG rally.api [-] INFO logs from urllib3 and requests module are hide.
2019-07-05 08:57:28.044 21660 RALLYDEBUG rally.api [-] urllib3 insecure warnings are hidden.
2019-07-05 08:57:28.044 21660 RALLYDEBUG rally.api [-] ERROR log from boto module is hide.
2019-07-05 08:57:29.501 21662 RALLYDEBUG rally.api [-] INFO logs from urllib3 and requests module are hide.
2019-07-05 08:57:29.502 21662 RALLYDEBUG rally.api [-] urllib3 insecure warnings are hidden.
2019-07-05 08:57:29.502 21662 RALLYDEBUG rally.api [-] ERROR log from boto module is hide.
2019-07-05 08:57:30.903 21662 INFO rally.common.plugin.discover [-] Loading plugins from directories /root/.rally/plugins/*
2019-07-05 08:57:30.904 21662 INFO rally.common.plugin.discover [-] Loaded module with plugins: /root/.rally/plugins/__init__.py
2019-07-05 08:57:30.907 21662 INFO rally.common.plugin.discover [-] Loaded module with plugins: /root/.rally/plugins/trunk_scenario.py
2019-07-05 08:57:31.122 21662 INFO rally.task.engine [-] Task 2d96a6c3-edc5-4322-be8d-4c1321fe0da9 | Starting: Task validation.
2019-07-05 08:57:31.156 21662 INFO rally.task.engine [-] Task 2d96a6c3-edc5-4322-be8d-4c1321fe0da9 | Starting: Task validation of syntax.
2019-07-05 08:57:31.357 21662 INFO rally.task.engine [-] Task 2d96a6c3-edc5-4322-be8d-4c1321fe0da9 | Completed: Task validation of syntax.
2019-07-05 08:57:31.357 21662 INFO rally.task.engine [-] Task 2d96a6c3-edc5-4322-be8d-4c1321fe0da9 | Starting: Task validation of required platforms.
2019-07-05 08:57:31.428 21662 INFO rally.task.engine [-] Task 2d96a6c3-edc5-4322-be8d-4c1321fe0da9 | Completed: Task validation of required platforms.
2019-07-05 08:57:31.428 21662 INFO rally.task.engine [-] Task 2d96a6c3-edc5-4322-be8d-4c1321fe0da9 | Starting: Task validation of semantic.
2019-07-05 08:57:31.428 21662 INFO rally.task.engine [-] Check health of the environment '7c19775a-ce19-49d3-a083-c430fbe60b4b'.
2019-07-05 08:57:31.998 21662 INFO rally.task.engine [-] Platform existing@openstack (available: True): OK!
2019-07-05 08:57:32.013 21662 RALLYDEBUG rally_openstack.contexts.keystone.users [-] Creating 1 tenants using 20 threads
2019-07-05 08:57:32.889 21662 RALLYDEBUG rally_openstack.contexts.keystone.users [-] Creating 1 users using 20 threads
2019-07-05 08:57:34.267 21662 INFO rally.task.context [-] Task 2d96a6c3-edc5-4322-be8d-4c1321fe0da9 | Context users@openstack setup() finished in 2.25 sec
2019-07-05 08:57:38.878 21662 INFO rally.task.context [-] Task 2d96a6c3-edc5-4322-be8d-4c1321fe0da9 | Context users@openstack cleanup() started
2019-07-05 08:57:41.899 21662 INFO rally.task.context [-] Task 2d96a6c3-edc5-4322-be8d-4c1321fe0da9 | Context users@openstack cleanup() finished in 3.02 sec
2019-07-05 08:57:41.899 21662 INFO rally.task.engine [-] Task 2d96a6c3-edc5-4322-be8d-4c1321fe0da9 | Completed: Task validation of semantic.
2019-07-05 08:57:41.900 21662 INFO rally.task.engine [-] Task 2d96a6c3-edc5-4322-be8d-4c1321fe0da9 | Completed: Task validation.
2019-07-05 08:57:41.900 21662 INFO rally.api [-] Task 2d96a6c3-edc5-4322-be8d-4c1321fe0da9 input file is valid.
2019-07-05 08:57:41.901 21662 INFO rally.api [-] Run Task 2d96a6c3-edc5-4322-be8d-4c1321fe0da9 against Deployment 7c19775a-ce19-49d3-a083-c430fbe60b4b
2019-07-05 08:57:41.901 21662 INFO rally.task.engine [-] Task 2d96a6c3-edc5-4322-be8d-4c1321fe0da9 | Starting: Running task.
2019-07-05 08:57:42.080 21662 INFO rally.task.engine [-] Running workload: position = 0 config = { "version": 2, "title": "A cropped version of a bigger task.", "description": "Auto-generated task from a single workload (uuid=02a48a2d-784b-479e-ab54-2ac38379e0f0)", "subtasks": [ { "title": "NeutronNetworks.create_and_list_networks", "description": "Check performance of list_networks action and ensure > network quotas are not exceeded", "scenario": { "NeutronNetworks.create_and_list_networks": {} }, "contexts": { "users": { "tenants": 1, "users_per_tenant": 1 }, "quotas": { "neutron": { "network": 119 } } }, "runner": { "constant": { "times": 100, "concurrency": 20 } }, "hooks": [], "sla": { "max_avg_duration_per_atomic": { "neutron.list_networks": 15 }, "failure_rate": { "max": 0 } } } ] }
2019-07-05 08:57:42.108 21662 RALLYDEBUG rally_openstack.contexts.keystone.users [-] Creating 1 tenants using 20 threads
2019-07-05 08:57:43.044 21662 RALLYDEBUG rally_openstack.contexts.keystone.users [-] Creating 1 users using 20 threads
2019-07-05 08:57:44.409 21662 INFO rally.task.context [-] Task 2d96a6c3-edc5-4322-be8d-4c1321fe0da9 | Context users@openstack setup() finished in 2.30 sec
2019-07-05 08:57:44.882 21662 INFO rally.task.context [-] Task 2d96a6c3-edc5-4322-be8d-4c1321fe0da9 | Context quotas@openstack setup() finished in 0.47 sec
2019-07-05 08:57:44.882 21662 INFO rally.task.context [-] Task 2d96a6c3-edc5-4322-be8d-4c1321fe0da9 | Context cleanup@openstack setup() finished in 0.02 msec
2019-07-05 08:57:44.890 21662 RALLYDEBUG rally.task.runner [-] Starting the constant runner (task UUID: 2d96a6c3-edc5-4322-be8d-4c1321fe0da9). timeout: 0 concurrency: 20 concurrency_per_worker: 1 times: 100 concurrency_overhead: 4 processes_to_start: 16 max_cpu_used: 16
2019-07-05 08:57:44.904 21786 RALLYDEBUG rally.task.runner [-] Starting a worker. concurrency: 2 args: {} times: 100 method_name: run timeout: 0 duration: None cls:
2019-07-05 08:57:44.906 21787 RALLYDEBUG rally.task.runner [-] Starting a worker. concurrency: 2 args: {} times: 100 method_name: run timeout: 0 duration: None cls:
2019-07-05 08:57:44.909 21788 RALLYDEBUG rally.task.runner [-] Starting a worker. concurrency: 2 args: {} times: 100 method_name: run timeout: 0 duration: None cls:
2019-07-05 08:57:44.912 21789 RALLYDEBUG rally.task.runner [-] Starting a worker. concurrency: 2 args: {} times: 100 method_name: run timeout: 0 duration: None cls:
2019-07-05 08:57:44.914 21786 INFO rally.task.runner [-] Task 2d96a6c3-edc5-4322-be8d-4c1321fe0da9 | ITER: 1 START
2019-07-05 08:57:44.916 21792 RALLYDEBUG rally.task.runner [-] Starting a worker. concurrency: 1 args: {} times: 100 method_name: run timeout: 0 duration: None cls:
2019-07-05 08:57:44.917 21787 INFO rally.task.runner [-] Task 2d96a6c3-edc5-4322-be8d-4c1321fe0da9 | ITER: 2 START
2019-07-05 08:57:44.916 21788 INFO rally.task.runner [-] Task 2d96a6c3-edc5-4322-be8d-4c1321fe0da9 | ITER: 4 START
2019-07-05 08:57:44.919 21795 RALLYDEBUG rally.task.runner [-] Starting a worker. concurrency: 1 args: {} times: 100 method_name: run timeout: 0 duration: None cls:
2019-07-05 08:57:44.917 21786 INFO rally.task.runner [-] Task 2d96a6c3-edc5-4322-be8d-4c1321fe0da9 | ITER: 3 START
2019-07-05 08:57:44.921 21792 INFO rally.task.runner [-] Task 2d96a6c3-edc5-4322-be8d-4c1321fe0da9 | ITER: 8 START
2019-07-05 08:57:44.922 21799 RALLYDEBUG rally.task.runner [-] Starting a worker. concurrency: 1 args: {} times: 100 method_name: run timeout: 0 duration: None cls:
2019-07-05 08:57:44.923 21789 INFO rally.task.runner [-] Task 2d96a6c3-edc5-4322-be8d-4c1321fe0da9 | ITER: 6 START
2019-07-05 08:57:44.927 21789 INFO rally.task.runner [-] Task 2d96a6c3-edc5-4322-be8d-4c1321fe0da9 | ITER: 9 START
2019-07-05 08:57:44.925 21795 INFO rally.task.runner [-] Task 2d96a6c3-edc5-4322-be8d-4c1321fe0da9 | ITER: 10 START
2019-07-05 08:57:44.929 21805 RALLYDEBUG rally.task.runner [-] Starting a worker. concurrency: 1 args: {} times: 100 method_name: run timeout: 0 duration: None cls:
2019-07-05 08:57:44.930 21787 INFO rally.task.runner [-] Task 2d96a6c3-edc5-4322-be8d-4c1321fe0da9 | ITER: 5 START
2019-07-05 08:57:44.932 21799 INFO rally.task.runner [-] Task 2d96a6c3-edc5-4322-be8d-4c1321fe0da9 | ITER: 11 START
2019-07-05 08:57:44.933 21811 RALLYDEBUG rally.task.runner [-] Starting a worker. concurrency: 1 args: {} times: 100 method_name: run timeout: 0 duration: None cls:
2019-07-05 08:57:44.938 21788 INFO rally.task.runner [-] Task 2d96a6c3-edc5-4322-be8d-4c1321fe0da9 | ITER: 7 START
2019-07-05 08:57:44.939 21805 INFO rally.task.runner [-] Task 2d96a6c3-edc5-4322-be8d-4c1321fe0da9 | ITER: 12 START
2019-07-05 08:57:44.939 21812 RALLYDEBUG rally.task.runner [-] Starting a worker. concurrency: 1 args: {} times: 100 method_name: run timeout: 0 duration: None cls:
2019-07-05 08:57:44.942 21811 INFO rally.task.runner [-] Task 2d96a6c3-edc5-4322-be8d-4c1321fe0da9 | ITER: 13 START
2019-07-05 08:57:44.947 21812 INFO rally.task.runner [-] Task 2d96a6c3-edc5-4322-be8d-4c1321fe0da9 | ITER: 14 START
2019-07-05 08:57:44.951 21818 RALLYDEBUG rally.task.runner [-] Starting a worker. concurrency: 1 args: {} times: 100 method_name: run timeout: 0 duration: None cls:
2019-07-05 08:57:44.954 21820 RALLYDEBUG rally.task.runner [-] Starting a worker. concurrency: 1 args: {} times: 100 method_name: run timeout: 0 duration: None cls:
2019-07-05 08:57:44.959 21822 RALLYDEBUG rally.task.runner [-] Starting a worker. concurrency: 1 args: {} times: 100 method_name: run timeout: 0 duration: None cls:
2019-07-05 08:57:44.959 21818 INFO rally.task.runner [-] Task 2d96a6c3-edc5-4322-be8d-4c1321fe0da9 | ITER: 15 START
2019-07-05 08:57:44.962 21820 INFO rally.task.runner [-] Task 2d96a6c3-edc5-4322-be8d-4c1321fe0da9 | ITER: 16 START
2019-07-05 08:57:44.964 21825 RALLYDEBUG rally.task.runner [-] Starting a worker. concurrency: 1 args: {} times: 100 method_name: run timeout: 0 duration: None cls:
2019-07-05 08:57:44.965 21822 INFO rally.task.runner [-] Task 2d96a6c3-edc5-4322-be8d-4c1321fe0da9 | ITER: 17 START
2019-07-05 08:57:44.971 21825 INFO rally.task.runner [-] Task 2d96a6c3-edc5-4322-be8d-4c1321fe0da9 | ITER: 18 START
2019-07-05 08:57:44.972 21829 RALLYDEBUG rally.task.runner [-] Starting a worker. concurrency: 1 args: {} times: 100 method_name: run timeout: 0 duration: None cls:
2019-07-05 08:57:44.975 21831 RALLYDEBUG rally.task.runner [-] Starting a worker. concurrency: 1 args: {} times: 100 method_name: run timeout: 0 duration: None cls:
2019-07-05 08:57:44.978 21829 INFO rally.task.runner [-] Task 2d96a6c3-edc5-4322-be8d-4c1321fe0da9 | ITER: 19 START
2019-07-05 08:57:44.982 21831 INFO rally.task.runner [-] Task 2d96a6c3-edc5-4322-be8d-4c1321fe0da9 | ITER: 20 START
2019-07-05 08:57:46.045 21786 INFO rally.task.runner [-] Task 2d96a6c3-edc5-4322-be8d-4c1321fe0da9 | ITER: 3 END: OK
2019-07-05 08:57:46.050 21786 INFO rally.task.runner [-] Task 2d96a6c3-edc5-4322-be8d-4c1321fe0da9 | ITER: 21 START
2019-07-05 08:57:46.096 21812 INFO rally.task.runner [-] Task 2d96a6c3-edc5-4322-be8d-4c1321fe0da9 | ITER: 14 END: OK
2019-07-05 08:57:46.100 21812 INFO rally.task.runner [-] Task 2d96a6c3-edc5-4322-be8d-4c1321fe0da9 | ITER: 22 START
2019-07-05 08:57:46.136 21795 INFO rally.task.runner [-] Task 2d96a6c3-edc5-4322-be8d-4c1321fe0da9 | ITER: 10 END: OK
2019-07-05 08:57:46.140 21795 INFO rally.task.runner [-] Task 2d96a6c3-edc5-4322-be8d-4c1321fe0da9 | ITER: 23 START
2019-07-05 08:57:46.148 21799 INFO rally.task.runner [-] Task 2d96a6c3-edc5-4322-be8d-4c1321fe0da9 | ITER: 11 END: OK
2019-07-05 08:57:46.152 21799 INFO rally.task.runner [-] Task 2d96a6c3-edc5-4322-be8d-4c1321fe0da9 | ITER: 24 START
2019-07-05 08:57:46.212 21792 INFO rally.task.runner [-] Task 2d96a6c3-edc5-4322-be8d-4c1321fe0da9 | ITER: 8 END: OK
2019-07-05 08:57:46.216 21792 INFO rally.task.runner [-] Task 2d96a6c3-edc5-4322-be8d-4c1321fe0da9 | ITER: 25 START
2019-07-05 08:57:46.355 21789 INFO rally.task.runner [-] Task 2d96a6c3-edc5-4322-be8d-4c1321fe0da9 | ITER: 6 END: OK
2019-07-05 08:57:46.359 21789 INFO rally.task.runner [-] Task 2d96a6c3-edc5-4322-be8d-4c1321fe0da9 | ITER: 26 START
2019-07-05 08:57:46.368 21786 INFO rally.task.runner [-] Task 2d96a6c3-edc5-4322-be8d-4c1321fe0da9 | ITER: 1 END: OK
2019-07-05 08:57:46.371 21786 INFO rally.task.runner [-] Task 2d96a6c3-edc5-4322-be8d-4c1321fe0da9 | ITER: 27 START
2019-07-05 08:57:46.374 21820 INFO rally.task.runner [-] Task 2d96a6c3-edc5-4322-be8d-4c1321fe0da9 | ITER: 16 END: OK
2019-07-05 08:57:46.377 21811 INFO rally.task.runner [-] Task 2d96a6c3-edc5-4322-be8d-4c1321fe0da9 | ITER: 13 END: OK
2019-07-05 08:57:46.378 21820 INFO rally.task.runner [-] Task 2d96a6c3-edc5-4322-be8d-4c1321fe0da9 | ITER: 28 START
2019-07-05 08:57:46.380 21811 INFO rally.task.runner [-] Task 2d96a6c3-edc5-4322-be8d-4c1321fe0da9 | ITER: 29 START
2019-07-05 08:57:46.405 21787 INFO rally.task.runner [-] Task 2d96a6c3-edc5-4322-be8d-4c1321fe0da9 | ITER: 5 END: OK
2019-07-05 08:57:46.408 21787 INFO rally.task.runner [-] Task 2d96a6c3-edc5-4322-be8d-4c1321fe0da9 | ITER: 30 START
2019-07-05 08:57:46.417 21825 INFO rally.task.runner [-] Task 2d96a6c3-edc5-4322-be8d-4c1321fe0da9 | ITER: 18 END: OK
2019-07-05 08:57:46.420 21825 INFO rally.task.runner [-] Task 2d96a6c3-edc5-4322-be8d-4c1321fe0da9 | ITER: 31 START
2019-07-05 08:57:46.454 21787 INFO rally.task.runner [-] Task 2d96a6c3-edc5-4322-be8d-4c1321fe0da9 | ITER: 2 END: OK
2019-07-05 08:57:46.457 21787 INFO rally.task.runner [-] Task 2d96a6c3-edc5-4322-be8d-4c1321fe0da9 | ITER: 32 START
2019-07-05 08:57:46.468 21788 INFO rally.task.runner [-] Task 2d96a6c3-edc5-4322-be8d-4c1321fe0da9 | ITER: 7 END: OK
2019-07-05 08:57:46.471 21788 INFO rally.task.runner [-] Task 2d96a6c3-edc5-4322-be8d-4c1321fe0da9 | ITER: 33 START
2019-07-05 08:57:46.543 21818 INFO rally.task.runner [-] Task 2d96a6c3-edc5-4322-be8d-4c1321fe0da9 | ITER: 15 END: OK
2019-07-05 08:57:46.546 21818 INFO rally.task.runner [-] Task 2d96a6c3-edc5-4322-be8d-4c1321fe0da9 | ITER: 34 START
2019-07-05 08:57:46.592 21805 INFO rally.task.runner [-] Task 2d96a6c3-edc5-4322-be8d-4c1321fe0da9 | ITER: 12 END: OK
2019-07-05 08:57:46.596 21805 INFO rally.task.runner [-] Task 2d96a6c3-edc5-4322-be8d-4c1321fe0da9 | ITER: 35 START
2019-07-05 08:57:46.650 21829 INFO rally.task.runner [-] Task 2d96a6c3-edc5-4322-be8d-4c1321fe0da9 | ITER: 19 END: OK
2019-07-05 08:57:46.655 21829 INFO rally.task.runner [-] Task 2d96a6c3-edc5-4322-be8d-4c1321fe0da9 | ITER: 36 START
2019-07-05 08:57:46.696 21789 INFO rally.task.runner [-] Task 2d96a6c3-edc5-4322-be8d-4c1321fe0da9 | ITER: 9 END: OK
2019-07-05 08:57:46.704 21789 INFO rally.task.runner [-] Task 2d96a6c3-edc5-4322-be8d-4c1321fe0da9 | ITER: 37 START
2019-07-05 08:57:46.997 21799 INFO rally.task.runner [-] Task 2d96a6c3-edc5-4322-be8d-4c1321fe0da9 | ITER: 24 END: OK
2019-07-05 08:57:47.000 21799 INFO rally.task.runner [-] Task 2d96a6c3-edc5-4322-be8d-4c1321fe0da9 | ITER: 38 START
2019-07-05 08:57:47.045 21795 INFO rally.task.runner [-] Task 2d96a6c3-edc5-4322-be8d-4c1321fe0da9 | ITER: 23 END: OK
2019-07-05 08:57:47.049 21795 INFO rally.task.runner [-] Task 2d96a6c3-edc5-4322-be8d-4c1321fe0da9 | ITER: 39 START
2019-07-05 08:57:47.051 21831 INFO rally.task.runner [-] Task 2d96a6c3-edc5-4322-be8d-4c1321fe0da9 | ITER: 20 END: OK
2019-07-05 08:57:47.054 21822 INFO rally.task.runner [-] Task 2d96a6c3-edc5-4322-be8d-4c1321fe0da9 | ITER: 17 END: OK
2019-07-05 08:57:47.056 21831 INFO rally.task.runner [-] Task 2d96a6c3-edc5-4322-be8d-4c1321fe0da9 | ITER: 40 START
2019-07-05 08:57:47.059 21822 INFO rally.task.runner [-] Task 2d96a6c3-edc5-4322-be8d-4c1321fe0da9 | ITER: 41 START
2019-07-05 08:57:47.131 21788 INFO rally.task.runner [-] Task 2d96a6c3-edc5-4322-be8d-4c1321fe0da9 | ITER: 4 END: OK
2019-07-05 08:57:47.134 21788 INFO rally.task.runner [-] Task 2d96a6c3-edc5-4322-be8d-4c1321fe0da9 | ITER: 42 START
2019-07-05 08:57:47.460 21812 INFO rally.task.runner [-] Task 2d96a6c3-edc5-4322-be8d-4c1321fe0da9 | ITER: 22 END: OK
2019-07-05 08:57:47.463 21812 INFO rally.task.runner [-] Task 2d96a6c3-edc5-4322-be8d-4c1321fe0da9 | ITER: 43 START
2019-07-05 08:57:47.506 21786 INFO rally.task.runner [-] Task 2d96a6c3-edc5-4322-be8d-4c1321fe0da9 | ITER: 21 END: OK
2019-07-05 08:57:47.510 21786 INFO rally.task.runner [-] Task 2d96a6c3-edc5-4322-be8d-4c1321fe0da9 | ITER: 44 START
2019-07-05 08:57:47.521 21820 INFO rally.task.runner [-] Task 2d96a6c3-edc5-4322-be8d-4c1321fe0da9 | ITER: 28 END: OK
2019-07-05 08:57:47.525 21820 INFO rally.task.runner [-] Task 2d96a6c3-edc5-4322-be8d-4c1321fe0da9 | ITER: 45 START
2019-07-05 08:57:47.606 21825 INFO rally.task.runner [-] Task 2d96a6c3-edc5-4322-be8d-4c1321fe0da9 | ITER: 31 END: OK
2019-07-05 08:57:47.610 21825 INFO rally.task.runner [-] Task 2d96a6c3-edc5-4322-be8d-4c1321fe0da9 | ITER: 46 START
2019-07-05 08:57:47.644 21792 INFO rally.task.runner [-] Task 2d96a6c3-edc5-4322-be8d-4c1321fe0da9 | ITER: 25 END: OK
2019-07-05 08:57:47.647 21792 INFO rally.task.runner [-] Task 2d96a6c3-edc5-4322-be8d-4c1321fe0da9 | ITER: 47 START
2019-07-05 08:57:47.721 21789 INFO rally.task.runner [-] Task 2d96a6c3-edc5-4322-be8d-4c1321fe0da9 | ITER: 26 END: OK
2019-07-05 08:57:47.725 21789 INFO rally.task.runner [-] Task 2d96a6c3-edc5-4322-be8d-4c1321fe0da9 | ITER: 48 START
2019-07-05 08:57:47.745 21788 INFO rally.task.runner [-] Task 2d96a6c3-edc5-4322-be8d-4c1321fe0da9 | ITER: 33 END: OK
2019-07-05 08:57:47.748 21788 INFO rally.task.runner [-] Task 2d96a6c3-edc5-4322-be8d-4c1321fe0da9 | ITER: 49 START
2019-07-05 08:57:47.782 21811 INFO rally.task.runner [-] Task 2d96a6c3-edc5-4322-be8d-4c1321fe0da9 | ITER: 29 END: OK
2019-07-05 08:57:47.785 21811 INFO rally.task.runner [-] Task 2d96a6c3-edc5-4322-be8d-4c1321fe0da9 | ITER: 50 START
2019-07-05 08:57:47.811 21787 INFO rally.task.runner [-] Task 2d96a6c3-edc5-4322-be8d-4c1321fe0da9 | ITER: 32 END: OK
2019-07-05 08:57:47.814 21787 INFO rally.task.runner [-] Task 2d96a6c3-edc5-4322-be8d-4c1321fe0da9 | ITER: 51 START
2019-07-05 08:57:48.060 21786 INFO rally.task.runner [-] Task 2d96a6c3-edc5-4322-be8d-4c1321fe0da9 | ITER: 27 END: OK
2019-07-05 08:57:48.064 21786 INFO rally.task.runner [-] Task 2d96a6c3-edc5-4322-be8d-4c1321fe0da9 | ITER: 52 START
2019-07-05 08:57:48.085 21818 INFO rally.task.runner [-] Task 2d96a6c3-edc5-4322-be8d-4c1321fe0da9 | ITER: 34 END: OK
2019-07-05 08:57:48.089 21818 INFO rally.task.runner [-] Task 2d96a6c3-edc5-4322-be8d-4c1321fe0da9 | ITER: 53 START
2019-07-05 08:57:48.091 21787 INFO rally.task.runner [-] Task 2d96a6c3-edc5-4322-be8d-4c1321fe0da9 | ITER: 30 END: OK
2019-07-05 08:57:48.094 21787 INFO rally.task.runner [-] Task 2d96a6c3-edc5-4322-be8d-4c1321fe0da9 | ITER: 54 START
2019-07-05 08:57:48.306 21831 INFO rally.task.runner [-] Task 2d96a6c3-edc5-4322-be8d-4c1321fe0da9 | ITER: 40 END: OK
2019-07-05 08:57:48.309 21831 INFO rally.task.runner [-] Task 2d96a6c3-edc5-4322-be8d-4c1321fe0da9 | ITER: 55 START
2019-07-05 08:57:48.430 21822 INFO rally.task.runner [-] Task 2d96a6c3-edc5-4322-be8d-4c1321fe0da9 | ITER: 41 END: OK
2019-07-05 08:57:48.434 21822 INFO rally.task.runner [-] Task 2d96a6c3-edc5-4322-be8d-4c1321fe0da9 | ITER: 56 START
2019-07-05 08:57:48.497 21799 INFO rally.task.runner [-] Task 2d96a6c3-edc5-4322-be8d-4c1321fe0da9 | ITER: 38 END: OK
2019-07-05 08:57:48.501 21799 INFO rally.task.runner [-] Task 2d96a6c3-edc5-4322-be8d-4c1321fe0da9 | ITER: 57 START
2019-07-05 08:57:48.524 21805 INFO rally.task.runner [-] Task 2d96a6c3-edc5-4322-be8d-4c1321fe0da9 | ITER: 35 END: OK
2019-07-05 08:57:48.528 21805 INFO rally.task.runner [-] Task 2d96a6c3-edc5-4322-be8d-4c1321fe0da9 | ITER: 58 START
2019-07-05 08:57:48.530 21789 INFO rally.task.runner [-] Task 2d96a6c3-edc5-4322-be8d-4c1321fe0da9 | ITER: 37 END: OK
2019-07-05 08:57:48.533 21789 INFO rally.task.runner [-] Task 2d96a6c3-edc5-4322-be8d-4c1321fe0da9 | ITER: 59 START
2019-07-05 08:57:48.701 21795 INFO rally.task.runner [-] Task 2d96a6c3-edc5-4322-be8d-4c1321fe0da9 | ITER: 39 END: OK
2019-07-05 08:57:48.704 21795 INFO rally.task.runner [-] Task 2d96a6c3-edc5-4322-be8d-4c1321fe0da9 | ITER: 60 START
2019-07-05 08:57:48.806 21812 INFO rally.task.runner [-] Task 2d96a6c3-edc5-4322-be8d-4c1321fe0da9 | ITER: 43 END: OK
2019-07-05 08:57:48.809 21812 INFO rally.task.runner [-] Task 2d96a6c3-edc5-4322-be8d-4c1321fe0da9 | ITER: 61 START
2019-07-05 08:57:48.895 21787 INFO rally.task.runner [-] Task 2d96a6c3-edc5-4322-be8d-4c1321fe0da9 | ITER: 54 END: OK
2019-07-05 08:57:48.899 21787 INFO rally.task.runner [-] Task 2d96a6c3-edc5-4322-be8d-4c1321fe0da9 | ITER: 62 START
2019-07-05 08:57:48.912 21788 INFO rally.task.runner [-] Task 2d96a6c3-edc5-4322-be8d-4c1321fe0da9 | ITER: 42 END: OK
2019-07-05 08:57:48.916 21788 INFO rally.task.runner [-] Task 2d96a6c3-edc5-4322-be8d-4c1321fe0da9 | ITER: 63 START
2019-07-05 08:57:49.000 21820 INFO rally.task.runner [-] Task 2d96a6c3-edc5-4322-be8d-4c1321fe0da9 | ITER: 45 END: OK
2019-07-05 08:57:49.004 21820 INFO rally.task.runner [-] Task 2d96a6c3-edc5-4322-be8d-4c1321fe0da9 | ITER: 64 START
2019-07-05 08:57:49.058 21786 INFO rally.task.runner [-] Task 2d96a6c3-edc5-4322-be8d-4c1321fe0da9 | ITER: 44 END: OK
2019-07-05 08:57:49.062 21786 INFO rally.task.runner [-] Task 2d96a6c3-edc5-4322-be8d-4c1321fe0da9 | ITER: 65 START
2019-07-05 08:57:49.277 21792 INFO rally.task.runner [-] Task 2d96a6c3-edc5-4322-be8d-4c1321fe0da9 | ITER: 47 END: OK
2019-07-05 08:57:49.281 21792 INFO rally.task.runner [-] Task 2d96a6c3-edc5-4322-be8d-4c1321fe0da9 | ITER: 66 START
2019-07-05 08:57:49.308 21829 INFO rally.task.runner [-] Task 2d96a6c3-edc5-4322-be8d-4c1321fe0da9 | ITER: 36 END: OK
2019-07-05 08:57:49.311 21829 INFO rally.task.runner [-] Task 2d96a6c3-edc5-4322-be8d-4c1321fe0da9 | ITER: 67 START
2019-07-05 08:57:49.333 21788 INFO rally.task.runner [-] Task 2d96a6c3-edc5-4322-be8d-4c1321fe0da9 | ITER: 49 END: OK
2019-07-05 08:57:49.336 21789 INFO rally.task.runner [-] Task 2d96a6c3-edc5-4322-be8d-4c1321fe0da9 | ITER: 59 END: OK
2019-07-05 08:57:49.337 21788 INFO rally.task.runner [-] Task 2d96a6c3-edc5-4322-be8d-4c1321fe0da9 | ITER: 68 START
2019-07-05 08:57:49.339 21789 INFO rally.task.runner [-] Task 2d96a6c3-edc5-4322-be8d-4c1321fe0da9 | ITER: 69 START
2019-07-05 08:57:49.396 21825 INFO rally.task.runner [-] Task 2d96a6c3-edc5-4322-be8d-4c1321fe0da9 | ITER: 46 END: OK
2019-07-05 08:57:49.399 21825 INFO rally.task.runner [-] Task 2d96a6c3-edc5-4322-be8d-4c1321fe0da9 | ITER: 70 START
2019-07-05 08:57:49.720 21789 INFO rally.task.runner [-] Task 2d96a6c3-edc5-4322-be8d-4c1321fe0da9 | ITER: 48 END: OK
2019-07-05 08:57:49.724 21789 INFO rally.task.runner [-] Task 2d96a6c3-edc5-4322-be8d-4c1321fe0da9 | ITER: 71 START
2019-07-05 08:57:49.826 21786 INFO rally.task.runner [-] Task 2d96a6c3-edc5-4322-be8d-4c1321fe0da9 | ITER: 52 END: OK
2019-07-05 08:57:49.830 21786 INFO rally.task.runner [-] Task 2d96a6c3-edc5-4322-be8d-4c1321fe0da9 | ITER: 72 START
2019-07-05 08:57:49.844 21811 INFO rally.task.runner [-] Task 2d96a6c3-edc5-4322-be8d-4c1321fe0da9 | ITER: 50 END: OK
2019-07-05 08:57:49.848 21811 INFO rally.task.runner [-] Task 2d96a6c3-edc5-4322-be8d-4c1321fe0da9 | ITER: 73 START
2019-07-05 08:57:49.879 21818 INFO rally.task.runner [-] Task 2d96a6c3-edc5-4322-be8d-4c1321fe0da9 | ITER: 53 END: OK
2019-07-05 08:57:49.883 21818 INFO rally.task.runner [-] Task 2d96a6c3-edc5-4322-be8d-4c1321fe0da9 | ITER: 74 START
2019-07-05 08:57:49.980 21822 INFO rally.task.runner [-] Task 2d96a6c3-edc5-4322-be8d-4c1321fe0da9 | ITER: 56 END: OK
2019-07-05 08:57:49.984 21822 INFO rally.task.runner [-] Task 2d96a6c3-edc5-4322-be8d-4c1321fe0da9 | ITER: 75 START
2019-07-05 08:57:50.017 21787 INFO rally.task.runner [-] Task 2d96a6c3-edc5-4322-be8d-4c1321fe0da9 | ITER: 51 END: OK
2019-07-05 08:57:50.021 21787 INFO rally.task.runner [-] Task 2d96a6c3-edc5-4322-be8d-4c1321fe0da9 | ITER: 76 START
2019-07-05 08:57:50.176 21789 INFO rally.task.runner [-] Task 2d96a6c3-edc5-4322-be8d-4c1321fe0da9 | ITER: 69 END: OK
2019-07-05 08:57:50.180 21789 INFO rally.task.runner [-] Task 2d96a6c3-edc5-4322-be8d-4c1321fe0da9 | ITER: 77 START
2019-07-05 08:57:50.224 21805 INFO rally.task.runner [-] Task 2d96a6c3-edc5-4322-be8d-4c1321fe0da9 | ITER: 58 END: OK
2019-07-05 08:57:50.228 21805 INFO rally.task.runner [-] Task 2d96a6c3-edc5-4322-be8d-4c1321fe0da9 | ITER: 78 START
2019-07-05 08:57:50.279 21831 INFO rally.task.runner [-] Task 2d96a6c3-edc5-4322-be8d-4c1321fe0da9 | ITER: 55 END: OK
2019-07-05 08:57:50.282 21831 INFO rally.task.runner [-] Task 2d96a6c3-edc5-4322-be8d-4c1321fe0da9 | ITER: 79 START
2019-07-05 08:57:50.364 21812 INFO rally.task.runner [-] Task 2d96a6c3-edc5-4322-be8d-4c1321fe0da9 | ITER: 61 END: OK
2019-07-05 08:57:50.367 21812 INFO rally.task.runner [-] Task 2d96a6c3-edc5-4322-be8d-4c1321fe0da9 | ITER: 80 START
2019-07-05 08:57:50.562 21787 INFO rally.task.runner [-] Task 2d96a6c3-edc5-4322-be8d-4c1321fe0da9 | ITER: 62 END: OK
2019-07-05 08:57:50.565 21787 INFO rally.task.runner [-] Task 2d96a6c3-edc5-4322-be8d-4c1321fe0da9 | ITER: 81 START
2019-07-05 08:57:50.788 21788 INFO rally.task.runner [-] Task 2d96a6c3-edc5-4322-be8d-4c1321fe0da9 | ITER: 63 END: OK
2019-07-05 08:57:50.791 21788 INFO rally.task.runner [-] Task 2d96a6c3-edc5-4322-be8d-4c1321fe0da9 | ITER: 82 START
2019-07-05 08:57:50.820 21799 INFO rally.task.runner [-] Task 2d96a6c3-edc5-4322-be8d-4c1321fe0da9 | ITER: 57 END: OK
2019-07-05 08:57:50.824 21799 INFO rally.task.runner [-] Task 2d96a6c3-edc5-4322-be8d-4c1321fe0da9 | ITER: 83 START
2019-07-05 08:57:51.054 21829 INFO rally.task.runner [-] Task 2d96a6c3-edc5-4322-be8d-4c1321fe0da9 | ITER: 67 END: OK
2019-07-05 08:57:51.058 21829 INFO rally.task.runner [-] Task 2d96a6c3-edc5-4322-be8d-4c1321fe0da9 | ITER: 84 START
2019-07-05 08:57:51.082 21820 INFO rally.task.runner [-] Task 2d96a6c3-edc5-4322-be8d-4c1321fe0da9 | ITER: 64 END: OK
2019-07-05 08:57:51.086 21820 INFO rally.task.runner [-] Task 2d96a6c3-edc5-4322-be8d-4c1321fe0da9 | ITER: 85 START
2019-07-05 08:57:51.113 21786 INFO rally.task.runner [-] Task 2d96a6c3-edc5-4322-be8d-4c1321fe0da9 | ITER: 65 END: OK
2019-07-05 08:57:51.116 21786 INFO rally.task.runner [-] Task 2d96a6c3-edc5-4322-be8d-4c1321fe0da9 | ITER: 86 START
2019-07-05 08:57:51.191 21788 INFO rally.task.runner [-] Task 2d96a6c3-edc5-4322-be8d-4c1321fe0da9 | ITER: 68 END: OK
2019-07-05 08:57:51.194 21788 INFO rally.task.runner [-] Task 2d96a6c3-edc5-4322-be8d-4c1321fe0da9 | ITER: 87 START
2019-07-05 08:57:51.336 21792 INFO rally.task.runner [-] Task 2d96a6c3-edc5-4322-be8d-4c1321fe0da9 | ITER: 66 END: OK
2019-07-05 08:57:51.340 21792 INFO rally.task.runner [-] Task 2d96a6c3-edc5-4322-be8d-4c1321fe0da9 | ITER: 88 START
2019-07-05 08:57:51.342 21795 INFO rally.task.runner [-] Task 2d96a6c3-edc5-4322-be8d-4c1321fe0da9 | ITER: 60 END: OK
2019-07-05 08:57:51.346 21795 INFO rally.task.runner [-] Task 2d96a6c3-edc5-4322-be8d-4c1321fe0da9 | ITER: 89 START
2019-07-05 08:57:51.556 21789 INFO rally.task.runner [-] Task 2d96a6c3-edc5-4322-be8d-4c1321fe0da9 | ITER: 71 END: OK
2019-07-05 08:57:51.559 21789 INFO rally.task.runner [-] Task 2d96a6c3-edc5-4322-be8d-4c1321fe0da9 | ITER: 90 START
2019-07-05 08:57:51.678 21811 INFO rally.task.runner [-] Task 2d96a6c3-edc5-4322-be8d-4c1321fe0da9 | ITER: 73 END: OK
2019-07-05 08:57:51.681 21811 INFO rally.task.runner [-] Task 2d96a6c3-edc5-4322-be8d-4c1321fe0da9 | ITER: 91 START
2019-07-05 08:57:51.790 21818 INFO rally.task.runner [-] Task 2d96a6c3-edc5-4322-be8d-4c1321fe0da9 | ITER: 74 END: OK
2019-07-05 08:57:51.794 21818 INFO rally.task.runner [-] Task 2d96a6c3-edc5-4322-be8d-4c1321fe0da9 | ITER: 92 START
2019-07-05 08:57:51.809 21786 INFO rally.task.runner [-] Task 2d96a6c3-edc5-4322-be8d-4c1321fe0da9 | ITER: 72 END: OK
2019-07-05 08:57:51.812 21786 INFO rally.task.runner [-] Task 2d96a6c3-edc5-4322-be8d-4c1321fe0da9 | ITER: 93 START
2019-07-05 08:57:52.081 21787 INFO rally.task.runner [-] Task 2d96a6c3-edc5-4322-be8d-4c1321fe0da9 | ITER: 76 END: OK
2019-07-05 08:57:52.085 21787 INFO rally.task.runner [-] Task 2d96a6c3-edc5-4322-be8d-4c1321fe0da9 | ITER: 94 START
2019-07-05 08:57:52.205 21805 INFO rally.task.runner [-] Task 2d96a6c3-edc5-4322-be8d-4c1321fe0da9 | ITER: 78 END: OK
2019-07-05 08:57:52.209 21805 INFO rally.task.runner [-] Task 2d96a6c3-edc5-4322-be8d-4c1321fe0da9 | ITER: 95 START
2019-07-05 08:57:52.452 21789 INFO rally.task.runner [-] Task 2d96a6c3-edc5-4322-be8d-4c1321fe0da9 | ITER: 77 END: OK
2019-07-05 08:57:52.456 21789 INFO rally.task.runner [-] Task 2d96a6c3-edc5-4322-be8d-4c1321fe0da9 | ITER: 96 START
2019-07-05 08:57:52.473 21822 INFO rally.task.runner [-] Task 2d96a6c3-edc5-4322-be8d-4c1321fe0da9 | ITER: 75 END: OK
2019-07-05 08:57:52.476 21822 INFO rally.task.runner [-] Task 2d96a6c3-edc5-4322-be8d-4c1321fe0da9 | ITER: 97 START
2019-07-05 08:57:52.600 21792 INFO rally.task.runner [-] Task 2d96a6c3-edc5-4322-be8d-4c1321fe0da9 | ITER: 88 END: OK
2019-07-05 08:57:52.604 21792 INFO rally.task.runner [-] Task 2d96a6c3-edc5-4322-be8d-4c1321fe0da9 | ITER: 98 START
2019-07-05 08:57:53.002 21812 INFO rally.task.runner [-] Task 2d96a6c3-edc5-4322-be8d-4c1321fe0da9 | ITER: 80 END: OK
2019-07-05 08:57:53.006 21812 INFO rally.task.runner [-] Task 2d96a6c3-edc5-4322-be8d-4c1321fe0da9 | ITER: 99 START
2019-07-05 08:57:53.059 21787 INFO rally.task.runner [-] Task 2d96a6c3-edc5-4322-be8d-4c1321fe0da9 | ITER: 81 END: OK
2019-07-05 08:57:53.063 21787 INFO rally.task.runner [-] Task 2d96a6c3-edc5-4322-be8d-4c1321fe0da9 | ITER: 100 START
2019-07-05 08:57:53.146 21825 INFO rally.task.runner [-] Task 2d96a6c3-edc5-4322-be8d-4c1321fe0da9 | ITER: 70 END: OK
2019-07-05 08:57:53.409 21788 INFO rally.task.runner [-] Task 2d96a6c3-edc5-4322-be8d-4c1321fe0da9 | ITER: 82 END: OK
2019-07-05 08:57:53.409 21831 INFO rally.task.runner [-] Task 2d96a6c3-edc5-4322-be8d-4c1321fe0da9 | ITER: 79 END: OK
2019-07-05 08:57:53.502 21788 INFO rally.task.runner [-] Task 2d96a6c3-edc5-4322-be8d-4c1321fe0da9 | ITER: 87 END: OK
2019-07-05 08:57:53.589 21829 INFO rally.task.runner [-] Task 2d96a6c3-edc5-4322-be8d-4c1321fe0da9 | ITER: 84 END: OK
2019-07-05 08:57:53.792 21818 INFO rally.task.runner [-] Task 2d96a6c3-edc5-4322-be8d-4c1321fe0da9 | ITER: 92 END: OK
2019-07-05 08:57:53.975 21789 INFO rally.task.runner [-] Task 2d96a6c3-edc5-4322-be8d-4c1321fe0da9 | ITER: 90 END: OK
2019-07-05 08:57:53.996 21787 INFO rally.task.runner [-] Task 2d96a6c3-edc5-4322-be8d-4c1321fe0da9 | ITER: 94 END: OK
2019-07-05 08:57:54.013 21786 INFO rally.task.runner [-] Task 2d96a6c3-edc5-4322-be8d-4c1321fe0da9 | ITER: 93 END: OK
2019-07-05 08:57:54.080 21786 INFO rally.task.runner [-] Task 2d96a6c3-edc5-4322-be8d-4c1321fe0da9 | ITER: 86 END: OK
2019-07-05 08:57:54.092 21799 INFO rally.task.runner [-] Task 2d96a6c3-edc5-4322-be8d-4c1321fe0da9 | ITER: 83 END: OK
2019-07-05 08:57:54.110 21811 INFO rally.task.runner [-] Task 2d96a6c3-edc5-4322-be8d-4c1321fe0da9 | ITER: 91 END: OK
2019-07-05 08:57:54.113 21820 INFO rally.task.runner [-] Task 2d96a6c3-edc5-4322-be8d-4c1321fe0da9 | ITER: 85 END: OK
2019-07-05 08:57:54.196 21805 INFO rally.task.runner [-] Task 2d96a6c3-edc5-4322-be8d-4c1321fe0da9 | ITER: 95 END: OK
2019-07-05 08:57:54.229 21789 INFO rally.task.runner [-] Task 2d96a6c3-edc5-4322-be8d-4c1321fe0da9 | ITER: 96 END: OK
2019-07-05 08:57:54.369 21822 INFO rally.task.runner [-] Task 2d96a6c3-edc5-4322-be8d-4c1321fe0da9 | ITER: 97 END: OK
2019-07-05 08:57:54.578 21792 INFO rally.task.runner [-] Task 2d96a6c3-edc5-4322-be8d-4c1321fe0da9 | ITER: 98 END: OK
2019-07-05 08:57:54.605 21795 INFO rally.task.runner [-] Task 2d96a6c3-edc5-4322-be8d-4c1321fe0da9 | ITER: 89 END: OK
2019-07-05 08:57:54.735 21812 INFO rally.task.runner [-] Task 2d96a6c3-edc5-4322-be8d-4c1321fe0da9 | ITER: 99 END: OK
2019-07-05 08:57:54.780 21787 INFO rally.task.runner [-] Task 2d96a6c3-edc5-4322-be8d-4c1321fe0da9 | ITER: 100 END: OK
2019-07-05 08:57:54.806 21662 INFO rally.task.context [-] Task 2d96a6c3-edc5-4322-be8d-4c1321fe0da9 | Context cleanup@openstack cleanup() started
2019-07-05 08:57:54.809 21662 RALLYDEBUG rally_openstack.cleanup.manager [-] Cleaning up neutron vip objects
2019-07-05 08:57:55.195 21662 RALLYDEBUG rally_openstack.cleanup.manager [-] Cleaning up neutron health_monitor objects
2019-07-05 08:57:55.597 21662 RALLYDEBUG rally_openstack.cleanup.manager [-] Cleaning up neutron pool objects
2019-07-05 08:57:55.996 21662 RALLYDEBUG rally_openstack.cleanup.manager [-] Cleaning up neutron loadbalancer objects
2019-07-05 08:57:56.396 21662 RALLYDEBUG rally_openstack.cleanup.manager [-] Cleaning up neutron floatingip objects
2019-07-05 08:57:56.841 21662 RALLYDEBUG rally_openstack.cleanup.manager [-] Cleaning up neutron port objects
2019-07-05 08:57:57.285 21662 RALLYDEBUG rally_openstack.cleanup.manager [-] Cleaning up neutron subnet objects
2019-07-05 08:57:57.705 21662 RALLYDEBUG rally_openstack.cleanup.manager [-] Cleaning up neutron network objects
2019-07-05 08:57:58.424 21662 RALLYDEBUG rally_openstack.cleanup.manager [-] Deleting neutron.network object s_rally_02a48a2d_1gVIJoPP (1b55bd8a-2d73-4e01-bab2-ff376ca45a43)
2019-07-05 08:57:58.427 21662 RALLYDEBUG rally_openstack.cleanup.manager [-] Deleting neutron.network object s_rally_02a48a2d_hr1tgsCE (07a61958-e9ac-4ad9-bdd8-dcdf8c841490)
2019-07-05 08:57:58.431 21662 RALLYDEBUG rally_openstack.cleanup.manager [-] Deleting neutron.network object s_rally_02a48a2d_W81hv6Ed (31061ce4-c38b-45e3-8c7d-12f08ab8ef41)
2019-07-05 08:57:58.434 21662 RALLYDEBUG rally_openstack.cleanup.manager [-] Deleting neutron.network object s_rally_02a48a2d_QulUQPQH (3ce1ee60-fc51-4473-91eb-5197ed3235f2)
2019-07-05 08:57:58.440 21662 RALLYDEBUG rally_openstack.cleanup.manager [-] Deleting neutron.network object s_rally_02a48a2d_XgzGjKfQ (155e5f50-c5d7-46f7-98f1-8d80e33c8961)
2019-07-05 08:57:58.448 21662 RALLYDEBUG rally_openstack.cleanup.manager [-] Deleting neutron.network object s_rally_02a48a2d_xkU82fgv (0fdfc0b9-dea7-4db2-bbe6-243907321d19)
2019-07-05 08:57:58.450 21662 RALLYDEBUG rally_openstack.cleanup.manager [-] Deleting neutron.network object s_rally_02a48a2d_ANFUBJcB (1fe8513d-43ec-4871-ad35-7cb8e3b100be)
2019-07-05 08:57:58.459 21662 RALLYDEBUG rally_openstack.cleanup.manager [-] Deleting neutron.network object s_rally_02a48a2d_X9X94VdQ (21b324a5-d35e-4918-9e08-0ecc50c57b44)
2019-07-05 08:57:58.463 21662 RALLYDEBUG rally_openstack.cleanup.manager [-] Deleting neutron.network object s_rally_02a48a2d_zxoxJC0l (1a1ef2b4-790d-4969-81ca-7977e8835d71)
2019-07-05 08:57:58.464 21662 RALLYDEBUG rally_openstack.cleanup.manager [-] Deleting neutron.network object s_rally_02a48a2d_yikZtuFq (1a118a8f-04b5-463d-859d-408d0ea0c928)
2019-07-05 08:57:58.469 21662 RALLYDEBUG rally_openstack.cleanup.manager [-] Deleting neutron.network object s_rally_02a48a2d_8AzQBfHL (1f95ff12-abff-4a00-b930-5313b48748b5)
2019-07-05 08:57:58.470 21662 RALLYDEBUG rally_openstack.cleanup.manager [-] Deleting neutron.network object s_rally_02a48a2d_T0DTXoh7 (3924b43b-f445-4f9d-beff-b2342d1a516b)
2019-07-05 08:57:58.474 21662 RALLYDEBUG rally_openstack.cleanup.manager [-] Deleting neutron.network object s_rally_02a48a2d_hxSXNrN7 (3f0fc5f4-498d-4c04-8eac-ea4be73a706a)
2019-07-05 08:57:58.478 21662 RALLYDEBUG rally_openstack.cleanup.manager [-] Deleting neutron.network object s_rally_02a48a2d_3nex4VGU (24cac9b5-0fd4-46dc-9550-3e7896d79152)
2019-07-05 08:57:58.480 21662 RALLYDEBUG rally_openstack.cleanup.manager [-] Deleting neutron.network object s_rally_02a48a2d_QIJS3CPF (01fb1f70-049d-4fed-b2c3-893979d196ba)
2019-07-05 08:57:58.487 21662 RALLYDEBUG rally_openstack.cleanup.manager [-] Deleting neutron.network object s_rally_02a48a2d_UNiZI4EN (0dff1bdb-f90e-4ff3-9665-6c99be138d33)
2019-07-05 08:57:58.502 21662 RALLYDEBUG rally_openstack.cleanup.manager [-] Deleting neutron.network object s_rally_02a48a2d_6iGzL1i3 (1c7ff71d-2722-4aef-890a-3ed0fce08caf)
2019-07-05 08:57:58.527 21662 RALLYDEBUG rally_openstack.cleanup.manager [-] Deleting neutron.network object s_rally_02a48a2d_5VvLfJIP (20039183-feb4-4e66-9559-93dca128656b)
2019-07-05 08:57:58.526 21662 RALLYDEBUG rally_openstack.cleanup.manager [-] Deleting neutron.network object s_rally_02a48a2d_9ow63STq (1bce50eb-0377-46e0-91c1-93d6b9336f7a)
2019-07-05 08:57:58.531 21662 RALLYDEBUG rally_openstack.cleanup.manager [-] Deleting neutron.network object s_rally_02a48a2d_dd7lza6D (3f45573b-09ec-4596-a4eb-351b1c4d6d9e)
2019-07-05 08:58:00.793 21662 RALLYDEBUG rally_openstack.cleanup.manager [-] Deleting neutron.network object s_rally_02a48a2d_n0RTPv17 (407348fd-abe4-4452-8c18-e11471963126)
2019-07-05 08:58:00.814 21662 RALLYDEBUG rally_openstack.cleanup.manager [-] Deleting neutron.network object s_rally_02a48a2d_BHpycpgz (4422dbd3-39b1-4fd8-b658-1f5c82fe7b0f)
2019-07-05 08:58:01.150 21662 RALLYDEBUG rally_openstack.cleanup.manager [-] Deleting neutron.network object s_rally_02a48a2d_1FdO8i97 (4e4ee69b-d2e0-4732-b69f-8eddc5f8b123)
2019-07-05 08:58:01.237 21662 RALLYDEBUG rally_openstack.cleanup.manager [-] Deleting neutron.network object s_rally_02a48a2d_ZBO7GeBl (513be161-de99-4fbe-bd1a-f3b9c3f817a1)
2019-07-05 08:58:01.282 21662 RALLYDEBUG rally_openstack.cleanup.manager [-] Deleting neutron.network object s_rally_02a48a2d_MdzZAax0 (5186547a-a195-49b9-a1a9-0f020c405654)
2019-07-05 08:58:01.376 21662 RALLYDEBUG rally_openstack.cleanup.manager [-] Deleting neutron.network object s_rally_02a48a2d_ilBPyuoy (52f9f9df-21e8-4af8-bc60-55c3ba51bd59)
2019-07-05 08:58:01.536 21662 RALLYDEBUG rally_openstack.cleanup.manager [-] Deleting neutron.network object s_rally_02a48a2d_FX07DBnj (5343612e-b458-494c-b708-40791fc4ce49)
2019-07-05 08:58:01.614 21662 RALLYDEBUG rally_openstack.cleanup.manager [-] Deleting neutron.network object s_rally_02a48a2d_kHZPnkXP (577f1be2-4458-42ea-8090-024ac62225fc)
2019-07-05 08:58:01.628 21662 RALLYDEBUG rally_openstack.cleanup.manager [-] Deleting neutron.network object s_rally_02a48a2d_POo6zAe4 (5d4949b1-4269-4044-951d-6f22313c11ce)
2019-07-05 08:58:01.701 21662 RALLYDEBUG rally_openstack.cleanup.manager [-] Deleting neutron.network object s_rally_02a48a2d_aANmh0xZ (5de03c13-8482-4add-a813-53fdcd59a605)
2019-07-05 08:58:01.730 21662 RALLYDEBUG rally_openstack.cleanup.manager [-] Deleting neutron.network object s_rally_02a48a2d_gHhyCCz0 (5f0de22f-d4a1-4c36-8f4e-7adfb30326c6)
2019-07-05 08:58:01.731 21662 RALLYDEBUG rally_openstack.cleanup.manager [-] Deleting neutron.network object s_rally_02a48a2d_M3GJTZyr (5e4ac4c4-3a5c-47e1-b996-7b7046374069)
2019-07-05 08:58:01.917 21662 RALLYDEBUG rally_openstack.cleanup.manager [-] Deleting neutron.network object s_rally_02a48a2d_08QauGew (5f6fa1bb-f0e0-4b45-8b1a-b0a2f63d7350)
2019-07-05 08:58:01.927 21662 RALLYDEBUG rally_openstack.cleanup.manager [-] Deleting neutron.network object s_rally_02a48a2d_z85HyJwy (5f8d7435-6482-49a1-bc90-cf13c1c8c111)
2019-07-05 08:58:01.985 21662 RALLYDEBUG rally_openstack.cleanup.manager [-] Deleting neutron.network object s_rally_02a48a2d_OjToGw1j (60cbae35-a11a-4539-8b73-ef1c35e2c01a)
2019-07-05 08:58:01.985 21662 RALLYDEBUG rally_openstack.cleanup.manager [-] Deleting neutron.network object s_rally_02a48a2d_D4SXiczw (60362d5e-f8e5-483c-acb6-c348cac247d6)
2019-07-05 08:58:02.048 21662 RALLYDEBUG rally_openstack.cleanup.manager [-] Deleting neutron.network object s_rally_02a48a2d_lQbtSZYR (63943df8-7545-4740-b89a-347afc6b4657)
2019-07-05 08:58:02.081 21662 RALLYDEBUG rally_openstack.cleanup.manager [-] Deleting neutron.network object s_rally_02a48a2d_xpiMDBZQ (6e74f4be-d3ba-4ab7-a985-ee1557f57733)
2019-07-05 08:58:02.126 21662 RALLYDEBUG rally_openstack.cleanup.manager [-] Deleting neutron.network object s_rally_02a48a2d_tYrjoNQ4 (70fc7b27-96b9-4eb3-9eb7-b74dc2e4a85e)
2019-07-05 08:58:02.409 21662 RALLYDEBUG rally_openstack.cleanup.manager [-] Deleting neutron.network object s_rally_02a48a2d_Herghj1n (7621e91c-8cba-48b0-8ea6-7089c75f09aa)
2019-07-05 08:58:02.755 21662 RALLYDEBUG rally_openstack.cleanup.manager [-] Deleting neutron.network object s_rally_02a48a2d_IfQfSjXu (7ac6e154-7033-4273-bec3-b2ff38ea42c0)
2019-07-05 08:58:03.054 21662 RALLYDEBUG rally_openstack.cleanup.manager [-] Deleting neutron.network object s_rally_02a48a2d_SucOcC63 (7b0e0bc8-bc9e-464f-a30c-19ef63c9b8f4)
2019-07-05 08:58:03.211 21662 RALLYDEBUG rally_openstack.cleanup.manager [-] Deleting neutron.network object s_rally_02a48a2d_v2wClXBr (7b437297-5c60-41e8-8f65-b4f5737ccc70)
2019-07-05 08:58:03.254 21662 RALLYDEBUG rally_openstack.cleanup.manager [-] Deleting neutron.network object s_rally_02a48a2d_md9dh90p (7d47bdf0-6ac1-4f46-a9b1-969ad7690de1)
2019-07-05 08:58:03.691 21662 RALLYDEBUG rally_openstack.cleanup.manager [-] Deleting neutron.network object s_rally_02a48a2d_oZzxgPvh (7d85413f-fa38-485c-a217-a9a486712af3)
2019-07-05 08:58:03.828 21662 RALLYDEBUG rally_openstack.cleanup.manager [-] Deleting neutron.network object s_rally_02a48a2d_NaEfAbMs (7db5a8f8-3f89-463a-ac82-06721fe545ed)
2019-07-05 08:58:04.044 21662 RALLYDEBUG rally_openstack.cleanup.manager [-] Deleting neutron.network object s_rally_02a48a2d_VBdf1FrO (7e979604-8c98-4ced-92cf-442bd8b9fd1c)
2019-07-05 08:58:04.059 21662 RALLYDEBUG rally_openstack.cleanup.manager [-] Deleting neutron.network object s_rally_02a48a2d_E7Cxa7k4 (800748b3-9a2d-454b-af31-40b5512639ec)
2019-07-05 08:58:04.105 21662 RALLYDEBUG rally_openstack.cleanup.manager [-] Deleting neutron.network object s_rally_02a48a2d_6nekCmdM (809b3af1-40eb-4302-9493-ce6b2441b1d4)
2019-07-05 08:58:04.142 21662 RALLYDEBUG rally_openstack.cleanup.manager [-] Deleting neutron.network object s_rally_02a48a2d_UYEjJQ8L (81547fdd-4b0b-4e42-9f42-84ee6d4debea)
2019-07-05 08:58:04.368 21662 RALLYDEBUG rally_openstack.cleanup.manager [-] Deleting neutron.network object s_rally_02a48a2d_OquvZI71 (81ae45df-fb95-4039-9ebc-6e3fa3a67ba6)
2019-07-05 08:58:04.420 21662 RALLYDEBUG rally_openstack.cleanup.manager [-] Deleting neutron.network object s_rally_02a48a2d_lYInaDYs (8845341c-7493-42d0-9d21-6d3d1a5d059a)
2019-07-05 08:58:04.624 21662 RALLYDEBUG rally_openstack.cleanup.manager [-] Deleting neutron.network object s_rally_02a48a2d_XdKtsIr5 (8de44bab-e4f0-4328-98d8-96d375cd3475)
2019-07-05 08:58:04.638 21662 RALLYDEBUG rally_openstack.cleanup.manager [-] Deleting neutron.network object s_rally_02a48a2d_tg9wtXHJ (8eb904f5-fae3-4c45-9dcd-006de8b78d46)
2019-07-05 08:58:04.784 21662 RALLYDEBUG rally_openstack.cleanup.manager [-] Deleting neutron.network object s_rally_02a48a2d_opgkU0wX (90f9ae6e-2962-4d32-9939-6ee0503ba1f7)
2019-07-05 08:58:04.839 21662 RALLYDEBUG rally_openstack.cleanup.manager [-] Deleting neutron.network object s_rally_02a48a2d_STRgO0Fk (987f7dbe-d16f-4f37-be3b-6cb020763683)
2019-07-05 08:58:04.905 21662 RALLYDEBUG rally_openstack.cleanup.manager [-] Deleting neutron.network object s_rally_02a48a2d_56RdfGgV (99f16170-32d0-45f1-b6d5-2a9ea5dc817f)
2019-07-05 08:58:05.093 21662 RALLYDEBUG rally_openstack.cleanup.manager [-] Deleting neutron.network object s_rally_02a48a2d_8Pj7bLJc (9d3e16ef-0bc4-4959-8f3a-6dd1c8d3b2af)
2019-07-05 08:58:05.109 21662 RALLYDEBUG rally_openstack.cleanup.manager [-] Deleting neutron.network object s_rally_02a48a2d_ejaBAWX4 (a0ca3c99-0565-4c1f-b746-f0216a11d7cd)
2019-07-05 08:58:05.249 21662 RALLYDEBUG rally_openstack.cleanup.manager [-] Deleting neutron.network object s_rally_02a48a2d_MM41l5sF (a0d6d5cf-1b2c-4433-83a9-228acd87e031)
2019-07-05 08:58:05.272 21662 RALLYDEBUG rally_openstack.cleanup.manager [-] Deleting neutron.network object s_rally_02a48a2d_xFhv9a95 (a29c8fbf-09c1-4619-a433-66f1ef8854dc)
2019-07-05 08:58:05.545 21662 RALLYDEBUG rally_openstack.cleanup.manager [-] Deleting neutron.network object s_rally_02a48a2d_WrsYIh0k (a2be7d47-fb73-4dfd-ad4c-69e03554e86a)
2019-07-05 08:58:05.678 21662 RALLYDEBUG rally_openstack.cleanup.manager [-] Deleting neutron.network object s_rally_02a48a2d_Lt1nVbUU (a7a041be-0ae0-413e-81dd-9ae4919691fb)
2019-07-05 08:58:05.747 21662 RALLYDEBUG rally_openstack.cleanup.manager [-] Deleting neutron.network object s_rally_02a48a2d_qEnpSa6s (ab17f3df-8153-474a-a696-59d4122021c2)
2019-07-05 08:58:06.085 21662 RALLYDEBUG rally_openstack.cleanup.manager [-] Deleting neutron.network object s_rally_02a48a2d_SxtA4BqD (abee8c68-b4b4-493b-97fc-4127bae9a757)
2019-07-05 08:58:06.222 21662 RALLYDEBUG rally_openstack.cleanup.manager [-] Deleting neutron.network object s_rally_02a48a2d_FbYw1Bp3 (ac77eb02-7118-4765-bea2-8f07f6d4e300)
2019-07-05 08:58:06.265 21662 RALLYDEBUG rally_openstack.cleanup.manager [-] Deleting neutron.network object s_rally_02a48a2d_msIlqA0H (aceb27cb-9611-48f0-870e-d73161895a0a)
2019-07-05 08:58:06.266 21662 RALLYDEBUG rally_openstack.cleanup.manager [-] Deleting neutron.network object s_rally_02a48a2d_gfQ2kSOx (b02fdecf-8cc7-4433-83d8-197150d36e7a)
2019-07-05 08:58:06.290 21662 RALLYDEBUG rally_openstack.cleanup.manager [-] Deleting neutron.network object s_rally_02a48a2d_FWTQzJMU (b13c662d-428a-480f-af4a-8ccaea084d86)
2019-07-05 08:58:06.524 21662 RALLYDEBUG rally_openstack.cleanup.manager [-] Deleting neutron.network object s_rally_02a48a2d_WwvjVimG (b479a806-da29-4ba8-82f2-1e5d33d893bf)
2019-07-05 08:58:06.630 21662 RALLYDEBUG rally_openstack.cleanup.manager [-] Deleting neutron.network object s_rally_02a48a2d_iRjaQeVq (b60ea108-e296-4e59-ab4c-dfb3c556c135)
2019-07-05 08:58:06.690 21662 RALLYDEBUG rally_openstack.cleanup.manager [-] Deleting neutron.network object s_rally_02a48a2d_9ZiViON7 (b99248a4-b028-414f-9d5b-44ea79851d4a)
2019-07-05 08:58:07.363 21662 RALLYDEBUG rally_openstack.cleanup.manager [-] Deleting neutron.network object s_rally_02a48a2d_1oeqjTna (be08c0ee-5564-44e5-852c-632d2557abe4)
2019-07-05 08:58:07.400 21662 RALLYDEBUG rally_openstack.cleanup.manager [-] Deleting neutron.network object s_rally_02a48a2d_RULk3aIG (be15bcbe-acf2-4824-8492-aa119090fec2)
2019-07-05 08:58:07.420 21662 RALLYDEBUG rally_openstack.cleanup.manager [-] Deleting neutron.network object s_rally_02a48a2d_jrS78MVh (bf04aab4-f6bf-412b-b25f-9b061d131b13)
2019-07-05 08:58:07.454 21662 RALLYDEBUG rally_openstack.cleanup.manager [-] Deleting neutron.network object s_rally_02a48a2d_Kf4gaDn9 (bf7795b9-26df-49bf-af25-75c5a6047a6d)
2019-07-05 08:58:07.561 21662 RALLYDEBUG rally_openstack.cleanup.manager [-] Deleting neutron.network object s_rally_02a48a2d_cetFvwTA (c130035f-58b5-4d42-954d-af7bf3d66213)
2019-07-05 08:58:07.576 21662 RALLYDEBUG rally_openstack.cleanup.manager [-] Deleting neutron.network object s_rally_02a48a2d_9Cm9CvDr (c1e1e767-3817-41eb-b8b7-bcb6eeddac98)
2019-07-05 08:58:07.657 21662 RALLYDEBUG rally_openstack.cleanup.manager [-] Deleting neutron.network object s_rally_02a48a2d_3NFVpNNj (c6ffc8a4-ce50-4de6-8e35-ba55a4d52cd3)
2019-07-05 08:58:07.758 21662 RALLYDEBUG rally_openstack.cleanup.manager [-] Deleting neutron.network object s_rally_02a48a2d_g9shrQOC (c827bfb1-37fc-4981-ab60-24808a79d5a2)
2019-07-05 08:58:08.012 21662 RALLYDEBUG rally_openstack.cleanup.manager [-] Deleting neutron.network object s_rally_02a48a2d_bskPAuwX (c9aac571-a61f-4ca9-b97c-048c5c5b73db)
2019-07-05 08:58:08.177 21662 RALLYDEBUG rally_openstack.cleanup.manager [-] Deleting neutron.network object s_rally_02a48a2d_qzFk3MPJ (c9d8a692-b22a-485b-b015-908c213bd17d)
2019-07-05 08:58:08.371 21662 RALLYDEBUG rally_openstack.cleanup.manager [-] Deleting neutron.network object s_rally_02a48a2d_WoCgO6jM (d00e9e11-0822-43ed-907a-d3a48ae95039)
2019-07-05 08:58:08.598 21662 RALLYDEBUG rally_openstack.cleanup.manager [-] Deleting neutron.network object s_rally_02a48a2d_4JsNLkAe (d22d44f1-efa8-423c-9acb-3c1ee32b9e44)
2019-07-05 08:58:08.599 21662 RALLYDEBUG rally_openstack.cleanup.manager [-] Deleting neutron.network object s_rally_02a48a2d_emWYKQfM (d2b71d67-1376-449e-865a-c93b7400a7e2)
2019-07-05 08:58:08.676 21662 RALLYDEBUG rally_openstack.cleanup.manager [-] Deleting neutron.network object s_rally_02a48a2d_v9ZTb5TJ (d2c9a78c-2958-4d25-ab6b-ef196ec217d0)
2019-07-05 08:58:08.711 21662 RALLYDEBUG rally_openstack.cleanup.manager [-] Deleting neutron.network object s_rally_02a48a2d_MnltZbfV (d48f7bcc-3039-41c1-8589-89b018f236f5)
2019-07-05 08:58:08.782 21662 RALLYDEBUG rally_openstack.cleanup.manager [-] Deleting neutron.network object s_rally_02a48a2d_TYJGx4IJ (d53cea53-8a95-4f59-a4bb-487eb7efcd8e)
2019-07-05 08:58:09.022 21662 RALLYDEBUG rally_openstack.cleanup.manager [-] Deleting neutron.network object s_rally_02a48a2d_hEmeLB9b (d659c510-e6f3-4a6d-9c32-f60993ad9659)
2019-07-05 08:58:09.189 21662 RALLYDEBUG rally_openstack.cleanup.manager [-] Deleting neutron.network object s_rally_02a48a2d_4Nt8vAhj (e4e02002-19de-419d-8665-42895273f224)
2019-07-05 08:58:09.208 21662 RALLYDEBUG rally_openstack.cleanup.manager [-] Deleting neutron.network object s_rally_02a48a2d_oi4RY4UF (e52f7276-0237-415b-b725-4e175bf82124)
2019-07-05 08:58:09.382 21662 RALLYDEBUG rally_openstack.cleanup.manager [-] Deleting neutron.network object s_rally_02a48a2d_LMOkVdcY (e55f3330-a652-441d-8d2e-3831d186e497)
2019-07-05 08:58:09.438 21662 RALLYDEBUG rally_openstack.cleanup.manager [-] Deleting neutron.network object s_rally_02a48a2d_zpfBq934 (e861be98-5d72-4ae5-8aa2-5b32357b6864)
2019-07-05 08:58:09.626 21662 RALLYDEBUG rally_openstack.cleanup.manager [-] Deleting neutron.network object s_rally_02a48a2d_idSOd99j (ec4a1544-1238-418c-8767-b9aeb5ddd624)
2019-07-05 08:58:09.801 21662 RALLYDEBUG rally_openstack.cleanup.manager [-] Deleting neutron.network object s_rally_02a48a2d_RacSMm3J (f146a113-934a-4247-84f1-1bf83d2fe9b0)
2019-07-05 08:58:09.904 21662 RALLYDEBUG rally_openstack.cleanup.manager [-] Deleting neutron.network object s_rally_02a48a2d_bssslQgp (f21774ce-65b5-41a0-a843-7ddd63be38a7)
