2019-07-05 09:11:04.787 25909 INFO rally.task.runner [-] Task 2d96a6c3-edc5-4322-be8d-4c1321fe0da9 | ITER: 2 END: OK
2019-07-05 09:11:04.792 25909 INFO rally.task.runner [-] Task 2d96a6c3-edc5-4322-be8d-4c1321fe0da9 | ITER: 39 START
2019-07-05 09:11:04.792 25909 WARNING rally_openstack.scenarios.neutron.utils [-] Running this scenario without either the 'network' or 'existing_network' context is deprecated
2019-07-05 09:11:06.641 25910 INFO rally.task.runner [-] Task 2d96a6c3-edc5-4322-be8d-4c1321fe0da9 | ITER: 4 END: OK
2019-07-05 09:11:06.645 25910 INFO rally.task.runner [-] Task 2d96a6c3-edc5-4322-be8d-4c1321fe0da9 | ITER: 40 START
2019-07-05 09:11:06.646 25910 WARNING rally_openstack.scenarios.neutron.utils [-] Running this scenario without either the 'network' or 'existing_network' context is deprecated
2019-07-05 09:11:09.658 25908 INFO rally.task.runner [-] Task 2d96a6c3-edc5-4322-be8d-4c1321fe0da9 | ITER: 22 END: OK
2019-07-05 09:11:11.855 25911 INFO rally.task.runner [-] Task 2d96a6c3-edc5-4322-be8d-4c1321fe0da9 | ITER: 23 END: OK
2019-07-05 09:11:11.877 25939 INFO rally.task.runner [-] Task 2d96a6c3-edc5-4322-be8d-4c1321fe0da9 | ITER: 27 END: OK
2019-07-05 09:11:12.020 25917 INFO rally.task.runner [-] Task 2d96a6c3-edc5-4322-be8d-4c1321fe0da9 | ITER: 25 END: OK
2019-07-05 09:11:12.399 25908 INFO rally.task.runner [-] Task 2d96a6c3-edc5-4322-be8d-4c1321fe0da9 | ITER: 21 END: OK
2019-07-05 09:11:12.773 25935 INFO rally.task.runner [-] Task 2d96a6c3-edc5-4322-be8d-4c1321fe0da9 | ITER: 30 END: OK
2019-07-05 09:11:13.031 25943 INFO rally.task.runner [-] Task 2d96a6c3-edc5-4322-be8d-4c1321fe0da9 | ITER: 36 END: OK
2019-07-05 09:11:13.463 25909 INFO rally.task.runner [-] Task 2d96a6c3-edc5-4322-be8d-4c1321fe0da9 | ITER: 24 END: OK
2019-07-05 09:11:13.937 25946 INFO rally.task.runner [-] Task 2d96a6c3-edc5-4322-be8d-4c1321fe0da9 | ITER: 31 END: OK
2019-07-05 09:11:13.954 25926 INFO rally.task.runner [-] Task 2d96a6c3-edc5-4322-be8d-4c1321fe0da9 | ITER: 29 END: OK
2019-07-05 09:11:14.017 25952 INFO rally.task.runner [-] Task 2d96a6c3-edc5-4322-be8d-4c1321fe0da9 | ITER: 33 END: OK
2019-07-05 09:11:14.112 25934 INFO rally.task.runner [-] Task 2d96a6c3-edc5-4322-be8d-4c1321fe0da9 | ITER: 38 END: OK
2019-07-05 09:11:14.174 25955 INFO rally.task.runner [-] Task 2d96a6c3-edc5-4322-be8d-4c1321fe0da9 | ITER: 28 END: OK
2019-07-05 09:11:14.471 25911 INFO rally.task.runner [-] Task 2d96a6c3-edc5-4322-be8d-4c1321fe0da9 | ITER: 32 END: OK
2019-07-05 09:11:14.496 25922 INFO rally.task.runner [-] Task 2d96a6c3-edc5-4322-be8d-4c1321fe0da9 | ITER: 26 END: OK
2019-07-05 09:11:14.779 25909 INFO rally.task.runner [-] Task 2d96a6c3-edc5-4322-be8d-4c1321fe0da9 | ITER: 39 END: OK
2019-07-05 09:11:15.037 25949 INFO rally.task.runner [-] Task 2d96a6c3-edc5-4322-be8d-4c1321fe0da9 | ITER: 37 END: OK
2019-07-05 09:11:15.080 25910 INFO rally.task.runner [-] Task 2d96a6c3-edc5-4322-be8d-4c1321fe0da9 | ITER: 35 END: OK
2019-07-05 09:11:15.175 25929 INFO rally.task.runner [-] Task 2d96a6c3-edc5-4322-be8d-4c1321fe0da9 | ITER: 34 END: OK
2019-07-05 09:11:16.528 25910 INFO rally.task.runner [-] Task 2d96a6c3-edc5-4322-be8d-4c1321fe0da9 | ITER: 40 END: OK
2019-07-05 09:11:16.551 21662 INFO rally.task.context [-] Task 2d96a6c3-edc5-4322-be8d-4c1321fe0da9 | Context cleanup@openstack cleanup() started
2019-07-05 09:11:16.554 21662 RALLYDEBUG rally_openstack.cleanup.manager [-] Cleaning up neutron vip objects
2019-07-05 09:11:16.949 21662 RALLYDEBUG rally_openstack.cleanup.manager [-] Cleaning up neutron health_monitor objects
2019-07-05 09:11:17.339 21662 RALLYDEBUG rally_openstack.cleanup.manager [-] Cleaning up neutron pool objects
2019-07-05 09:11:17.817 21662 RALLYDEBUG rally_openstack.cleanup.manager [-] Cleaning up neutron loadbalancer objects
2019-07-05 09:11:18.211 21662 RALLYDEBUG rally_openstack.cleanup.manager [-] Cleaning up neutron floatingip objects
2019-07-05 09:11:18.640 21662 RALLYDEBUG rally_openstack.cleanup.manager [-] Cleaning up neutron port objects
2019-07-05 09:11:19.076 21662 RALLYDEBUG rally_openstack.cleanup.manager [-] Cleaning up neutron subnet objects
2019-07-05 09:11:19.500 21662 RALLYDEBUG rally_openstack.cleanup.manager [-] Cleaning up neutron network objects
2019-07-05 09:11:20.107 21662 RALLYDEBUG rally_openstack.cleanup.manager [-] Deleting neutron.network object s_rally_24106592_OiD33rMh (0144a6ab-1aa1-46e3-934f-45b0f940768f)
2019-07-05 09:11:20.118 21662 RALLYDEBUG rally_openstack.cleanup.manager [-] Deleting neutron.network object s_rally_24106592_j2XC77rC (38b47bd4-df33-4ad8-8f0d-ed1c45b3f69a)
2019-07-05 09:11:20.127 21662 RALLYDEBUG rally_openstack.cleanup.manager [-] Deleting neutron.network object s_rally_24106592_d8A6NlYY (3cda2ce7-f162-4cd5-b68c-f6e2ee0d1b27)
2019-07-05 09:11:20.135 21662 RALLYDEBUG rally_openstack.cleanup.manager [-] Deleting neutron.network object s_rally_24106592_Bcde43SQ (09e4d407-7fc3-4475-8240-bd6af708a7bb)
2019-07-05 09:11:20.136 21662 RALLYDEBUG rally_openstack.cleanup.manager [-] Deleting neutron.network object s_rally_24106592_wgxBoyOE (1bcfb6a6-b89b-4310-a5d2-b2ba71b567cb)
2019-07-05 09:11:20.138 21662 RALLYDEBUG rally_openstack.cleanup.manager [-] Deleting neutron.network object s_rally_24106592_BEoCNLfA (402dc5ab-5937-460c-84d9-ff2de03a0c83)
2019-07-05 09:11:20.140 21662 RALLYDEBUG rally_openstack.cleanup.manager [-] Deleting neutron.network object s_rally_24106592_g7cW4BfR (3a0cebb4-d941-4b9c-bb2e-d5d2ba4b6996)
2019-07-05 09:11:20.140 21662 RALLYDEBUG rally_openstack.cleanup.manager [-] Deleting neutron.network object s_rally_24106592_NBPrcIZ5 (11e3b4b4-aaa8-4e1f-9080-4628bb6a1e0c)
2019-07-05 09:11:20.142 21662 RALLYDEBUG rally_openstack.cleanup.manager [-] Deleting neutron.network object s_rally_24106592_gDVUJRlK (400ae52e-ffa8-49fb-a7c0-f25a135da261)
2019-07-05 09:11:20.143 21662 RALLYDEBUG rally_openstack.cleanup.manager [-] Deleting neutron.network object s_rally_24106592_SYf8wTCA (54224d10-db00-485f-923e-ebca04f6ab58)
2019-07-05 09:11:20.144 21662 RALLYDEBUG rally_openstack.cleanup.manager [-] Deleting neutron.network object s_rally_24106592_gnFilfxS (1af3c662-09fb-41bc-86fc-62590d6855bb)
2019-07-05 09:11:20.148 21662 RALLYDEBUG rally_openstack.cleanup.manager [-] Deleting neutron.network object s_rally_24106592_2KJd2w4Z (5f0f8d41-119e-45c3-8285-963b69750328)
2019-07-05 09:11:20.157 21662 RALLYDEBUG rally_openstack.cleanup.manager [-] Deleting neutron.network object s_rally_24106592_HZC3OpSY (6446b65a-3b9c-4fd6-91fa-6698613c27f3)
2019-07-05 09:11:20.176 21662 RALLYDEBUG rally_openstack.cleanup.manager [-] Deleting neutron.network object s_rally_24106592_WQpMw9E8 (202b09d6-da82-4234-a1eb-3884464a9c48)
2019-07-05 09:11:20.178 21662 RALLYDEBUG rally_openstack.cleanup.manager [-] Deleting neutron.network object s_rally_24106592_nxLcGhMg (64e9daf3-2336-4efd-845c-90980f35df2e)
2019-07-05 09:11:20.181 21662 RALLYDEBUG rally_openstack.cleanup.manager [-] Deleting neutron.network object s_rally_24106592_FjigTCZ0 (2505229e-8861-4c44-ad42-d9fc1e5956fa)
2019-07-05 09:11:20.182 21662 RALLYDEBUG rally_openstack.cleanup.manager [-] Deleting neutron.network object s_rally_24106592_wOPr1hbK (00e0150e-76ca-41be-98eb-74d47f5d7132)
2019-07-05 09:11:20.183 21662 RALLYDEBUG rally_openstack.cleanup.manager [-] Deleting neutron.network object s_rally_24106592_aQUnagIX (2b4d552e-d61d-4717-b820-75bd76128987)
2019-07-05 09:11:20.185 21662 RALLYDEBUG rally_openstack.cleanup.manager [-] Deleting neutron.network object s_rally_24106592_DmQbEyil (194b2180-1abe-42e9-9ca4-16f878a0cdc5)
2019-07-05 09:11:20.185 21662 RALLYDEBUG rally_openstack.cleanup.manager [-] Deleting neutron.network object s_rally_24106592_mjzPWaqr (1c295916-ab51-4399-bd23-8cdaaf6ad748)
2019-07-05 09:11:22.499 21662 RALLYDEBUG rally_openstack.cleanup.manager [-] Deleting neutron.network object s_rally_24106592_cqc1XGBg (6acdb513-3d1c-4605-83fc-e6fcf8dbedfe)
2019-07-05 09:11:22.885 21662 RALLYDEBUG rally_openstack.cleanup.manager [-] Deleting neutron.network object s_rally_24106592_vcsHgMtz (7d31c895-ca7a-4784-8522-75b8bd3ccc49)
2019-07-05 09:11:22.913 21662 RALLYDEBUG rally_openstack.cleanup.manager [-] Deleting neutron.network object s_rally_24106592_PVjxr3hv (842423bc-929a-4394-a00a-38f9ad701942)
2019-07-05 09:11:22.976 21662 RALLYDEBUG rally_openstack.cleanup.manager [-] Deleting neutron.network object s_rally_24106592_zLJTXnDQ (85222084-648b-40c1-855a-1bd055fb3b82)
2019-07-05 09:11:23.099 21662 RALLYDEBUG rally_openstack.cleanup.manager [-] Deleting neutron.network object s_rally_24106592_DteQruSO (85ad59ea-9cb2-45c8-af07-c2aea904e71e)
2019-07-05 09:11:23.263 21662 RALLYDEBUG rally_openstack.cleanup.manager [-] Deleting neutron.network object s_rally_24106592_9nkJSKhU (87553682-2ec3-4fe3-b4cc-7f1bdc08029c)
2019-07-05 09:11:23.298 21662 RALLYDEBUG rally_openstack.cleanup.manager [-] Deleting neutron.network object s_rally_24106592_qTTXPawb (a43699e9-8358-48bd-ba57-0abcac80fb38)
2019-07-05 09:11:23.305 21662 RALLYDEBUG rally_openstack.cleanup.manager [-] Deleting neutron.network object s_rally_24106592_YsAr50dn (92810ca4-4ed7-4696-9fd1-f548bb60aaa0)
2019-07-05 09:11:23.305 21662 RALLYDEBUG rally_openstack.cleanup.manager [-] Deleting neutron.network object s_rally_24106592_kFNRoOPW (9850c387-af08-4f32-a56f-7c862294e7ac)
2019-07-05 09:11:23.317 21662 RALLYDEBUG rally_openstack.cleanup.manager [-] Deleting neutron.network object s_rally_24106592_56yGDkOe (a6443ae5-ecce-4cce-850b-0c757450c5ad)
2019-07-05 09:11:23.370 21662 RALLYDEBUG rally_openstack.cleanup.manager [-] Deleting neutron.network object s_rally_24106592_BdWHp1Hx (add0c6d3-7c0d-4678-86b9-f882c76caf1f)
2019-07-05 09:11:23.420 21662 RALLYDEBUG rally_openstack.cleanup.manager [-] Deleting neutron.network object s_rally_24106592_MDK66EIt (b7ac8133-71d1-41ac-aa1c-d5230957fc08)
2019-07-05 09:11:23.509 21662 RALLYDEBUG rally_openstack.cleanup.manager [-] Deleting neutron.network object s_rally_24106592_niObvlb1 (bc442b48-b99f-4699-984b-b73e9c457832)
2019-07-05 09:11:23.568 21662 RALLYDEBUG rally_openstack.cleanup.manager [-] Deleting neutron.network object s_rally_24106592_d2suiLft (be277055-220f-42a1-910e-b575813eddc8)
2019-07-05 09:11:23.635 21662 RALLYDEBUG rally_openstack.cleanup.manager [-] Deleting neutron.network object s_rally_24106592_PJ1tlcwW (c6ebac37-fbfe-4e49-ab66-2f8c48454ecb)
2019-07-05 09:11:23.636 21662 RALLYDEBUG rally_openstack.cleanup.manager [-] Deleting neutron.network object s_rally_24106592_pSBA9MuB (cd60f5b3-a9d6-4644-9431-6904cac4cde4)
2019-07-05 09:11:23.762 21662 RALLYDEBUG rally_openstack.cleanup.manager [-] Deleting neutron.network object s_rally_24106592_HblxAA9C (cf03d29b-02ed-4f19-8b8b-677bac61564a)
2019-07-05 09:11:23.937 21662 RALLYDEBUG rally_openstack.cleanup.manager [-] Deleting neutron.network object s_rally_24106592_brkx5pJ8 (e2fc9f9d-4dd8-48fa-823c-5a7e2556e0ac)
2019-07-05 09:11:24.294 21662 RALLYDEBUG rally_openstack.cleanup.manager [-] Deleting neutron.network object s_rally_24106592_3Mc7Y5JR (effab630-da81-450e-a572-0ba73f59d7cd)
2019-07-05 09:11:24.295 21662 RALLYDEBUG rally_openstack.cleanup.manager [-] Deleting neutron.network object s_rally_24106592_rjwBDTBY (fe2e901d-e552-40c3-be44-156932e7a0ad)
2019-07-05 09:11:26.928 21662 RALLYDEBUG rally_openstack.cleanup.manager [-] Cleaning up neutron router objects
2019-07-05 09:11:27.373 21662 RALLYDEBUG rally_openstack.cleanup.manager [-] Cleaning up neutron security_group objects
2019-07-05 09:11:27.804 21662 INFO rally.task.context [-] Task 2d96a6c3-edc5-4322-be8d-4c1321fe0da9 | Context cleanup@openstack cleanup() finished in 11.25 sec
2019-07-05 09:11:27.805 21662 INFO rally.task.context [-] Task 2d96a6c3-edc5-4322-be8d-4c1321fe0da9 | Context quotas@openstack cleanup() started
2019-07-05 09:11:27.886 21662 INFO rally.task.context [-] Task 2d96a6c3-edc5-4322-be8d-4c1321fe0da9 | Context quotas@openstack cleanup() finished in 81.32 msec
2019-07-05 09:11:27.886 21662 INFO rally.task.context [-] Task 2d96a6c3-edc5-4322-be8d-4c1321fe0da9 | Context users@openstack cleanup() started
2019-07-05 09:11:30.553 21662 INFO rally.task.context [-] Task 2d96a6c3-edc5-4322-be8d-4c1321fe0da9 | Context users@openstack cleanup() finished in 2.67 sec
2019-07-05 09:11:32.041 21662 INFO rally.task.engine [-] Load duration is: 25.887869
2019-07-05 09:11:32.041 21662 INFO rally.task.engine [-] Full runner duration is: 25.935601
2019-07-05 09:11:32.042 21662 INFO rally.task.engine [-] Full duration is: 42.690073
2019-07-05 09:11:32.409 21662 INFO rally.task.engine [-] Running workload: position = 0 config = { "version": 2, "title": "A cropped version of a bigger task.", "description": "Auto-generated task from a single workload (uuid=b9687122-3a01-4dca-bd8e-4e948a76abd9)", "subtasks": [ { "title": "Quotas.neutron_update", "description": "Update quotas for neutron.", "scenario": { "Quotas.neutron_update": { "max_quota": 1024 } }, "contexts": { "users": { "tenants": 20, "users_per_tenant": 1 } }, "runner": { "constant": { "times": 40, "concurrency": 20 } }, "hooks": [], "sla": { "failure_rate": { "max": 0 } } } ] }
2019-07-05 09:11:32.436 21662 RALLYDEBUG rally_openstack.contexts.keystone.users [-] Creating 20 tenants using 20 threads
2019-07-05 09:11:34.857 21662 RALLYDEBUG rally_openstack.contexts.keystone.users [-] Creating 20 users using 20 threads
2019-07-05 09:11:37.883 21662 INFO rally.task.context [-] Task 2d96a6c3-edc5-4322-be8d-4c1321fe0da9 | Context users@openstack setup() finished in 5.45 sec
2019-07-05 09:11:37.884 21662 INFO rally.task.context [-] Task 2d96a6c3-edc5-4322-be8d-4c1321fe0da9 | Context admin_cleanup@openstack setup() finished in 0.01 msec
2019-07-05 09:11:37.893 21662 RALLYDEBUG rally.task.runner [-] Starting the constant runner (task UUID: 2d96a6c3-edc5-4322-be8d-4c1321fe0da9). timeout: 0 concurrency: 20 concurrency_per_worker: 1 times: 40 concurrency_overhead: 4 processes_to_start: 16 max_cpu_used: 16
2019-07-05 09:11:37.908 26278 RALLYDEBUG rally.task.runner [-] Starting a worker. concurrency: 2 args: {"max_quota": 1024} times: 40 method_name: run timeout: 0 duration: None cls:
2019-07-05 09:11:37.911 26279 RALLYDEBUG rally.task.runner [-] Starting a worker. concurrency: 2 args: {"max_quota": 1024} times: 40 method_name: run timeout: 0 duration: None cls:
2019-07-05 09:11:37.914 26280 RALLYDEBUG rally.task.runner [-] Starting a worker. concurrency: 2 args: {"max_quota": 1024} times: 40 method_name: run timeout: 0 duration: None cls:
2019-07-05 09:11:37.918 26281 RALLYDEBUG rally.task.runner [-] Starting a worker. concurrency: 2 args: {"max_quota": 1024} times: 40 method_name: run timeout: 0 duration: None cls:
2019-07-05 09:11:37.922 26282 RALLYDEBUG rally.task.runner [-] Starting a worker. concurrency: 1 args: {"max_quota": 1024} times: 40 method_name: run timeout: 0 duration: None cls:
2019-07-05 09:11:37.926 26283 RALLYDEBUG rally.task.runner [-] Starting a worker. concurrency: 1 args: {"max_quota": 1024} times: 40 method_name: run timeout: 0 duration: None cls:
2019-07-05 09:11:37.928 26280 INFO rally.task.runner [-] Task 2d96a6c3-edc5-4322-be8d-4c1321fe0da9 | ITER: 3 START
2019-07-05 09:11:37.930 26279 INFO rally.task.runner [-] Task 2d96a6c3-edc5-4322-be8d-4c1321fe0da9 | ITER: 2 START
2019-07-05 09:11:37.930 26278 INFO rally.task.runner [-] Task 2d96a6c3-edc5-4322-be8d-4c1321fe0da9 | ITER: 1 START
2019-07-05 09:11:37.931 26288 RALLYDEBUG rally.task.runner [-] Starting a worker. concurrency: 1 args: {"max_quota": 1024} times: 40 method_name: run timeout: 0 duration: None cls:
2019-07-05 09:11:37.934 26282 INFO rally.task.runner [-] Task 2d96a6c3-edc5-4322-be8d-4c1321fe0da9 | ITER: 7 START
2019-07-05 09:11:37.936 26291 RALLYDEBUG rally.task.runner [-] Starting a worker. concurrency: 1 args: {"max_quota": 1024} times: 40 method_name: run timeout: 0 duration: None cls:
2019-07-05 09:11:37.939 26283 INFO rally.task.runner [-] Task 2d96a6c3-edc5-4322-be8d-4c1321fe0da9 | ITER: 9 START
2019-07-05 09:11:37.940 26281 INFO rally.task.runner [-] Task 2d96a6c3-edc5-4322-be8d-4c1321fe0da9 | ITER: 5 START
2019-07-05 09:11:37.941 26281 INFO rally.task.runner [-] Task 2d96a6c3-edc5-4322-be8d-4c1321fe0da9 | ITER: 10 START
2019-07-05 09:11:37.943 26279 INFO rally.task.runner [-] Task 2d96a6c3-edc5-4322-be8d-4c1321fe0da9 | ITER: 6 START
2019-07-05 09:11:37.942 26296 RALLYDEBUG rally.task.runner [-] Starting a worker. concurrency: 1 args: {"max_quota": 1024} times: 40 method_name: run timeout: 0 duration: None cls:
2019-07-05 09:11:37.931 26278 INFO rally.task.runner [-] Task 2d96a6c3-edc5-4322-be8d-4c1321fe0da9 | ITER: 4 START
2019-07-05 09:11:37.946 26291 INFO rally.task.runner [-] Task 2d96a6c3-edc5-4322-be8d-4c1321fe0da9 | ITER: 12 START
2019-07-05 09:11:37.946 26288 INFO rally.task.runner [-] Task 2d96a6c3-edc5-4322-be8d-4c1321fe0da9 | ITER: 11 START
2019-07-05 09:11:37.947 26280 INFO rally.task.runner [-] Task 2d96a6c3-edc5-4322-be8d-4c1321fe0da9 | ITER: 8 START
2019-07-05 09:11:37.951 26301 RALLYDEBUG rally.task.runner [-] Starting a worker. concurrency: 1 args: {"max_quota": 1024} times: 40 method_name: run timeout: 0 duration: None cls:
2019-07-05 09:11:37.954 26308 RALLYDEBUG rally.task.runner [-] Starting a worker. concurrency: 1 args: {"max_quota": 1024} times: 40 method_name: run timeout: 0 duration: None cls:
2019-07-05 09:11:37.956 26296 INFO rally.task.runner [-] Task 2d96a6c3-edc5-4322-be8d-4c1321fe0da9 | ITER: 13 START
2019-07-05 09:11:37.962 26310 RALLYDEBUG rally.task.runner [-] Starting a worker. concurrency: 1 args: {"max_quota": 1024} times: 40 method_name: run timeout: 0 duration: None cls:
2019-07-05 09:11:37.965 26301 INFO rally.task.runner [-] Task 2d96a6c3-edc5-4322-be8d-4c1321fe0da9 | ITER: 14 START
2019-07-05 09:11:37.972 26313 RALLYDEBUG rally.task.runner [-] Starting a worker. concurrency: 1 args: {"max_quota": 1024} times: 40 method_name: run timeout: 0 duration: None cls:
2019-07-05 09:11:37.972 26308 INFO rally.task.runner [-] Task 2d96a6c3-edc5-4322-be8d-4c1321fe0da9 | ITER: 15 START
2019-07-05 09:11:37.976 26310 INFO rally.task.runner [-] Task 2d96a6c3-edc5-4322-be8d-4c1321fe0da9 | ITER: 16 START
2019-07-05 09:11:37.982 26313 INFO rally.task.runner [-] Task 2d96a6c3-edc5-4322-be8d-4c1321fe0da9 | ITER: 17 START
2019-07-05 09:11:37.983 26318 RALLYDEBUG rally.task.runner [-] Starting a worker. concurrency: 1 args: {"max_quota": 1024} times: 40 method_name: run timeout: 0 duration: None cls:
2019-07-05 09:11:37.991 26322 RALLYDEBUG rally.task.runner [-] Starting a worker. concurrency: 1 args: {"max_quota": 1024} times: 40 method_name: run timeout: 0 duration: None cls:
2019-07-05 09:11:37.993 26318 INFO rally.task.runner [-] Task 2d96a6c3-edc5-4322-be8d-4c1321fe0da9 | ITER: 18 START
2019-07-05 09:11:37.998 26324 RALLYDEBUG rally.task.runner [-] Starting a worker. concurrency: 1 args: {"max_quota": 1024} times: 40 method_name: run timeout: 0 duration: None cls:
2019-07-05 09:11:37.999 26322 INFO rally.task.runner [-] Task 2d96a6c3-edc5-4322-be8d-4c1321fe0da9 | ITER: 19 START
2019-07-05 09:11:38.006 26324 INFO rally.task.runner [-] Task 2d96a6c3-edc5-4322-be8d-4c1321fe0da9 | ITER: 20 START
2019-07-05 09:11:38.532 26282 INFO rally.task.runner [-] Task 2d96a6c3-edc5-4322-be8d-4c1321fe0da9 | ITER: 7 END: OK
2019-07-05 09:11:38.535 26288 INFO rally.task.runner [-] Task 2d96a6c3-edc5-4322-be8d-4c1321fe0da9 | ITER: 11 END: OK
2019-07-05 09:11:38.540 26282 INFO rally.task.runner [-] Task 2d96a6c3-edc5-4322-be8d-4c1321fe0da9 | ITER: 21 START
2019-07-05 09:11:38.543 26288 INFO rally.task.runner [-] Task 2d96a6c3-edc5-4322-be8d-4c1321fe0da9 | ITER: 22 START
2019-07-05 09:11:38.547 26283 INFO rally.task.runner [-] Task 2d96a6c3-edc5-4322-be8d-4c1321fe0da9 | ITER: 9 END: OK
2019-07-05 09:11:38.555 26283 INFO rally.task.runner [-] Task 2d96a6c3-edc5-4322-be8d-4c1321fe0da9 | ITER: 23 START
2019-07-05 09:11:38.571 26301 INFO rally.task.runner [-] Task 2d96a6c3-edc5-4322-be8d-4c1321fe0da9 | ITER: 14 END: OK
2019-07-05 09:11:38.573 26278 INFO rally.task.runner [-] Task 2d96a6c3-edc5-4322-be8d-4c1321fe0da9 | ITER: 1 END: OK
2019-07-05 09:11:38.575 26291 INFO rally.task.runner [-] Task 2d96a6c3-edc5-4322-be8d-4c1321fe0da9 | ITER: 12 END: OK
2019-07-05 09:11:38.578 26301 INFO rally.task.runner [-] Task 2d96a6c3-edc5-4322-be8d-4c1321fe0da9 | ITER: 24 START
2019-07-05 09:11:38.580 26308 INFO rally.task.runner [-] Task 2d96a6c3-edc5-4322-be8d-4c1321fe0da9 | ITER: 15 END: OK
2019-07-05 09:11:38.581 26291 INFO rally.task.runner [-] Task 2d96a6c3-edc5-4322-be8d-4c1321fe0da9 | ITER: 26 START
2019-07-05 09:11:38.581 26278 INFO rally.task.runner [-] Task 2d96a6c3-edc5-4322-be8d-4c1321fe0da9 | ITER: 25 START
2019-07-05 09:11:38.587 26308 INFO rally.task.runner [-] Task 2d96a6c3-edc5-4322-be8d-4c1321fe0da9 | ITER: 27 START
2019-07-05 09:11:38.623 26296 INFO rally.task.runner [-] Task 2d96a6c3-edc5-4322-be8d-4c1321fe0da9 | ITER: 13 END: OK
2019-07-05 09:11:38.628 26296 INFO rally.task.runner [-] Task 2d96a6c3-edc5-4322-be8d-4c1321fe0da9 | ITER: 28 START
2019-07-05 09:11:38.681 26280 INFO rally.task.runner [-] Task 2d96a6c3-edc5-4322-be8d-4c1321fe0da9 | ITER: 8 END: OK
2019-07-05 09:11:38.692 26280 INFO rally.task.runner [-] Task 2d96a6c3-edc5-4322-be8d-4c1321fe0da9 | ITER: 3 END: OK
2019-07-05 09:11:38.692 26280 INFO rally.task.runner [-] Task 2d96a6c3-edc5-4322-be8d-4c1321fe0da9 | ITER: 29 START
2019-07-05 09:11:38.707 26280 INFO rally.task.runner [-] Task 2d96a6c3-edc5-4322-be8d-4c1321fe0da9 | ITER: 30 START
2019-07-05 09:11:38.738 26322 INFO rally.task.runner [-] Task 2d96a6c3-edc5-4322-be8d-4c1321fe0da9 | ITER: 19 END: OK
2019-07-05 09:11:38.745 26322 INFO rally.task.runner [-] Task 2d96a6c3-edc5-4322-be8d-4c1321fe0da9 | ITER: 31 START
2019-07-05 09:11:38.767 26279 INFO rally.task.runner [-] Task 2d96a6c3-edc5-4322-be8d-4c1321fe0da9 | ITER: 2 END: OK
2019-07-05 09:11:38.774 26279 INFO rally.task.runner [-] Task 2d96a6c3-edc5-4322-be8d-4c1321fe0da9 | ITER: 32 START
2019-07-05 09:11:38.824 26324 INFO rally.task.runner [-] Task 2d96a6c3-edc5-4322-be8d-4c1321fe0da9 | ITER: 20 END: OK
2019-07-05 09:11:38.833 26324 INFO rally.task.runner [-] Task 2d96a6c3-edc5-4322-be8d-4c1321fe0da9 | ITER: 33 START
2019-07-05 09:11:38.834 26310 INFO rally.task.runner [-] Task 2d96a6c3-edc5-4322-be8d-4c1321fe0da9 | ITER: 16 END: OK
2019-07-05 09:11:38.842 26310 INFO rally.task.runner [-] Task 2d96a6c3-edc5-4322-be8d-4c1321fe0da9 | ITER: 34 START
2019-07-05 09:11:38.867 26278 INFO rally.task.runner [-] Task 2d96a6c3-edc5-4322-be8d-4c1321fe0da9 | ITER: 4 END: OK
2019-07-05 09:11:38.869 26281 INFO rally.task.runner [-] Task 2d96a6c3-edc5-4322-be8d-4c1321fe0da9 | ITER: 10 END: OK
2019-07-05 09:11:38.874 26278 INFO rally.task.runner [-] Task 2d96a6c3-edc5-4322-be8d-4c1321fe0da9 | ITER: 35 START
2019-07-05 09:11:38.881 26281 INFO rally.task.runner [-] Task 2d96a6c3-edc5-4322-be8d-4c1321fe0da9 | ITER: 36 START
2019-07-05 09:11:38.984 26313 INFO rally.task.runner [-] Task 2d96a6c3-edc5-4322-be8d-4c1321fe0da9 | ITER: 17 END: OK
2019-07-05 09:11:38.992 26313 INFO rally.task.runner [-] Task 2d96a6c3-edc5-4322-be8d-4c1321fe0da9 | ITER: 37 START
2019-07-05 09:11:39.017 26288 INFO rally.task.runner [-] Task 2d96a6c3-edc5-4322-be8d-4c1321fe0da9 | ITER: 22 END: OK
2019-07-05 09:11:39.024 26288 INFO rally.task.runner [-] Task 2d96a6c3-edc5-4322-be8d-4c1321fe0da9 | ITER: 38 START
2019-07-05 09:11:39.037 26281 INFO rally.task.runner [-] Task 2d96a6c3-edc5-4322-be8d-4c1321fe0da9 | ITER: 5 END: OK
2019-07-05 09:11:39.044 26281 INFO rally.task.runner [-] Task 2d96a6c3-edc5-4322-be8d-4c1321fe0da9 | ITER: 39 START
2019-07-05 09:11:39.058 26279 INFO rally.task.runner [-] Task 2d96a6c3-edc5-4322-be8d-4c1321fe0da9 | ITER: 6 END: OK
2019-07-05 09:11:39.064 26279 INFO rally.task.runner [-] Task 2d96a6c3-edc5-4322-be8d-4c1321fe0da9 | ITER: 40 START
2019-07-05 09:11:39.088 26278 INFO rally.task.runner [-] Task 2d96a6c3-edc5-4322-be8d-4c1321fe0da9 | ITER: 25 END: OK
2019-07-05 09:11:39.163 26301 INFO rally.task.runner [-] Task 2d96a6c3-edc5-4322-be8d-4c1321fe0da9 | ITER: 24 END: OK
2019-07-05 09:11:39.210 26291 INFO rally.task.runner [-] Task 2d96a6c3-edc5-4322-be8d-4c1321fe0da9 | ITER: 26 END: OK
2019-07-05 09:11:39.228 26318 INFO rally.task.runner [-] Task 2d96a6c3-edc5-4322-be8d-4c1321fe0da9 | ITER: 18 END: OK
2019-07-05 09:11:39.258 26308 INFO rally.task.runner [-] Task 2d96a6c3-edc5-4322-be8d-4c1321fe0da9 | ITER: 27 END: OK
2019-07-05 09:11:39.294 26283 INFO rally.task.runner [-] Task 2d96a6c3-edc5-4322-be8d-4c1321fe0da9 | ITER: 23 END: OK
2019-07-05 09:11:39.319 26280 INFO rally.task.runner [-] Task 2d96a6c3-edc5-4322-be8d-4c1321fe0da9 | ITER: 30 END: OK
2019-07-05 09:11:39.352 26278 INFO rally.task.runner [-] Task 2d96a6c3-edc5-4322-be8d-4c1321fe0da9 | ITER: 35 END: OK
2019-07-05 09:11:39.357 26296 INFO rally.task.runner [-] Task 2d96a6c3-edc5-4322-be8d-4c1321fe0da9 | ITER: 28 END: OK
2019-07-05 09:11:39.484 26282 INFO rally.task.runner [-] Task 2d96a6c3-edc5-4322-be8d-4c1321fe0da9 | ITER: 21 END: OK
2019-07-05 09:11:39.491 26322 INFO rally.task.runner [-] Task 2d96a6c3-edc5-4322-be8d-4c1321fe0da9 | ITER: 31 END: OK
2019-07-05 09:11:39.512 26279 INFO rally.task.runner [-] Task 2d96a6c3-edc5-4322-be8d-4c1321fe0da9 | ITER: 32 END: OK
2019-07-05 09:11:39.568 26313 INFO rally.task.runner [-] Task 2d96a6c3-edc5-4322-be8d-4c1321fe0da9 | ITER: 37 END: OK
2019-07-05 09:11:39.569 26281 INFO rally.task.runner [-] Task 2d96a6c3-edc5-4322-be8d-4c1321fe0da9 | ITER: 39 END: OK
2019-07-05 09:11:39.637 26280 INFO rally.task.runner [-] Task 2d96a6c3-edc5-4322-be8d-4c1321fe0da9 | ITER: 29 END: OK
2019-07-05 09:11:39.751 26324 INFO rally.task.runner [-] Task 2d96a6c3-edc5-4322-be8d-4c1321fe0da9 | ITER: 33 END: OK
2019-07-05 09:11:39.798 26279 INFO rally.task.runner [-] Task 2d96a6c3-edc5-4322-be8d-4c1321fe0da9 | ITER: 40 END: OK
2019-07-05 09:11:39.802 26281 INFO rally.task.runner [-] Task 2d96a6c3-edc5-4322-be8d-4c1321fe0da9 | ITER: 36 END: OK
2019-07-05 09:11:39.807 26288 INFO rally.task.runner [-] Task 2d96a6c3-edc5-4322-be8d-4c1321fe0da9 | ITER: 38 END: OK
2019-07-05 09:11:39.880 26310 INFO rally.task.runner [-] Task 2d96a6c3-edc5-4322-be8d-4c1321fe0da9 | ITER: 34 END: OK
2019-07-05 09:11:39.906 21662 INFO rally.task.context [-] Task 2d96a6c3-edc5-4322-be8d-4c1321fe0da9 | Context admin_cleanup@openstack cleanup() started
2019-07-05 09:11:39.909 21662 RALLYDEBUG rally_openstack.cleanup.manager [-] Cleaning up neutron quota objects
2019-07-05 09:11:41.489 21662 INFO rally.task.context [-] Task 2d96a6c3-edc5-4322-be8d-4c1321fe0da9 | Context admin_cleanup@openstack cleanup() finished in 1.58 sec
2019-07-05 09:11:41.490 21662 INFO rally.task.context [-] Task 2d96a6c3-edc5-4322-be8d-4c1321fe0da9 | Context users@openstack cleanup() started
2019-07-05 09:12:03.444 21662 INFO rally.task.context [-] Task 2d96a6c3-edc5-4322-be8d-4c1321fe0da9 | Context users@openstack cleanup() finished in 21.95 sec
2019-07-05 09:12:04.633 21662 INFO rally.task.engine [-] Load duration is: 1.950083
2019-07-05 09:12:04.634 21662 INFO rally.task.engine [-] Full runner duration is: 2.013665
2019-07-05 09:12:04.634 21662 INFO rally.task.engine [-] Full duration is: 31.014707
2019-07-05 09:12:04.953 21662 INFO rally.task.engine [-] Running workload: position = 0 config = { "version": 2, "title": "A cropped version of a bigger task.", "description": "Auto-generated task from a single workload (uuid=36813a01-bc1d-4487-b8f2-e9597200368b)", "subtasks": [ { "title": "NeutronTrunks.create_and_list_trunk_subports", "description": "", "scenario": { "NeutronTrunks.create_and_list_trunk_subports": { "subport_count": 125 } }, "contexts": { "users": { "tenants": 1, "users_per_tenant": 1 }, "quotas": { "neutron": { "network": -1, "port": 1000 } } }, "runner": { "constant": { "times": 4, "concurrency": 4 } }, "hooks": [], "sla": { "failure_rate": { "max": 0 } } } ] }
2019-07-05 09:12:04.980 21662 RALLYDEBUG rally_openstack.contexts.keystone.users [-] Creating 1 tenants using 20 threads
2019-07-05 09:12:05.941 21662 RALLYDEBUG rally_openstack.contexts.keystone.users [-] Creating 1 users using 20 threads
2019-07-05 09:12:07.329 21662 INFO rally.task.context [-] Task 2d96a6c3-edc5-4322-be8d-4c1321fe0da9 | Context users@openstack setup() finished in 2.35 sec
2019-07-05 09:12:07.822 21662 INFO rally.task.context [-] Task 2d96a6c3-edc5-4322-be8d-4c1321fe0da9 | Context quotas@openstack setup() finished in 0.49 sec
2019-07-05 09:12:07.822 21662 INFO rally.task.context [-] Task 2d96a6c3-edc5-4322-be8d-4c1321fe0da9 | Context cleanup@openstack setup() finished in 0.01 msec
2019-07-05 09:12:07.831 21662 RALLYDEBUG rally.task.runner [-] Starting the constant runner (task UUID: 2d96a6c3-edc5-4322-be8d-4c1321fe0da9). timeout: 0 concurrency: 4 concurrency_per_worker: 1 times: 4 concurrency_overhead: 0 processes_to_start: 4 max_cpu_used: 16
2019-07-05 09:12:07.846 26468 RALLYDEBUG rally.task.runner [-] Starting a worker. concurrency: 1 args: {"subport_count": 125} times: 4 method_name: run timeout: 0 duration: None cls:
2019-07-05 09:12:07.849 26469 RALLYDEBUG rally.task.runner [-] Starting a worker. concurrency: 1 args: {"subport_count": 125} times: 4 method_name: run timeout: 0 duration: None cls:
2019-07-05 09:12:07.853 26468 INFO rally.task.runner [-] Task 2d96a6c3-edc5-4322-be8d-4c1321fe0da9 | ITER: 1 START
2019-07-05 09:12:07.852 26470 RALLYDEBUG rally.task.runner [-] Starting a worker. concurrency: 1 args: {"subport_count": 125} times: 4 method_name: run timeout: 0 duration: None cls:
2019-07-05 09:12:07.855 26469 INFO rally.task.runner [-] Task 2d96a6c3-edc5-4322-be8d-4c1321fe0da9 | ITER: 2 START
2019-07-05 09:12:07.855 26471 RALLYDEBUG rally.task.runner [-] Starting a worker. concurrency: 1 args: {"subport_count": 125} times: 4 method_name: run timeout: 0 duration: None cls:
2019-07-05 09:12:07.859 26470 INFO rally.task.runner [-] Task 2d96a6c3-edc5-4322-be8d-4c1321fe0da9 | ITER: 3 START
2019-07-05 09:12:07.862 26471 INFO rally.task.runner [-] Task 2d96a6c3-edc5-4322-be8d-4c1321fe0da9 | ITER: 4 START
2019-07-05 09:13:47.681 26470 WARNING rally.task.atomic [-] 'optional_action_timer' is deprecated since rally v0.10.0.Please use action_timer instead, we have improved atomic actions, now do not need to explicitly close original action.
2019-07-05 09:13:47.719 26470 WARNING rally.task.atomic [-] 'optional_action_timer' is deprecated since rally v0.10.0.Please use action_timer instead, we have improved atomic actions, now do not need to explicitly close original action.
2019-07-05 09:13:48.157 26470 INFO rally.task.runner [-] Task 2d96a6c3-edc5-4322-be8d-4c1321fe0da9 | ITER: 3 END: OK
2019-07-05 09:13:49.823 26469 WARNING rally.task.atomic [-] 'optional_action_timer' is deprecated since rally v0.10.0.Please use action_timer instead, we have improved atomic actions, now do not need to explicitly close original action.
2019-07-05 09:13:49.857 26469 WARNING rally.task.atomic [-] 'optional_action_timer' is deprecated since rally v0.10.0.Please use action_timer instead, we have improved atomic actions, now do not need to explicitly close original action.
2019-07-05 09:13:50.311 26469 INFO rally.task.runner [-] Task 2d96a6c3-edc5-4322-be8d-4c1321fe0da9 | ITER: 2 END: OK
2019-07-05 09:13:51.316 26468 WARNING rally.task.atomic [-] 'optional_action_timer' is deprecated since rally v0.10.0.Please use action_timer instead, we have improved atomic actions, now do not need to explicitly close original action.
2019-07-05 09:13:51.358 26468 WARNING rally.task.atomic [-] 'optional_action_timer' is deprecated since rally v0.10.0.Please use action_timer instead, we have improved atomic actions, now do not need to explicitly close original action.
2019-07-05 09:13:51.910 26468 INFO rally.task.runner [-] Task 2d96a6c3-edc5-4322-be8d-4c1321fe0da9 | ITER: 1 END: OK
2019-07-05 09:13:53.160 26471 WARNING rally.task.atomic [-] 'optional_action_timer' is deprecated since rally v0.10.0.Please use action_timer instead, we have improved atomic actions, now do not need to explicitly close original action.
2019-07-05 09:13:53.198 26471 WARNING rally.task.atomic [-] 'optional_action_timer' is deprecated since rally v0.10.0.Please use action_timer instead, we have improved atomic actions, now do not need to explicitly close original action.
2019-07-05 09:13:54.219 26471 INFO rally.task.runner [-] Task 2d96a6c3-edc5-4322-be8d-4c1321fe0da9 | ITER: 4 END: OK
2019-07-05 09:13:54.243 21662 INFO rally.task.context [-] Task 2d96a6c3-edc5-4322-be8d-4c1321fe0da9 | Context cleanup@openstack cleanup() started
2019-07-05 09:13:54.246 21662 RALLYDEBUG rally_openstack.cleanup.manager [-] Cleaning up neutron vip objects
2019-07-05 09:13:54.664 21662 RALLYDEBUG rally_openstack.cleanup.manager [-] Cleaning up neutron health_monitor objects
2019-07-05 09:13:55.059 21662 RALLYDEBUG rally_openstack.cleanup.manager [-] Cleaning up neutron pool objects
2019-07-05 09:13:55.475 21662 RALLYDEBUG rally_openstack.cleanup.manager [-] Cleaning up neutron loadbalancer objects
2019-07-05 09:13:55.860 21662 RALLYDEBUG rally_openstack.cleanup.manager [-] Cleaning up neutron floatingip objects
2019-07-05 09:13:56.280 21662 RALLYDEBUG rally_openstack.cleanup.manager [-] Cleaning up neutron port objects
2019-07-05 09:13:57.954 21662 RALLYDEBUG rally_openstack.cleanup.manager [-] Deleting neutron.port object s_rally_36813a01_TaE6fMgj (04a28101-42fc-44d2-ab71-9c11aed4de74)
2019-07-05 09:13:57.957 21662 RALLYDEBUG rally_openstack.cleanup.manager [-] Deleting neutron.port object s_rally_36813a01_HBqEmath (0557efc2-00d5-4c39-81e6-5ed1899f5bc1)
2019-07-05 09:13:57.960 21662 RALLYDEBUG rally_openstack.cleanup.manager [-] Deleting neutron.port object s_rally_36813a01_WhqNLMNd (006da546-a922-4222-a967-88d01d4033b5)
2019-07-05 09:13:57.962 21662 RALLYDEBUG rally_openstack.cleanup.manager [-] Deleting neutron.port object s_rally_36813a01_OFJE82uo (0908f64d-ca8e-4a5a-a3a5-73f23fbaef52)
2019-07-05 09:13:57.962 21662 RALLYDEBUG rally_openstack.cleanup.manager [-] Deleting neutron.port object s_rally_36813a01_OihI2yoc (0525dd32-443b-4564-b681-d305ed2126f1)
2019-07-05 09:13:57.970 21662 RALLYDEBUG rally_openstack.cleanup.manager [-] Deleting neutron.port object s_rally_36813a01_I0gJNwTZ (0713086b-928e-4b81-9d21-037c2f17f61e)
2019-07-05 09:13:57.973 21662 RALLYDEBUG rally_openstack.cleanup.manager [-] Deleting neutron.port object s_rally_36813a01_r98nfWk3 (067cd528-95dc-493f-a51e-1dc215480bb5)
2019-07-05 09:13:57.980 21662 RALLYDEBUG rally_openstack.cleanup.manager [-] Deleting neutron.port object s_rally_36813a01_KXF4iOtr (0481ee80-d97d-4bc4-a617-9b100c1debdc)
2019-07-05 09:13:57.981 21662 RALLYDEBUG rally_openstack.cleanup.manager [-] Deleting neutron.port object s_rally_36813a01_PXQWZlNc (09736744-7d01-46c3-b831-882cc2d1332b)
2019-07-05 09:13:57.983 21662 RALLYDEBUG rally_openstack.cleanup.manager [-] Deleting neutron.port object s_rally_36813a01_wvtvOviQ (012300b6-1481-4415-890d-9af6777acacc)
2019-07-05 09:13:57.989 21662 RALLYDEBUG rally_openstack.cleanup.manager [-] Deleting neutron.port object s_rally_36813a01_ACKg7eRg (08c61320-0172-4e61-90dd-7ae73ce420df)
2019-07-05 09:13:57.989 21662 RALLYDEBUG rally_openstack.cleanup.manager [-] Deleting neutron.port object s_rally_36813a01_mGupAIln (03d67b8d-12a3-4f6b-b806-af4cf7ca28f6)
2019-07-05 09:13:57.990 21662 RALLYDEBUG rally_openstack.cleanup.manager [-] Deleting neutron.port object s_rally_36813a01_8m72VvsV (09a117e1-1f79-4b41-aa71-eb40f1d5a076)
2019-07-05 09:13:57.991 21662 RALLYDEBUG rally_openstack.cleanup.manager [-] Deleting neutron.port object s_rally_36813a01_m2MvxFKH (0167d38b-ccd7-4396-bc61-99338db9bae8)
2019-07-05 09:13:57.992 21662 RALLYDEBUG rally_openstack.cleanup.manager [-] Deleting neutron.port object s_rally_36813a01_zi2yTZh9 (009f9831-b7cc-4eab-8d00-bfbcae72db03)
2019-07-05 09:13:58.010 21662 RALLYDEBUG rally_openstack.cleanup.manager [-] Deleting neutron.port object s_rally_36813a01_V2kP94eX (0690e1e3-bb11-45ce-92ac-adcd147b1709)
2019-07-05 09:13:58.020 21662 RALLYDEBUG rally_openstack.cleanup.manager [-] Deleting neutron.port object s_rally_36813a01_DMLRDghg (01e13b76-e07f-4c09-a6ce-b5a2548f691a)
2019-07-05 09:13:58.023 21662 RALLYDEBUG rally_openstack.cleanup.manager [-] Deleting neutron.port object s_rally_36813a01_t7s2K6es (051f8a53-b47f-40b5-a466-bbfa06253852)
2019-07-05 09:13:58.038 21662 RALLYDEBUG rally_openstack.cleanup.manager [-] Deleting neutron.port object s_rally_36813a01_Xyj7W4Z6 (09b3d7e7-d992-4c36-b3fd-d47f926bcadf)
2019-07-05 09:13:58.046 21662 RALLYDEBUG rally_openstack.cleanup.manager [-] Deleting neutron.port object s_rally_36813a01_sntUyJJC (04e2d470-3d0b-403d-9334-b9c2f6a92c2d)
2019-07-05 09:14:00.227 21662 RALLYDEBUG rally_openstack.cleanup.manager [-] Deleting neutron.port object s_rally_36813a01_Rcjuj78D (0af6bbc1-4ff0-45a7-8a8e-d2f92fbd0193)
2019-07-05 09:14:00.235 21662 RALLYDEBUG rally_openstack.cleanup.manager [-] Deleting neutron.port object s_rally_36813a01_ihPHWA6O (0c39fba1-b202-41ee-8cff-1b266743a312)
2019-07-05 09:14:00.396 21662 RALLYDEBUG rally_openstack.cleanup.manager [-] Deleting neutron.port object s_rally_36813a01_LxBGrxj2 (0c415b45-8d37-4e41-a0aa-cda6266dce07)
2019-07-05 09:14:00.549 21662 RALLYDEBUG rally_openstack.cleanup.manager [-] Deleting neutron.port object s_rally_36813a01_M3mqGxjU (0c9f80bc-77ff-42ba-b94a-0122c916da4c)
2019-07-05 09:14:00.645 21662 RALLYDEBUG rally_openstack.cleanup.manager [-] Deleting neutron.port object s_rally_36813a01_9vYYduUN (0d0734ab-e95a-4a7c-bcb8-d2dc9c0e7ec9)
2019-07-05 09:14:00.661 21662 RALLYDEBUG rally_openstack.cleanup.manager [-] Deleting neutron.port object s_rally_36813a01_KiOQArcu (0e1306d4-69f5-46f8-9509-34109fc3a4bf)
2019-07-05 09:14:00.704 21662 RALLYDEBUG rally_openstack.cleanup.manager [-] Deleting neutron.port object s_rally_36813a01_rCcvSA9r (0e185a8e-2a8e-4bc0-bb46-098f4ecaefc2)
2019-07-05 09:14:00.792 21662 RALLYDEBUG rally_openstack.cleanup.manager [-] Deleting neutron.port object s_rally_36813a01_mZdR4a4h (0ee087b6-0884-4d71-9852-2aaa2a8ca701)
2019-07-05 09:14:00.915 21662 RALLYDEBUG rally_openstack.cleanup.manager [-] Deleting neutron.port object s_rally_36813a01_30bfmGHy (0f612e57-306f-4477-9a6a-b06b9fb5f3bd)
2019-07-05 09:14:00.928 21662 RALLYDEBUG rally_openstack.cleanup.manager [-] Deleting neutron.port object s_rally_36813a01_85amGJbF (0fc1a1c4-a5db-4b9a-bdd4-d6ac3d7d063b)
2019-07-05 09:14:00.934 21662 RALLYDEBUG rally_openstack.cleanup.manager [-] Deleting neutron.port object s_rally_36813a01_Xlrbxh8F (108fa53a-7b08-4c9d-910e-0e49ee71fedb)
2019-07-05 09:14:00.960 21662 RALLYDEBUG rally_openstack.cleanup.manager [-] Deleting neutron.port object s_rally_36813a01_5VtuI0nn (10ed2bef-c0c6-4863-b7d7-bce82188c0f1)
2019-07-05 09:14:00.991 21662 RALLYDEBUG rally_openstack.cleanup.manager [-] Deleting neutron.port object s_rally_36813a01_maOtd7Nv (111a0158-a44a-42d8-9c36-9e2c8c442561)
2019-07-05 09:14:01.002 21662 RALLYDEBUG rally_openstack.cleanup.manager [-] Deleting neutron.port object s_rally_36813a01_qOyMK8pN (11dc91ab-f353-484e-8d89-bd7a4e996c27)
2019-07-05 09:14:01.121 21662 RALLYDEBUG rally_openstack.cleanup.manager [-] Deleting neutron.port object s_rally_36813a01_PjCMthvE (132c4248-d93c-4af4-90f3-54f4c7153bba)
2019-07-05 09:14:01.220 21662 RALLYDEBUG rally_openstack.cleanup.manager [-] Deleting neutron.port object s_rally_36813a01_X5x9c1za (1400bba1-341d-4a04-9dc1-08d93389dd02)
2019-07-05 09:14:01.274 21662 RALLYDEBUG rally_openstack.cleanup.manager [-] Deleting neutron.port object s_rally_36813a01_1cwgGPOI (1416902b-f70d-43ef-8c8c-114055e25c43)
2019-07-05 09:14:01.423 21662 RALLYDEBUG rally_openstack.cleanup.manager [-] Deleting neutron.port object s_rally_36813a01_1pAIVFzf (14804586-a1bf-40bf-b21a-b7d090f4832f)
2019-07-05 09:14:01.468 21662 RALLYDEBUG rally_openstack.cleanup.manager [-] Deleting neutron.port object s_rally_36813a01_JscWkivT (15473900-5fc2-4cf1-8d7f-aef8a12fd775)
2019-07-05 09:14:01.614 21662 RALLYDEBUG rally_openstack.cleanup.manager [-] Deleting neutron.port object s_rally_36813a01_Cx0i3w3Q (1567646f-7dbb-44b9-9320-80fffd44e16b)
2019-07-05 09:14:02.196 21662 RALLYDEBUG rally_openstack.cleanup.manager [-] Deleting neutron.port object s_rally_36813a01_hquWiBVF (157d434f-de3e-4d5f-89bd-2bb578c0fdfb)
2019-07-05 09:14:02.363 21662 RALLYDEBUG rally_openstack.cleanup.manager [-] Deleting neutron.port object s_rally_36813a01_uKPBn0Vh (158966a0-ff89-4383-b64a-180050b39f5e)
2019-07-05 09:14:02.521 21662 RALLYDEBUG rally_openstack.cleanup.manager [-] Deleting neutron.port object s_rally_36813a01_Ndzc3ByD (16f90ae8-63cf-49f9-a729-b6529334c57f)
2019-07-05 09:14:02.684 21662 RALLYDEBUG rally_openstack.cleanup.manager [-] Deleting neutron.port object s_rally_36813a01_C9NH0BrS (17ce9936-fccb-4db6-8997-56c57af8fdfd)
2019-07-05 09:14:02.731 21662 RALLYDEBUG rally_openstack.cleanup.manager [-] Deleting neutron.port object s_rally_36813a01_OQNXSFWN (1816d753-92a3-4ac5-aa90-2abd0297783d)
2019-07-05 09:14:02.812 21662 RALLYDEBUG rally_openstack.cleanup.manager [-] Deleting neutron.port object s_rally_36813a01_0wLpSfxR (1863cde1-d428-467e-961e-ac474b05f8f1)
2019-07-05 09:14:02.878 21662 RALLYDEBUG rally_openstack.cleanup.manager [-] Deleting neutron.port object s_rally_36813a01_mEHcfvnP (189fb001-4bdc-49ef-98d2-a5c1a3c4b034)
2019-07-05 09:14:02.887 21662 RALLYDEBUG rally_openstack.cleanup.manager [-] Deleting neutron.port object s_rally_36813a01_8gL9C4vW (197fb3cc-a117-4f8c-bdf2-2047d6335dc9)
2019-07-05 09:14:02.925 21662 RALLYDEBUG rally_openstack.cleanup.manager [-] Deleting neutron.port object s_rally_36813a01_rD2rDK5W (19919254-282b-4798-bd88-5eb299cfb354)
2019-07-05 09:14:03.073 21662 RALLYDEBUG rally_openstack.cleanup.manager [-] Deleting neutron.port object s_rally_36813a01_MDT0Jpb3 (1ab4084d-89de-44fd-9b09-293a89354f8f)
2019-07-05 09:14:03.102 21662 RALLYDEBUG rally_openstack.cleanup.manager [-] Deleting neutron.port object s_rally_36813a01_0Uocz9bN (1ad42c0a-ef1c-4d3b-8c24-3e858d5c915d)
2019-07-05 09:14:03.200 21662 RALLYDEBUG rally_openstack.cleanup.manager [-] Deleting neutron.port object s_rally_36813a01_VB7OGGxV (1b71373a-1d40-40c0-be73-c15a113c3c06)
2019-07-05 09:14:03.355 21662 RALLYDEBUG rally_openstack.cleanup.manager [-] Deleting neutron.port object s_rally_36813a01_7TeFI4ky (1dfb56b9-255d-48fb-9d15-d523d94c8d49)
2019-07-05 09:14:03.716 21662 RALLYDEBUG rally_openstack.cleanup.manager [-] Deleting neutron.port object s_rally_36813a01_hJPHe8Lj (201f3a69-1d44-4a1a-8c3d-4d90a4e08ccf)
2019-07-05 09:14:03.738 21662 RALLYDEBUG rally_openstack.cleanup.manager [-] Deleting neutron.port object s_rally_36813a01_X1y9QyCa (2051868e-9526-48fe-aa08-bf87cc882c29)
2019-07-05 09:14:03.908 21662 RALLYDEBUG rally_openstack.cleanup.manager [-] Deleting neutron.port object s_rally_36813a01_g2KShZ64 (2097a848-2cd2-4d0e-96fc-5ef9a136dc10)
2019-07-05 09:14:03.956 21662 RALLYDEBUG rally_openstack.cleanup.manager [-] Deleting neutron.port object s_rally_36813a01_s4f8t4fW (2171e9e1-da43-4fa9-9718-a93c9b5fab74)
2019-07-05 09:14:04.243 21662 RALLYDEBUG rally_openstack.cleanup.manager [-] Deleting neutron.port object s_rally_36813a01_o25X69Mw (22c98d77-02f9-4df8-8244-65d68345c9bc)
2019-07-05 09:14:04.252 21662 RALLYDEBUG rally_openstack.cleanup.manager [-] Deleting neutron.port object s_rally_36813a01_2hQWWp5Z (2309fa4c-64ee-4c1d-99b3-557873662f72)
2019-07-05 09:14:04.489 21662 RALLYDEBUG rally_openstack.cleanup.manager [-] Deleting neutron.port object s_rally_36813a01_Iw6ZEp2U (23310fbb-c6e9-44e0-a433-8b88f6290249)
2019-07-05 09:14:04.597 21662 RALLYDEBUG rally_openstack.cleanup.manager [-] Deleting neutron.port object s_rally_36813a01_EefOw7mA (23abdc03-46f1-4298-94dc-885bec1a4692)
2019-07-05 09:14:04.640 21662 RALLYDEBUG rally_openstack.cleanup.manager [-] Deleting neutron.port object s_rally_36813a01_GN09XCHz (24757c4f-a108-4eff-993f-5f3f6792865f)
2019-07-05 09:14:04.956 21662 RALLYDEBUG rally_openstack.cleanup.manager [-] Deleting neutron.port object s_rally_36813a01_6C7Xvrcj (24864129-942d-4781-8ce9-7894c3426ef7)
2019-07-05 09:14:04.990 21662 RALLYDEBUG rally_openstack.cleanup.manager [-] Deleting neutron.port object s_rally_36813a01_leXVsBXx (24e01eeb-1ea5-47ef-af7b-83408a168158)
2019-07-05 09:14:05.069 21662 RALLYDEBUG rally_openstack.cleanup.manager [-] Deleting neutron.port object s_rally_36813a01_fb92kIZs (268b7972-23a9-4ad2-aabe-203840bd2d9d)
2019-07-05 09:14:05.084 21662 RALLYDEBUG rally_openstack.cleanup.manager [-] Deleting neutron.port object s_rally_36813a01_ChETQ2An (278e559d-3766-4a5a-b84a-9ee60771cf99)
2019-07-05 09:14:05.135 21662 RALLYDEBUG rally_openstack.cleanup.manager [-] Deleting neutron.port object s_rally_36813a01_GBGQeLNc (27a83678-754d-40e4-b16c-f33c355ce3da)
2019-07-05 09:14:05.296 21662 RALLYDEBUG rally_openstack.cleanup.manager [-] Deleting neutron.port object s_rally_36813a01_RTn6tT9n (2844cc17-2d30-45fd-8075-53e7ae935be9)
2019-07-05 09:14:05.506 21662 RALLYDEBUG rally_openstack.cleanup.manager [-] Deleting neutron.port object s_rally_36813a01_86d81LHh (2897553b-9f05-49c8-99ec-215450915cc2)
2019-07-05 09:14:05.739 21662 RALLYDEBUG rally_openstack.cleanup.manager [-] Deleting neutron.port object s_rally_36813a01_3pHeU18s (28cbd229-fb34-4d90-ac7b-edf613cf4dea)
2019-07-05 09:14:05.795 21662 RALLYDEBUG rally_openstack.cleanup.manager [-] Deleting neutron.port object s_rally_36813a01_5q9Wo2lf (28d909f4-ccf5-4ee0-8f16-81bd3c9715c0)
2019-07-05 09:14:05.872 21662 RALLYDEBUG rally_openstack.cleanup.manager [-] Deleting neutron.port object s_rally_36813a01_BGVvZSsf (2906547e-177f-48ff-b20b-a9158da43256)
2019-07-05 09:14:06.039 21662 RALLYDEBUG rally_openstack.cleanup.manager [-] Deleting neutron.port object s_rally_36813a01_QLPrN5JG (29588192-e4d2-4f13-927b-5c0707479164)
2019-07-05 09:14:06.051 21662 RALLYDEBUG rally_openstack.cleanup.manager [-] Deleting neutron.port object s_rally_36813a01_oyklnbfq (2a172112-ceee-481d-9c78-88a0548850f5)
2019-07-05 09:14:06.203 21662 RALLYDEBUG rally_openstack.cleanup.manager [-] Deleting neutron.port object s_rally_36813a01_lSUh0B1n (2aaf3e40-9563-4f5c-8293-3829f424719c)
2019-07-05 09:14:06.248 21662 RALLYDEBUG rally_openstack.cleanup.manager [-] Deleting neutron.port object s_rally_36813a01_xAezptnr (2b07cb67-4dd7-4584-bcfa-005472163a02)
2019-07-05 09:14:06.343 21662 RALLYDEBUG rally_openstack.cleanup.manager [-] Deleting neutron.port object s_rally_36813a01_xMoCpbhK (2c4e0287-efb4-4bee-8253-5ac2f6d8c8d2)
2019-07-05 09:14:06.510 21662 RALLYDEBUG rally_openstack.cleanup.manager [-] Deleting neutron.port object s_rally_36813a01_IaTInMr6 (2d138504-ffd5-4dbd-9cab-6f555fc11bbb)
2019-07-05 09:14:06.691 21662 RALLYDEBUG rally_openstack.cleanup.manager [-] Deleting neutron.port object s_rally_36813a01_iHQRf3UH (2d142626-2d96-48e3-9839-6d8d8e703a42)
2019-07-05 09:14:06.794 21662 RALLYDEBUG rally_openstack.cleanup.manager [-] Deleting neutron.port object s_rally_36813a01_JFANJyox (2d1db1a0-5352-4993-a02a-223beb6a5c8f)
2019-07-05 09:14:06.866 21662 RALLYDEBUG rally_openstack.cleanup.manager [-] Deleting neutron.port object s_rally_36813a01_pNB59mLw (2d287bb2-8efe-43ad-a2c2-893660e847e7)
2019-07-05 09:14:06.977 21662 RALLYDEBUG rally_openstack.cleanup.manager [-] Deleting neutron.port object s_rally_36813a01_jelVqXtY (2dffc3df-70cd-4f20-ac6b-7e36f435667a)
2019-07-05 09:14:06.991 21662 RALLYDEBUG rally_openstack.cleanup.manager [-] Deleting neutron.port object s_rally_36813a01_PFgW5FLl (2e76ef2b-4bc0-4417-8205-7e1bee952395)
2019-07-05 09:14:07.315 21662 RALLYDEBUG rally_openstack.cleanup.manager [-] Deleting neutron.port object s_rally_36813a01_1NpfnUH3 (2eec3cd6-444d-405d-a385-a2ed81248d8f)
2019-07-05 09:14:07.329 21662 RALLYDEBUG rally_openstack.cleanup.manager [-] Deleting neutron.port object s_rally_36813a01_1eyREGZi (31ecbd94-5b91-4254-b273-62c6b6a9e274)
2019-07-05 09:14:07.389 21662 RALLYDEBUG rally_openstack.cleanup.manager [-] Deleting neutron.port object s_rally_36813a01_fwOodeOG (31f6d1f2-53ec-4989-b76d-f667a5638d9c)
2019-07-05 09:14:07.450 21662 RALLYDEBUG rally_openstack.cleanup.manager [-] Deleting neutron.port object s_rally_36813a01_Fnctaq2d (322d9179-efca-414d-9370-ac608adaa12c)
2019-07-05 09:14:07.664 21662 RALLYDEBUG rally_openstack.cleanup.manager [-] Deleting neutron.port object s_rally_36813a01_U5OqTLVO (323c8682-34df-4391-ac6b-5bfa7151d660)
2019-07-05 09:14:07.804 21662 RALLYDEBUG rally_openstack.cleanup.manager [-] Deleting neutron.port object s_rally_36813a01_FwysIkdY (327dc974-3d97-480c-8a16-9bb24c08d041)
2019-07-05 09:14:07.813 21662 RALLYDEBUG rally_openstack.cleanup.manager [-] Deleting neutron.port object s_rally_36813a01_WNj39FfU (328ae9fb-f3a5-46b4-acd6-9f266f9afa41)
2019-07-05 09:14:08.015 21662 RALLYDEBUG rally_openstack.cleanup.manager [-] Deleting neutron.port object s_rally_36813a01_kSzeLL5F (32a3a135-d045-4d0b-987e-683f8a332b97)
2019-07-05 09:14:08.103 21662 RALLYDEBUG rally_openstack.cleanup.manager [-] Deleting neutron.port object s_rally_36813a01_x44TXkMg (32a5cc92-d5a8-4115-8610-5b1210a33f5d)
2019-07-05 09:14:08.330 21662 RALLYDEBUG rally_openstack.cleanup.manager [-] Deleting neutron.port object s_rally_36813a01_eU8kWJDb (32fb45dc-e2b3-4d7e-8f90-667eee14ed6f)
2019-07-05 09:14:08.347 21662 RALLYDEBUG rally_openstack.cleanup.manager [-] Deleting neutron.port object s_rally_36813a01_aqvsJgLU (33c5e1f2-b290-4080-a888-a15f62dd9b4b)
2019-07-05 09:14:08.445 21662 RALLYDEBUG rally_openstack.cleanup.manager [-] Deleting neutron.port object s_rally_36813a01_ZSfPEZfi (3433680a-96ef-48fe-b46a-e176cd0f196d)
2019-07-05 09:14:08.740 21662 RALLYDEBUG rally_openstack.cleanup.manager [-] Deleting neutron.port object s_rally_36813a01_x8RXtUFA (34378321-d506-43c8-be0d-d011445cbe8b)
2019-07-05 09:14:08.913 21662 RALLYDEBUG rally_openstack.cleanup.manager [-] Deleting neutron.port object s_rally_36813a01_TEhzAYI9 (34549508-c201-46b9-9bf2-fa38f63c755d)
2019-07-05 09:14:08.922 21662 RALLYDEBUG rally_openstack.cleanup.manager [-] Deleting neutron.port object s_rally_36813a01_aZlqB7zp (346b79fa-ca67-4c36-9a97-f35e44e5c1ea)
