2019-07-05 07:25:52.222 8 RALLYDEBUG rally.api [-] INFO logs from urllib3 and requests module are hide.
2019-07-05 07:25:52.222 8 RALLYDEBUG rally.api [-] urllib3 insecure warnings are hidden.
2019-07-05 07:25:52.222 8 RALLYDEBUG rally.api [-] ERROR log from boto module is hide.
2019-07-05 07:25:54.015 8 ERROR rally.cli.cliutils [-] Unexpected exception in CLI: DBRecordNotFound: Record for uuid or name is opnfv-rally not found in table envs
2019-07-05 07:25:54.015 8 ERROR rally.cli.cliutils
Traceback (most recent call last):
2019-07-05 07:25:54.015 8 ERROR rally.cli.cliutils
File "/usr/lib/python2.7/site-packages/rally/cli/cliutils.py", line 674, in run
2019-07-05 07:25:54.015 8 ERROR rally.cli.cliutils ret = fn(*fn_args, **fn_kwargs)
2019-07-05 07:25:54.015 8 ERROR rally.cli.cliutils File "", line 2, in destroy
2019-07-05 07:25:54.015 8 ERROR rally.cli.cliutils
File "/usr/lib/python2.7/site-packages/rally/cli/envutils.py", line 69, in default_from_global
2019-07-05 07:25:54.015 8 ERROR rally.cli.cliutils return f(*args, **kwargs)
2019-07-05 07:25:54.015 8 ERROR rally.cli.cliutils File "", line 2, in destroy
2019-07-05 07:25:54.015 8 ERROR rally.cli.cliutils
File "/usr/lib/python2.7/site-packages/rally/plugins/__init__.py", line 51, in ensure_plugins_are_loaded
2019-07-05 07:25:54.015 8 ERROR rally.cli.cliutils return f(*args, **kwargs)
2019-07-05 07:25:54.015 8 ERROR rally.cli.cliutils
File "/usr/lib/python2.7/site-packages/rally/cli/commands/deployment.py", line 140, in destroy
2019-07-05 07:25:54.015 8 ERROR rally.cli.cliutils api.deployment.destroy(deployment=deployment)
2019-07-05 07:25:54.015 8 ERROR rally.cli.cliutils
File "/usr/lib/python2.7/site-packages/rally/api.py", line 115, in destroy
2019-07-05 07:25:54.015 8 ERROR rally.cli.cliutils deploy = objects.Deployment.get(deployment)
2019-07-05 07:25:54.015 8 ERROR rally.cli.cliutils
File "/usr/lib/python2.7/site-packages/rally/common/objects/deploy.py", line 124, in get
2019-07-05 07:25:54.015 8 ERROR rally.cli.cliutils return Deployment(env_mgr.EnvManager.get(deploy))
2019-07-05 07:25:54.015 8 ERROR rally.cli.cliutils
File "/usr/lib/python2.7/site-packages/rally/env/env_mgr.py", line 212, in get
2019-07-05 07:25:54.015 8 ERROR rally.cli.cliutils return cls(db.env_get(uuid_or_name))
2019-07-05 07:25:54.015 8 ERROR rally.cli.cliutils
File "/usr/lib/python2.7/site-packages/rally/common/db/api.py", line 135, in wrapper
2019-07-05 07:25:54.015 8 ERROR rally.cli.cliutils result = f(session, *args, **kwargs)
2019-07-05 07:25:54.015 8 ERROR rally.cli.cliutils
File "/usr/lib/python2.7/site-packages/rally/common/db/api.py", line 521, in env_get
2019-07-05 07:25:54.015 8 ERROR rally.cli.cliutils criteria="uuid or name is %s" % uuid_or_name, table="envs")
2019-07-05 07:25:54.015 8 ERROR rally.cli.cliutils DBRecordNotFound: Record for uuid or name is opnfv-rally not found in table envs
2019-07-05 07:25:54.015 8 ERROR rally.cli.cliutils
2019-07-05 07:25:54.861 10 RALLYDEBUG rally.api [-] INFO logs from urllib3 and requests module are hide.
2019-07-05 07:25:54.862 10 RALLYDEBUG rally.api [-] urllib3 insecure warnings are hidden.
2019-07-05 07:25:54.862 10 RALLYDEBUG rally.api [-] ERROR log from boto module is hide.
2019-07-05 07:25:56.519 10 WARNING rally_openstack.platforms.existing [-] endpoint is deprecated and not used.
2019-07-05 07:25:57.610 12 RALLYDEBUG rally.api [-] INFO logs from urllib3 and requests module are hide.
2019-07-05 07:25:57.610 12 RALLYDEBUG rally.api [-] urllib3 insecure warnings are hidden.
2019-07-05 07:25:57.610 12 RALLYDEBUG rally.api [-] ERROR log from boto module is hide.
2019-07-05 07:26:00.848 15 RALLYDEBUG rally.api [-] INFO logs from urllib3 and requests module are hide.
2019-07-05 07:26:00.848 15 RALLYDEBUG rally.api [-] urllib3 insecure warnings are hidden.
2019-07-05 07:26:00.848 15 RALLYDEBUG rally.api [-] ERROR log from boto module is hide.
2019-07-05 07:26:01.952 17 RALLYDEBUG rally.api [-] INFO logs from urllib3 and requests module are hide.
2019-07-05 07:26:01.952 17 RALLYDEBUG rally.api [-] urllib3 insecure warnings are hidden.
2019-07-05 07:26:01.952 17 RALLYDEBUG rally.api [-] ERROR log from boto module is hide.
2019-07-05 07:26:03.309 17 INFO rally.task.engine [-] Task 0499b942-899b-48dd-8c5f-e492bd71777b | Starting: Task validation.
2019-07-05 07:26:03.360 17 INFO rally.task.engine [-] Task 0499b942-899b-48dd-8c5f-e492bd71777b | Starting: Task validation of syntax.
2019-07-05 07:26:03.453 17 INFO rally.task.engine [-] Task 0499b942-899b-48dd-8c5f-e492bd71777b | Completed: Task validation of syntax.
2019-07-05 07:26:03.453 17 INFO rally.task.engine [-] Task 0499b942-899b-48dd-8c5f-e492bd71777b | Starting: Task validation of required platforms.
2019-07-05 07:26:03.491 17 INFO rally.task.engine [-] Task 0499b942-899b-48dd-8c5f-e492bd71777b | Completed: Task validation of required platforms.
2019-07-05 07:26:03.492 17 INFO rally.task.engine [-] Task 0499b942-899b-48dd-8c5f-e492bd71777b | Starting: Task validation of semantic.
2019-07-05 07:26:03.492 17 INFO rally.task.engine [-] Check health of the environment 'ea287106-b9f6-4381-bbd3-53bc14f324cb'.
2019-07-05 07:26:04.074 17 INFO rally.task.engine [-] Platform existing@openstack (available: True): OK!
2019-07-05 07:26:04.092 17 RALLYDEBUG rally_openstack.contexts.keystone.users [-] Creating 1 tenants using 20 threads
2019-07-05 07:26:04.958 17 RALLYDEBUG rally_openstack.contexts.keystone.users [-] Creating 1 users using 20 threads
2019-07-05 07:26:06.311 17 INFO rally.task.context [-] Task 0499b942-899b-48dd-8c5f-e492bd71777b | Context users@openstack setup() finished in 2.22 sec
2019-07-05 07:26:06.369 17 INFO rally.task.context [-] Task 0499b942-899b-48dd-8c5f-e492bd71777b | Context users@openstack cleanup() started
2019-07-05 07:26:09.518 17 INFO rally.task.context [-] Task 0499b942-899b-48dd-8c5f-e492bd71777b | Context users@openstack cleanup() finished in 3.15 sec
2019-07-05 07:26:09.519 17 INFO rally.task.engine [-] Task 0499b942-899b-48dd-8c5f-e492bd71777b | Completed: Task validation of semantic.
2019-07-05 07:26:09.519 17 INFO rally.task.engine [-] Task 0499b942-899b-48dd-8c5f-e492bd71777b | Completed: Task validation.
2019-07-05 07:26:09.520 17 INFO rally.api [-] Task 0499b942-899b-48dd-8c5f-e492bd71777b input file is valid.
2019-07-05 07:26:09.520 17 INFO rally.api [-] Run Task 0499b942-899b-48dd-8c5f-e492bd71777b against Deployment ea287106-b9f6-4381-bbd3-53bc14f324cb
2019-07-05 07:26:09.520 17 INFO rally.task.engine [-] Task 0499b942-899b-48dd-8c5f-e492bd71777b | Starting: Running task.
2019-07-05 07:26:09.693 17 INFO rally.task.engine [-] Running workload: position = 0 config = { "version": 2, "title": "A cropped version of a bigger task.", "description": "Auto-generated task from a single workload (uuid=66eaa9f9-a722-40ae-9502-ff69c3116bdc)", "subtasks": [ { "title": "Authenticate.keystone", "description": "Check Keystone Client.", "scenario": { "Authenticate.keystone": {} }, "contexts": { "users": { "tenants": 3, "users_per_tenant": 2 } }, "runner": { "constant": { "concurrency": 4, "times": 10 } }, "hooks": [], "sla": { "failure_rate": { "max": 0 } } } ] }
2019-07-05 07:26:09.714 17 RALLYDEBUG rally_openstack.contexts.keystone.users [-] Creating 3 tenants using 20 threads
2019-07-05 07:26:10.712 17 RALLYDEBUG rally_openstack.contexts.keystone.users [-] Creating 6 users using 20 threads
2019-07-05 07:26:12.267 17 INFO rally.task.context [-] Task 0499b942-899b-48dd-8c5f-e492bd71777b | Context users@openstack setup() finished in 2.55 sec
2019-07-05 07:26:12.275 17 RALLYDEBUG rally.task.runner [-] Starting the constant runner (task UUID: 0499b942-899b-48dd-8c5f-e492bd71777b). timeout: 0 concurrency: 4 concurrency_per_worker: 1 times: 10 concurrency_overhead: 0 processes_to_start: 4 max_cpu_used: 16
2019-07-05 07:26:12.290 141 RALLYDEBUG rally.task.runner [-] Starting a worker. concurrency: 1 args: {} times: 10 method_name: run timeout: 0 duration: None cls:
2019-07-05 07:26:12.291 142 RALLYDEBUG rally.task.runner [-] Starting a worker. concurrency: 1 args: {} times: 10 method_name: run timeout: 0 duration: None cls:
2019-07-05 07:26:12.295 143 RALLYDEBUG rally.task.runner [-] Starting a worker. concurrency: 1 args: {} times: 10 method_name: run timeout: 0 duration: None cls:
2019-07-05 07:26:12.297 142 INFO rally.task.runner [-] Task 0499b942-899b-48dd-8c5f-e492bd71777b | ITER: 2 START
2019-07-05 07:26:12.297 141 INFO rally.task.runner [-] Task 0499b942-899b-48dd-8c5f-e492bd71777b | ITER: 1 START
2019-07-05 07:26:12.298 144 RALLYDEBUG rally.task.runner [-] Starting a worker. concurrency: 1 args: {} times: 10 method_name: run timeout: 0 duration: None cls:
2019-07-05 07:26:12.302 143 INFO rally.task.runner [-] Task 0499b942-899b-48dd-8c5f-e492bd71777b | ITER: 3 START
2019-07-05 07:26:12.304 144 INFO rally.task.runner [-] Task 0499b942-899b-48dd-8c5f-e492bd71777b | ITER: 4 START
2019-07-05 07:26:12.734 144 INFO rally.task.runner [-] Task 0499b942-899b-48dd-8c5f-e492bd71777b | ITER: 4 END: OK
2019-07-05 07:26:12.737 144 INFO rally.task.runner [-] Task 0499b942-899b-48dd-8c5f-e492bd71777b | ITER: 5 START
2019-07-05 07:26:12.769 143 INFO rally.task.runner [-] Task 0499b942-899b-48dd-8c5f-e492bd71777b | ITER: 3 END: OK
2019-07-05 07:26:12.769 141 INFO rally.task.runner [-] Task 0499b942-899b-48dd-8c5f-e492bd71777b | ITER: 1 END: OK
2019-07-05 07:26:12.773 143 INFO rally.task.runner [-] Task 0499b942-899b-48dd-8c5f-e492bd71777b | ITER: 6 START
2019-07-05 07:26:12.774 141 INFO rally.task.runner [-] Task 0499b942-899b-48dd-8c5f-e492bd71777b | ITER: 7 START
2019-07-05 07:26:12.776 142 INFO rally.task.runner [-] Task 0499b942-899b-48dd-8c5f-e492bd71777b | ITER: 2 END: OK
2019-07-05 07:26:12.779 142 INFO rally.task.runner [-] Task 0499b942-899b-48dd-8c5f-e492bd71777b | ITER: 8 START
2019-07-05 07:26:13.084 144 INFO rally.task.runner [-] Task 0499b942-899b-48dd-8c5f-e492bd71777b | ITER: 5 END: OK
2019-07-05 07:26:13.088 144 INFO rally.task.runner [-] Task 0499b942-899b-48dd-8c5f-e492bd71777b | ITER: 9 START
2019-07-05 07:26:13.115 141 INFO rally.task.runner [-] Task 0499b942-899b-48dd-8c5f-e492bd71777b | ITER: 7 END: OK
2019-07-05 07:26:13.120 141 INFO rally.task.runner [-] Task 0499b942-899b-48dd-8c5f-e492bd71777b | ITER: 10 START
2019-07-05 07:26:13.129 142 INFO rally.task.runner [-] Task 0499b942-899b-48dd-8c5f-e492bd71777b | ITER: 8 END: OK
2019-07-05 07:26:13.216 143 INFO rally.task.runner [-] Task 0499b942-899b-48dd-8c5f-e492bd71777b | ITER: 6 END: OK
2019-07-05 07:26:13.426 144 INFO rally.task.runner [-] Task 0499b942-899b-48dd-8c5f-e492bd71777b | ITER: 9 END: OK
2019-07-05 07:26:13.565 141 INFO rally.task.runner [-] Task 0499b942-899b-48dd-8c5f-e492bd71777b | ITER: 10 END: OK
2019-07-05 07:26:13.594 17 INFO rally.task.context [-] Task 0499b942-899b-48dd-8c5f-e492bd71777b | Context users@openstack cleanup() started
2019-07-05 07:26:18.249 17 INFO rally.task.context [-] Task 0499b942-899b-48dd-8c5f-e492bd71777b | Context users@openstack cleanup() finished in 4.66 sec
2019-07-05 07:26:19.771 17 INFO rally.task.engine [-] Load duration is: 1.266244
2019-07-05 07:26:19.771 17 INFO rally.task.engine [-] Full runner duration is: 1.319066
2019-07-05 07:26:19.771 17 INFO rally.task.engine [-] Full duration is: 8.539739
2019-07-05 07:26:20.023 17 INFO rally.task.engine [-] Running workload: position = 0 config = { "version": 2, "title": "A cropped version of a bigger task.", "description": "Auto-generated task from a single workload (uuid=2050488c-5e37-41de-a783-2dbf8716cc10)", "subtasks": [ { "title": "Authenticate.validate_cinder", "description": "Check Cinder Client to ensure validation of token.", "scenario": { "Authenticate.validate_cinder": { "repetitions": 2 } }, "contexts": { "users": { "tenants": 3, "users_per_tenant": 2 } }, "runner": { "constant": { "concurrency": 4, "times": 10 } }, "hooks": [], "sla": { "failure_rate": { "max": 0 } } } ] }
2019-07-05 07:26:20.049 17 RALLYDEBUG rally_openstack.contexts.keystone.users [-] Creating 3 tenants using 20 threads
2019-07-05 07:26:21.122 17 RALLYDEBUG rally_openstack.contexts.keystone.users [-] Creating 6 users using 20 threads
2019-07-05 07:26:22.868 17 INFO rally.task.context [-] Task 0499b942-899b-48dd-8c5f-e492bd71777b | Context users@openstack setup() finished in 2.82 sec
2019-07-05 07:26:22.877 17 RALLYDEBUG rally.task.runner [-] Starting the constant runner (task UUID: 0499b942-899b-48dd-8c5f-e492bd71777b). timeout: 0 concurrency: 4 concurrency_per_worker: 1 times: 10 concurrency_overhead: 0 processes_to_start: 4 max_cpu_used: 16
2019-07-05 07:26:22.889 245 RALLYDEBUG rally.task.runner [-] Starting a worker. concurrency: 1 args: {"repetitions": 2} times: 10 method_name: run timeout: 0 duration: None cls:
2019-07-05 07:26:22.894 246 RALLYDEBUG rally.task.runner [-] Starting a worker. concurrency: 1 args: {"repetitions": 2} times: 10 method_name: run timeout: 0 duration: None cls:
2019-07-05 07:26:22.895 245 INFO rally.task.runner [-] Task 0499b942-899b-48dd-8c5f-e492bd71777b | ITER: 1 START
2019-07-05 07:26:22.897 247 RALLYDEBUG rally.task.runner [-] Starting a worker. concurrency: 1 args: {"repetitions": 2} times: 10 method_name: run timeout: 0 duration: None cls:
2019-07-05 07:26:22.900 248 RALLYDEBUG rally.task.runner [-] Starting a worker. concurrency: 1 args: {"repetitions": 2} times: 10 method_name: run timeout: 0 duration: None cls:
2019-07-05 07:26:22.901 246 INFO rally.task.runner [-] Task 0499b942-899b-48dd-8c5f-e492bd71777b | ITER: 2 START
2019-07-05 07:26:22.904 247 INFO rally.task.runner [-] Task 0499b942-899b-48dd-8c5f-e492bd71777b | ITER: 3 START
2019-07-05 07:26:22.908 248 INFO rally.task.runner [-] Task 0499b942-899b-48dd-8c5f-e492bd71777b | ITER: 4 START
2019-07-05 07:26:23.538 247 INFO rally.task.runner [-] Task 0499b942-899b-48dd-8c5f-e492bd71777b | ITER: 3 END: OK
2019-07-05 07:26:23.543 247 INFO rally.task.runner [-] Task 0499b942-899b-48dd-8c5f-e492bd71777b | ITER: 5 START
2019-07-05 07:26:23.545 246 INFO rally.task.runner [-] Task 0499b942-899b-48dd-8c5f-e492bd71777b | ITER: 2 END: OK
2019-07-05 07:26:23.545 245 INFO rally.task.runner [-] Task 0499b942-899b-48dd-8c5f-e492bd71777b | ITER: 1 END: OK
2019-07-05 07:26:23.549 245 INFO rally.task.runner [-] Task 0499b942-899b-48dd-8c5f-e492bd71777b | ITER: 6 START
2019-07-05 07:26:23.550 246 INFO rally.task.runner [-] Task 0499b942-899b-48dd-8c5f-e492bd71777b | ITER: 7 START
2019-07-05 07:26:23.557 248 INFO rally.task.runner [-] Task 0499b942-899b-48dd-8c5f-e492bd71777b | ITER: 4 END: OK
2019-07-05 07:26:23.561 248 INFO rally.task.runner [-] Task 0499b942-899b-48dd-8c5f-e492bd71777b | ITER: 8 START
2019-07-05 07:26:23.956 247 INFO rally.task.runner [-] Task 0499b942-899b-48dd-8c5f-e492bd71777b | ITER: 5 END: OK
2019-07-05 07:26:23.960 247 INFO rally.task.runner [-] Task 0499b942-899b-48dd-8c5f-e492bd71777b | ITER: 9 START
2019-07-05 07:26:24.064 248 INFO rally.task.runner [-] Task 0499b942-899b-48dd-8c5f-e492bd71777b | ITER: 8 END: OK
2019-07-05 07:26:24.069 248 INFO rally.task.runner [-] Task 0499b942-899b-48dd-8c5f-e492bd71777b | ITER: 10 START
2019-07-05 07:26:24.386 245 INFO rally.task.runner [-] Task 0499b942-899b-48dd-8c5f-e492bd71777b | ITER: 6 END: OK
2019-07-05 07:26:24.418 247 INFO rally.task.runner [-] Task 0499b942-899b-48dd-8c5f-e492bd71777b | ITER: 9 END: OK
2019-07-05 07:26:24.426 246 INFO rally.task.runner [-] Task 0499b942-899b-48dd-8c5f-e492bd71777b | ITER: 7 END: OK
2019-07-05 07:26:24.479 248 INFO rally.task.runner [-] Task 0499b942-899b-48dd-8c5f-e492bd71777b | ITER: 10 END: OK
2019-07-05 07:26:24.509 17 INFO rally.task.context [-] Task 0499b942-899b-48dd-8c5f-e492bd71777b | Context users@openstack cleanup() started
2019-07-05 07:26:29.332 17 INFO rally.task.context [-] Task 0499b942-899b-48dd-8c5f-e492bd71777b | Context users@openstack cleanup() finished in 4.82 sec
2019-07-05 07:26:30.125 17 INFO rally.task.engine [-] Load duration is: 1.581752
2019-07-05 07:26:30.125 17 INFO rally.task.engine [-] Full runner duration is: 1.631813
2019-07-05 07:26:30.125 17 INFO rally.task.engine [-] Full duration is: 9.286453
2019-07-05 07:26:30.458 17 INFO rally.task.engine [-] Running workload: position = 0 config = { "version": 2, "title": "A cropped version of a bigger task.", "description": "Auto-generated task from a single workload (uuid=8392b045-b66c-485b-a317-a6e59ff22dfe)", "subtasks": [ { "title": "Authenticate.validate_glance", "description": "Check Glance Client to ensure validation of token.", "scenario": { "Authenticate.validate_glance": { "repetitions": 2 } }, "contexts": { "users": { "tenants": 3, "users_per_tenant": 2 } }, "runner": { "constant": { "concurrency": 4, "times": 10 } }, "hooks": [], "sla": { "failure_rate": { "max": 0 } } } ] }
2019-07-05 07:26:30.483 17 RALLYDEBUG rally_openstack.contexts.keystone.users [-] Creating 3 tenants using 20 threads
2019-07-05 07:26:31.570 17 RALLYDEBUG rally_openstack.contexts.keystone.users [-] Creating 6 users using 20 threads
2019-07-05 07:26:33.373 17 INFO rally.task.context [-] Task 0499b942-899b-48dd-8c5f-e492bd71777b | Context users@openstack setup() finished in 2.89 sec
2019-07-05 07:26:33.381 17 RALLYDEBUG rally.task.runner [-] Starting the constant runner (task UUID: 0499b942-899b-48dd-8c5f-e492bd71777b). timeout: 0 concurrency: 4 concurrency_per_worker: 1 times: 10 concurrency_overhead: 0 processes_to_start: 4 max_cpu_used: 16
2019-07-05 07:26:33.394 349 RALLYDEBUG rally.task.runner [-] Starting a worker. concurrency: 1 args: {"repetitions": 2} times: 10 method_name: run timeout: 0 duration: None cls:
2019-07-05 07:26:33.397 350 RALLYDEBUG rally.task.runner [-] Starting a worker. concurrency: 1 args: {"repetitions": 2} times: 10 method_name: run timeout: 0 duration: None cls:
2019-07-05 07:26:33.400 351 RALLYDEBUG rally.task.runner [-] Starting a worker. concurrency: 1 args: {"repetitions": 2} times: 10 method_name: run timeout: 0 duration: None cls:
2019-07-05 07:26:33.402 349 INFO rally.task.runner [-] Task 0499b942-899b-48dd-8c5f-e492bd71777b | ITER: 1 START
2019-07-05 07:26:33.403 352 RALLYDEBUG rally.task.runner [-] Starting a worker. concurrency: 1 args: {"repetitions": 2} times: 10 method_name: run timeout: 0 duration: None cls:
2019-07-05 07:26:33.405 350 INFO rally.task.runner [-] Task 0499b942-899b-48dd-8c5f-e492bd71777b | ITER: 2 START
2019-07-05 07:26:33.408 351 INFO rally.task.runner [-] Task 0499b942-899b-48dd-8c5f-e492bd71777b | ITER: 3 START
2019-07-05 07:26:33.410 352 INFO rally.task.runner [-] Task 0499b942-899b-48dd-8c5f-e492bd71777b | ITER: 4 START
2019-07-05 07:26:34.143 352 INFO rally.task.runner [-] Task 0499b942-899b-48dd-8c5f-e492bd71777b | ITER: 4 END: OK
2019-07-05 07:26:34.148 352 INFO rally.task.runner [-] Task 0499b942-899b-48dd-8c5f-e492bd71777b | ITER: 5 START
2019-07-05 07:26:34.164 349 INFO rally.task.runner [-] Task 0499b942-899b-48dd-8c5f-e492bd71777b | ITER: 1 END: OK
2019-07-05 07:26:34.169 349 INFO rally.task.runner [-] Task 0499b942-899b-48dd-8c5f-e492bd71777b | ITER: 6 START
2019-07-05 07:26:34.186 350 INFO rally.task.runner [-] Task 0499b942-899b-48dd-8c5f-e492bd71777b | ITER: 2 END: OK
2019-07-05 07:26:34.191 350 INFO rally.task.runner [-] Task 0499b942-899b-48dd-8c5f-e492bd71777b | ITER: 7 START
2019-07-05 07:26:34.201 351 INFO rally.task.runner [-] Task 0499b942-899b-48dd-8c5f-e492bd71777b | ITER: 3 END: OK
2019-07-05 07:26:34.206 351 INFO rally.task.runner [-] Task 0499b942-899b-48dd-8c5f-e492bd71777b | ITER: 8 START
2019-07-05 07:26:34.738 352 INFO rally.task.runner [-] Task 0499b942-899b-48dd-8c5f-e492bd71777b | ITER: 5 END: OK
2019-07-05 07:26:34.742 352 INFO rally.task.runner [-] Task 0499b942-899b-48dd-8c5f-e492bd71777b | ITER: 9 START
2019-07-05 07:26:34.750 350 INFO rally.task.runner [-] Task 0499b942-899b-48dd-8c5f-e492bd71777b | ITER: 7 END: OK
2019-07-05 07:26:34.754 350 INFO rally.task.runner [-] Task 0499b942-899b-48dd-8c5f-e492bd71777b | ITER: 10 START
2019-07-05 07:26:34.803 349 INFO rally.task.runner [-] Task 0499b942-899b-48dd-8c5f-e492bd71777b | ITER: 6 END: OK
2019-07-05 07:26:34.960 351 INFO rally.task.runner [-] Task 0499b942-899b-48dd-8c5f-e492bd71777b | ITER: 8 END: OK
2019-07-05 07:26:35.315 352 INFO rally.task.runner [-] Task 0499b942-899b-48dd-8c5f-e492bd71777b | ITER: 9 END: OK
2019-07-05 07:26:35.344 350 INFO rally.task.runner [-] Task 0499b942-899b-48dd-8c5f-e492bd71777b | ITER: 10 END: OK
2019-07-05 07:26:35.370 17 INFO rally.task.context [-] Task 0499b942-899b-48dd-8c5f-e492bd71777b | Context users@openstack cleanup() started
2019-07-05 07:26:40.490 17 INFO rally.task.context [-] Task 0499b942-899b-48dd-8c5f-e492bd71777b | Context users@openstack cleanup() finished in 5.12 sec
2019-07-05 07:26:40.571 17 INFO rally.task.engine [-] Load duration is: 1.939819
2019-07-05 07:26:40.571 17 INFO rally.task.engine [-] Full runner duration is: 1.9891
2019-07-05 07:26:40.571 17 INFO rally.task.engine [-] Full duration is: 10.009768
2019-07-05 07:26:41.059 17 INFO rally.task.engine [-] Running workload: position = 0 config = { "version": 2, "title": "A cropped version of a bigger task.", "description": "Auto-generated task from a single workload (uuid=67f4531a-eab2-4c38-b120-ec1ef9f12862)", "subtasks": [ { "title": "Authenticate.validate_heat", "description": "Check Heat Client to ensure validation of token.", "scenario": { "Authenticate.validate_heat": { "repetitions": 2 } }, "contexts": { "users": { "tenants": 3, "users_per_tenant": 2 } }, "runner": { "constant": { "concurrency": 4, "times": 10 } }, "hooks": [], "sla": { "failure_rate": { "max": 0 } } } ] }
2019-07-05 07:26:41.085 17 RALLYDEBUG rally_openstack.contexts.keystone.users [-] Creating 3 tenants using 20 threads
2019-07-05 07:26:42.170 17 RALLYDEBUG rally_openstack.contexts.keystone.users [-] Creating 6 users using 20 threads
2019-07-05 07:26:43.831 17 INFO rally.task.context [-] Task 0499b942-899b-48dd-8c5f-e492bd71777b | Context users@openstack setup() finished in 2.75 sec
2019-07-05 07:26:43.839 17 RALLYDEBUG rally.task.runner [-] Starting the constant runner (task UUID: 0499b942-899b-48dd-8c5f-e492bd71777b). timeout: 0 concurrency: 4 concurrency_per_worker: 1 times: 10 concurrency_overhead: 0 processes_to_start: 4 max_cpu_used: 16
2019-07-05 07:26:43.853 453 RALLYDEBUG rally.task.runner [-] Starting a worker. concurrency: 1 args: {"repetitions": 2} times: 10 method_name: run timeout: 0 duration: None cls:
2019-07-05 07:26:43.856 454 RALLYDEBUG rally.task.runner [-] Starting a worker. concurrency: 1 args: {"repetitions": 2} times: 10 method_name: run timeout: 0 duration: None cls:
2019-07-05 07:26:43.858 455 RALLYDEBUG rally.task.runner [-] Starting a worker. concurrency: 1 args: {"repetitions": 2} times: 10 method_name: run timeout: 0 duration: None cls:
2019-07-05 07:26:43.860 453 INFO rally.task.runner [-] Task 0499b942-899b-48dd-8c5f-e492bd71777b | ITER: 1 START
2019-07-05 07:26:43.861 456 RALLYDEBUG rally.task.runner [-] Starting a worker. concurrency: 1 args: {"repetitions": 2} times: 10 method_name: run timeout: 0 duration: None cls:
2019-07-05 07:26:43.863 454 INFO rally.task.runner [-] Task 0499b942-899b-48dd-8c5f-e492bd71777b | ITER: 2 START
2019-07-05 07:26:43.866 455 INFO rally.task.runner [-] Task 0499b942-899b-48dd-8c5f-e492bd71777b | ITER: 3 START
2019-07-05 07:26:43.868 456 INFO rally.task.runner [-] Task 0499b942-899b-48dd-8c5f-e492bd71777b | ITER: 4 START
2019-07-05 07:26:44.918 453 INFO rally.task.runner [-] Task 0499b942-899b-48dd-8c5f-e492bd71777b | ITER: 1 END: OK
2019-07-05 07:26:44.923 453 INFO rally.task.runner [-] Task 0499b942-899b-48dd-8c5f-e492bd71777b | ITER: 5 START
2019-07-05 07:26:44.960 454 INFO rally.task.runner [-] Task 0499b942-899b-48dd-8c5f-e492bd71777b | ITER: 2 END: OK
2019-07-05 07:26:44.965 454 INFO rally.task.runner [-] Task 0499b942-899b-48dd-8c5f-e492bd71777b | ITER: 6 START
2019-07-05 07:26:44.984 455 INFO rally.task.runner [-] Task 0499b942-899b-48dd-8c5f-e492bd71777b | ITER: 3 END: OK
2019-07-05 07:26:44.988 455 INFO rally.task.runner [-] Task 0499b942-899b-48dd-8c5f-e492bd71777b | ITER: 7 START
2019-07-05 07:26:45.071 456 INFO rally.task.runner [-] Task 0499b942-899b-48dd-8c5f-e492bd71777b | ITER: 4 END: OK
2019-07-05 07:26:45.076 456 INFO rally.task.runner [-] Task 0499b942-899b-48dd-8c5f-e492bd71777b | ITER: 8 START
2019-07-05 07:26:46.160 453 INFO rally.task.runner [-] Task 0499b942-899b-48dd-8c5f-e492bd71777b | ITER: 5 END: OK
2019-07-05 07:26:46.164 453 INFO rally.task.runner [-] Task 0499b942-899b-48dd-8c5f-e492bd71777b | ITER: 9 START
2019-07-05 07:26:46.173 455 INFO rally.task.runner [-] Task 0499b942-899b-48dd-8c5f-e492bd71777b | ITER: 7 END: OK
2019-07-05 07:26:46.176 456 INFO rally.task.runner [-] Task 0499b942-899b-48dd-8c5f-e492bd71777b | ITER: 8 END: OK
2019-07-05 07:26:46.178 455 INFO rally.task.runner [-] Task 0499b942-899b-48dd-8c5f-e492bd71777b | ITER: 10 START
2019-07-05 07:26:46.233 454 INFO rally.task.runner [-] Task 0499b942-899b-48dd-8c5f-e492bd71777b | ITER: 6 END: OK
2019-07-05 07:26:46.623 453 INFO rally.task.runner [-] Task 0499b942-899b-48dd-8c5f-e492bd71777b | ITER: 9 END: OK
2019-07-05 07:26:46.642 455 INFO rally.task.runner [-] Task 0499b942-899b-48dd-8c5f-e492bd71777b | ITER: 10 END: OK
2019-07-05 07:26:46.666 17 INFO rally.task.context [-] Task 0499b942-899b-48dd-8c5f-e492bd71777b | Context users@openstack cleanup() started
2019-07-05 07:26:51.424 17 INFO rally.task.context [-] Task 0499b942-899b-48dd-8c5f-e492bd71777b | Context users@openstack cleanup() finished in 4.76 sec
2019-07-05 07:26:53.164 17 INFO rally.task.engine [-] Load duration is: 2.779662
2019-07-05 07:26:53.164 17 INFO rally.task.engine [-] Full runner duration is: 2.827032
2019-07-05 07:26:53.165 17 INFO rally.task.engine [-] Full duration is: 10.34182
2019-07-05 07:26:53.699 17 INFO rally.task.engine [-] Running workload: position = 0 config = { "version": 2, "title": "A cropped version of a bigger task.", "description": "Auto-generated task from a single workload (uuid=232bd222-8c40-4516-94b9-65bd60961233)", "subtasks": [ { "title": "Authenticate.validate_neutron", "description": "Check Neutron Client to ensure validation of token.", "scenario": { "Authenticate.validate_neutron": { "repetitions": 2 } }, "contexts": { "users": { "tenants": 3, "users_per_tenant": 2 } }, "runner": { "constant": { "concurrency": 4, "times": 10 } }, "hooks": [], "sla": { "failure_rate": { "max": 0 } } } ] }
2019-07-05 07:26:53.724 17 RALLYDEBUG rally_openstack.contexts.keystone.users [-] Creating 3 tenants using 20 threads
2019-07-05 07:26:54.909 17 RALLYDEBUG rally_openstack.contexts.keystone.users [-] Creating 6 users using 20 threads
2019-07-05 07:26:56.540 17 INFO rally.task.context [-] Task 0499b942-899b-48dd-8c5f-e492bd71777b | Context users@openstack setup() finished in 2.82 sec
2019-07-05 07:26:56.548 17 RALLYDEBUG rally.task.runner [-] Starting the constant runner (task UUID: 0499b942-899b-48dd-8c5f-e492bd71777b). timeout: 0 concurrency: 4 concurrency_per_worker: 1 times: 10 concurrency_overhead: 0 processes_to_start: 4 max_cpu_used: 16
2019-07-05 07:26:56.562 557 RALLYDEBUG rally.task.runner [-] Starting a worker. concurrency: 1 args: {"repetitions": 2} times: 10 method_name: run timeout: 0 duration: None cls:
2019-07-05 07:26:56.564 558 RALLYDEBUG rally.task.runner [-] Starting a worker. concurrency: 1 args: {"repetitions": 2} times: 10 method_name: run timeout: 0 duration: None cls:
2019-07-05 07:26:56.568 559 RALLYDEBUG rally.task.runner [-] Starting a worker. concurrency: 1 args: {"repetitions": 2} times: 10 method_name: run timeout: 0 duration: None cls:
2019-07-05 07:26:56.569 557 INFO rally.task.runner [-] Task 0499b942-899b-48dd-8c5f-e492bd71777b | ITER: 1 START
2019-07-05 07:26:56.570 560 RALLYDEBUG rally.task.runner [-] Starting a worker. concurrency: 1 args: {"repetitions": 2} times: 10 method_name: run timeout: 0 duration: None cls:
2019-07-05 07:26:56.572 558 INFO rally.task.runner [-] Task 0499b942-899b-48dd-8c5f-e492bd71777b | ITER: 2 START
2019-07-05 07:26:56.575 559 INFO rally.task.runner [-] Task 0499b942-899b-48dd-8c5f-e492bd71777b | ITER: 3 START
2019-07-05 07:26:56.578 560 INFO rally.task.runner [-] Task 0499b942-899b-48dd-8c5f-e492bd71777b | ITER: 4 START
2019-07-05 07:26:57.317 557 INFO rally.task.runner [-] Task 0499b942-899b-48dd-8c5f-e492bd71777b | ITER: 1 END: OK
2019-07-05 07:26:57.322 557 INFO rally.task.runner [-] Task 0499b942-899b-48dd-8c5f-e492bd71777b | ITER: 5 START
2019-07-05 07:26:57.350 559 INFO rally.task.runner [-] Task 0499b942-899b-48dd-8c5f-e492bd71777b | ITER: 3 END: OK
2019-07-05 07:26:57.355 559 INFO rally.task.runner [-] Task 0499b942-899b-48dd-8c5f-e492bd71777b | ITER: 6 START
2019-07-05 07:26:57.360 558 INFO rally.task.runner [-] Task 0499b942-899b-48dd-8c5f-e492bd71777b | ITER: 2 END: OK
2019-07-05 07:26:57.365 558 INFO rally.task.runner [-] Task 0499b942-899b-48dd-8c5f-e492bd71777b | ITER: 7 START
2019-07-05 07:26:57.593 560 INFO rally.task.runner [-] Task 0499b942-899b-48dd-8c5f-e492bd71777b | ITER: 4 END: OK
2019-07-05 07:26:57.598 560 INFO rally.task.runner [-] Task 0499b942-899b-48dd-8c5f-e492bd71777b | ITER: 8 START
2019-07-05 07:26:57.910 559 INFO rally.task.runner [-] Task 0499b942-899b-48dd-8c5f-e492bd71777b | ITER: 6 END: OK
2019-07-05 07:26:57.914 559 INFO rally.task.runner [-] Task 0499b942-899b-48dd-8c5f-e492bd71777b | ITER: 9 START
2019-07-05 07:26:57.974 557 INFO rally.task.runner [-] Task 0499b942-899b-48dd-8c5f-e492bd71777b | ITER: 5 END: OK
2019-07-05 07:26:57.978 557 INFO rally.task.runner [-] Task 0499b942-899b-48dd-8c5f-e492bd71777b | ITER: 10 START
2019-07-05 07:26:58.017 558 INFO rally.task.runner [-] Task 0499b942-899b-48dd-8c5f-e492bd71777b | ITER: 7 END: OK
2019-07-05 07:26:58.435 560 INFO rally.task.runner [-] Task 0499b942-899b-48dd-8c5f-e492bd71777b | ITER: 8 END: OK
2019-07-05 07:26:58.458 559 INFO rally.task.runner [-] Task 0499b942-899b-48dd-8c5f-e492bd71777b | ITER: 9 END: OK
2019-07-05 07:26:58.531 557 INFO rally.task.runner [-] Task 0499b942-899b-48dd-8c5f-e492bd71777b | ITER: 10 END: OK
2019-07-05 07:26:58.560 17 INFO rally.task.context [-] Task 0499b942-899b-48dd-8c5f-e492bd71777b | Context users@openstack cleanup() started
2019-07-05 07:27:03.356 17 INFO rally.task.context [-] Task 0499b942-899b-48dd-8c5f-e492bd71777b | Context users@openstack cleanup() finished in 4.80 sec
2019-07-05 07:27:03.824 17 INFO rally.task.engine [-] Load duration is: 1.960173
2019-07-05 07:27:03.825 17 INFO rally.task.engine [-] Full runner duration is: 2.012668
2019-07-05 07:27:03.825 17 INFO rally.task.engine [-] Full duration is: 9.63634
2019-07-05 07:27:04.335 17 INFO rally.task.engine [-] Running workload: position = 0 config = { "version": 2, "title": "A cropped version of a bigger task.", "description": "Auto-generated task from a single workload (uuid=68cc83d2-b545-4c03-904c-03850e1753ef)", "subtasks": [ { "title": "Authenticate.validate_nova", "description": "Check Nova Client to ensure validation of token.", "scenario": { "Authenticate.validate_nova": { "repetitions": 2 } }, "contexts": { "users": { "tenants": 3, "users_per_tenant": 2 } }, "runner": { "constant": { "concurrency": 4, "times": 10 } }, "hooks": [], "sla": { "failure_rate": { "max": 0 } } } ] }
2019-07-05 07:27:04.361 17 RALLYDEBUG rally_openstack.contexts.keystone.users [-] Creating 3 tenants using 20 threads
2019-07-05 07:27:05.467 17 RALLYDEBUG rally_openstack.contexts.keystone.users [-] Creating 6 users using 20 threads
2019-07-05 07:27:07.265 17 INFO rally.task.context [-] Task 0499b942-899b-48dd-8c5f-e492bd71777b | Context users@openstack setup() finished in 2.90 sec
2019-07-05 07:27:07.274 17 RALLYDEBUG rally.task.runner [-] Starting the constant runner (task UUID: 0499b942-899b-48dd-8c5f-e492bd71777b). timeout: 0 concurrency: 4 concurrency_per_worker: 1 times: 10 concurrency_overhead: 0 processes_to_start: 4 max_cpu_used: 16
2019-07-05 07:27:07.287 661 RALLYDEBUG rally.task.runner [-] Starting a worker. concurrency: 1 args: {"repetitions": 2} times: 10 method_name: run timeout: 0 duration: None cls:
2019-07-05 07:27:07.290 662 RALLYDEBUG rally.task.runner [-] Starting a worker. concurrency: 1 args: {"repetitions": 2} times: 10 method_name: run timeout: 0 duration: None cls:
2019-07-05 07:27:07.293 663 RALLYDEBUG rally.task.runner [-] Starting a worker. concurrency: 1 args: {"repetitions": 2} times: 10 method_name: run timeout: 0 duration: None cls:
2019-07-05 07:27:07.294 661 INFO rally.task.runner [-] Task 0499b942-899b-48dd-8c5f-e492bd71777b | ITER: 1 START
2019-07-05 07:27:07.296 664 RALLYDEBUG rally.task.runner [-] Starting a worker. concurrency: 1 args: {"repetitions": 2} times: 10 method_name: run timeout: 0 duration: None cls:
2019-07-05 07:27:07.297 662 INFO rally.task.runner [-] Task 0499b942-899b-48dd-8c5f-e492bd71777b | ITER: 2 START
2019-07-05 07:27:07.299 663 INFO rally.task.runner [-] Task 0499b942-899b-48dd-8c5f-e492bd71777b | ITER: 3 START
2019-07-05 07:27:07.301 664 INFO rally.task.runner [-] Task 0499b942-899b-48dd-8c5f-e492bd71777b | ITER: 4 START
2019-07-05 07:27:07.765 662 DEBUG novaclient.v2.client [-] REQ: curl -g -i --cacert "/etc/ssl/certs/mcp_os_cacert" -X GET http://10.167.4.35:8774/v2.1/flavors/detail -H "Accept: application/json" -H "User-Agent: python-novaclient" -H "X-Auth-Token: {SHA1}e4ce92a8b9efbc78b6b295c9d2b2302708ef6636" _http_log_request /usr/lib/python2.7/site-packages/keystoneauth1/session.py:448
2019-07-05 07:27:07.765 664 DEBUG novaclient.v2.client [-] REQ: curl -g -i --cacert "/etc/ssl/certs/mcp_os_cacert" -X GET http://10.167.4.35:8774/v2.1/flavors/detail -H "Accept: application/json" -H "User-Agent: python-novaclient" -H "X-Auth-Token: {SHA1}b6d82b1cef597e83bb2b6e0778645c732b85a7f8" _http_log_request /usr/lib/python2.7/site-packages/keystoneauth1/session.py:448
2019-07-05 07:27:07.765 663 DEBUG novaclient.v2.client [-] REQ: curl -g -i --cacert "/etc/ssl/certs/mcp_os_cacert" -X GET http://10.167.4.35:8774/v2.1/flavors/detail -H "Accept: application/json" -H "User-Agent: python-novaclient" -H "X-Auth-Token: {SHA1}95847904ca3bad2ca22ae6a4a7dd8facf517252d" _http_log_request /usr/lib/python2.7/site-packages/keystoneauth1/session.py:448
2019-07-05 07:27:07.772 661 DEBUG novaclient.v2.client [-] REQ: curl -g -i --cacert "/etc/ssl/certs/mcp_os_cacert" -X GET http://10.167.4.35:8774/v2.1/flavors/detail -H "Accept: application/json" -H "User-Agent: python-novaclient" -H "X-Auth-Token: {SHA1}ea70492e7b73c16610c54764ef80f0b2651eff6c" _http_log_request /usr/lib/python2.7/site-packages/keystoneauth1/session.py:448
2019-07-05 07:27:07.895 661 DEBUG novaclient.v2.client [-] RESP: [200] Connection: close Content-Length: 1014 Content-Type: application/json Date: Fri, 05 Jul 2019 07:27:07 GMT Openstack-Api-Version: compute 2.1 Vary: OpenStack-API-Version, X-OpenStack-Nova-API-Version X-Compute-Request-Id: req-cbcd2e60-06c3-4368-b346-c83aeecc38b7 X-Openstack-Nova-Api-Version: 2.1 X-Openstack-Request-Id: req-cbcd2e60-06c3-4368-b346-c83aeecc38b7 _http_log_response /usr/lib/python2.7/site-packages/keystoneauth1/session.py:479
2019-07-05 07:27:07.896 661 DEBUG novaclient.v2.client [-] RESP BODY: {"flavors": [{"name": "rally_full-flavor_48c93ed6-fff3-490a-9c24-d0a6edfba685", "links": [{"href": "http://10.167.4.35:8774/v2.1/flavors/b3631664-cbde-4e8e-b495-7fa56f460458", "rel": "self"}, {"href": "http://10.167.4.35:8774/flavors/b3631664-cbde-4e8e-b495-7fa56f460458", "rel": "bookmark"}], "ram": 512, "OS-FLV-DISABLED:disabled": false, "vcpus": 1, "swap": "", "os-flavor-access:is_public": true, "rxtx_factor": 1.0, "OS-FLV-EXT-DATA:ephemeral": 0, "disk": 1, "id": "b3631664-cbde-4e8e-b495-7fa56f460458"}, {"name": "rally_full-flavor_alt_48c93ed6-fff3-490a-9c24-d0a6edfba685", "links": [{"href": "http://10.167.4.35:8774/v2.1/flavors/df128ce6-ebee-48b4-a47c-235789d70ed4", "rel": "self"}, {"href": "http://10.167.4.35:8774/flavors/df128ce6-ebee-48b4-a47c-235789d70ed4", "rel": "bookmark"}], "ram": 1024, "OS-FLV-DISABLED:disabled": false, "vcpus": 1, "swap": "", "os-flavor-access:is_public": true, "rxtx_factor": 1.0, "OS-FLV-EXT-DATA:ephemeral": 0, "disk": 1, "id": "df128ce6-ebee-48b4-a47c-235789d70ed4"}]} _http_log_response /usr/lib/python2.7/site-packages/keystoneauth1/session.py:511
2019-07-05 07:27:07.897 661 DEBUG novaclient.v2.client [-] GET call to compute for http://10.167.4.35:8774/v2.1/flavors/detail used request id req-cbcd2e60-06c3-4368-b346-c83aeecc38b7 request /usr/lib/python2.7/site-packages/keystoneauth1/session.py:844
2019-07-05 07:27:07.899 661 DEBUG novaclient.v2.client [-] REQ: curl -g -i --cacert "/etc/ssl/certs/mcp_os_cacert" -X GET http://10.167.4.35:8774/v2.1/flavors/detail -H "Accept: application/json" -H "User-Agent: python-novaclient" -H "X-Auth-Token: {SHA1}ea70492e7b73c16610c54764ef80f0b2651eff6c" _http_log_request /usr/lib/python2.7/site-packages/keystoneauth1/session.py:448
2019-07-05 07:27:07.900 662 DEBUG novaclient.v2.client [-] RESP: [200] Connection: close Content-Length: 1014 Content-Type: application/json Date: Fri, 05 Jul 2019 07:27:07 GMT Openstack-Api-Version: compute 2.1 Vary: OpenStack-API-Version, X-OpenStack-Nova-API-Version X-Compute-Request-Id: req-7e21fb2d-9ac5-472d-a482-7c506f40eed8 X-Openstack-Nova-Api-Version: 2.1 X-Openstack-Request-Id: req-7e21fb2d-9ac5-472d-a482-7c506f40eed8 _http_log_response /usr/lib/python2.7/site-packages/keystoneauth1/session.py:479
2019-07-05 07:27:07.901 662 DEBUG novaclient.v2.client [-] RESP BODY: {"flavors": [{"name": "rally_full-flavor_48c93ed6-fff3-490a-9c24-d0a6edfba685", "links": [{"href": "http://10.167.4.35:8774/v2.1/flavors/b3631664-cbde-4e8e-b495-7fa56f460458", "rel": "self"}, {"href": "http://10.167.4.35:8774/flavors/b3631664-cbde-4e8e-b495-7fa56f460458", "rel": "bookmark"}], "ram": 512, "OS-FLV-DISABLED:disabled": false, "vcpus": 1, "swap": "", "os-flavor-access:is_public": true, "rxtx_factor": 1.0, "OS-FLV-EXT-DATA:ephemeral": 0, "disk": 1, "id": "b3631664-cbde-4e8e-b495-7fa56f460458"}, {"name": "rally_full-flavor_alt_48c93ed6-fff3-490a-9c24-d0a6edfba685", "links": [{"href": "http://10.167.4.35:8774/v2.1/flavors/df128ce6-ebee-48b4-a47c-235789d70ed4", "rel": "self"}, {"href": "http://10.167.4.35:8774/flavors/df128ce6-ebee-48b4-a47c-235789d70ed4", "rel": "bookmark"}], "ram": 1024, "OS-FLV-DISABLED:disabled": false, "vcpus": 1, "swap": "", "os-flavor-access:is_public": true, "rxtx_factor": 1.0, "OS-FLV-EXT-DATA:ephemeral": 0, "disk": 1, "id": "df128ce6-ebee-48b4-a47c-235789d70ed4"}]} _http_log_response /usr/lib/python2.7/site-packages/keystoneauth1/session.py:511
2019-07-05 07:27:07.902 662 DEBUG novaclient.v2.client [-] GET call to compute for http://10.167.4.35:8774/v2.1/flavors/detail used request id req-7e21fb2d-9ac5-472d-a482-7c506f40eed8 request /usr/lib/python2.7/site-packages/keystoneauth1/session.py:844
2019-07-05 07:27:07.903 662 DEBUG novaclient.v2.client [-] REQ: curl -g -i --cacert "/etc/ssl/certs/mcp_os_cacert" -X GET http://10.167.4.35:8774/v2.1/flavors/detail -H "Accept: application/json" -H "User-Agent: python-novaclient" -H "X-Auth-Token: {SHA1}e4ce92a8b9efbc78b6b295c9d2b2302708ef6636" _http_log_request /usr/lib/python2.7/site-packages/keystoneauth1/session.py:448
2019-07-05 07:27:07.920 663 DEBUG novaclient.v2.client [-] RESP: [200] Connection: close Content-Length: 1014 Content-Type: application/json Date: Fri, 05 Jul 2019 07:27:07 GMT Openstack-Api-Version: compute 2.1 Vary: OpenStack-API-Version, X-OpenStack-Nova-API-Version X-Compute-Request-Id: req-1e2ffe1c-a958-433f-87c8-7ea75d1be95a X-Openstack-Nova-Api-Version: 2.1 X-Openstack-Request-Id: req-1e2ffe1c-a958-433f-87c8-7ea75d1be95a _http_log_response /usr/lib/python2.7/site-packages/keystoneauth1/session.py:479
2019-07-05 07:27:07.921 663 DEBUG novaclient.v2.client [-] RESP BODY: {"flavors": [{"name": "rally_full-flavor_48c93ed6-fff3-490a-9c24-d0a6edfba685", "links": [{"href": "http://10.167.4.35:8774/v2.1/flavors/b3631664-cbde-4e8e-b495-7fa56f460458", "rel": "self"}, {"href": "http://10.167.4.35:8774/flavors/b3631664-cbde-4e8e-b495-7fa56f460458", "rel": "bookmark"}], "ram": 512, "OS-FLV-DISABLED:disabled": false, "vcpus": 1, "swap": "", "os-flavor-access:is_public": true, "rxtx_factor": 1.0, "OS-FLV-EXT-DATA:ephemeral": 0, "disk": 1, "id": "b3631664-cbde-4e8e-b495-7fa56f460458"}, {"name": "rally_full-flavor_alt_48c93ed6-fff3-490a-9c24-d0a6edfba685", "links": [{"href": "http://10.167.4.35:8774/v2.1/flavors/df128ce6-ebee-48b4-a47c-235789d70ed4", "rel": "self"}, {"href": "http://10.167.4.35:8774/flavors/df128ce6-ebee-48b4-a47c-235789d70ed4", "rel": "bookmark"}], "ram": 1024, "OS-FLV-DISABLED:disabled": false, "vcpus": 1, "swap": "", "os-flavor-access:is_public": true, "rxtx_factor": 1.0, "OS-FLV-EXT-DATA:ephemeral": 0, "disk": 1, "id": "df128ce6-ebee-48b4-a47c-235789d70ed4"}]} _http_log_response /usr/lib/python2.7/site-packages/keystoneauth1/session.py:511
2019-07-05 07:27:07.921 663 DEBUG novaclient.v2.client [-] GET call to compute for http://10.167.4.35:8774/v2.1/flavors/detail used request id req-1e2ffe1c-a958-433f-87c8-7ea75d1be95a request /usr/lib/python2.7/site-packages/keystoneauth1/session.py:844
2019-07-05 07:27:07.923 663 DEBUG novaclient.v2.client [-] REQ: curl -g -i --cacert "/etc/ssl/certs/mcp_os_cacert" -X GET http://10.167.4.35:8774/v2.1/flavors/detail -H "Accept: application/json" -H "User-Agent: python-novaclient" -H "X-Auth-Token: {SHA1}95847904ca3bad2ca22ae6a4a7dd8facf517252d" _http_log_request /usr/lib/python2.7/site-packages/keystoneauth1/session.py:448
2019-07-05 07:27:07.931 661 DEBUG novaclient.v2.client [-] RESP: [200] Connection: close Content-Length: 1014 Content-Type: application/json Date: Fri, 05 Jul 2019 07:27:07 GMT Openstack-Api-Version: compute 2.1 Vary: OpenStack-API-Version, X-OpenStack-Nova-API-Version X-Compute-Request-Id: req-d89296b0-3875-45b2-95c1-456b3bf4cf93 X-Openstack-Nova-Api-Version: 2.1 X-Openstack-Request-Id: req-d89296b0-3875-45b2-95c1-456b3bf4cf93 _http_log_response /usr/lib/python2.7/site-packages/keystoneauth1/session.py:479
2019-07-05 07:27:07.932 661 DEBUG novaclient.v2.client [-] RESP BODY: {"flavors": [{"name": "rally_full-flavor_48c93ed6-fff3-490a-9c24-d0a6edfba685", "links": [{"href": "http://10.167.4.35:8774/v2.1/flavors/b3631664-cbde-4e8e-b495-7fa56f460458", "rel": "self"}, {"href": "http://10.167.4.35:8774/flavors/b3631664-cbde-4e8e-b495-7fa56f460458", "rel": "bookmark"}], "ram": 512, "OS-FLV-DISABLED:disabled": false, "vcpus": 1, "swap": "", "os-flavor-access:is_public": true, "rxtx_factor": 1.0, "OS-FLV-EXT-DATA:ephemeral": 0, "disk": 1, "id": "b3631664-cbde-4e8e-b495-7fa56f460458"}, {"name": "rally_full-flavor_alt_48c93ed6-fff3-490a-9c24-d0a6edfba685", "links": [{"href": "http://10.167.4.35:8774/v2.1/flavors/df128ce6-ebee-48b4-a47c-235789d70ed4", "rel": "self"}, {"href": "http://10.167.4.35:8774/flavors/df128ce6-ebee-48b4-a47c-235789d70ed4", "rel": "bookmark"}], "ram": 1024, "OS-FLV-DISABLED:disabled": false, "vcpus": 1, "swap": "", "os-flavor-access:is_public": true, "rxtx_factor": 1.0, "OS-FLV-EXT-DATA:ephemeral": 0, "disk": 1, "id": "df128ce6-ebee-48b4-a47c-235789d70ed4"}]} _http_log_response /usr/lib/python2.7/site-packages/keystoneauth1/session.py:511
2019-07-05 07:27:07.932 661 DEBUG novaclient.v2.client [-] GET call to compute for http://10.167.4.35:8774/v2.1/flavors/detail used request id req-d89296b0-3875-45b2-95c1-456b3bf4cf93 request /usr/lib/python2.7/site-packages/keystoneauth1/session.py:844
2019-07-05 07:27:07.933 661 INFO rally.task.runner [-] Task 0499b942-899b-48dd-8c5f-e492bd71777b | ITER: 1 END: OK
2019-07-05 07:27:07.936 664 DEBUG novaclient.v2.client [-] RESP: [200] Connection: close Content-Length: 1014 Content-Type: application/json Date: Fri, 05 Jul 2019 07:27:07 GMT Openstack-Api-Version: compute 2.1 Vary: OpenStack-API-Version, X-OpenStack-Nova-API-Version X-Compute-Request-Id: req-0019705e-7938-4996-b652-5a36f3187b74 X-Openstack-Nova-Api-Version: 2.1 X-Openstack-Request-Id: req-0019705e-7938-4996-b652-5a36f3187b74 _http_log_response /usr/lib/python2.7/site-packages/keystoneauth1/session.py:479
2019-07-05 07:27:07.937 664 DEBUG novaclient.v2.client [-] RESP BODY: {"flavors": [{"name": "rally_full-flavor_48c93ed6-fff3-490a-9c24-d0a6edfba685", "links": [{"href": "http://10.167.4.35:8774/v2.1/flavors/b3631664-cbde-4e8e-b495-7fa56f460458", "rel": "self"}, {"href": "http://10.167.4.35:8774/flavors/b3631664-cbde-4e8e-b495-7fa56f460458", "rel": "bookmark"}], "ram": 512, "OS-FLV-DISABLED:disabled": false, "vcpus": 1, "swap": "", "os-flavor-access:is_public": true, "rxtx_factor": 1.0, "OS-FLV-EXT-DATA:ephemeral": 0, "disk": 1, "id": "b3631664-cbde-4e8e-b495-7fa56f460458"}, {"name": "rally_full-flavor_alt_48c93ed6-fff3-490a-9c24-d0a6edfba685", "links": [{"href": "http://10.167.4.35:8774/v2.1/flavors/df128ce6-ebee-48b4-a47c-235789d70ed4", "rel": "self"}, {"href": "http://10.167.4.35:8774/flavors/df128ce6-ebee-48b4-a47c-235789d70ed4", "rel": "bookmark"}], "ram": 1024, "OS-FLV-DISABLED:disabled": false, "vcpus": 1, "swap": "", "os-flavor-access:is_public": true, "rxtx_factor": 1.0, "OS-FLV-EXT-DATA:ephemeral": 0, "disk": 1, "id": "df128ce6-ebee-48b4-a47c-235789d70ed4"}]} _http_log_response /usr/lib/python2.7/site-packages/keystoneauth1/session.py:511
2019-07-05 07:27:07.938 664 DEBUG novaclient.v2.client [-] GET call to compute for http://10.167.4.35:8774/v2.1/flavors/detail used request id req-0019705e-7938-4996-b652-5a36f3187b74 request /usr/lib/python2.7/site-packages/keystoneauth1/session.py:844
2019-07-05 07:27:07.938 661 INFO rally.task.runner [-] Task 0499b942-899b-48dd-8c5f-e492bd71777b | ITER: 5 START
2019-07-05 07:27:07.939 664 DEBUG novaclient.v2.client [-] REQ: curl -g -i --cacert "/etc/ssl/certs/mcp_os_cacert" -X GET http://10.167.4.35:8774/v2.1/flavors/detail -H "Accept: application/json" -H "User-Agent: python-novaclient" -H "X-Auth-Token: {SHA1}b6d82b1cef597e83bb2b6e0778645c732b85a7f8" _http_log_request /usr/lib/python2.7/site-packages/keystoneauth1/session.py:448
2019-07-05 07:27:07.941 662 DEBUG novaclient.v2.client [-] RESP: [200] Connection: close Content-Length: 1014 Content-Type: application/json Date: Fri, 05 Jul 2019 07:27:07 GMT Openstack-Api-Version: compute 2.1 Vary: OpenStack-API-Version, X-OpenStack-Nova-API-Version X-Compute-Request-Id: req-b6ecf472-c1f8-436f-b3e0-a1134f4a71e0 X-Openstack-Nova-Api-Version: 2.1 X-Openstack-Request-Id: req-b6ecf472-c1f8-436f-b3e0-a1134f4a71e0 _http_log_response /usr/lib/python2.7/site-packages/keystoneauth1/session.py:479
2019-07-05 07:27:07.941 662 DEBUG novaclient.v2.client [-] RESP BODY: {"flavors": [{"name": "rally_full-flavor_48c93ed6-fff3-490a-9c24-d0a6edfba685", "links": [{"href": "http://10.167.4.35:8774/v2.1/flavors/b3631664-cbde-4e8e-b495-7fa56f460458", "rel": "self"}, {"href": "http://10.167.4.35:8774/flavors/b3631664-cbde-4e8e-b495-7fa56f460458", "rel": "bookmark"}], "ram": 512, "OS-FLV-DISABLED:disabled": false, "vcpus": 1, "swap": "", "os-flavor-access:is_public": true, "rxtx_factor": 1.0, "OS-FLV-EXT-DATA:ephemeral": 0, "disk": 1, "id": "b3631664-cbde-4e8e-b495-7fa56f460458"}, {"name": "rally_full-flavor_alt_48c93ed6-fff3-490a-9c24-d0a6edfba685", "links": [{"href": "http://10.167.4.35:8774/v2.1/flavors/df128ce6-ebee-48b4-a47c-235789d70ed4", "rel": "self"}, {"href": "http://10.167.4.35:8774/flavors/df128ce6-ebee-48b4-a47c-235789d70ed4", "rel": "bookmark"}], "ram": 1024, "OS-FLV-DISABLED:disabled": false, "vcpus": 1, "swap": "", "os-flavor-access:is_public": true, "rxtx_factor": 1.0, "OS-FLV-EXT-DATA:ephemeral": 0, "disk": 1, "id": "df128ce6-ebee-48b4-a47c-235789d70ed4"}]} _http_log_response /usr/lib/python2.7/site-packages/keystoneauth1/session.py:511
2019-07-05 07:27:07.942 662 DEBUG novaclient.v2.client [-] GET call to compute for http://10.167.4.35:8774/v2.1/flavors/detail used request id req-b6ecf472-c1f8-436f-b3e0-a1134f4a71e0 request /usr/lib/python2.7/site-packages/keystoneauth1/session.py:844
2019-07-05 07:27:07.943 662 INFO rally.task.runner [-] Task 0499b942-899b-48dd-8c5f-e492bd71777b | ITER: 2 END: OK
2019-07-05 07:27:07.947 662 INFO rally.task.runner [-] Task 0499b942-899b-48dd-8c5f-e492bd71777b | ITER: 6 START
2019-07-05 07:27:07.949 663 DEBUG novaclient.v2.client [-] RESP: [200] Connection: close Content-Length: 1014 Content-Type: application/json Date: Fri, 05 Jul 2019 07:27:07 GMT Openstack-Api-Version: compute 2.1 Vary: OpenStack-API-Version, X-OpenStack-Nova-API-Version X-Compute-Request-Id: req-878c79f5-55be-45b8-95a6-e3894bea0953 X-Openstack-Nova-Api-Version: 2.1 X-Openstack-Request-Id: req-878c79f5-55be-45b8-95a6-e3894bea0953 _http_log_response /usr/lib/python2.7/site-packages/keystoneauth1/session.py:479
2019-07-05 07:27:07.950 663 DEBUG novaclient.v2.client [-] RESP BODY: {"flavors": [{"name": "rally_full-flavor_48c93ed6-fff3-490a-9c24-d0a6edfba685", "links": [{"href": "http://10.167.4.35:8774/v2.1/flavors/b3631664-cbde-4e8e-b495-7fa56f460458", "rel": "self"}, {"href": "http://10.167.4.35:8774/flavors/b3631664-cbde-4e8e-b495-7fa56f460458", "rel": "bookmark"}], "ram": 512, "OS-FLV-DISABLED:disabled": false, "vcpus": 1, "swap": "", "os-flavor-access:is_public": true, "rxtx_factor": 1.0, "OS-FLV-EXT-DATA:ephemeral": 0, "disk": 1, "id": "b3631664-cbde-4e8e-b495-7fa56f460458"}, {"name": "rally_full-flavor_alt_48c93ed6-fff3-490a-9c24-d0a6edfba685", "links": [{"href": "http://10.167.4.35:8774/v2.1/flavors/df128ce6-ebee-48b4-a47c-235789d70ed4", "rel": "self"}, {"href": "http://10.167.4.35:8774/flavors/df128ce6-ebee-48b4-a47c-235789d70ed4", "rel": "bookmark"}], "ram": 1024, "OS-FLV-DISABLED:disabled": false, "vcpus": 1, "swap": "", "os-flavor-access:is_public": true, "rxtx_factor": 1.0, "OS-FLV-EXT-DATA:ephemeral": 0, "disk": 1, "id": "df128ce6-ebee-48b4-a47c-235789d70ed4"}]} _http_log_response /usr/lib/python2.7/site-packages/keystoneauth1/session.py:511
