2019-07-05 01:29:59.952 24230 INFO rally.task.runner [-] Task 9a3a3055-e326-43dc-a2ee-51393ff1a6e6 | ITER: 9 START
2019-07-05 01:29:59.952 24227 WARNING rally_openstack.scenarios.neutron.utils [-] Running this scenario without either the 'network' or 'existing_network' context is deprecated
2019-07-05 01:29:59.953 24229 INFO rally.task.runner [-] Task 9a3a3055-e326-43dc-a2ee-51393ff1a6e6 | ITER: 8 START
2019-07-05 01:29:59.952 24238 RALLYDEBUG rally.task.runner [-] Starting a worker. concurrency: 1 args: {"network_create_args": {}, "subnet_create_args": {}, "subnet_cidr_start": "1.1.0.0/30", "subnets_per_network": 2} times: 40 method_name: run timeout: 0 duration: None cls:
2019-07-05 01:29:59.952 24242 RALLYDEBUG rally.task.runner [-] Starting a worker. concurrency: 1 args: {"network_create_args": {}, "subnet_create_args": {}, "subnet_cidr_start": "1.1.0.0/30", "subnets_per_network": 2} times: 40 method_name: run timeout: 0 duration: None cls:
2019-07-05 01:29:59.953 24227 WARNING rally_openstack.scenarios.neutron.utils [-] Running this scenario without either the 'network' or 'existing_network' context is deprecated
2019-07-05 01:29:59.954 24230 WARNING rally_openstack.scenarios.neutron.utils [-] Running this scenario without either the 'network' or 'existing_network' context is deprecated
2019-07-05 01:29:59.955 24229 WARNING rally_openstack.scenarios.neutron.utils [-] Running this scenario without either the 'network' or 'existing_network' context is deprecated
2019-07-05 01:29:59.955 24248 RALLYDEBUG rally.task.runner [-] Starting a worker. concurrency: 1 args: {"network_create_args": {}, "subnet_create_args": {}, "subnet_cidr_start": "1.1.0.0/30", "subnets_per_network": 2} times: 40 method_name: run timeout: 0 duration: None cls:
2019-07-05 01:29:59.949 24225 WARNING rally_openstack.scenarios.neutron.utils [-] Running this scenario without either the 'network' or 'existing_network' context is deprecated
2019-07-05 01:29:59.960 24231 INFO rally.task.runner [-] Task 9a3a3055-e326-43dc-a2ee-51393ff1a6e6 | ITER: 11 START
2019-07-05 01:29:59.961 24238 INFO rally.task.runner [-] Task 9a3a3055-e326-43dc-a2ee-51393ff1a6e6 | ITER: 13 START
2019-07-05 01:29:59.962 24231 WARNING rally_openstack.scenarios.neutron.utils [-] Running this scenario without either the 'network' or 'existing_network' context is deprecated
2019-07-05 01:29:59.945 24226 INFO rally.task.runner [-] Task 9a3a3055-e326-43dc-a2ee-51393ff1a6e6 | ITER: 2 START
2019-07-05 01:29:59.963 24226 WARNING rally_openstack.scenarios.neutron.utils [-] Running this scenario without either the 'network' or 'existing_network' context is deprecated
2019-07-05 01:29:59.963 24238 WARNING rally_openstack.scenarios.neutron.utils [-] Running this scenario without either the 'network' or 'existing_network' context is deprecated
2019-07-05 01:29:59.966 24257 RALLYDEBUG rally.task.runner [-] Starting a worker. concurrency: 1 args: {"network_create_args": {}, "subnet_create_args": {}, "subnet_cidr_start": "1.1.0.0/30", "subnets_per_network": 2} times: 40 method_name: run timeout: 0 duration: None cls:
2019-07-05 01:29:59.969 24248 INFO rally.task.runner [-] Task 9a3a3055-e326-43dc-a2ee-51393ff1a6e6 | ITER: 15 START
2019-07-05 01:29:59.969 24255 RALLYDEBUG rally.task.runner [-] Starting a worker. concurrency: 1 args: {"network_create_args": {}, "subnet_create_args": {}, "subnet_cidr_start": "1.1.0.0/30", "subnets_per_network": 2} times: 40 method_name: run timeout: 0 duration: None cls:
2019-07-05 01:29:59.971 24248 WARNING rally_openstack.scenarios.neutron.utils [-] Running this scenario without either the 'network' or 'existing_network' context is deprecated
2019-07-05 01:29:59.971 24254 RALLYDEBUG rally.task.runner [-] Starting a worker. concurrency: 1 args: {"network_create_args": {}, "subnet_create_args": {}, "subnet_cidr_start": "1.1.0.0/30", "subnets_per_network": 2} times: 40 method_name: run timeout: 0 duration: None cls:
2019-07-05 01:29:59.972 24233 INFO rally.task.runner [-] Task 9a3a3055-e326-43dc-a2ee-51393ff1a6e6 | ITER: 10 START
2019-07-05 01:29:59.974 24233 WARNING rally_openstack.scenarios.neutron.utils [-] Running this scenario without either the 'network' or 'existing_network' context is deprecated
2019-07-05 01:29:59.977 24242 INFO rally.task.runner [-] Task 9a3a3055-e326-43dc-a2ee-51393ff1a6e6 | ITER: 14 START
2019-07-05 01:29:59.978 24255 INFO rally.task.runner [-] Task 9a3a3055-e326-43dc-a2ee-51393ff1a6e6 | ITER: 17 START
2019-07-05 01:29:59.978 24257 INFO rally.task.runner [-] Task 9a3a3055-e326-43dc-a2ee-51393ff1a6e6 | ITER: 16 START
2019-07-05 01:29:59.980 24255 WARNING rally_openstack.scenarios.neutron.utils [-] Running this scenario without either the 'network' or 'existing_network' context is deprecated
2019-07-05 01:29:59.980 24257 WARNING rally_openstack.scenarios.neutron.utils [-] Running this scenario without either the 'network' or 'existing_network' context is deprecated
2019-07-05 01:29:59.981 24242 WARNING rally_openstack.scenarios.neutron.utils [-] Running this scenario without either the 'network' or 'existing_network' context is deprecated
2019-07-05 01:29:59.981 24263 RALLYDEBUG rally.task.runner [-] Starting a worker. concurrency: 1 args: {"network_create_args": {}, "subnet_create_args": {}, "subnet_cidr_start": "1.1.0.0/30", "subnets_per_network": 2} times: 40 method_name: run timeout: 0 duration: None cls:
2019-07-05 01:29:59.981 24228 INFO rally.task.runner [-] Task 9a3a3055-e326-43dc-a2ee-51393ff1a6e6 | ITER: 12 START
2019-07-05 01:29:59.982 24262 RALLYDEBUG rally.task.runner [-] Starting a worker. concurrency: 1 args: {"network_create_args": {}, "subnet_create_args": {}, "subnet_cidr_start": "1.1.0.0/30", "subnets_per_network": 2} times: 40 method_name: run timeout: 0 duration: None cls:
2019-07-05 01:29:59.983 24228 WARNING rally_openstack.scenarios.neutron.utils [-] Running this scenario without either the 'network' or 'existing_network' context is deprecated
2019-07-05 01:29:59.988 24254 INFO rally.task.runner [-] Task 9a3a3055-e326-43dc-a2ee-51393ff1a6e6 | ITER: 18 START
2019-07-05 01:29:59.988 24263 INFO rally.task.runner [-] Task 9a3a3055-e326-43dc-a2ee-51393ff1a6e6 | ITER: 19 START
2019-07-05 01:29:59.989 24262 INFO rally.task.runner [-] Task 9a3a3055-e326-43dc-a2ee-51393ff1a6e6 | ITER: 20 START
2019-07-05 01:29:59.990 24254 WARNING rally_openstack.scenarios.neutron.utils [-] Running this scenario without either the 'network' or 'existing_network' context is deprecated
2019-07-05 01:29:59.990 24263 WARNING rally_openstack.scenarios.neutron.utils [-] Running this scenario without either the 'network' or 'existing_network' context is deprecated
2019-07-05 01:29:59.991 24262 WARNING rally_openstack.scenarios.neutron.utils [-] Running this scenario without either the 'network' or 'existing_network' context is deprecated
2019-07-05 01:30:00.767 24231 RALLYDEBUG rally_openstack.wrappers.network [-] CIDR generated: 1.1.4.96/30
2019-07-05 01:30:00.773 24229 RALLYDEBUG rally_openstack.wrappers.network [-] CIDR generated: 1.1.4.100/30
2019-07-05 01:30:00.783 24227 RALLYDEBUG rally_openstack.wrappers.network [-] CIDR generated: 1.1.4.104/30
2019-07-05 01:30:00.814 24226 RALLYDEBUG rally_openstack.wrappers.network [-] CIDR generated: 1.1.4.108/30
2019-07-05 01:30:00.825 24228 RALLYDEBUG rally_openstack.wrappers.network [-] CIDR generated: 1.1.4.112/30
2019-07-05 01:30:00.848 24238 RALLYDEBUG rally_openstack.wrappers.network [-] CIDR generated: 1.1.4.116/30
2019-07-05 01:30:00.870 24255 RALLYDEBUG rally_openstack.wrappers.network [-] CIDR generated: 1.1.4.120/30
2019-07-05 01:30:00.885 24226 RALLYDEBUG rally_openstack.wrappers.network [-] CIDR generated: 1.1.4.124/30
2019-07-05 01:30:00.915 24225 RALLYDEBUG rally_openstack.wrappers.network [-] CIDR generated: 1.1.4.128/30
2019-07-05 01:30:00.934 24248 RALLYDEBUG rally_openstack.wrappers.network [-] CIDR generated: 1.1.4.132/30
2019-07-05 01:30:00.936 24225 RALLYDEBUG rally_openstack.wrappers.network [-] CIDR generated: 1.1.4.136/30
2019-07-05 01:30:00.946 24263 RALLYDEBUG rally_openstack.wrappers.network [-] CIDR generated: 1.1.4.140/30
2019-07-05 01:30:00.971 24230 RALLYDEBUG rally_openstack.wrappers.network [-] CIDR generated: 1.1.4.144/30
2019-07-05 01:30:01.044 24262 RALLYDEBUG rally_openstack.wrappers.network [-] CIDR generated: 1.1.4.148/30
2019-07-05 01:30:01.261 24227 RALLYDEBUG rally_openstack.wrappers.network [-] CIDR generated: 1.1.4.152/30
2019-07-05 01:30:01.296 24257 RALLYDEBUG rally_openstack.wrappers.network [-] CIDR generated: 1.1.4.156/30
2019-07-05 01:30:01.364 24254 RALLYDEBUG rally_openstack.wrappers.network [-] CIDR generated: 1.1.4.160/30
2019-07-05 01:30:01.377 24233 RALLYDEBUG rally_openstack.wrappers.network [-] CIDR generated: 1.1.4.164/30
2019-07-05 01:30:01.452 24242 RALLYDEBUG rally_openstack.wrappers.network [-] CIDR generated: 1.1.4.168/30
2019-07-05 01:30:01.679 24263 RALLYDEBUG rally_openstack.wrappers.network [-] CIDR generated: 1.1.4.172/30
2019-07-05 01:30:01.710 24228 RALLYDEBUG rally_openstack.wrappers.network [-] CIDR generated: 1.1.4.176/30
2019-07-05 01:30:01.859 24231 RALLYDEBUG rally_openstack.wrappers.network [-] CIDR generated: 1.1.4.180/30
2019-07-05 01:30:02.190 24233 RALLYDEBUG rally_openstack.wrappers.network [-] CIDR generated: 1.1.4.184/30
2019-07-05 01:30:02.205 24230 RALLYDEBUG rally_openstack.wrappers.network [-] CIDR generated: 1.1.4.188/30
2019-07-05 01:30:02.279 24248 RALLYDEBUG rally_openstack.wrappers.network [-] CIDR generated: 1.1.4.192/30
2019-07-05 01:30:02.380 24227 RALLYDEBUG rally_openstack.wrappers.network [-] CIDR generated: 1.1.4.196/30
2019-07-05 01:30:02.649 24228 RALLYDEBUG rally_openstack.wrappers.network [-] CIDR generated: 1.1.4.200/30
2019-07-05 01:30:02.700 24227 RALLYDEBUG rally_openstack.wrappers.network [-] CIDR generated: 1.1.4.204/30
2019-07-05 01:30:02.715 24228 RALLYDEBUG rally_openstack.wrappers.network [-] CIDR generated: 1.1.4.208/30
2019-07-05 01:30:03.012 24255 RALLYDEBUG rally_openstack.wrappers.network [-] CIDR generated: 1.1.4.212/30
2019-07-05 01:30:03.099 24226 RALLYDEBUG rally_openstack.wrappers.network [-] CIDR generated: 1.1.4.216/30
2019-07-05 01:30:03.138 24225 RALLYDEBUG rally_openstack.wrappers.network [-] CIDR generated: 1.1.4.220/30
2019-07-05 01:30:03.195 24226 RALLYDEBUG rally_openstack.wrappers.network [-] CIDR generated: 1.1.4.224/30
2019-07-05 01:30:03.209 24225 RALLYDEBUG rally_openstack.wrappers.network [-] CIDR generated: 1.1.4.228/30
2019-07-05 01:30:03.232 24238 RALLYDEBUG rally_openstack.wrappers.network [-] CIDR generated: 1.1.4.232/30
2019-07-05 01:30:03.398 24254 RALLYDEBUG rally_openstack.wrappers.network [-] CIDR generated: 1.1.4.236/30
2019-07-05 01:30:03.537 24229 RALLYDEBUG rally_openstack.wrappers.network [-] CIDR generated: 1.1.4.240/30
2019-07-05 01:30:04.563 24262 RALLYDEBUG rally_openstack.wrappers.network [-] CIDR generated: 1.1.4.244/30
2019-07-05 01:30:04.835 24257 RALLYDEBUG rally_openstack.wrappers.network [-] CIDR generated: 1.1.4.248/30
2019-07-05 01:30:04.873 24242 RALLYDEBUG rally_openstack.wrappers.network [-] CIDR generated: 1.1.4.252/30
2019-07-05 01:30:05.859 24238 INFO rally.task.runner [-] Task 9a3a3055-e326-43dc-a2ee-51393ff1a6e6 | ITER: 13 END: OK
2019-07-05 01:30:05.864 24238 INFO rally.task.runner [-] Task 9a3a3055-e326-43dc-a2ee-51393ff1a6e6 | ITER: 21 START
2019-07-05 01:30:05.865 24238 WARNING rally_openstack.scenarios.neutron.utils [-] Running this scenario without either the 'network' or 'existing_network' context is deprecated
2019-07-05 01:30:06.498 24254 INFO rally.task.runner [-] Task 9a3a3055-e326-43dc-a2ee-51393ff1a6e6 | ITER: 18 END: OK
2019-07-05 01:30:06.501 24238 RALLYDEBUG rally_openstack.wrappers.network [-] CIDR generated: 1.1.5.0/30
2019-07-05 01:30:06.503 24254 INFO rally.task.runner [-] Task 9a3a3055-e326-43dc-a2ee-51393ff1a6e6 | ITER: 22 START
2019-07-05 01:30:06.504 24254 WARNING rally_openstack.scenarios.neutron.utils [-] Running this scenario without either the 'network' or 'existing_network' context is deprecated
2019-07-05 01:30:06.620 24255 INFO rally.task.runner [-] Task 9a3a3055-e326-43dc-a2ee-51393ff1a6e6 | ITER: 17 END: OK
2019-07-05 01:30:06.625 24255 INFO rally.task.runner [-] Task 9a3a3055-e326-43dc-a2ee-51393ff1a6e6 | ITER: 23 START
2019-07-05 01:30:06.626 24255 WARNING rally_openstack.scenarios.neutron.utils [-] Running this scenario without either the 'network' or 'existing_network' context is deprecated
2019-07-05 01:30:07.354 24255 RALLYDEBUG rally_openstack.wrappers.network [-] CIDR generated: 1.1.5.4/30
2019-07-05 01:30:07.395 24263 INFO rally.task.runner [-] Task 9a3a3055-e326-43dc-a2ee-51393ff1a6e6 | ITER: 19 END: OK
2019-07-05 01:30:07.400 24263 INFO rally.task.runner [-] Task 9a3a3055-e326-43dc-a2ee-51393ff1a6e6 | ITER: 24 START
2019-07-05 01:30:07.401 24263 WARNING rally_openstack.scenarios.neutron.utils [-] Running this scenario without either the 'network' or 'existing_network' context is deprecated
2019-07-05 01:30:07.802 24254 RALLYDEBUG rally_openstack.wrappers.network [-] CIDR generated: 1.1.5.8/30
2019-07-05 01:30:08.054 24231 INFO rally.task.runner [-] Task 9a3a3055-e326-43dc-a2ee-51393ff1a6e6 | ITER: 11 END: OK
2019-07-05 01:30:08.059 24231 INFO rally.task.runner [-] Task 9a3a3055-e326-43dc-a2ee-51393ff1a6e6 | ITER: 25 START
2019-07-05 01:30:08.060 24231 WARNING rally_openstack.scenarios.neutron.utils [-] Running this scenario without either the 'network' or 'existing_network' context is deprecated
2019-07-05 01:30:08.275 24229 INFO rally.task.runner [-] Task 9a3a3055-e326-43dc-a2ee-51393ff1a6e6 | ITER: 8 END: OK
2019-07-05 01:30:08.280 24229 INFO rally.task.runner [-] Task 9a3a3055-e326-43dc-a2ee-51393ff1a6e6 | ITER: 26 START
2019-07-05 01:30:08.280 24229 WARNING rally_openstack.scenarios.neutron.utils [-] Running this scenario without either the 'network' or 'existing_network' context is deprecated
2019-07-05 01:30:08.653 24231 RALLYDEBUG rally_openstack.wrappers.network [-] CIDR generated: 1.1.5.12/30
2019-07-05 01:30:08.779 24254 RALLYDEBUG rally_openstack.wrappers.network [-] CIDR generated: 1.1.5.16/30
2019-07-05 01:30:08.911 24238 RALLYDEBUG rally_openstack.wrappers.network [-] CIDR generated: 1.1.5.20/30
2019-07-05 01:30:08.911 24229 RALLYDEBUG rally_openstack.wrappers.network [-] CIDR generated: 1.1.5.24/30
2019-07-05 01:30:08.986 24227 INFO rally.task.runner [-] Task 9a3a3055-e326-43dc-a2ee-51393ff1a6e6 | ITER: 3 END: OK
2019-07-05 01:30:08.991 24227 INFO rally.task.runner [-] Task 9a3a3055-e326-43dc-a2ee-51393ff1a6e6 | ITER: 27 START
2019-07-05 01:30:08.992 24227 WARNING rally_openstack.scenarios.neutron.utils [-] Running this scenario without either the 'network' or 'existing_network' context is deprecated
2019-07-05 01:30:09.192 24262 INFO rally.task.runner [-] Task 9a3a3055-e326-43dc-a2ee-51393ff1a6e6 | ITER: 20 END: OK
2019-07-05 01:30:09.196 24262 INFO rally.task.runner [-] Task 9a3a3055-e326-43dc-a2ee-51393ff1a6e6 | ITER: 28 START
2019-07-05 01:30:09.197 24262 WARNING rally_openstack.scenarios.neutron.utils [-] Running this scenario without either the 'network' or 'existing_network' context is deprecated
2019-07-05 01:30:09.471 24263 RALLYDEBUG rally_openstack.wrappers.network [-] CIDR generated: 1.1.5.28/30
2019-07-05 01:30:09.513 24228 INFO rally.task.runner [-] Task 9a3a3055-e326-43dc-a2ee-51393ff1a6e6 | ITER: 12 END: OK
2019-07-05 01:30:09.519 24228 INFO rally.task.runner [-] Task 9a3a3055-e326-43dc-a2ee-51393ff1a6e6 | ITER: 29 START
2019-07-05 01:30:09.520 24228 WARNING rally_openstack.scenarios.neutron.utils [-] Running this scenario without either the 'network' or 'existing_network' context is deprecated
2019-07-05 01:30:09.863 24248 INFO rally.task.runner [-] Task 9a3a3055-e326-43dc-a2ee-51393ff1a6e6 | ITER: 15 END: OK
2019-07-05 01:30:09.867 24248 INFO rally.task.runner [-] Task 9a3a3055-e326-43dc-a2ee-51393ff1a6e6 | ITER: 30 START
2019-07-05 01:30:09.868 24248 WARNING rally_openstack.scenarios.neutron.utils [-] Running this scenario without either the 'network' or 'existing_network' context is deprecated
2019-07-05 01:30:09.883 24227 INFO rally.task.runner [-] Task 9a3a3055-e326-43dc-a2ee-51393ff1a6e6 | ITER: 7 END: OK
2019-07-05 01:30:09.888 24227 INFO rally.task.runner [-] Task 9a3a3055-e326-43dc-a2ee-51393ff1a6e6 | ITER: 31 START
2019-07-05 01:30:09.889 24227 WARNING rally_openstack.scenarios.neutron.utils [-] Running this scenario without either the 'network' or 'existing_network' context is deprecated
2019-07-05 01:30:09.956 24262 RALLYDEBUG rally_openstack.wrappers.network [-] CIDR generated: 1.1.5.32/30
2019-07-05 01:30:10.062 24227 RALLYDEBUG rally_openstack.wrappers.network [-] CIDR generated: 1.1.5.36/30
2019-07-05 01:30:10.153 24226 INFO rally.task.runner [-] Task 9a3a3055-e326-43dc-a2ee-51393ff1a6e6 | ITER: 2 END: OK
2019-07-05 01:30:10.158 24226 INFO rally.task.runner [-] Task 9a3a3055-e326-43dc-a2ee-51393ff1a6e6 | ITER: 32 START
2019-07-05 01:30:10.158 24226 WARNING rally_openstack.scenarios.neutron.utils [-] Running this scenario without either the 'network' or 'existing_network' context is deprecated
2019-07-05 01:30:10.159 24228 INFO rally.task.runner [-] Task 9a3a3055-e326-43dc-a2ee-51393ff1a6e6 | ITER: 6 END: OK
2019-07-05 01:30:10.162 24228 INFO rally.task.runner [-] Task 9a3a3055-e326-43dc-a2ee-51393ff1a6e6 | ITER: 33 START
2019-07-05 01:30:10.163 24228 WARNING rally_openstack.scenarios.neutron.utils [-] Running this scenario without either the 'network' or 'existing_network' context is deprecated
2019-07-05 01:30:10.178 24228 RALLYDEBUG rally_openstack.wrappers.network [-] CIDR generated: 1.1.5.40/30
2019-07-05 01:30:10.206 24225 INFO rally.task.runner [-] Task 9a3a3055-e326-43dc-a2ee-51393ff1a6e6 | ITER: 4 END: OK
2019-07-05 01:30:10.210 24225 INFO rally.task.runner [-] Task 9a3a3055-e326-43dc-a2ee-51393ff1a6e6 | ITER: 34 START
2019-07-05 01:30:10.211 24225 WARNING rally_openstack.scenarios.neutron.utils [-] Running this scenario without either the 'network' or 'existing_network' context is deprecated
2019-07-05 01:30:10.575 24248 RALLYDEBUG rally_openstack.wrappers.network [-] CIDR generated: 1.1.5.44/30
2019-07-05 01:30:10.645 24227 RALLYDEBUG rally_openstack.wrappers.network [-] CIDR generated: 1.1.5.48/30
2019-07-05 01:30:10.829 24263 RALLYDEBUG rally_openstack.wrappers.network [-] CIDR generated: 1.1.5.52/30
2019-07-05 01:30:10.902 24225 INFO rally.task.runner [-] Task 9a3a3055-e326-43dc-a2ee-51393ff1a6e6 | ITER: 1 END: OK
2019-07-05 01:30:10.907 24225 INFO rally.task.runner [-] Task 9a3a3055-e326-43dc-a2ee-51393ff1a6e6 | ITER: 35 START
2019-07-05 01:30:10.907 24225 WARNING rally_openstack.scenarios.neutron.utils [-] Running this scenario without either the 'network' or 'existing_network' context is deprecated
2019-07-05 01:30:11.010 24225 RALLYDEBUG rally_openstack.wrappers.network [-] CIDR generated: 1.1.5.56/30
2019-07-05 01:30:11.016 24228 RALLYDEBUG rally_openstack.wrappers.network [-] CIDR generated: 1.1.5.60/30
2019-07-05 01:30:11.021 24226 RALLYDEBUG rally_openstack.wrappers.network [-] CIDR generated: 1.1.5.64/30
2019-07-05 01:30:11.132 24227 RALLYDEBUG rally_openstack.wrappers.network [-] CIDR generated: 1.1.5.68/30
2019-07-05 01:30:11.439 24228 RALLYDEBUG rally_openstack.wrappers.network [-] CIDR generated: 1.1.5.72/30
2019-07-05 01:30:11.514 24255 RALLYDEBUG rally_openstack.wrappers.network [-] CIDR generated: 1.1.5.76/30
2019-07-05 01:30:11.900 24254 INFO rally.task.runner [-] Task 9a3a3055-e326-43dc-a2ee-51393ff1a6e6 | ITER: 22 END: OK
2019-07-05 01:30:11.904 24254 INFO rally.task.runner [-] Task 9a3a3055-e326-43dc-a2ee-51393ff1a6e6 | ITER: 36 START
2019-07-05 01:30:11.904 24254 WARNING rally_openstack.scenarios.neutron.utils [-] Running this scenario without either the 'network' or 'existing_network' context is deprecated
2019-07-05 01:30:12.127 24248 RALLYDEBUG rally_openstack.wrappers.network [-] CIDR generated: 1.1.5.80/30
2019-07-05 01:30:12.205 24225 RALLYDEBUG rally_openstack.wrappers.network [-] CIDR generated: 1.1.5.84/30
2019-07-05 01:30:12.229 24230 INFO rally.task.runner [-] Task 9a3a3055-e326-43dc-a2ee-51393ff1a6e6 | ITER: 9 END: OK
2019-07-05 01:30:12.233 24230 INFO rally.task.runner [-] Task 9a3a3055-e326-43dc-a2ee-51393ff1a6e6 | ITER: 37 START
2019-07-05 01:30:12.234 24230 WARNING rally_openstack.scenarios.neutron.utils [-] Running this scenario without either the 'network' or 'existing_network' context is deprecated
2019-07-05 01:30:12.240 24225 RALLYDEBUG rally_openstack.wrappers.network [-] CIDR generated: 1.1.5.88/30
2019-07-05 01:30:12.284 24242 INFO rally.task.runner [-] Task 9a3a3055-e326-43dc-a2ee-51393ff1a6e6 | ITER: 14 END: OK
2019-07-05 01:30:12.289 24242 INFO rally.task.runner [-] Task 9a3a3055-e326-43dc-a2ee-51393ff1a6e6 | ITER: 38 START
2019-07-05 01:30:12.289 24242 WARNING rally_openstack.scenarios.neutron.utils [-] Running this scenario without either the 'network' or 'existing_network' context is deprecated
2019-07-05 01:30:12.491 24226 INFO rally.task.runner [-] Task 9a3a3055-e326-43dc-a2ee-51393ff1a6e6 | ITER: 5 END: OK
2019-07-05 01:30:12.496 24226 INFO rally.task.runner [-] Task 9a3a3055-e326-43dc-a2ee-51393ff1a6e6 | ITER: 39 START
2019-07-05 01:30:12.497 24226 WARNING rally_openstack.scenarios.neutron.utils [-] Running this scenario without either the 'network' or 'existing_network' context is deprecated
2019-07-05 01:30:12.566 24254 RALLYDEBUG rally_openstack.wrappers.network [-] CIDR generated: 1.1.5.92/30
2019-07-05 01:30:12.815 24233 INFO rally.task.runner [-] Task 9a3a3055-e326-43dc-a2ee-51393ff1a6e6 | ITER: 10 END: OK
2019-07-05 01:30:12.821 24233 INFO rally.task.runner [-] Task 9a3a3055-e326-43dc-a2ee-51393ff1a6e6 | ITER: 40 START
2019-07-05 01:30:12.822 24233 WARNING rally_openstack.scenarios.neutron.utils [-] Running this scenario without either the 'network' or 'existing_network' context is deprecated
2019-07-05 01:30:12.867 24229 RALLYDEBUG rally_openstack.wrappers.network [-] CIDR generated: 1.1.5.96/30
2019-07-05 01:30:12.982 24238 INFO rally.task.runner [-] Task 9a3a3055-e326-43dc-a2ee-51393ff1a6e6 | ITER: 21 END: OK
2019-07-05 01:30:13.064 24227 RALLYDEBUG rally_openstack.wrappers.network [-] CIDR generated: 1.1.5.100/30
2019-07-05 01:30:13.306 24226 RALLYDEBUG rally_openstack.wrappers.network [-] CIDR generated: 1.1.5.104/30
2019-07-05 01:30:13.318 24226 RALLYDEBUG rally_openstack.wrappers.network [-] CIDR generated: 1.1.5.108/30
2019-07-05 01:30:13.324 24231 RALLYDEBUG rally_openstack.wrappers.network [-] CIDR generated: 1.1.5.112/30
2019-07-05 01:30:13.532 24230 RALLYDEBUG rally_openstack.wrappers.network [-] CIDR generated: 1.1.5.116/30
2019-07-05 01:30:13.833 24242 RALLYDEBUG rally_openstack.wrappers.network [-] CIDR generated: 1.1.5.120/30
2019-07-05 01:30:13.918 24262 RALLYDEBUG rally_openstack.wrappers.network [-] CIDR generated: 1.1.5.124/30
2019-07-05 01:30:14.026 24233 RALLYDEBUG rally_openstack.wrappers.network [-] CIDR generated: 1.1.5.128/30
2019-07-05 01:30:14.072 24228 RALLYDEBUG rally_openstack.wrappers.network [-] CIDR generated: 1.1.5.132/30
2019-07-05 01:30:14.447 24225 RALLYDEBUG rally_openstack.wrappers.network [-] CIDR generated: 1.1.5.136/30
2019-07-05 01:30:14.451 24254 RALLYDEBUG rally_openstack.wrappers.network [-] CIDR generated: 1.1.5.140/30
2019-07-05 01:30:14.787 24257 INFO rally.task.runner [-] Task 9a3a3055-e326-43dc-a2ee-51393ff1a6e6 | ITER: 16 END: OK
2019-07-05 01:30:15.150 24226 RALLYDEBUG rally_openstack.wrappers.network [-] CIDR generated: 1.1.5.144/30
2019-07-05 01:30:15.190 24227 INFO rally.task.runner [-] Task 9a3a3055-e326-43dc-a2ee-51393ff1a6e6 | ITER: 27 END: OK
2019-07-05 01:30:15.516 24242 RALLYDEBUG rally_openstack.wrappers.network [-] CIDR generated: 1.1.5.148/30
2019-07-05 01:30:15.545 24233 RALLYDEBUG rally_openstack.wrappers.network [-] CIDR generated: 1.1.5.152/30
2019-07-05 01:30:16.187 24230 RALLYDEBUG rally_openstack.wrappers.network [-] CIDR generated: 1.1.5.156/30
2019-07-05 01:30:16.866 24226 INFO rally.task.runner [-] Task 9a3a3055-e326-43dc-a2ee-51393ff1a6e6 | ITER: 32 END: OK
2019-07-05 01:30:16.922 24228 INFO rally.task.runner [-] Task 9a3a3055-e326-43dc-a2ee-51393ff1a6e6 | ITER: 29 END: OK
2019-07-05 01:30:16.923 24248 INFO rally.task.runner [-] Task 9a3a3055-e326-43dc-a2ee-51393ff1a6e6 | ITER: 30 END: OK
2019-07-05 01:30:17.498 24263 INFO rally.task.runner [-] Task 9a3a3055-e326-43dc-a2ee-51393ff1a6e6 | ITER: 24 END: OK
2019-07-05 01:30:17.650 24255 INFO rally.task.runner [-] Task 9a3a3055-e326-43dc-a2ee-51393ff1a6e6 | ITER: 23 END: OK
2019-07-05 01:30:17.839 24231 INFO rally.task.runner [-] Task 9a3a3055-e326-43dc-a2ee-51393ff1a6e6 | ITER: 25 END: OK
2019-07-05 01:30:18.025 24225 INFO rally.task.runner [-] Task 9a3a3055-e326-43dc-a2ee-51393ff1a6e6 | ITER: 34 END: OK
2019-07-05 01:30:18.204 24262 INFO rally.task.runner [-] Task 9a3a3055-e326-43dc-a2ee-51393ff1a6e6 | ITER: 28 END: OK
2019-07-05 01:30:18.434 24229 INFO rally.task.runner [-] Task 9a3a3055-e326-43dc-a2ee-51393ff1a6e6 | ITER: 26 END: OK
2019-07-05 01:30:18.574 24242 INFO rally.task.runner [-] Task 9a3a3055-e326-43dc-a2ee-51393ff1a6e6 | ITER: 38 END: OK
2019-07-05 01:30:18.768 24254 INFO rally.task.runner [-] Task 9a3a3055-e326-43dc-a2ee-51393ff1a6e6 | ITER: 36 END: OK
2019-07-05 01:30:18.870 24227 INFO rally.task.runner [-] Task 9a3a3055-e326-43dc-a2ee-51393ff1a6e6 | ITER: 31 END: OK
2019-07-05 01:30:18.939 24230 INFO rally.task.runner [-] Task 9a3a3055-e326-43dc-a2ee-51393ff1a6e6 | ITER: 37 END: OK
2019-07-05 01:30:19.728 24233 INFO rally.task.runner [-] Task 9a3a3055-e326-43dc-a2ee-51393ff1a6e6 | ITER: 40 END: OK
2019-07-05 01:30:19.768 24225 INFO rally.task.runner [-] Task 9a3a3055-e326-43dc-a2ee-51393ff1a6e6 | ITER: 35 END: OK
2019-07-05 01:30:19.992 24228 INFO rally.task.runner [-] Task 9a3a3055-e326-43dc-a2ee-51393ff1a6e6 | ITER: 33 END: OK
2019-07-05 01:30:20.235 24226 INFO rally.task.runner [-] Task 9a3a3055-e326-43dc-a2ee-51393ff1a6e6 | ITER: 39 END: OK
2019-07-05 01:30:20.263 22131 INFO rally.task.context [-] Task 9a3a3055-e326-43dc-a2ee-51393ff1a6e6 | Context cleanup@openstack cleanup() started
2019-07-05 01:30:20.266 22131 RALLYDEBUG rally_openstack.cleanup.manager [-] Cleaning up neutron vip objects
2019-07-05 01:30:20.663 22131 RALLYDEBUG rally_openstack.cleanup.manager [-] Cleaning up neutron health_monitor objects
2019-07-05 01:30:21.055 22131 RALLYDEBUG rally_openstack.cleanup.manager [-] Cleaning up neutron pool objects
2019-07-05 01:30:21.449 22131 RALLYDEBUG rally_openstack.cleanup.manager [-] Cleaning up neutron loadbalancer objects
2019-07-05 01:30:21.828 22131 RALLYDEBUG rally_openstack.cleanup.manager [-] Cleaning up neutron floatingip objects
2019-07-05 01:30:22.264 22131 RALLYDEBUG rally_openstack.cleanup.manager [-] Cleaning up neutron port objects
2019-07-05 01:30:22.805 22131 RALLYDEBUG rally_openstack.cleanup.manager [-] Cleaning up neutron subnet objects
2019-07-05 01:30:23.244 22131 RALLYDEBUG rally_openstack.cleanup.manager [-] Cleaning up neutron network objects
2019-07-05 01:30:23.773 22131 RALLYDEBUG rally_openstack.cleanup.manager [-] Deleting neutron.network object s_rally_90c38e3e_DgsSBjWa (0273dc51-cc10-4d3c-8c79-1974951a8e1c)
2019-07-05 01:30:23.781 22131 RALLYDEBUG rally_openstack.cleanup.manager [-] Deleting neutron.network object s_rally_90c38e3e_McFUaCAx (0d966bc4-c61b-4a66-a8bc-cbe3d7d92999)
2019-07-05 01:30:23.793 22131 RALLYDEBUG rally_openstack.cleanup.manager [-] Deleting neutron.network object s_rally_90c38e3e_b2hMzz4M (10e75ce3-ea7c-4c4a-9f06-9aec7f406200)
2019-07-05 01:30:23.802 22131 RALLYDEBUG rally_openstack.cleanup.manager [-] Deleting neutron.network object s_rally_90c38e3e_ZTRA3um7 (1bdaf2e4-6206-4d5b-986c-888db64c7bb2)
2019-07-05 01:30:23.804 22131 RALLYDEBUG rally_openstack.cleanup.manager [-] Deleting neutron.network object s_rally_90c38e3e_ADECVpIf (1d571af1-a491-4205-bc7e-f0d804cee40d)
2019-07-05 01:30:23.829 22131 RALLYDEBUG rally_openstack.cleanup.manager [-] Deleting neutron.network object s_rally_90c38e3e_TQh16U05 (319f0e2b-a72d-4ad4-98ba-192e7e816abf)
2019-07-05 01:30:23.840 22131 RALLYDEBUG rally_openstack.cleanup.manager [-] Deleting neutron.network object s_rally_90c38e3e_69hJrCry (3d013863-27cc-436e-ac0c-d21b582e40cc)
2019-07-05 01:30:23.863 22131 RALLYDEBUG rally_openstack.cleanup.manager [-] Deleting neutron.network object s_rally_90c38e3e_MwsECBlJ (419dc474-2e6f-467a-a525-47226caaef7c)
2019-07-05 01:30:23.881 22131 RALLYDEBUG rally_openstack.cleanup.manager [-] Deleting neutron.network object s_rally_90c38e3e_xxfkCfI5 (46b69085-bde3-4788-911f-f7086b26ec0f)
2019-07-05 01:30:23.913 22131 RALLYDEBUG rally_openstack.cleanup.manager [-] Deleting neutron.network object s_rally_90c38e3e_USsEduCp (3e41317b-7ea0-4e17-a50c-96f11575dcd3)
2019-07-05 01:30:23.939 22131 RALLYDEBUG rally_openstack.cleanup.manager [-] Deleting neutron.network object s_rally_90c38e3e_axJ7kAm1 (5d5ee191-f4be-4a48-a07c-1ffb314c3b87)
2019-07-05 01:30:23.961 22131 RALLYDEBUG rally_openstack.cleanup.manager [-] Deleting neutron.network object s_rally_90c38e3e_8ulZ3ZyN (868e5bde-974d-483b-8d0b-e9c436b39127)
2019-07-05 01:30:23.966 22131 RALLYDEBUG rally_openstack.cleanup.manager [-] Deleting neutron.network object s_rally_90c38e3e_i8H79X1J (8477cb89-6d96-46dd-89a1-04828a434cb4)
2019-07-05 01:30:23.983 22131 RALLYDEBUG rally_openstack.cleanup.manager [-] Deleting neutron.network object s_rally_90c38e3e_bswP6mF5 (57325ede-8cb7-4cc3-b1bf-faff31640595)
2019-07-05 01:30:23.984 22131 RALLYDEBUG rally_openstack.cleanup.manager [-] Deleting neutron.network object s_rally_90c38e3e_zIGcy1vF (4690fb3d-5b76-4719-8d8b-b9fdd1d38d84)
2019-07-05 01:30:23.986 22131 RALLYDEBUG rally_openstack.cleanup.manager [-] Deleting neutron.network object s_rally_90c38e3e_9dDQQaEm (61fe445d-eece-40a0-966a-8b40881a736d)
2019-07-05 01:30:23.989 22131 RALLYDEBUG rally_openstack.cleanup.manager [-] Deleting neutron.network object s_rally_90c38e3e_MU83koxy (6b771959-8cbc-491c-9ea1-d4772a9c3f4a)
2019-07-05 01:30:24.029 22131 RALLYDEBUG rally_openstack.cleanup.manager [-] Deleting neutron.network object s_rally_90c38e3e_zXShi3iJ (85bccfb4-9013-4ee8-9410-f16e4e4f7c9e)
2019-07-05 01:30:24.041 22131 RALLYDEBUG rally_openstack.cleanup.manager [-] Deleting neutron.network object s_rally_90c38e3e_FewIGOjT (8a90ba30-cb29-4fc9-bbad-1ba46acdf389)
2019-07-05 01:30:24.085 22131 RALLYDEBUG rally_openstack.cleanup.manager [-] Deleting neutron.network object s_rally_90c38e3e_rQMZzbBJ (8b38cd65-6a1c-40af-9f9c-b122a710de2e)
2019-07-05 01:30:26.432 22131 RALLYDEBUG rally_openstack.cleanup.manager [-] Deleting neutron.network object s_rally_90c38e3e_w9Y9GOHj (93c3542b-869e-4ec0-b24d-9eab06e3fc98)
2019-07-05 01:30:26.593 22131 RALLYDEBUG rally_openstack.cleanup.manager [-] Deleting neutron.network object s_rally_90c38e3e_SgDPW4Xb (94c01621-0c31-4f90-9cc6-5be87a1421f5)
2019-07-05 01:30:26.609 22131 RALLYDEBUG rally_openstack.cleanup.manager [-] Deleting neutron.network object s_rally_90c38e3e_g1Nu5jrD (9c8a3789-a6ef-4157-a9b6-a348beed52a6)
2019-07-05 01:30:26.611 22131 RALLYDEBUG rally_openstack.cleanup.manager [-] Deleting neutron.network object s_rally_90c38e3e_c8Qu4NSP (a523c107-96fb-4a28-adf6-fb24f38adca3)
2019-07-05 01:30:26.611 22131 RALLYDEBUG rally_openstack.cleanup.manager [-] Deleting neutron.network object s_rally_90c38e3e_yeil5C5y (a2342af2-bd49-48ab-b846-c09bfc031cca)
2019-07-05 01:30:26.677 22131 RALLYDEBUG rally_openstack.cleanup.manager [-] Deleting neutron.network object s_rally_90c38e3e_zaQxNuNI (b039ec38-3c24-40ad-a96a-0c8f3a5d200c)
2019-07-05 01:30:26.755 22131 RALLYDEBUG rally_openstack.cleanup.manager [-] Deleting neutron.network object s_rally_90c38e3e_L3yEq6B1 (b119d0dd-948e-45dc-a6cc-2c62f1742281)
2019-07-05 01:30:27.010 22131 RALLYDEBUG rally_openstack.cleanup.manager [-] Deleting neutron.network object s_rally_90c38e3e_PhmsnoSU (b8d1a096-f2c0-4d69-b6bc-ff71c131f35a)
2019-07-05 01:30:27.106 22131 RALLYDEBUG rally_openstack.cleanup.manager [-] Deleting neutron.network object s_rally_90c38e3e_RCz6y4u4 (bb60d212-3b3d-41ba-beb3-6ae8a9f18394)
2019-07-05 01:30:27.211 22131 RALLYDEBUG rally_openstack.cleanup.manager [-] Deleting neutron.network object s_rally_90c38e3e_qpxzrebb (c1bc1c0a-258e-42d9-bd82-f6a24b2171ee)
2019-07-05 01:30:27.272 22131 RALLYDEBUG rally_openstack.cleanup.manager [-] Deleting neutron.network object s_rally_90c38e3e_gCphWxic (c3843ab9-d03d-43fc-964f-05fa8c9871fb)
2019-07-05 01:30:27.356 22131 RALLYDEBUG rally_openstack.cleanup.manager [-] Deleting neutron.network object s_rally_90c38e3e_b7TbRFHq (cc07823e-3e3f-4c60-9d18-be0875daec8b)
2019-07-05 01:30:27.427 22131 RALLYDEBUG rally_openstack.cleanup.manager [-] Deleting neutron.network object s_rally_90c38e3e_mmlcXpq0 (ced77d9c-e670-4294-a795-18bcde4bcc27)
2019-07-05 01:30:27.433 22131 RALLYDEBUG rally_openstack.cleanup.manager [-] Deleting neutron.network object s_rally_90c38e3e_blqSnwmi (d1e49c01-7c27-4e73-b893-a95eec23ebf2)
2019-07-05 01:30:27.680 22131 RALLYDEBUG rally_openstack.cleanup.manager [-] Deleting neutron.network object s_rally_90c38e3e_L9okzsQV (d699d618-1b80-4349-980e-47e568716642)
2019-07-05 01:30:27.710 22131 RALLYDEBUG rally_openstack.cleanup.manager [-] Deleting neutron.network object s_rally_90c38e3e_fjExCyf0 (e068bf9d-9234-4f04-b98d-c1999df0cc2d)
2019-07-05 01:30:27.825 22131 RALLYDEBUG rally_openstack.cleanup.manager [-] Deleting neutron.network object s_rally_90c38e3e_uIKmCTUc (e6362424-ba0b-41c9-b222-129303b682fd)
2019-07-05 01:30:27.916 22131 RALLYDEBUG rally_openstack.cleanup.manager [-] Deleting neutron.network object s_rally_90c38e3e_3O9SdpEL (f20b17ec-80e4-4f12-95d4-0ecf0523e375)
2019-07-05 01:30:28.057 22131 RALLYDEBUG rally_openstack.cleanup.manager [-] Deleting neutron.network object s_rally_90c38e3e_OQZhmDHC (f350b93f-e49e-456f-984b-3220d7d804ad)
2019-07-05 01:30:28.144 22131 RALLYDEBUG rally_openstack.cleanup.manager [-] Deleting neutron.network object s_rally_90c38e3e_15yLgM0V (fc47b0e0-41f0-49e8-b74a-8f6829bf3d34)
2019-07-05 01:30:31.196 22131 RALLYDEBUG rally_openstack.cleanup.manager [-] Cleaning up neutron router objects
2019-07-05 01:30:31.646 22131 RALLYDEBUG rally_openstack.cleanup.manager [-] Cleaning up neutron security_group objects
2019-07-05 01:30:32.077 22131 INFO rally.task.context [-] Task 9a3a3055-e326-43dc-a2ee-51393ff1a6e6 | Context cleanup@openstack cleanup() finished in 11.81 sec
2019-07-05 01:30:32.077 22131 INFO rally.task.context [-] Task 9a3a3055-e326-43dc-a2ee-51393ff1a6e6 | Context quotas@openstack cleanup() started
2019-07-05 01:30:32.162 22131 INFO rally.task.context [-] Task 9a3a3055-e326-43dc-a2ee-51393ff1a6e6 | Context quotas@openstack cleanup() finished in 85.01 msec
2019-07-05 01:30:32.163 22131 INFO rally.task.context [-] Task 9a3a3055-e326-43dc-a2ee-51393ff1a6e6 | Context users@openstack cleanup() started
2019-07-05 01:30:34.925 22131 INFO rally.task.context [-] Task 9a3a3055-e326-43dc-a2ee-51393ff1a6e6 | Context users@openstack cleanup() finished in 2.76 sec
2019-07-05 01:30:34.969 22131 INFO rally.task.engine [-] Load duration is: 20.287071
2019-07-05 01:30:34.969 22131 INFO rally.task.engine [-] Full runner duration is: 20.345747
2019-07-05 01:30:34.970 22131 INFO rally.task.engine [-] Full duration is: 38.12213
2019-07-05 01:30:35.351 22131 INFO rally.task.engine [-] Running workload: position = 0 config = { "version": 2, "title": "A cropped version of a bigger task.", "description": "Auto-generated task from a single workload (uuid=960a55ff-6687-4108-a16e-fee2e4d5e7ff)", "subtasks": [ { "title": "NeutronNetworks.create_and_list_routers", "description": "Create and a given number of routers and list all routers.", "scenario": { "NeutronNetworks.create_and_list_routers": { "network_create_args": null, "subnet_create_args": null, "subnet_cidr_start": "1.1.0.0/30", "subnets_per_network": 2, "router_create_args": null } }, "contexts": { "users": { "tenants": 1, "users_per_tenant": 1 }, "quotas": { "neutron": { "network": -1, "subnet": -1, "router": -1 } } }, "runner": { "constant": { "times": 40, "concurrency": 20 } }, "hooks": [], "sla": { "failure_rate": { "max": 0 } } } ] }
2019-07-05 01:30:35.377 22131 RALLYDEBUG rally_openstack.contexts.keystone.users [-] Creating 1 tenants using 20 threads
2019-07-05 01:30:36.304 22131 RALLYDEBUG rally_openstack.contexts.keystone.users [-] Creating 1 users using 20 threads
2019-07-05 01:30:37.694 22131 INFO rally.task.context [-] Task 9a3a3055-e326-43dc-a2ee-51393ff1a6e6 | Context users@openstack setup() finished in 2.32 sec
2019-07-05 01:30:38.359 22131 INFO rally.task.context [-] Task 9a3a3055-e326-43dc-a2ee-51393ff1a6e6 | Context quotas@openstack setup() finished in 0.66 sec
2019-07-05 01:30:38.359 22131 INFO rally.task.context [-] Task 9a3a3055-e326-43dc-a2ee-51393ff1a6e6 | Context cleanup@openstack setup() finished in 0.00 msec
2019-07-05 01:30:38.368 22131 RALLYDEBUG rally.task.runner [-] Starting the constant runner (task UUID: 9a3a3055-e326-43dc-a2ee-51393ff1a6e6). timeout: 0 concurrency: 20 concurrency_per_worker: 1 times: 40 concurrency_overhead: 4 processes_to_start: 16 max_cpu_used: 16
2019-07-05 01:30:38.382 24595 RALLYDEBUG rally.task.runner [-] Starting a worker. concurrency: 2 args: {"network_create_args": null, "subnet_create_args": null, "subnet_cidr_start": "1.1.0.0/30", "subnets_per_network": 2, "router_create_args": null} times: 40 method_name: run timeout: 0 duration: None cls:
2019-07-05 01:30:38.385 24596 RALLYDEBUG rally.task.runner [-] Starting a worker. concurrency: 2 args: {"network_create_args": null, "subnet_create_args": null, "subnet_cidr_start": "1.1.0.0/30", "subnets_per_network": 2, "router_create_args": null} times: 40 method_name: run timeout: 0 duration: None cls:
2019-07-05 01:30:38.389 24597 RALLYDEBUG rally.task.runner [-] Starting a worker. concurrency: 2 args: {"network_create_args": null, "subnet_create_args": null, "subnet_cidr_start": "1.1.0.0/30", "subnets_per_network": 2, "router_create_args": null} times: 40 method_name: run timeout: 0 duration: None cls:
2019-07-05 01:30:38.391 24598 RALLYDEBUG rally.task.runner [-] Starting a worker. concurrency: 2 args: {"network_create_args": null, "subnet_create_args": null, "subnet_cidr_start": "1.1.0.0/30", "subnets_per_network": 2, "router_create_args": null} times: 40 method_name: run timeout: 0 duration: None cls:
2019-07-05 01:30:38.394 24596 INFO rally.task.runner [-] Task 9a3a3055-e326-43dc-a2ee-51393ff1a6e6 | ITER: 2 START
2019-07-05 01:30:38.393 24595 INFO rally.task.runner [-] Task 9a3a3055-e326-43dc-a2ee-51393ff1a6e6 | ITER: 1 START
2019-07-05 01:30:38.395 24599 RALLYDEBUG rally.task.runner [-] Starting a worker. concurrency: 1 args: {"network_create_args": null, "subnet_create_args": null, "subnet_cidr_start": "1.1.0.0/30", "subnets_per_network": 2, "router_create_args": null} times: 40 method_name: run timeout: 0 duration: None cls:
2019-07-05 01:30:38.399 24597 INFO rally.task.runner [-] Task 9a3a3055-e326-43dc-a2ee-51393ff1a6e6 | ITER: 4 START
2019-07-05 01:30:38.399 24603 RALLYDEBUG rally.task.runner [-] Starting a worker. concurrency: 1 args: {"network_create_args": null, "subnet_create_args": null, "subnet_cidr_start": "1.1.0.0/30", "subnets_per_network": 2, "router_create_args": null} times: 40 method_name: run timeout: 0 duration: None cls:
2019-07-05 01:30:38.395 24595 INFO rally.task.runner [-] Task 9a3a3055-e326-43dc-a2ee-51393ff1a6e6 | ITER: 3 START
2019-07-05 01:30:38.402 24598 INFO rally.task.runner [-] Task 9a3a3055-e326-43dc-a2ee-51393ff1a6e6 | ITER: 6 START
2019-07-05 01:30:38.402 24599 INFO rally.task.runner [-] Task 9a3a3055-e326-43dc-a2ee-51393ff1a6e6 | ITER: 8 START
2019-07-05 01:30:38.404 24607 RALLYDEBUG rally.task.runner [-] Starting a worker. concurrency: 1 args: {"network_create_args": null, "subnet_create_args": null, "subnet_cidr_start": "1.1.0.0/30", "subnets_per_network": 2, "router_create_args": null} times: 40 method_name: run timeout: 0 duration: None cls:
2019-07-05 01:30:38.405 24603 INFO rally.task.runner [-] Task 9a3a3055-e326-43dc-a2ee-51393ff1a6e6 | ITER: 10 START
2019-07-05 01:30:38.407 24611 RALLYDEBUG rally.task.runner [-] Starting a worker. concurrency: 1 args: {"network_create_args": null, "subnet_create_args": null, "subnet_cidr_start": "1.1.0.0/30", "subnets_per_network": 2, "router_create_args": null} times: 40 method_name: run timeout: 0 duration: None cls:
2019-07-05 01:30:38.410 24615 RALLYDEBUG rally.task.runner [-] Starting a worker. concurrency: 1 args: {"network_create_args": null, "subnet_create_args": null, "subnet_cidr_start": "1.1.0.0/30", "subnets_per_network": 2, "router_create_args": null} times: 40 method_name: run timeout: 0 duration: None cls:
2019-07-05 01:30:38.411 24607 INFO rally.task.runner [-] Task 9a3a3055-e326-43dc-a2ee-51393ff1a6e6 | ITER: 11 START
2019-07-05 01:30:38.410 24596 INFO rally.task.runner [-] Task 9a3a3055-e326-43dc-a2ee-51393ff1a6e6 | ITER: 5 START
2019-07-05 01:30:38.415 24597 INFO rally.task.runner [-] Task 9a3a3055-e326-43dc-a2ee-51393ff1a6e6 | ITER: 7 START
2019-07-05 01:30:38.416 24615 INFO rally.task.runner [-] Task 9a3a3055-e326-43dc-a2ee-51393ff1a6e6 | ITER: 13 START
2019-07-05 01:30:38.418 24598 INFO rally.task.runner [-] Task 9a3a3055-e326-43dc-a2ee-51393ff1a6e6 | ITER: 9 START
2019-07-05 01:30:38.419 24611 INFO rally.task.runner [-] Task 9a3a3055-e326-43dc-a2ee-51393ff1a6e6 | ITER: 12 START
2019-07-05 01:30:38.419 24620 RALLYDEBUG rally.task.runner [-] Starting a worker. concurrency: 1 args: {"network_create_args": null, "subnet_create_args": null, "subnet_cidr_start": "1.1.0.0/30", "subnets_per_network": 2, "router_create_args": null} times: 40 method_name: run timeout: 0 duration: None cls:
2019-07-05 01:30:38.427 24620 INFO rally.task.runner [-] Task 9a3a3055-e326-43dc-a2ee-51393ff1a6e6 | ITER: 14 START
2019-07-05 01:30:38.426 24627 RALLYDEBUG rally.task.runner [-] Starting a worker. concurrency: 1 args: {"network_create_args": null, "subnet_create_args": null, "subnet_cidr_start": "1.1.0.0/30", "subnets_per_network": 2, "router_create_args": null} times: 40 method_name: run timeout: 0 duration: None cls:
2019-07-05 01:30:38.434 24630 RALLYDEBUG rally.task.runner [-] Starting a worker. concurrency: 1 args: {"network_create_args": null, "subnet_create_args": null, "subnet_cidr_start": "1.1.0.0/30", "subnets_per_network": 2, "router_create_args": null} times: 40 method_name: run timeout: 0 duration: None cls:
2019-07-05 01:30:38.433 24627 INFO rally.task.runner [-] Task 9a3a3055-e326-43dc-a2ee-51393ff1a6e6 | ITER: 15 START
2019-07-05 01:30:38.439 24630 INFO rally.task.runner [-] Task 9a3a3055-e326-43dc-a2ee-51393ff1a6e6 | ITER: 16 START
2019-07-05 01:30:38.444 24633 RALLYDEBUG rally.task.runner [-] Starting a worker. concurrency: 1 args: {"network_create_args": null, "subnet_create_args": null, "subnet_cidr_start": "1.1.0.0/30", "subnets_per_network": 2, "router_create_args": null} times: 40 method_name: run timeout: 0 duration: None cls:
2019-07-05 01:30:38.452 24633 INFO rally.task.runner [-] Task 9a3a3055-e326-43dc-a2ee-51393ff1a6e6 | ITER: 17 START
2019-07-05 01:30:38.451 24636 RALLYDEBUG rally.task.runner [-] Starting a worker. concurrency: 1 args: {"network_create_args": null, "subnet_create_args": null, "subnet_cidr_start": "1.1.0.0/30", "subnets_per_network": 2, "router_create_args": null} times: 40 method_name: run timeout: 0 duration: None cls:
2019-07-05 01:30:38.457 24636 INFO rally.task.runner [-] Task 9a3a3055-e326-43dc-a2ee-51393ff1a6e6 | ITER: 18 START
2019-07-05 01:30:38.457 24637 RALLYDEBUG rally.task.runner [-] Starting a worker. concurrency: 1 args: {"network_create_args": null, "subnet_create_args": null, "subnet_cidr_start": "1.1.0.0/30", "subnets_per_network": 2, "router_create_args": null} times: 40 method_name: run timeout: 0 duration: None cls:
2019-07-05 01:30:38.462 24637 INFO rally.task.runner [-] Task 9a3a3055-e326-43dc-a2ee-51393ff1a6e6 | ITER: 19 START
2019-07-05 01:30:38.469 24644 RALLYDEBUG rally.task.runner [-] Starting a worker. concurrency: 1 args: {"network_create_args": null, "subnet_create_args": null, "subnet_cidr_start": "1.1.0.0/30", "subnets_per_network": 2, "router_create_args": null} times: 40 method_name: run timeout: 0 duration: None cls:
2019-07-05 01:30:38.474 24644 INFO rally.task.runner [-] Task 9a3a3055-e326-43dc-a2ee-51393ff1a6e6 | ITER: 20 START
2019-07-05 01:30:39.090 24620 RALLYDEBUG rally_openstack.wrappers.network [-] CIDR generated: 1.1.5.160/30
2019-07-05 01:30:39.102 24596 RALLYDEBUG rally_openstack.wrappers.network [-] CIDR generated: 1.1.5.164/30
2019-07-05 01:30:39.107 24599 RALLYDEBUG rally_openstack.wrappers.network [-] CIDR generated: 1.1.5.168/30
2019-07-05 01:30:39.197 24597 RALLYDEBUG rally_openstack.wrappers.network [-] CIDR generated: 1.1.5.172/30
2019-07-05 01:30:39.236 24615 RALLYDEBUG rally_openstack.wrappers.network [-] CIDR generated: 1.1.5.176/30
2019-07-05 01:30:39.259 24607 RALLYDEBUG rally_openstack.wrappers.network [-] CIDR generated: 1.1.5.180/30
2019-07-05 01:30:39.274 24595 RALLYDEBUG rally_openstack.wrappers.network [-] CIDR generated: 1.1.5.184/30
2019-07-05 01:30:39.361 24627 RALLYDEBUG rally_openstack.wrappers.network [-] CIDR generated: 1.1.5.188/30
2019-07-05 01:30:39.368 24597 RALLYDEBUG rally_openstack.wrappers.network [-] CIDR generated: 1.1.5.192/30
2019-07-05 01:30:39.374 24611 RALLYDEBUG rally_openstack.wrappers.network [-] CIDR generated: 1.1.5.196/30
2019-07-05 01:30:39.419 24644 RALLYDEBUG rally_openstack.wrappers.network [-] CIDR generated: 1.1.5.200/30
2019-07-05 01:30:39.485 24598 RALLYDEBUG rally_openstack.wrappers.network [-] CIDR generated: 1.1.5.204/30
2019-07-05 01:30:39.582 24603 RALLYDEBUG rally_openstack.wrappers.network [-] CIDR generated: 1.1.5.208/30
2019-07-05 01:30:39.741 24596 RALLYDEBUG rally_openstack.wrappers.network [-] CIDR generated: 1.1.5.212/30
2019-07-05 01:30:39.743 24620 RALLYDEBUG rally_openstack.wrappers.network [-] CIDR generated: 1.1.5.216/30
2019-07-05 01:30:39.938 24595 RALLYDEBUG rally_openstack.wrappers.network [-] CIDR generated: 1.1.5.220/30
2019-07-05 01:30:39.986 24633 RALLYDEBUG rally_openstack.wrappers.network [-] CIDR generated: 1.1.5.224/30
2019-07-05 01:30:39.997 24598 RALLYDEBUG rally_openstack.wrappers.network [-] CIDR generated: 1.1.5.228/30
2019-07-05 01:30:40.120 24637 RALLYDEBUG rally_openstack.wrappers.network [-] CIDR generated: 1.1.5.232/30
2019-07-05 01:30:40.148 24627 RALLYDEBUG rally_openstack.wrappers.network [-] CIDR generated: 1.1.5.236/30
2019-07-05 01:30:40.231 24630 RALLYDEBUG rally_openstack.wrappers.network [-] CIDR generated: 1.1.5.240/30
2019-07-05 01:30:40.241 24595 RALLYDEBUG rally_openstack.wrappers.network [-] CIDR generated: 1.1.5.244/30
2019-07-05 01:30:40.515 24636 RALLYDEBUG rally_openstack.wrappers.network [-] CIDR generated: 1.1.5.248/30
2019-07-05 01:30:40.601 24596 RALLYDEBUG rally_openstack.wrappers.network [-] CIDR generated: 1.1.5.252/30
2019-07-05 01:30:40.641 24597 RALLYDEBUG rally_openstack.wrappers.network [-] CIDR generated: 1.1.6.0/30
2019-07-05 01:30:40.728 24644 RALLYDEBUG rally_openstack.wrappers.network [-] CIDR generated: 1.1.6.4/30
2019-07-05 01:30:41.228 24599 RALLYDEBUG rally_openstack.wrappers.network [-] CIDR generated: 1.1.6.8/30
2019-07-05 01:30:41.277 24597 RALLYDEBUG rally_openstack.wrappers.network [-] CIDR generated: 1.1.6.12/30
2019-07-05 01:30:41.410 24607 RALLYDEBUG rally_openstack.wrappers.network [-] CIDR generated: 1.1.6.16/30
2019-07-05 01:30:41.573 24615 RALLYDEBUG rally_openstack.wrappers.network [-] CIDR generated: 1.1.6.20/30
2019-07-05 01:30:41.596 24598 RALLYDEBUG rally_openstack.wrappers.network [-] CIDR generated: 1.1.6.24/30
2019-07-05 01:30:41.929 24598 RALLYDEBUG rally_openstack.wrappers.network [-] CIDR generated: 1.1.6.28/30
2019-07-05 01:30:41.953 24611 RALLYDEBUG rally_openstack.wrappers.network [-] CIDR generated: 1.1.6.32/30
2019-07-05 01:30:42.252 24633 RALLYDEBUG rally_openstack.wrappers.network [-] CIDR generated: 1.1.6.36/30
2019-07-05 01:30:42.525 24603 RALLYDEBUG rally_openstack.wrappers.network [-] CIDR generated: 1.1.6.40/30
2019-07-05 01:30:42.675 24637 RALLYDEBUG rally_openstack.wrappers.network [-] CIDR generated: 1.1.6.44/30
2019-07-05 01:30:43.087 24636 RALLYDEBUG rally_openstack.wrappers.network [-] CIDR generated: 1.1.6.48/30
2019-07-05 01:30:43.803 24596 RALLYDEBUG rally_openstack.wrappers.network [-] CIDR generated: 1.1.6.52/30
2019-07-05 01:30:44.283 24595 RALLYDEBUG rally_openstack.wrappers.network [-] CIDR generated: 1.1.6.56/30
2019-07-05 01:30:44.503 24630 RALLYDEBUG rally_openstack.wrappers.network [-] CIDR generated: 1.1.6.60/30
2019-07-05 01:30:49.610 24595 INFO rally.task.runner [-] Task 9a3a3055-e326-43dc-a2ee-51393ff1a6e6 | ITER: 3 END: OK
2019-07-05 01:30:49.615 24595 INFO rally.task.runner [-] Task 9a3a3055-e326-43dc-a2ee-51393ff1a6e6 | ITER: 21 START
2019-07-05 01:30:50.517 24595 RALLYDEBUG rally_openstack.wrappers.network [-] CIDR generated: 1.1.6.64/30
2019-07-05 01:30:54.053 24636 INFO rally.task.runner [-] Task 9a3a3055-e326-43dc-a2ee-51393ff1a6e6 | ITER: 18 END: OK
2019-07-05 01:30:54.057 24636 INFO rally.task.runner [-] Task 9a3a3055-e326-43dc-a2ee-51393ff1a6e6 | ITER: 22 START
2019-07-05 01:30:54.134 24597 INFO rally.task.runner [-] Task 9a3a3055-e326-43dc-a2ee-51393ff1a6e6 | ITER: 4 END: OK
2019-07-05 01:30:54.139 24597 INFO rally.task.runner [-] Task 9a3a3055-e326-43dc-a2ee-51393ff1a6e6 | ITER: 23 START
2019-07-05 01:30:54.404 24637 INFO rally.task.runner [-] Task 9a3a3055-e326-43dc-a2ee-51393ff1a6e6 | ITER: 19 END: OK
2019-07-05 01:30:54.410 24637 INFO rally.task.runner [-] Task 9a3a3055-e326-43dc-a2ee-51393ff1a6e6 | ITER: 24 START
2019-07-05 01:30:54.414 24595 RALLYDEBUG rally_openstack.wrappers.network [-] CIDR generated: 1.1.6.68/30
2019-07-05 01:30:54.658 24636 RALLYDEBUG rally_openstack.wrappers.network [-] CIDR generated: 1.1.6.72/30
2019-07-05 01:30:54.829 24597 RALLYDEBUG rally_openstack.wrappers.network [-] CIDR generated: 1.1.6.76/30
