2019-07-05 01:25:13.303 22122 RALLYDEBUG rally.api [-] INFO logs from urllib3 and requests module are hide.
2019-07-05 01:25:13.303 22122 RALLYDEBUG rally.api [-] urllib3 insecure warnings are hidden.
2019-07-05 01:25:13.303 22122 RALLYDEBUG rally.api [-] ERROR log from boto module is hide.
2019-07-05 01:25:15.921 22124 RALLYDEBUG rally.api [-] INFO logs from urllib3 and requests module are hide.
2019-07-05 01:25:15.921 22124 RALLYDEBUG rally.api [-] urllib3 insecure warnings are hidden.
2019-07-05 01:25:15.921 22124 RALLYDEBUG rally.api [-] ERROR log from boto module is hide.
2019-07-05 01:25:17.442 22124 WARNING rally_openstack.platforms.existing [-] endpoint is deprecated and not used.
2019-07-05 01:25:18.485 22126 RALLYDEBUG rally.api [-] INFO logs from urllib3 and requests module are hide.
2019-07-05 01:25:18.486 22126 RALLYDEBUG rally.api [-] urllib3 insecure warnings are hidden.
2019-07-05 01:25:18.486 22126 RALLYDEBUG rally.api [-] ERROR log from boto module is hide.
2019-07-05 01:25:21.649 22129 RALLYDEBUG rally.api [-] INFO logs from urllib3 and requests module are hide.
2019-07-05 01:25:21.649 22129 RALLYDEBUG rally.api [-] urllib3 insecure warnings are hidden.
2019-07-05 01:25:21.650 22129 RALLYDEBUG rally.api [-] ERROR log from boto module is hide.
2019-07-05 01:25:23.075 22131 RALLYDEBUG rally.api [-] INFO logs from urllib3 and requests module are hide.
2019-07-05 01:25:23.075 22131 RALLYDEBUG rally.api [-] urllib3 insecure warnings are hidden.
2019-07-05 01:25:23.076 22131 RALLYDEBUG rally.api [-] ERROR log from boto module is hide.
2019-07-05 01:25:24.429 22131 INFO rally.common.plugin.discover [-] Loading plugins from directories /root/.rally/plugins/*
2019-07-05 01:25:24.430 22131 INFO rally.common.plugin.discover [-] Loaded module with plugins: /root/.rally/plugins/__init__.py
2019-07-05 01:25:24.433 22131 INFO rally.common.plugin.discover [-] Loaded module with plugins: /root/.rally/plugins/trunk_scenario.py
2019-07-05 01:25:24.694 22131 INFO rally.task.engine [-] Task 9a3a3055-e326-43dc-a2ee-51393ff1a6e6 | Starting: Task validation.
2019-07-05 01:25:24.748 22131 INFO rally.task.engine [-] Task 9a3a3055-e326-43dc-a2ee-51393ff1a6e6 | Starting: Task validation of syntax.
2019-07-05 01:25:24.996 22131 INFO rally.task.engine [-] Task 9a3a3055-e326-43dc-a2ee-51393ff1a6e6 | Completed: Task validation of syntax.
2019-07-05 01:25:24.996 22131 INFO rally.task.engine [-] Task 9a3a3055-e326-43dc-a2ee-51393ff1a6e6 | Starting: Task validation of required platforms.
2019-07-05 01:25:25.070 22131 INFO rally.task.engine [-] Task 9a3a3055-e326-43dc-a2ee-51393ff1a6e6 | Completed: Task validation of required platforms.
2019-07-05 01:25:25.070 22131 INFO rally.task.engine [-] Task 9a3a3055-e326-43dc-a2ee-51393ff1a6e6 | Starting: Task validation of semantic.
2019-07-05 01:25:25.071 22131 INFO rally.task.engine [-] Check health of the environment '28aeb8bc-c24d-4a62-9dc0-0a676876c543'.
2019-07-05 01:25:25.669 22131 INFO rally.task.engine [-] Platform existing@openstack (available: True): OK!
2019-07-05 01:25:25.686 22131 RALLYDEBUG rally_openstack.contexts.keystone.users [-] Creating 1 tenants using 20 threads
2019-07-05 01:25:26.634 22131 RALLYDEBUG rally_openstack.contexts.keystone.users [-] Creating 1 users using 20 threads
2019-07-05 01:25:28.044 22131 INFO rally.task.context [-] Task 9a3a3055-e326-43dc-a2ee-51393ff1a6e6 | Context users@openstack setup() finished in 2.36 sec
2019-07-05 01:25:32.711 22131 INFO rally.task.context [-] Task 9a3a3055-e326-43dc-a2ee-51393ff1a6e6 | Context users@openstack cleanup() started
2019-07-05 01:25:35.707 22131 INFO rally.task.context [-] Task 9a3a3055-e326-43dc-a2ee-51393ff1a6e6 | Context users@openstack cleanup() finished in 3.00 sec
2019-07-05 01:25:35.707 22131 INFO rally.task.engine [-] Task 9a3a3055-e326-43dc-a2ee-51393ff1a6e6 | Completed: Task validation of semantic.
2019-07-05 01:25:35.708 22131 INFO rally.task.engine [-] Task 9a3a3055-e326-43dc-a2ee-51393ff1a6e6 | Completed: Task validation.
2019-07-05 01:25:35.708 22131 INFO rally.api [-] Task 9a3a3055-e326-43dc-a2ee-51393ff1a6e6 input file is valid.
2019-07-05 01:25:35.708 22131 INFO rally.api [-] Run Task 9a3a3055-e326-43dc-a2ee-51393ff1a6e6 against Deployment 28aeb8bc-c24d-4a62-9dc0-0a676876c543
2019-07-05 01:25:35.709 22131 INFO rally.task.engine [-] Task 9a3a3055-e326-43dc-a2ee-51393ff1a6e6 | Starting: Running task.
2019-07-05 01:25:35.881 22131 INFO rally.task.engine [-] Running workload: position = 0 config = { "version": 2, "title": "A cropped version of a bigger task.", "description": "Auto-generated task from a single workload (uuid=2c5d1441-f99f-4c54-a2ea-40d5650d7b55)", "subtasks": [ { "title": "NeutronNetworks.create_and_list_networks", "description": "Check performance of list_networks action and ensure > network quotas are not exceeded", "scenario": { "NeutronNetworks.create_and_list_networks": {} }, "contexts": { "users": { "tenants": 1, "users_per_tenant": 1 }, "quotas": { "neutron": { "network": 119 } } }, "runner": { "constant": { "times": 100, "concurrency": 20 } }, "hooks": [], "sla": { "max_avg_duration_per_atomic": { "neutron.list_networks": 15 }, "failure_rate": { "max": 0 } } } ] }
2019-07-05 01:25:35.909 22131 RALLYDEBUG rally_openstack.contexts.keystone.users [-] Creating 1 tenants using 20 threads
2019-07-05 01:25:36.833 22131 RALLYDEBUG rally_openstack.contexts.keystone.users [-] Creating 1 users using 20 threads
2019-07-05 01:25:38.217 22131 INFO rally.task.context [-] Task 9a3a3055-e326-43dc-a2ee-51393ff1a6e6 | Context users@openstack setup() finished in 2.31 sec
2019-07-05 01:25:38.770 22131 INFO rally.task.context [-] Task 9a3a3055-e326-43dc-a2ee-51393ff1a6e6 | Context quotas@openstack setup() finished in 0.55 sec
2019-07-05 01:25:38.770 22131 INFO rally.task.context [-] Task 9a3a3055-e326-43dc-a2ee-51393ff1a6e6 | Context cleanup@openstack setup() finished in 0.03 msec
2019-07-05 01:25:38.779 22131 RALLYDEBUG rally.task.runner [-] Starting the constant runner (task UUID: 9a3a3055-e326-43dc-a2ee-51393ff1a6e6). timeout: 0 concurrency: 20 concurrency_per_worker: 1 times: 100 concurrency_overhead: 4 processes_to_start: 16 max_cpu_used: 16
2019-07-05 01:25:38.793 22255 RALLYDEBUG rally.task.runner [-] Starting a worker. concurrency: 2 args: {} times: 100 method_name: run timeout: 0 duration: None cls:
2019-07-05 01:25:38.796 22256 RALLYDEBUG rally.task.runner [-] Starting a worker. concurrency: 2 args: {} times: 100 method_name: run timeout: 0 duration: None cls:
2019-07-05 01:25:38.798 22257 RALLYDEBUG rally.task.runner [-] Starting a worker. concurrency: 2 args: {} times: 100 method_name: run timeout: 0 duration: None cls:
2019-07-05 01:25:38.801 22258 RALLYDEBUG rally.task.runner [-] Starting a worker. concurrency: 2 args: {} times: 100 method_name: run timeout: 0 duration: None cls:
2019-07-05 01:25:38.802 22255 INFO rally.task.runner [-] Task 9a3a3055-e326-43dc-a2ee-51393ff1a6e6 | ITER: 1 START
2019-07-05 01:25:38.805 22261 RALLYDEBUG rally.task.runner [-] Starting a worker. concurrency: 1 args: {} times: 100 method_name: run timeout: 0 duration: None cls:
2019-07-05 01:25:38.806 22256 INFO rally.task.runner [-] Task 9a3a3055-e326-43dc-a2ee-51393ff1a6e6 | ITER: 2 START
2019-07-05 01:25:38.809 22258 INFO rally.task.runner [-] Task 9a3a3055-e326-43dc-a2ee-51393ff1a6e6 | ITER: 6 START
2019-07-05 01:25:38.808 22264 RALLYDEBUG rally.task.runner [-] Starting a worker. concurrency: 1 args: {} times: 100 method_name: run timeout: 0 duration: None cls:
2019-07-05 01:25:38.808 22257 INFO rally.task.runner [-] Task 9a3a3055-e326-43dc-a2ee-51393ff1a6e6 | ITER: 4 START
2019-07-05 01:25:38.812 22267 RALLYDEBUG rally.task.runner [-] Starting a worker. concurrency: 1 args: {} times: 100 method_name: run timeout: 0 duration: None cls:
2019-07-05 01:25:38.813 22261 INFO rally.task.runner [-] Task 9a3a3055-e326-43dc-a2ee-51393ff1a6e6 | ITER: 9 START
2019-07-05 01:25:38.815 22255 INFO rally.task.runner [-] Task 9a3a3055-e326-43dc-a2ee-51393ff1a6e6 | ITER: 3 START
2019-07-05 01:25:38.815 22256 INFO rally.task.runner [-] Task 9a3a3055-e326-43dc-a2ee-51393ff1a6e6 | ITER: 5 START
2019-07-05 01:25:38.818 22264 INFO rally.task.runner [-] Task 9a3a3055-e326-43dc-a2ee-51393ff1a6e6 | ITER: 10 START
2019-07-05 01:25:38.818 22274 RALLYDEBUG rally.task.runner [-] Starting a worker. concurrency: 1 args: {} times: 100 method_name: run timeout: 0 duration: None cls:
2019-07-05 01:25:38.818 22257 INFO rally.task.runner [-] Task 9a3a3055-e326-43dc-a2ee-51393ff1a6e6 | ITER: 7 START
2019-07-05 01:25:38.820 22267 INFO rally.task.runner [-] Task 9a3a3055-e326-43dc-a2ee-51393ff1a6e6 | ITER: 11 START
2019-07-05 01:25:38.823 22279 RALLYDEBUG rally.task.runner [-] Starting a worker. concurrency: 1 args: {} times: 100 method_name: run timeout: 0 duration: None cls:
2019-07-05 01:25:38.825 22258 INFO rally.task.runner [-] Task 9a3a3055-e326-43dc-a2ee-51393ff1a6e6 | ITER: 8 START
2019-07-05 01:25:38.827 22274 INFO rally.task.runner [-] Task 9a3a3055-e326-43dc-a2ee-51393ff1a6e6 | ITER: 12 START
2019-07-05 01:25:38.829 22283 RALLYDEBUG rally.task.runner [-] Starting a worker. concurrency: 1 args: {} times: 100 method_name: run timeout: 0 duration: None cls:
2019-07-05 01:25:38.830 22279 INFO rally.task.runner [-] Task 9a3a3055-e326-43dc-a2ee-51393ff1a6e6 | ITER: 13 START
2019-07-05 01:25:38.837 22287 RALLYDEBUG rally.task.runner [-] Starting a worker. concurrency: 1 args: {} times: 100 method_name: run timeout: 0 duration: None cls:
2019-07-05 01:25:38.838 22283 INFO rally.task.runner [-] Task 9a3a3055-e326-43dc-a2ee-51393ff1a6e6 | ITER: 14 START
2019-07-05 01:25:38.842 22288 RALLYDEBUG rally.task.runner [-] Starting a worker. concurrency: 1 args: {} times: 100 method_name: run timeout: 0 duration: None cls:
2019-07-05 01:25:38.845 22287 INFO rally.task.runner [-] Task 9a3a3055-e326-43dc-a2ee-51393ff1a6e6 | ITER: 15 START
2019-07-05 01:25:38.845 22291 RALLYDEBUG rally.task.runner [-] Starting a worker. concurrency: 1 args: {} times: 100 method_name: run timeout: 0 duration: None cls:
2019-07-05 01:25:38.849 22288 INFO rally.task.runner [-] Task 9a3a3055-e326-43dc-a2ee-51393ff1a6e6 | ITER: 16 START
2019-07-05 01:25:38.854 22291 INFO rally.task.runner [-] Task 9a3a3055-e326-43dc-a2ee-51393ff1a6e6 | ITER: 17 START
2019-07-05 01:25:38.858 22294 RALLYDEBUG rally.task.runner [-] Starting a worker. concurrency: 1 args: {} times: 100 method_name: run timeout: 0 duration: None cls:
2019-07-05 01:25:38.860 22299 RALLYDEBUG rally.task.runner [-] Starting a worker. concurrency: 1 args: {} times: 100 method_name: run timeout: 0 duration: None cls:
2019-07-05 01:25:38.863 22300 RALLYDEBUG rally.task.runner [-] Starting a worker. concurrency: 1 args: {} times: 100 method_name: run timeout: 0 duration: None cls:
2019-07-05 01:25:38.865 22294 INFO rally.task.runner [-] Task 9a3a3055-e326-43dc-a2ee-51393ff1a6e6 | ITER: 18 START
2019-07-05 01:25:38.868 22299 INFO rally.task.runner [-] Task 9a3a3055-e326-43dc-a2ee-51393ff1a6e6 | ITER: 19 START
2019-07-05 01:25:38.868 22300 INFO rally.task.runner [-] Task 9a3a3055-e326-43dc-a2ee-51393ff1a6e6 | ITER: 20 START
2019-07-05 01:25:39.808 22264 INFO rally.task.runner [-] Task 9a3a3055-e326-43dc-a2ee-51393ff1a6e6 | ITER: 10 END: OK
2019-07-05 01:25:39.812 22264 INFO rally.task.runner [-] Task 9a3a3055-e326-43dc-a2ee-51393ff1a6e6 | ITER: 21 START
2019-07-05 01:25:39.871 22255 INFO rally.task.runner [-] Task 9a3a3055-e326-43dc-a2ee-51393ff1a6e6 | ITER: 3 END: OK
2019-07-05 01:25:39.875 22255 INFO rally.task.runner [-] Task 9a3a3055-e326-43dc-a2ee-51393ff1a6e6 | ITER: 22 START
2019-07-05 01:25:39.965 22256 INFO rally.task.runner [-] Task 9a3a3055-e326-43dc-a2ee-51393ff1a6e6 | ITER: 2 END: OK
2019-07-05 01:25:39.969 22256 INFO rally.task.runner [-] Task 9a3a3055-e326-43dc-a2ee-51393ff1a6e6 | ITER: 23 START
2019-07-05 01:25:39.971 22261 INFO rally.task.runner [-] Task 9a3a3055-e326-43dc-a2ee-51393ff1a6e6 | ITER: 9 END: OK
2019-07-05 01:25:39.976 22261 INFO rally.task.runner [-] Task 9a3a3055-e326-43dc-a2ee-51393ff1a6e6 | ITER: 24 START
2019-07-05 01:25:40.031 22279 INFO rally.task.runner [-] Task 9a3a3055-e326-43dc-a2ee-51393ff1a6e6 | ITER: 13 END: OK
2019-07-05 01:25:40.035 22279 INFO rally.task.runner [-] Task 9a3a3055-e326-43dc-a2ee-51393ff1a6e6 | ITER: 25 START
2019-07-05 01:25:40.066 22256 INFO rally.task.runner [-] Task 9a3a3055-e326-43dc-a2ee-51393ff1a6e6 | ITER: 5 END: OK
2019-07-05 01:25:40.070 22256 INFO rally.task.runner [-] Task 9a3a3055-e326-43dc-a2ee-51393ff1a6e6 | ITER: 26 START
2019-07-05 01:25:40.084 22267 INFO rally.task.runner [-] Task 9a3a3055-e326-43dc-a2ee-51393ff1a6e6 | ITER: 11 END: OK
2019-07-05 01:25:40.087 22267 INFO rally.task.runner [-] Task 9a3a3055-e326-43dc-a2ee-51393ff1a6e6 | ITER: 27 START
2019-07-05 01:25:40.245 22257 INFO rally.task.runner [-] Task 9a3a3055-e326-43dc-a2ee-51393ff1a6e6 | ITER: 7 END: OK
2019-07-05 01:25:40.246 22283 INFO rally.task.runner [-] Task 9a3a3055-e326-43dc-a2ee-51393ff1a6e6 | ITER: 14 END: OK
2019-07-05 01:25:40.250 22283 INFO rally.task.runner [-] Task 9a3a3055-e326-43dc-a2ee-51393ff1a6e6 | ITER: 28 START
2019-07-05 01:25:40.250 22257 INFO rally.task.runner [-] Task 9a3a3055-e326-43dc-a2ee-51393ff1a6e6 | ITER: 29 START
2019-07-05 01:25:40.251 22258 INFO rally.task.runner [-] Task 9a3a3055-e326-43dc-a2ee-51393ff1a6e6 | ITER: 6 END: OK
2019-07-05 01:25:40.255 22258 INFO rally.task.runner [-] Task 9a3a3055-e326-43dc-a2ee-51393ff1a6e6 | ITER: 30 START
2019-07-05 01:25:40.258 22257 INFO rally.task.runner [-] Task 9a3a3055-e326-43dc-a2ee-51393ff1a6e6 | ITER: 4 END: OK
2019-07-05 01:25:40.263 22257 INFO rally.task.runner [-] Task 9a3a3055-e326-43dc-a2ee-51393ff1a6e6 | ITER: 31 START
2019-07-05 01:25:40.285 22300 INFO rally.task.runner [-] Task 9a3a3055-e326-43dc-a2ee-51393ff1a6e6 | ITER: 20 END: OK
2019-07-05 01:25:40.289 22300 INFO rally.task.runner [-] Task 9a3a3055-e326-43dc-a2ee-51393ff1a6e6 | ITER: 32 START
2019-07-05 01:25:40.307 22255 INFO rally.task.runner [-] Task 9a3a3055-e326-43dc-a2ee-51393ff1a6e6 | ITER: 1 END: OK
2019-07-05 01:25:40.311 22255 INFO rally.task.runner [-] Task 9a3a3055-e326-43dc-a2ee-51393ff1a6e6 | ITER: 33 START
2019-07-05 01:25:40.443 22274 INFO rally.task.runner [-] Task 9a3a3055-e326-43dc-a2ee-51393ff1a6e6 | ITER: 12 END: OK
2019-07-05 01:25:40.447 22274 INFO rally.task.runner [-] Task 9a3a3055-e326-43dc-a2ee-51393ff1a6e6 | ITER: 34 START
2019-07-05 01:25:40.573 22299 INFO rally.task.runner [-] Task 9a3a3055-e326-43dc-a2ee-51393ff1a6e6 | ITER: 19 END: OK
2019-07-05 01:25:40.577 22299 INFO rally.task.runner [-] Task 9a3a3055-e326-43dc-a2ee-51393ff1a6e6 | ITER: 35 START
2019-07-05 01:25:40.681 22258 INFO rally.task.runner [-] Task 9a3a3055-e326-43dc-a2ee-51393ff1a6e6 | ITER: 8 END: OK
2019-07-05 01:25:40.685 22258 INFO rally.task.runner [-] Task 9a3a3055-e326-43dc-a2ee-51393ff1a6e6 | ITER: 36 START
2019-07-05 01:25:40.744 22294 INFO rally.task.runner [-] Task 9a3a3055-e326-43dc-a2ee-51393ff1a6e6 | ITER: 18 END: OK
2019-07-05 01:25:40.748 22294 INFO rally.task.runner [-] Task 9a3a3055-e326-43dc-a2ee-51393ff1a6e6 | ITER: 37 START
2019-07-05 01:25:40.751 22261 INFO rally.task.runner [-] Task 9a3a3055-e326-43dc-a2ee-51393ff1a6e6 | ITER: 24 END: OK
2019-07-05 01:25:40.755 22261 INFO rally.task.runner [-] Task 9a3a3055-e326-43dc-a2ee-51393ff1a6e6 | ITER: 38 START
2019-07-05 01:25:40.884 22287 INFO rally.task.runner [-] Task 9a3a3055-e326-43dc-a2ee-51393ff1a6e6 | ITER: 15 END: OK
2019-07-05 01:25:40.888 22287 INFO rally.task.runner [-] Task 9a3a3055-e326-43dc-a2ee-51393ff1a6e6 | ITER: 39 START
2019-07-05 01:25:40.982 22264 INFO rally.task.runner [-] Task 9a3a3055-e326-43dc-a2ee-51393ff1a6e6 | ITER: 21 END: OK
2019-07-05 01:25:40.986 22264 INFO rally.task.runner [-] Task 9a3a3055-e326-43dc-a2ee-51393ff1a6e6 | ITER: 40 START
2019-07-05 01:25:41.016 22291 INFO rally.task.runner [-] Task 9a3a3055-e326-43dc-a2ee-51393ff1a6e6 | ITER: 17 END: OK
2019-07-05 01:25:41.019 22291 INFO rally.task.runner [-] Task 9a3a3055-e326-43dc-a2ee-51393ff1a6e6 | ITER: 41 START
2019-07-05 01:25:41.130 22288 INFO rally.task.runner [-] Task 9a3a3055-e326-43dc-a2ee-51393ff1a6e6 | ITER: 16 END: OK
2019-07-05 01:25:41.134 22288 INFO rally.task.runner [-] Task 9a3a3055-e326-43dc-a2ee-51393ff1a6e6 | ITER: 42 START
2019-07-05 01:25:41.155 22283 INFO rally.task.runner [-] Task 9a3a3055-e326-43dc-a2ee-51393ff1a6e6 | ITER: 28 END: OK
2019-07-05 01:25:41.158 22283 INFO rally.task.runner [-] Task 9a3a3055-e326-43dc-a2ee-51393ff1a6e6 | ITER: 43 START
2019-07-05 01:25:41.337 22279 INFO rally.task.runner [-] Task 9a3a3055-e326-43dc-a2ee-51393ff1a6e6 | ITER: 25 END: OK
2019-07-05 01:25:41.341 22279 INFO rally.task.runner [-] Task 9a3a3055-e326-43dc-a2ee-51393ff1a6e6 | ITER: 44 START
2019-07-05 01:25:41.443 22256 INFO rally.task.runner [-] Task 9a3a3055-e326-43dc-a2ee-51393ff1a6e6 | ITER: 26 END: OK
2019-07-05 01:25:41.447 22256 INFO rally.task.runner [-] Task 9a3a3055-e326-43dc-a2ee-51393ff1a6e6 | ITER: 45 START
2019-07-05 01:25:41.478 22256 INFO rally.task.runner [-] Task 9a3a3055-e326-43dc-a2ee-51393ff1a6e6 | ITER: 23 END: OK
2019-07-05 01:25:41.481 22256 INFO rally.task.runner [-] Task 9a3a3055-e326-43dc-a2ee-51393ff1a6e6 | ITER: 46 START
2019-07-05 01:25:41.568 22261 INFO rally.task.runner [-] Task 9a3a3055-e326-43dc-a2ee-51393ff1a6e6 | ITER: 38 END: OK
2019-07-05 01:25:41.571 22261 INFO rally.task.runner [-] Task 9a3a3055-e326-43dc-a2ee-51393ff1a6e6 | ITER: 47 START
2019-07-05 01:25:41.602 22255 INFO rally.task.runner [-] Task 9a3a3055-e326-43dc-a2ee-51393ff1a6e6 | ITER: 22 END: OK
2019-07-05 01:25:41.606 22255 INFO rally.task.runner [-] Task 9a3a3055-e326-43dc-a2ee-51393ff1a6e6 | ITER: 48 START
2019-07-05 01:25:41.688 22258 INFO rally.task.runner [-] Task 9a3a3055-e326-43dc-a2ee-51393ff1a6e6 | ITER: 30 END: OK
2019-07-05 01:25:41.692 22258 INFO rally.task.runner [-] Task 9a3a3055-e326-43dc-a2ee-51393ff1a6e6 | ITER: 49 START
2019-07-05 01:25:41.922 22257 INFO rally.task.runner [-] Task 9a3a3055-e326-43dc-a2ee-51393ff1a6e6 | ITER: 29 END: OK
2019-07-05 01:25:41.926 22257 INFO rally.task.runner [-] Task 9a3a3055-e326-43dc-a2ee-51393ff1a6e6 | ITER: 50 START
2019-07-05 01:25:41.943 22267 INFO rally.task.runner [-] Task 9a3a3055-e326-43dc-a2ee-51393ff1a6e6 | ITER: 27 END: OK
2019-07-05 01:25:41.946 22267 INFO rally.task.runner [-] Task 9a3a3055-e326-43dc-a2ee-51393ff1a6e6 | ITER: 51 START
2019-07-05 01:25:42.054 22299 INFO rally.task.runner [-] Task 9a3a3055-e326-43dc-a2ee-51393ff1a6e6 | ITER: 35 END: OK
2019-07-05 01:25:42.057 22299 INFO rally.task.runner [-] Task 9a3a3055-e326-43dc-a2ee-51393ff1a6e6 | ITER: 52 START
2019-07-05 01:25:42.097 22255 INFO rally.task.runner [-] Task 9a3a3055-e326-43dc-a2ee-51393ff1a6e6 | ITER: 33 END: OK
2019-07-05 01:25:42.100 22255 INFO rally.task.runner [-] Task 9a3a3055-e326-43dc-a2ee-51393ff1a6e6 | ITER: 53 START
2019-07-05 01:25:42.121 22274 INFO rally.task.runner [-] Task 9a3a3055-e326-43dc-a2ee-51393ff1a6e6 | ITER: 34 END: OK
2019-07-05 01:25:42.125 22274 INFO rally.task.runner [-] Task 9a3a3055-e326-43dc-a2ee-51393ff1a6e6 | ITER: 54 START
2019-07-05 01:25:42.232 22300 INFO rally.task.runner [-] Task 9a3a3055-e326-43dc-a2ee-51393ff1a6e6 | ITER: 32 END: OK
2019-07-05 01:25:42.236 22300 INFO rally.task.runner [-] Task 9a3a3055-e326-43dc-a2ee-51393ff1a6e6 | ITER: 55 START
2019-07-05 01:25:42.351 22287 INFO rally.task.runner [-] Task 9a3a3055-e326-43dc-a2ee-51393ff1a6e6 | ITER: 39 END: OK
2019-07-05 01:25:42.353 22287 INFO rally.task.runner [-] Task 9a3a3055-e326-43dc-a2ee-51393ff1a6e6 | ITER: 56 START
2019-07-05 01:25:42.373 22257 INFO rally.task.runner [-] Task 9a3a3055-e326-43dc-a2ee-51393ff1a6e6 | ITER: 31 END: OK
2019-07-05 01:25:42.376 22257 INFO rally.task.runner [-] Task 9a3a3055-e326-43dc-a2ee-51393ff1a6e6 | ITER: 57 START
2019-07-05 01:25:42.431 22291 INFO rally.task.runner [-] Task 9a3a3055-e326-43dc-a2ee-51393ff1a6e6 | ITER: 41 END: OK
2019-07-05 01:25:42.433 22291 INFO rally.task.runner [-] Task 9a3a3055-e326-43dc-a2ee-51393ff1a6e6 | ITER: 58 START
2019-07-05 01:25:42.487 22258 INFO rally.task.runner [-] Task 9a3a3055-e326-43dc-a2ee-51393ff1a6e6 | ITER: 36 END: OK
2019-07-05 01:25:42.490 22258 INFO rally.task.runner [-] Task 9a3a3055-e326-43dc-a2ee-51393ff1a6e6 | ITER: 59 START
2019-07-05 01:25:42.718 22264 INFO rally.task.runner [-] Task 9a3a3055-e326-43dc-a2ee-51393ff1a6e6 | ITER: 40 END: OK
2019-07-05 01:25:42.721 22264 INFO rally.task.runner [-] Task 9a3a3055-e326-43dc-a2ee-51393ff1a6e6 | ITER: 60 START
2019-07-05 01:25:42.743 22261 INFO rally.task.runner [-] Task 9a3a3055-e326-43dc-a2ee-51393ff1a6e6 | ITER: 47 END: OK
2019-07-05 01:25:42.746 22294 INFO rally.task.runner [-] Task 9a3a3055-e326-43dc-a2ee-51393ff1a6e6 | ITER: 37 END: OK
2019-07-05 01:25:42.746 22261 INFO rally.task.runner [-] Task 9a3a3055-e326-43dc-a2ee-51393ff1a6e6 | ITER: 61 START
2019-07-05 01:25:42.749 22294 INFO rally.task.runner [-] Task 9a3a3055-e326-43dc-a2ee-51393ff1a6e6 | ITER: 62 START
2019-07-05 01:25:42.770 22288 INFO rally.task.runner [-] Task 9a3a3055-e326-43dc-a2ee-51393ff1a6e6 | ITER: 42 END: OK
2019-07-05 01:25:42.773 22288 INFO rally.task.runner [-] Task 9a3a3055-e326-43dc-a2ee-51393ff1a6e6 | ITER: 63 START
2019-07-05 01:25:42.894 22256 INFO rally.task.runner [-] Task 9a3a3055-e326-43dc-a2ee-51393ff1a6e6 | ITER: 46 END: OK
2019-07-05 01:25:42.897 22256 INFO rally.task.runner [-] Task 9a3a3055-e326-43dc-a2ee-51393ff1a6e6 | ITER: 64 START
2019-07-05 01:25:42.901 22279 INFO rally.task.runner [-] Task 9a3a3055-e326-43dc-a2ee-51393ff1a6e6 | ITER: 44 END: OK
2019-07-05 01:25:42.903 22279 INFO rally.task.runner [-] Task 9a3a3055-e326-43dc-a2ee-51393ff1a6e6 | ITER: 65 START
2019-07-05 01:25:42.959 22283 INFO rally.task.runner [-] Task 9a3a3055-e326-43dc-a2ee-51393ff1a6e6 | ITER: 43 END: OK
2019-07-05 01:25:42.963 22283 INFO rally.task.runner [-] Task 9a3a3055-e326-43dc-a2ee-51393ff1a6e6 | ITER: 66 START
2019-07-05 01:25:43.052 22258 INFO rally.task.runner [-] Task 9a3a3055-e326-43dc-a2ee-51393ff1a6e6 | ITER: 49 END: OK
2019-07-05 01:25:43.056 22258 INFO rally.task.runner [-] Task 9a3a3055-e326-43dc-a2ee-51393ff1a6e6 | ITER: 67 START
2019-07-05 01:25:43.132 22255 INFO rally.task.runner [-] Task 9a3a3055-e326-43dc-a2ee-51393ff1a6e6 | ITER: 48 END: OK
2019-07-05 01:25:43.135 22255 INFO rally.task.runner [-] Task 9a3a3055-e326-43dc-a2ee-51393ff1a6e6 | ITER: 68 START
2019-07-05 01:25:43.250 22256 INFO rally.task.runner [-] Task 9a3a3055-e326-43dc-a2ee-51393ff1a6e6 | ITER: 45 END: OK
2019-07-05 01:25:43.253 22256 INFO rally.task.runner [-] Task 9a3a3055-e326-43dc-a2ee-51393ff1a6e6 | ITER: 69 START
2019-07-05 01:25:43.344 22257 INFO rally.task.runner [-] Task 9a3a3055-e326-43dc-a2ee-51393ff1a6e6 | ITER: 50 END: OK
2019-07-05 01:25:43.347 22257 INFO rally.task.runner [-] Task 9a3a3055-e326-43dc-a2ee-51393ff1a6e6 | ITER: 70 START
2019-07-05 01:25:43.504 22255 INFO rally.task.runner [-] Task 9a3a3055-e326-43dc-a2ee-51393ff1a6e6 | ITER: 53 END: OK
2019-07-05 01:25:43.507 22255 INFO rally.task.runner [-] Task 9a3a3055-e326-43dc-a2ee-51393ff1a6e6 | ITER: 71 START
2019-07-05 01:25:43.587 22299 INFO rally.task.runner [-] Task 9a3a3055-e326-43dc-a2ee-51393ff1a6e6 | ITER: 52 END: OK
2019-07-05 01:25:43.591 22299 INFO rally.task.runner [-] Task 9a3a3055-e326-43dc-a2ee-51393ff1a6e6 | ITER: 72 START
2019-07-05 01:25:43.948 22274 INFO rally.task.runner [-] Task 9a3a3055-e326-43dc-a2ee-51393ff1a6e6 | ITER: 54 END: OK
2019-07-05 01:25:43.949 22267 INFO rally.task.runner [-] Task 9a3a3055-e326-43dc-a2ee-51393ff1a6e6 | ITER: 51 END: OK
2019-07-05 01:25:43.951 22274 INFO rally.task.runner [-] Task 9a3a3055-e326-43dc-a2ee-51393ff1a6e6 | ITER: 73 START
2019-07-05 01:25:43.952 22267 INFO rally.task.runner [-] Task 9a3a3055-e326-43dc-a2ee-51393ff1a6e6 | ITER: 74 START
2019-07-05 01:25:44.054 22279 INFO rally.task.runner [-] Task 9a3a3055-e326-43dc-a2ee-51393ff1a6e6 | ITER: 65 END: OK
2019-07-05 01:25:44.057 22279 INFO rally.task.runner [-] Task 9a3a3055-e326-43dc-a2ee-51393ff1a6e6 | ITER: 75 START
2019-07-05 01:25:44.261 22287 INFO rally.task.runner [-] Task 9a3a3055-e326-43dc-a2ee-51393ff1a6e6 | ITER: 56 END: OK
2019-07-05 01:25:44.264 22287 INFO rally.task.runner [-] Task 9a3a3055-e326-43dc-a2ee-51393ff1a6e6 | ITER: 76 START
2019-07-05 01:25:44.346 22257 INFO rally.task.runner [-] Task 9a3a3055-e326-43dc-a2ee-51393ff1a6e6 | ITER: 57 END: OK
2019-07-05 01:25:44.349 22257 INFO rally.task.runner [-] Task 9a3a3055-e326-43dc-a2ee-51393ff1a6e6 | ITER: 77 START
2019-07-05 01:25:44.366 22294 INFO rally.task.runner [-] Task 9a3a3055-e326-43dc-a2ee-51393ff1a6e6 | ITER: 62 END: OK
2019-07-05 01:25:44.367 22300 INFO rally.task.runner [-] Task 9a3a3055-e326-43dc-a2ee-51393ff1a6e6 | ITER: 55 END: OK
2019-07-05 01:25:44.369 22294 INFO rally.task.runner [-] Task 9a3a3055-e326-43dc-a2ee-51393ff1a6e6 | ITER: 78 START
2019-07-05 01:25:44.369 22300 INFO rally.task.runner [-] Task 9a3a3055-e326-43dc-a2ee-51393ff1a6e6 | ITER: 79 START
2019-07-05 01:25:44.436 22258 INFO rally.task.runner [-] Task 9a3a3055-e326-43dc-a2ee-51393ff1a6e6 | ITER: 67 END: OK
2019-07-05 01:25:44.438 22258 INFO rally.task.runner [-] Task 9a3a3055-e326-43dc-a2ee-51393ff1a6e6 | ITER: 80 START
2019-07-05 01:25:44.465 22261 INFO rally.task.runner [-] Task 9a3a3055-e326-43dc-a2ee-51393ff1a6e6 | ITER: 61 END: OK
2019-07-05 01:25:44.467 22261 INFO rally.task.runner [-] Task 9a3a3055-e326-43dc-a2ee-51393ff1a6e6 | ITER: 81 START
2019-07-05 01:25:44.509 22291 INFO rally.task.runner [-] Task 9a3a3055-e326-43dc-a2ee-51393ff1a6e6 | ITER: 58 END: OK
2019-07-05 01:25:44.512 22291 INFO rally.task.runner [-] Task 9a3a3055-e326-43dc-a2ee-51393ff1a6e6 | ITER: 82 START
2019-07-05 01:25:44.515 22283 INFO rally.task.runner [-] Task 9a3a3055-e326-43dc-a2ee-51393ff1a6e6 | ITER: 66 END: OK
2019-07-05 01:25:44.519 22283 INFO rally.task.runner [-] Task 9a3a3055-e326-43dc-a2ee-51393ff1a6e6 | ITER: 83 START
2019-07-05 01:25:44.549 22258 INFO rally.task.runner [-] Task 9a3a3055-e326-43dc-a2ee-51393ff1a6e6 | ITER: 59 END: OK
2019-07-05 01:25:44.551 22258 INFO rally.task.runner [-] Task 9a3a3055-e326-43dc-a2ee-51393ff1a6e6 | ITER: 84 START
2019-07-05 01:25:44.583 22264 INFO rally.task.runner [-] Task 9a3a3055-e326-43dc-a2ee-51393ff1a6e6 | ITER: 60 END: OK
2019-07-05 01:25:44.587 22264 INFO rally.task.runner [-] Task 9a3a3055-e326-43dc-a2ee-51393ff1a6e6 | ITER: 85 START
2019-07-05 01:25:44.641 22255 INFO rally.task.runner [-] Task 9a3a3055-e326-43dc-a2ee-51393ff1a6e6 | ITER: 68 END: OK
2019-07-05 01:25:44.644 22255 INFO rally.task.runner [-] Task 9a3a3055-e326-43dc-a2ee-51393ff1a6e6 | ITER: 86 START
2019-07-05 01:25:44.960 22267 INFO rally.task.runner [-] Task 9a3a3055-e326-43dc-a2ee-51393ff1a6e6 | ITER: 74 END: OK
2019-07-05 01:25:44.962 22267 INFO rally.task.runner [-] Task 9a3a3055-e326-43dc-a2ee-51393ff1a6e6 | ITER: 87 START
2019-07-05 01:25:45.027 22256 INFO rally.task.runner [-] Task 9a3a3055-e326-43dc-a2ee-51393ff1a6e6 | ITER: 64 END: OK
2019-07-05 01:25:45.030 22256 INFO rally.task.runner [-] Task 9a3a3055-e326-43dc-a2ee-51393ff1a6e6 | ITER: 88 START
2019-07-05 01:25:45.151 22255 INFO rally.task.runner [-] Task 9a3a3055-e326-43dc-a2ee-51393ff1a6e6 | ITER: 71 END: OK
2019-07-05 01:25:45.159 22255 INFO rally.task.runner [-] Task 9a3a3055-e326-43dc-a2ee-51393ff1a6e6 | ITER: 89 START
2019-07-05 01:25:45.253 22256 INFO rally.task.runner [-] Task 9a3a3055-e326-43dc-a2ee-51393ff1a6e6 | ITER: 69 END: OK
2019-07-05 01:25:45.255 22256 INFO rally.task.runner [-] Task 9a3a3055-e326-43dc-a2ee-51393ff1a6e6 | ITER: 90 START
2019-07-05 01:25:45.257 22288 INFO rally.task.runner [-] Task 9a3a3055-e326-43dc-a2ee-51393ff1a6e6 | ITER: 63 END: OK
2019-07-05 01:25:45.260 22288 INFO rally.task.runner [-] Task 9a3a3055-e326-43dc-a2ee-51393ff1a6e6 | ITER: 91 START
2019-07-05 01:25:45.270 22257 INFO rally.task.runner [-] Task 9a3a3055-e326-43dc-a2ee-51393ff1a6e6 | ITER: 70 END: OK
2019-07-05 01:25:45.272 22257 INFO rally.task.runner [-] Task 9a3a3055-e326-43dc-a2ee-51393ff1a6e6 | ITER: 92 START
2019-07-05 01:25:45.338 22299 INFO rally.task.runner [-] Task 9a3a3055-e326-43dc-a2ee-51393ff1a6e6 | ITER: 72 END: OK
2019-07-05 01:25:45.341 22299 INFO rally.task.runner [-] Task 9a3a3055-e326-43dc-a2ee-51393ff1a6e6 | ITER: 93 START
2019-07-05 01:25:45.415 22274 INFO rally.task.runner [-] Task 9a3a3055-e326-43dc-a2ee-51393ff1a6e6 | ITER: 73 END: OK
2019-07-05 01:25:45.418 22274 INFO rally.task.runner [-] Task 9a3a3055-e326-43dc-a2ee-51393ff1a6e6 | ITER: 94 START
2019-07-05 01:25:45.580 22287 INFO rally.task.runner [-] Task 9a3a3055-e326-43dc-a2ee-51393ff1a6e6 | ITER: 76 END: OK
2019-07-05 01:25:45.583 22287 INFO rally.task.runner [-] Task 9a3a3055-e326-43dc-a2ee-51393ff1a6e6 | ITER: 95 START
2019-07-05 01:25:45.637 22300 INFO rally.task.runner [-] Task 9a3a3055-e326-43dc-a2ee-51393ff1a6e6 | ITER: 79 END: OK
2019-07-05 01:25:45.640 22300 INFO rally.task.runner [-] Task 9a3a3055-e326-43dc-a2ee-51393ff1a6e6 | ITER: 96 START
2019-07-05 01:25:45.798 22258 INFO rally.task.runner [-] Task 9a3a3055-e326-43dc-a2ee-51393ff1a6e6 | ITER: 84 END: OK
2019-07-05 01:25:45.800 22294 INFO rally.task.runner [-] Task 9a3a3055-e326-43dc-a2ee-51393ff1a6e6 | ITER: 78 END: OK
2019-07-05 01:25:45.800 22258 INFO rally.task.runner [-] Task 9a3a3055-e326-43dc-a2ee-51393ff1a6e6 | ITER: 97 START
2019-07-05 01:25:45.804 22294 INFO rally.task.runner [-] Task 9a3a3055-e326-43dc-a2ee-51393ff1a6e6 | ITER: 98 START
2019-07-05 01:25:45.808 22255 INFO rally.task.runner [-] Task 9a3a3055-e326-43dc-a2ee-51393ff1a6e6 | ITER: 86 END: OK
2019-07-05 01:25:45.811 22255 INFO rally.task.runner [-] Task 9a3a3055-e326-43dc-a2ee-51393ff1a6e6 | ITER: 99 START
2019-07-05 01:25:45.892 22258 INFO rally.task.runner [-] Task 9a3a3055-e326-43dc-a2ee-51393ff1a6e6 | ITER: 80 END: OK
2019-07-05 01:25:45.894 22258 INFO rally.task.runner [-] Task 9a3a3055-e326-43dc-a2ee-51393ff1a6e6 | ITER: 100 START
2019-07-05 01:25:45.948 22257 INFO rally.task.runner [-] Task 9a3a3055-e326-43dc-a2ee-51393ff1a6e6 | ITER: 77 END: OK
2019-07-05 01:25:46.061 22261 INFO rally.task.runner [-] Task 9a3a3055-e326-43dc-a2ee-51393ff1a6e6 | ITER: 81 END: OK
2019-07-05 01:25:46.087 22279 INFO rally.task.runner [-] Task 9a3a3055-e326-43dc-a2ee-51393ff1a6e6 | ITER: 75 END: OK
2019-07-05 01:25:46.120 22291 INFO rally.task.runner [-] Task 9a3a3055-e326-43dc-a2ee-51393ff1a6e6 | ITER: 82 END: OK
2019-07-05 01:25:46.304 22264 INFO rally.task.runner [-] Task 9a3a3055-e326-43dc-a2ee-51393ff1a6e6 | ITER: 85 END: OK
2019-07-05 01:25:46.387 22288 INFO rally.task.runner [-] Task 9a3a3055-e326-43dc-a2ee-51393ff1a6e6 | ITER: 91 END: OK
2019-07-05 01:25:46.450 22257 INFO rally.task.runner [-] Task 9a3a3055-e326-43dc-a2ee-51393ff1a6e6 | ITER: 92 END: OK
2019-07-05 01:25:46.491 22283 INFO rally.task.runner [-] Task 9a3a3055-e326-43dc-a2ee-51393ff1a6e6 | ITER: 83 END: OK
2019-07-05 01:25:46.531 22256 INFO rally.task.runner [-] Task 9a3a3055-e326-43dc-a2ee-51393ff1a6e6 | ITER: 88 END: OK
2019-07-05 01:25:46.591 22256 INFO rally.task.runner [-] Task 9a3a3055-e326-43dc-a2ee-51393ff1a6e6 | ITER: 90 END: OK
2019-07-05 01:25:46.666 22255 INFO rally.task.runner [-] Task 9a3a3055-e326-43dc-a2ee-51393ff1a6e6 | ITER: 89 END: OK
2019-07-05 01:25:46.741 22255 INFO rally.task.runner [-] Task 9a3a3055-e326-43dc-a2ee-51393ff1a6e6 | ITER: 99 END: OK
2019-07-05 01:25:46.762 22267 INFO rally.task.runner [-] Task 9a3a3055-e326-43dc-a2ee-51393ff1a6e6 | ITER: 87 END: OK
2019-07-05 01:25:46.952 22299 INFO rally.task.runner [-] Task 9a3a3055-e326-43dc-a2ee-51393ff1a6e6 | ITER: 93 END: OK
2019-07-05 01:25:47.017 22287 INFO rally.task.runner [-] Task 9a3a3055-e326-43dc-a2ee-51393ff1a6e6 | ITER: 95 END: OK
2019-07-05 01:25:47.018 22274 INFO rally.task.runner [-] Task 9a3a3055-e326-43dc-a2ee-51393ff1a6e6 | ITER: 94 END: OK
2019-07-05 01:25:47.099 22300 INFO rally.task.runner [-] Task 9a3a3055-e326-43dc-a2ee-51393ff1a6e6 | ITER: 96 END: OK
2019-07-05 01:25:47.142 22258 INFO rally.task.runner [-] Task 9a3a3055-e326-43dc-a2ee-51393ff1a6e6 | ITER: 97 END: OK
2019-07-05 01:25:47.366 22258 INFO rally.task.runner [-] Task 9a3a3055-e326-43dc-a2ee-51393ff1a6e6 | ITER: 100 END: OK
2019-07-05 01:25:47.375 22294 INFO rally.task.runner [-] Task 9a3a3055-e326-43dc-a2ee-51393ff1a6e6 | ITER: 98 END: OK
2019-07-05 01:25:47.394 22131 INFO rally.task.context [-] Task 9a3a3055-e326-43dc-a2ee-51393ff1a6e6 | Context cleanup@openstack cleanup() started
2019-07-05 01:25:47.397 22131 RALLYDEBUG rally_openstack.cleanup.manager [-] Cleaning up neutron vip objects
2019-07-05 01:25:47.779 22131 RALLYDEBUG rally_openstack.cleanup.manager [-] Cleaning up neutron health_monitor objects
2019-07-05 01:25:48.179 22131 RALLYDEBUG rally_openstack.cleanup.manager [-] Cleaning up neutron pool objects
2019-07-05 01:25:48.578 22131 RALLYDEBUG rally_openstack.cleanup.manager [-] Cleaning up neutron loadbalancer objects
2019-07-05 01:25:48.958 22131 RALLYDEBUG rally_openstack.cleanup.manager [-] Cleaning up neutron floatingip objects
2019-07-05 01:25:49.398 22131 RALLYDEBUG rally_openstack.cleanup.manager [-] Cleaning up neutron port objects
2019-07-05 01:25:49.823 22131 RALLYDEBUG rally_openstack.cleanup.manager [-] Cleaning up neutron subnet objects
2019-07-05 01:25:50.238 22131 RALLYDEBUG rally_openstack.cleanup.manager [-] Cleaning up neutron network objects
2019-07-05 01:25:50.975 22131 RALLYDEBUG rally_openstack.cleanup.manager [-] Deleting neutron.network object s_rally_2c5d1441_lO7ylLIl (0eef26ee-3c25-4e7c-a456-d6b7ae03f7f6)
2019-07-05 01:25:50.984 22131 RALLYDEBUG rally_openstack.cleanup.manager [-] Deleting neutron.network object s_rally_2c5d1441_jieWbovo (050631d7-e09f-4d93-a20a-936692c50711)
2019-07-05 01:25:50.987 22131 RALLYDEBUG rally_openstack.cleanup.manager [-] Deleting neutron.network object s_rally_2c5d1441_emfEbWP8 (0de4f3cb-4d01-421b-98b5-ea480ce217ce)
2019-07-05 01:25:50.989 22131 RALLYDEBUG rally_openstack.cleanup.manager [-] Deleting neutron.network object s_rally_2c5d1441_AiOhhc2k (06c6bc9c-afc3-4da3-bb37-a8c6980bfebf)
2019-07-05 01:25:50.993 22131 RALLYDEBUG rally_openstack.cleanup.manager [-] Deleting neutron.network object s_rally_2c5d1441_LIV5pfKI (07127035-a71f-4f01-83ae-77e6bbabd4ef)
2019-07-05 01:25:50.994 22131 RALLYDEBUG rally_openstack.cleanup.manager [-] Deleting neutron.network object s_rally_2c5d1441_V1mVAZ9E (080d1627-8e7b-4258-b184-9cb3a6f10ee3)
2019-07-05 01:25:50.996 22131 RALLYDEBUG rally_openstack.cleanup.manager [-] Deleting neutron.network object s_rally_2c5d1441_qioPJE7L (1c71ec35-4740-4335-8f24-315932f14d33)
2019-07-05 01:25:50.997 22131 RALLYDEBUG rally_openstack.cleanup.manager [-] Deleting neutron.network object s_rally_2c5d1441_qxvkJzGP (0c67fae8-7208-4d20-b7d4-de471db0c817)
2019-07-05 01:25:51.001 22131 RALLYDEBUG rally_openstack.cleanup.manager [-] Deleting neutron.network object s_rally_2c5d1441_XIFCUVYa (06e1fa17-7d98-4567-8157-388f2a2a963b)
2019-07-05 01:25:51.002 22131 RALLYDEBUG rally_openstack.cleanup.manager [-] Deleting neutron.network object s_rally_2c5d1441_MeLHh1Ug (249d9938-86c5-4790-b038-4ee3da64a858)
2019-07-05 01:25:51.008 22131 RALLYDEBUG rally_openstack.cleanup.manager [-] Deleting neutron.network object s_rally_2c5d1441_AcC0KbsV (17da2398-8f00-4dff-bebd-4dba869a7add)
2019-07-05 01:25:51.008 22131 RALLYDEBUG rally_openstack.cleanup.manager [-] Deleting neutron.network object s_rally_2c5d1441_DaSpoKSj (28ca328e-bea4-48b3-9b44-3e59cbbeac14)
2019-07-05 01:25:51.024 22131 RALLYDEBUG rally_openstack.cleanup.manager [-] Deleting neutron.network object s_rally_2c5d1441_sTnhxwNM (0a04ef23-59c5-4d84-8857-47cce325d4a2)
2019-07-05 01:25:51.026 22131 RALLYDEBUG rally_openstack.cleanup.manager [-] Deleting neutron.network object s_rally_2c5d1441_w19wHsrP (18e28bd9-7f6c-4d3a-aab0-7d7dbf38dc3f)
2019-07-05 01:25:51.026 22131 RALLYDEBUG rally_openstack.cleanup.manager [-] Deleting neutron.network object s_rally_2c5d1441_m4bGGC8K (2965b2d5-d937-49ff-95d4-5056b6791e48)
2019-07-05 01:25:51.029 22131 RALLYDEBUG rally_openstack.cleanup.manager [-] Deleting neutron.network object s_rally_2c5d1441_vPw8EBkp (00f39964-c045-4fb5-9d8b-da45c97fb85f)
2019-07-05 01:25:51.040 22131 RALLYDEBUG rally_openstack.cleanup.manager [-] Deleting neutron.network object s_rally_2c5d1441_AWk6aMgb (09309b14-0a7f-41ba-a4a9-d93a4e7b97dc)
2019-07-05 01:25:51.056 22131 RALLYDEBUG rally_openstack.cleanup.manager [-] Deleting neutron.network object s_rally_2c5d1441_RFdyVBYx (177dd9ea-2303-4e15-93b3-bcf0f0ae6825)
2019-07-05 01:25:51.089 22131 RALLYDEBUG rally_openstack.cleanup.manager [-] Deleting neutron.network object s_rally_2c5d1441_x93Ny77P (1b5c01c3-514c-4a98-a7fd-aa3c90b47f13)
2019-07-05 01:25:51.096 22131 RALLYDEBUG rally_openstack.cleanup.manager [-] Deleting neutron.network object s_rally_2c5d1441_w0hrYMWm (19bff201-507f-4c10-9207-1e46e850d14d)
2019-07-05 01:25:53.346 22131 RALLYDEBUG rally_openstack.cleanup.manager [-] Deleting neutron.network object s_rally_2c5d1441_vBVaOZMI (2ad9e0e5-96ef-446e-95d9-ddbf01d827fb)
2019-07-05 01:25:53.408 22131 RALLYDEBUG rally_openstack.cleanup.manager [-] Deleting neutron.network object s_rally_2c5d1441_JUjthPz1 (2c780fe7-8ed8-467c-8273-aedbf037eb45)
2019-07-05 01:25:53.472 22131 RALLYDEBUG rally_openstack.cleanup.manager [-] Deleting neutron.network object s_rally_2c5d1441_mK4CrLLL (2d4e0ab6-2fe8-489c-a72d-be922ab3ac2a)
2019-07-05 01:25:53.561 22131 RALLYDEBUG rally_openstack.cleanup.manager [-] Deleting neutron.network object s_rally_2c5d1441_3qBPG6RZ (31040491-4359-4bc8-abef-dc448c3f6e1d)
2019-07-05 01:25:53.653 22131 RALLYDEBUG rally_openstack.cleanup.manager [-] Deleting neutron.network object s_rally_2c5d1441_r8yFgmcX (316ef111-0bb7-48ce-a7c7-9da247348fdf)
2019-07-05 01:25:53.874 22131 RALLYDEBUG rally_openstack.cleanup.manager [-] Deleting neutron.network object s_rally_2c5d1441_BfqXl3BC (336e2cff-8aea-4b37-ab98-c43d61c58e77)
2019-07-05 01:25:53.912 22131 RALLYDEBUG rally_openstack.cleanup.manager [-] Deleting neutron.network object s_rally_2c5d1441_HWr4M1KJ (3ae0173c-5d87-4775-a822-133bdef6d90e)
2019-07-05 01:25:54.000 22131 RALLYDEBUG rally_openstack.cleanup.manager [-] Deleting neutron.network object s_rally_2c5d1441_eFbVCkX4 (3bbb1844-81e4-4513-b153-206b159bf33e)
2019-07-05 01:25:54.030 22131 RALLYDEBUG rally_openstack.cleanup.manager [-] Deleting neutron.network object s_rally_2c5d1441_qLKOFhI0 (3be466bb-774d-46c8-b663-e177207306d5)
2019-07-05 01:25:54.128 22131 RALLYDEBUG rally_openstack.cleanup.manager [-] Deleting neutron.network object s_rally_2c5d1441_wNbpdsbg (3d09e1e8-f72a-478c-b406-ca4e905a31c0)
2019-07-05 01:25:54.283 22131 RALLYDEBUG rally_openstack.cleanup.manager [-] Deleting neutron.network object s_rally_2c5d1441_JMP6u7dc (40695aa0-00ba-45d8-9073-8da7a3d6835c)
2019-07-05 01:25:54.309 22131 RALLYDEBUG rally_openstack.cleanup.manager [-] Deleting neutron.network object s_rally_2c5d1441_uDxMaxbB (46333857-105d-4c3a-bd18-fe05094abf9d)
2019-07-05 01:25:54.397 22131 RALLYDEBUG rally_openstack.cleanup.manager [-] Deleting neutron.network object s_rally_2c5d1441_7KnFEZO5 (47c81a35-c54f-428f-88b4-50a0acc45459)
2019-07-05 01:25:54.405 22131 RALLYDEBUG rally_openstack.cleanup.manager [-] Deleting neutron.network object s_rally_2c5d1441_e3WTY205 (47dddad1-662a-4a3b-9196-b7629c6be1ff)
2019-07-05 01:25:54.560 22131 RALLYDEBUG rally_openstack.cleanup.manager [-] Deleting neutron.network object s_rally_2c5d1441_OauFf5ro (486573b6-eccb-4d6a-b5ab-e5007c1ffefb)
2019-07-05 01:25:54.587 22131 RALLYDEBUG rally_openstack.cleanup.manager [-] Deleting neutron.network object s_rally_2c5d1441_Kiu4yPHG (4d8c2b9d-75e3-4262-903a-ca419c614597)
2019-07-05 01:25:54.588 22131 RALLYDEBUG rally_openstack.cleanup.manager [-] Deleting neutron.network object s_rally_2c5d1441_p2031ztz (4903bcb1-fd2d-4bba-9c27-b2482245680f)
2019-07-05 01:25:54.598 22131 RALLYDEBUG rally_openstack.cleanup.manager [-] Deleting neutron.network object s_rally_2c5d1441_07IgNs75 (56378177-5142-4688-95a3-940e89bdefd9)
2019-07-05 01:25:54.767 22131 RALLYDEBUG rally_openstack.cleanup.manager [-] Deleting neutron.network object s_rally_2c5d1441_St6LKLwS (56caed7b-a9d1-40cd-90c6-f4a74e620e3f)
2019-07-05 01:25:54.788 22131 RALLYDEBUG rally_openstack.cleanup.manager [-] Deleting neutron.network object s_rally_2c5d1441_7BY6wXdc (57fb1f71-752f-4824-94be-fac4ed60e4c1)
2019-07-05 01:25:55.343 22131 RALLYDEBUG rally_openstack.cleanup.manager [-] Deleting neutron.network object s_rally_2c5d1441_7oDwZFoz (5836009f-7a72-448b-913d-018d298af095)
2019-07-05 01:25:55.533 22131 RALLYDEBUG rally_openstack.cleanup.manager [-] Deleting neutron.network object s_rally_2c5d1441_Lcvf5nmE (58749748-f294-49ec-8d39-d009327ab2e2)
2019-07-05 01:25:55.541 22131 RALLYDEBUG rally_openstack.cleanup.manager [-] Deleting neutron.network object s_rally_2c5d1441_9vPaWfvx (59c50906-b696-4e0c-8815-25bb9a268f65)
2019-07-05 01:25:55.854 22131 RALLYDEBUG rally_openstack.cleanup.manager [-] Deleting neutron.network object s_rally_2c5d1441_SBaybQ2E (5dc623cd-85e3-4dd7-9ea1-eb47104beaa6)
2019-07-05 01:25:55.881 22131 RALLYDEBUG rally_openstack.cleanup.manager [-] Deleting neutron.network object s_rally_2c5d1441_jVXAn4Xs (604a912c-404c-40d0-abc9-00922d9f64e6)
2019-07-05 01:25:56.102 22131 RALLYDEBUG rally_openstack.cleanup.manager [-] Deleting neutron.network object s_rally_2c5d1441_6Ykb1m7N (63a2c4f2-039a-462a-a287-ab96dfd9d6ed)
2019-07-05 01:25:56.128 22131 RALLYDEBUG rally_openstack.cleanup.manager [-] Deleting neutron.network object s_rally_2c5d1441_8XNLkqB4 (65ecc343-74ec-4860-bee8-73172b783025)
2019-07-05 01:25:56.240 22131 RALLYDEBUG rally_openstack.cleanup.manager [-] Deleting neutron.network object s_rally_2c5d1441_0fz8F48R (685f199f-543c-42e8-a022-02490e2d3040)
2019-07-05 01:25:56.325 22131 RALLYDEBUG rally_openstack.cleanup.manager [-] Deleting neutron.network object s_rally_2c5d1441_2d2fNTPw (69ce976a-3a31-4073-81c2-6df0bd8f0e02)
2019-07-05 01:25:56.694 22131 RALLYDEBUG rally_openstack.cleanup.manager [-] Deleting neutron.network object s_rally_2c5d1441_RKOJUywu (6c43006a-6486-473c-b7af-77dcf0ae7a89)
2019-07-05 01:25:56.707 22131 RALLYDEBUG rally_openstack.cleanup.manager [-] Deleting neutron.network object s_rally_2c5d1441_4VQQopjX (6ce55980-d8be-40da-adad-dc5e48f70755)
2019-07-05 01:25:56.811 22131 RALLYDEBUG rally_openstack.cleanup.manager [-] Deleting neutron.network object s_rally_2c5d1441_zw2Frvqd (71991a99-3a5f-444f-935b-0c5ed5ae9824)
2019-07-05 01:25:56.860 22131 RALLYDEBUG rally_openstack.cleanup.manager [-] Deleting neutron.network object s_rally_2c5d1441_BMXwGDRE (72564cb5-346d-4868-915e-8d216abb7c4f)
2019-07-05 01:25:56.968 22131 RALLYDEBUG rally_openstack.cleanup.manager [-] Deleting neutron.network object s_rally_2c5d1441_ivuuuvrH (7309ae00-f1cc-44ef-9980-c74705e641bb)
2019-07-05 01:25:56.990 22131 RALLYDEBUG rally_openstack.cleanup.manager [-] Deleting neutron.network object s_rally_2c5d1441_ZG3hHmEz (76c861a4-6a3c-47ff-83db-7bf2987a3f4d)
2019-07-05 01:25:57.081 22131 RALLYDEBUG rally_openstack.cleanup.manager [-] Deleting neutron.network object s_rally_2c5d1441_plIBBksr (7a959fc8-b363-4470-81d1-afe3dbfdf629)
2019-07-05 01:25:57.154 22131 RALLYDEBUG rally_openstack.cleanup.manager [-] Deleting neutron.network object s_rally_2c5d1441_cbX1OymF (7b85b978-a89d-4cc8-a1e6-5462d99e620f)
2019-07-05 01:25:57.216 22131 RALLYDEBUG rally_openstack.cleanup.manager [-] Deleting neutron.network object s_rally_2c5d1441_Ff8tk7Ep (7e17b9cd-1015-4b1c-a2f4-358cd912d096)
2019-07-05 01:25:57.237 22131 RALLYDEBUG rally_openstack.cleanup.manager [-] Deleting neutron.network object s_rally_2c5d1441_ZKKpMiu9 (810ea733-b856-4879-ab18-e74b3d0e833e)
2019-07-05 01:25:57.433 22131 RALLYDEBUG rally_openstack.cleanup.manager [-] Deleting neutron.network object s_rally_2c5d1441_rA7DaGMq (8accad43-a130-463e-ad88-442d9e4cd27b)
2019-07-05 01:25:57.562 22131 RALLYDEBUG rally_openstack.cleanup.manager [-] Deleting neutron.network object s_rally_2c5d1441_upRf4VXh (8f9d2c85-cda1-4440-aa5b-d11d91cf9557)
2019-07-05 01:25:57.666 22131 RALLYDEBUG rally_openstack.cleanup.manager [-] Deleting neutron.network object s_rally_2c5d1441_qP7j82N5 (90efb6de-03c3-4215-8bc7-4bb2bfcf2138)
2019-07-05 01:25:57.765 22131 RALLYDEBUG rally_openstack.cleanup.manager [-] Deleting neutron.network object s_rally_2c5d1441_vp5CUb3n (93c3c866-af5a-4076-802b-55d9391ddfe0)
2019-07-05 01:25:57.841 22131 RALLYDEBUG rally_openstack.cleanup.manager [-] Deleting neutron.network object s_rally_2c5d1441_2qjOghc3 (a46dbdaa-832f-48e0-9dfc-4e6f4d533285)
2019-07-05 01:25:58.199 22131 RALLYDEBUG rally_openstack.cleanup.manager [-] Deleting neutron.network object s_rally_2c5d1441_42LLI7tN (a4fe01d8-fa4a-48b1-9475-8ab9ed61cc21)
2019-07-05 01:25:58.227 22131 RALLYDEBUG rally_openstack.cleanup.manager [-] Deleting neutron.network object s_rally_2c5d1441_oojCF0mJ (a8c8b1dd-1db2-4a48-ac7c-dc776d39189d)
2019-07-05 01:25:58.361 22131 RALLYDEBUG rally_openstack.cleanup.manager [-] Deleting neutron.network object s_rally_2c5d1441_A2CA2RKz (aa91d599-6fd0-4fc8-afc3-abc69b844a9d)
2019-07-05 01:25:58.430 22131 RALLYDEBUG rally_openstack.cleanup.manager [-] Deleting neutron.network object s_rally_2c5d1441_9ypNWLMx (aacd93c7-b874-4e90-a7f1-d2319eec693e)
2019-07-05 01:25:58.452 22131 RALLYDEBUG rally_openstack.cleanup.manager [-] Deleting neutron.network object s_rally_2c5d1441_rYOBS3Ko (ad46772d-a2a4-4a19-92c2-2ed240209f44)
2019-07-05 01:25:58.847 22131 RALLYDEBUG rally_openstack.cleanup.manager [-] Deleting neutron.network object s_rally_2c5d1441_5EAoAKIe (af6456fb-ef1f-4f8e-a4ce-858d8293fd01)
2019-07-05 01:25:58.947 22131 RALLYDEBUG rally_openstack.cleanup.manager [-] Deleting neutron.network object s_rally_2c5d1441_KPVstqit (b08d2d4b-2389-44a5-9abb-40067196a96c)
2019-07-05 01:25:59.197 22131 RALLYDEBUG rally_openstack.cleanup.manager [-] Deleting neutron.network object s_rally_2c5d1441_cYtb2Le3 (b1afae59-3686-4c6c-a36e-4bcdcfe9aa86)
2019-07-05 01:25:59.226 22131 RALLYDEBUG rally_openstack.cleanup.manager [-] Deleting neutron.network object s_rally_2c5d1441_aqaIN6Aq (b28118b0-ed3f-4d4f-ab85-d95471ec74af)
2019-07-05 01:25:59.299 22131 RALLYDEBUG rally_openstack.cleanup.manager [-] Deleting neutron.network object s_rally_2c5d1441_r2UamYiV (b2eeeccf-dbd8-4cd6-93cb-b89106fed25a)
2019-07-05 01:25:59.363 22131 RALLYDEBUG rally_openstack.cleanup.manager [-] Deleting neutron.network object s_rally_2c5d1441_3qKrb1ix (b48c0003-2d3a-433a-9af2-a782b137fa79)
2019-07-05 01:25:59.567 22131 RALLYDEBUG rally_openstack.cleanup.manager [-] Deleting neutron.network object s_rally_2c5d1441_VJcP0O7e (ba031a78-fd7d-4cd8-b4e2-b030e9cd847b)
2019-07-05 01:25:59.930 22131 RALLYDEBUG rally_openstack.cleanup.manager [-] Deleting neutron.network object s_rally_2c5d1441_KGw2QS4t (c114edb9-5376-499d-a20c-e10910b19e37)
2019-07-05 01:25:59.945 22131 RALLYDEBUG rally_openstack.cleanup.manager [-] Deleting neutron.network object s_rally_2c5d1441_IgjkNdLg (c118adab-7ecf-47d7-9841-6e150c35b96b)
2019-07-05 01:26:00.152 22131 RALLYDEBUG rally_openstack.cleanup.manager [-] Deleting neutron.network object s_rally_2c5d1441_HrfEaHCo (c841e789-04ab-43da-8165-8c85fabaa187)
2019-07-05 01:26:00.215 22131 RALLYDEBUG rally_openstack.cleanup.manager [-] Deleting neutron.network object s_rally_2c5d1441_ndhYtp9B (c99c9445-37ba-4dea-8f26-474e8e40ba0a)
2019-07-05 01:26:00.267 22131 RALLYDEBUG rally_openstack.cleanup.manager [-] Deleting neutron.network object s_rally_2c5d1441_PqbYmDM1 (ca5123f6-1dca-4426-967a-9750f1dc7b11)
2019-07-05 01:26:00.269 22131 RALLYDEBUG rally_openstack.cleanup.manager [-] Deleting neutron.network object s_rally_2c5d1441_bVaOfjOK (c9e8e2ce-dc9a-4883-a3d4-9ed9eb49df1f)
2019-07-05 01:26:00.458 22131 RALLYDEBUG rally_openstack.cleanup.manager [-] Deleting neutron.network object s_rally_2c5d1441_5uxoYXo9 (cb520d7a-2a89-4806-be5a-b5bbdaea4de0)
2019-07-05 01:26:00.629 22131 RALLYDEBUG rally_openstack.cleanup.manager [-] Deleting neutron.network object s_rally_2c5d1441_t82pNRI2 (ccbd98a9-fa1e-435f-8551-c67bc54c2f04)
2019-07-05 01:26:00.810 22131 RALLYDEBUG rally_openstack.cleanup.manager [-] Deleting neutron.network object s_rally_2c5d1441_VRKmweTf (ce0ace8f-7d84-439d-ae27-2f4d8260597f)
2019-07-05 01:26:00.919 22131 RALLYDEBUG rally_openstack.cleanup.manager [-] Deleting neutron.network object s_rally_2c5d1441_Vlf2gvkc (d37ba212-bbb9-4388-a1af-8da9b2f8def8)
2019-07-05 01:26:01.037 22131 RALLYDEBUG rally_openstack.cleanup.manager [-] Deleting neutron.network object s_rally_2c5d1441_BIxtdyUB (d4ca4df5-7e57-4486-95ba-104a8afff10d)
2019-07-05 01:26:01.079 22131 RALLYDEBUG rally_openstack.cleanup.manager [-] Deleting neutron.network object s_rally_2c5d1441_bzkovef8 (e25b61cb-8247-4162-ba8e-57f4f32f4ff8)
2019-07-05 01:26:01.303 22131 RALLYDEBUG rally_openstack.cleanup.manager [-] Deleting neutron.network object s_rally_2c5d1441_FAk27KlX (e45443d8-d713-403d-9a67-75fc2d3cce63)
2019-07-05 01:26:01.356 22131 RALLYDEBUG rally_openstack.cleanup.manager [-] Deleting neutron.network object s_rally_2c5d1441_CTcR0TSs (e53ab67e-5b10-4e3d-8c69-a2bfe31fd0b6)
2019-07-05 01:26:01.447 22131 RALLYDEBUG rally_openstack.cleanup.manager [-] Deleting neutron.network object s_rally_2c5d1441_cJuLBeCx (e91b8183-bb18-4ddb-96e6-7b190e6574d6)
2019-07-05 01:26:01.502 22131 RALLYDEBUG rally_openstack.cleanup.manager [-] Deleting neutron.network object s_rally_2c5d1441_pwybFvty (e93dbe25-bf37-47d7-873b-b1310437aff1)
2019-07-05 01:26:01.637 22131 RALLYDEBUG rally_openstack.cleanup.manager [-] Deleting neutron.network object s_rally_2c5d1441_Eq8RTH0C (ec212b61-b55b-4c8f-b3f3-ec071bc231ff)
2019-07-05 01:26:01.880 22131 RALLYDEBUG rally_openstack.cleanup.manager [-] Deleting neutron.network object s_rally_2c5d1441_jizA1DjN (efa89032-4de1-47ea-a302-6e406764af39)
2019-07-05 01:26:01.897 22131 RALLYDEBUG rally_openstack.cleanup.manager [-] Deleting neutron.network object s_rally_2c5d1441_u4Es7ybg (f06fe95c-e6ee-4e72-a4ed-fa9d265e4554)
2019-07-05 01:26:02.020 22131 RALLYDEBUG rally_openstack.cleanup.manager [-] Deleting neutron.network object s_rally_2c5d1441_QVcI0Q3f (f0b347ee-4ecf-4973-b8b3-a08180ad0783)
