2019-07-05 01:39:35.450 26418 WARNING rally_openstack.scenarios.neutron.utils [-] Running this scenario without either the 'network' or 'existing_network' context is deprecated
2019-07-05 01:39:35.523 26398 INFO rally.task.runner [-] Task 9a3a3055-e326-43dc-a2ee-51393ff1a6e6 | ITER: 13 END: OK
2019-07-05 01:39:35.527 26398 INFO rally.task.runner [-] Task 9a3a3055-e326-43dc-a2ee-51393ff1a6e6 | ITER: 40 START
2019-07-05 01:39:35.527 26398 WARNING rally_openstack.scenarios.neutron.utils [-] Running this scenario without either the 'network' or 'existing_network' context is deprecated
2019-07-05 01:39:41.148 26379 INFO rally.task.runner [-] Task 9a3a3055-e326-43dc-a2ee-51393ff1a6e6 | ITER: 29 END: OK
2019-07-05 01:39:41.519 26377 INFO rally.task.runner [-] Task 9a3a3055-e326-43dc-a2ee-51393ff1a6e6 | ITER: 23 END: OK
2019-07-05 01:39:41.897 26377 INFO rally.task.runner [-] Task 9a3a3055-e326-43dc-a2ee-51393ff1a6e6 | ITER: 34 END: OK
2019-07-05 01:39:42.098 26380 INFO rally.task.runner [-] Task 9a3a3055-e326-43dc-a2ee-51393ff1a6e6 | ITER: 21 END: OK
2019-07-05 01:39:42.216 26380 INFO rally.task.runner [-] Task 9a3a3055-e326-43dc-a2ee-51393ff1a6e6 | ITER: 24 END: OK
2019-07-05 01:39:42.919 26394 INFO rally.task.runner [-] Task 9a3a3055-e326-43dc-a2ee-51393ff1a6e6 | ITER: 28 END: OK
2019-07-05 01:39:43.005 26378 INFO rally.task.runner [-] Task 9a3a3055-e326-43dc-a2ee-51393ff1a6e6 | ITER: 30 END: OK
2019-07-05 01:39:43.216 26379 INFO rally.task.runner [-] Task 9a3a3055-e326-43dc-a2ee-51393ff1a6e6 | ITER: 33 END: OK
2019-07-05 01:39:43.244 26424 INFO rally.task.runner [-] Task 9a3a3055-e326-43dc-a2ee-51393ff1a6e6 | ITER: 22 END: OK
2019-07-05 01:39:43.647 26415 INFO rally.task.runner [-] Task 9a3a3055-e326-43dc-a2ee-51393ff1a6e6 | ITER: 26 END: OK
2019-07-05 01:39:43.783 26385 INFO rally.task.runner [-] Task 9a3a3055-e326-43dc-a2ee-51393ff1a6e6 | ITER: 32 END: OK
2019-07-05 01:39:43.879 26400 INFO rally.task.runner [-] Task 9a3a3055-e326-43dc-a2ee-51393ff1a6e6 | ITER: 36 END: OK
2019-07-05 01:39:44.065 26408 INFO rally.task.runner [-] Task 9a3a3055-e326-43dc-a2ee-51393ff1a6e6 | ITER: 27 END: OK
2019-07-05 01:39:44.069 26378 INFO rally.task.runner [-] Task 9a3a3055-e326-43dc-a2ee-51393ff1a6e6 | ITER: 25 END: OK
2019-07-05 01:39:44.096 26421 INFO rally.task.runner [-] Task 9a3a3055-e326-43dc-a2ee-51393ff1a6e6 | ITER: 38 END: OK
2019-07-05 01:39:44.116 26398 INFO rally.task.runner [-] Task 9a3a3055-e326-43dc-a2ee-51393ff1a6e6 | ITER: 40 END: OK
2019-07-05 01:39:44.162 26382 INFO rally.task.runner [-] Task 9a3a3055-e326-43dc-a2ee-51393ff1a6e6 | ITER: 37 END: OK
2019-07-05 01:39:44.168 26404 INFO rally.task.runner [-] Task 9a3a3055-e326-43dc-a2ee-51393ff1a6e6 | ITER: 35 END: OK
2019-07-05 01:39:44.478 26390 INFO rally.task.runner [-] Task 9a3a3055-e326-43dc-a2ee-51393ff1a6e6 | ITER: 31 END: OK
2019-07-05 01:39:45.114 26418 INFO rally.task.runner [-] Task 9a3a3055-e326-43dc-a2ee-51393ff1a6e6 | ITER: 39 END: OK
2019-07-05 01:39:45.144 22131 INFO rally.task.context [-] Task 9a3a3055-e326-43dc-a2ee-51393ff1a6e6 | Context cleanup@openstack cleanup() started
2019-07-05 01:39:45.146 22131 RALLYDEBUG rally_openstack.cleanup.manager [-] Cleaning up neutron vip objects
2019-07-05 01:39:45.539 22131 RALLYDEBUG rally_openstack.cleanup.manager [-] Cleaning up neutron health_monitor objects
2019-07-05 01:39:45.929 22131 RALLYDEBUG rally_openstack.cleanup.manager [-] Cleaning up neutron pool objects
2019-07-05 01:39:46.347 22131 RALLYDEBUG rally_openstack.cleanup.manager [-] Cleaning up neutron loadbalancer objects
2019-07-05 01:39:46.744 22131 RALLYDEBUG rally_openstack.cleanup.manager [-] Cleaning up neutron floatingip objects
2019-07-05 01:39:47.180 22131 RALLYDEBUG rally_openstack.cleanup.manager [-] Cleaning up neutron port objects
2019-07-05 01:39:47.618 22131 RALLYDEBUG rally_openstack.cleanup.manager [-] Cleaning up neutron subnet objects
2019-07-05 01:39:48.040 22131 RALLYDEBUG rally_openstack.cleanup.manager [-] Cleaning up neutron network objects
2019-07-05 01:39:48.674 22131 RALLYDEBUG rally_openstack.cleanup.manager [-] Deleting neutron.network object s_rally_15c13ceb_8jHaM4kR (1bc34ca6-7346-49a0-8ba7-a5375674833b)
2019-07-05 01:39:48.689 22131 RALLYDEBUG rally_openstack.cleanup.manager [-] Deleting neutron.network object s_rally_15c13ceb_Eh5IOP6g (40da0980-fde8-454b-99d0-faf8afe274d5)
2019-07-05 01:39:48.690 22131 RALLYDEBUG rally_openstack.cleanup.manager [-] Deleting neutron.network object s_rally_15c13ceb_2jlTT5er (53fa8d57-191f-4fa6-a38a-c22ec564e24c)
2019-07-05 01:39:48.692 22131 RALLYDEBUG rally_openstack.cleanup.manager [-] Deleting neutron.network object s_rally_15c13ceb_TVZJsjI4 (54274067-a2eb-4af3-a5ef-e74478ddbdc7)
2019-07-05 01:39:48.694 22131 RALLYDEBUG rally_openstack.cleanup.manager [-] Deleting neutron.network object s_rally_15c13ceb_hk8UdFcp (179587af-35c5-439e-b19e-6ff8a8712644)
2019-07-05 01:39:48.701 22131 RALLYDEBUG rally_openstack.cleanup.manager [-] Deleting neutron.network object s_rally_15c13ceb_dD7ngbrB (49b3df34-46ff-44e3-8392-d91c2dce3884)
2019-07-05 01:39:48.703 22131 RALLYDEBUG rally_openstack.cleanup.manager [-] Deleting neutron.network object s_rally_15c13ceb_opTQ6Kf8 (6191bb74-bdff-4f73-b472-0b56b4cfba59)
2019-07-05 01:39:48.704 22131 RALLYDEBUG rally_openstack.cleanup.manager [-] Deleting neutron.network object s_rally_15c13ceb_9XB8kVdV (2e1de458-cd95-44a5-b435-375e66b01de2)
2019-07-05 01:39:48.706 22131 RALLYDEBUG rally_openstack.cleanup.manager [-] Deleting neutron.network object s_rally_15c13ceb_i5gvWve9 (05b21adb-b8a2-4291-8a22-43d035576172)
2019-07-05 01:39:48.707 22131 RALLYDEBUG rally_openstack.cleanup.manager [-] Deleting neutron.network object s_rally_15c13ceb_k8gwZPiC (3aa77ba3-90cf-4496-a7e7-5280d471a7b6)
2019-07-05 01:39:48.712 22131 RALLYDEBUG rally_openstack.cleanup.manager [-] Deleting neutron.network object s_rally_15c13ceb_dgcnJrlH (55f890ef-7a42-45bc-b58a-521f230bd97a)
2019-07-05 01:39:48.719 22131 RALLYDEBUG rally_openstack.cleanup.manager [-] Deleting neutron.network object s_rally_15c13ceb_UO7O58V3 (3d788213-d40e-469b-8278-99751443ae53)
2019-07-05 01:39:48.720 22131 RALLYDEBUG rally_openstack.cleanup.manager [-] Deleting neutron.network object s_rally_15c13ceb_6aXZz5vF (5fab6c87-bb17-4a94-90fc-3033c08185b8)
2019-07-05 01:39:48.721 22131 RALLYDEBUG rally_openstack.cleanup.manager [-] Deleting neutron.network object s_rally_15c13ceb_1DJywqBt (2fba6b45-73c7-4c39-adbe-45e3f58b2103)
2019-07-05 01:39:48.724 22131 RALLYDEBUG rally_openstack.cleanup.manager [-] Deleting neutron.network object s_rally_15c13ceb_t6B2PedC (393bdbe9-4ea2-4403-912d-05b1a27e2623)
2019-07-05 01:39:48.739 22131 RALLYDEBUG rally_openstack.cleanup.manager [-] Deleting neutron.network object s_rally_15c13ceb_BYxTy5ms (1c1222fd-134c-4caa-920e-5d7dea51e456)
2019-07-05 01:39:48.758 22131 RALLYDEBUG rally_openstack.cleanup.manager [-] Deleting neutron.network object s_rally_15c13ceb_lWwiYMaY (3bb37af8-bfbe-4ee3-b484-cab14f1ce1fe)
2019-07-05 01:39:48.762 22131 RALLYDEBUG rally_openstack.cleanup.manager [-] Deleting neutron.network object s_rally_15c13ceb_JJQpOuyx (19b124a0-23e5-4eaa-b2a1-2627443405fc)
2019-07-05 01:39:48.768 22131 RALLYDEBUG rally_openstack.cleanup.manager [-] Deleting neutron.network object s_rally_15c13ceb_eTNAJDpi (12c14d9b-0166-41f5-b01f-cc6965d93a22)
2019-07-05 01:39:48.786 22131 RALLYDEBUG rally_openstack.cleanup.manager [-] Deleting neutron.network object s_rally_15c13ceb_XsYsOUr3 (17870968-c76a-4a9d-a1f1-f69faf1e41b9)
2019-07-05 01:39:50.724 22131 RALLYDEBUG rally_openstack.cleanup.manager [-] Deleting neutron.network object s_rally_15c13ceb_OQJaYlsM (6b469c0d-af99-4184-9b29-c2b08279186a)
2019-07-05 01:39:51.050 22131 RALLYDEBUG rally_openstack.cleanup.manager [-] Deleting neutron.network object s_rally_15c13ceb_9GT4m1Rc (6c040293-0398-4b20-9edd-8bbd2d7dd6f9)
2019-07-05 01:39:51.234 22131 RALLYDEBUG rally_openstack.cleanup.manager [-] Deleting neutron.network object s_rally_15c13ceb_dyriZqao (73a9d540-4ff3-44eb-b1bb-9e214cff2099)
2019-07-05 01:39:51.246 22131 RALLYDEBUG rally_openstack.cleanup.manager [-] Deleting neutron.network object s_rally_15c13ceb_PkSeHMOm (85f209c7-03ce-4fda-9f20-9af6ed92a49e)
2019-07-05 01:39:51.336 22131 RALLYDEBUG rally_openstack.cleanup.manager [-] Deleting neutron.network object s_rally_15c13ceb_Lo2C9N7M (8dd3340e-8f99-44c2-89e8-8dd876ea5bb0)
2019-07-05 01:39:51.443 22131 RALLYDEBUG rally_openstack.cleanup.manager [-] Deleting neutron.network object s_rally_15c13ceb_L9KDqyZ2 (8df51710-9789-44e5-a41e-a52a481dfd01)
2019-07-05 01:39:51.564 22131 RALLYDEBUG rally_openstack.cleanup.manager [-] Deleting neutron.network object s_rally_15c13ceb_jw6NObEF (98434d97-06fa-4353-b513-f241431f3537)
2019-07-05 01:39:51.574 22131 RALLYDEBUG rally_openstack.cleanup.manager [-] Deleting neutron.network object s_rally_15c13ceb_fJNO6mOh (989eb1eb-f694-4666-9afd-2f6b5c82198f)
2019-07-05 01:39:51.679 22131 RALLYDEBUG rally_openstack.cleanup.manager [-] Deleting neutron.network object s_rally_15c13ceb_Se8gshEZ (9d374ebc-48b6-4b59-9c3d-55dded6fca0a)
2019-07-05 01:39:51.679 22131 RALLYDEBUG rally_openstack.cleanup.manager [-] Deleting neutron.network object s_rally_15c13ceb_0eGAaGze (9b402db8-75d8-4ee1-bd88-533af0e26a81)
2019-07-05 01:39:51.732 22131 RALLYDEBUG rally_openstack.cleanup.manager [-] Deleting neutron.network object s_rally_15c13ceb_1uc5iVpz (a873aa42-177a-4335-82db-4f9054f859d3)
2019-07-05 01:39:51.848 22131 RALLYDEBUG rally_openstack.cleanup.manager [-] Deleting neutron.network object s_rally_15c13ceb_tSK5ur8c (a9ac41c1-1006-4f71-a11e-ea612c628ad0)
2019-07-05 01:39:51.922 22131 RALLYDEBUG rally_openstack.cleanup.manager [-] Deleting neutron.network object s_rally_15c13ceb_4hfCCaiZ (ab3c6e71-0191-4991-8df3-02f29e85726f)
2019-07-05 01:39:52.010 22131 RALLYDEBUG rally_openstack.cleanup.manager [-] Deleting neutron.network object s_rally_15c13ceb_mzcvkcCN (ae38dbad-eff3-4d29-bb44-c7337656f77c)
2019-07-05 01:39:52.101 22131 RALLYDEBUG rally_openstack.cleanup.manager [-] Deleting neutron.network object s_rally_15c13ceb_5IMWQ3hL (b435d922-ad08-4ab3-86f7-9e17c55542cc)
2019-07-05 01:39:52.107 22131 RALLYDEBUG rally_openstack.cleanup.manager [-] Deleting neutron.network object s_rally_15c13ceb_s3bE8n1X (c03b7b17-7790-4b19-930f-7d57df9eb648)
2019-07-05 01:39:52.258 22131 RALLYDEBUG rally_openstack.cleanup.manager [-] Deleting neutron.network object s_rally_15c13ceb_rxFqIOZU (c98f144e-4d34-4694-835f-a3a1864f931d)
2019-07-05 01:39:52.258 22131 RALLYDEBUG rally_openstack.cleanup.manager [-] Deleting neutron.network object s_rally_15c13ceb_1CtkxWBM (cb7a764b-1d3f-4e95-9424-c8fb7f3808a6)
2019-07-05 01:39:52.338 22131 RALLYDEBUG rally_openstack.cleanup.manager [-] Deleting neutron.network object s_rally_15c13ceb_nF173nVr (f73f4386-4054-4eec-821a-6148c6328c47)
2019-07-05 01:39:52.612 22131 RALLYDEBUG rally_openstack.cleanup.manager [-] Deleting neutron.network object s_rally_15c13ceb_8hLbiCwf (fed745cb-7349-4a1c-98d0-644ffcfcecdf)
2019-07-05 01:39:54.946 22131 RALLYDEBUG rally_openstack.cleanup.manager [-] Cleaning up neutron router objects
2019-07-05 01:39:55.390 22131 RALLYDEBUG rally_openstack.cleanup.manager [-] Cleaning up neutron security_group objects
2019-07-05 01:39:55.921 22131 INFO rally.task.context [-] Task 9a3a3055-e326-43dc-a2ee-51393ff1a6e6 | Context cleanup@openstack cleanup() finished in 10.78 sec
2019-07-05 01:39:55.923 22131 INFO rally.task.context [-] Task 9a3a3055-e326-43dc-a2ee-51393ff1a6e6 | Context quotas@openstack cleanup() started
2019-07-05 01:39:56.022 22131 INFO rally.task.context [-] Task 9a3a3055-e326-43dc-a2ee-51393ff1a6e6 | Context quotas@openstack cleanup() finished in 99.36 msec
2019-07-05 01:39:56.023 22131 INFO rally.task.context [-] Task 9a3a3055-e326-43dc-a2ee-51393ff1a6e6 | Context users@openstack cleanup() started
2019-07-05 01:39:58.760 22131 INFO rally.task.context [-] Task 9a3a3055-e326-43dc-a2ee-51393ff1a6e6 | Context users@openstack cleanup() finished in 2.74 sec
2019-07-05 01:39:59.640 22131 INFO rally.task.engine [-] Load duration is: 22.75902
2019-07-05 01:39:59.641 22131 INFO rally.task.engine [-] Full runner duration is: 22.816587
2019-07-05 01:39:59.641 22131 INFO rally.task.engine [-] Full duration is: 39.31242
2019-07-05 01:40:00.190 22131 INFO rally.task.engine [-] Running workload: position = 0 config = { "version": 2, "title": "A cropped version of a bigger task.", "description": "Auto-generated task from a single workload (uuid=52c84bdd-a8c1-4a38-845b-73ce5db1fee1)", "subtasks": [ { "title": "Quotas.neutron_update", "description": "Update quotas for neutron.", "scenario": { "Quotas.neutron_update": { "max_quota": 1024 } }, "contexts": { "users": { "tenants": 20, "users_per_tenant": 1 } }, "runner": { "constant": { "times": 40, "concurrency": 20 } }, "hooks": [], "sla": { "failure_rate": { "max": 0 } } } ] }
2019-07-05 01:40:00.216 22131 RALLYDEBUG rally_openstack.contexts.keystone.users [-] Creating 20 tenants using 20 threads
2019-07-05 01:40:02.447 22131 RALLYDEBUG rally_openstack.contexts.keystone.users [-] Creating 20 users using 20 threads
2019-07-05 01:40:05.451 22131 INFO rally.task.context [-] Task 9a3a3055-e326-43dc-a2ee-51393ff1a6e6 | Context users@openstack setup() finished in 5.24 sec
2019-07-05 01:40:05.452 22131 INFO rally.task.context [-] Task 9a3a3055-e326-43dc-a2ee-51393ff1a6e6 | Context admin_cleanup@openstack setup() finished in 0.01 msec
2019-07-05 01:40:05.461 22131 RALLYDEBUG rally.task.runner [-] Starting the constant runner (task UUID: 9a3a3055-e326-43dc-a2ee-51393ff1a6e6). timeout: 0 concurrency: 20 concurrency_per_worker: 1 times: 40 concurrency_overhead: 4 processes_to_start: 16 max_cpu_used: 16
2019-07-05 01:40:05.475 26747 RALLYDEBUG rally.task.runner [-] Starting a worker. concurrency: 2 args: {"max_quota": 1024} times: 40 method_name: run timeout: 0 duration: None cls:
2019-07-05 01:40:05.479 26748 RALLYDEBUG rally.task.runner [-] Starting a worker. concurrency: 2 args: {"max_quota": 1024} times: 40 method_name: run timeout: 0 duration: None cls:
2019-07-05 01:40:05.480 26749 RALLYDEBUG rally.task.runner [-] Starting a worker. concurrency: 2 args: {"max_quota": 1024} times: 40 method_name: run timeout: 0 duration: None cls:
2019-07-05 01:40:05.485 26750 RALLYDEBUG rally.task.runner [-] Starting a worker. concurrency: 2 args: {"max_quota": 1024} times: 40 method_name: run timeout: 0 duration: None cls:
2019-07-05 01:40:05.488 26747 INFO rally.task.runner [-] Task 9a3a3055-e326-43dc-a2ee-51393ff1a6e6 | ITER: 1 START
2019-07-05 01:40:05.489 26749 INFO rally.task.runner [-] Task 9a3a3055-e326-43dc-a2ee-51393ff1a6e6 | ITER: 3 START
2019-07-05 01:40:05.489 26751 RALLYDEBUG rally.task.runner [-] Starting a worker. concurrency: 1 args: {"max_quota": 1024} times: 40 method_name: run timeout: 0 duration: None cls:
2019-07-05 01:40:05.490 26748 INFO rally.task.runner [-] Task 9a3a3055-e326-43dc-a2ee-51393ff1a6e6 | ITER: 2 START
2019-07-05 01:40:05.493 26752 RALLYDEBUG rally.task.runner [-] Starting a worker. concurrency: 1 args: {"max_quota": 1024} times: 40 method_name: run timeout: 0 duration: None cls:
2019-07-05 01:40:05.497 26756 RALLYDEBUG rally.task.runner [-] Starting a worker. concurrency: 1 args: {"max_quota": 1024} times: 40 method_name: run timeout: 0 duration: None cls:
2019-07-05 01:40:05.499 26750 INFO rally.task.runner [-] Task 9a3a3055-e326-43dc-a2ee-51393ff1a6e6 | ITER: 5 START
2019-07-05 01:40:05.500 26751 INFO rally.task.runner [-] Task 9a3a3055-e326-43dc-a2ee-51393ff1a6e6 | ITER: 8 START
2019-07-05 01:40:05.504 26752 INFO rally.task.runner [-] Task 9a3a3055-e326-43dc-a2ee-51393ff1a6e6 | ITER: 9 START
2019-07-05 01:40:05.504 26762 RALLYDEBUG rally.task.runner [-] Starting a worker. concurrency: 1 args: {"max_quota": 1024} times: 40 method_name: run timeout: 0 duration: None cls:
2019-07-05 01:40:05.507 26756 INFO rally.task.runner [-] Task 9a3a3055-e326-43dc-a2ee-51393ff1a6e6 | ITER: 11 START
2019-07-05 01:40:05.510 26748 INFO rally.task.runner [-] Task 9a3a3055-e326-43dc-a2ee-51393ff1a6e6 | ITER: 7 START
2019-07-05 01:40:05.514 26762 INFO rally.task.runner [-] Task 9a3a3055-e326-43dc-a2ee-51393ff1a6e6 | ITER: 12 START
2019-07-05 01:40:05.514 26767 RALLYDEBUG rally.task.runner [-] Starting a worker. concurrency: 1 args: {"max_quota": 1024} times: 40 method_name: run timeout: 0 duration: None cls:
2019-07-05 01:40:05.517 26747 INFO rally.task.runner [-] Task 9a3a3055-e326-43dc-a2ee-51393ff1a6e6 | ITER: 4 START
2019-07-05 01:40:05.520 26749 INFO rally.task.runner [-] Task 9a3a3055-e326-43dc-a2ee-51393ff1a6e6 | ITER: 6 START
2019-07-05 01:40:05.521 26771 RALLYDEBUG rally.task.runner [-] Starting a worker. concurrency: 1 args: {"max_quota": 1024} times: 40 method_name: run timeout: 0 duration: None cls:
2019-07-05 01:40:05.520 26750 INFO rally.task.runner [-] Task 9a3a3055-e326-43dc-a2ee-51393ff1a6e6 | ITER: 10 START
2019-07-05 01:40:05.526 26776 RALLYDEBUG rally.task.runner [-] Starting a worker. concurrency: 1 args: {"max_quota": 1024} times: 40 method_name: run timeout: 0 duration: None cls:
2019-07-05 01:40:05.529 26778 RALLYDEBUG rally.task.runner [-] Starting a worker. concurrency: 1 args: {"max_quota": 1024} times: 40 method_name: run timeout: 0 duration: None cls:
2019-07-05 01:40:05.531 26771 INFO rally.task.runner [-] Task 9a3a3055-e326-43dc-a2ee-51393ff1a6e6 | ITER: 14 START
2019-07-05 01:40:05.532 26767 INFO rally.task.runner [-] Task 9a3a3055-e326-43dc-a2ee-51393ff1a6e6 | ITER: 13 START
2019-07-05 01:40:05.534 26780 RALLYDEBUG rally.task.runner [-] Starting a worker. concurrency: 1 args: {"max_quota": 1024} times: 40 method_name: run timeout: 0 duration: None cls:
2019-07-05 01:40:05.539 26778 INFO rally.task.runner [-] Task 9a3a3055-e326-43dc-a2ee-51393ff1a6e6 | ITER: 16 START
2019-07-05 01:40:05.541 26776 INFO rally.task.runner [-] Task 9a3a3055-e326-43dc-a2ee-51393ff1a6e6 | ITER: 15 START
2019-07-05 01:40:05.541 26782 RALLYDEBUG rally.task.runner [-] Starting a worker. concurrency: 1 args: {"max_quota": 1024} times: 40 method_name: run timeout: 0 duration: None cls:
2019-07-05 01:40:05.543 26785 RALLYDEBUG rally.task.runner [-] Starting a worker. concurrency: 1 args: {"max_quota": 1024} times: 40 method_name: run timeout: 0 duration: None cls:
2019-07-05 01:40:05.546 26780 INFO rally.task.runner [-] Task 9a3a3055-e326-43dc-a2ee-51393ff1a6e6 | ITER: 17 START
2019-07-05 01:40:05.550 26785 INFO rally.task.runner [-] Task 9a3a3055-e326-43dc-a2ee-51393ff1a6e6 | ITER: 19 START
2019-07-05 01:40:05.551 26790 RALLYDEBUG rally.task.runner [-] Starting a worker. concurrency: 1 args: {"max_quota": 1024} times: 40 method_name: run timeout: 0 duration: None cls:
2019-07-05 01:40:05.553 26782 INFO rally.task.runner [-] Task 9a3a3055-e326-43dc-a2ee-51393ff1a6e6 | ITER: 18 START
2019-07-05 01:40:05.561 26790 INFO rally.task.runner [-] Task 9a3a3055-e326-43dc-a2ee-51393ff1a6e6 | ITER: 20 START
2019-07-05 01:40:06.084 26748 INFO rally.task.runner [-] Task 9a3a3055-e326-43dc-a2ee-51393ff1a6e6 | ITER: 7 END: OK
2019-07-05 01:40:06.091 26748 INFO rally.task.runner [-] Task 9a3a3055-e326-43dc-a2ee-51393ff1a6e6 | ITER: 21 START
2019-07-05 01:40:06.093 26747 INFO rally.task.runner [-] Task 9a3a3055-e326-43dc-a2ee-51393ff1a6e6 | ITER: 4 END: OK
2019-07-05 01:40:06.101 26747 INFO rally.task.runner [-] Task 9a3a3055-e326-43dc-a2ee-51393ff1a6e6 | ITER: 22 START
2019-07-05 01:40:06.115 26749 INFO rally.task.runner [-] Task 9a3a3055-e326-43dc-a2ee-51393ff1a6e6 | ITER: 3 END: OK
2019-07-05 01:40:06.122 26749 INFO rally.task.runner [-] Task 9a3a3055-e326-43dc-a2ee-51393ff1a6e6 | ITER: 23 START
2019-07-05 01:40:06.140 26747 INFO rally.task.runner [-] Task 9a3a3055-e326-43dc-a2ee-51393ff1a6e6 | ITER: 1 END: OK
2019-07-05 01:40:06.140 26751 INFO rally.task.runner [-] Task 9a3a3055-e326-43dc-a2ee-51393ff1a6e6 | ITER: 8 END: OK
2019-07-05 01:40:06.146 26747 INFO rally.task.runner [-] Task 9a3a3055-e326-43dc-a2ee-51393ff1a6e6 | ITER: 24 START
2019-07-05 01:40:06.147 26751 INFO rally.task.runner [-] Task 9a3a3055-e326-43dc-a2ee-51393ff1a6e6 | ITER: 25 START
2019-07-05 01:40:06.187 26752 INFO rally.task.runner [-] Task 9a3a3055-e326-43dc-a2ee-51393ff1a6e6 | ITER: 9 END: OK
2019-07-05 01:40:06.194 26750 INFO rally.task.runner [-] Task 9a3a3055-e326-43dc-a2ee-51393ff1a6e6 | ITER: 5 END: OK
2019-07-05 01:40:06.194 26752 INFO rally.task.runner [-] Task 9a3a3055-e326-43dc-a2ee-51393ff1a6e6 | ITER: 26 START
2019-07-05 01:40:06.201 26750 INFO rally.task.runner [-] Task 9a3a3055-e326-43dc-a2ee-51393ff1a6e6 | ITER: 27 START
2019-07-05 01:40:06.215 26756 INFO rally.task.runner [-] Task 9a3a3055-e326-43dc-a2ee-51393ff1a6e6 | ITER: 11 END: OK
2019-07-05 01:40:06.224 26756 INFO rally.task.runner [-] Task 9a3a3055-e326-43dc-a2ee-51393ff1a6e6 | ITER: 28 START
2019-07-05 01:40:06.226 26762 INFO rally.task.runner [-] Task 9a3a3055-e326-43dc-a2ee-51393ff1a6e6 | ITER: 12 END: OK
2019-07-05 01:40:06.233 26749 INFO rally.task.runner [-] Task 9a3a3055-e326-43dc-a2ee-51393ff1a6e6 | ITER: 6 END: OK
2019-07-05 01:40:06.233 26762 INFO rally.task.runner [-] Task 9a3a3055-e326-43dc-a2ee-51393ff1a6e6 | ITER: 29 START
2019-07-05 01:40:06.239 26749 INFO rally.task.runner [-] Task 9a3a3055-e326-43dc-a2ee-51393ff1a6e6 | ITER: 30 START
2019-07-05 01:40:06.340 26778 INFO rally.task.runner [-] Task 9a3a3055-e326-43dc-a2ee-51393ff1a6e6 | ITER: 16 END: OK
2019-07-05 01:40:06.349 26778 INFO rally.task.runner [-] Task 9a3a3055-e326-43dc-a2ee-51393ff1a6e6 | ITER: 31 START
2019-07-05 01:40:06.359 26748 INFO rally.task.runner [-] Task 9a3a3055-e326-43dc-a2ee-51393ff1a6e6 | ITER: 2 END: OK
2019-07-05 01:40:06.367 26748 INFO rally.task.runner [-] Task 9a3a3055-e326-43dc-a2ee-51393ff1a6e6 | ITER: 32 START
2019-07-05 01:40:06.397 26785 INFO rally.task.runner [-] Task 9a3a3055-e326-43dc-a2ee-51393ff1a6e6 | ITER: 19 END: OK
2019-07-05 01:40:06.404 26785 INFO rally.task.runner [-] Task 9a3a3055-e326-43dc-a2ee-51393ff1a6e6 | ITER: 33 START
2019-07-05 01:40:06.432 26767 INFO rally.task.runner [-] Task 9a3a3055-e326-43dc-a2ee-51393ff1a6e6 | ITER: 13 END: OK
2019-07-05 01:40:06.441 26767 INFO rally.task.runner [-] Task 9a3a3055-e326-43dc-a2ee-51393ff1a6e6 | ITER: 34 START
2019-07-05 01:40:06.461 26782 INFO rally.task.runner [-] Task 9a3a3055-e326-43dc-a2ee-51393ff1a6e6 | ITER: 18 END: OK
2019-07-05 01:40:06.468 26782 INFO rally.task.runner [-] Task 9a3a3055-e326-43dc-a2ee-51393ff1a6e6 | ITER: 35 START
2019-07-05 01:40:06.506 26780 INFO rally.task.runner [-] Task 9a3a3055-e326-43dc-a2ee-51393ff1a6e6 | ITER: 17 END: OK
2019-07-05 01:40:06.513 26780 INFO rally.task.runner [-] Task 9a3a3055-e326-43dc-a2ee-51393ff1a6e6 | ITER: 36 START
2019-07-05 01:40:06.540 26750 INFO rally.task.runner [-] Task 9a3a3055-e326-43dc-a2ee-51393ff1a6e6 | ITER: 10 END: OK
2019-07-05 01:40:06.547 26750 INFO rally.task.runner [-] Task 9a3a3055-e326-43dc-a2ee-51393ff1a6e6 | ITER: 37 START
2019-07-05 01:40:06.549 26771 INFO rally.task.runner [-] Task 9a3a3055-e326-43dc-a2ee-51393ff1a6e6 | ITER: 14 END: OK
2019-07-05 01:40:06.556 26771 INFO rally.task.runner [-] Task 9a3a3055-e326-43dc-a2ee-51393ff1a6e6 | ITER: 38 START
2019-07-05 01:40:06.616 26748 INFO rally.task.runner [-] Task 9a3a3055-e326-43dc-a2ee-51393ff1a6e6 | ITER: 21 END: OK
2019-07-05 01:40:06.619 26751 INFO rally.task.runner [-] Task 9a3a3055-e326-43dc-a2ee-51393ff1a6e6 | ITER: 25 END: OK
2019-07-05 01:40:06.622 26748 INFO rally.task.runner [-] Task 9a3a3055-e326-43dc-a2ee-51393ff1a6e6 | ITER: 39 START
2019-07-05 01:40:06.626 26751 INFO rally.task.runner [-] Task 9a3a3055-e326-43dc-a2ee-51393ff1a6e6 | ITER: 40 START
2019-07-05 01:40:06.697 26776 INFO rally.task.runner [-] Task 9a3a3055-e326-43dc-a2ee-51393ff1a6e6 | ITER: 15 END: OK
2019-07-05 01:40:06.763 26749 INFO rally.task.runner [-] Task 9a3a3055-e326-43dc-a2ee-51393ff1a6e6 | ITER: 30 END: OK
2019-07-05 01:40:06.780 26749 INFO rally.task.runner [-] Task 9a3a3055-e326-43dc-a2ee-51393ff1a6e6 | ITER: 23 END: OK
2019-07-05 01:40:06.793 26790 INFO rally.task.runner [-] Task 9a3a3055-e326-43dc-a2ee-51393ff1a6e6 | ITER: 20 END: OK
2019-07-05 01:40:06.806 26762 INFO rally.task.runner [-] Task 9a3a3055-e326-43dc-a2ee-51393ff1a6e6 | ITER: 29 END: OK
2019-07-05 01:40:06.828 26756 INFO rally.task.runner [-] Task 9a3a3055-e326-43dc-a2ee-51393ff1a6e6 | ITER: 28 END: OK
2019-07-05 01:40:06.865 26747 INFO rally.task.runner [-] Task 9a3a3055-e326-43dc-a2ee-51393ff1a6e6 | ITER: 24 END: OK
2019-07-05 01:40:06.943 26747 INFO rally.task.runner [-] Task 9a3a3055-e326-43dc-a2ee-51393ff1a6e6 | ITER: 22 END: OK
2019-07-05 01:40:06.979 26752 INFO rally.task.runner [-] Task 9a3a3055-e326-43dc-a2ee-51393ff1a6e6 | ITER: 26 END: OK
2019-07-05 01:40:07.007 26785 INFO rally.task.runner [-] Task 9a3a3055-e326-43dc-a2ee-51393ff1a6e6 | ITER: 33 END: OK
2019-07-05 01:40:07.025 26750 INFO rally.task.runner [-] Task 9a3a3055-e326-43dc-a2ee-51393ff1a6e6 | ITER: 27 END: OK
2019-07-05 01:40:07.092 26750 INFO rally.task.runner [-] Task 9a3a3055-e326-43dc-a2ee-51393ff1a6e6 | ITER: 37 END: OK
2019-07-05 01:40:07.123 26778 INFO rally.task.runner [-] Task 9a3a3055-e326-43dc-a2ee-51393ff1a6e6 | ITER: 31 END: OK
2019-07-05 01:40:07.151 26748 INFO rally.task.runner [-] Task 9a3a3055-e326-43dc-a2ee-51393ff1a6e6 | ITER: 32 END: OK
2019-07-05 01:40:07.171 26782 INFO rally.task.runner [-] Task 9a3a3055-e326-43dc-a2ee-51393ff1a6e6 | ITER: 35 END: OK
2019-07-05 01:40:07.260 26748 INFO rally.task.runner [-] Task 9a3a3055-e326-43dc-a2ee-51393ff1a6e6 | ITER: 39 END: OK
2019-07-05 01:40:07.283 26771 INFO rally.task.runner [-] Task 9a3a3055-e326-43dc-a2ee-51393ff1a6e6 | ITER: 38 END: OK
2019-07-05 01:40:07.285 26780 INFO rally.task.runner [-] Task 9a3a3055-e326-43dc-a2ee-51393ff1a6e6 | ITER: 36 END: OK
2019-07-05 01:40:07.300 26751 INFO rally.task.runner [-] Task 9a3a3055-e326-43dc-a2ee-51393ff1a6e6 | ITER: 40 END: OK
2019-07-05 01:40:07.353 26767 INFO rally.task.runner [-] Task 9a3a3055-e326-43dc-a2ee-51393ff1a6e6 | ITER: 34 END: OK
2019-07-05 01:40:07.379 22131 INFO rally.task.context [-] Task 9a3a3055-e326-43dc-a2ee-51393ff1a6e6 | Context admin_cleanup@openstack cleanup() started
2019-07-05 01:40:07.382 22131 RALLYDEBUG rally_openstack.cleanup.manager [-] Cleaning up neutron quota objects
2019-07-05 01:40:09.081 22131 INFO rally.task.context [-] Task 9a3a3055-e326-43dc-a2ee-51393ff1a6e6 | Context admin_cleanup@openstack cleanup() finished in 1.70 sec
2019-07-05 01:40:09.082 22131 INFO rally.task.context [-] Task 9a3a3055-e326-43dc-a2ee-51393ff1a6e6 | Context users@openstack cleanup() started
2019-07-05 01:40:29.188 22131 INFO rally.task.context [-] Task 9a3a3055-e326-43dc-a2ee-51393ff1a6e6 | Context users@openstack cleanup() finished in 20.11 sec
2019-07-05 01:40:30.557 22131 INFO rally.task.engine [-] Load duration is: 1.862144
2019-07-05 01:40:30.557 22131 INFO rally.task.engine [-] Full runner duration is: 1.918515
2019-07-05 01:40:30.558 22131 INFO rally.task.engine [-] Full duration is: 28.978106
2019-07-05 01:40:30.885 22131 INFO rally.task.engine [-] Running workload: position = 0 config = { "version": 2, "title": "A cropped version of a bigger task.", "description": "Auto-generated task from a single workload (uuid=40a2ebf2-d9d1-4030-94be-c3c1bf672b3e)", "subtasks": [ { "title": "NeutronTrunks.create_and_list_trunk_subports", "description": "", "scenario": { "NeutronTrunks.create_and_list_trunk_subports": { "subport_count": 125 } }, "contexts": { "users": { "tenants": 1, "users_per_tenant": 1 }, "quotas": { "neutron": { "network": -1, "port": 1000 } } }, "runner": { "constant": { "times": 4, "concurrency": 4 } }, "hooks": [], "sla": { "failure_rate": { "max": 0 } } } ] }
2019-07-05 01:40:30.913 22131 RALLYDEBUG rally_openstack.contexts.keystone.users [-] Creating 1 tenants using 20 threads
2019-07-05 01:40:31.827 22131 RALLYDEBUG rally_openstack.contexts.keystone.users [-] Creating 1 users using 20 threads
2019-07-05 01:40:33.300 22131 INFO rally.task.context [-] Task 9a3a3055-e326-43dc-a2ee-51393ff1a6e6 | Context users@openstack setup() finished in 2.39 sec
2019-07-05 01:40:33.849 22131 INFO rally.task.context [-] Task 9a3a3055-e326-43dc-a2ee-51393ff1a6e6 | Context quotas@openstack setup() finished in 0.55 sec
2019-07-05 01:40:33.849 22131 INFO rally.task.context [-] Task 9a3a3055-e326-43dc-a2ee-51393ff1a6e6 | Context cleanup@openstack setup() finished in 0.01 msec
2019-07-05 01:40:33.858 22131 RALLYDEBUG rally.task.runner [-] Starting the constant runner (task UUID: 9a3a3055-e326-43dc-a2ee-51393ff1a6e6). timeout: 0 concurrency: 4 concurrency_per_worker: 1 times: 4 concurrency_overhead: 0 processes_to_start: 4 max_cpu_used: 16
2019-07-05 01:40:33.873 26937 RALLYDEBUG rally.task.runner [-] Starting a worker. concurrency: 1 args: {"subport_count": 125} times: 4 method_name: run timeout: 0 duration: None cls:
2019-07-05 01:40:33.876 26938 RALLYDEBUG rally.task.runner [-] Starting a worker. concurrency: 1 args: {"subport_count": 125} times: 4 method_name: run timeout: 0 duration: None cls:
2019-07-05 01:40:33.879 26937 INFO rally.task.runner [-] Task 9a3a3055-e326-43dc-a2ee-51393ff1a6e6 | ITER: 1 START
2019-07-05 01:40:33.879 26939 RALLYDEBUG rally.task.runner [-] Starting a worker. concurrency: 1 args: {"subport_count": 125} times: 4 method_name: run timeout: 0 duration: None cls:
2019-07-05 01:40:33.882 26938 INFO rally.task.runner [-] Task 9a3a3055-e326-43dc-a2ee-51393ff1a6e6 | ITER: 2 START
2019-07-05 01:40:33.882 26940 RALLYDEBUG rally.task.runner [-] Starting a worker. concurrency: 1 args: {"subport_count": 125} times: 4 method_name: run timeout: 0 duration: None cls:
2019-07-05 01:40:33.886 26939 INFO rally.task.runner [-] Task 9a3a3055-e326-43dc-a2ee-51393ff1a6e6 | ITER: 3 START
2019-07-05 01:40:33.888 26940 INFO rally.task.runner [-] Task 9a3a3055-e326-43dc-a2ee-51393ff1a6e6 | ITER: 4 START
2019-07-05 01:42:13.572 26939 WARNING rally.task.atomic [-] 'optional_action_timer' is deprecated since rally v0.10.0.Please use action_timer instead, we have improved atomic actions, now do not need to explicitly close original action.
2019-07-05 01:42:13.619 26939 WARNING rally.task.atomic [-] 'optional_action_timer' is deprecated since rally v0.10.0.Please use action_timer instead, we have improved atomic actions, now do not need to explicitly close original action.
2019-07-05 01:42:14.824 26939 INFO rally.task.runner [-] Task 9a3a3055-e326-43dc-a2ee-51393ff1a6e6 | ITER: 3 END: OK
2019-07-05 01:42:14.944 26940 WARNING rally.task.atomic [-] 'optional_action_timer' is deprecated since rally v0.10.0.Please use action_timer instead, we have improved atomic actions, now do not need to explicitly close original action.
2019-07-05 01:42:14.983 26940 WARNING rally.task.atomic [-] 'optional_action_timer' is deprecated since rally v0.10.0.Please use action_timer instead, we have improved atomic actions, now do not need to explicitly close original action.
2019-07-05 01:42:15.953 26938 WARNING rally.task.atomic [-] 'optional_action_timer' is deprecated since rally v0.10.0.Please use action_timer instead, we have improved atomic actions, now do not need to explicitly close original action.
2019-07-05 01:42:15.968 26940 INFO rally.task.runner [-] Task 9a3a3055-e326-43dc-a2ee-51393ff1a6e6 | ITER: 4 END: OK
2019-07-05 01:42:15.991 26938 WARNING rally.task.atomic [-] 'optional_action_timer' is deprecated since rally v0.10.0.Please use action_timer instead, we have improved atomic actions, now do not need to explicitly close original action.
2019-07-05 01:42:16.464 26938 INFO rally.task.runner [-] Task 9a3a3055-e326-43dc-a2ee-51393ff1a6e6 | ITER: 2 END: OK
2019-07-05 01:42:17.142 26937 WARNING rally.task.atomic [-] 'optional_action_timer' is deprecated since rally v0.10.0.Please use action_timer instead, we have improved atomic actions, now do not need to explicitly close original action.
2019-07-05 01:42:17.177 26937 WARNING rally.task.atomic [-] 'optional_action_timer' is deprecated since rally v0.10.0.Please use action_timer instead, we have improved atomic actions, now do not need to explicitly close original action.
2019-07-05 01:42:17.712 26937 INFO rally.task.runner [-] Task 9a3a3055-e326-43dc-a2ee-51393ff1a6e6 | ITER: 1 END: OK
2019-07-05 01:42:17.741 22131 INFO rally.task.context [-] Task 9a3a3055-e326-43dc-a2ee-51393ff1a6e6 | Context cleanup@openstack cleanup() started
2019-07-05 01:42:17.744 22131 RALLYDEBUG rally_openstack.cleanup.manager [-] Cleaning up neutron vip objects
2019-07-05 01:42:18.179 22131 RALLYDEBUG rally_openstack.cleanup.manager [-] Cleaning up neutron health_monitor objects
2019-07-05 01:42:18.589 22131 RALLYDEBUG rally_openstack.cleanup.manager [-] Cleaning up neutron pool objects
2019-07-05 01:42:19.004 22131 RALLYDEBUG rally_openstack.cleanup.manager [-] Cleaning up neutron loadbalancer objects
2019-07-05 01:42:19.413 22131 RALLYDEBUG rally_openstack.cleanup.manager [-] Cleaning up neutron floatingip objects
2019-07-05 01:42:19.854 22131 RALLYDEBUG rally_openstack.cleanup.manager [-] Cleaning up neutron port objects
2019-07-05 01:42:21.176 22131 RALLYDEBUG rally_openstack.cleanup.manager [-] Deleting neutron.port object s_rally_40a2ebf2_vrQiKT1v (02bdd65e-7079-4040-a880-464a55c887fe)
2019-07-05 01:42:21.177 22131 RALLYDEBUG rally_openstack.cleanup.manager [-] Deleting neutron.port object s_rally_40a2ebf2_9fRtIvxv (06272883-f9f5-4e5a-a15e-387514155c04)
2019-07-05 01:42:21.178 22131 RALLYDEBUG rally_openstack.cleanup.manager [-] Deleting neutron.port object s_rally_40a2ebf2_H4kNdZFz (0aba0673-5a91-484c-9440-a4f3f203ed1d)
2019-07-05 01:42:21.180 22131 RALLYDEBUG rally_openstack.cleanup.manager [-] Deleting neutron.port object s_rally_40a2ebf2_F0Z4DNoL (096afa84-0454-4a34-9a9c-d6681746b3de)
2019-07-05 01:42:21.186 22131 RALLYDEBUG rally_openstack.cleanup.manager [-] Deleting neutron.port object s_rally_40a2ebf2_vA5xxJFV (02e23bc5-4b04-4343-972c-71a0bbeed4c9)
2019-07-05 01:42:21.189 22131 RALLYDEBUG rally_openstack.cleanup.manager [-] Deleting neutron.port object s_rally_40a2ebf2_Irq0cPh6 (070acb43-3f0c-4f35-9484-bf0ee2894e86)
2019-07-05 01:42:21.191 22131 RALLYDEBUG rally_openstack.cleanup.manager [-] Deleting neutron.port object s_rally_40a2ebf2_Z7ToA7WO (0c26c642-8e6a-4510-90d5-9e716c00c566)
2019-07-05 01:42:21.196 22131 RALLYDEBUG rally_openstack.cleanup.manager [-] Deleting neutron.port object s_rally_40a2ebf2_3eSW4KuX (0ac499e4-6e60-4897-b7ee-343e79de32e4)
2019-07-05 01:42:21.217 22131 RALLYDEBUG rally_openstack.cleanup.manager [-] Deleting neutron.port object s_rally_40a2ebf2_HFikm1ny (001c6a5f-956a-4de5-9214-e1added2d590)
2019-07-05 01:42:21.219 22131 RALLYDEBUG rally_openstack.cleanup.manager [-] Deleting neutron.port object s_rally_40a2ebf2_gGxm8HSA (0e7feb55-73af-4da4-a171-919f5fca994c)
2019-07-05 01:42:21.220 22131 RALLYDEBUG rally_openstack.cleanup.manager [-] Deleting neutron.port object s_rally_40a2ebf2_hefYOi4v (02e685a9-25ea-41cb-86a8-a5023733309e)
2019-07-05 01:42:21.220 22131 RALLYDEBUG rally_openstack.cleanup.manager [-] Deleting neutron.port object s_rally_40a2ebf2_ZNEk3GOU (009b1650-c9f0-4914-a2a0-b0d8b50180e0)
2019-07-05 01:42:21.220 22131 RALLYDEBUG rally_openstack.cleanup.manager [-] Deleting neutron.port object s_rally_40a2ebf2_chHvZtV1 (03f0af75-4e79-4cec-84d0-e1536c57f0a1)
2019-07-05 01:42:21.224 22131 RALLYDEBUG rally_openstack.cleanup.manager [-] Deleting neutron.port object s_rally_40a2ebf2_IZv2o8dr (0bbcff56-651a-452d-ae78-9ed0c2f2fdb4)
2019-07-05 01:42:21.225 22131 RALLYDEBUG rally_openstack.cleanup.manager [-] Deleting neutron.port object s_rally_40a2ebf2_eIQoMkt6 (0bf2fa82-2d19-4cd7-a482-c18db51e2ab9)
2019-07-05 01:42:21.222 22131 RALLYDEBUG rally_openstack.cleanup.manager [-] Deleting neutron.port object s_rally_40a2ebf2_6L09ngOv (081eaa3f-0e0c-41dd-8b15-e2744157841c)
2019-07-05 01:42:21.226 22131 RALLYDEBUG rally_openstack.cleanup.manager [-] Deleting neutron.port object s_rally_40a2ebf2_0uVO67Oy (0d782193-ca5b-489c-92af-204cecf9c50b)
2019-07-05 01:42:21.228 22131 RALLYDEBUG rally_openstack.cleanup.manager [-] Deleting neutron.port object s_rally_40a2ebf2_8k9Uu8SS (03ff2916-ffa5-4395-9421-a9926982ede9)
2019-07-05 01:42:21.249 22131 RALLYDEBUG rally_openstack.cleanup.manager [-] Deleting neutron.port object s_rally_40a2ebf2_ZYjN60oy (0a5b7a75-e345-43ad-819f-7e668fffddd8)
2019-07-05 01:42:21.274 22131 RALLYDEBUG rally_openstack.cleanup.manager [-] Deleting neutron.port object s_rally_40a2ebf2_qo4D1yE0 (00ca26d4-b47a-44ea-b5d0-e2a525158852)
2019-07-05 01:42:23.669 22131 RALLYDEBUG rally_openstack.cleanup.manager [-] Deleting neutron.port object s_rally_40a2ebf2_YT9zLI5C (0ee34130-9a1c-49cd-bda7-67873b670c36)
2019-07-05 01:42:23.708 22131 RALLYDEBUG rally_openstack.cleanup.manager [-] Deleting neutron.port object s_rally_40a2ebf2_UEJr3LCZ (0f927b92-6bb9-4b33-b3f9-3003fd7c6a88)
2019-07-05 01:42:23.738 22131 RALLYDEBUG rally_openstack.cleanup.manager [-] Deleting neutron.port object s_rally_40a2ebf2_myOGaOtQ (0fa601dd-21e5-401c-a75f-38fef7c20134)
2019-07-05 01:42:23.764 22131 RALLYDEBUG rally_openstack.cleanup.manager [-] Deleting neutron.port object s_rally_40a2ebf2_uFtO1VGp (1079ece7-d144-4f2b-a4f2-1845d149e1d8)
2019-07-05 01:42:23.785 22131 RALLYDEBUG rally_openstack.cleanup.manager [-] Deleting neutron.port object s_rally_40a2ebf2_wrD1KAjk (10bd9752-4fbf-4c8f-b218-959f68370d0e)
2019-07-05 01:42:23.823 22131 RALLYDEBUG rally_openstack.cleanup.manager [-] Deleting neutron.port object s_rally_40a2ebf2_twSQclXh (11ca2c42-e23b-4096-96ef-6c04b73347d7)
2019-07-05 01:42:23.935 22131 RALLYDEBUG rally_openstack.cleanup.manager [-] Deleting neutron.port object s_rally_40a2ebf2_gRiwP9NI (120b79af-1d5e-4264-b16d-4a97d8a43ba4)
2019-07-05 01:42:23.950 22131 RALLYDEBUG rally_openstack.cleanup.manager [-] Deleting neutron.port object s_rally_40a2ebf2_5lXaKDfG (124e8a0f-d7e1-491a-9dd5-3d2aa6838943)
2019-07-05 01:42:23.969 22131 RALLYDEBUG rally_openstack.cleanup.manager [-] Deleting neutron.port object s_rally_40a2ebf2_XhwoGRFn (14be7717-6bae-4939-b176-7076d4b2a6ae)
2019-07-05 01:42:24.011 22131 RALLYDEBUG rally_openstack.cleanup.manager [-] Deleting neutron.port object s_rally_40a2ebf2_wOBGoqgA (14f1fa4e-609b-4045-8eb3-913dc48cb093)
2019-07-05 01:42:24.026 22131 RALLYDEBUG rally_openstack.cleanup.manager [-] Deleting neutron.port object s_rally_40a2ebf2_Ml2hzhXg (166a71ee-4114-49ea-9141-af193b2c3c55)
2019-07-05 01:42:24.074 22131 RALLYDEBUG rally_openstack.cleanup.manager [-] Deleting neutron.port object s_rally_40a2ebf2_hc8EAOGF (16f89ad0-91b1-4930-812f-56616a48f77d)
2019-07-05 01:42:24.159 22131 RALLYDEBUG rally_openstack.cleanup.manager [-] Deleting neutron.port object s_rally_40a2ebf2_8gCtlM0h (1728bd7a-a71d-4b17-a83d-f6ad7d9936fc)
2019-07-05 01:42:24.190 22131 RALLYDEBUG rally_openstack.cleanup.manager [-] Deleting neutron.port object s_rally_40a2ebf2_PJBs4f9Z (17a97e3e-cd08-4d2e-8ee3-9192f8d89e54)
2019-07-05 01:42:24.191 22131 RALLYDEBUG rally_openstack.cleanup.manager [-] Deleting neutron.port object s_rally_40a2ebf2_aTZlKru2 (17fa1e4a-f375-4763-bfe2-6e33c2623a3f)
2019-07-05 01:42:24.223 22131 RALLYDEBUG rally_openstack.cleanup.manager [-] Deleting neutron.port object s_rally_40a2ebf2_q26fEsaL (1862a285-d113-44f8-acba-85b2f4e0d097)
2019-07-05 01:42:24.381 22131 RALLYDEBUG rally_openstack.cleanup.manager [-] Deleting neutron.port object s_rally_40a2ebf2_ukbZmzWA (189d2811-0ef6-43ea-b028-7f2ad95ef6e9)
2019-07-05 01:42:24.506 22131 RALLYDEBUG rally_openstack.cleanup.manager [-] Deleting neutron.port object s_rally_40a2ebf2_i5cwgXzF (1910ee6d-2c9b-49a3-b6de-47fdfd7afdbd)
2019-07-05 01:42:24.584 22131 RALLYDEBUG rally_openstack.cleanup.manager [-] Deleting neutron.port object s_rally_40a2ebf2_J4YJR6A7 (19760ec8-6423-48d3-a00d-e4afe7309c53)
2019-07-05 01:42:24.645 22131 RALLYDEBUG rally_openstack.cleanup.manager [-] Deleting neutron.port object s_rally_40a2ebf2_ZxCRGuG9 (1a2e9e51-5def-43ca-8aee-9e8092666860)
2019-07-05 01:42:25.631 22131 RALLYDEBUG rally_openstack.cleanup.manager [-] Deleting neutron.port object s_rally_40a2ebf2_zq2pXLru (1ad172ac-aacf-46e9-bcc1-091b60cb2e7f)
2019-07-05 01:42:25.794 22131 RALLYDEBUG rally_openstack.cleanup.manager [-] Deleting neutron.port object s_rally_40a2ebf2_rgYHMzwU (1ba4e63a-d5e6-45e9-84a2-4edf5d9e8184)
2019-07-05 01:42:25.813 22131 RALLYDEBUG rally_openstack.cleanup.manager [-] Deleting neutron.port object s_rally_40a2ebf2_hVesn6DC (1c5396c2-c9fd-4c87-a209-719c522f804d)
2019-07-05 01:42:25.988 22131 RALLYDEBUG rally_openstack.cleanup.manager [-] Deleting neutron.port object s_rally_40a2ebf2_JYW2WyGj (1c6b1754-ed31-4033-b0eb-f0c02160cd8c)
2019-07-05 01:42:26.123 22131 RALLYDEBUG rally_openstack.cleanup.manager [-] Deleting neutron.port object s_rally_40a2ebf2_TzOoncLE (1cd856e0-7c33-49c6-b478-0d303edeaa08)
2019-07-05 01:42:26.190 22131 RALLYDEBUG rally_openstack.cleanup.manager [-] Deleting neutron.port object s_rally_40a2ebf2_ToozztBq (1db37b86-83d5-456b-b5e9-73a7786584cc)
2019-07-05 01:42:26.191 22131 RALLYDEBUG rally_openstack.cleanup.manager [-] Deleting neutron.port object s_rally_40a2ebf2_zzRLZpnn (1dd65be5-86f1-4775-96ef-7a4e9b3905b0)
2019-07-05 01:42:26.250 22131 RALLYDEBUG rally_openstack.cleanup.manager [-] Deleting neutron.port object s_rally_40a2ebf2_g5xsanYg (1e226090-ca1b-4f11-ba22-0f03248e1425)
2019-07-05 01:42:26.354 22131 RALLYDEBUG rally_openstack.cleanup.manager [-] Deleting neutron.port object s_rally_40a2ebf2_lWeg9UGf (1e7fe621-6545-4284-941f-69d917249fb0)
2019-07-05 01:42:26.387 22131 RALLYDEBUG rally_openstack.cleanup.manager [-] Deleting neutron.port object s_rally_40a2ebf2_qHSj73eo (1e874853-79f5-4b35-b47e-d17af368ecab)
2019-07-05 01:42:26.568 22131 RALLYDEBUG rally_openstack.cleanup.manager [-] Deleting neutron.port object s_rally_40a2ebf2_oX1WlU5z (1ea6a919-0aa9-45f7-92c3-335dcf2f602f)
2019-07-05 01:42:26.606 22131 RALLYDEBUG rally_openstack.cleanup.manager [-] Deleting neutron.port object s_rally_40a2ebf2_khweT9AC (1f1198d2-c688-4e0e-8cbe-91956b8eb625)
2019-07-05 01:42:26.647 22131 RALLYDEBUG rally_openstack.cleanup.manager [-] Deleting neutron.port object s_rally_40a2ebf2_WxYpH3HR (1f30223d-2d13-4fb7-9174-0949e77803b5)
2019-07-05 01:42:26.659 22131 RALLYDEBUG rally_openstack.cleanup.manager [-] Deleting neutron.port object s_rally_40a2ebf2_wNJLJkwc (1ff752bf-14d8-4847-b88c-5042995a4642)
2019-07-05 01:42:26.867 22131 RALLYDEBUG rally_openstack.cleanup.manager [-] Deleting neutron.port object s_rally_40a2ebf2_vZh2Rre4 (1fff359a-ddff-469b-8a84-377a003d7d1c)
2019-07-05 01:42:26.898 22131 RALLYDEBUG rally_openstack.cleanup.manager [-] Deleting neutron.port object s_rally_40a2ebf2_NFrTFOTN (2036a6da-0492-4a2b-bf25-1e6eae7f7d2c)
2019-07-05 01:42:26.977 22131 RALLYDEBUG rally_openstack.cleanup.manager [-] Deleting neutron.port object s_rally_40a2ebf2_FmNvYOYb (20d93d6f-0021-49c2-af67-b0aea2064f04)
2019-07-05 01:42:27.015 22131 RALLYDEBUG rally_openstack.cleanup.manager [-] Deleting neutron.port object s_rally_40a2ebf2_t65XXpj9 (20f5d0ff-5ffd-4746-b66c-9f424fba2aee)
2019-07-05 01:42:27.084 22131 RALLYDEBUG rally_openstack.cleanup.manager [-] Deleting neutron.port object s_rally_40a2ebf2_gv2qVBKu (21658ea3-343f-4c83-9557-82e48218bdcc)
2019-07-05 01:42:27.167 22131 RALLYDEBUG rally_openstack.cleanup.manager [-] Deleting neutron.port object s_rally_40a2ebf2_kFmsgEvQ (21f7128b-ae64-4328-8b4d-954787cae452)
2019-07-05 01:42:27.643 22131 RALLYDEBUG rally_openstack.cleanup.manager [-] Deleting neutron.port object s_rally_40a2ebf2_00BDmUtb (2370379f-04bc-4a32-9c46-37b5ce2f9ae8)
2019-07-05 01:42:27.773 22131 RALLYDEBUG rally_openstack.cleanup.manager [-] Deleting neutron.port object s_rally_40a2ebf2_GDGiVLJZ (2402a70f-160e-4c1d-b33b-b6bac4a201f9)
2019-07-05 01:42:27.865 22131 RALLYDEBUG rally_openstack.cleanup.manager [-] Deleting neutron.port object s_rally_40a2ebf2_4PegX2Fc (24246e43-3520-425a-9376-ce88c36fbe6d)
2019-07-05 01:42:28.270 22131 RALLYDEBUG rally_openstack.cleanup.manager [-] Deleting neutron.port object s_rally_40a2ebf2_ieinxxv4 (2521504e-ca5f-466a-b654-43b6561bf6d9)
2019-07-05 01:42:28.337 22131 RALLYDEBUG rally_openstack.cleanup.manager [-] Deleting neutron.port object s_rally_40a2ebf2_nTHDTGe4 (252732de-4242-445b-b880-1bce662325e2)
2019-07-05 01:42:28.357 22131 RALLYDEBUG rally_openstack.cleanup.manager [-] Deleting neutron.port object s_rally_40a2ebf2_e1Inqp2k (26129ba7-ed5c-48f6-87cd-98183f37c6b7)
2019-07-05 01:42:28.410 22131 RALLYDEBUG rally_openstack.cleanup.manager [-] Deleting neutron.port object s_rally_40a2ebf2_z5HjpksC (264ee68f-3b08-4aad-b3d2-49dbe38d7424)
2019-07-05 01:42:28.538 22131 RALLYDEBUG rally_openstack.cleanup.manager [-] Deleting neutron.port object s_rally_40a2ebf2_I3kfzfbI (268925a0-280f-4db5-b6b2-07c622dec827)
2019-07-05 01:42:28.602 22131 RALLYDEBUG rally_openstack.cleanup.manager [-] Deleting neutron.port object s_rally_40a2ebf2_jC0g5roD (26d72f01-5f24-46e2-967e-1f2ed7a12c29)
2019-07-05 01:42:28.610 22131 RALLYDEBUG rally_openstack.cleanup.manager [-] Deleting neutron.port object s_rally_40a2ebf2_jiEuZ5Jt (27fc58dc-1616-4483-9017-ce0b7ef0780f)
2019-07-05 01:42:28.757 22131 RALLYDEBUG rally_openstack.cleanup.manager [-] Deleting neutron.port object s_rally_40a2ebf2_pSYBWGKP (280ac56b-596a-4079-a6e0-2038deb4141a)
2019-07-05 01:42:28.767 22131 RALLYDEBUG rally_openstack.cleanup.manager [-] Deleting neutron.port object s_rally_40a2ebf2_4QjQvA3Q (280d0c73-6371-4729-8928-e92ed0751435)
2019-07-05 01:42:28.955 22131 RALLYDEBUG rally_openstack.cleanup.manager [-] Deleting neutron.port object s_rally_40a2ebf2_XO8pnh1W (28445b0d-d839-49a0-abc4-a42d5d9d0542)
2019-07-05 01:42:29.020 22131 RALLYDEBUG rally_openstack.cleanup.manager [-] Deleting neutron.port object s_rally_40a2ebf2_E6ca9kW0 (295a41ad-da64-4051-b20a-7c130f3f5bba)
2019-07-05 01:42:29.118 22131 RALLYDEBUG rally_openstack.cleanup.manager [-] Deleting neutron.port object s_rally_40a2ebf2_nmBLBQ25 (29c47946-114b-4205-9fad-54d603d65806)
2019-07-05 01:42:29.130 22131 RALLYDEBUG rally_openstack.cleanup.manager [-] Deleting neutron.port object s_rally_40a2ebf2_7QcMTir3 (29e4a918-5232-4392-9ec9-16aab39e05da)
2019-07-05 01:42:29.364 22131 RALLYDEBUG rally_openstack.cleanup.manager [-] Deleting neutron.port object s_rally_40a2ebf2_TWjsco4X (2a1d38b7-bb69-4225-8f71-b361bf18feb1)
2019-07-05 01:42:29.549 22131 RALLYDEBUG rally_openstack.cleanup.manager [-] Deleting neutron.port object s_rally_40a2ebf2_slQ5ppVO (2abe10fd-75a3-4c5e-ae09-e21c09ecee29)
2019-07-05 01:42:29.665 22131 RALLYDEBUG rally_openstack.cleanup.manager [-] Deleting neutron.port object s_rally_40a2ebf2_rVqWzkMz (2af8be62-1bca-4d25-80e9-9007d6cc486d)
2019-07-05 01:42:29.667 22131 RALLYDEBUG rally_openstack.cleanup.manager [-] Deleting neutron.port object s_rally_40a2ebf2_qsSiTgg8 (2bc3363b-ff8a-462f-b67c-76aa3bc26982)
2019-07-05 01:42:29.714 22131 RALLYDEBUG rally_openstack.cleanup.manager [-] Deleting neutron.port object s_rally_40a2ebf2_MOJMUvjz (2c159018-3e9e-4731-babf-f431c822f8dc)
2019-07-05 01:42:29.771 22131 RALLYDEBUG rally_openstack.cleanup.manager [-] Deleting neutron.port object s_rally_40a2ebf2_vjNmr7oJ (2c4d72ba-7dbd-4879-9ca6-4efc5b786fed)
2019-07-05 01:42:29.879 22131 RALLYDEBUG rally_openstack.cleanup.manager [-] Deleting neutron.port object s_rally_40a2ebf2_ZwGIyx8q (2c890557-4818-4c01-9527-d65d0e976ad6)
2019-07-05 01:42:30.272 22131 RALLYDEBUG rally_openstack.cleanup.manager [-] Deleting neutron.port object s_rally_40a2ebf2_ddShhtVG (2ceb5aa3-4beb-4a9e-82c5-a31d5aab655c)
2019-07-05 01:42:30.523 22131 RALLYDEBUG rally_openstack.cleanup.manager [-] Deleting neutron.port object s_rally_40a2ebf2_9r7JTAbY (2d13d74a-10d2-41ce-be4d-56edcab5b728)
2019-07-05 01:42:30.523 22131 RALLYDEBUG rally_openstack.cleanup.manager [-] Deleting neutron.port object s_rally_40a2ebf2_CCVoJnff (2d92a913-56c1-4c71-bff7-3a1c340cee3b)
2019-07-05 01:42:30.683 22131 RALLYDEBUG rally_openstack.cleanup.manager [-] Deleting neutron.port object s_rally_40a2ebf2_BEmS3zni (2e51c8c0-6efb-4c39-be83-4e144a59065e)
2019-07-05 01:42:30.709 22131 RALLYDEBUG rally_openstack.cleanup.manager [-] Deleting neutron.port object s_rally_40a2ebf2_97QNcJUw (2e608702-2873-42d3-b8cf-9a52834f3102)
2019-07-05 01:42:30.725 22131 RALLYDEBUG rally_openstack.cleanup.manager [-] Deleting neutron.port object s_rally_40a2ebf2_iEPKgQef (2ea1051e-ebf8-41f6-9988-5020ebe86105)
2019-07-05 01:42:30.748 22131 RALLYDEBUG rally_openstack.cleanup.manager [-] Deleting neutron.port object s_rally_40a2ebf2_6fltb4dT (2faa9333-0c84-4fd8-9b38-dbae6a459833)
2019-07-05 01:42:30.944 22131 RALLYDEBUG rally_openstack.cleanup.manager [-] Deleting neutron.port object s_rally_40a2ebf2_qxLouAQm (2fdf1d63-aea1-489d-9190-c09dfcc025e4)
2019-07-05 01:42:31.007 22131 RALLYDEBUG rally_openstack.cleanup.manager [-] Deleting neutron.port object s_rally_40a2ebf2_rlvnQF5u (2fe41037-8a39-4029-9dab-766877a822c5)
2019-07-05 01:42:31.401 22131 RALLYDEBUG rally_openstack.cleanup.manager [-] Deleting neutron.port object s_rally_40a2ebf2_t56xn44L (3014463e-8546-4691-9bd3-dd5b24d907e3)
2019-07-05 01:42:31.415 22131 RALLYDEBUG rally_openstack.cleanup.manager [-] Deleting neutron.port object s_rally_40a2ebf2_jQ3sFDuK (301b07a9-0b6a-42a9-8d77-f0225489fdc4)
2019-07-05 01:42:31.537 22131 RALLYDEBUG rally_openstack.cleanup.manager [-] Deleting neutron.port object s_rally_40a2ebf2_6lt9tVN7 (301e7822-e00d-477b-b42d-2d34398308be)
2019-07-05 01:42:31.571 22131 RALLYDEBUG rally_openstack.cleanup.manager [-] Deleting neutron.port object s_rally_40a2ebf2_BvER6lyw (30296c9e-545a-4d81-ab1f-5774ea53514f)
2019-07-05 01:42:31.579 22131 RALLYDEBUG rally_openstack.cleanup.manager [-] Deleting neutron.port object s_rally_40a2ebf2_9ay3l1iu (30ae141f-098e-453e-8e09-d930d71e77ac)
2019-07-05 01:42:31.715 22131 RALLYDEBUG rally_openstack.cleanup.manager [-] Deleting neutron.port object s_rally_40a2ebf2_x8uZ2jPy (32486408-d44e-4081-969a-43947581c373)
2019-07-05 01:42:31.748 22131 RALLYDEBUG rally_openstack.cleanup.manager [-] Deleting neutron.port object s_rally_40a2ebf2_dVBpBHKF (32a04c6c-24c5-4c0b-8d04-d8a584f06f4b)
