2019-07-05 01:37:58.460 22131 RALLYDEBUG rally_openstack.cleanup.manager [-] Deleting neutron.port object s_rally_7dba49c5_0N6M0dB8 (da47df85-c2c3-41c1-a248-9a4c76bdaec0)
2019-07-05 01:37:58.677 22131 RALLYDEBUG rally_openstack.cleanup.manager [-] Deleting neutron.port object s_rally_7dba49c5_Av1G6rBh (dabfd4ad-7011-4878-8076-b41d3a666447)
2019-07-05 01:37:58.692 22131 RALLYDEBUG rally_openstack.cleanup.manager [-] Deleting neutron.port object s_rally_7dba49c5_PrIvk8Hx (daf9125f-dbaf-4ed4-adf5-2a54a6806bf1)
2019-07-05 01:37:58.739 22131 RALLYDEBUG rally_openstack.cleanup.manager [-] Deleting neutron.port object s_rally_7dba49c5_XivbXEar (db131fda-7947-419b-bdd2-014da0d662ea)
2019-07-05 01:37:59.040 22131 RALLYDEBUG rally_openstack.cleanup.manager [-] Deleting neutron.port object s_rally_7dba49c5_fCsWzeK4 (db42a534-6941-4f14-ab91-38c9470650d8)
2019-07-05 01:37:59.320 22131 RALLYDEBUG rally_openstack.cleanup.manager [-] Deleting neutron.port object s_rally_7dba49c5_PWZgDrm7 (db82937b-0d54-44e2-8f95-4502071bfb28)
2019-07-05 01:37:59.345 22131 RALLYDEBUG rally_openstack.cleanup.manager [-] Deleting neutron.port object s_rally_7dba49c5_XgVMaqdR (dba772e3-a674-4575-bcac-08776a6804bf)
2019-07-05 01:37:59.375 22131 RALLYDEBUG rally_openstack.cleanup.manager [-] Deleting neutron.port object s_rally_7dba49c5_BOpCcnzY (dcb4903d-c1f8-4849-a8c1-5e1389922a37)
2019-07-05 01:37:59.448 22131 RALLYDEBUG rally_openstack.cleanup.manager [-] Deleting neutron.port object s_rally_7dba49c5_WybBN4iP (dcfe1a79-19a6-42c5-a962-1f57a8bdac57)
2019-07-05 01:37:59.469 22131 RALLYDEBUG rally_openstack.cleanup.manager [-] Deleting neutron.port object s_rally_7dba49c5_01PZyyCY (dd07be0e-e7fc-4caf-af5c-b98e67b1c9f7)
2019-07-05 01:37:59.658 22131 RALLYDEBUG rally_openstack.cleanup.manager [-] Deleting neutron.port object s_rally_7dba49c5_jGWSkB4J (ddda2036-27b5-41c4-b182-5c3fe4e758fa)
2019-07-05 01:37:59.958 22131 RALLYDEBUG rally_openstack.cleanup.manager [-] Deleting neutron.port object s_rally_7dba49c5_wMCMavs7 (de3ae02e-0ba7-458d-bd11-e47579d05137)
2019-07-05 01:37:59.968 22131 RALLYDEBUG rally_openstack.cleanup.manager [-] Deleting neutron.port object s_rally_7dba49c5_r72D5ox5 (de47d0bc-e5f0-404f-ad0b-15467e343afc)
2019-07-05 01:37:59.985 22131 RALLYDEBUG rally_openstack.cleanup.manager [-] Deleting neutron.port object s_rally_7dba49c5_bUIKHKU2 (df619d7c-7a0a-4925-9778-598af4aa23a0)
2019-07-05 01:37:59.998 22131 RALLYDEBUG rally_openstack.cleanup.manager [-] Deleting neutron.port object s_rally_7dba49c5_Ar3FmO6w (dfb9882b-c047-445d-8319-d68ffbde2d71)
2019-07-05 01:38:00.051 22131 RALLYDEBUG rally_openstack.cleanup.manager [-] Deleting neutron.port object s_rally_7dba49c5_DyxVGyB0 (dfcb2c9c-2b8f-414c-b667-a75a4f3558de)
2019-07-05 01:38:00.112 22131 RALLYDEBUG rally_openstack.cleanup.manager [-] Deleting neutron.port object s_rally_7dba49c5_Hsg9VhIV (e1076f95-b84b-4a2f-9222-3921217f71ed)
2019-07-05 01:38:00.154 22131 RALLYDEBUG rally_openstack.cleanup.manager [-] Deleting neutron.port object s_rally_7dba49c5_jViFLpA3 (e1749b55-d05b-4487-9710-70390fe95dfd)
2019-07-05 01:38:00.451 22131 RALLYDEBUG rally_openstack.cleanup.manager [-] Deleting neutron.port object s_rally_7dba49c5_ogXwVUqd (e188d3dc-b149-44b7-8b95-30ecb5a62df2)
2019-07-05 01:38:00.628 22131 RALLYDEBUG rally_openstack.cleanup.manager [-] Deleting neutron.port object s_rally_7dba49c5_KudISphP (e1924012-9a28-4f18-b3e9-79f969ea5dfa)
2019-07-05 01:38:00.636 22131 RALLYDEBUG rally_openstack.cleanup.manager [-] Deleting neutron.port object s_rally_7dba49c5_xEp9geIM (e27fda6a-ca67-478d-8d9f-8caf52b90f66)
2019-07-05 01:38:00.806 22131 RALLYDEBUG rally_openstack.cleanup.manager [-] Deleting neutron.port object s_rally_7dba49c5_WboXA8vx (e2de2912-df0f-47c5-92b0-2077471c1a1a)
2019-07-05 01:38:00.820 22131 RALLYDEBUG rally_openstack.cleanup.manager [-] Deleting neutron.port object s_rally_7dba49c5_RwojB8wA (e5f0b7e1-0b27-4add-aeb2-9907db8a16fb)
2019-07-05 01:38:00.847 22131 RALLYDEBUG rally_openstack.cleanup.manager [-] Deleting neutron.port object s_rally_7dba49c5_7TTxuA3f (e771beb3-053e-4091-81ac-558a5302572a)
2019-07-05 01:38:00.966 22131 RALLYDEBUG rally_openstack.cleanup.manager [-] Deleting neutron.port object s_rally_7dba49c5_jXuvHFzd (e80699ad-5620-47a8-9815-a9ede5a9f53c)
2019-07-05 01:38:01.166 22131 RALLYDEBUG rally_openstack.cleanup.manager [-] Deleting neutron.port object s_rally_7dba49c5_FPhCweKd (e93c0829-61c8-44e3-acb8-99b997947c25)
2019-07-05 01:38:01.205 22131 RALLYDEBUG rally_openstack.cleanup.manager [-] Deleting neutron.port object s_rally_7dba49c5_wbtCA3HI (e9de08b9-cb48-41d2-bf60-77b39f9412a5)
2019-07-05 01:38:01.226 22131 RALLYDEBUG rally_openstack.cleanup.manager [-] Deleting neutron.port object s_rally_7dba49c5_sRdeo0ky (ea023968-596a-49db-aefc-585364c2f07e)
2019-07-05 01:38:01.483 22131 RALLYDEBUG rally_openstack.cleanup.manager [-] Deleting neutron.port object s_rally_7dba49c5_hxVEaYYu (ea1bbefb-0836-4fc0-977b-1c7b5acac6b0)
2019-07-05 01:38:01.562 22131 RALLYDEBUG rally_openstack.cleanup.manager [-] Deleting neutron.port object s_rally_7dba49c5_eXm6wL5d (ebbfd82c-e9f4-4440-a5c9-4c2e1647efe5)
2019-07-05 01:38:01.776 22131 RALLYDEBUG rally_openstack.cleanup.manager [-] Deleting neutron.port object s_rally_7dba49c5_8kFmqdbt (ec6f6b6c-af77-49db-bbc1-25799a87d2ad)
2019-07-05 01:38:01.815 22131 RALLYDEBUG rally_openstack.cleanup.manager [-] Deleting neutron.port object s_rally_7dba49c5_JOVWHKza (ecdb0cf3-1297-4fcd-9f38-26cf764679d1)
2019-07-05 01:38:01.930 22131 RALLYDEBUG rally_openstack.cleanup.manager [-] Deleting neutron.port object s_rally_7dba49c5_7p55vjNZ (ecf561a2-ba87-405d-8ca1-9660ae12ab44)
2019-07-05 01:38:01.949 22131 RALLYDEBUG rally_openstack.cleanup.manager [-] Deleting neutron.port object s_rally_7dba49c5_LQLZwwsl (ed2b2721-6a04-410e-bb6b-75dd9ee117e2)
2019-07-05 01:38:01.964 22131 RALLYDEBUG rally_openstack.cleanup.manager [-] Deleting neutron.port object s_rally_7dba49c5_0IiDzqfx (ed34d5c2-9afd-4b10-bada-6871084462b1)
2019-07-05 01:38:02.128 22131 RALLYDEBUG rally_openstack.cleanup.manager [-] Deleting neutron.port object s_rally_7dba49c5_gJEhIyxp (edd118d8-693c-4896-9ee0-2513f0dc125e)
2019-07-05 01:38:02.186 22131 RALLYDEBUG rally_openstack.cleanup.manager [-] Deleting neutron.port object s_rally_7dba49c5_niquyRWN (edf33fb2-a0ec-4263-a90c-cd81dd6b80f6)
2019-07-05 01:38:02.302 22131 RALLYDEBUG rally_openstack.cleanup.manager [-] Deleting neutron.port object s_rally_7dba49c5_raoTDKSo (efddb2ad-1741-4256-abc7-eb555566061b)
2019-07-05 01:38:02.420 22131 RALLYDEBUG rally_openstack.cleanup.manager [-] Deleting neutron.port object s_rally_7dba49c5_i3UUp6cR (f03179ac-8ed6-4813-8ab4-d9dbc8a1cb51)
2019-07-05 01:38:02.679 22131 RALLYDEBUG rally_openstack.cleanup.manager [-] Deleting neutron.port object s_rally_7dba49c5_4uvhRpsR (f03f604e-a33d-4d0b-b3bb-dca87f251a50)
2019-07-05 01:38:02.694 22131 RALLYDEBUG rally_openstack.cleanup.manager [-] Deleting neutron.port object s_rally_7dba49c5_yboIqgSe (f1c702f2-7cb6-4b04-84fa-a36316e95945)
2019-07-05 01:38:02.800 22131 RALLYDEBUG rally_openstack.cleanup.manager [-] Deleting neutron.port object s_rally_7dba49c5_FFxG8QOb (f282704a-d8bb-493d-bf65-d089d5ebfed5)
2019-07-05 01:38:03.007 22131 RALLYDEBUG rally_openstack.cleanup.manager [-] Deleting neutron.port object s_rally_7dba49c5_N8WuWY0b (f2a64e9f-c90d-4824-a6ab-634ca60b206a)
2019-07-05 01:38:03.042 22131 RALLYDEBUG rally_openstack.cleanup.manager [-] Deleting neutron.port object s_rally_7dba49c5_b73MeiP1 (f362e48b-ff0d-475e-ad8c-376b014ad934)
2019-07-05 01:38:03.122 22131 RALLYDEBUG rally_openstack.cleanup.manager [-] Deleting neutron.port object s_rally_7dba49c5_g0xXVKtw (f3c8872b-ddec-4b21-be9e-422c4f96f80e)
2019-07-05 01:38:03.215 22131 RALLYDEBUG rally_openstack.cleanup.manager [-] Deleting neutron.port object s_rally_7dba49c5_6MXbRV5B (f642693f-181e-4e0d-add7-db952c579fb6)
2019-07-05 01:38:03.303 22131 RALLYDEBUG rally_openstack.cleanup.manager [-] Deleting neutron.port object s_rally_7dba49c5_iA9rTrOv (f6dcf71f-8263-4150-b98e-8de636f7c0af)
2019-07-05 01:38:03.439 22131 RALLYDEBUG rally_openstack.cleanup.manager [-] Deleting neutron.port object s_rally_7dba49c5_o83sXkb8 (f79e250b-f71a-4ec9-86b1-89af937d611a)
2019-07-05 01:38:03.655 22131 RALLYDEBUG rally_openstack.cleanup.manager [-] Deleting neutron.port object s_rally_7dba49c5_LazDKPYi (f7d6925c-b678-4609-a108-d61e750a0485)
2019-07-05 01:38:03.701 22131 RALLYDEBUG rally_openstack.cleanup.manager [-] Deleting neutron.port object s_rally_7dba49c5_jjABb7Ss (f9d0caf6-f538-48a4-b8c2-f09db63fc483)
2019-07-05 01:38:03.704 22131 RALLYDEBUG rally_openstack.cleanup.manager [-] Deleting neutron.port object s_rally_7dba49c5_Ly2zyRFc (f9f1750f-f3d4-4e68-8cbb-ee7e424bbc0a)
2019-07-05 01:38:03.767 22131 RALLYDEBUG rally_openstack.cleanup.manager [-] Deleting neutron.port object s_rally_7dba49c5_6UUn7b37 (fa851f75-a473-44ca-8b28-c505691f0f5a)
2019-07-05 01:38:03.855 22131 RALLYDEBUG rally_openstack.cleanup.manager [-] Deleting neutron.port object s_rally_7dba49c5_KxVzBASp (fb8897fe-5fcc-416c-ae76-81707e542527)
2019-07-05 01:38:03.864 22131 RALLYDEBUG rally_openstack.cleanup.manager [-] Deleting neutron.port object s_rally_7dba49c5_6wKGwSwb (fbbffa46-cd97-4a7a-ab75-2e89170db310)
2019-07-05 01:38:03.925 22131 RALLYDEBUG rally_openstack.cleanup.manager [-] Deleting neutron.port object s_rally_7dba49c5_jEJVLjTU (fc3b58e2-5c10-4fe7-89c3-0c67c90970f1)
2019-07-05 01:38:04.059 22131 RALLYDEBUG rally_openstack.cleanup.manager [-] Deleting neutron.port object s_rally_7dba49c5_vzkHlIUu (fd0fc0e3-95cd-439a-8d79-f3f7c625ef27)
2019-07-05 01:38:04.090 22131 RALLYDEBUG rally_openstack.cleanup.manager [-] Deleting neutron.port object s_rally_7dba49c5_yxsAXzTn (fd5a53aa-736c-4c04-bae9-91862b66a357)
2019-07-05 01:38:04.434 22131 RALLYDEBUG rally_openstack.cleanup.manager [-] Deleting neutron.port object s_rally_7dba49c5_FJDZH5Kl (fd9c28b8-89e1-405b-900f-383be33a44ba)
2019-07-05 01:38:04.482 22131 RALLYDEBUG rally_openstack.cleanup.manager [-] Deleting neutron.port object s_rally_7dba49c5_guBJGt5G (ffd83912-a46c-4df3-bd70-6816c0146e03)
2019-07-05 01:38:04.524 22131 RALLYDEBUG rally_openstack.cleanup.manager [-] Deleting neutron.port object s_rally_7dba49c5_aqxrYabh (ffeb723d-568c-4dd3-9c37-24c74b2ccdc1)
2019-07-05 01:38:06.338 22131 RALLYDEBUG rally_openstack.cleanup.manager [-] Cleaning up neutron subnet objects
2019-07-05 01:38:06.770 22131 RALLYDEBUG rally_openstack.cleanup.manager [-] Cleaning up neutron network objects
2019-07-05 01:38:07.261 22131 RALLYDEBUG rally_openstack.cleanup.manager [-] Deleting neutron.network object s_rally_7dba49c5_B5GKV0qW (2eab08bb-1aaa-4dc9-a321-796e92ba1cde)
2019-07-05 01:38:07.265 22131 RALLYDEBUG rally_openstack.cleanup.manager [-] Deleting neutron.network object s_rally_7dba49c5_LTWWH3vp (49510f00-cdce-48cf-a3fd-0562d1959f9d)
2019-07-05 01:38:07.278 22131 RALLYDEBUG rally_openstack.cleanup.manager [-] Deleting neutron.network object s_rally_7dba49c5_IL1iTrRO (6a0aadff-b0fb-4fa2-bcca-02154d60a15a)
2019-07-05 01:38:07.288 22131 RALLYDEBUG rally_openstack.cleanup.manager [-] Deleting neutron.network object s_rally_7dba49c5_1dC1IZe2 (a6e97abc-b9dc-4753-9f41-3a86572833a8)
2019-07-05 01:38:07.289 22131 RALLYDEBUG rally_openstack.cleanup.manager [-] Deleting neutron.network object s_rally_7dba49c5_ReCm60c5 (b02dd247-84fb-4249-96e6-e42e5e740d8b)
2019-07-05 01:38:07.301 22131 RALLYDEBUG rally_openstack.cleanup.manager [-] Deleting neutron.network object s_rally_7dba49c5_9aGEiZiB (c77440fe-76c8-44a5-a204-29587e49ee83)
2019-07-05 01:38:07.305 22131 RALLYDEBUG rally_openstack.cleanup.manager [-] Deleting neutron.network object s_rally_7dba49c5_QSpuzn5t (f1261f54-1a4f-49aa-b330-0af061b54e96)
2019-07-05 01:38:07.316 22131 RALLYDEBUG rally_openstack.cleanup.manager [-] Deleting neutron.network object s_rally_7dba49c5_RwXzOJ21 (ee0000d8-57fe-4760-a435-1c1798ac755c)
2019-07-05 01:38:10.057 22131 RALLYDEBUG rally_openstack.cleanup.manager [-] Cleaning up neutron router objects
2019-07-05 01:38:10.502 22131 RALLYDEBUG rally_openstack.cleanup.manager [-] Cleaning up neutron security_group objects
2019-07-05 01:38:10.933 22131 INFO rally.task.context [-] Task 9a3a3055-e326-43dc-a2ee-51393ff1a6e6 | Context cleanup@openstack cleanup() finished in 51.54 sec
2019-07-05 01:38:10.933 22131 INFO rally.task.context [-] Task 9a3a3055-e326-43dc-a2ee-51393ff1a6e6 | Context quotas@openstack cleanup() started
2019-07-05 01:38:11.016 22131 INFO rally.task.context [-] Task 9a3a3055-e326-43dc-a2ee-51393ff1a6e6 | Context quotas@openstack cleanup() finished in 82.51 msec
2019-07-05 01:38:11.016 22131 INFO rally.task.context [-] Task 9a3a3055-e326-43dc-a2ee-51393ff1a6e6 | Context users@openstack cleanup() started
2019-07-05 01:38:13.728 22131 INFO rally.task.context [-] Task 9a3a3055-e326-43dc-a2ee-51393ff1a6e6 | Context users@openstack cleanup() finished in 2.71 sec
2019-07-05 01:38:14.386 22131 INFO rally.task.engine [-] Load duration is: 56.573668
2019-07-05 01:38:14.386 22131 INFO rally.task.engine [-] Full runner duration is: 56.625601
2019-07-05 01:38:14.387 22131 INFO rally.task.engine [-] Full duration is: 113.893224
2019-07-05 01:38:14.660 22131 INFO rally.task.engine [-] Running workload: position = 1 config = { "version": 2, "title": "A cropped version of a bigger task.", "description": "Auto-generated task from a single workload (uuid=5e480976-1508-45f7-838e-532d552253ea)", "subtasks": [ { "title": "NeutronNetworks.create_and_update_ports", "description": "Create and update a given number of ports.", "scenario": { "NeutronNetworks.create_and_update_ports": { "network_create_args": {}, "port_create_args": {}, "ports_per_network": 5, "port_update_args": { "admin_state_up": false, "device_id": "dummy_id", "device_owner": "dummy_owner", "name": "_port_updated" } } }, "contexts": { "users": { "tenants": 1, "users_per_tenant": 1 }, "quotas": { "neutron": { "network": -1, "port": -1 } } }, "runner": { "constant": { "times": 40, "concurrency": 20 } }, "hooks": [], "sla": { "failure_rate": { "max": 0 } } } ] }
2019-07-05 01:38:14.687 22131 RALLYDEBUG rally_openstack.contexts.keystone.users [-] Creating 1 tenants using 20 threads
2019-07-05 01:38:15.651 22131 RALLYDEBUG rally_openstack.contexts.keystone.users [-] Creating 1 users using 20 threads
2019-07-05 01:38:17.085 22131 INFO rally.task.context [-] Task 9a3a3055-e326-43dc-a2ee-51393ff1a6e6 | Context users@openstack setup() finished in 2.40 sec
2019-07-05 01:38:17.581 22131 INFO rally.task.context [-] Task 9a3a3055-e326-43dc-a2ee-51393ff1a6e6 | Context quotas@openstack setup() finished in 0.50 sec
2019-07-05 01:38:17.582 22131 INFO rally.task.context [-] Task 9a3a3055-e326-43dc-a2ee-51393ff1a6e6 | Context cleanup@openstack setup() finished in 0.01 msec
2019-07-05 01:38:17.591 22131 RALLYDEBUG rally.task.runner [-] Starting the constant runner (task UUID: 9a3a3055-e326-43dc-a2ee-51393ff1a6e6). timeout: 0 concurrency: 20 concurrency_per_worker: 1 times: 40 concurrency_overhead: 4 processes_to_start: 16 max_cpu_used: 16
2019-07-05 01:38:17.606 26007 RALLYDEBUG rally.task.runner [-] Starting a worker. concurrency: 2 args: {"network_create_args": {}, "port_create_args": {}, "ports_per_network": 5, "port_update_args": {"admin_state_up": false, "device_id": "dummy_id", "device_owner": "dummy_owner", "name": "_port_updated"}} times: 40 method_name: run timeout: 0 duration: None cls:
2019-07-05 01:38:17.609 26008 RALLYDEBUG rally.task.runner [-] Starting a worker. concurrency: 2 args: {"network_create_args": {}, "port_create_args": {}, "ports_per_network": 5, "port_update_args": {"admin_state_up": false, "device_id": "dummy_id", "device_owner": "dummy_owner", "name": "_port_updated"}} times: 40 method_name: run timeout: 0 duration: None cls:
2019-07-05 01:38:17.612 26009 RALLYDEBUG rally.task.runner [-] Starting a worker. concurrency: 2 args: {"network_create_args": {}, "port_create_args": {}, "ports_per_network": 5, "port_update_args": {"admin_state_up": false, "device_id": "dummy_id", "device_owner": "dummy_owner", "name": "_port_updated"}} times: 40 method_name: run timeout: 0 duration: None cls:
2019-07-05 01:38:17.615 26010 RALLYDEBUG rally.task.runner [-] Starting a worker. concurrency: 2 args: {"network_create_args": {}, "port_create_args": {}, "ports_per_network": 5, "port_update_args": {"admin_state_up": false, "device_id": "dummy_id", "device_owner": "dummy_owner", "name": "_port_updated"}} times: 40 method_name: run timeout: 0 duration: None cls:
2019-07-05 01:38:17.619 26011 RALLYDEBUG rally.task.runner [-] Starting a worker. concurrency: 1 args: {"network_create_args": {}, "port_create_args": {}, "ports_per_network": 5, "port_update_args": {"admin_state_up": false, "device_id": "dummy_id", "device_owner": "dummy_owner", "name": "_port_updated"}} times: 40 method_name: run timeout: 0 duration: None cls:
2019-07-05 01:38:17.618 26007 INFO rally.task.runner [-] Task 9a3a3055-e326-43dc-a2ee-51393ff1a6e6 | ITER: 1 START
2019-07-05 01:38:17.620 26008 INFO rally.task.runner [-] Task 9a3a3055-e326-43dc-a2ee-51393ff1a6e6 | ITER: 2 START
2019-07-05 01:38:17.622 26008 WARNING rally_openstack.scenarios.neutron.utils [-] Running this scenario without either the 'network' or 'existing_network' context is deprecated
2019-07-05 01:38:17.620 26007 INFO rally.task.runner [-] Task 9a3a3055-e326-43dc-a2ee-51393ff1a6e6 | ITER: 3 START
2019-07-05 01:38:17.622 26007 WARNING rally_openstack.scenarios.neutron.utils [-] Running this scenario without either the 'network' or 'existing_network' context is deprecated
2019-07-05 01:38:17.623 26007 WARNING rally_openstack.scenarios.neutron.utils [-] Running this scenario without either the 'network' or 'existing_network' context is deprecated
2019-07-05 01:38:17.623 26009 INFO rally.task.runner [-] Task 9a3a3055-e326-43dc-a2ee-51393ff1a6e6 | ITER: 4 START
2019-07-05 01:38:17.625 26015 RALLYDEBUG rally.task.runner [-] Starting a worker. concurrency: 1 args: {"network_create_args": {}, "port_create_args": {}, "ports_per_network": 5, "port_update_args": {"admin_state_up": false, "device_id": "dummy_id", "device_owner": "dummy_owner", "name": "_port_updated"}} times: 40 method_name: run timeout: 0 duration: None cls:
2019-07-05 01:38:17.625 26019 RALLYDEBUG rally.task.runner [-] Starting a worker. concurrency: 1 args: {"network_create_args": {}, "port_create_args": {}, "ports_per_network": 5, "port_update_args": {"admin_state_up": false, "device_id": "dummy_id", "device_owner": "dummy_owner", "name": "_port_updated"}} times: 40 method_name: run timeout: 0 duration: None cls:
2019-07-05 01:38:17.627 26011 INFO rally.task.runner [-] Task 9a3a3055-e326-43dc-a2ee-51393ff1a6e6 | ITER: 8 START
2019-07-05 01:38:17.625 26009 INFO rally.task.runner [-] Task 9a3a3055-e326-43dc-a2ee-51393ff1a6e6 | ITER: 7 START
2019-07-05 01:38:17.628 26011 WARNING rally_openstack.scenarios.neutron.utils [-] Running this scenario without either the 'network' or 'existing_network' context is deprecated
2019-07-05 01:38:17.628 26010 INFO rally.task.runner [-] Task 9a3a3055-e326-43dc-a2ee-51393ff1a6e6 | ITER: 6 START
2019-07-05 01:38:17.628 26009 WARNING rally_openstack.scenarios.neutron.utils [-] Running this scenario without either the 'network' or 'existing_network' context is deprecated
2019-07-05 01:38:17.630 26024 RALLYDEBUG rally.task.runner [-] Starting a worker. concurrency: 1 args: {"network_create_args": {}, "port_create_args": {}, "ports_per_network": 5, "port_update_args": {"admin_state_up": false, "device_id": "dummy_id", "device_owner": "dummy_owner", "name": "_port_updated"}} times: 40 method_name: run timeout: 0 duration: None cls:
2019-07-05 01:38:17.629 26009 WARNING rally_openstack.scenarios.neutron.utils [-] Running this scenario without either the 'network' or 'existing_network' context is deprecated
2019-07-05 01:38:17.629 26010 INFO rally.task.runner [-] Task 9a3a3055-e326-43dc-a2ee-51393ff1a6e6 | ITER: 9 START
2019-07-05 01:38:17.632 26010 WARNING rally_openstack.scenarios.neutron.utils [-] Running this scenario without either the 'network' or 'existing_network' context is deprecated
2019-07-05 01:38:17.632 26008 INFO rally.task.runner [-] Task 9a3a3055-e326-43dc-a2ee-51393ff1a6e6 | ITER: 5 START
2019-07-05 01:38:17.632 26019 INFO rally.task.runner [-] Task 9a3a3055-e326-43dc-a2ee-51393ff1a6e6 | ITER: 11 START
2019-07-05 01:38:17.631 26010 WARNING rally_openstack.scenarios.neutron.utils [-] Running this scenario without either the 'network' or 'existing_network' context is deprecated
2019-07-05 01:38:17.633 26008 WARNING rally_openstack.scenarios.neutron.utils [-] Running this scenario without either the 'network' or 'existing_network' context is deprecated
2019-07-05 01:38:17.634 26019 WARNING rally_openstack.scenarios.neutron.utils [-] Running this scenario without either the 'network' or 'existing_network' context is deprecated
2019-07-05 01:38:17.633 26028 RALLYDEBUG rally.task.runner [-] Starting a worker. concurrency: 1 args: {"network_create_args": {}, "port_create_args": {}, "ports_per_network": 5, "port_update_args": {"admin_state_up": false, "device_id": "dummy_id", "device_owner": "dummy_owner", "name": "_port_updated"}} times: 40 method_name: run timeout: 0 duration: None cls:
2019-07-05 01:38:17.635 26015 INFO rally.task.runner [-] Task 9a3a3055-e326-43dc-a2ee-51393ff1a6e6 | ITER: 10 START
2019-07-05 01:38:17.637 26015 WARNING rally_openstack.scenarios.neutron.utils [-] Running this scenario without either the 'network' or 'existing_network' context is deprecated
2019-07-05 01:38:17.638 26030 RALLYDEBUG rally.task.runner [-] Starting a worker. concurrency: 1 args: {"network_create_args": {}, "port_create_args": {}, "ports_per_network": 5, "port_update_args": {"admin_state_up": false, "device_id": "dummy_id", "device_owner": "dummy_owner", "name": "_port_updated"}} times: 40 method_name: run timeout: 0 duration: None cls:
2019-07-05 01:38:17.642 26028 INFO rally.task.runner [-] Task 9a3a3055-e326-43dc-a2ee-51393ff1a6e6 | ITER: 13 START
2019-07-05 01:38:17.643 26034 RALLYDEBUG rally.task.runner [-] Starting a worker. concurrency: 1 args: {"network_create_args": {}, "port_create_args": {}, "ports_per_network": 5, "port_update_args": {"admin_state_up": false, "device_id": "dummy_id", "device_owner": "dummy_owner", "name": "_port_updated"}} times: 40 method_name: run timeout: 0 duration: None cls:
2019-07-05 01:38:17.644 26028 WARNING rally_openstack.scenarios.neutron.utils [-] Running this scenario without either the 'network' or 'existing_network' context is deprecated
2019-07-05 01:38:17.645 26024 INFO rally.task.runner [-] Task 9a3a3055-e326-43dc-a2ee-51393ff1a6e6 | ITER: 12 START
2019-07-05 01:38:17.644 26038 RALLYDEBUG rally.task.runner [-] Starting a worker. concurrency: 1 args: {"network_create_args": {}, "port_create_args": {}, "ports_per_network": 5, "port_update_args": {"admin_state_up": false, "device_id": "dummy_id", "device_owner": "dummy_owner", "name": "_port_updated"}} times: 40 method_name: run timeout: 0 duration: None cls:
2019-07-05 01:38:17.647 26024 WARNING rally_openstack.scenarios.neutron.utils [-] Running this scenario without either the 'network' or 'existing_network' context is deprecated
2019-07-05 01:38:17.647 26030 INFO rally.task.runner [-] Task 9a3a3055-e326-43dc-a2ee-51393ff1a6e6 | ITER: 14 START
2019-07-05 01:38:17.649 26030 WARNING rally_openstack.scenarios.neutron.utils [-] Running this scenario without either the 'network' or 'existing_network' context is deprecated
2019-07-05 01:38:17.651 26038 INFO rally.task.runner [-] Task 9a3a3055-e326-43dc-a2ee-51393ff1a6e6 | ITER: 16 START
2019-07-05 01:38:17.651 26034 INFO rally.task.runner [-] Task 9a3a3055-e326-43dc-a2ee-51393ff1a6e6 | ITER: 15 START
2019-07-05 01:38:17.653 26038 WARNING rally_openstack.scenarios.neutron.utils [-] Running this scenario without either the 'network' or 'existing_network' context is deprecated
2019-07-05 01:38:17.653 26034 WARNING rally_openstack.scenarios.neutron.utils [-] Running this scenario without either the 'network' or 'existing_network' context is deprecated
2019-07-05 01:38:17.655 26041 RALLYDEBUG rally.task.runner [-] Starting a worker. concurrency: 1 args: {"network_create_args": {}, "port_create_args": {}, "ports_per_network": 5, "port_update_args": {"admin_state_up": false, "device_id": "dummy_id", "device_owner": "dummy_owner", "name": "_port_updated"}} times: 40 method_name: run timeout: 0 duration: None cls:
2019-07-05 01:38:17.661 26048 RALLYDEBUG rally.task.runner [-] Starting a worker. concurrency: 1 args: {"network_create_args": {}, "port_create_args": {}, "ports_per_network": 5, "port_update_args": {"admin_state_up": false, "device_id": "dummy_id", "device_owner": "dummy_owner", "name": "_port_updated"}} times: 40 method_name: run timeout: 0 duration: None cls:
2019-07-05 01:38:17.663 26041 INFO rally.task.runner [-] Task 9a3a3055-e326-43dc-a2ee-51393ff1a6e6 | ITER: 17 START
2019-07-05 01:38:17.664 26041 WARNING rally_openstack.scenarios.neutron.utils [-] Running this scenario without either the 'network' or 'existing_network' context is deprecated
2019-07-05 01:38:17.667 26048 INFO rally.task.runner [-] Task 9a3a3055-e326-43dc-a2ee-51393ff1a6e6 | ITER: 18 START
2019-07-05 01:38:17.669 26048 WARNING rally_openstack.scenarios.neutron.utils [-] Running this scenario without either the 'network' or 'existing_network' context is deprecated
2019-07-05 01:38:17.670 26051 RALLYDEBUG rally.task.runner [-] Starting a worker. concurrency: 1 args: {"network_create_args": {}, "port_create_args": {}, "ports_per_network": 5, "port_update_args": {"admin_state_up": false, "device_id": "dummy_id", "device_owner": "dummy_owner", "name": "_port_updated"}} times: 40 method_name: run timeout: 0 duration: None cls:
2019-07-05 01:38:17.677 26051 INFO rally.task.runner [-] Task 9a3a3055-e326-43dc-a2ee-51393ff1a6e6 | ITER: 19 START
2019-07-05 01:38:17.679 26051 WARNING rally_openstack.scenarios.neutron.utils [-] Running this scenario without either the 'network' or 'existing_network' context is deprecated
2019-07-05 01:38:17.683 26054 RALLYDEBUG rally.task.runner [-] Starting a worker. concurrency: 1 args: {"network_create_args": {}, "port_create_args": {}, "ports_per_network": 5, "port_update_args": {"admin_state_up": false, "device_id": "dummy_id", "device_owner": "dummy_owner", "name": "_port_updated"}} times: 40 method_name: run timeout: 0 duration: None cls:
2019-07-05 01:38:17.689 26054 INFO rally.task.runner [-] Task 9a3a3055-e326-43dc-a2ee-51393ff1a6e6 | ITER: 20 START
2019-07-05 01:38:17.691 26054 WARNING rally_openstack.scenarios.neutron.utils [-] Running this scenario without either the 'network' or 'existing_network' context is deprecated
2019-07-05 01:38:25.671 26010 INFO rally.task.runner [-] Task 9a3a3055-e326-43dc-a2ee-51393ff1a6e6 | ITER: 6 END: OK
2019-07-05 01:38:25.677 26010 INFO rally.task.runner [-] Task 9a3a3055-e326-43dc-a2ee-51393ff1a6e6 | ITER: 21 START
2019-07-05 01:38:25.677 26010 WARNING rally_openstack.scenarios.neutron.utils [-] Running this scenario without either the 'network' or 'existing_network' context is deprecated
2019-07-05 01:38:26.224 26054 INFO rally.task.runner [-] Task 9a3a3055-e326-43dc-a2ee-51393ff1a6e6 | ITER: 20 END: OK
2019-07-05 01:38:26.230 26054 INFO rally.task.runner [-] Task 9a3a3055-e326-43dc-a2ee-51393ff1a6e6 | ITER: 22 START
2019-07-05 01:38:26.231 26054 WARNING rally_openstack.scenarios.neutron.utils [-] Running this scenario without either the 'network' or 'existing_network' context is deprecated
2019-07-05 01:38:26.748 26010 INFO rally.task.runner [-] Task 9a3a3055-e326-43dc-a2ee-51393ff1a6e6 | ITER: 9 END: OK
2019-07-05 01:38:26.753 26010 INFO rally.task.runner [-] Task 9a3a3055-e326-43dc-a2ee-51393ff1a6e6 | ITER: 23 START
2019-07-05 01:38:26.754 26010 WARNING rally_openstack.scenarios.neutron.utils [-] Running this scenario without either the 'network' or 'existing_network' context is deprecated
2019-07-05 01:38:26.775 26038 INFO rally.task.runner [-] Task 9a3a3055-e326-43dc-a2ee-51393ff1a6e6 | ITER: 16 END: OK
2019-07-05 01:38:26.781 26038 INFO rally.task.runner [-] Task 9a3a3055-e326-43dc-a2ee-51393ff1a6e6 | ITER: 24 START
2019-07-05 01:38:26.781 26038 WARNING rally_openstack.scenarios.neutron.utils [-] Running this scenario without either the 'network' or 'existing_network' context is deprecated
2019-07-05 01:38:27.189 26024 INFO rally.task.runner [-] Task 9a3a3055-e326-43dc-a2ee-51393ff1a6e6 | ITER: 12 END: OK
2019-07-05 01:38:27.194 26024 INFO rally.task.runner [-] Task 9a3a3055-e326-43dc-a2ee-51393ff1a6e6 | ITER: 25 START
2019-07-05 01:38:27.195 26024 WARNING rally_openstack.scenarios.neutron.utils [-] Running this scenario without either the 'network' or 'existing_network' context is deprecated
2019-07-05 01:38:27.323 26028 INFO rally.task.runner [-] Task 9a3a3055-e326-43dc-a2ee-51393ff1a6e6 | ITER: 13 END: OK
2019-07-05 01:38:27.327 26028 INFO rally.task.runner [-] Task 9a3a3055-e326-43dc-a2ee-51393ff1a6e6 | ITER: 26 START
2019-07-05 01:38:27.328 26028 WARNING rally_openstack.scenarios.neutron.utils [-] Running this scenario without either the 'network' or 'existing_network' context is deprecated
2019-07-05 01:38:27.347 26008 INFO rally.task.runner [-] Task 9a3a3055-e326-43dc-a2ee-51393ff1a6e6 | ITER: 5 END: OK
2019-07-05 01:38:27.351 26008 INFO rally.task.runner [-] Task 9a3a3055-e326-43dc-a2ee-51393ff1a6e6 | ITER: 27 START
2019-07-05 01:38:27.352 26008 WARNING rally_openstack.scenarios.neutron.utils [-] Running this scenario without either the 'network' or 'existing_network' context is deprecated
2019-07-05 01:38:27.501 26008 INFO rally.task.runner [-] Task 9a3a3055-e326-43dc-a2ee-51393ff1a6e6 | ITER: 2 END: OK
2019-07-05 01:38:27.504 26008 INFO rally.task.runner [-] Task 9a3a3055-e326-43dc-a2ee-51393ff1a6e6 | ITER: 28 START
2019-07-05 01:38:27.504 26008 WARNING rally_openstack.scenarios.neutron.utils [-] Running this scenario without either the 'network' or 'existing_network' context is deprecated
2019-07-05 01:38:27.988 26009 INFO rally.task.runner [-] Task 9a3a3055-e326-43dc-a2ee-51393ff1a6e6 | ITER: 7 END: OK
2019-07-05 01:38:27.993 26009 INFO rally.task.runner [-] Task 9a3a3055-e326-43dc-a2ee-51393ff1a6e6 | ITER: 29 START
2019-07-05 01:38:27.993 26009 WARNING rally_openstack.scenarios.neutron.utils [-] Running this scenario without either the 'network' or 'existing_network' context is deprecated
2019-07-05 01:38:28.485 26007 INFO rally.task.runner [-] Task 9a3a3055-e326-43dc-a2ee-51393ff1a6e6 | ITER: 3 END: OK
2019-07-05 01:38:28.492 26007 INFO rally.task.runner [-] Task 9a3a3055-e326-43dc-a2ee-51393ff1a6e6 | ITER: 30 START
2019-07-05 01:38:28.493 26007 WARNING rally_openstack.scenarios.neutron.utils [-] Running this scenario without either the 'network' or 'existing_network' context is deprecated
2019-07-05 01:38:29.137 26011 INFO rally.task.runner [-] Task 9a3a3055-e326-43dc-a2ee-51393ff1a6e6 | ITER: 8 END: OK
2019-07-05 01:38:29.141 26011 INFO rally.task.runner [-] Task 9a3a3055-e326-43dc-a2ee-51393ff1a6e6 | ITER: 31 START
2019-07-05 01:38:29.142 26011 WARNING rally_openstack.scenarios.neutron.utils [-] Running this scenario without either the 'network' or 'existing_network' context is deprecated
2019-07-05 01:38:29.216 26019 INFO rally.task.runner [-] Task 9a3a3055-e326-43dc-a2ee-51393ff1a6e6 | ITER: 11 END: OK
2019-07-05 01:38:29.220 26019 INFO rally.task.runner [-] Task 9a3a3055-e326-43dc-a2ee-51393ff1a6e6 | ITER: 32 START
2019-07-05 01:38:29.221 26019 WARNING rally_openstack.scenarios.neutron.utils [-] Running this scenario without either the 'network' or 'existing_network' context is deprecated
2019-07-05 01:38:29.289 26048 INFO rally.task.runner [-] Task 9a3a3055-e326-43dc-a2ee-51393ff1a6e6 | ITER: 18 END: OK
2019-07-05 01:38:29.295 26048 INFO rally.task.runner [-] Task 9a3a3055-e326-43dc-a2ee-51393ff1a6e6 | ITER: 33 START
2019-07-05 01:38:29.296 26048 WARNING rally_openstack.scenarios.neutron.utils [-] Running this scenario without either the 'network' or 'existing_network' context is deprecated
2019-07-05 01:38:30.337 26041 INFO rally.task.runner [-] Task 9a3a3055-e326-43dc-a2ee-51393ff1a6e6 | ITER: 17 END: OK
2019-07-05 01:38:30.343 26041 INFO rally.task.runner [-] Task 9a3a3055-e326-43dc-a2ee-51393ff1a6e6 | ITER: 34 START
2019-07-05 01:38:30.344 26041 WARNING rally_openstack.scenarios.neutron.utils [-] Running this scenario without either the 'network' or 'existing_network' context is deprecated
2019-07-05 01:38:30.548 26034 INFO rally.task.runner [-] Task 9a3a3055-e326-43dc-a2ee-51393ff1a6e6 | ITER: 15 END: OK
2019-07-05 01:38:30.553 26034 INFO rally.task.runner [-] Task 9a3a3055-e326-43dc-a2ee-51393ff1a6e6 | ITER: 35 START
2019-07-05 01:38:30.553 26034 WARNING rally_openstack.scenarios.neutron.utils [-] Running this scenario without either the 'network' or 'existing_network' context is deprecated
2019-07-05 01:38:30.664 26007 INFO rally.task.runner [-] Task 9a3a3055-e326-43dc-a2ee-51393ff1a6e6 | ITER: 1 END: OK
2019-07-05 01:38:30.668 26007 INFO rally.task.runner [-] Task 9a3a3055-e326-43dc-a2ee-51393ff1a6e6 | ITER: 36 START
2019-07-05 01:38:30.669 26007 WARNING rally_openstack.scenarios.neutron.utils [-] Running this scenario without either the 'network' or 'existing_network' context is deprecated
2019-07-05 01:38:31.009 26009 INFO rally.task.runner [-] Task 9a3a3055-e326-43dc-a2ee-51393ff1a6e6 | ITER: 4 END: OK
2019-07-05 01:38:31.013 26009 INFO rally.task.runner [-] Task 9a3a3055-e326-43dc-a2ee-51393ff1a6e6 | ITER: 37 START
2019-07-05 01:38:31.014 26009 WARNING rally_openstack.scenarios.neutron.utils [-] Running this scenario without either the 'network' or 'existing_network' context is deprecated
2019-07-05 01:38:31.181 26015 INFO rally.task.runner [-] Task 9a3a3055-e326-43dc-a2ee-51393ff1a6e6 | ITER: 10 END: OK
2019-07-05 01:38:31.186 26015 INFO rally.task.runner [-] Task 9a3a3055-e326-43dc-a2ee-51393ff1a6e6 | ITER: 38 START
2019-07-05 01:38:31.187 26015 WARNING rally_openstack.scenarios.neutron.utils [-] Running this scenario without either the 'network' or 'existing_network' context is deprecated
2019-07-05 01:38:32.768 26024 INFO rally.task.runner [-] Task 9a3a3055-e326-43dc-a2ee-51393ff1a6e6 | ITER: 25 END: OK
2019-07-05 01:38:32.773 26024 INFO rally.task.runner [-] Task 9a3a3055-e326-43dc-a2ee-51393ff1a6e6 | ITER: 39 START
2019-07-05 01:38:32.774 26024 WARNING rally_openstack.scenarios.neutron.utils [-] Running this scenario without either the 'network' or 'existing_network' context is deprecated
2019-07-05 01:38:33.083 26051 INFO rally.task.runner [-] Task 9a3a3055-e326-43dc-a2ee-51393ff1a6e6 | ITER: 19 END: OK
2019-07-05 01:38:33.088 26051 INFO rally.task.runner [-] Task 9a3a3055-e326-43dc-a2ee-51393ff1a6e6 | ITER: 40 START
2019-07-05 01:38:33.089 26051 WARNING rally_openstack.scenarios.neutron.utils [-] Running this scenario without either the 'network' or 'existing_network' context is deprecated
2019-07-05 01:38:33.873 26054 INFO rally.task.runner [-] Task 9a3a3055-e326-43dc-a2ee-51393ff1a6e6 | ITER: 22 END: OK
2019-07-05 01:38:34.030 26030 INFO rally.task.runner [-] Task 9a3a3055-e326-43dc-a2ee-51393ff1a6e6 | ITER: 14 END: OK
2019-07-05 01:38:36.810 26007 INFO rally.task.runner [-] Task 9a3a3055-e326-43dc-a2ee-51393ff1a6e6 | ITER: 30 END: OK
2019-07-05 01:38:36.990 26019 INFO rally.task.runner [-] Task 9a3a3055-e326-43dc-a2ee-51393ff1a6e6 | ITER: 32 END: OK
2019-07-05 01:38:37.339 26008 INFO rally.task.runner [-] Task 9a3a3055-e326-43dc-a2ee-51393ff1a6e6 | ITER: 28 END: OK
2019-07-05 01:38:37.431 26007 INFO rally.task.runner [-] Task 9a3a3055-e326-43dc-a2ee-51393ff1a6e6 | ITER: 36 END: OK
2019-07-05 01:38:38.284 26011 INFO rally.task.runner [-] Task 9a3a3055-e326-43dc-a2ee-51393ff1a6e6 | ITER: 31 END: OK
2019-07-05 01:38:38.504 26009 INFO rally.task.runner [-] Task 9a3a3055-e326-43dc-a2ee-51393ff1a6e6 | ITER: 37 END: OK
2019-07-05 01:38:38.559 26010 INFO rally.task.runner [-] Task 9a3a3055-e326-43dc-a2ee-51393ff1a6e6 | ITER: 21 END: OK
2019-07-05 01:38:38.607 26038 INFO rally.task.runner [-] Task 9a3a3055-e326-43dc-a2ee-51393ff1a6e6 | ITER: 24 END: OK
2019-07-05 01:38:38.948 26028 INFO rally.task.runner [-] Task 9a3a3055-e326-43dc-a2ee-51393ff1a6e6 | ITER: 26 END: OK
2019-07-05 01:38:39.016 26008 INFO rally.task.runner [-] Task 9a3a3055-e326-43dc-a2ee-51393ff1a6e6 | ITER: 27 END: OK
2019-07-05 01:38:39.379 26034 INFO rally.task.runner [-] Task 9a3a3055-e326-43dc-a2ee-51393ff1a6e6 | ITER: 35 END: OK
2019-07-05 01:38:39.440 26015 INFO rally.task.runner [-] Task 9a3a3055-e326-43dc-a2ee-51393ff1a6e6 | ITER: 38 END: OK
2019-07-05 01:38:39.463 26048 INFO rally.task.runner [-] Task 9a3a3055-e326-43dc-a2ee-51393ff1a6e6 | ITER: 33 END: OK
2019-07-05 01:38:39.638 26010 INFO rally.task.runner [-] Task 9a3a3055-e326-43dc-a2ee-51393ff1a6e6 | ITER: 23 END: OK
2019-07-05 01:38:39.725 26041 INFO rally.task.runner [-] Task 9a3a3055-e326-43dc-a2ee-51393ff1a6e6 | ITER: 34 END: OK
2019-07-05 01:38:39.735 26051 INFO rally.task.runner [-] Task 9a3a3055-e326-43dc-a2ee-51393ff1a6e6 | ITER: 40 END: OK
2019-07-05 01:38:40.179 26009 INFO rally.task.runner [-] Task 9a3a3055-e326-43dc-a2ee-51393ff1a6e6 | ITER: 29 END: OK
2019-07-05 01:38:40.643 26024 INFO rally.task.runner [-] Task 9a3a3055-e326-43dc-a2ee-51393ff1a6e6 | ITER: 39 END: OK
2019-07-05 01:38:40.679 22131 INFO rally.task.context [-] Task 9a3a3055-e326-43dc-a2ee-51393ff1a6e6 | Context cleanup@openstack cleanup() started
2019-07-05 01:38:40.682 22131 RALLYDEBUG rally_openstack.cleanup.manager [-] Cleaning up neutron vip objects
2019-07-05 01:38:41.086 22131 RALLYDEBUG rally_openstack.cleanup.manager [-] Cleaning up neutron health_monitor objects
2019-07-05 01:38:41.501 22131 RALLYDEBUG rally_openstack.cleanup.manager [-] Cleaning up neutron pool objects
2019-07-05 01:38:41.889 22131 RALLYDEBUG rally_openstack.cleanup.manager [-] Cleaning up neutron loadbalancer objects
2019-07-05 01:38:42.287 22131 RALLYDEBUG rally_openstack.cleanup.manager [-] Cleaning up neutron floatingip objects
2019-07-05 01:38:42.721 22131 RALLYDEBUG rally_openstack.cleanup.manager [-] Cleaning up neutron port objects
2019-07-05 01:38:43.853 22131 RALLYDEBUG rally_openstack.cleanup.manager [-] Deleting neutron.port object s_rally_5e480976_2DIv1q5u (08f80a8c-7f47-4fab-881c-f3b33453260b)
2019-07-05 01:38:43.855 22131 RALLYDEBUG rally_openstack.cleanup.manager [-] Deleting neutron.port object s_rally_5e480976_eV32nJEU (0c22b4ed-5c6f-478f-8fa3-2a21f85491b4)
2019-07-05 01:38:43.858 22131 RALLYDEBUG rally_openstack.cleanup.manager [-] Deleting neutron.port object s_rally_5e480976_eAn0Agk8 (189c0df2-5663-4a96-8f46-2aa51b0385a8)
2019-07-05 01:38:43.861 22131 RALLYDEBUG rally_openstack.cleanup.manager [-] Deleting neutron.port object s_rally_5e480976_ph6THUSW (01462852-95a8-400a-9bb2-f9fdd2c87fc9)
2019-07-05 01:38:43.862 22131 RALLYDEBUG rally_openstack.cleanup.manager [-] Deleting neutron.port object s_rally_5e480976_g1pYXLIE (0a9fbdb2-7bde-4bdc-9db0-4f66b780b0d6)
2019-07-05 01:38:43.862 22131 RALLYDEBUG rally_openstack.cleanup.manager [-] Deleting neutron.port object s_rally_5e480976_OtrjwUAP (0045d164-92f2-4746-aed4-ee45ba44ba46)
2019-07-05 01:38:43.866 22131 RALLYDEBUG rally_openstack.cleanup.manager [-] Deleting neutron.port object s_rally_5e480976_hlyPOQvc (15f92649-baa7-48c8-a50d-8cfc12953834)
2019-07-05 01:38:43.870 22131 RALLYDEBUG rally_openstack.cleanup.manager [-] Deleting neutron.port object s_rally_5e480976_ZhzxBjmx (0cd9236f-b429-4dc1-8f03-1d8797a958a0)
2019-07-05 01:38:43.874 22131 RALLYDEBUG rally_openstack.cleanup.manager [-] Deleting neutron.port object s_rally_5e480976_IWBqzN0m (147a7cbf-8d67-463e-a70a-d167c115a63b)
2019-07-05 01:38:43.876 22131 RALLYDEBUG rally_openstack.cleanup.manager [-] Deleting neutron.port object s_rally_5e480976_2RYlBpgV (0918fcea-a548-4a31-bcb8-291cca689939)
2019-07-05 01:38:43.880 22131 RALLYDEBUG rally_openstack.cleanup.manager [-] Deleting neutron.port object s_rally_5e480976_X61tQmOm (0aaabcf7-1262-40c0-b5c4-9a68b72a4758)
2019-07-05 01:38:43.885 22131 RALLYDEBUG rally_openstack.cleanup.manager [-] Deleting neutron.port object s_rally_5e480976_zrMqd2An (0053f8cf-661a-4900-871c-f1c1a6fd6adc)
2019-07-05 01:38:43.892 22131 RALLYDEBUG rally_openstack.cleanup.manager [-] Deleting neutron.port object s_rally_5e480976_VDAFoAGT (0bda32d5-2b61-43b3-b30f-a335f1e8e033)
2019-07-05 01:38:43.894 22131 RALLYDEBUG rally_openstack.cleanup.manager [-] Deleting neutron.port object s_rally_5e480976_SPbGtxQb (0b104386-4420-48a1-a8a0-651f24fe3b08)
2019-07-05 01:38:43.894 22131 RALLYDEBUG rally_openstack.cleanup.manager [-] Deleting neutron.port object s_rally_5e480976_yWUW6ScY (1793bc2b-751c-4cbd-b951-f47084379a60)
2019-07-05 01:38:43.897 22131 RALLYDEBUG rally_openstack.cleanup.manager [-] Deleting neutron.port object s_rally_5e480976_fpy5qqGO (08413201-693d-4d25-9d87-9eb1f19f9601)
2019-07-05 01:38:43.912 22131 RALLYDEBUG rally_openstack.cleanup.manager [-] Deleting neutron.port object s_rally_5e480976_SNNeIYzm (021cc9a8-1d17-4514-8052-3f64b9741b18)
2019-07-05 01:38:43.913 22131 RALLYDEBUG rally_openstack.cleanup.manager [-] Deleting neutron.port object s_rally_5e480976_Yr0nErH9 (183cc1e8-5dcb-4bfe-b9fc-e3c9e3fdeeaf)
2019-07-05 01:38:43.914 22131 RALLYDEBUG rally_openstack.cleanup.manager [-] Deleting neutron.port object s_rally_5e480976_4kTrEnBj (1743643e-a8fb-45d6-9452-b0172b1519db)
2019-07-05 01:38:43.919 22131 RALLYDEBUG rally_openstack.cleanup.manager [-] Deleting neutron.port object s_rally_5e480976_62wWmYcW (0f28c36f-e3d0-47da-bc9f-f0b23a7d235a)
2019-07-05 01:38:45.804 22131 RALLYDEBUG rally_openstack.cleanup.manager [-] Deleting neutron.port object s_rally_5e480976_zZLX2eNP (1a03a201-86de-42e0-852e-9294165c0a55)
2019-07-05 01:38:45.967 22131 RALLYDEBUG rally_openstack.cleanup.manager [-] Deleting neutron.port object s_rally_5e480976_1S9kVExQ (1a67420d-86a3-4ea3-b0b9-40ff7686d57b)
2019-07-05 01:38:46.085 22131 RALLYDEBUG rally_openstack.cleanup.manager [-] Deleting neutron.port object s_rally_5e480976_xzgXnuxz (1b27a37d-ae6c-406b-8859-a1d99921ff97)
2019-07-05 01:38:46.128 22131 RALLYDEBUG rally_openstack.cleanup.manager [-] Deleting neutron.port object s_rally_5e480976_koQKIrsH (1ff9db6f-8aad-4b55-bf1e-4a38804421d0)
2019-07-05 01:38:46.246 22131 RALLYDEBUG rally_openstack.cleanup.manager [-] Deleting neutron.port object s_rally_5e480976_tM0EFS6O (2161ddbf-0924-40d8-978d-81608a47bc75)
2019-07-05 01:38:46.261 22131 RALLYDEBUG rally_openstack.cleanup.manager [-] Deleting neutron.port object s_rally_5e480976_cGvZh9kn (22287522-a7af-497a-a630-9949ae5f6ab6)
2019-07-05 01:38:46.289 22131 RALLYDEBUG rally_openstack.cleanup.manager [-] Deleting neutron.port object s_rally_5e480976_jUbUJYFm (22d4559a-4d80-43c6-a049-0a72ec9df2c2)
2019-07-05 01:38:46.343 22131 RALLYDEBUG rally_openstack.cleanup.manager [-] Deleting neutron.port object s_rally_5e480976_kUchWxh2 (232a987d-ea7c-4e16-b239-c156937a062a)
2019-07-05 01:38:46.397 22131 RALLYDEBUG rally_openstack.cleanup.manager [-] Deleting neutron.port object s_rally_5e480976_WxJwOBT9 (2379a2a3-256d-4d7c-958b-f55b93085759)
2019-07-05 01:38:46.483 22131 RALLYDEBUG rally_openstack.cleanup.manager [-] Deleting neutron.port object s_rally_5e480976_4a4o2cFU (2574a8a3-11c4-49ce-8e74-adb99f881558)
2019-07-05 01:38:46.484 22131 RALLYDEBUG rally_openstack.cleanup.manager [-] Deleting neutron.port object s_rally_5e480976_haDgGYyV (271c5b9b-0fbd-48d3-aed9-e201f88b0534)
2019-07-05 01:38:46.525 22131 RALLYDEBUG rally_openstack.cleanup.manager [-] Deleting neutron.port object s_rally_5e480976_bTyh7AW4 (2b632248-fede-4054-b53d-c4dcf273c0b3)
2019-07-05 01:38:46.538 22131 RALLYDEBUG rally_openstack.cleanup.manager [-] Deleting neutron.port object s_rally_5e480976_OwvrQqHO (2e25a2a8-98a1-4197-a92d-99cf820974e4)
2019-07-05 01:38:46.625 22131 RALLYDEBUG rally_openstack.cleanup.manager [-] Deleting neutron.port object s_rally_5e480976_PMyK8fTp (2ea746a4-aba9-4654-a94d-5bcdff99fecc)
2019-07-05 01:38:46.636 22131 RALLYDEBUG rally_openstack.cleanup.manager [-] Deleting neutron.port object s_rally_5e480976_mJJBeWDq (312f18ec-bde8-4ba0-81fa-1028648251b8)
2019-07-05 01:38:46.649 22131 RALLYDEBUG rally_openstack.cleanup.manager [-] Deleting neutron.port object s_rally_5e480976_Sbdfy0UP (31bf49f6-5d95-4fa2-be54-2170874f44c9)
2019-07-05 01:38:46.684 22131 RALLYDEBUG rally_openstack.cleanup.manager [-] Deleting neutron.port object s_rally_5e480976_wXjHssX2 (31dbac72-4bfd-4e72-a542-e9df043fe83b)
2019-07-05 01:38:46.690 22131 RALLYDEBUG rally_openstack.cleanup.manager [-] Deleting neutron.port object s_rally_5e480976_9riKpcMA (342e7ca4-2575-49a3-acb1-72f23685b8c1)
2019-07-05 01:38:46.714 22131 RALLYDEBUG rally_openstack.cleanup.manager [-] Deleting neutron.port object s_rally_5e480976_xb1rp7yZ (34972019-576b-4963-8dcf-c7e288d756fc)
2019-07-05 01:38:46.732 22131 RALLYDEBUG rally_openstack.cleanup.manager [-] Deleting neutron.port object s_rally_5e480976_TDZMlCOj (359e5674-89b6-434c-875c-2565f85d760a)
2019-07-05 01:38:47.763 22131 RALLYDEBUG rally_openstack.cleanup.manager [-] Deleting neutron.port object s_rally_5e480976_vdBB60en (376838f3-5433-4360-995c-c5cecb6746c4)
2019-07-05 01:38:47.892 22131 RALLYDEBUG rally_openstack.cleanup.manager [-] Deleting neutron.port object s_rally_5e480976_rdVVL2tx (3c13ea14-d630-4252-9d7c-4a19f09ba897)
2019-07-05 01:38:47.899 22131 RALLYDEBUG rally_openstack.cleanup.manager [-] Deleting neutron.port object s_rally_5e480976_2TuQVani (3c7c0fb0-26cf-4df7-9ff3-e7202d504e65)
2019-07-05 01:38:47.949 22131 RALLYDEBUG rally_openstack.cleanup.manager [-] Deleting neutron.port object s_rally_5e480976_nwwmc8ud (3ce82004-ed86-4d00-9c2b-7b2794afc44b)
2019-07-05 01:38:48.361 22131 RALLYDEBUG rally_openstack.cleanup.manager [-] Deleting neutron.port object s_rally_5e480976_fE0SIjE8 (3d4cad26-8cb7-4a96-99d0-4a794b261f1d)
2019-07-05 01:38:48.370 22131 RALLYDEBUG rally_openstack.cleanup.manager [-] Deleting neutron.port object s_rally_5e480976_9SHHEcEf (3f5c1cd3-df7a-45ff-b83f-a3f0c2eb5662)
2019-07-05 01:38:48.382 22131 RALLYDEBUG rally_openstack.cleanup.manager [-] Deleting neutron.port object s_rally_5e480976_DssG06NC (40641122-d4e7-43b9-98dd-868b4c4305fc)
2019-07-05 01:38:48.575 22131 RALLYDEBUG rally_openstack.cleanup.manager [-] Deleting neutron.port object s_rally_5e480976_lDfYGAlu (41199f9e-1068-4a88-bcd7-6ed24a47fe89)
2019-07-05 01:38:48.583 22131 RALLYDEBUG rally_openstack.cleanup.manager [-] Deleting neutron.port object s_rally_5e480976_qZyhTq89 (4160aaa5-d10f-430b-a3e6-08ac6a925162)
2019-07-05 01:38:48.616 22131 RALLYDEBUG rally_openstack.cleanup.manager [-] Deleting neutron.port object s_rally_5e480976_4P4fY2jM (41918e4d-60cf-4b81-8951-324a7144511b)
2019-07-05 01:38:48.626 22131 RALLYDEBUG rally_openstack.cleanup.manager [-] Deleting neutron.port object s_rally_5e480976_yQN7OLmw (42dda8d7-ddc9-401f-aa5f-96dd1f1f6ec9)
2019-07-05 01:38:48.774 22131 RALLYDEBUG rally_openstack.cleanup.manager [-] Deleting neutron.port object s_rally_5e480976_NyUiY3w3 (44a3e0f0-1051-4762-9d4b-451f0cfc2d7e)
2019-07-05 01:38:48.792 22131 RALLYDEBUG rally_openstack.cleanup.manager [-] Deleting neutron.port object s_rally_5e480976_pWmF1VVh (44f8e0c1-1d71-4bee-ad81-9769ec5c2fab)
2019-07-05 01:38:48.823 22131 RALLYDEBUG rally_openstack.cleanup.manager [-] Deleting neutron.port object s_rally_5e480976_RtlHXsAj (46701cfb-adc2-4cd0-9be2-6478bf21771e)
2019-07-05 01:38:48.826 22131 RALLYDEBUG rally_openstack.cleanup.manager [-] Deleting neutron.port object s_rally_5e480976_bOsdr50J (45fbd49f-19f1-4886-914b-51b2f47d0c31)
2019-07-05 01:38:49.020 22131 RALLYDEBUG rally_openstack.cleanup.manager [-] Deleting neutron.port object s_rally_5e480976_bsBGtM8S (47551aa3-b077-4ea1-9faf-4caf8adc5a1d)
2019-07-05 01:38:49.139 22131 RALLYDEBUG rally_openstack.cleanup.manager [-] Deleting neutron.port object s_rally_5e480976_DBmTxTZt (47d9461e-9875-4c8e-a9fb-e06248dfc87d)
2019-07-05 01:38:49.151 22131 RALLYDEBUG rally_openstack.cleanup.manager [-] Deleting neutron.port object s_rally_5e480976_vV46Fg2b (4a027e3f-554e-4818-afa3-a1f223d52f85)
2019-07-05 01:38:49.339 22131 RALLYDEBUG rally_openstack.cleanup.manager [-] Deleting neutron.port object s_rally_5e480976_W9YR8cGI (4a78a961-d408-432c-afcd-dda240222f3d)
2019-07-05 01:38:49.382 22131 RALLYDEBUG rally_openstack.cleanup.manager [-] Deleting neutron.port object s_rally_5e480976_kW0qnGaB (4b7040be-a6c8-4bb5-8be0-0ffbd63a3da8)
2019-07-05 01:38:49.555 22131 RALLYDEBUG rally_openstack.cleanup.manager [-] Deleting neutron.port object s_rally_5e480976_UJDGMzhl (4d65bbd8-92aa-4d08-892b-bc2a79ad10f5)
2019-07-05 01:38:49.661 22131 RALLYDEBUG rally_openstack.cleanup.manager [-] Deleting neutron.port object s_rally_5e480976_utm0T00m (4f24b4d2-36f5-46dd-8a58-2b42972f7d9f)
2019-07-05 01:38:49.700 22131 RALLYDEBUG rally_openstack.cleanup.manager [-] Deleting neutron.port object s_rally_5e480976_JQP2W5Dc (4f9b610e-450e-4979-b93a-734b617b0bc5)
2019-07-05 01:38:49.736 22131 RALLYDEBUG rally_openstack.cleanup.manager [-] Deleting neutron.port object s_rally_5e480976_wVYo7QS5 (5038e1fe-9f47-4e3b-9def-cb9a8dbb57cd)
2019-07-05 01:38:50.173 22131 RALLYDEBUG rally_openstack.cleanup.manager [-] Deleting neutron.port object s_rally_5e480976_8lMpow7y (50de632c-b97a-46ac-a602-0f0fcfd63589)
2019-07-05 01:38:50.240 22131 RALLYDEBUG rally_openstack.cleanup.manager [-] Deleting neutron.port object s_rally_5e480976_98L0Ismx (51ad8911-cb08-4302-a7b1-58f3dd7a6a33)
2019-07-05 01:38:50.437 22131 RALLYDEBUG rally_openstack.cleanup.manager [-] Deleting neutron.port object s_rally_5e480976_DSprnMju (52bf0b5b-2805-4594-a412-28cf4f4b0f6e)
2019-07-05 01:38:50.457 22131 RALLYDEBUG rally_openstack.cleanup.manager [-] Deleting neutron.port object s_rally_5e480976_7J7scG5S (5416e840-8448-4639-961f-9499d972549c)
2019-07-05 01:38:50.486 22131 RALLYDEBUG rally_openstack.cleanup.manager [-] Deleting neutron.port object s_rally_5e480976_bgmys7fs (54e81685-1de5-4f3d-ad0b-d72737f006fa)
