2019-07-05 01:38:50.601 22131 RALLYDEBUG rally_openstack.cleanup.manager [-] Deleting neutron.port object s_rally_5e480976_KVVIQiZ9 (55943a8d-ac59-4d85-8c54-dfe2e7bcb401)
2019-07-05 01:38:50.643 22131 RALLYDEBUG rally_openstack.cleanup.manager [-] Deleting neutron.port object s_rally_5e480976_N4CwWSIQ (58065dee-dd5d-44e0-813e-be48c7249712)
2019-07-05 01:38:50.793 22131 RALLYDEBUG rally_openstack.cleanup.manager [-] Deleting neutron.port object s_rally_5e480976_ufBiOAVx (5865aa8c-5e75-4916-9f21-8d2c6a2fd4c0)
2019-07-05 01:38:50.887 22131 RALLYDEBUG rally_openstack.cleanup.manager [-] Deleting neutron.port object s_rally_5e480976_3ZpIeIMX (58cc7eb4-53b2-4abc-9762-3963bfca259a)
2019-07-05 01:38:50.995 22131 RALLYDEBUG rally_openstack.cleanup.manager [-] Deleting neutron.port object s_rally_5e480976_fYjkbkMF (598f8bd9-5d54-40b8-957d-8e89dec711ba)
2019-07-05 01:38:51.015 22131 RALLYDEBUG rally_openstack.cleanup.manager [-] Deleting neutron.port object s_rally_5e480976_qqsS9TH1 (5bd37788-eb2f-414b-ab28-ae9cb6393015)
2019-07-05 01:38:51.213 22131 RALLYDEBUG rally_openstack.cleanup.manager [-] Deleting neutron.port object s_rally_5e480976_1uWG0bZg (5c158cea-afd1-47c1-aa67-b72731fdc1cf)
2019-07-05 01:38:51.311 22131 RALLYDEBUG rally_openstack.cleanup.manager [-] Deleting neutron.port object s_rally_5e480976_V73EUVCp (5d0af528-9226-4b7c-991e-a186abd81cb8)
2019-07-05 01:38:51.521 22131 RALLYDEBUG rally_openstack.cleanup.manager [-] Deleting neutron.port object s_rally_5e480976_vqimzU6l (5d0f7ff8-a321-4c73-8989-d965fbcdc8dd)
2019-07-05 01:38:51.609 22131 RALLYDEBUG rally_openstack.cleanup.manager [-] Deleting neutron.port object s_rally_5e480976_NWhhHud2 (60d07352-18e1-42e5-9693-e64512b09e59)
2019-07-05 01:38:51.723 22131 RALLYDEBUG rally_openstack.cleanup.manager [-] Deleting neutron.port object s_rally_5e480976_Ye2woEaS (6130db42-d41e-463a-8694-5f0b88c61185)
2019-07-05 01:38:51.886 22131 RALLYDEBUG rally_openstack.cleanup.manager [-] Deleting neutron.port object s_rally_5e480976_kdCYTCV5 (61df747b-70db-49eb-b3d4-1cf41346003f)
2019-07-05 01:38:52.046 22131 RALLYDEBUG rally_openstack.cleanup.manager [-] Deleting neutron.port object s_rally_5e480976_5hcLXRQO (653138f8-8ef8-42e5-a678-9097b3a08b29)
2019-07-05 01:38:52.054 22131 RALLYDEBUG rally_openstack.cleanup.manager [-] Deleting neutron.port object s_rally_5e480976_BJHLaR7n (65ffda13-dc9f-41a1-8c56-b09ead3d0ec2)
2019-07-05 01:38:52.156 22131 RALLYDEBUG rally_openstack.cleanup.manager [-] Deleting neutron.port object s_rally_5e480976_BOcC42wd (67e993cd-eafa-4906-bb12-302e0421b585)
2019-07-05 01:38:52.164 22131 RALLYDEBUG rally_openstack.cleanup.manager [-] Deleting neutron.port object s_rally_5e480976_TkKhmoRb (6b9f1192-7f64-47cc-8ce2-349c57ad0499)
2019-07-05 01:38:52.262 22131 RALLYDEBUG rally_openstack.cleanup.manager [-] Deleting neutron.port object s_rally_5e480976_1WJG7SKn (6cbd2798-e622-4614-8158-ddeef72e6e7b)
2019-07-05 01:38:52.408 22131 RALLYDEBUG rally_openstack.cleanup.manager [-] Deleting neutron.port object s_rally_5e480976_lYV5xv0o (703195cb-dc8e-4ca5-8788-089ce4a3d25a)
2019-07-05 01:38:52.757 22131 RALLYDEBUG rally_openstack.cleanup.manager [-] Deleting neutron.port object s_rally_5e480976_zJFWbsHe (705fcb63-89a5-43f8-a942-2acb8b86dba1)
2019-07-05 01:38:52.856 22131 RALLYDEBUG rally_openstack.cleanup.manager [-] Deleting neutron.port object s_rally_5e480976_CpnrbNTP (73421463-6044-4042-b3ce-ff35a15caa39)
2019-07-05 01:38:52.883 22131 RALLYDEBUG rally_openstack.cleanup.manager [-] Deleting neutron.port object s_rally_5e480976_5ouJZ8fU (7356cff2-b2b7-416f-a133-d539c0a9234e)
2019-07-05 01:38:52.963 22131 RALLYDEBUG rally_openstack.cleanup.manager [-] Deleting neutron.port object s_rally_5e480976_EOwhn5Gn (7369f1f7-cc50-40f0-a732-211c8e363351)
2019-07-05 01:38:53.048 22131 RALLYDEBUG rally_openstack.cleanup.manager [-] Deleting neutron.port object s_rally_5e480976_hnUpgODf (769bab5d-912d-4bda-9dd1-035a6b4bddca)
2019-07-05 01:38:53.139 22131 RALLYDEBUG rally_openstack.cleanup.manager [-] Deleting neutron.port object s_rally_5e480976_Xlhtz6fF (78617d75-5955-4516-90be-3a72909333f8)
2019-07-05 01:38:53.364 22131 RALLYDEBUG rally_openstack.cleanup.manager [-] Deleting neutron.port object s_rally_5e480976_IZW5qykD (789cf233-b014-4a45-8fc1-59c891e275ac)
2019-07-05 01:38:53.458 22131 RALLYDEBUG rally_openstack.cleanup.manager [-] Deleting neutron.port object s_rally_5e480976_D647cHfk (7a007f8d-862a-454f-b1e6-70194a971f0a)
2019-07-05 01:38:53.476 22131 RALLYDEBUG rally_openstack.cleanup.manager [-] Deleting neutron.port object s_rally_5e480976_86HzEqSK (7c1f6db4-e0d1-4bc5-b784-576aa26925bb)
2019-07-05 01:38:53.558 22131 RALLYDEBUG rally_openstack.cleanup.manager [-] Deleting neutron.port object s_rally_5e480976_pCvSS3Y6 (7c2a5fca-f835-4f55-becc-3e41e86d07fa)
2019-07-05 01:38:53.613 22131 RALLYDEBUG rally_openstack.cleanup.manager [-] Deleting neutron.port object s_rally_5e480976_aqwLVnzS (7cf7763d-27a0-4c68-8a4b-53652cf9bb6f)
2019-07-05 01:38:53.739 22131 RALLYDEBUG rally_openstack.cleanup.manager [-] Deleting neutron.port object s_rally_5e480976_SGWOI0XB (7fdc9a9b-3f6e-444d-8bc0-6fec8310f20a)
2019-07-05 01:38:53.804 22131 RALLYDEBUG rally_openstack.cleanup.manager [-] Deleting neutron.port object s_rally_5e480976_9H0eEKKx (7fddd809-2998-4d63-b3f0-44fc4854c3d3)
2019-07-05 01:38:53.918 22131 RALLYDEBUG rally_openstack.cleanup.manager [-] Deleting neutron.port object s_rally_5e480976_wlAAmfLU (8028bc8d-9cd0-4c43-8829-827522dd3fb9)
2019-07-05 01:38:53.981 22131 RALLYDEBUG rally_openstack.cleanup.manager [-] Deleting neutron.port object s_rally_5e480976_PbjMczD1 (810a7815-c55b-4975-aa0e-809144653bb2)
2019-07-05 01:38:53.990 22131 RALLYDEBUG rally_openstack.cleanup.manager [-] Deleting neutron.port object s_rally_5e480976_luG1gAny (815dff73-ddfa-487a-a3df-7c9b5ef2be46)
2019-07-05 01:38:54.124 22131 RALLYDEBUG rally_openstack.cleanup.manager [-] Deleting neutron.port object s_rally_5e480976_7reIdLi7 (83f408ba-db5d-4503-a083-606b53450e90)
2019-07-05 01:38:54.147 22131 RALLYDEBUG rally_openstack.cleanup.manager [-] Deleting neutron.port object s_rally_5e480976_0Zifd2iI (856e7a2e-944e-4143-bc6d-f5f5b7959073)
2019-07-05 01:38:54.179 22131 RALLYDEBUG rally_openstack.cleanup.manager [-] Deleting neutron.port object s_rally_5e480976_VdW8gtao (8830ff61-e18a-4b98-9bee-617b68e25b1a)
2019-07-05 01:38:54.257 22131 RALLYDEBUG rally_openstack.cleanup.manager [-] Deleting neutron.port object s_rally_5e480976_0IgDAoit (88c712f9-1958-4fe1-b049-9256daef792a)
2019-07-05 01:38:54.627 22131 RALLYDEBUG rally_openstack.cleanup.manager [-] Deleting neutron.port object s_rally_5e480976_m85dDEQJ (89181321-faed-473d-b6e9-9d73b6eae7fc)
2019-07-05 01:38:54.922 22131 RALLYDEBUG rally_openstack.cleanup.manager [-] Deleting neutron.port object s_rally_5e480976_DFTIGG9y (8c229126-c48f-4a05-b353-d7a5cf3f16a5)
2019-07-05 01:38:54.947 22131 RALLYDEBUG rally_openstack.cleanup.manager [-] Deleting neutron.port object s_rally_5e480976_1qD6NnQ7 (8dd97112-5407-4fd1-969b-381f43b300e8)
2019-07-05 01:38:55.225 22131 RALLYDEBUG rally_openstack.cleanup.manager [-] Deleting neutron.port object s_rally_5e480976_4fTQPRPm (928f626f-2d86-495b-8064-ac3960a23c0c)
2019-07-05 01:38:55.297 22131 RALLYDEBUG rally_openstack.cleanup.manager [-] Deleting neutron.port object s_rally_5e480976_ku2UwcT9 (9450e928-5b46-4ac8-a58f-30e20bf1d84e)
2019-07-05 01:38:55.314 22131 RALLYDEBUG rally_openstack.cleanup.manager [-] Deleting neutron.port object s_rally_5e480976_Ab2PZOAu (9898598c-944a-4c60-bc9e-f07dbd8c53a2)
2019-07-05 01:38:55.327 22131 RALLYDEBUG rally_openstack.cleanup.manager [-] Deleting neutron.port object s_rally_5e480976_6WMPyyrV (9959a11f-ca88-4332-b906-599ba717a735)
2019-07-05 01:38:55.414 22131 RALLYDEBUG rally_openstack.cleanup.manager [-] Deleting neutron.port object s_rally_5e480976_YS53ue0d (9a10b053-7310-4a23-addb-a7074d1fe9dd)
2019-07-05 01:38:55.457 22131 RALLYDEBUG rally_openstack.cleanup.manager [-] Deleting neutron.port object s_rally_5e480976_MCe3O5Qf (9b561356-e55d-4a49-b0f1-3c8741621cc9)
2019-07-05 01:38:55.463 22131 RALLYDEBUG rally_openstack.cleanup.manager [-] Deleting neutron.port object s_rally_5e480976_fkSsvYrF (9c5c3a6a-68b9-4a5d-ae92-fa70ae719a53)
2019-07-05 01:38:55.576 22131 RALLYDEBUG rally_openstack.cleanup.manager [-] Deleting neutron.port object s_rally_5e480976_seE2E0tZ (9daac1c4-6354-47ae-b085-2873061dd9ad)
2019-07-05 01:38:55.883 22131 RALLYDEBUG rally_openstack.cleanup.manager [-] Deleting neutron.port object s_rally_5e480976_9edya9jh (9e05e5de-e1e1-4f30-8399-5790fa752be8)
2019-07-05 01:38:56.101 22131 RALLYDEBUG rally_openstack.cleanup.manager [-] Deleting neutron.port object s_rally_5e480976_OsqTsuzi (a09626c2-db8a-4627-b708-bf24a1853d43)
2019-07-05 01:38:56.210 22131 RALLYDEBUG rally_openstack.cleanup.manager [-] Deleting neutron.port object s_rally_5e480976_e98vO6JW (a14b4a6c-5abb-4a3d-a932-e561bf242ecc)
2019-07-05 01:38:56.237 22131 RALLYDEBUG rally_openstack.cleanup.manager [-] Deleting neutron.port object s_rally_5e480976_W04uM0NP (a1638082-ea64-423a-817f-9dc603e0f6b0)
2019-07-05 01:38:56.317 22131 RALLYDEBUG rally_openstack.cleanup.manager [-] Deleting neutron.port object s_rally_5e480976_LdlDgFqk (a339ccca-4a5f-40b7-b53e-eed8b88dc983)
2019-07-05 01:38:56.517 22131 RALLYDEBUG rally_openstack.cleanup.manager [-] Deleting neutron.port object s_rally_5e480976_4gTAmN7J (a7b8d82d-e019-4442-92de-57d1314357ce)
2019-07-05 01:38:56.517 22131 RALLYDEBUG rally_openstack.cleanup.manager [-] Deleting neutron.port object s_rally_5e480976_qV3ckLRn (a89dc21e-581f-451f-8053-547cb009fd3c)
2019-07-05 01:38:56.559 22131 RALLYDEBUG rally_openstack.cleanup.manager [-] Deleting neutron.port object s_rally_5e480976_Uqb130Mf (a9e06b37-1126-4913-b2ce-31a5909d887c)
2019-07-05 01:38:56.559 22131 RALLYDEBUG rally_openstack.cleanup.manager [-] Deleting neutron.port object s_rally_5e480976_kWJIATNN (a9412f12-294e-4d14-b44d-5de133cfebc7)
2019-07-05 01:38:56.709 22131 RALLYDEBUG rally_openstack.cleanup.manager [-] Deleting neutron.port object s_rally_5e480976_cfryEaIK (a9e07df5-c3d1-4ee7-ae7b-610cae2812cb)
2019-07-05 01:38:56.967 22131 RALLYDEBUG rally_openstack.cleanup.manager [-] Deleting neutron.port object s_rally_5e480976_xrl12ZzL (aa07dc55-67de-4ed4-bd6b-d349746b0ce4)
2019-07-05 01:38:57.061 22131 RALLYDEBUG rally_openstack.cleanup.manager [-] Deleting neutron.port object s_rally_5e480976_hl1g7IOY (aa843763-4f11-484c-8405-0c3dde777b23)
2019-07-05 01:38:57.138 22131 RALLYDEBUG rally_openstack.cleanup.manager [-] Deleting neutron.port object s_rally_5e480976_xM0ayf99 (abda5c23-967a-41a9-9c40-26c3b9a77e6d)
2019-07-05 01:38:57.166 22131 RALLYDEBUG rally_openstack.cleanup.manager [-] Deleting neutron.port object s_rally_5e480976_ISGC0fFG (abec0848-c52f-4959-8d03-da0805c53a6f)
2019-07-05 01:38:57.275 22131 RALLYDEBUG rally_openstack.cleanup.manager [-] Deleting neutron.port object s_rally_5e480976_QUmIodv5 (abfc7cf2-1bdb-4d35-83e3-c7da9c864ae3)
2019-07-05 01:38:57.412 22131 RALLYDEBUG rally_openstack.cleanup.manager [-] Deleting neutron.port object s_rally_5e480976_C94d9gAt (ac9d806f-cf6a-4dcc-911e-99cd1446ae03)
2019-07-05 01:38:57.413 22131 RALLYDEBUG rally_openstack.cleanup.manager [-] Deleting neutron.port object s_rally_5e480976_qeR61LCB (ae1fd971-94bc-4e49-8aa7-110ee2a07188)
2019-07-05 01:38:57.451 22131 RALLYDEBUG rally_openstack.cleanup.manager [-] Deleting neutron.port object s_rally_5e480976_R0ZBt2Y2 (aefba57c-653d-4040-9479-eaa7d0fb19da)
2019-07-05 01:38:57.477 22131 RALLYDEBUG rally_openstack.cleanup.manager [-] Deleting neutron.port object s_rally_5e480976_jGlxy88y (af2d30b7-dffa-4f94-b0a6-400e46c1cc29)
2019-07-05 01:38:57.524 22131 RALLYDEBUG rally_openstack.cleanup.manager [-] Deleting neutron.port object s_rally_5e480976_ZD2Suu6l (b2c2be9f-7734-4b28-8c5f-0b724ec01444)
2019-07-05 01:38:57.778 22131 RALLYDEBUG rally_openstack.cleanup.manager [-] Deleting neutron.port object s_rally_5e480976_qBVWZIf6 (b4b21ffb-ac47-4b04-b121-613137e3b8f7)
2019-07-05 01:38:57.941 22131 RALLYDEBUG rally_openstack.cleanup.manager [-] Deleting neutron.port object s_rally_5e480976_CSoyp3SM (b7cf6eff-1902-4367-ae37-52c164876ee9)
2019-07-05 01:38:58.066 22131 RALLYDEBUG rally_openstack.cleanup.manager [-] Deleting neutron.port object s_rally_5e480976_Ivbxq8gj (b930d294-9a23-494f-b9a6-e5ea6339ad37)
2019-07-05 01:38:58.073 22131 RALLYDEBUG rally_openstack.cleanup.manager [-] Deleting neutron.port object s_rally_5e480976_MDuw2cvH (bf3709a2-0ea6-4f70-a937-7fc7b885ef25)
2019-07-05 01:38:58.139 22131 RALLYDEBUG rally_openstack.cleanup.manager [-] Deleting neutron.port object s_rally_5e480976_eqzVonfr (bfe35055-ce2a-4c17-b7dc-8ea29adf8551)
2019-07-05 01:38:58.328 22131 RALLYDEBUG rally_openstack.cleanup.manager [-] Deleting neutron.port object s_rally_5e480976_mh5rb7Ac (c2838111-af7d-46bf-bb46-a81a9095d46b)
2019-07-05 01:38:58.501 22131 RALLYDEBUG rally_openstack.cleanup.manager [-] Deleting neutron.port object s_rally_5e480976_pye7OsJ8 (c3fb7bf1-3719-401f-b122-e6e1be36bbac)
2019-07-05 01:38:58.611 22131 RALLYDEBUG rally_openstack.cleanup.manager [-] Deleting neutron.port object s_rally_5e480976_XmMVTj6g (c5f2a1f1-cf6f-4e61-bfad-ddb9bb1676a7)
2019-07-05 01:38:58.823 22131 RALLYDEBUG rally_openstack.cleanup.manager [-] Deleting neutron.port object s_rally_5e480976_IyXxu6cK (c6911990-b80f-4d45-8b17-e4911c4bc301)
2019-07-05 01:38:59.069 22131 RALLYDEBUG rally_openstack.cleanup.manager [-] Deleting neutron.port object s_rally_5e480976_B5WOcuAn (c6ec02ae-bbcb-4cd8-a46e-02bccfc2c686)
2019-07-05 01:38:59.076 22131 RALLYDEBUG rally_openstack.cleanup.manager [-] Deleting neutron.port object s_rally_5e480976_38CXaLbw (c9111840-a516-4354-898d-eb7fdb9d50d7)
2019-07-05 01:38:59.083 22131 RALLYDEBUG rally_openstack.cleanup.manager [-] Deleting neutron.port object s_rally_5e480976_DGrcawJP (ca3e65ce-35a2-4165-95f2-e6a1cf8e106f)
2019-07-05 01:38:59.134 22131 RALLYDEBUG rally_openstack.cleanup.manager [-] Deleting neutron.port object s_rally_5e480976_e5i5bVrY (cad3c984-887e-4adc-a1de-35d32faf01e2)
2019-07-05 01:38:59.249 22131 RALLYDEBUG rally_openstack.cleanup.manager [-] Deleting neutron.port object s_rally_5e480976_sYSOXqoR (cadd7a11-f8e7-4151-8948-53726c309503)
2019-07-05 01:38:59.264 22131 RALLYDEBUG rally_openstack.cleanup.manager [-] Deleting neutron.port object s_rally_5e480976_eMcjqb0c (cb77731c-c3fa-4921-afb9-331728bb4b67)
2019-07-05 01:38:59.354 22131 RALLYDEBUG rally_openstack.cleanup.manager [-] Deleting neutron.port object s_rally_5e480976_quIcE2jC (cbbbac9d-09e9-41b4-9810-75f06e3bea80)
2019-07-05 01:38:59.381 22131 RALLYDEBUG rally_openstack.cleanup.manager [-] Deleting neutron.port object s_rally_5e480976_Ld919Ums (cc1faabc-6402-4ac1-8d35-a609af2dce5c)
2019-07-05 01:38:59.729 22131 RALLYDEBUG rally_openstack.cleanup.manager [-] Deleting neutron.port object s_rally_5e480976_9ot4PDm7 (cd141b76-6e9c-4ab2-b44a-edc1a0b128d3)
2019-07-05 01:38:59.813 22131 RALLYDEBUG rally_openstack.cleanup.manager [-] Deleting neutron.port object s_rally_5e480976_GkqGD7gb (cd9e8db3-247c-4135-a34f-09f065f4b965)
2019-07-05 01:38:59.858 22131 RALLYDEBUG rally_openstack.cleanup.manager [-] Deleting neutron.port object s_rally_5e480976_VL0lvbIV (cdf99ac4-32a4-4c18-b7e7-4a773c91705f)
2019-07-05 01:38:59.891 22131 RALLYDEBUG rally_openstack.cleanup.manager [-] Deleting neutron.port object s_rally_5e480976_tAPPsN5c (cf21f774-4b68-46d7-a5ff-5abe976f9aae)
2019-07-05 01:38:59.979 22131 RALLYDEBUG rally_openstack.cleanup.manager [-] Deleting neutron.port object s_rally_5e480976_C2fM5Vtl (d0a88841-11db-4170-b2ab-6856e40d35c5)
2019-07-05 01:38:59.986 22131 RALLYDEBUG rally_openstack.cleanup.manager [-] Deleting neutron.port object s_rally_5e480976_jkvhHNvY (d11b8cf0-b44b-4e56-b82f-96b17a70e917)
2019-07-05 01:39:00.140 22131 RALLYDEBUG rally_openstack.cleanup.manager [-] Deleting neutron.port object s_rally_5e480976_PXzRE3ne (d1b4df9d-82b7-4aab-a0e8-1dcf9f28bf0a)
2019-07-05 01:39:00.321 22131 RALLYDEBUG rally_openstack.cleanup.manager [-] Deleting neutron.port object s_rally_5e480976_Ab19Q0yc (d32c0783-ef96-4aca-b144-b8ad43bd105e)
2019-07-05 01:39:00.413 22131 RALLYDEBUG rally_openstack.cleanup.manager [-] Deleting neutron.port object s_rally_5e480976_K26oURNm (d412fed4-e148-4240-ba6a-ac1120929234)
2019-07-05 01:39:00.414 22131 RALLYDEBUG rally_openstack.cleanup.manager [-] Deleting neutron.port object s_rally_5e480976_CL6Yl3G0 (d4162443-deda-48f1-8cdb-ed7da4ec56aa)
2019-07-05 01:39:00.463 22131 RALLYDEBUG rally_openstack.cleanup.manager [-] Deleting neutron.port object s_rally_5e480976_6brhfqdM (d479f3a3-76a3-43e1-9596-c0a8ad3bab78)
2019-07-05 01:39:00.666 22131 RALLYDEBUG rally_openstack.cleanup.manager [-] Deleting neutron.port object s_rally_5e480976_SzJS5V8G (d4b99637-ac67-4cce-b756-6f91f6f7fc9d)
2019-07-05 01:39:00.947 22131 RALLYDEBUG rally_openstack.cleanup.manager [-] Deleting neutron.port object s_rally_5e480976_PaTnY0yn (d5f932db-c520-41d9-9b24-0106fa75f9e5)
2019-07-05 01:39:01.017 22131 RALLYDEBUG rally_openstack.cleanup.manager [-] Deleting neutron.port object s_rally_5e480976_ncsBsTkw (d637d444-41ab-47f4-b07b-b2f5fa16e9c7)
2019-07-05 01:39:01.076 22131 RALLYDEBUG rally_openstack.cleanup.manager [-] Deleting neutron.port object s_rally_5e480976_6cmleqX9 (d8ede5f9-892b-4ff6-82a4-a6b3de823015)
2019-07-05 01:39:01.185 22131 RALLYDEBUG rally_openstack.cleanup.manager [-] Deleting neutron.port object s_rally_5e480976_kBxmnMaC (d9200e86-c6b0-41de-b286-a01dca313f11)
2019-07-05 01:39:01.185 22131 RALLYDEBUG rally_openstack.cleanup.manager [-] Deleting neutron.port object s_rally_5e480976_WIzLQjGV (d927f598-0b0e-4e0e-8fd2-cb17d89cca6b)
2019-07-05 01:39:01.247 22131 RALLYDEBUG rally_openstack.cleanup.manager [-] Deleting neutron.port object s_rally_5e480976_PRQWMXD2 (d9a65c06-49ae-4023-9481-ca69eb49a7a9)
2019-07-05 01:39:01.538 22131 RALLYDEBUG rally_openstack.cleanup.manager [-] Deleting neutron.port object s_rally_5e480976_uMJsD8sn (d9f9f0f8-f534-43f6-84af-4974bcad9199)
2019-07-05 01:39:01.562 22131 RALLYDEBUG rally_openstack.cleanup.manager [-] Deleting neutron.port object s_rally_5e480976_tjcF3dvU (dc88c726-4acb-4630-95ae-6157053947c2)
2019-07-05 01:39:01.592 22131 RALLYDEBUG rally_openstack.cleanup.manager [-] Deleting neutron.port object s_rally_5e480976_Afl6S4Af (dda72378-6342-400a-8afe-3254437b0140)
2019-07-05 01:39:01.785 22131 RALLYDEBUG rally_openstack.cleanup.manager [-] Deleting neutron.port object s_rally_5e480976_7PBZzW0i (defd0982-93a0-4b13-89f0-4660dfcf4e39)
2019-07-05 01:39:01.833 22131 RALLYDEBUG rally_openstack.cleanup.manager [-] Deleting neutron.port object s_rally_5e480976_wVFr4zUi (df084cb5-8fe6-4731-bd50-01dd5296fbdf)
2019-07-05 01:39:01.933 22131 RALLYDEBUG rally_openstack.cleanup.manager [-] Deleting neutron.port object s_rally_5e480976_yrggmIgg (df54dd7e-d409-4cf2-9053-7cba1262a9e4)
2019-07-05 01:39:02.022 22131 RALLYDEBUG rally_openstack.cleanup.manager [-] Deleting neutron.port object s_rally_5e480976_ktqqoYpn (e0be6338-97c4-4f07-97dc-20580f62cce6)
2019-07-05 01:39:02.053 22131 RALLYDEBUG rally_openstack.cleanup.manager [-] Deleting neutron.port object s_rally_5e480976_dl70GExL (e12efc9b-f040-420f-a741-941dfe62489e)
2019-07-05 01:39:02.264 22131 RALLYDEBUG rally_openstack.cleanup.manager [-] Deleting neutron.port object s_rally_5e480976_eM4cYDaV (e4047209-db03-4624-91e3-87815f590a9d)
2019-07-05 01:39:02.381 22131 RALLYDEBUG rally_openstack.cleanup.manager [-] Deleting neutron.port object s_rally_5e480976_LQpNQlGA (e493a05f-f824-4e73-a4cc-b1c9e2b569c9)
2019-07-05 01:39:02.457 22131 RALLYDEBUG rally_openstack.cleanup.manager [-] Deleting neutron.port object s_rally_5e480976_vKLl9S5h (e524e83c-13e8-41de-9c1a-7eccf86f631a)
2019-07-05 01:39:02.489 22131 RALLYDEBUG rally_openstack.cleanup.manager [-] Deleting neutron.port object s_rally_5e480976_NpMcv8SM (e5b88010-37b2-4f7c-9d82-560a2f970739)
2019-07-05 01:39:02.553 22131 RALLYDEBUG rally_openstack.cleanup.manager [-] Deleting neutron.port object s_rally_5e480976_S7t715el (e6b53bbe-c4eb-4e92-9000-35561e766d21)
2019-07-05 01:39:02.656 22131 RALLYDEBUG rally_openstack.cleanup.manager [-] Deleting neutron.port object s_rally_5e480976_Ejam6472 (edb7bb56-eef8-42d6-989b-e64edc69d7a2)
2019-07-05 01:39:02.992 22131 RALLYDEBUG rally_openstack.cleanup.manager [-] Deleting neutron.port object s_rally_5e480976_UCgAPl3v (f1869b63-630b-4fac-89f5-971d18a7c3a2)
2019-07-05 01:39:03.000 22131 RALLYDEBUG rally_openstack.cleanup.manager [-] Deleting neutron.port object s_rally_5e480976_DxQ38m7U (f1e35513-1ee7-469b-919d-8a029d78aded)
2019-07-05 01:39:03.068 22131 RALLYDEBUG rally_openstack.cleanup.manager [-] Deleting neutron.port object s_rally_5e480976_zxypF2hM (f439c45f-a07f-4a09-9964-9f0b20d9d30b)
2019-07-05 01:39:03.214 22131 RALLYDEBUG rally_openstack.cleanup.manager [-] Deleting neutron.port object s_rally_5e480976_sOEptt0p (f555ff2c-928c-4767-98da-ee15041cecd4)
2019-07-05 01:39:03.329 22131 RALLYDEBUG rally_openstack.cleanup.manager [-] Deleting neutron.port object s_rally_5e480976_QBDLlk7t (f5d2d495-1546-49e4-a180-851c610a8224)
2019-07-05 01:39:03.442 22131 RALLYDEBUG rally_openstack.cleanup.manager [-] Deleting neutron.port object s_rally_5e480976_OGmRXA9G (f6c6dee5-28d1-41aa-af14-bc6d68eb07db)
2019-07-05 01:39:03.533 22131 RALLYDEBUG rally_openstack.cleanup.manager [-] Deleting neutron.port object s_rally_5e480976_1lnMhjPR (f71968e1-8c05-4d1d-b9c6-575c27277257)
2019-07-05 01:39:03.572 22131 RALLYDEBUG rally_openstack.cleanup.manager [-] Deleting neutron.port object s_rally_5e480976_GShtyQD8 (f7cf48ec-9f90-4eaf-bb5b-108fb0ca64fc)
2019-07-05 01:39:03.812 22131 RALLYDEBUG rally_openstack.cleanup.manager [-] Deleting neutron.port object s_rally_5e480976_agkrHfY7 (f9bd474c-8a91-41a1-9534-a7ea73447ff1)
2019-07-05 01:39:03.943 22131 RALLYDEBUG rally_openstack.cleanup.manager [-] Deleting neutron.port object s_rally_5e480976_XKuuCH9p (faeafdab-369b-4e7c-a520-ecfc71ca0dd3)
2019-07-05 01:39:03.972 22131 RALLYDEBUG rally_openstack.cleanup.manager [-] Deleting neutron.port object s_rally_5e480976_j4Kr8IJ5 (fc25885e-b47e-40e5-8174-0583890cf570)
2019-07-05 01:39:04.066 22131 RALLYDEBUG rally_openstack.cleanup.manager [-] Deleting neutron.port object s_rally_5e480976_PSU5eEXA (fd7bbe30-aae1-4f0d-9095-af1337f87091)
2019-07-05 01:39:04.162 22131 RALLYDEBUG rally_openstack.cleanup.manager [-] Deleting neutron.port object s_rally_5e480976_bQvShW9w (fda50aee-f7e2-4374-b845-fc5c10e994ed)
2019-07-05 01:39:06.284 22131 RALLYDEBUG rally_openstack.cleanup.manager [-] Cleaning up neutron subnet objects
2019-07-05 01:39:06.701 22131 RALLYDEBUG rally_openstack.cleanup.manager [-] Cleaning up neutron network objects
2019-07-05 01:39:07.230 22131 RALLYDEBUG rally_openstack.cleanup.manager [-] Deleting neutron.network object s_rally_5e480976_I1h9Pdh4 (0b958d1a-397a-466e-a9ce-c903bf7179d2)
2019-07-05 01:39:07.236 22131 RALLYDEBUG rally_openstack.cleanup.manager [-] Deleting neutron.network object s_rally_5e480976_tZYgxr7k (178c7a59-63a6-4943-99fa-7cb73f74ec2a)
2019-07-05 01:39:07.253 22131 RALLYDEBUG rally_openstack.cleanup.manager [-] Deleting neutron.network object s_rally_5e480976_Fsi4pJgP (215c0bed-1591-4cf5-a3ac-8b361439212d)
2019-07-05 01:39:07.258 22131 RALLYDEBUG rally_openstack.cleanup.manager [-] Deleting neutron.network object s_rally_5e480976_JnLJ0Rv4 (3221ff7e-43b2-4519-b602-66e6ce4358ab)
2019-07-05 01:39:07.277 22131 RALLYDEBUG rally_openstack.cleanup.manager [-] Deleting neutron.network object s_rally_5e480976_W0jljTtT (3e728196-910a-4178-bad7-1140b6fda2d6)
2019-07-05 01:39:07.277 22131 RALLYDEBUG rally_openstack.cleanup.manager [-] Deleting neutron.network object s_rally_5e480976_9iDHdKxK (4be858c0-e0e1-4f61-9f83-f8d9a11fccaa)
2019-07-05 01:39:07.288 22131 RALLYDEBUG rally_openstack.cleanup.manager [-] Deleting neutron.network object s_rally_5e480976_pcop0Uis (50817f64-f014-4181-9ffa-2707895e5a59)
2019-07-05 01:39:07.301 22131 RALLYDEBUG rally_openstack.cleanup.manager [-] Deleting neutron.network object s_rally_5e480976_e6TROHCa (59cb1278-42fe-4a52-8550-df15e3b5c6f3)
2019-07-05 01:39:07.305 22131 RALLYDEBUG rally_openstack.cleanup.manager [-] Deleting neutron.network object s_rally_5e480976_TPxoW66d (4068062c-54c9-4ec2-9c25-28753488c762)
2019-07-05 01:39:07.321 22131 RALLYDEBUG rally_openstack.cleanup.manager [-] Deleting neutron.network object s_rally_5e480976_7garLalI (6b423174-d052-40bf-8eb2-6e99521bb9e0)
2019-07-05 01:39:07.322 22131 RALLYDEBUG rally_openstack.cleanup.manager [-] Deleting neutron.network object s_rally_5e480976_VQhpezdW (65539fbb-a82d-4dd0-b900-940964e889c5)
2019-07-05 01:39:07.327 22131 RALLYDEBUG rally_openstack.cleanup.manager [-] Deleting neutron.network object s_rally_5e480976_az32ZByd (69e0e1a3-06ca-484e-8acf-d1474d74e84c)
2019-07-05 01:39:07.327 22131 RALLYDEBUG rally_openstack.cleanup.manager [-] Deleting neutron.network object s_rally_5e480976_T8MQTUR7 (5b1f6bbc-9a75-4ce5-9bc5-57332585bef1)
2019-07-05 01:39:07.328 22131 RALLYDEBUG rally_openstack.cleanup.manager [-] Deleting neutron.network object s_rally_5e480976_4QkRVg1f (56c22e07-628f-4864-ab3d-7d11b68c4834)
2019-07-05 01:39:07.369 22131 RALLYDEBUG rally_openstack.cleanup.manager [-] Deleting neutron.network object s_rally_5e480976_w1OcSb0W (9b5a1218-1a20-4fc5-ac3a-bc34f52902d2)
2019-07-05 01:39:07.374 22131 RALLYDEBUG rally_openstack.cleanup.manager [-] Deleting neutron.network object s_rally_5e480976_zS0dxolz (73b8edc6-628b-495d-896f-60b6385943dc)
2019-07-05 01:39:07.375 22131 RALLYDEBUG rally_openstack.cleanup.manager [-] Deleting neutron.network object s_rally_5e480976_ijPs4K7Z (7ca4fd81-b681-43f8-8724-90bb6264628b)
2019-07-05 01:39:07.375 22131 RALLYDEBUG rally_openstack.cleanup.manager [-] Deleting neutron.network object s_rally_5e480976_FVOrqpKj (81fe9b03-b32f-4a88-850c-c316656e88c8)
2019-07-05 01:39:07.399 22131 RALLYDEBUG rally_openstack.cleanup.manager [-] Deleting neutron.network object s_rally_5e480976_lhyCOd1H (a716811d-8c51-4073-b305-353d02fde1bf)
2019-07-05 01:39:07.411 22131 RALLYDEBUG rally_openstack.cleanup.manager [-] Deleting neutron.network object s_rally_5e480976_uqhgBrix (9cb265c7-4041-4b42-b851-844beee65e60)
2019-07-05 01:39:09.680 22131 RALLYDEBUG rally_openstack.cleanup.manager [-] Deleting neutron.network object s_rally_5e480976_xpeJ1VBh (b40fa408-f44e-4947-83af-1add5628e971)
2019-07-05 01:39:09.724 22131 RALLYDEBUG rally_openstack.cleanup.manager [-] Deleting neutron.network object s_rally_5e480976_eHgh18pf (b48c4268-6f1b-4481-9802-96a570a8edc8)
2019-07-05 01:39:09.746 22131 RALLYDEBUG rally_openstack.cleanup.manager [-] Deleting neutron.network object s_rally_5e480976_vHwW2nCC (b8eb72eb-8688-4f25-917c-b798c57da5b2)
2019-07-05 01:39:09.851 22131 RALLYDEBUG rally_openstack.cleanup.manager [-] Deleting neutron.network object s_rally_5e480976_0mWmRrSw (b950b49d-add7-464f-97f6-652c8db8abc3)
2019-07-05 01:39:09.907 22131 RALLYDEBUG rally_openstack.cleanup.manager [-] Deleting neutron.network object s_rally_5e480976_p63D621m (bb4096bd-3176-45ba-85d6-529176473151)
2019-07-05 01:39:10.037 22131 RALLYDEBUG rally_openstack.cleanup.manager [-] Deleting neutron.network object s_rally_5e480976_5cun2Je7 (c586f5e9-d429-482e-802b-feff15d5cdfe)
2019-07-05 01:39:10.121 22131 RALLYDEBUG rally_openstack.cleanup.manager [-] Deleting neutron.network object s_rally_5e480976_GK6CTTy8 (ca267d41-7aee-4eb9-b0e1-4908eb06d017)
2019-07-05 01:39:10.183 22131 RALLYDEBUG rally_openstack.cleanup.manager [-] Deleting neutron.network object s_rally_5e480976_SImIt1Yt (cacaec2d-58a0-4a21-9996-1bd8065f3f7f)
2019-07-05 01:39:10.331 22131 RALLYDEBUG rally_openstack.cleanup.manager [-] Deleting neutron.network object s_rally_5e480976_43YpZLL4 (d12d761e-0b7b-47fa-873c-2652e81fe60d)
2019-07-05 01:39:10.336 22131 RALLYDEBUG rally_openstack.cleanup.manager [-] Deleting neutron.network object s_rally_5e480976_u996gh4O (d576d4f6-1401-484b-a109-b3483d2b5ba3)
2019-07-05 01:39:10.461 22131 RALLYDEBUG rally_openstack.cleanup.manager [-] Deleting neutron.network object s_rally_5e480976_c34C3Y3d (d5e74b87-cb12-4b28-828a-7fc66603487e)
2019-07-05 01:39:10.532 22131 RALLYDEBUG rally_openstack.cleanup.manager [-] Deleting neutron.network object s_rally_5e480976_E8ldnabT (e412d483-838c-436e-845e-534575272983)
2019-07-05 01:39:10.581 22131 RALLYDEBUG rally_openstack.cleanup.manager [-] Deleting neutron.network object s_rally_5e480976_UN2mnPYh (e85b24fd-7676-4d33-a3d8-70a630010e79)
2019-07-05 01:39:10.598 22131 RALLYDEBUG rally_openstack.cleanup.manager [-] Deleting neutron.network object s_rally_5e480976_tMKjuib8 (ee7638d4-8fed-4f78-a8a5-ee49e4472769)
2019-07-05 01:39:10.648 22131 RALLYDEBUG rally_openstack.cleanup.manager [-] Deleting neutron.network object s_rally_5e480976_oonkIEPS (f2297b63-c96d-460c-b70d-7ae24b23f4a5)
2019-07-05 01:39:10.653 22131 RALLYDEBUG rally_openstack.cleanup.manager [-] Deleting neutron.network object s_rally_5e480976_rgbwrxFg (f35ec409-5293-4b4d-a3b0-ab9acf81ef03)
2019-07-05 01:39:10.920 22131 RALLYDEBUG rally_openstack.cleanup.manager [-] Deleting neutron.network object s_rally_5e480976_iI7ODxY8 (f820e8c9-7e1b-46db-96c4-bb75078fbcb6)
2019-07-05 01:39:11.106 22131 RALLYDEBUG rally_openstack.cleanup.manager [-] Deleting neutron.network object s_rally_5e480976_Uc5P7VbR (f92b3ad8-6cb4-4557-8904-4b69666d7766)
2019-07-05 01:39:11.297 22131 RALLYDEBUG rally_openstack.cleanup.manager [-] Deleting neutron.network object s_rally_5e480976_ZMy1zoiW (f995bd34-1c41-4129-993f-7c8221f6005d)
2019-07-05 01:39:11.312 22131 RALLYDEBUG rally_openstack.cleanup.manager [-] Deleting neutron.network object s_rally_5e480976_PHUHDA3e (fbf1b39b-2532-4181-87d1-9d21447f2b37)
2019-07-05 01:39:13.789 22131 RALLYDEBUG rally_openstack.cleanup.manager [-] Cleaning up neutron router objects
2019-07-05 01:39:14.234 22131 RALLYDEBUG rally_openstack.cleanup.manager [-] Cleaning up neutron security_group objects
2019-07-05 01:39:14.653 22131 INFO rally.task.context [-] Task 9a3a3055-e326-43dc-a2ee-51393ff1a6e6 | Context cleanup@openstack cleanup() finished in 33.97 sec
2019-07-05 01:39:14.653 22131 INFO rally.task.context [-] Task 9a3a3055-e326-43dc-a2ee-51393ff1a6e6 | Context quotas@openstack cleanup() started
2019-07-05 01:39:14.742 22131 INFO rally.task.context [-] Task 9a3a3055-e326-43dc-a2ee-51393ff1a6e6 | Context quotas@openstack cleanup() finished in 88.50 msec
2019-07-05 01:39:14.742 22131 INFO rally.task.context [-] Task 9a3a3055-e326-43dc-a2ee-51393ff1a6e6 | Context users@openstack cleanup() started
2019-07-05 01:39:17.453 22131 INFO rally.task.context [-] Task 9a3a3055-e326-43dc-a2ee-51393ff1a6e6 | Context users@openstack cleanup() finished in 2.71 sec
2019-07-05 01:39:19.153 22131 INFO rally.task.engine [-] Load duration is: 23.021652
2019-07-05 01:39:19.154 22131 INFO rally.task.engine [-] Full runner duration is: 23.088423
2019-07-05 01:39:19.154 22131 INFO rally.task.engine [-] Full duration is: 62.773557
2019-07-05 01:39:19.427 22131 INFO rally.task.engine [-] Running workload: position = 2 config = { "version": 2, "title": "A cropped version of a bigger task.", "description": "Auto-generated task from a single workload (uuid=15c13ceb-d603-43bb-b27b-76d5255f36ba)", "subtasks": [ { "title": "NeutronNetworks.create_and_delete_ports", "description": "Create and delete a port.", "scenario": { "NeutronNetworks.create_and_delete_ports": { "network_create_args": {}, "port_create_args": {}, "ports_per_network": 5 } }, "contexts": { "users": { "tenants": 1, "users_per_tenant": 1 }, "quotas": { "neutron": { "network": -1, "port": -1 } } }, "runner": { "constant": { "times": 40, "concurrency": 20 } }, "hooks": [], "sla": { "failure_rate": { "max": 0 } } } ] }
2019-07-05 01:39:19.454 22131 RALLYDEBUG rally_openstack.contexts.keystone.users [-] Creating 1 tenants using 20 threads
2019-07-05 01:39:20.406 22131 RALLYDEBUG rally_openstack.contexts.keystone.users [-] Creating 1 users using 20 threads
2019-07-05 01:39:21.836 22131 INFO rally.task.context [-] Task 9a3a3055-e326-43dc-a2ee-51393ff1a6e6 | Context users@openstack setup() finished in 2.38 sec
2019-07-05 01:39:22.318 22131 INFO rally.task.context [-] Task 9a3a3055-e326-43dc-a2ee-51393ff1a6e6 | Context quotas@openstack setup() finished in 0.48 sec
2019-07-05 01:39:22.318 22131 INFO rally.task.context [-] Task 9a3a3055-e326-43dc-a2ee-51393ff1a6e6 | Context cleanup@openstack setup() finished in 0.01 msec
2019-07-05 01:39:22.327 22131 RALLYDEBUG rally.task.runner [-] Starting the constant runner (task UUID: 9a3a3055-e326-43dc-a2ee-51393ff1a6e6). timeout: 0 concurrency: 20 concurrency_per_worker: 1 times: 40 concurrency_overhead: 4 processes_to_start: 16 max_cpu_used: 16
2019-07-05 01:39:22.341 26377 RALLYDEBUG rally.task.runner [-] Starting a worker. concurrency: 2 args: {"network_create_args": {}, "port_create_args": {}, "ports_per_network": 5} times: 40 method_name: run timeout: 0 duration: None cls:
2019-07-05 01:39:22.345 26378 RALLYDEBUG rally.task.runner [-] Starting a worker. concurrency: 2 args: {"network_create_args": {}, "port_create_args": {}, "ports_per_network": 5} times: 40 method_name: run timeout: 0 duration: None cls:
2019-07-05 01:39:22.348 26379 RALLYDEBUG rally.task.runner [-] Starting a worker. concurrency: 2 args: {"network_create_args": {}, "port_create_args": {}, "ports_per_network": 5} times: 40 method_name: run timeout: 0 duration: None cls:
2019-07-05 01:39:22.351 26380 RALLYDEBUG rally.task.runner [-] Starting a worker. concurrency: 2 args: {"network_create_args": {}, "port_create_args": {}, "ports_per_network": 5} times: 40 method_name: run timeout: 0 duration: None cls:
2019-07-05 01:39:22.353 26377 INFO rally.task.runner [-] Task 9a3a3055-e326-43dc-a2ee-51393ff1a6e6 | ITER: 1 START
2019-07-05 01:39:22.353 26378 INFO rally.task.runner [-] Task 9a3a3055-e326-43dc-a2ee-51393ff1a6e6 | ITER: 2 START
2019-07-05 01:39:22.355 26377 WARNING rally_openstack.scenarios.neutron.utils [-] Running this scenario without either the 'network' or 'existing_network' context is deprecated
2019-07-05 01:39:22.356 26378 WARNING rally_openstack.scenarios.neutron.utils [-] Running this scenario without either the 'network' or 'existing_network' context is deprecated
2019-07-05 01:39:22.356 26382 RALLYDEBUG rally.task.runner [-] Starting a worker. concurrency: 1 args: {"network_create_args": {}, "port_create_args": {}, "ports_per_network": 5} times: 40 method_name: run timeout: 0 duration: None cls:
2019-07-05 01:39:22.359 26379 INFO rally.task.runner [-] Task 9a3a3055-e326-43dc-a2ee-51393ff1a6e6 | ITER: 4 START
2019-07-05 01:39:22.358 26377 INFO rally.task.runner [-] Task 9a3a3055-e326-43dc-a2ee-51393ff1a6e6 | ITER: 3 START
2019-07-05 01:39:22.361 26380 INFO rally.task.runner [-] Task 9a3a3055-e326-43dc-a2ee-51393ff1a6e6 | ITER: 6 START
2019-07-05 01:39:22.360 26379 INFO rally.task.runner [-] Task 9a3a3055-e326-43dc-a2ee-51393ff1a6e6 | ITER: 7 START
2019-07-05 01:39:22.361 26385 RALLYDEBUG rally.task.runner [-] Starting a worker. concurrency: 1 args: {"network_create_args": {}, "port_create_args": {}, "ports_per_network": 5} times: 40 method_name: run timeout: 0 duration: None cls:
2019-07-05 01:39:22.362 26379 WARNING rally_openstack.scenarios.neutron.utils [-] Running this scenario without either the 'network' or 'existing_network' context is deprecated
2019-07-05 01:39:22.364 26382 INFO rally.task.runner [-] Task 9a3a3055-e326-43dc-a2ee-51393ff1a6e6 | ITER: 9 START
2019-07-05 01:39:22.365 26380 WARNING rally_openstack.scenarios.neutron.utils [-] Running this scenario without either the 'network' or 'existing_network' context is deprecated
2019-07-05 01:39:22.364 26390 RALLYDEBUG rally.task.runner [-] Starting a worker. concurrency: 1 args: {"network_create_args": {}, "port_create_args": {}, "ports_per_network": 5} times: 40 method_name: run timeout: 0 duration: None cls:
2019-07-05 01:39:22.366 26382 WARNING rally_openstack.scenarios.neutron.utils [-] Running this scenario without either the 'network' or 'existing_network' context is deprecated
2019-07-05 01:39:22.369 26377 WARNING rally_openstack.scenarios.neutron.utils [-] Running this scenario without either the 'network' or 'existing_network' context is deprecated
2019-07-05 01:39:22.368 26394 RALLYDEBUG rally.task.runner [-] Starting a worker. concurrency: 1 args: {"network_create_args": {}, "port_create_args": {}, "ports_per_network": 5} times: 40 method_name: run timeout: 0 duration: None cls:
2019-07-05 01:39:22.370 26385 INFO rally.task.runner [-] Task 9a3a3055-e326-43dc-a2ee-51393ff1a6e6 | ITER: 10 START
2019-07-05 01:39:22.373 26385 WARNING rally_openstack.scenarios.neutron.utils [-] Running this scenario without either the 'network' or 'existing_network' context is deprecated
2019-07-05 01:39:22.373 26390 INFO rally.task.runner [-] Task 9a3a3055-e326-43dc-a2ee-51393ff1a6e6 | ITER: 11 START
2019-07-05 01:39:22.374 26378 INFO rally.task.runner [-] Task 9a3a3055-e326-43dc-a2ee-51393ff1a6e6 | ITER: 5 START
2019-07-05 01:39:22.362 26379 WARNING rally_openstack.scenarios.neutron.utils [-] Running this scenario without either the 'network' or 'existing_network' context is deprecated
2019-07-05 01:39:22.375 26390 WARNING rally_openstack.scenarios.neutron.utils [-] Running this scenario without either the 'network' or 'existing_network' context is deprecated
2019-07-05 01:39:22.375 26378 WARNING rally_openstack.scenarios.neutron.utils [-] Running this scenario without either the 'network' or 'existing_network' context is deprecated
2019-07-05 01:39:22.376 26398 RALLYDEBUG rally.task.runner [-] Starting a worker. concurrency: 1 args: {"network_create_args": {}, "port_create_args": {}, "ports_per_network": 5} times: 40 method_name: run timeout: 0 duration: None cls:
2019-07-05 01:39:22.377 26400 RALLYDEBUG rally.task.runner [-] Starting a worker. concurrency: 1 args: {"network_create_args": {}, "port_create_args": {}, "ports_per_network": 5} times: 40 method_name: run timeout: 0 duration: None cls:
2019-07-05 01:39:22.378 26394 INFO rally.task.runner [-] Task 9a3a3055-e326-43dc-a2ee-51393ff1a6e6 | ITER: 12 START
2019-07-05 01:39:22.367 26380 INFO rally.task.runner [-] Task 9a3a3055-e326-43dc-a2ee-51393ff1a6e6 | ITER: 8 START
2019-07-05 01:39:22.380 26394 WARNING rally_openstack.scenarios.neutron.utils [-] Running this scenario without either the 'network' or 'existing_network' context is deprecated
2019-07-05 01:39:22.380 26380 WARNING rally_openstack.scenarios.neutron.utils [-] Running this scenario without either the 'network' or 'existing_network' context is deprecated
2019-07-05 01:39:22.381 26404 RALLYDEBUG rally.task.runner [-] Starting a worker. concurrency: 1 args: {"network_create_args": {}, "port_create_args": {}, "ports_per_network": 5} times: 40 method_name: run timeout: 0 duration: None cls:
2019-07-05 01:39:22.384 26398 INFO rally.task.runner [-] Task 9a3a3055-e326-43dc-a2ee-51393ff1a6e6 | ITER: 13 START
2019-07-05 01:39:22.384 26400 INFO rally.task.runner [-] Task 9a3a3055-e326-43dc-a2ee-51393ff1a6e6 | ITER: 14 START
2019-07-05 01:39:22.386 26398 WARNING rally_openstack.scenarios.neutron.utils [-] Running this scenario without either the 'network' or 'existing_network' context is deprecated
2019-07-05 01:39:22.387 26400 WARNING rally_openstack.scenarios.neutron.utils [-] Running this scenario without either the 'network' or 'existing_network' context is deprecated
2019-07-05 01:39:22.389 26404 INFO rally.task.runner [-] Task 9a3a3055-e326-43dc-a2ee-51393ff1a6e6 | ITER: 15 START
2019-07-05 01:39:22.389 26408 RALLYDEBUG rally.task.runner [-] Starting a worker. concurrency: 1 args: {"network_create_args": {}, "port_create_args": {}, "ports_per_network": 5} times: 40 method_name: run timeout: 0 duration: None cls:
2019-07-05 01:39:22.391 26404 WARNING rally_openstack.scenarios.neutron.utils [-] Running this scenario without either the 'network' or 'existing_network' context is deprecated
2019-07-05 01:39:22.396 26408 INFO rally.task.runner [-] Task 9a3a3055-e326-43dc-a2ee-51393ff1a6e6 | ITER: 16 START
2019-07-05 01:39:22.398 26408 WARNING rally_openstack.scenarios.neutron.utils [-] Running this scenario without either the 'network' or 'existing_network' context is deprecated
2019-07-05 01:39:22.398 26415 RALLYDEBUG rally.task.runner [-] Starting a worker. concurrency: 1 args: {"network_create_args": {}, "port_create_args": {}, "ports_per_network": 5} times: 40 method_name: run timeout: 0 duration: None cls:
2019-07-05 01:39:22.406 26415 INFO rally.task.runner [-] Task 9a3a3055-e326-43dc-a2ee-51393ff1a6e6 | ITER: 17 START
2019-07-05 01:39:22.408 26415 WARNING rally_openstack.scenarios.neutron.utils [-] Running this scenario without either the 'network' or 'existing_network' context is deprecated
2019-07-05 01:39:22.409 26418 RALLYDEBUG rally.task.runner [-] Starting a worker. concurrency: 1 args: {"network_create_args": {}, "port_create_args": {}, "ports_per_network": 5} times: 40 method_name: run timeout: 0 duration: None cls:
2019-07-05 01:39:22.416 26421 RALLYDEBUG rally.task.runner [-] Starting a worker. concurrency: 1 args: {"network_create_args": {}, "port_create_args": {}, "ports_per_network": 5} times: 40 method_name: run timeout: 0 duration: None cls:
2019-07-05 01:39:22.418 26418 INFO rally.task.runner [-] Task 9a3a3055-e326-43dc-a2ee-51393ff1a6e6 | ITER: 18 START
2019-07-05 01:39:22.419 26418 WARNING rally_openstack.scenarios.neutron.utils [-] Running this scenario without either the 'network' or 'existing_network' context is deprecated
2019-07-05 01:39:22.423 26421 INFO rally.task.runner [-] Task 9a3a3055-e326-43dc-a2ee-51393ff1a6e6 | ITER: 19 START
2019-07-05 01:39:22.423 26424 RALLYDEBUG rally.task.runner [-] Starting a worker. concurrency: 1 args: {"network_create_args": {}, "port_create_args": {}, "ports_per_network": 5} times: 40 method_name: run timeout: 0 duration: None cls:
2019-07-05 01:39:22.425 26421 WARNING rally_openstack.scenarios.neutron.utils [-] Running this scenario without either the 'network' or 'existing_network' context is deprecated
2019-07-05 01:39:22.427 26424 INFO rally.task.runner [-] Task 9a3a3055-e326-43dc-a2ee-51393ff1a6e6 | ITER: 20 START
2019-07-05 01:39:22.429 26424 WARNING rally_openstack.scenarios.neutron.utils [-] Running this scenario without either the 'network' or 'existing_network' context is deprecated
2019-07-05 01:39:31.840 26380 INFO rally.task.runner [-] Task 9a3a3055-e326-43dc-a2ee-51393ff1a6e6 | ITER: 8 END: OK
2019-07-05 01:39:31.844 26380 INFO rally.task.runner [-] Task 9a3a3055-e326-43dc-a2ee-51393ff1a6e6 | ITER: 21 START
2019-07-05 01:39:31.845 26380 WARNING rally_openstack.scenarios.neutron.utils [-] Running this scenario without either the 'network' or 'existing_network' context is deprecated
2019-07-05 01:39:32.157 26424 INFO rally.task.runner [-] Task 9a3a3055-e326-43dc-a2ee-51393ff1a6e6 | ITER: 20 END: OK
2019-07-05 01:39:32.162 26424 INFO rally.task.runner [-] Task 9a3a3055-e326-43dc-a2ee-51393ff1a6e6 | ITER: 22 START
2019-07-05 01:39:32.162 26424 WARNING rally_openstack.scenarios.neutron.utils [-] Running this scenario without either the 'network' or 'existing_network' context is deprecated
2019-07-05 01:39:32.194 26377 INFO rally.task.runner [-] Task 9a3a3055-e326-43dc-a2ee-51393ff1a6e6 | ITER: 1 END: OK
2019-07-05 01:39:32.198 26377 INFO rally.task.runner [-] Task 9a3a3055-e326-43dc-a2ee-51393ff1a6e6 | ITER: 23 START
2019-07-05 01:39:32.199 26377 WARNING rally_openstack.scenarios.neutron.utils [-] Running this scenario without either the 'network' or 'existing_network' context is deprecated
2019-07-05 01:39:32.203 26380 INFO rally.task.runner [-] Task 9a3a3055-e326-43dc-a2ee-51393ff1a6e6 | ITER: 6 END: OK
2019-07-05 01:39:32.207 26380 INFO rally.task.runner [-] Task 9a3a3055-e326-43dc-a2ee-51393ff1a6e6 | ITER: 24 START
2019-07-05 01:39:32.207 26378 INFO rally.task.runner [-] Task 9a3a3055-e326-43dc-a2ee-51393ff1a6e6 | ITER: 5 END: OK
2019-07-05 01:39:32.207 26380 WARNING rally_openstack.scenarios.neutron.utils [-] Running this scenario without either the 'network' or 'existing_network' context is deprecated
2019-07-05 01:39:32.211 26378 INFO rally.task.runner [-] Task 9a3a3055-e326-43dc-a2ee-51393ff1a6e6 | ITER: 25 START
2019-07-05 01:39:32.212 26378 WARNING rally_openstack.scenarios.neutron.utils [-] Running this scenario without either the 'network' or 'existing_network' context is deprecated
2019-07-05 01:39:32.482 26415 INFO rally.task.runner [-] Task 9a3a3055-e326-43dc-a2ee-51393ff1a6e6 | ITER: 17 END: OK
2019-07-05 01:39:32.487 26415 INFO rally.task.runner [-] Task 9a3a3055-e326-43dc-a2ee-51393ff1a6e6 | ITER: 26 START
2019-07-05 01:39:32.488 26415 WARNING rally_openstack.scenarios.neutron.utils [-] Running this scenario without either the 'network' or 'existing_network' context is deprecated
2019-07-05 01:39:32.707 26408 INFO rally.task.runner [-] Task 9a3a3055-e326-43dc-a2ee-51393ff1a6e6 | ITER: 16 END: OK
2019-07-05 01:39:32.712 26408 INFO rally.task.runner [-] Task 9a3a3055-e326-43dc-a2ee-51393ff1a6e6 | ITER: 27 START
2019-07-05 01:39:32.713 26408 WARNING rally_openstack.scenarios.neutron.utils [-] Running this scenario without either the 'network' or 'existing_network' context is deprecated
2019-07-05 01:39:32.743 26394 INFO rally.task.runner [-] Task 9a3a3055-e326-43dc-a2ee-51393ff1a6e6 | ITER: 12 END: OK
2019-07-05 01:39:32.748 26394 INFO rally.task.runner [-] Task 9a3a3055-e326-43dc-a2ee-51393ff1a6e6 | ITER: 28 START
2019-07-05 01:39:32.748 26394 WARNING rally_openstack.scenarios.neutron.utils [-] Running this scenario without either the 'network' or 'existing_network' context is deprecated
2019-07-05 01:39:32.764 26379 INFO rally.task.runner [-] Task 9a3a3055-e326-43dc-a2ee-51393ff1a6e6 | ITER: 4 END: OK
2019-07-05 01:39:32.768 26379 INFO rally.task.runner [-] Task 9a3a3055-e326-43dc-a2ee-51393ff1a6e6 | ITER: 29 START
2019-07-05 01:39:32.769 26379 WARNING rally_openstack.scenarios.neutron.utils [-] Running this scenario without either the 'network' or 'existing_network' context is deprecated
2019-07-05 01:39:33.116 26378 INFO rally.task.runner [-] Task 9a3a3055-e326-43dc-a2ee-51393ff1a6e6 | ITER: 2 END: OK
2019-07-05 01:39:33.120 26378 INFO rally.task.runner [-] Task 9a3a3055-e326-43dc-a2ee-51393ff1a6e6 | ITER: 30 START
2019-07-05 01:39:33.120 26378 WARNING rally_openstack.scenarios.neutron.utils [-] Running this scenario without either the 'network' or 'existing_network' context is deprecated
2019-07-05 01:39:33.703 26390 INFO rally.task.runner [-] Task 9a3a3055-e326-43dc-a2ee-51393ff1a6e6 | ITER: 11 END: OK
2019-07-05 01:39:33.707 26390 INFO rally.task.runner [-] Task 9a3a3055-e326-43dc-a2ee-51393ff1a6e6 | ITER: 31 START
2019-07-05 01:39:33.708 26390 WARNING rally_openstack.scenarios.neutron.utils [-] Running this scenario without either the 'network' or 'existing_network' context is deprecated
2019-07-05 01:39:33.727 26385 INFO rally.task.runner [-] Task 9a3a3055-e326-43dc-a2ee-51393ff1a6e6 | ITER: 10 END: OK
2019-07-05 01:39:33.731 26385 INFO rally.task.runner [-] Task 9a3a3055-e326-43dc-a2ee-51393ff1a6e6 | ITER: 32 START
2019-07-05 01:39:33.732 26385 WARNING rally_openstack.scenarios.neutron.utils [-] Running this scenario without either the 'network' or 'existing_network' context is deprecated
2019-07-05 01:39:33.733 26379 INFO rally.task.runner [-] Task 9a3a3055-e326-43dc-a2ee-51393ff1a6e6 | ITER: 7 END: OK
2019-07-05 01:39:33.737 26379 INFO rally.task.runner [-] Task 9a3a3055-e326-43dc-a2ee-51393ff1a6e6 | ITER: 33 START
2019-07-05 01:39:33.738 26379 WARNING rally_openstack.scenarios.neutron.utils [-] Running this scenario without either the 'network' or 'existing_network' context is deprecated
2019-07-05 01:39:33.767 26377 INFO rally.task.runner [-] Task 9a3a3055-e326-43dc-a2ee-51393ff1a6e6 | ITER: 3 END: OK
2019-07-05 01:39:33.771 26377 INFO rally.task.runner [-] Task 9a3a3055-e326-43dc-a2ee-51393ff1a6e6 | ITER: 34 START
2019-07-05 01:39:33.772 26377 WARNING rally_openstack.scenarios.neutron.utils [-] Running this scenario without either the 'network' or 'existing_network' context is deprecated
2019-07-05 01:39:33.904 26404 INFO rally.task.runner [-] Task 9a3a3055-e326-43dc-a2ee-51393ff1a6e6 | ITER: 15 END: OK
2019-07-05 01:39:33.908 26400 INFO rally.task.runner [-] Task 9a3a3055-e326-43dc-a2ee-51393ff1a6e6 | ITER: 14 END: OK
2019-07-05 01:39:33.909 26404 INFO rally.task.runner [-] Task 9a3a3055-e326-43dc-a2ee-51393ff1a6e6 | ITER: 35 START
2019-07-05 01:39:33.909 26404 WARNING rally_openstack.scenarios.neutron.utils [-] Running this scenario without either the 'network' or 'existing_network' context is deprecated
2019-07-05 01:39:33.913 26400 INFO rally.task.runner [-] Task 9a3a3055-e326-43dc-a2ee-51393ff1a6e6 | ITER: 36 START
2019-07-05 01:39:33.914 26400 WARNING rally_openstack.scenarios.neutron.utils [-] Running this scenario without either the 'network' or 'existing_network' context is deprecated
2019-07-05 01:39:34.276 26382 INFO rally.task.runner [-] Task 9a3a3055-e326-43dc-a2ee-51393ff1a6e6 | ITER: 9 END: OK
2019-07-05 01:39:34.279 26382 INFO rally.task.runner [-] Task 9a3a3055-e326-43dc-a2ee-51393ff1a6e6 | ITER: 37 START
2019-07-05 01:39:34.280 26382 WARNING rally_openstack.scenarios.neutron.utils [-] Running this scenario without either the 'network' or 'existing_network' context is deprecated
2019-07-05 01:39:35.174 26421 INFO rally.task.runner [-] Task 9a3a3055-e326-43dc-a2ee-51393ff1a6e6 | ITER: 19 END: OK
2019-07-05 01:39:35.179 26421 INFO rally.task.runner [-] Task 9a3a3055-e326-43dc-a2ee-51393ff1a6e6 | ITER: 38 START
2019-07-05 01:39:35.180 26421 WARNING rally_openstack.scenarios.neutron.utils [-] Running this scenario without either the 'network' or 'existing_network' context is deprecated
2019-07-05 01:39:35.444 26418 INFO rally.task.runner [-] Task 9a3a3055-e326-43dc-a2ee-51393ff1a6e6 | ITER: 18 END: OK
2019-07-05 01:39:35.449 26418 INFO rally.task.runner [-] Task 9a3a3055-e326-43dc-a2ee-51393ff1a6e6 | ITER: 39 START
