2019-07-04 23:38:06.830 8 RALLYDEBUG rally.api [-] INFO logs from urllib3 and requests module are hide.
2019-07-04 23:38:06.831 8 RALLYDEBUG rally.api [-] urllib3 insecure warnings are hidden.
2019-07-04 23:38:06.831 8 RALLYDEBUG rally.api [-] ERROR log from boto module is hide.
2019-07-04 23:38:08.806 8 ERROR rally.cli.cliutils [-] Unexpected exception in CLI: DBRecordNotFound: Record for uuid or name is opnfv-rally not found in table envs
2019-07-04 23:38:08.806 8 ERROR rally.cli.cliutils
Traceback (most recent call last):
2019-07-04 23:38:08.806 8 ERROR rally.cli.cliutils
File "/usr/lib/python2.7/site-packages/rally/cli/cliutils.py", line 674, in run
2019-07-04 23:38:08.806 8 ERROR rally.cli.cliutils ret = fn(*fn_args, **fn_kwargs)
2019-07-04 23:38:08.806 8 ERROR rally.cli.cliutils File "", line 2, in destroy
2019-07-04 23:38:08.806 8 ERROR rally.cli.cliutils
File "/usr/lib/python2.7/site-packages/rally/cli/envutils.py", line 69, in default_from_global
2019-07-04 23:38:08.806 8 ERROR rally.cli.cliutils return f(*args, **kwargs)
2019-07-04 23:38:08.806 8 ERROR rally.cli.cliutils File "", line 2, in destroy
2019-07-04 23:38:08.806 8 ERROR rally.cli.cliutils
File "/usr/lib/python2.7/site-packages/rally/plugins/__init__.py", line 51, in ensure_plugins_are_loaded
2019-07-04 23:38:08.806 8 ERROR rally.cli.cliutils return f(*args, **kwargs)
2019-07-04 23:38:08.806 8 ERROR rally.cli.cliutils
File "/usr/lib/python2.7/site-packages/rally/cli/commands/deployment.py", line 140, in destroy
2019-07-04 23:38:08.806 8 ERROR rally.cli.cliutils api.deployment.destroy(deployment=deployment)
2019-07-04 23:38:08.806 8 ERROR rally.cli.cliutils
File "/usr/lib/python2.7/site-packages/rally/api.py", line 115, in destroy
2019-07-04 23:38:08.806 8 ERROR rally.cli.cliutils deploy = objects.Deployment.get(deployment)
2019-07-04 23:38:08.806 8 ERROR rally.cli.cliutils
File "/usr/lib/python2.7/site-packages/rally/common/objects/deploy.py", line 124, in get
2019-07-04 23:38:08.806 8 ERROR rally.cli.cliutils return Deployment(env_mgr.EnvManager.get(deploy))
2019-07-04 23:38:08.806 8 ERROR rally.cli.cliutils
File "/usr/lib/python2.7/site-packages/rally/env/env_mgr.py", line 212, in get
2019-07-04 23:38:08.806 8 ERROR rally.cli.cliutils return cls(db.env_get(uuid_or_name))
2019-07-04 23:38:08.806 8 ERROR rally.cli.cliutils
File "/usr/lib/python2.7/site-packages/rally/common/db/api.py", line 135, in wrapper
2019-07-04 23:38:08.806 8 ERROR rally.cli.cliutils result = f(session, *args, **kwargs)
2019-07-04 23:38:08.806 8 ERROR rally.cli.cliutils
File "/usr/lib/python2.7/site-packages/rally/common/db/api.py", line 521, in env_get
2019-07-04 23:38:08.806 8 ERROR rally.cli.cliutils criteria="uuid or name is %s" % uuid_or_name, table="envs")
2019-07-04 23:38:08.806 8 ERROR rally.cli.cliutils DBRecordNotFound: Record for uuid or name is opnfv-rally not found in table envs
2019-07-04 23:38:08.806 8 ERROR rally.cli.cliutils
2019-07-04 23:38:09.754 10 RALLYDEBUG rally.api [-] INFO logs from urllib3 and requests module are hide.
2019-07-04 23:38:09.755 10 RALLYDEBUG rally.api [-] urllib3 insecure warnings are hidden.
2019-07-04 23:38:09.755 10 RALLYDEBUG rally.api [-] ERROR log from boto module is hide.
2019-07-04 23:38:11.401 10 WARNING rally_openstack.platforms.existing [-] endpoint is deprecated and not used.
2019-07-04 23:38:12.460 12 RALLYDEBUG rally.api [-] INFO logs from urllib3 and requests module are hide.
2019-07-04 23:38:12.460 12 RALLYDEBUG rally.api [-] urllib3 insecure warnings are hidden.
2019-07-04 23:38:12.461 12 RALLYDEBUG rally.api [-] ERROR log from boto module is hide.
2019-07-04 23:38:15.638 15 RALLYDEBUG rally.api [-] INFO logs from urllib3 and requests module are hide.
2019-07-04 23:38:15.638 15 RALLYDEBUG rally.api [-] urllib3 insecure warnings are hidden.
2019-07-04 23:38:15.638 15 RALLYDEBUG rally.api [-] ERROR log from boto module is hide.
2019-07-04 23:38:16.849 17 RALLYDEBUG rally.api [-] INFO logs from urllib3 and requests module are hide.
2019-07-04 23:38:16.849 17 RALLYDEBUG rally.api [-] urllib3 insecure warnings are hidden.
2019-07-04 23:38:16.849 17 RALLYDEBUG rally.api [-] ERROR log from boto module is hide.
2019-07-04 23:38:18.470 17 INFO rally.task.engine [-] Task d0250d11-f3c5-456b-88f5-1ca9d6ab2acc | Starting: Task validation.
2019-07-04 23:38:18.527 17 INFO rally.task.engine [-] Task d0250d11-f3c5-456b-88f5-1ca9d6ab2acc | Starting: Task validation of syntax.
2019-07-04 23:38:18.621 17 INFO rally.task.engine [-] Task d0250d11-f3c5-456b-88f5-1ca9d6ab2acc | Completed: Task validation of syntax.
2019-07-04 23:38:18.621 17 INFO rally.task.engine [-] Task d0250d11-f3c5-456b-88f5-1ca9d6ab2acc | Starting: Task validation of required platforms.
2019-07-04 23:38:18.664 17 INFO rally.task.engine [-] Task d0250d11-f3c5-456b-88f5-1ca9d6ab2acc | Completed: Task validation of required platforms.
2019-07-04 23:38:18.664 17 INFO rally.task.engine [-] Task d0250d11-f3c5-456b-88f5-1ca9d6ab2acc | Starting: Task validation of semantic.
2019-07-04 23:38:18.664 17 INFO rally.task.engine [-] Check health of the environment 'f52a0614-f2cb-41d1-a710-90793ac5ef4e'.
2019-07-04 23:38:19.247 17 INFO rally.task.engine [-] Platform existing@openstack (available: True): OK!
2019-07-04 23:38:19.262 17 RALLYDEBUG rally_openstack.contexts.keystone.users [-] Creating 1 tenants using 20 threads
2019-07-04 23:38:20.154 17 RALLYDEBUG rally_openstack.contexts.keystone.users [-] Creating 1 users using 20 threads
2019-07-04 23:38:21.517 17 INFO rally.task.context [-] Task d0250d11-f3c5-456b-88f5-1ca9d6ab2acc | Context users@openstack setup() finished in 2.25 sec
2019-07-04 23:38:21.574 17 INFO rally.task.context [-] Task d0250d11-f3c5-456b-88f5-1ca9d6ab2acc | Context users@openstack cleanup() started
2019-07-04 23:38:24.503 17 INFO rally.task.context [-] Task d0250d11-f3c5-456b-88f5-1ca9d6ab2acc | Context users@openstack cleanup() finished in 2.93 sec
2019-07-04 23:38:24.503 17 INFO rally.task.engine [-] Task d0250d11-f3c5-456b-88f5-1ca9d6ab2acc | Completed: Task validation of semantic.
2019-07-04 23:38:24.504 17 INFO rally.task.engine [-] Task d0250d11-f3c5-456b-88f5-1ca9d6ab2acc | Completed: Task validation.
2019-07-04 23:38:24.504 17 INFO rally.api [-] Task d0250d11-f3c5-456b-88f5-1ca9d6ab2acc input file is valid.
2019-07-04 23:38:24.504 17 INFO rally.api [-] Run Task d0250d11-f3c5-456b-88f5-1ca9d6ab2acc against Deployment f52a0614-f2cb-41d1-a710-90793ac5ef4e
2019-07-04 23:38:24.505 17 INFO rally.task.engine [-] Task d0250d11-f3c5-456b-88f5-1ca9d6ab2acc | Starting: Running task.
2019-07-04 23:38:24.710 17 INFO rally.task.engine [-] Running workload: position = 0 config = { "version": 2, "title": "A cropped version of a bigger task.", "description": "Auto-generated task from a single workload (uuid=b2c3b143-5c6f-4442-92a1-c3a2f9d9b208)", "subtasks": [ { "title": "Authenticate.keystone", "description": "Check Keystone Client.", "scenario": { "Authenticate.keystone": {} }, "contexts": { "users": { "tenants": 3, "users_per_tenant": 2 } }, "runner": { "constant": { "concurrency": 4, "times": 10 } }, "hooks": [], "sla": { "failure_rate": { "max": 0 } } } ] }
2019-07-04 23:38:24.733 17 RALLYDEBUG rally_openstack.contexts.keystone.users [-] Creating 3 tenants using 20 threads
2019-07-04 23:38:25.761 17 RALLYDEBUG rally_openstack.contexts.keystone.users [-] Creating 6 users using 20 threads
2019-07-04 23:38:27.375 17 INFO rally.task.context [-] Task d0250d11-f3c5-456b-88f5-1ca9d6ab2acc | Context users@openstack setup() finished in 2.64 sec
2019-07-04 23:38:27.384 17 RALLYDEBUG rally.task.runner [-] Starting the constant runner (task UUID: d0250d11-f3c5-456b-88f5-1ca9d6ab2acc). timeout: 0 concurrency: 4 concurrency_per_worker: 1 times: 10 concurrency_overhead: 0 processes_to_start: 4 max_cpu_used: 16
2019-07-04 23:38:27.441 141 RALLYDEBUG rally.task.runner [-] Starting a worker. concurrency: 1 args: {} times: 10 method_name: run timeout: 0 duration: None cls:
2019-07-04 23:38:27.445 142 RALLYDEBUG rally.task.runner [-] Starting a worker. concurrency: 1 args: {} times: 10 method_name: run timeout: 0 duration: None cls:
2019-07-04 23:38:27.447 143 RALLYDEBUG rally.task.runner [-] Starting a worker. concurrency: 1 args: {} times: 10 method_name: run timeout: 0 duration: None cls:
2019-07-04 23:38:27.449 141 INFO rally.task.runner [-] Task d0250d11-f3c5-456b-88f5-1ca9d6ab2acc | ITER: 1 START
2019-07-04 23:38:27.452 142 INFO rally.task.runner [-] Task d0250d11-f3c5-456b-88f5-1ca9d6ab2acc | ITER: 2 START
2019-07-04 23:38:27.451 144 RALLYDEBUG rally.task.runner [-] Starting a worker. concurrency: 1 args: {} times: 10 method_name: run timeout: 0 duration: None cls:
2019-07-04 23:38:27.454 143 INFO rally.task.runner [-] Task d0250d11-f3c5-456b-88f5-1ca9d6ab2acc | ITER: 3 START
2019-07-04 23:38:27.458 144 INFO rally.task.runner [-] Task d0250d11-f3c5-456b-88f5-1ca9d6ab2acc | ITER: 4 START
2019-07-04 23:38:27.876 141 INFO rally.task.runner [-] Task d0250d11-f3c5-456b-88f5-1ca9d6ab2acc | ITER: 1 END: OK
2019-07-04 23:38:27.881 141 INFO rally.task.runner [-] Task d0250d11-f3c5-456b-88f5-1ca9d6ab2acc | ITER: 5 START
2019-07-04 23:38:27.888 144 INFO rally.task.runner [-] Task d0250d11-f3c5-456b-88f5-1ca9d6ab2acc | ITER: 4 END: OK
2019-07-04 23:38:27.894 144 INFO rally.task.runner [-] Task d0250d11-f3c5-456b-88f5-1ca9d6ab2acc | ITER: 6 START
2019-07-04 23:38:27.918 143 INFO rally.task.runner [-] Task d0250d11-f3c5-456b-88f5-1ca9d6ab2acc | ITER: 3 END: OK
2019-07-04 23:38:27.920 142 INFO rally.task.runner [-] Task d0250d11-f3c5-456b-88f5-1ca9d6ab2acc | ITER: 2 END: OK
2019-07-04 23:38:27.921 143 INFO rally.task.runner [-] Task d0250d11-f3c5-456b-88f5-1ca9d6ab2acc | ITER: 7 START
2019-07-04 23:38:27.924 142 INFO rally.task.runner [-] Task d0250d11-f3c5-456b-88f5-1ca9d6ab2acc | ITER: 8 START
2019-07-04 23:38:28.219 141 INFO rally.task.runner [-] Task d0250d11-f3c5-456b-88f5-1ca9d6ab2acc | ITER: 5 END: OK
2019-07-04 23:38:28.221 141 INFO rally.task.runner [-] Task d0250d11-f3c5-456b-88f5-1ca9d6ab2acc | ITER: 9 START
2019-07-04 23:38:28.229 144 INFO rally.task.runner [-] Task d0250d11-f3c5-456b-88f5-1ca9d6ab2acc | ITER: 6 END: OK
2019-07-04 23:38:28.233 144 INFO rally.task.runner [-] Task d0250d11-f3c5-456b-88f5-1ca9d6ab2acc | ITER: 10 START
2019-07-04 23:38:28.250 143 INFO rally.task.runner [-] Task d0250d11-f3c5-456b-88f5-1ca9d6ab2acc | ITER: 7 END: OK
2019-07-04 23:38:28.358 142 INFO rally.task.runner [-] Task d0250d11-f3c5-456b-88f5-1ca9d6ab2acc | ITER: 8 END: OK
2019-07-04 23:38:28.560 141 INFO rally.task.runner [-] Task d0250d11-f3c5-456b-88f5-1ca9d6ab2acc | ITER: 9 END: OK
2019-07-04 23:38:28.561 144 INFO rally.task.runner [-] Task d0250d11-f3c5-456b-88f5-1ca9d6ab2acc | ITER: 10 END: OK
2019-07-04 23:38:28.584 17 INFO rally.task.context [-] Task d0250d11-f3c5-456b-88f5-1ca9d6ab2acc | Context users@openstack cleanup() started
2019-07-04 23:38:33.018 17 INFO rally.task.context [-] Task d0250d11-f3c5-456b-88f5-1ca9d6ab2acc | Context users@openstack cleanup() finished in 4.43 sec
2019-07-04 23:38:34.800 17 INFO rally.task.engine [-] Load duration is: 1.110363
2019-07-04 23:38:34.800 17 INFO rally.task.engine [-] Full runner duration is: 1.200815
2019-07-04 23:38:34.800 17 INFO rally.task.engine [-] Full duration is: 8.288338
2019-07-04 23:38:35.028 17 INFO rally.task.engine [-] Running workload: position = 0 config = { "version": 2, "title": "A cropped version of a bigger task.", "description": "Auto-generated task from a single workload (uuid=a9550712-8740-410c-ab0b-116d4b3ecf37)", "subtasks": [ { "title": "Authenticate.validate_cinder", "description": "Check Cinder Client to ensure validation of token.", "scenario": { "Authenticate.validate_cinder": { "repetitions": 2 } }, "contexts": { "users": { "tenants": 3, "users_per_tenant": 2 } }, "runner": { "constant": { "concurrency": 4, "times": 10 } }, "hooks": [], "sla": { "failure_rate": { "max": 0 } } } ] }
2019-07-04 23:38:35.053 17 RALLYDEBUG rally_openstack.contexts.keystone.users [-] Creating 3 tenants using 20 threads
2019-07-04 23:38:36.114 17 RALLYDEBUG rally_openstack.contexts.keystone.users [-] Creating 6 users using 20 threads
2019-07-04 23:38:37.741 17 INFO rally.task.context [-] Task d0250d11-f3c5-456b-88f5-1ca9d6ab2acc | Context users@openstack setup() finished in 2.69 sec
2019-07-04 23:38:37.748 17 RALLYDEBUG rally.task.runner [-] Starting the constant runner (task UUID: d0250d11-f3c5-456b-88f5-1ca9d6ab2acc). timeout: 0 concurrency: 4 concurrency_per_worker: 1 times: 10 concurrency_overhead: 0 processes_to_start: 4 max_cpu_used: 16
2019-07-04 23:38:37.760 245 RALLYDEBUG rally.task.runner [-] Starting a worker. concurrency: 1 args: {"repetitions": 2} times: 10 method_name: run timeout: 0 duration: None cls:
2019-07-04 23:38:37.762 246 RALLYDEBUG rally.task.runner [-] Starting a worker. concurrency: 1 args: {"repetitions": 2} times: 10 method_name: run timeout: 0 duration: None cls:
2019-07-04 23:38:37.766 248 RALLYDEBUG rally.task.runner [-] Starting a worker. concurrency: 1 args: {"repetitions": 2} times: 10 method_name: run timeout: 0 duration: None cls:
2019-07-04 23:38:37.766 247 RALLYDEBUG rally.task.runner [-] Starting a worker. concurrency: 1 args: {"repetitions": 2} times: 10 method_name: run timeout: 0 duration: None cls:
2019-07-04 23:38:37.768 245 INFO rally.task.runner [-] Task d0250d11-f3c5-456b-88f5-1ca9d6ab2acc | ITER: 1 START
2019-07-04 23:38:37.769 246 INFO rally.task.runner [-] Task d0250d11-f3c5-456b-88f5-1ca9d6ab2acc | ITER: 2 START
2019-07-04 23:38:37.771 248 INFO rally.task.runner [-] Task d0250d11-f3c5-456b-88f5-1ca9d6ab2acc | ITER: 3 START
2019-07-04 23:38:37.773 247 INFO rally.task.runner [-] Task d0250d11-f3c5-456b-88f5-1ca9d6ab2acc | ITER: 4 START
2019-07-04 23:38:38.361 245 INFO rally.task.runner [-] Task d0250d11-f3c5-456b-88f5-1ca9d6ab2acc | ITER: 1 END: OK
2019-07-04 23:38:38.365 248 INFO rally.task.runner [-] Task d0250d11-f3c5-456b-88f5-1ca9d6ab2acc | ITER: 3 END: OK
2019-07-04 23:38:38.366 245 INFO rally.task.runner [-] Task d0250d11-f3c5-456b-88f5-1ca9d6ab2acc | ITER: 5 START
2019-07-04 23:38:38.368 247 INFO rally.task.runner [-] Task d0250d11-f3c5-456b-88f5-1ca9d6ab2acc | ITER: 4 END: OK
2019-07-04 23:38:38.369 248 INFO rally.task.runner [-] Task d0250d11-f3c5-456b-88f5-1ca9d6ab2acc | ITER: 6 START
2019-07-04 23:38:38.372 247 INFO rally.task.runner [-] Task d0250d11-f3c5-456b-88f5-1ca9d6ab2acc | ITER: 7 START
2019-07-04 23:38:38.372 246 INFO rally.task.runner [-] Task d0250d11-f3c5-456b-88f5-1ca9d6ab2acc | ITER: 2 END: OK
2019-07-04 23:38:38.377 246 INFO rally.task.runner [-] Task d0250d11-f3c5-456b-88f5-1ca9d6ab2acc | ITER: 8 START
2019-07-04 23:38:38.785 245 INFO rally.task.runner [-] Task d0250d11-f3c5-456b-88f5-1ca9d6ab2acc | ITER: 5 END: OK
2019-07-04 23:38:38.789 245 INFO rally.task.runner [-] Task d0250d11-f3c5-456b-88f5-1ca9d6ab2acc | ITER: 9 START
2019-07-04 23:38:38.876 246 INFO rally.task.runner [-] Task d0250d11-f3c5-456b-88f5-1ca9d6ab2acc | ITER: 8 END: OK
2019-07-04 23:38:38.881 247 INFO rally.task.runner [-] Task d0250d11-f3c5-456b-88f5-1ca9d6ab2acc | ITER: 7 END: OK
2019-07-04 23:38:38.881 246 INFO rally.task.runner [-] Task d0250d11-f3c5-456b-88f5-1ca9d6ab2acc | ITER: 10 START
2019-07-04 23:38:39.108 248 INFO rally.task.runner [-] Task d0250d11-f3c5-456b-88f5-1ca9d6ab2acc | ITER: 6 END: OK
2019-07-04 23:38:39.222 245 INFO rally.task.runner [-] Task d0250d11-f3c5-456b-88f5-1ca9d6ab2acc | ITER: 9 END: OK
2019-07-04 23:38:39.315 246 INFO rally.task.runner [-] Task d0250d11-f3c5-456b-88f5-1ca9d6ab2acc | ITER: 10 END: OK
2019-07-04 23:38:39.341 17 INFO rally.task.context [-] Task d0250d11-f3c5-456b-88f5-1ca9d6ab2acc | Context users@openstack cleanup() started
2019-07-04 23:38:43.938 17 INFO rally.task.context [-] Task d0250d11-f3c5-456b-88f5-1ca9d6ab2acc | Context users@openstack cleanup() finished in 4.60 sec
2019-07-04 23:38:45.124 17 INFO rally.task.engine [-] Load duration is: 1.545216
2019-07-04 23:38:45.125 17 INFO rally.task.engine [-] Full runner duration is: 1.592984
2019-07-04 23:38:45.125 17 INFO rally.task.engine [-] Full duration is: 8.887472
2019-07-04 23:38:45.516 17 INFO rally.task.engine [-] Running workload: position = 0 config = { "version": 2, "title": "A cropped version of a bigger task.", "description": "Auto-generated task from a single workload (uuid=0e5d5b23-f791-4867-8391-fbcca7d38730)", "subtasks": [ { "title": "Authenticate.validate_glance", "description": "Check Glance Client to ensure validation of token.", "scenario": { "Authenticate.validate_glance": { "repetitions": 2 } }, "contexts": { "users": { "tenants": 3, "users_per_tenant": 2 } }, "runner": { "constant": { "concurrency": 4, "times": 10 } }, "hooks": [], "sla": { "failure_rate": { "max": 0 } } } ] }
2019-07-04 23:38:45.537 17 RALLYDEBUG rally_openstack.contexts.keystone.users [-] Creating 3 tenants using 20 threads
2019-07-04 23:38:46.624 17 RALLYDEBUG rally_openstack.contexts.keystone.users [-] Creating 6 users using 20 threads
2019-07-04 23:38:48.358 17 INFO rally.task.context [-] Task d0250d11-f3c5-456b-88f5-1ca9d6ab2acc | Context users@openstack setup() finished in 2.82 sec
2019-07-04 23:38:48.366 17 RALLYDEBUG rally.task.runner [-] Starting the constant runner (task UUID: d0250d11-f3c5-456b-88f5-1ca9d6ab2acc). timeout: 0 concurrency: 4 concurrency_per_worker: 1 times: 10 concurrency_overhead: 0 processes_to_start: 4 max_cpu_used: 16
2019-07-04 23:38:48.379 349 RALLYDEBUG rally.task.runner [-] Starting a worker. concurrency: 1 args: {"repetitions": 2} times: 10 method_name: run timeout: 0 duration: None cls:
2019-07-04 23:38:48.382 350 RALLYDEBUG rally.task.runner [-] Starting a worker. concurrency: 1 args: {"repetitions": 2} times: 10 method_name: run timeout: 0 duration: None cls:
2019-07-04 23:38:48.384 351 RALLYDEBUG rally.task.runner [-] Starting a worker. concurrency: 1 args: {"repetitions": 2} times: 10 method_name: run timeout: 0 duration: None cls:
2019-07-04 23:38:48.386 349 INFO rally.task.runner [-] Task d0250d11-f3c5-456b-88f5-1ca9d6ab2acc | ITER: 1 START
2019-07-04 23:38:48.387 352 RALLYDEBUG rally.task.runner [-] Starting a worker. concurrency: 1 args: {"repetitions": 2} times: 10 method_name: run timeout: 0 duration: None cls:
2019-07-04 23:38:48.389 350 INFO rally.task.runner [-] Task d0250d11-f3c5-456b-88f5-1ca9d6ab2acc | ITER: 2 START
2019-07-04 23:38:48.391 351 INFO rally.task.runner [-] Task d0250d11-f3c5-456b-88f5-1ca9d6ab2acc | ITER: 3 START
2019-07-04 23:38:48.393 352 INFO rally.task.runner [-] Task d0250d11-f3c5-456b-88f5-1ca9d6ab2acc | ITER: 4 START
2019-07-04 23:38:49.057 352 INFO rally.task.runner [-] Task d0250d11-f3c5-456b-88f5-1ca9d6ab2acc | ITER: 4 END: OK
2019-07-04 23:38:49.060 352 INFO rally.task.runner [-] Task d0250d11-f3c5-456b-88f5-1ca9d6ab2acc | ITER: 5 START
2019-07-04 23:38:49.078 349 INFO rally.task.runner [-] Task d0250d11-f3c5-456b-88f5-1ca9d6ab2acc | ITER: 1 END: OK
2019-07-04 23:38:49.081 349 INFO rally.task.runner [-] Task d0250d11-f3c5-456b-88f5-1ca9d6ab2acc | ITER: 6 START
2019-07-04 23:38:49.110 350 INFO rally.task.runner [-] Task d0250d11-f3c5-456b-88f5-1ca9d6ab2acc | ITER: 2 END: OK
2019-07-04 23:38:49.113 350 INFO rally.task.runner [-] Task d0250d11-f3c5-456b-88f5-1ca9d6ab2acc | ITER: 7 START
2019-07-04 23:38:49.164 351 INFO rally.task.runner [-] Task d0250d11-f3c5-456b-88f5-1ca9d6ab2acc | ITER: 3 END: OK
2019-07-04 23:38:49.169 351 INFO rally.task.runner [-] Task d0250d11-f3c5-456b-88f5-1ca9d6ab2acc | ITER: 8 START
2019-07-04 23:38:49.711 350 INFO rally.task.runner [-] Task d0250d11-f3c5-456b-88f5-1ca9d6ab2acc | ITER: 7 END: OK
2019-07-04 23:38:49.715 350 INFO rally.task.runner [-] Task d0250d11-f3c5-456b-88f5-1ca9d6ab2acc | ITER: 9 START
2019-07-04 23:38:49.743 351 INFO rally.task.runner [-] Task d0250d11-f3c5-456b-88f5-1ca9d6ab2acc | ITER: 8 END: OK
2019-07-04 23:38:49.743 349 INFO rally.task.runner [-] Task d0250d11-f3c5-456b-88f5-1ca9d6ab2acc | ITER: 6 END: OK
2019-07-04 23:38:49.747 349 INFO rally.task.runner [-] Task d0250d11-f3c5-456b-88f5-1ca9d6ab2acc | ITER: 10 START
2019-07-04 23:38:49.760 352 INFO rally.task.runner [-] Task d0250d11-f3c5-456b-88f5-1ca9d6ab2acc | ITER: 5 END: OK
2019-07-04 23:38:50.284 350 INFO rally.task.runner [-] Task d0250d11-f3c5-456b-88f5-1ca9d6ab2acc | ITER: 9 END: OK
2019-07-04 23:38:50.316 349 INFO rally.task.runner [-] Task d0250d11-f3c5-456b-88f5-1ca9d6ab2acc | ITER: 10 END: OK
2019-07-04 23:38:50.344 17 INFO rally.task.context [-] Task d0250d11-f3c5-456b-88f5-1ca9d6ab2acc | Context users@openstack cleanup() started
2019-07-04 23:38:54.781 17 INFO rally.task.context [-] Task d0250d11-f3c5-456b-88f5-1ca9d6ab2acc | Context users@openstack cleanup() finished in 4.44 sec
2019-07-04 23:38:55.642 17 INFO rally.task.engine [-] Load duration is: 1.928039
2019-07-04 23:38:55.642 17 INFO rally.task.engine [-] Full runner duration is: 1.978418
2019-07-04 23:38:55.643 17 INFO rally.task.engine [-] Full duration is: 9.245236
2019-07-04 23:38:56.076 17 INFO rally.task.engine [-] Running workload: position = 0 config = { "version": 2, "title": "A cropped version of a bigger task.", "description": "Auto-generated task from a single workload (uuid=7396032c-1751-4444-a4a3-6b8278eaedeb)", "subtasks": [ { "title": "Authenticate.validate_heat", "description": "Check Heat Client to ensure validation of token.", "scenario": { "Authenticate.validate_heat": { "repetitions": 2 } }, "contexts": { "users": { "tenants": 3, "users_per_tenant": 2 } }, "runner": { "constant": { "concurrency": 4, "times": 10 } }, "hooks": [], "sla": { "failure_rate": { "max": 0 } } } ] }
2019-07-04 23:38:56.102 17 RALLYDEBUG rally_openstack.contexts.keystone.users [-] Creating 3 tenants using 20 threads
2019-07-04 23:38:57.173 17 RALLYDEBUG rally_openstack.contexts.keystone.users [-] Creating 6 users using 20 threads
2019-07-04 23:38:58.853 17 INFO rally.task.context [-] Task d0250d11-f3c5-456b-88f5-1ca9d6ab2acc | Context users@openstack setup() finished in 2.75 sec
2019-07-04 23:38:58.863 17 RALLYDEBUG rally.task.runner [-] Starting the constant runner (task UUID: d0250d11-f3c5-456b-88f5-1ca9d6ab2acc). timeout: 0 concurrency: 4 concurrency_per_worker: 1 times: 10 concurrency_overhead: 0 processes_to_start: 4 max_cpu_used: 16
2019-07-04 23:38:58.875 453 RALLYDEBUG rally.task.runner [-] Starting a worker. concurrency: 1 args: {"repetitions": 2} times: 10 method_name: run timeout: 0 duration: None cls:
2019-07-04 23:38:58.879 454 RALLYDEBUG rally.task.runner [-] Starting a worker. concurrency: 1 args: {"repetitions": 2} times: 10 method_name: run timeout: 0 duration: None cls:
2019-07-04 23:38:58.883 453 INFO rally.task.runner [-] Task d0250d11-f3c5-456b-88f5-1ca9d6ab2acc | ITER: 1 START
2019-07-04 23:38:58.882 455 RALLYDEBUG rally.task.runner [-] Starting a worker. concurrency: 1 args: {"repetitions": 2} times: 10 method_name: run timeout: 0 duration: None cls:
2019-07-04 23:38:58.886 456 RALLYDEBUG rally.task.runner [-] Starting a worker. concurrency: 1 args: {"repetitions": 2} times: 10 method_name: run timeout: 0 duration: None cls:
2019-07-04 23:38:58.887 454 INFO rally.task.runner [-] Task d0250d11-f3c5-456b-88f5-1ca9d6ab2acc | ITER: 2 START
2019-07-04 23:38:58.890 455 INFO rally.task.runner [-] Task d0250d11-f3c5-456b-88f5-1ca9d6ab2acc | ITER: 3 START
2019-07-04 23:38:58.893 456 INFO rally.task.runner [-] Task d0250d11-f3c5-456b-88f5-1ca9d6ab2acc | ITER: 4 START
2019-07-04 23:38:59.891 454 INFO rally.task.runner [-] Task d0250d11-f3c5-456b-88f5-1ca9d6ab2acc | ITER: 2 END: OK
2019-07-04 23:38:59.896 454 INFO rally.task.runner [-] Task d0250d11-f3c5-456b-88f5-1ca9d6ab2acc | ITER: 5 START
2019-07-04 23:38:59.936 453 INFO rally.task.runner [-] Task d0250d11-f3c5-456b-88f5-1ca9d6ab2acc | ITER: 1 END: OK
2019-07-04 23:38:59.939 456 INFO rally.task.runner [-] Task d0250d11-f3c5-456b-88f5-1ca9d6ab2acc | ITER: 4 END: OK
2019-07-04 23:38:59.941 453 INFO rally.task.runner [-] Task d0250d11-f3c5-456b-88f5-1ca9d6ab2acc | ITER: 6 START
2019-07-04 23:38:59.944 456 INFO rally.task.runner [-] Task d0250d11-f3c5-456b-88f5-1ca9d6ab2acc | ITER: 7 START
2019-07-04 23:39:00.241 455 INFO rally.task.runner [-] Task d0250d11-f3c5-456b-88f5-1ca9d6ab2acc | ITER: 3 END: OK
2019-07-04 23:39:00.246 455 INFO rally.task.runner [-] Task d0250d11-f3c5-456b-88f5-1ca9d6ab2acc | ITER: 8 START
2019-07-04 23:39:00.469 456 INFO rally.task.runner [-] Task d0250d11-f3c5-456b-88f5-1ca9d6ab2acc | ITER: 7 END: OK
2019-07-04 23:39:00.474 456 INFO rally.task.runner [-] Task d0250d11-f3c5-456b-88f5-1ca9d6ab2acc | ITER: 9 START
2019-07-04 23:39:00.785 454 INFO rally.task.runner [-] Task d0250d11-f3c5-456b-88f5-1ca9d6ab2acc | ITER: 5 END: OK
2019-07-04 23:39:00.790 454 INFO rally.task.runner [-] Task d0250d11-f3c5-456b-88f5-1ca9d6ab2acc | ITER: 10 START
2019-07-04 23:39:00.794 455 INFO rally.task.runner [-] Task d0250d11-f3c5-456b-88f5-1ca9d6ab2acc | ITER: 8 END: OK
2019-07-04 23:39:00.948 456 INFO rally.task.runner [-] Task d0250d11-f3c5-456b-88f5-1ca9d6ab2acc | ITER: 9 END: OK
2019-07-04 23:39:00.980 453 INFO rally.task.runner [-] Task d0250d11-f3c5-456b-88f5-1ca9d6ab2acc | ITER: 6 END: OK
2019-07-04 23:39:01.359 454 INFO rally.task.runner [-] Task d0250d11-f3c5-456b-88f5-1ca9d6ab2acc | ITER: 10 END: OK
2019-07-04 23:39:01.383 17 INFO rally.task.context [-] Task d0250d11-f3c5-456b-88f5-1ca9d6ab2acc | Context users@openstack cleanup() started
2019-07-04 23:39:05.822 17 INFO rally.task.context [-] Task d0250d11-f3c5-456b-88f5-1ca9d6ab2acc | Context users@openstack cleanup() finished in 4.44 sec
2019-07-04 23:39:06.159 17 INFO rally.task.engine [-] Load duration is: 2.474859
2019-07-04 23:39:06.159 17 INFO rally.task.engine [-] Full runner duration is: 2.520491
2019-07-04 23:39:06.160 17 INFO rally.task.engine [-] Full duration is: 9.724987
2019-07-04 23:39:06.679 17 INFO rally.task.engine [-] Running workload: position = 0 config = { "version": 2, "title": "A cropped version of a bigger task.", "description": "Auto-generated task from a single workload (uuid=b2e5bb23-9079-49f4-9dc5-e8fdaebd960c)", "subtasks": [ { "title": "Authenticate.validate_neutron", "description": "Check Neutron Client to ensure validation of token.", "scenario": { "Authenticate.validate_neutron": { "repetitions": 2 } }, "contexts": { "users": { "tenants": 3, "users_per_tenant": 2 } }, "runner": { "constant": { "concurrency": 4, "times": 10 } }, "hooks": [], "sla": { "failure_rate": { "max": 0 } } } ] }
2019-07-04 23:39:06.704 17 RALLYDEBUG rally_openstack.contexts.keystone.users [-] Creating 3 tenants using 20 threads
2019-07-04 23:39:07.779 17 RALLYDEBUG rally_openstack.contexts.keystone.users [-] Creating 6 users using 20 threads
2019-07-04 23:39:09.456 17 INFO rally.task.context [-] Task d0250d11-f3c5-456b-88f5-1ca9d6ab2acc | Context users@openstack setup() finished in 2.75 sec
2019-07-04 23:39:09.465 17 RALLYDEBUG rally.task.runner [-] Starting the constant runner (task UUID: d0250d11-f3c5-456b-88f5-1ca9d6ab2acc). timeout: 0 concurrency: 4 concurrency_per_worker: 1 times: 10 concurrency_overhead: 0 processes_to_start: 4 max_cpu_used: 16
2019-07-04 23:39:09.478 557 RALLYDEBUG rally.task.runner [-] Starting a worker. concurrency: 1 args: {"repetitions": 2} times: 10 method_name: run timeout: 0 duration: None cls:
2019-07-04 23:39:09.480 558 RALLYDEBUG rally.task.runner [-] Starting a worker. concurrency: 1 args: {"repetitions": 2} times: 10 method_name: run timeout: 0 duration: None cls:
2019-07-04 23:39:09.483 559 RALLYDEBUG rally.task.runner [-] Starting a worker. concurrency: 1 args: {"repetitions": 2} times: 10 method_name: run timeout: 0 duration: None cls:
2019-07-04 23:39:09.485 557 INFO rally.task.runner [-] Task d0250d11-f3c5-456b-88f5-1ca9d6ab2acc | ITER: 1 START
2019-07-04 23:39:09.485 560 RALLYDEBUG rally.task.runner [-] Starting a worker. concurrency: 1 args: {"repetitions": 2} times: 10 method_name: run timeout: 0 duration: None cls:
2019-07-04 23:39:09.488 558 INFO rally.task.runner [-] Task d0250d11-f3c5-456b-88f5-1ca9d6ab2acc | ITER: 2 START
2019-07-04 23:39:09.489 559 INFO rally.task.runner [-] Task d0250d11-f3c5-456b-88f5-1ca9d6ab2acc | ITER: 3 START
2019-07-04 23:39:09.492 560 INFO rally.task.runner [-] Task d0250d11-f3c5-456b-88f5-1ca9d6ab2acc | ITER: 4 START
2019-07-04 23:39:10.168 560 INFO rally.task.runner [-] Task d0250d11-f3c5-456b-88f5-1ca9d6ab2acc | ITER: 4 END: OK
2019-07-04 23:39:10.173 560 INFO rally.task.runner [-] Task d0250d11-f3c5-456b-88f5-1ca9d6ab2acc | ITER: 5 START
2019-07-04 23:39:10.203 559 INFO rally.task.runner [-] Task d0250d11-f3c5-456b-88f5-1ca9d6ab2acc | ITER: 3 END: OK
2019-07-04 23:39:10.209 559 INFO rally.task.runner [-] Task d0250d11-f3c5-456b-88f5-1ca9d6ab2acc | ITER: 6 START
2019-07-04 23:39:10.314 558 INFO rally.task.runner [-] Task d0250d11-f3c5-456b-88f5-1ca9d6ab2acc | ITER: 2 END: OK
2019-07-04 23:39:10.318 558 INFO rally.task.runner [-] Task d0250d11-f3c5-456b-88f5-1ca9d6ab2acc | ITER: 7 START
2019-07-04 23:39:10.536 557 INFO rally.task.runner [-] Task d0250d11-f3c5-456b-88f5-1ca9d6ab2acc | ITER: 1 END: OK
2019-07-04 23:39:10.542 557 INFO rally.task.runner [-] Task d0250d11-f3c5-456b-88f5-1ca9d6ab2acc | ITER: 8 START
2019-07-04 23:39:10.828 559 INFO rally.task.runner [-] Task d0250d11-f3c5-456b-88f5-1ca9d6ab2acc | ITER: 6 END: OK
2019-07-04 23:39:10.833 559 INFO rally.task.runner [-] Task d0250d11-f3c5-456b-88f5-1ca9d6ab2acc | ITER: 9 START
2019-07-04 23:39:10.864 560 INFO rally.task.runner [-] Task d0250d11-f3c5-456b-88f5-1ca9d6ab2acc | ITER: 5 END: OK
2019-07-04 23:39:10.868 560 INFO rally.task.runner [-] Task d0250d11-f3c5-456b-88f5-1ca9d6ab2acc | ITER: 10 START
2019-07-04 23:39:11.149 557 INFO rally.task.runner [-] Task d0250d11-f3c5-456b-88f5-1ca9d6ab2acc | ITER: 8 END: OK
2019-07-04 23:39:11.308 558 INFO rally.task.runner [-] Task d0250d11-f3c5-456b-88f5-1ca9d6ab2acc | ITER: 7 END: OK
2019-07-04 23:39:11.487 560 INFO rally.task.runner [-] Task d0250d11-f3c5-456b-88f5-1ca9d6ab2acc | ITER: 10 END: OK
2019-07-04 23:39:11.701 559 INFO rally.task.runner [-] Task d0250d11-f3c5-456b-88f5-1ca9d6ab2acc | ITER: 9 END: OK
2019-07-04 23:39:11.729 17 INFO rally.task.context [-] Task d0250d11-f3c5-456b-88f5-1ca9d6ab2acc | Context users@openstack cleanup() started
2019-07-04 23:39:16.175 17 INFO rally.task.context [-] Task d0250d11-f3c5-456b-88f5-1ca9d6ab2acc | Context users@openstack cleanup() finished in 4.45 sec
2019-07-04 23:39:16.778 17 INFO rally.task.engine [-] Load duration is: 2.213749
2019-07-04 23:39:16.779 17 INFO rally.task.engine [-] Full runner duration is: 2.264824
2019-07-04 23:39:16.779 17 INFO rally.task.engine [-] Full duration is: 9.475693
2019-07-04 23:39:17.286 17 INFO rally.task.engine [-] Running workload: position = 0 config = { "version": 2, "title": "A cropped version of a bigger task.", "description": "Auto-generated task from a single workload (uuid=af23a85a-c1a9-40c6-b602-b2076a6977cf)", "subtasks": [ { "title": "Authenticate.validate_nova", "description": "Check Nova Client to ensure validation of token.", "scenario": { "Authenticate.validate_nova": { "repetitions": 2 } }, "contexts": { "users": { "tenants": 3, "users_per_tenant": 2 } }, "runner": { "constant": { "concurrency": 4, "times": 10 } }, "hooks": [], "sla": { "failure_rate": { "max": 0 } } } ] }
2019-07-04 23:39:17.318 17 RALLYDEBUG rally_openstack.contexts.keystone.users [-] Creating 3 tenants using 20 threads
2019-07-04 23:39:18.328 17 RALLYDEBUG rally_openstack.contexts.keystone.users [-] Creating 6 users using 20 threads
2019-07-04 23:39:19.955 17 INFO rally.task.context [-] Task d0250d11-f3c5-456b-88f5-1ca9d6ab2acc | Context users@openstack setup() finished in 2.64 sec
2019-07-04 23:39:19.964 17 RALLYDEBUG rally.task.runner [-] Starting the constant runner (task UUID: d0250d11-f3c5-456b-88f5-1ca9d6ab2acc). timeout: 0 concurrency: 4 concurrency_per_worker: 1 times: 10 concurrency_overhead: 0 processes_to_start: 4 max_cpu_used: 16
2019-07-04 23:39:19.978 661 RALLYDEBUG rally.task.runner [-] Starting a worker. concurrency: 1 args: {"repetitions": 2} times: 10 method_name: run timeout: 0 duration: None cls:
2019-07-04 23:39:19.981 662 RALLYDEBUG rally.task.runner [-] Starting a worker. concurrency: 1 args: {"repetitions": 2} times: 10 method_name: run timeout: 0 duration: None cls:
2019-07-04 23:39:19.983 663 RALLYDEBUG rally.task.runner [-] Starting a worker. concurrency: 1 args: {"repetitions": 2} times: 10 method_name: run timeout: 0 duration: None cls:
2019-07-04 23:39:19.985 661 INFO rally.task.runner [-] Task d0250d11-f3c5-456b-88f5-1ca9d6ab2acc | ITER: 1 START
2019-07-04 23:39:19.987 664 RALLYDEBUG rally.task.runner [-] Starting a worker. concurrency: 1 args: {"repetitions": 2} times: 10 method_name: run timeout: 0 duration: None cls:
2019-07-04 23:39:19.988 662 INFO rally.task.runner [-] Task d0250d11-f3c5-456b-88f5-1ca9d6ab2acc | ITER: 2 START
2019-07-04 23:39:19.990 663 INFO rally.task.runner [-] Task d0250d11-f3c5-456b-88f5-1ca9d6ab2acc | ITER: 3 START
2019-07-04 23:39:19.995 664 INFO rally.task.runner [-] Task d0250d11-f3c5-456b-88f5-1ca9d6ab2acc | ITER: 4 START
2019-07-04 23:39:20.461 661 DEBUG novaclient.v2.client [-] REQ: curl -g -i --cacert "/etc/ssl/certs/mcp_os_cacert" -X GET http://10.167.4.35:8774/v2.1/flavors/detail -H "Accept: application/json" -H "User-Agent: python-novaclient" -H "X-Auth-Token: {SHA1}bf7f3fcc5ec8237f2496b9f84ce00a8f4a0f0475" _http_log_request /usr/lib/python2.7/site-packages/keystoneauth1/session.py:448
2019-07-04 23:39:20.462 662 DEBUG novaclient.v2.client [-] REQ: curl -g -i --cacert "/etc/ssl/certs/mcp_os_cacert" -X GET http://10.167.4.35:8774/v2.1/flavors/detail -H "Accept: application/json" -H "User-Agent: python-novaclient" -H "X-Auth-Token: {SHA1}3a1dc9338a3d937ec7086ba7b53f7de576539434" _http_log_request /usr/lib/python2.7/site-packages/keystoneauth1/session.py:448
2019-07-04 23:39:20.468 663 DEBUG novaclient.v2.client [-] REQ: curl -g -i --cacert "/etc/ssl/certs/mcp_os_cacert" -X GET http://10.167.4.35:8774/v2.1/flavors/detail -H "Accept: application/json" -H "User-Agent: python-novaclient" -H "X-Auth-Token: {SHA1}80092e0542bd0f259efe9214bb3eb4451d583adf" _http_log_request /usr/lib/python2.7/site-packages/keystoneauth1/session.py:448
2019-07-04 23:39:20.475 664 DEBUG novaclient.v2.client [-] REQ: curl -g -i --cacert "/etc/ssl/certs/mcp_os_cacert" -X GET http://10.167.4.35:8774/v2.1/flavors/detail -H "Accept: application/json" -H "User-Agent: python-novaclient" -H "X-Auth-Token: {SHA1}3f6c24ee8e49b0d2a1dc4f3e0da841f767935000" _http_log_request /usr/lib/python2.7/site-packages/keystoneauth1/session.py:448
2019-07-04 23:39:20.623 662 DEBUG novaclient.v2.client [-] RESP: [200] Connection: close Content-Length: 1014 Content-Type: application/json Date: Thu, 04 Jul 2019 23:39:20 GMT Openstack-Api-Version: compute 2.1 Vary: OpenStack-API-Version, X-OpenStack-Nova-API-Version X-Compute-Request-Id: req-e752967a-8f8b-4ca0-badc-e2889ebf6510 X-Openstack-Nova-Api-Version: 2.1 X-Openstack-Request-Id: req-e752967a-8f8b-4ca0-badc-e2889ebf6510 _http_log_response /usr/lib/python2.7/site-packages/keystoneauth1/session.py:479
2019-07-04 23:39:20.624 662 DEBUG novaclient.v2.client [-] RESP BODY: {"flavors": [{"name": "rally_full-flavor_b53f864f-15b1-4e32-b329-df20cddc543e", "links": [{"href": "http://10.167.4.35:8774/v2.1/flavors/837b0219-b4ad-4069-b7b0-ab198262f95d", "rel": "self"}, {"href": "http://10.167.4.35:8774/flavors/837b0219-b4ad-4069-b7b0-ab198262f95d", "rel": "bookmark"}], "ram": 512, "OS-FLV-DISABLED:disabled": false, "vcpus": 1, "swap": "", "os-flavor-access:is_public": true, "rxtx_factor": 1.0, "OS-FLV-EXT-DATA:ephemeral": 0, "disk": 1, "id": "837b0219-b4ad-4069-b7b0-ab198262f95d"}, {"name": "rally_full-flavor_alt_b53f864f-15b1-4e32-b329-df20cddc543e", "links": [{"href": "http://10.167.4.35:8774/v2.1/flavors/a374f771-64e2-4ef8-9b70-382e92673633", "rel": "self"}, {"href": "http://10.167.4.35:8774/flavors/a374f771-64e2-4ef8-9b70-382e92673633", "rel": "bookmark"}], "ram": 1024, "OS-FLV-DISABLED:disabled": false, "vcpus": 1, "swap": "", "os-flavor-access:is_public": true, "rxtx_factor": 1.0, "OS-FLV-EXT-DATA:ephemeral": 0, "disk": 1, "id": "a374f771-64e2-4ef8-9b70-382e92673633"}]} _http_log_response /usr/lib/python2.7/site-packages/keystoneauth1/session.py:511
2019-07-04 23:39:20.625 662 DEBUG novaclient.v2.client [-] GET call to compute for http://10.167.4.35:8774/v2.1/flavors/detail used request id req-e752967a-8f8b-4ca0-badc-e2889ebf6510 request /usr/lib/python2.7/site-packages/keystoneauth1/session.py:844
2019-07-04 23:39:20.627 662 DEBUG novaclient.v2.client [-] REQ: curl -g -i --cacert "/etc/ssl/certs/mcp_os_cacert" -X GET http://10.167.4.35:8774/v2.1/flavors/detail -H "Accept: application/json" -H "User-Agent: python-novaclient" -H "X-Auth-Token: {SHA1}3a1dc9338a3d937ec7086ba7b53f7de576539434" _http_log_request /usr/lib/python2.7/site-packages/keystoneauth1/session.py:448
2019-07-04 23:39:20.629 661 DEBUG novaclient.v2.client [-] RESP: [200] Connection: close Content-Length: 1014 Content-Type: application/json Date: Thu, 04 Jul 2019 23:39:20 GMT Openstack-Api-Version: compute 2.1 Vary: OpenStack-API-Version, X-OpenStack-Nova-API-Version X-Compute-Request-Id: req-23747b2c-1f01-48a1-a70b-028031443e57 X-Openstack-Nova-Api-Version: 2.1 X-Openstack-Request-Id: req-23747b2c-1f01-48a1-a70b-028031443e57 _http_log_response /usr/lib/python2.7/site-packages/keystoneauth1/session.py:479
2019-07-04 23:39:20.629 663 DEBUG novaclient.v2.client [-] RESP: [200] Connection: close Content-Length: 1014 Content-Type: application/json Date: Thu, 04 Jul 2019 23:39:20 GMT Openstack-Api-Version: compute 2.1 Vary: OpenStack-API-Version, X-OpenStack-Nova-API-Version X-Compute-Request-Id: req-c514fa6c-62ef-4bae-8624-958dfe1fee0a X-Openstack-Nova-Api-Version: 2.1 X-Openstack-Request-Id: req-c514fa6c-62ef-4bae-8624-958dfe1fee0a _http_log_response /usr/lib/python2.7/site-packages/keystoneauth1/session.py:479
2019-07-04 23:39:20.630 663 DEBUG novaclient.v2.client [-] RESP BODY: {"flavors": [{"name": "rally_full-flavor_b53f864f-15b1-4e32-b329-df20cddc543e", "links": [{"href": "http://10.167.4.35:8774/v2.1/flavors/837b0219-b4ad-4069-b7b0-ab198262f95d", "rel": "self"}, {"href": "http://10.167.4.35:8774/flavors/837b0219-b4ad-4069-b7b0-ab198262f95d", "rel": "bookmark"}], "ram": 512, "OS-FLV-DISABLED:disabled": false, "vcpus": 1, "swap": "", "os-flavor-access:is_public": true, "rxtx_factor": 1.0, "OS-FLV-EXT-DATA:ephemeral": 0, "disk": 1, "id": "837b0219-b4ad-4069-b7b0-ab198262f95d"}, {"name": "rally_full-flavor_alt_b53f864f-15b1-4e32-b329-df20cddc543e", "links": [{"href": "http://10.167.4.35:8774/v2.1/flavors/a374f771-64e2-4ef8-9b70-382e92673633", "rel": "self"}, {"href": "http://10.167.4.35:8774/flavors/a374f771-64e2-4ef8-9b70-382e92673633", "rel": "bookmark"}], "ram": 1024, "OS-FLV-DISABLED:disabled": false, "vcpus": 1, "swap": "", "os-flavor-access:is_public": true, "rxtx_factor": 1.0, "OS-FLV-EXT-DATA:ephemeral": 0, "disk": 1, "id": "a374f771-64e2-4ef8-9b70-382e92673633"}]} _http_log_response /usr/lib/python2.7/site-packages/keystoneauth1/session.py:511
2019-07-04 23:39:20.630 661 DEBUG novaclient.v2.client [-] RESP BODY: {"flavors": [{"name": "rally_full-flavor_b53f864f-15b1-4e32-b329-df20cddc543e", "links": [{"href": "http://10.167.4.35:8774/v2.1/flavors/837b0219-b4ad-4069-b7b0-ab198262f95d", "rel": "self"}, {"href": "http://10.167.4.35:8774/flavors/837b0219-b4ad-4069-b7b0-ab198262f95d", "rel": "bookmark"}], "ram": 512, "OS-FLV-DISABLED:disabled": false, "vcpus": 1, "swap": "", "os-flavor-access:is_public": true, "rxtx_factor": 1.0, "OS-FLV-EXT-DATA:ephemeral": 0, "disk": 1, "id": "837b0219-b4ad-4069-b7b0-ab198262f95d"}, {"name": "rally_full-flavor_alt_b53f864f-15b1-4e32-b329-df20cddc543e", "links": [{"href": "http://10.167.4.35:8774/v2.1/flavors/a374f771-64e2-4ef8-9b70-382e92673633", "rel": "self"}, {"href": "http://10.167.4.35:8774/flavors/a374f771-64e2-4ef8-9b70-382e92673633", "rel": "bookmark"}], "ram": 1024, "OS-FLV-DISABLED:disabled": false, "vcpus": 1, "swap": "", "os-flavor-access:is_public": true, "rxtx_factor": 1.0, "OS-FLV-EXT-DATA:ephemeral": 0, "disk": 1, "id": "a374f771-64e2-4ef8-9b70-382e92673633"}]} _http_log_response /usr/lib/python2.7/site-packages/keystoneauth1/session.py:511
2019-07-04 23:39:20.630 663 DEBUG novaclient.v2.client [-] GET call to compute for http://10.167.4.35:8774/v2.1/flavors/detail used request id req-c514fa6c-62ef-4bae-8624-958dfe1fee0a request /usr/lib/python2.7/site-packages/keystoneauth1/session.py:844
2019-07-04 23:39:20.630 661 DEBUG novaclient.v2.client [-] GET call to compute for http://10.167.4.35:8774/v2.1/flavors/detail used request id req-23747b2c-1f01-48a1-a70b-028031443e57 request /usr/lib/python2.7/site-packages/keystoneauth1/session.py:844
2019-07-04 23:39:20.632 663 DEBUG novaclient.v2.client [-] REQ: curl -g -i --cacert "/etc/ssl/certs/mcp_os_cacert" -X GET http://10.167.4.35:8774/v2.1/flavors/detail -H "Accept: application/json" -H "User-Agent: python-novaclient" -H "X-Auth-Token: {SHA1}80092e0542bd0f259efe9214bb3eb4451d583adf" _http_log_request /usr/lib/python2.7/site-packages/keystoneauth1/session.py:448
2019-07-04 23:39:20.632 661 DEBUG novaclient.v2.client [-] REQ: curl -g -i --cacert "/etc/ssl/certs/mcp_os_cacert" -X GET http://10.167.4.35:8774/v2.1/flavors/detail -H "Accept: application/json" -H "User-Agent: python-novaclient" -H "X-Auth-Token: {SHA1}bf7f3fcc5ec8237f2496b9f84ce00a8f4a0f0475" _http_log_request /usr/lib/python2.7/site-packages/keystoneauth1/session.py:448
2019-07-04 23:39:20.651 662 DEBUG novaclient.v2.client [-] RESP: [200] Connection: close Content-Length: 1014 Content-Type: application/json Date: Thu, 04 Jul 2019 23:39:20 GMT Openstack-Api-Version: compute 2.1 Vary: OpenStack-API-Version, X-OpenStack-Nova-API-Version X-Compute-Request-Id: req-10428e94-d21d-4cb6-94ea-839f8c89e29a X-Openstack-Nova-Api-Version: 2.1 X-Openstack-Request-Id: req-10428e94-d21d-4cb6-94ea-839f8c89e29a _http_log_response /usr/lib/python2.7/site-packages/keystoneauth1/session.py:479
2019-07-04 23:39:20.651 663 DEBUG novaclient.v2.client [-] RESP: [200] Connection: close Content-Length: 1014 Content-Type: application/json Date: Thu, 04 Jul 2019 23:39:20 GMT Openstack-Api-Version: compute 2.1 Vary: OpenStack-API-Version, X-OpenStack-Nova-API-Version X-Compute-Request-Id: req-ce9984c6-acab-432a-b329-b6ed5af58321 X-Openstack-Nova-Api-Version: 2.1 X-Openstack-Request-Id: req-ce9984c6-acab-432a-b329-b6ed5af58321 _http_log_response /usr/lib/python2.7/site-packages/keystoneauth1/session.py:479
2019-07-04 23:39:20.652 662 DEBUG novaclient.v2.client [-] RESP BODY: {"flavors": [{"name": "rally_full-flavor_b53f864f-15b1-4e32-b329-df20cddc543e", "links": [{"href": "http://10.167.4.35:8774/v2.1/flavors/837b0219-b4ad-4069-b7b0-ab198262f95d", "rel": "self"}, {"href": "http://10.167.4.35:8774/flavors/837b0219-b4ad-4069-b7b0-ab198262f95d", "rel": "bookmark"}], "ram": 512, "OS-FLV-DISABLED:disabled": false, "vcpus": 1, "swap": "", "os-flavor-access:is_public": true, "rxtx_factor": 1.0, "OS-FLV-EXT-DATA:ephemeral": 0, "disk": 1, "id": "837b0219-b4ad-4069-b7b0-ab198262f95d"}, {"name": "rally_full-flavor_alt_b53f864f-15b1-4e32-b329-df20cddc543e", "links": [{"href": "http://10.167.4.35:8774/v2.1/flavors/a374f771-64e2-4ef8-9b70-382e92673633", "rel": "self"}, {"href": "http://10.167.4.35:8774/flavors/a374f771-64e2-4ef8-9b70-382e92673633", "rel": "bookmark"}], "ram": 1024, "OS-FLV-DISABLED:disabled": false, "vcpus": 1, "swap": "", "os-flavor-access:is_public": true, "rxtx_factor": 1.0, "OS-FLV-EXT-DATA:ephemeral": 0, "disk": 1, "id": "a374f771-64e2-4ef8-9b70-382e92673633"}]} _http_log_response /usr/lib/python2.7/site-packages/keystoneauth1/session.py:511
2019-07-04 23:39:20.652 662 DEBUG novaclient.v2.client [-] GET call to compute for http://10.167.4.35:8774/v2.1/flavors/detail used request id req-10428e94-d21d-4cb6-94ea-839f8c89e29a request /usr/lib/python2.7/site-packages/keystoneauth1/session.py:844
2019-07-04 23:39:20.652 663 DEBUG novaclient.v2.client [-] RESP BODY: {"flavors": [{"name": "rally_full-flavor_b53f864f-15b1-4e32-b329-df20cddc543e", "links": [{"href": "http://10.167.4.35:8774/v2.1/flavors/837b0219-b4ad-4069-b7b0-ab198262f95d", "rel": "self"}, {"href": "http://10.167.4.35:8774/flavors/837b0219-b4ad-4069-b7b0-ab198262f95d", "rel": "bookmark"}], "ram": 512, "OS-FLV-DISABLED:disabled": false, "vcpus": 1, "swap": "", "os-flavor-access:is_public": true, "rxtx_factor": 1.0, "OS-FLV-EXT-DATA:ephemeral": 0, "disk": 1, "id": "837b0219-b4ad-4069-b7b0-ab198262f95d"}, {"name": "rally_full-flavor_alt_b53f864f-15b1-4e32-b329-df20cddc543e", "links": [{"href": "http://10.167.4.35:8774/v2.1/flavors/a374f771-64e2-4ef8-9b70-382e92673633", "rel": "self"}, {"href": "http://10.167.4.35:8774/flavors/a374f771-64e2-4ef8-9b70-382e92673633", "rel": "bookmark"}], "ram": 1024, "OS-FLV-DISABLED:disabled": false, "vcpus": 1, "swap": "", "os-flavor-access:is_public": true, "rxtx_factor": 1.0, "OS-FLV-EXT-DATA:ephemeral": 0, "disk": 1, "id": "a374f771-64e2-4ef8-9b70-382e92673633"}]} _http_log_response /usr/lib/python2.7/site-packages/keystoneauth1/session.py:511
2019-07-04 23:39:20.652 664 DEBUG novaclient.v2.client [-] RESP: [200] Connection: close Content-Length: 1014 Content-Type: application/json Date: Thu, 04 Jul 2019 23:39:20 GMT Openstack-Api-Version: compute 2.1 Vary: OpenStack-API-Version, X-OpenStack-Nova-API-Version X-Compute-Request-Id: req-08727ed6-b94f-413b-ab46-9869537070b9 X-Openstack-Nova-Api-Version: 2.1 X-Openstack-Request-Id: req-08727ed6-b94f-413b-ab46-9869537070b9 _http_log_response /usr/lib/python2.7/site-packages/keystoneauth1/session.py:479
2019-07-04 23:39:20.653 663 DEBUG novaclient.v2.client [-] GET call to compute for http://10.167.4.35:8774/v2.1/flavors/detail used request id req-ce9984c6-acab-432a-b329-b6ed5af58321 request /usr/lib/python2.7/site-packages/keystoneauth1/session.py:844
2019-07-04 23:39:20.653 664 DEBUG novaclient.v2.client [-] RESP BODY: {"flavors": [{"name": "rally_full-flavor_b53f864f-15b1-4e32-b329-df20cddc543e", "links": [{"href": "http://10.167.4.35:8774/v2.1/flavors/837b0219-b4ad-4069-b7b0-ab198262f95d", "rel": "self"}, {"href": "http://10.167.4.35:8774/flavors/837b0219-b4ad-4069-b7b0-ab198262f95d", "rel": "bookmark"}], "ram": 512, "OS-FLV-DISABLED:disabled": false, "vcpus": 1, "swap": "", "os-flavor-access:is_public": true, "rxtx_factor": 1.0, "OS-FLV-EXT-DATA:ephemeral": 0, "disk": 1, "id": "837b0219-b4ad-4069-b7b0-ab198262f95d"}, {"name": "rally_full-flavor_alt_b53f864f-15b1-4e32-b329-df20cddc543e", "links": [{"href": "http://10.167.4.35:8774/v2.1/flavors/a374f771-64e2-4ef8-9b70-382e92673633", "rel": "self"}, {"href": "http://10.167.4.35:8774/flavors/a374f771-64e2-4ef8-9b70-382e92673633", "rel": "bookmark"}], "ram": 1024, "OS-FLV-DISABLED:disabled": false, "vcpus": 1, "swap": "", "os-flavor-access:is_public": true, "rxtx_factor": 1.0, "OS-FLV-EXT-DATA:ephemeral": 0, "disk": 1, "id": "a374f771-64e2-4ef8-9b70-382e92673633"}]} _http_log_response /usr/lib/python2.7/site-packages/keystoneauth1/session.py:511
2019-07-04 23:39:20.653 662 INFO rally.task.runner [-] Task d0250d11-f3c5-456b-88f5-1ca9d6ab2acc | ITER: 2 END: OK
2019-07-04 23:39:20.654 664 DEBUG novaclient.v2.client [-] GET call to compute for http://10.167.4.35:8774/v2.1/flavors/detail used request id req-08727ed6-b94f-413b-ab46-9869537070b9 request /usr/lib/python2.7/site-packages/keystoneauth1/session.py:844
2019-07-04 23:39:20.654 663 INFO rally.task.runner [-] Task d0250d11-f3c5-456b-88f5-1ca9d6ab2acc | ITER: 3 END: OK
2019-07-04 23:39:20.655 664 DEBUG novaclient.v2.client [-] REQ: curl -g -i --cacert "/etc/ssl/certs/mcp_os_cacert" -X GET http://10.167.4.35:8774/v2.1/flavors/detail -H "Accept: application/json" -H "User-Agent: python-novaclient" -H "X-Auth-Token: {SHA1}3f6c24ee8e49b0d2a1dc4f3e0da841f767935000" _http_log_request /usr/lib/python2.7/site-packages/keystoneauth1/session.py:448
2019-07-04 23:39:20.656 661 DEBUG novaclient.v2.client [-] RESP: [200] Connection: close Content-Length: 1014 Content-Type: application/json Date: Thu, 04 Jul 2019 23:39:20 GMT Openstack-Api-Version: compute 2.1 Vary: OpenStack-API-Version, X-OpenStack-Nova-API-Version X-Compute-Request-Id: req-aecf71ea-051e-424b-b62a-a77e0de726cb X-Openstack-Nova-Api-Version: 2.1 X-Openstack-Request-Id: req-aecf71ea-051e-424b-b62a-a77e0de726cb _http_log_response /usr/lib/python2.7/site-packages/keystoneauth1/session.py:479
2019-07-04 23:39:20.656 661 DEBUG novaclient.v2.client [-] RESP BODY: {"flavors": [{"name": "rally_full-flavor_b53f864f-15b1-4e32-b329-df20cddc543e", "links": [{"href": "http://10.167.4.35:8774/v2.1/flavors/837b0219-b4ad-4069-b7b0-ab198262f95d", "rel": "self"}, {"href": "http://10.167.4.35:8774/flavors/837b0219-b4ad-4069-b7b0-ab198262f95d", "rel": "bookmark"}], "ram": 512, "OS-FLV-DISABLED:disabled": false, "vcpus": 1, "swap": "", "os-flavor-access:is_public": true, "rxtx_factor": 1.0, "OS-FLV-EXT-DATA:ephemeral": 0, "disk": 1, "id": "837b0219-b4ad-4069-b7b0-ab198262f95d"}, {"name": "rally_full-flavor_alt_b53f864f-15b1-4e32-b329-df20cddc543e", "links": [{"href": "http://10.167.4.35:8774/v2.1/flavors/a374f771-64e2-4ef8-9b70-382e92673633", "rel": "self"}, {"href": "http://10.167.4.35:8774/flavors/a374f771-64e2-4ef8-9b70-382e92673633", "rel": "bookmark"}], "ram": 1024, "OS-FLV-DISABLED:disabled": false, "vcpus": 1, "swap": "", "os-flavor-access:is_public": true, "rxtx_factor": 1.0, "OS-FLV-EXT-DATA:ephemeral": 0, "disk": 1, "id": "a374f771-64e2-4ef8-9b70-382e92673633"}]} _http_log_response /usr/lib/python2.7/site-packages/keystoneauth1/session.py:511
2019-07-04 23:39:20.657 661 DEBUG novaclient.v2.client [-] GET call to compute for http://10.167.4.35:8774/v2.1/flavors/detail used request id req-aecf71ea-051e-424b-b62a-a77e0de726cb request /usr/lib/python2.7/site-packages/keystoneauth1/session.py:844
2019-07-04 23:39:20.658 661 INFO rally.task.runner [-] Task d0250d11-f3c5-456b-88f5-1ca9d6ab2acc | ITER: 1 END: OK
