2019-07-02 01:53:15.646 25731 RALLYDEBUG rally_openstack.cleanup.manager [-] Deleting neutron.port object s_rally_c2f597f3_KJspUPT5 (d62e0e29-5108-49af-bba4-187aee0f4cc8)
2019-07-02 01:53:15.722 25731 RALLYDEBUG rally_openstack.cleanup.manager [-] Deleting neutron.port object s_rally_c2f597f3_aSZIbn9i (d6851667-09d8-4e66-ac34-a939df45f154)
2019-07-02 01:53:16.050 25731 RALLYDEBUG rally_openstack.cleanup.manager [-] Deleting neutron.port object s_rally_c2f597f3_Nf7CCyif (d72f1973-1e4a-440f-9aa7-f597199d4ad1)
2019-07-02 01:53:16.075 25731 RALLYDEBUG rally_openstack.cleanup.manager [-] Deleting neutron.port object s_rally_c2f597f3_y05KZ0Ac (d7c42e8e-c819-4892-ba02-fb3590ed353b)
2019-07-02 01:53:16.204 25731 RALLYDEBUG rally_openstack.cleanup.manager [-] Deleting neutron.port object s_rally_c2f597f3_USYG5GK3 (d9419b4a-b7ed-474b-b285-b14f6e74528e)
2019-07-02 01:53:16.220 25731 RALLYDEBUG rally_openstack.cleanup.manager [-] Deleting neutron.port object s_rally_c2f597f3_tXY2ZNdH (d98780ed-0f64-49df-9276-636f0ba3eb01)
2019-07-02 01:53:16.546 25731 RALLYDEBUG rally_openstack.cleanup.manager [-] Deleting neutron.port object s_rally_c2f597f3_RnyEqmfS (da8741a0-be7e-44bf-9265-da7eb6e8200c)
2019-07-02 01:53:16.583 25731 RALLYDEBUG rally_openstack.cleanup.manager [-] Deleting neutron.port object s_rally_c2f597f3_uP2JH1Ih (dcf8f3b1-960b-4292-a2b1-5faa163557e9)
2019-07-02 01:53:16.632 25731 RALLYDEBUG rally_openstack.cleanup.manager [-] Deleting neutron.port object s_rally_c2f597f3_PSYkXAVC (de4f3b39-bd04-49f9-bf1e-63912c0f6c0f)
2019-07-02 01:53:16.640 25731 RALLYDEBUG rally_openstack.cleanup.manager [-] Deleting neutron.port object s_rally_c2f597f3_mcjuFUV9 (deb41f09-fa00-4d0b-b356-ec4961a5420e)
2019-07-02 01:53:16.940 25731 RALLYDEBUG rally_openstack.cleanup.manager [-] Deleting neutron.port object s_rally_c2f597f3_mbPs8irM (df355464-449c-4424-bc21-cb2fabbb9bb3)
2019-07-02 01:53:16.943 25731 RALLYDEBUG rally_openstack.cleanup.manager [-] Deleting neutron.port object s_rally_c2f597f3_eiqRWdmc (df51d80c-5ca7-4474-8b31-e7da2092c347)
2019-07-02 01:53:17.040 25731 RALLYDEBUG rally_openstack.cleanup.manager [-] Deleting neutron.port object s_rally_c2f597f3_sAExBopg (df918c79-6384-420b-814d-fe6754ce9241)
2019-07-02 01:53:17.142 25731 RALLYDEBUG rally_openstack.cleanup.manager [-] Deleting neutron.port object s_rally_c2f597f3_CAMWYafp (e05e38c7-6775-426f-928d-920ef6589b82)
2019-07-02 01:53:17.335 25731 RALLYDEBUG rally_openstack.cleanup.manager [-] Deleting neutron.port object s_rally_c2f597f3_8MSt4KRH (e1155e8f-a5e2-4086-a24d-0dbd0c7f3a4e)
2019-07-02 01:53:17.435 25731 RALLYDEBUG rally_openstack.cleanup.manager [-] Deleting neutron.port object s_rally_c2f597f3_JWbC3lk5 (e5a10d87-d0c0-461f-9036-bab8c6dccb3b)
2019-07-02 01:53:17.636 25731 RALLYDEBUG rally_openstack.cleanup.manager [-] Deleting neutron.port object s_rally_c2f597f3_yu5kpJSM (e5c46667-384b-4e15-9efb-86962aec18cb)
2019-07-02 01:53:17.649 25731 RALLYDEBUG rally_openstack.cleanup.manager [-] Deleting neutron.port object s_rally_c2f597f3_5FdH0Hx1 (e6259038-c9c1-40eb-ba5d-025d39d55b90)
2019-07-02 01:53:17.652 25731 RALLYDEBUG rally_openstack.cleanup.manager [-] Deleting neutron.port object s_rally_c2f597f3_8har1g0N (e65ea86c-2f7b-4331-b0f0-0f554c23905d)
2019-07-02 01:53:17.752 25731 RALLYDEBUG rally_openstack.cleanup.manager [-] Deleting neutron.port object s_rally_c2f597f3_WQOo82CY (e7034444-d5f6-416a-909d-e0d64b4dd591)
2019-07-02 01:53:17.857 25731 RALLYDEBUG rally_openstack.cleanup.manager [-] Deleting neutron.port object s_rally_c2f597f3_rtV4ayXD (e8cc4c7e-ec2b-4717-8f76-16bd6f6123ce)
2019-07-02 01:53:17.858 25731 RALLYDEBUG rally_openstack.cleanup.manager [-] Deleting neutron.port object s_rally_c2f597f3_gnmAiUjY (e82c5911-d66f-4d5b-b14d-f8dfac13ba3f)
2019-07-02 01:53:18.111 25731 RALLYDEBUG rally_openstack.cleanup.manager [-] Deleting neutron.port object s_rally_c2f597f3_euZwKWYt (e8edbc51-b4cf-433f-95e4-64bc0c08c853)
2019-07-02 01:53:18.150 25731 RALLYDEBUG rally_openstack.cleanup.manager [-] Deleting neutron.port object s_rally_c2f597f3_aUh1YPra (e95cd0e1-d3be-4f83-a7b9-bce4bc98ade2)
2019-07-02 01:53:18.301 25731 RALLYDEBUG rally_openstack.cleanup.manager [-] Deleting neutron.port object s_rally_c2f597f3_2pVGeYGC (e9a4467f-9267-4f83-8eff-bafc1b4f7587)
2019-07-02 01:53:18.393 25731 RALLYDEBUG rally_openstack.cleanup.manager [-] Deleting neutron.port object s_rally_c2f597f3_ppvfSSx6 (ea3a0075-db8b-4fb0-a2a1-3520fb8faad9)
2019-07-02 01:53:18.482 25731 RALLYDEBUG rally_openstack.cleanup.manager [-] Deleting neutron.port object s_rally_c2f597f3_Q6smoKEc (ea6ad43e-a65d-4b66-b20c-e8bc034fa856)
2019-07-02 01:53:18.499 25731 RALLYDEBUG rally_openstack.cleanup.manager [-] Deleting neutron.port object s_rally_c2f597f3_owJvvemn (ead38307-5690-4261-b8a2-59daedf10666)
2019-07-02 01:53:18.615 25731 RALLYDEBUG rally_openstack.cleanup.manager [-] Deleting neutron.port object s_rally_c2f597f3_MK3El9Xu (ead8dbc5-6e82-489b-84ab-a7d6449f0388)
2019-07-02 01:53:18.687 25731 RALLYDEBUG rally_openstack.cleanup.manager [-] Deleting neutron.port object s_rally_c2f597f3_l2gqe6JI (ec1fa968-5a2b-43a1-bfa6-6f088377e4ac)
2019-07-02 01:53:18.793 25731 RALLYDEBUG rally_openstack.cleanup.manager [-] Deleting neutron.port object s_rally_c2f597f3_Hu4GHDmG (ed4fea83-5c78-4bac-816b-fe61e69ee7a5)
2019-07-02 01:53:18.924 25731 RALLYDEBUG rally_openstack.cleanup.manager [-] Deleting neutron.port object s_rally_c2f597f3_H4Q9yina (edf5bb26-335b-4570-bd3e-378295ae7ff5)
2019-07-02 01:53:19.035 25731 RALLYDEBUG rally_openstack.cleanup.manager [-] Deleting neutron.port object s_rally_c2f597f3_z35Trffk (ee627bb2-6b97-4819-924c-1f17051b68c2)
2019-07-02 01:53:19.075 25731 RALLYDEBUG rally_openstack.cleanup.manager [-] Deleting neutron.port object s_rally_c2f597f3_jK4lJpgj (eeadadcf-648a-46e7-b7a0-230b0974b7c6)
2019-07-02 01:53:19.208 25731 RALLYDEBUG rally_openstack.cleanup.manager [-] Deleting neutron.port object s_rally_c2f597f3_hlWZdSvX (f002ec20-2896-4080-b789-25d9562adf31)
2019-07-02 01:53:19.245 25731 RALLYDEBUG rally_openstack.cleanup.manager [-] Deleting neutron.port object s_rally_c2f597f3_9BUIdmzd (f07920ca-f13a-4c2b-8a56-a2385df66c1b)
2019-07-02 01:53:19.466 25731 RALLYDEBUG rally_openstack.cleanup.manager [-] Deleting neutron.port object s_rally_c2f597f3_N5nV4yYB (f0a75307-6952-43a2-9f41-1ae272d89846)
2019-07-02 01:53:19.607 25731 RALLYDEBUG rally_openstack.cleanup.manager [-] Deleting neutron.port object s_rally_c2f597f3_hu2qd79T (f154147a-979f-448d-90c2-85846d3510f7)
2019-07-02 01:53:19.636 25731 RALLYDEBUG rally_openstack.cleanup.manager [-] Deleting neutron.port object s_rally_c2f597f3_KrbceGmZ (f201d239-3f9a-471f-b541-75600e44e9ed)
2019-07-02 01:53:19.637 25731 RALLYDEBUG rally_openstack.cleanup.manager [-] Deleting neutron.port object s_rally_c2f597f3_orEuleCW (f170bd1c-c81e-42f6-822f-6981d2a499e7)
2019-07-02 01:53:19.677 25731 RALLYDEBUG rally_openstack.cleanup.manager [-] Deleting neutron.port object s_rally_c2f597f3_gWLPEaI6 (f2b66f3f-adba-4584-889b-261a39c19660)
2019-07-02 01:53:19.999 25731 RALLYDEBUG rally_openstack.cleanup.manager [-] Deleting neutron.port object s_rally_c2f597f3_4W3Y3Mng (f3f60029-679d-4eea-812d-8bd42f4b7540)
2019-07-02 01:53:20.031 25731 RALLYDEBUG rally_openstack.cleanup.manager [-] Deleting neutron.port object s_rally_c2f597f3_p0F5ceIz (f4539077-b996-4daa-b837-c194b68a5da3)
2019-07-02 01:53:20.204 25731 RALLYDEBUG rally_openstack.cleanup.manager [-] Deleting neutron.port object s_rally_c2f597f3_MlPq4fJN (f477d92b-9eab-4e85-b77c-bfd0530a44dd)
2019-07-02 01:53:20.335 25731 RALLYDEBUG rally_openstack.cleanup.manager [-] Deleting neutron.port object s_rally_c2f597f3_rNwoPZKt (f4d8b55b-92aa-4691-9bee-449beb4295bc)
2019-07-02 01:53:20.483 25731 RALLYDEBUG rally_openstack.cleanup.manager [-] Deleting neutron.port object s_rally_c2f597f3_qgxeGi5i (f55cd5e0-4c20-4c3b-ba35-5d17f76fd56d)
2019-07-02 01:53:20.527 25731 RALLYDEBUG rally_openstack.cleanup.manager [-] Deleting neutron.port object s_rally_c2f597f3_hubUHbkY (f6fb593b-48c1-4dde-9f45-f3e480b0d92c)
2019-07-02 01:53:20.589 25731 RALLYDEBUG rally_openstack.cleanup.manager [-] Deleting neutron.port object s_rally_c2f597f3_JH2usIVO (f711f2f6-4f86-4cdd-af8c-2a65fba306e5)
2019-07-02 01:53:20.624 25731 RALLYDEBUG rally_openstack.cleanup.manager [-] Deleting neutron.port object s_rally_c2f597f3_jRadsEkf (f7ae0172-c63e-4dba-8efa-38b5a7937f59)
2019-07-02 01:53:20.789 25731 RALLYDEBUG rally_openstack.cleanup.manager [-] Deleting neutron.port object s_rally_c2f597f3_uAyj8QW2 (f8367c7f-913a-479c-be72-75d0f9ddb01f)
2019-07-02 01:53:21.009 25731 RALLYDEBUG rally_openstack.cleanup.manager [-] Deleting neutron.port object s_rally_c2f597f3_J2Bwc855 (f8cb9e28-ddbc-4232-885e-6998510bcd94)
2019-07-02 01:53:21.182 25731 RALLYDEBUG rally_openstack.cleanup.manager [-] Deleting neutron.port object s_rally_c2f597f3_Yf8nfD5D (f8d5c5ca-e65e-4f6c-bdaa-6eef6f69a5f2)
2019-07-02 01:53:21.262 25731 RALLYDEBUG rally_openstack.cleanup.manager [-] Deleting neutron.port object s_rally_c2f597f3_MatR0ixk (f96dff9b-c179-48c1-ad45-f9f0a8f6dbe7)
2019-07-02 01:53:21.358 25731 RALLYDEBUG rally_openstack.cleanup.manager [-] Deleting neutron.port object s_rally_c2f597f3_Mg2vubAJ (f9e7835d-887d-49ff-961b-7013f0527c19)
2019-07-02 01:53:21.510 25731 RALLYDEBUG rally_openstack.cleanup.manager [-] Deleting neutron.port object s_rally_c2f597f3_JBU8Gv1I (fabb1352-e5d7-41c3-9396-275f208b801a)
2019-07-02 01:53:21.523 25731 RALLYDEBUG rally_openstack.cleanup.manager [-] Deleting neutron.port object s_rally_c2f597f3_Q4ALAm8I (fac44193-b91c-40d5-9b52-821557034b0c)
2019-07-02 01:53:21.547 25731 RALLYDEBUG rally_openstack.cleanup.manager [-] Deleting neutron.port object s_rally_c2f597f3_Ekc7ds0l (fc54f902-1db0-4286-9de2-b409047a0b06)
2019-07-02 01:53:21.637 25731 RALLYDEBUG rally_openstack.cleanup.manager [-] Deleting neutron.port object s_rally_c2f597f3_ntDtiDVy (fce7ada9-c6df-446c-980e-95936fcb9477)
2019-07-02 01:53:21.801 25731 RALLYDEBUG rally_openstack.cleanup.manager [-] Deleting neutron.port object s_rally_c2f597f3_c81fhJS8 (fd758630-e406-4130-82a9-1ee764a4ba9a)
2019-07-02 01:53:21.844 25731 RALLYDEBUG rally_openstack.cleanup.manager [-] Deleting neutron.port object s_rally_c2f597f3_BwDqUUev (feb9f41d-9ff8-4ea1-a05a-555b4499756c)
2019-07-02 01:53:21.870 25731 RALLYDEBUG rally_openstack.cleanup.manager [-] Deleting neutron.port object s_rally_c2f597f3_y7T76MZ2 (fed4571c-7a93-4f41-bd37-599c0f22c1c9)
2019-07-02 01:53:21.888 25731 RALLYDEBUG rally_openstack.cleanup.manager [-] Deleting neutron.port object s_rally_c2f597f3_XAKfJgAT (ffc79886-8532-49c4-bb81-ca8f3d03c367)
2019-07-02 01:53:23.980 25731 RALLYDEBUG rally_openstack.cleanup.manager [-] Cleaning up neutron subnet objects
2019-07-02 01:53:24.404 25731 RALLYDEBUG rally_openstack.cleanup.manager [-] Cleaning up neutron network objects
2019-07-02 01:53:25.155 25731 RALLYDEBUG rally_openstack.cleanup.manager [-] Deleting neutron.network object s_rally_c2f597f3_TMH55SeM (210d0407-8184-4574-88b3-a5547ff4393d)
2019-07-02 01:53:25.176 25731 RALLYDEBUG rally_openstack.cleanup.manager [-] Deleting neutron.network object s_rally_c2f597f3_lgmiXwEN (2dae0256-981a-4d34-b9e3-c003473427ad)
2019-07-02 01:53:25.180 25731 RALLYDEBUG rally_openstack.cleanup.manager [-] Deleting neutron.network object s_rally_c2f597f3_fvvJFG5a (2514666e-8fef-4381-8406-08bff2982590)
2019-07-02 01:53:25.181 25731 RALLYDEBUG rally_openstack.cleanup.manager [-] Deleting neutron.network object s_rally_c2f597f3_ngMlJsT8 (21bb2300-648c-4088-974e-82d16737b580)
2019-07-02 01:53:25.196 25731 RALLYDEBUG rally_openstack.cleanup.manager [-] Deleting neutron.network object s_rally_c2f597f3_3TD64sXL (d11f6bc6-97d6-4841-9b7c-c5f6772c823e)
2019-07-02 01:53:25.198 25731 RALLYDEBUG rally_openstack.cleanup.manager [-] Deleting neutron.network object s_rally_c2f597f3_w4hkJCNc (d698e8c9-068f-4cdb-8c6c-8b7677f2d8cf)
2019-07-02 01:53:25.198 25731 RALLYDEBUG rally_openstack.cleanup.manager [-] Deleting neutron.network object s_rally_c2f597f3_QOGis5gb (968b6b8c-4444-422a-be35-f879f8d1746f)
2019-07-02 01:53:25.203 25731 RALLYDEBUG rally_openstack.cleanup.manager [-] Deleting neutron.network object s_rally_c2f597f3_PmgSseTE (e1c91d7b-2c3e-4221-a836-49a75ab0c384)
2019-07-02 01:53:27.625 25731 RALLYDEBUG rally_openstack.cleanup.manager [-] Cleaning up neutron router objects
2019-07-02 01:53:28.069 25731 RALLYDEBUG rally_openstack.cleanup.manager [-] Cleaning up neutron security_group objects
2019-07-02 01:53:28.490 25731 INFO rally.task.context [-] Task 07d099a4-ccaa-4319-b5b2-772b9a7bd30a | Context cleanup@openstack cleanup() finished in 51.36 sec
2019-07-02 01:53:28.491 25731 INFO rally.task.context [-] Task 07d099a4-ccaa-4319-b5b2-772b9a7bd30a | Context quotas@openstack cleanup() started
2019-07-02 01:53:28.582 25731 INFO rally.task.context [-] Task 07d099a4-ccaa-4319-b5b2-772b9a7bd30a | Context quotas@openstack cleanup() finished in 90.88 msec
2019-07-02 01:53:28.582 25731 INFO rally.task.context [-] Task 07d099a4-ccaa-4319-b5b2-772b9a7bd30a | Context users@openstack cleanup() started
2019-07-02 01:53:31.411 25731 INFO rally.task.context [-] Task 07d099a4-ccaa-4319-b5b2-772b9a7bd30a | Context users@openstack cleanup() finished in 2.83 sec
2019-07-02 01:53:33.154 25731 INFO rally.task.engine [-] Load duration is: 57.390168
2019-07-02 01:53:33.155 25731 INFO rally.task.engine [-] Full runner duration is: 57.444348
2019-07-02 01:53:33.155 25731 INFO rally.task.engine [-] Full duration is: 114.854124
2019-07-02 01:53:33.418 25731 INFO rally.task.engine [-] Running workload: position = 1 config = { "version": 2, "title": "A cropped version of a bigger task.", "description": "Auto-generated task from a single workload (uuid=17668980-10c5-4e5a-a9cd-7601e43d7373)", "subtasks": [ { "title": "NeutronNetworks.create_and_update_ports", "description": "Create and update a given number of ports.", "scenario": { "NeutronNetworks.create_and_update_ports": { "network_create_args": {}, "port_create_args": {}, "ports_per_network": 5, "port_update_args": { "admin_state_up": false, "device_id": "dummy_id", "device_owner": "dummy_owner", "name": "_port_updated" } } }, "contexts": { "users": { "tenants": 1, "users_per_tenant": 1 }, "quotas": { "neutron": { "network": -1, "port": -1 } } }, "runner": { "constant": { "times": 40, "concurrency": 20 } }, "hooks": [], "sla": { "failure_rate": { "max": 0 } } } ] }
2019-07-02 01:53:33.447 25731 RALLYDEBUG rally_openstack.contexts.keystone.users [-] Creating 1 tenants using 20 threads
2019-07-02 01:53:34.429 25731 RALLYDEBUG rally_openstack.contexts.keystone.users [-] Creating 1 users using 20 threads
2019-07-02 01:53:35.882 25731 INFO rally.task.context [-] Task 07d099a4-ccaa-4319-b5b2-772b9a7bd30a | Context users@openstack setup() finished in 2.44 sec
2019-07-02 01:53:36.406 25731 INFO rally.task.context [-] Task 07d099a4-ccaa-4319-b5b2-772b9a7bd30a | Context quotas@openstack setup() finished in 0.52 sec
2019-07-02 01:53:36.407 25731 INFO rally.task.context [-] Task 07d099a4-ccaa-4319-b5b2-772b9a7bd30a | Context cleanup@openstack setup() finished in 0.01 msec
2019-07-02 01:53:36.416 25731 RALLYDEBUG rally.task.runner [-] Starting the constant runner (task UUID: 07d099a4-ccaa-4319-b5b2-772b9a7bd30a). timeout: 0 concurrency: 20 concurrency_per_worker: 1 times: 40 concurrency_overhead: 4 processes_to_start: 16 max_cpu_used: 16
2019-07-02 01:53:36.431 29607 RALLYDEBUG rally.task.runner [-] Starting a worker. concurrency: 2 args: {"network_create_args": {}, "port_create_args": {}, "ports_per_network": 5, "port_update_args": {"admin_state_up": false, "device_id": "dummy_id", "device_owner": "dummy_owner", "name": "_port_updated"}} times: 40 method_name: run timeout: 0 duration: None cls:
2019-07-02 01:53:36.434 29608 RALLYDEBUG rally.task.runner [-] Starting a worker. concurrency: 2 args: {"network_create_args": {}, "port_create_args": {}, "ports_per_network": 5, "port_update_args": {"admin_state_up": false, "device_id": "dummy_id", "device_owner": "dummy_owner", "name": "_port_updated"}} times: 40 method_name: run timeout: 0 duration: None cls:
2019-07-02 01:53:36.437 29609 RALLYDEBUG rally.task.runner [-] Starting a worker. concurrency: 2 args: {"network_create_args": {}, "port_create_args": {}, "ports_per_network": 5, "port_update_args": {"admin_state_up": false, "device_id": "dummy_id", "device_owner": "dummy_owner", "name": "_port_updated"}} times: 40 method_name: run timeout: 0 duration: None cls:
2019-07-02 01:53:36.440 29610 RALLYDEBUG rally.task.runner [-] Starting a worker. concurrency: 2 args: {"network_create_args": {}, "port_create_args": {}, "ports_per_network": 5, "port_update_args": {"admin_state_up": false, "device_id": "dummy_id", "device_owner": "dummy_owner", "name": "_port_updated"}} times: 40 method_name: run timeout: 0 duration: None cls:
2019-07-02 01:53:36.442 29607 INFO rally.task.runner [-] Task 07d099a4-ccaa-4319-b5b2-772b9a7bd30a | ITER: 1 START
2019-07-02 01:53:36.443 29608 INFO rally.task.runner [-] Task 07d099a4-ccaa-4319-b5b2-772b9a7bd30a | ITER: 2 START
2019-07-02 01:53:36.444 29611 RALLYDEBUG rally.task.runner [-] Starting a worker. concurrency: 1 args: {"network_create_args": {}, "port_create_args": {}, "ports_per_network": 5, "port_update_args": {"admin_state_up": false, "device_id": "dummy_id", "device_owner": "dummy_owner", "name": "_port_updated"}} times: 40 method_name: run timeout: 0 duration: None cls:
2019-07-02 01:53:36.445 29607 WARNING rally_openstack.scenarios.neutron.utils [-] Running this scenario without either the 'network' or 'existing_network' context is deprecated
2019-07-02 01:53:36.447 29609 INFO rally.task.runner [-] Task 07d099a4-ccaa-4319-b5b2-772b9a7bd30a | ITER: 4 START
2019-07-02 01:53:36.449 29609 WARNING rally_openstack.scenarios.neutron.utils [-] Running this scenario without either the 'network' or 'existing_network' context is deprecated
2019-07-02 01:53:36.448 29608 WARNING rally_openstack.scenarios.neutron.utils [-] Running this scenario without either the 'network' or 'existing_network' context is deprecated
2019-07-02 01:53:36.450 29610 INFO rally.task.runner [-] Task 07d099a4-ccaa-4319-b5b2-772b9a7bd30a | ITER: 6 START
2019-07-02 01:53:36.450 29615 RALLYDEBUG rally.task.runner [-] Starting a worker. concurrency: 1 args: {"network_create_args": {}, "port_create_args": {}, "ports_per_network": 5, "port_update_args": {"admin_state_up": false, "device_id": "dummy_id", "device_owner": "dummy_owner", "name": "_port_updated"}} times: 40 method_name: run timeout: 0 duration: None cls:
2019-07-02 01:53:36.450 29608 INFO rally.task.runner [-] Task 07d099a4-ccaa-4319-b5b2-772b9a7bd30a | ITER: 5 START
2019-07-02 01:53:36.452 29610 WARNING rally_openstack.scenarios.neutron.utils [-] Running this scenario without either the 'network' or 'existing_network' context is deprecated
2019-07-02 01:53:36.452 29620 RALLYDEBUG rally.task.runner [-] Starting a worker. concurrency: 1 args: {"network_create_args": {}, "port_create_args": {}, "ports_per_network": 5, "port_update_args": {"admin_state_up": false, "device_id": "dummy_id", "device_owner": "dummy_owner", "name": "_port_updated"}} times: 40 method_name: run timeout: 0 duration: None cls:
2019-07-02 01:53:36.453 29611 INFO rally.task.runner [-] Task 07d099a4-ccaa-4319-b5b2-772b9a7bd30a | ITER: 8 START
2019-07-02 01:53:36.455 29611 WARNING rally_openstack.scenarios.neutron.utils [-] Running this scenario without either the 'network' or 'existing_network' context is deprecated
2019-07-02 01:53:36.450 29607 INFO rally.task.runner [-] Task 07d099a4-ccaa-4319-b5b2-772b9a7bd30a | ITER: 3 START
2019-07-02 01:53:36.457 29624 RALLYDEBUG rally.task.runner [-] Starting a worker. concurrency: 1 args: {"network_create_args": {}, "port_create_args": {}, "ports_per_network": 5, "port_update_args": {"admin_state_up": false, "device_id": "dummy_id", "device_owner": "dummy_owner", "name": "_port_updated"}} times: 40 method_name: run timeout: 0 duration: None cls:
2019-07-02 01:53:36.459 29615 INFO rally.task.runner [-] Task 07d099a4-ccaa-4319-b5b2-772b9a7bd30a | ITER: 10 START
2019-07-02 01:53:36.459 29620 INFO rally.task.runner [-] Task 07d099a4-ccaa-4319-b5b2-772b9a7bd30a | ITER: 11 START
2019-07-02 01:53:36.461 29620 WARNING rally_openstack.scenarios.neutron.utils [-] Running this scenario without either the 'network' or 'existing_network' context is deprecated
2019-07-02 01:53:36.461 29615 WARNING rally_openstack.scenarios.neutron.utils [-] Running this scenario without either the 'network' or 'existing_network' context is deprecated
2019-07-02 01:53:36.460 29627 RALLYDEBUG rally.task.runner [-] Starting a worker. concurrency: 1 args: {"network_create_args": {}, "port_create_args": {}, "ports_per_network": 5, "port_update_args": {"admin_state_up": false, "device_id": "dummy_id", "device_owner": "dummy_owner", "name": "_port_updated"}} times: 40 method_name: run timeout: 0 duration: None cls:
2019-07-02 01:53:36.460 29607 WARNING rally_openstack.scenarios.neutron.utils [-] Running this scenario without either the 'network' or 'existing_network' context is deprecated
2019-07-02 01:53:36.459 29608 WARNING rally_openstack.scenarios.neutron.utils [-] Running this scenario without either the 'network' or 'existing_network' context is deprecated
2019-07-02 01:53:36.465 29609 INFO rally.task.runner [-] Task 07d099a4-ccaa-4319-b5b2-772b9a7bd30a | ITER: 7 START
2019-07-02 01:53:36.466 29609 WARNING rally_openstack.scenarios.neutron.utils [-] Running this scenario without either the 'network' or 'existing_network' context is deprecated
2019-07-02 01:53:36.466 29631 RALLYDEBUG rally.task.runner [-] Starting a worker. concurrency: 1 args: {"network_create_args": {}, "port_create_args": {}, "ports_per_network": 5, "port_update_args": {"admin_state_up": false, "device_id": "dummy_id", "device_owner": "dummy_owner", "name": "_port_updated"}} times: 40 method_name: run timeout: 0 duration: None cls:
2019-07-02 01:53:36.467 29624 INFO rally.task.runner [-] Task 07d099a4-ccaa-4319-b5b2-772b9a7bd30a | ITER: 12 START
2019-07-02 01:53:36.468 29627 INFO rally.task.runner [-] Task 07d099a4-ccaa-4319-b5b2-772b9a7bd30a | ITER: 13 START
2019-07-02 01:53:36.469 29624 WARNING rally_openstack.scenarios.neutron.utils [-] Running this scenario without either the 'network' or 'existing_network' context is deprecated
2019-07-02 01:53:36.470 29610 INFO rally.task.runner [-] Task 07d099a4-ccaa-4319-b5b2-772b9a7bd30a | ITER: 9 START
2019-07-02 01:53:36.470 29627 WARNING rally_openstack.scenarios.neutron.utils [-] Running this scenario without either the 'network' or 'existing_network' context is deprecated
2019-07-02 01:53:36.471 29610 WARNING rally_openstack.scenarios.neutron.utils [-] Running this scenario without either the 'network' or 'existing_network' context is deprecated
2019-07-02 01:53:36.473 29631 INFO rally.task.runner [-] Task 07d099a4-ccaa-4319-b5b2-772b9a7bd30a | ITER: 14 START
2019-07-02 01:53:36.475 29631 WARNING rally_openstack.scenarios.neutron.utils [-] Running this scenario without either the 'network' or 'existing_network' context is deprecated
2019-07-02 01:53:36.476 29637 RALLYDEBUG rally.task.runner [-] Starting a worker. concurrency: 1 args: {"network_create_args": {}, "port_create_args": {}, "ports_per_network": 5, "port_update_args": {"admin_state_up": false, "device_id": "dummy_id", "device_owner": "dummy_owner", "name": "_port_updated"}} times: 40 method_name: run timeout: 0 duration: None cls:
2019-07-02 01:53:36.483 29637 INFO rally.task.runner [-] Task 07d099a4-ccaa-4319-b5b2-772b9a7bd30a | ITER: 15 START
2019-07-02 01:53:36.484 29642 RALLYDEBUG rally.task.runner [-] Starting a worker. concurrency: 1 args: {"network_create_args": {}, "port_create_args": {}, "ports_per_network": 5, "port_update_args": {"admin_state_up": false, "device_id": "dummy_id", "device_owner": "dummy_owner", "name": "_port_updated"}} times: 40 method_name: run timeout: 0 duration: None cls:
2019-07-02 01:53:36.485 29637 WARNING rally_openstack.scenarios.neutron.utils [-] Running this scenario without either the 'network' or 'existing_network' context is deprecated
2019-07-02 01:53:36.490 29642 INFO rally.task.runner [-] Task 07d099a4-ccaa-4319-b5b2-772b9a7bd30a | ITER: 16 START
2019-07-02 01:53:36.492 29642 WARNING rally_openstack.scenarios.neutron.utils [-] Running this scenario without either the 'network' or 'existing_network' context is deprecated
2019-07-02 01:53:36.494 29645 RALLYDEBUG rally.task.runner [-] Starting a worker. concurrency: 1 args: {"network_create_args": {}, "port_create_args": {}, "ports_per_network": 5, "port_update_args": {"admin_state_up": false, "device_id": "dummy_id", "device_owner": "dummy_owner", "name": "_port_updated"}} times: 40 method_name: run timeout: 0 duration: None cls:
2019-07-02 01:53:36.501 29645 INFO rally.task.runner [-] Task 07d099a4-ccaa-4319-b5b2-772b9a7bd30a | ITER: 17 START
2019-07-02 01:53:36.503 29645 WARNING rally_openstack.scenarios.neutron.utils [-] Running this scenario without either the 'network' or 'existing_network' context is deprecated
2019-07-02 01:53:36.503 29648 RALLYDEBUG rally.task.runner [-] Starting a worker. concurrency: 1 args: {"network_create_args": {}, "port_create_args": {}, "ports_per_network": 5, "port_update_args": {"admin_state_up": false, "device_id": "dummy_id", "device_owner": "dummy_owner", "name": "_port_updated"}} times: 40 method_name: run timeout: 0 duration: None cls:
2019-07-02 01:53:36.509 29648 INFO rally.task.runner [-] Task 07d099a4-ccaa-4319-b5b2-772b9a7bd30a | ITER: 18 START
2019-07-02 01:53:36.509 29651 RALLYDEBUG rally.task.runner [-] Starting a worker. concurrency: 1 args: {"network_create_args": {}, "port_create_args": {}, "ports_per_network": 5, "port_update_args": {"admin_state_up": false, "device_id": "dummy_id", "device_owner": "dummy_owner", "name": "_port_updated"}} times: 40 method_name: run timeout: 0 duration: None cls:
2019-07-02 01:53:36.510 29648 WARNING rally_openstack.scenarios.neutron.utils [-] Running this scenario without either the 'network' or 'existing_network' context is deprecated
2019-07-02 01:53:36.516 29651 INFO rally.task.runner [-] Task 07d099a4-ccaa-4319-b5b2-772b9a7bd30a | ITER: 19 START
2019-07-02 01:53:36.516 29654 RALLYDEBUG rally.task.runner [-] Starting a worker. concurrency: 1 args: {"network_create_args": {}, "port_create_args": {}, "ports_per_network": 5, "port_update_args": {"admin_state_up": false, "device_id": "dummy_id", "device_owner": "dummy_owner", "name": "_port_updated"}} times: 40 method_name: run timeout: 0 duration: None cls:
2019-07-02 01:53:36.518 29651 WARNING rally_openstack.scenarios.neutron.utils [-] Running this scenario without either the 'network' or 'existing_network' context is deprecated
2019-07-02 01:53:36.521 29654 INFO rally.task.runner [-] Task 07d099a4-ccaa-4319-b5b2-772b9a7bd30a | ITER: 20 START
2019-07-02 01:53:36.523 29654 WARNING rally_openstack.scenarios.neutron.utils [-] Running this scenario without either the 'network' or 'existing_network' context is deprecated
2019-07-02 01:53:44.460 29607 INFO rally.task.runner [-] Task 07d099a4-ccaa-4319-b5b2-772b9a7bd30a | ITER: 1 END: OK
2019-07-02 01:53:44.465 29607 INFO rally.task.runner [-] Task 07d099a4-ccaa-4319-b5b2-772b9a7bd30a | ITER: 21 START
2019-07-02 01:53:44.466 29607 WARNING rally_openstack.scenarios.neutron.utils [-] Running this scenario without either the 'network' or 'existing_network' context is deprecated
2019-07-02 01:53:45.134 29609 INFO rally.task.runner [-] Task 07d099a4-ccaa-4319-b5b2-772b9a7bd30a | ITER: 7 END: OK
2019-07-02 01:53:45.139 29609 INFO rally.task.runner [-] Task 07d099a4-ccaa-4319-b5b2-772b9a7bd30a | ITER: 22 START
2019-07-02 01:53:45.140 29609 WARNING rally_openstack.scenarios.neutron.utils [-] Running this scenario without either the 'network' or 'existing_network' context is deprecated
2019-07-02 01:53:45.463 29627 INFO rally.task.runner [-] Task 07d099a4-ccaa-4319-b5b2-772b9a7bd30a | ITER: 13 END: OK
2019-07-02 01:53:45.468 29627 INFO rally.task.runner [-] Task 07d099a4-ccaa-4319-b5b2-772b9a7bd30a | ITER: 23 START
2019-07-02 01:53:45.468 29627 WARNING rally_openstack.scenarios.neutron.utils [-] Running this scenario without either the 'network' or 'existing_network' context is deprecated
2019-07-02 01:53:45.582 29608 INFO rally.task.runner [-] Task 07d099a4-ccaa-4319-b5b2-772b9a7bd30a | ITER: 5 END: OK
2019-07-02 01:53:45.586 29608 INFO rally.task.runner [-] Task 07d099a4-ccaa-4319-b5b2-772b9a7bd30a | ITER: 24 START
2019-07-02 01:53:45.587 29608 WARNING rally_openstack.scenarios.neutron.utils [-] Running this scenario without either the 'network' or 'existing_network' context is deprecated
2019-07-02 01:53:45.804 29607 INFO rally.task.runner [-] Task 07d099a4-ccaa-4319-b5b2-772b9a7bd30a | ITER: 3 END: OK
2019-07-02 01:53:45.809 29607 INFO rally.task.runner [-] Task 07d099a4-ccaa-4319-b5b2-772b9a7bd30a | ITER: 25 START
2019-07-02 01:53:45.809 29607 WARNING rally_openstack.scenarios.neutron.utils [-] Running this scenario without either the 'network' or 'existing_network' context is deprecated
2019-07-02 01:53:46.097 29611 INFO rally.task.runner [-] Task 07d099a4-ccaa-4319-b5b2-772b9a7bd30a | ITER: 8 END: OK
2019-07-02 01:53:46.101 29611 INFO rally.task.runner [-] Task 07d099a4-ccaa-4319-b5b2-772b9a7bd30a | ITER: 26 START
2019-07-02 01:53:46.102 29611 WARNING rally_openstack.scenarios.neutron.utils [-] Running this scenario without either the 'network' or 'existing_network' context is deprecated
2019-07-02 01:53:46.160 29637 INFO rally.task.runner [-] Task 07d099a4-ccaa-4319-b5b2-772b9a7bd30a | ITER: 15 END: OK
2019-07-02 01:53:46.165 29637 INFO rally.task.runner [-] Task 07d099a4-ccaa-4319-b5b2-772b9a7bd30a | ITER: 27 START
2019-07-02 01:53:46.166 29637 WARNING rally_openstack.scenarios.neutron.utils [-] Running this scenario without either the 'network' or 'existing_network' context is deprecated
2019-07-02 01:53:46.186 29610 INFO rally.task.runner [-] Task 07d099a4-ccaa-4319-b5b2-772b9a7bd30a | ITER: 6 END: OK
2019-07-02 01:53:46.192 29610 INFO rally.task.runner [-] Task 07d099a4-ccaa-4319-b5b2-772b9a7bd30a | ITER: 28 START
2019-07-02 01:53:46.192 29610 WARNING rally_openstack.scenarios.neutron.utils [-] Running this scenario without either the 'network' or 'existing_network' context is deprecated
2019-07-02 01:53:46.502 29609 INFO rally.task.runner [-] Task 07d099a4-ccaa-4319-b5b2-772b9a7bd30a | ITER: 4 END: OK
2019-07-02 01:53:46.507 29609 INFO rally.task.runner [-] Task 07d099a4-ccaa-4319-b5b2-772b9a7bd30a | ITER: 29 START
2019-07-02 01:53:46.508 29609 WARNING rally_openstack.scenarios.neutron.utils [-] Running this scenario without either the 'network' or 'existing_network' context is deprecated
2019-07-02 01:53:46.529 29651 INFO rally.task.runner [-] Task 07d099a4-ccaa-4319-b5b2-772b9a7bd30a | ITER: 19 END: OK
2019-07-02 01:53:46.535 29651 INFO rally.task.runner [-] Task 07d099a4-ccaa-4319-b5b2-772b9a7bd30a | ITER: 30 START
2019-07-02 01:53:46.535 29651 WARNING rally_openstack.scenarios.neutron.utils [-] Running this scenario without either the 'network' or 'existing_network' context is deprecated
2019-07-02 01:53:46.544 29631 INFO rally.task.runner [-] Task 07d099a4-ccaa-4319-b5b2-772b9a7bd30a | ITER: 14 END: OK
2019-07-02 01:53:46.548 29631 INFO rally.task.runner [-] Task 07d099a4-ccaa-4319-b5b2-772b9a7bd30a | ITER: 31 START
2019-07-02 01:53:46.549 29631 WARNING rally_openstack.scenarios.neutron.utils [-] Running this scenario without either the 'network' or 'existing_network' context is deprecated
2019-07-02 01:53:46.662 29610 INFO rally.task.runner [-] Task 07d099a4-ccaa-4319-b5b2-772b9a7bd30a | ITER: 9 END: OK
2019-07-02 01:53:46.666 29610 INFO rally.task.runner [-] Task 07d099a4-ccaa-4319-b5b2-772b9a7bd30a | ITER: 32 START
2019-07-02 01:53:46.667 29610 WARNING rally_openstack.scenarios.neutron.utils [-] Running this scenario without either the 'network' or 'existing_network' context is deprecated
2019-07-02 01:53:47.161 29620 INFO rally.task.runner [-] Task 07d099a4-ccaa-4319-b5b2-772b9a7bd30a | ITER: 11 END: OK
2019-07-02 01:53:47.166 29620 INFO rally.task.runner [-] Task 07d099a4-ccaa-4319-b5b2-772b9a7bd30a | ITER: 33 START
2019-07-02 01:53:47.167 29620 WARNING rally_openstack.scenarios.neutron.utils [-] Running this scenario without either the 'network' or 'existing_network' context is deprecated
2019-07-02 01:53:47.431 29615 INFO rally.task.runner [-] Task 07d099a4-ccaa-4319-b5b2-772b9a7bd30a | ITER: 10 END: OK
2019-07-02 01:53:47.435 29615 INFO rally.task.runner [-] Task 07d099a4-ccaa-4319-b5b2-772b9a7bd30a | ITER: 34 START
2019-07-02 01:53:47.436 29615 WARNING rally_openstack.scenarios.neutron.utils [-] Running this scenario without either the 'network' or 'existing_network' context is deprecated
2019-07-02 01:53:47.557 29654 INFO rally.task.runner [-] Task 07d099a4-ccaa-4319-b5b2-772b9a7bd30a | ITER: 20 END: OK
2019-07-02 01:53:47.561 29654 INFO rally.task.runner [-] Task 07d099a4-ccaa-4319-b5b2-772b9a7bd30a | ITER: 35 START
2019-07-02 01:53:47.562 29654 WARNING rally_openstack.scenarios.neutron.utils [-] Running this scenario without either the 'network' or 'existing_network' context is deprecated
2019-07-02 01:53:47.752 29624 INFO rally.task.runner [-] Task 07d099a4-ccaa-4319-b5b2-772b9a7bd30a | ITER: 12 END: OK
2019-07-02 01:53:47.757 29624 INFO rally.task.runner [-] Task 07d099a4-ccaa-4319-b5b2-772b9a7bd30a | ITER: 36 START
2019-07-02 01:53:47.758 29624 WARNING rally_openstack.scenarios.neutron.utils [-] Running this scenario without either the 'network' or 'existing_network' context is deprecated
2019-07-02 01:53:47.837 29648 INFO rally.task.runner [-] Task 07d099a4-ccaa-4319-b5b2-772b9a7bd30a | ITER: 18 END: OK
2019-07-02 01:53:47.842 29648 INFO rally.task.runner [-] Task 07d099a4-ccaa-4319-b5b2-772b9a7bd30a | ITER: 37 START
2019-07-02 01:53:47.843 29648 WARNING rally_openstack.scenarios.neutron.utils [-] Running this scenario without either the 'network' or 'existing_network' context is deprecated
2019-07-02 01:53:47.986 29645 INFO rally.task.runner [-] Task 07d099a4-ccaa-4319-b5b2-772b9a7bd30a | ITER: 17 END: OK
2019-07-02 01:53:47.991 29645 INFO rally.task.runner [-] Task 07d099a4-ccaa-4319-b5b2-772b9a7bd30a | ITER: 38 START
2019-07-02 01:53:47.992 29645 WARNING rally_openstack.scenarios.neutron.utils [-] Running this scenario without either the 'network' or 'existing_network' context is deprecated
2019-07-02 01:53:48.072 29608 INFO rally.task.runner [-] Task 07d099a4-ccaa-4319-b5b2-772b9a7bd30a | ITER: 2 END: OK
2019-07-02 01:53:48.076 29608 INFO rally.task.runner [-] Task 07d099a4-ccaa-4319-b5b2-772b9a7bd30a | ITER: 39 START
2019-07-02 01:53:48.077 29608 WARNING rally_openstack.scenarios.neutron.utils [-] Running this scenario without either the 'network' or 'existing_network' context is deprecated
2019-07-02 01:53:48.607 29642 INFO rally.task.runner [-] Task 07d099a4-ccaa-4319-b5b2-772b9a7bd30a | ITER: 16 END: OK
2019-07-02 01:53:48.610 29642 INFO rally.task.runner [-] Task 07d099a4-ccaa-4319-b5b2-772b9a7bd30a | ITER: 40 START
2019-07-02 01:53:48.611 29642 WARNING rally_openstack.scenarios.neutron.utils [-] Running this scenario without either the 'network' or 'existing_network' context is deprecated
2019-07-02 01:53:53.626 29607 INFO rally.task.runner [-] Task 07d099a4-ccaa-4319-b5b2-772b9a7bd30a | ITER: 21 END: OK
2019-07-02 01:53:54.571 29627 INFO rally.task.runner [-] Task 07d099a4-ccaa-4319-b5b2-772b9a7bd30a | ITER: 23 END: OK
2019-07-02 01:53:54.959 29609 INFO rally.task.runner [-] Task 07d099a4-ccaa-4319-b5b2-772b9a7bd30a | ITER: 22 END: OK
2019-07-02 01:53:55.022 29607 INFO rally.task.runner [-] Task 07d099a4-ccaa-4319-b5b2-772b9a7bd30a | ITER: 25 END: OK
2019-07-02 01:53:55.312 29610 INFO rally.task.runner [-] Task 07d099a4-ccaa-4319-b5b2-772b9a7bd30a | ITER: 32 END: OK
2019-07-02 01:53:55.381 29615 INFO rally.task.runner [-] Task 07d099a4-ccaa-4319-b5b2-772b9a7bd30a | ITER: 34 END: OK
2019-07-02 01:53:55.693 29620 INFO rally.task.runner [-] Task 07d099a4-ccaa-4319-b5b2-772b9a7bd30a | ITER: 33 END: OK
2019-07-02 01:53:56.006 29624 INFO rally.task.runner [-] Task 07d099a4-ccaa-4319-b5b2-772b9a7bd30a | ITER: 36 END: OK
2019-07-02 01:53:56.041 29651 INFO rally.task.runner [-] Task 07d099a4-ccaa-4319-b5b2-772b9a7bd30a | ITER: 30 END: OK
2019-07-02 01:53:56.240 29642 INFO rally.task.runner [-] Task 07d099a4-ccaa-4319-b5b2-772b9a7bd30a | ITER: 40 END: OK
2019-07-02 01:53:56.349 29637 INFO rally.task.runner [-] Task 07d099a4-ccaa-4319-b5b2-772b9a7bd30a | ITER: 27 END: OK
2019-07-02 01:53:56.395 29611 INFO rally.task.runner [-] Task 07d099a4-ccaa-4319-b5b2-772b9a7bd30a | ITER: 26 END: OK
2019-07-02 01:53:56.597 29608 INFO rally.task.runner [-] Task 07d099a4-ccaa-4319-b5b2-772b9a7bd30a | ITER: 24 END: OK
2019-07-02 01:53:56.639 29610 INFO rally.task.runner [-] Task 07d099a4-ccaa-4319-b5b2-772b9a7bd30a | ITER: 28 END: OK
2019-07-02 01:53:56.671 29654 INFO rally.task.runner [-] Task 07d099a4-ccaa-4319-b5b2-772b9a7bd30a | ITER: 35 END: OK
2019-07-02 01:53:56.811 29608 INFO rally.task.runner [-] Task 07d099a4-ccaa-4319-b5b2-772b9a7bd30a | ITER: 39 END: OK
2019-07-02 01:53:56.829 29609 INFO rally.task.runner [-] Task 07d099a4-ccaa-4319-b5b2-772b9a7bd30a | ITER: 29 END: OK
2019-07-02 01:53:56.947 29645 INFO rally.task.runner [-] Task 07d099a4-ccaa-4319-b5b2-772b9a7bd30a | ITER: 38 END: OK
2019-07-02 01:53:57.009 29631 INFO rally.task.runner [-] Task 07d099a4-ccaa-4319-b5b2-772b9a7bd30a | ITER: 31 END: OK
2019-07-02 01:53:57.492 29648 INFO rally.task.runner [-] Task 07d099a4-ccaa-4319-b5b2-772b9a7bd30a | ITER: 37 END: OK
2019-07-02 01:53:57.516 25731 INFO rally.task.context [-] Task 07d099a4-ccaa-4319-b5b2-772b9a7bd30a | Context cleanup@openstack cleanup() started
2019-07-02 01:53:57.519 25731 RALLYDEBUG rally_openstack.cleanup.manager [-] Cleaning up neutron vip objects
2019-07-02 01:53:57.924 25731 RALLYDEBUG rally_openstack.cleanup.manager [-] Cleaning up neutron health_monitor objects
2019-07-02 01:53:58.323 25731 RALLYDEBUG rally_openstack.cleanup.manager [-] Cleaning up neutron pool objects
2019-07-02 01:53:58.740 25731 RALLYDEBUG rally_openstack.cleanup.manager [-] Cleaning up neutron loadbalancer objects
2019-07-02 01:53:59.147 25731 RALLYDEBUG rally_openstack.cleanup.manager [-] Cleaning up neutron floatingip objects
2019-07-02 01:53:59.593 25731 RALLYDEBUG rally_openstack.cleanup.manager [-] Cleaning up neutron port objects
2019-07-02 01:54:00.419 25731 RALLYDEBUG rally_openstack.cleanup.manager [-] Deleting neutron.port object s_rally_17668980_BrUbp53f (03bf10a4-5be9-4384-a75c-086d79becb82)
2019-07-02 01:54:00.423 25731 RALLYDEBUG rally_openstack.cleanup.manager [-] Deleting neutron.port object s_rally_17668980_Bi8amueY (0b2795b6-6d8b-4bbf-acb4-40ec7f163d4a)
2019-07-02 01:54:00.427 25731 RALLYDEBUG rally_openstack.cleanup.manager [-] Deleting neutron.port object s_rally_17668980_dzHDfJid (0b2b793f-4418-41dd-b0c1-6a0b525979f3)
2019-07-02 01:54:00.430 25731 RALLYDEBUG rally_openstack.cleanup.manager [-] Deleting neutron.port object s_rally_17668980_Cfnephcb (08a27724-5391-4b53-969b-6e65d64b09b8)
2019-07-02 01:54:00.437 25731 RALLYDEBUG rally_openstack.cleanup.manager [-] Deleting neutron.port object s_rally_17668980_RwiWe1sm (0708dde2-a081-41ef-b126-35ba95ac9c9f)
2019-07-02 01:54:00.448 25731 RALLYDEBUG rally_openstack.cleanup.manager [-] Deleting neutron.port object s_rally_17668980_tKlCHjSj (092e50ed-5f18-4b0d-8f4a-a22b156908e6)
2019-07-02 01:54:00.451 25731 RALLYDEBUG rally_openstack.cleanup.manager [-] Deleting neutron.port object s_rally_17668980_LceNufux (0e9cd5d6-2803-4744-a884-b5eada6f9332)
2019-07-02 01:54:00.460 25731 RALLYDEBUG rally_openstack.cleanup.manager [-] Deleting neutron.port object s_rally_17668980_Z7kCMZoX (002767dc-a924-4702-98b1-b569499cb57b)
2019-07-02 01:54:00.466 25731 RALLYDEBUG rally_openstack.cleanup.manager [-] Deleting neutron.port object s_rally_17668980_1bJgELFF (0e62739a-1d47-40f6-91d0-97040876a4a6)
2019-07-02 01:54:00.467 25731 RALLYDEBUG rally_openstack.cleanup.manager [-] Deleting neutron.port object s_rally_17668980_LHpOukwA (0eda0081-5036-4ca8-99c4-16e2c9f0baaf)
2019-07-02 01:54:00.474 25731 RALLYDEBUG rally_openstack.cleanup.manager [-] Deleting neutron.port object s_rally_17668980_SBCIXOkB (0f200491-0da5-42d2-bb63-8d8e26913628)
2019-07-02 01:54:00.474 25731 RALLYDEBUG rally_openstack.cleanup.manager [-] Deleting neutron.port object s_rally_17668980_i09Kv1fV (04a17517-21f0-43c5-9f04-86a554e5fa41)
2019-07-02 01:54:00.492 25731 RALLYDEBUG rally_openstack.cleanup.manager [-] Deleting neutron.port object s_rally_17668980_jyboQzlu (0e91a5bc-879e-43ee-92b3-d5bf034bb064)
2019-07-02 01:54:00.502 25731 RALLYDEBUG rally_openstack.cleanup.manager [-] Deleting neutron.port object s_rally_17668980_3tgfWb8v (0aa0c779-9466-475c-bfbf-5d2a3f44c45e)
2019-07-02 01:54:00.500 25731 RALLYDEBUG rally_openstack.cleanup.manager [-] Deleting neutron.port object s_rally_17668980_YMQqFcHK (0fcd8364-f265-44b2-bc3e-659c12652412)
2019-07-02 01:54:00.512 25731 RALLYDEBUG rally_openstack.cleanup.manager [-] Deleting neutron.port object s_rally_17668980_mJIsNEAd (00c94040-e2a0-4764-b031-1849f43532c8)
2019-07-02 01:54:00.526 25731 RALLYDEBUG rally_openstack.cleanup.manager [-] Deleting neutron.port object s_rally_17668980_s9tSMN2v (0a387bd1-db17-487e-8f75-25e820631013)
2019-07-02 01:54:00.545 25731 RALLYDEBUG rally_openstack.cleanup.manager [-] Deleting neutron.port object s_rally_17668980_zKUJHwHg (12b40022-c5ba-4ba3-8fef-054701895b4f)
2019-07-02 01:54:00.558 25731 RALLYDEBUG rally_openstack.cleanup.manager [-] Deleting neutron.port object s_rally_17668980_fxu0CnNX (1073acbc-6060-4304-a142-704e382e98a9)
2019-07-02 01:54:00.601 25731 RALLYDEBUG rally_openstack.cleanup.manager [-] Deleting neutron.port object s_rally_17668980_v4UFqVPI (12d88f19-b9b5-44c4-9465-95ad65bdb3fb)
2019-07-02 01:54:02.482 25731 RALLYDEBUG rally_openstack.cleanup.manager [-] Deleting neutron.port object s_rally_17668980_kLnECGdI (1430d641-0043-479f-b646-bef9c90fbaf7)
2019-07-02 01:54:02.646 25731 RALLYDEBUG rally_openstack.cleanup.manager [-] Deleting neutron.port object s_rally_17668980_IYXpKqq5 (16b3e523-1773-4b6f-a6b6-6d44987fcc23)
2019-07-02 01:54:02.808 25731 RALLYDEBUG rally_openstack.cleanup.manager [-] Deleting neutron.port object s_rally_17668980_KYZVVGMh (18160fca-6d5e-46a7-aebf-d19c42d55144)
2019-07-02 01:54:02.842 25731 RALLYDEBUG rally_openstack.cleanup.manager [-] Deleting neutron.port object s_rally_17668980_YNTZvkhR (19d5aef4-ec5b-4063-8e49-b2b4cbf1b4e8)
2019-07-02 01:54:02.911 25731 RALLYDEBUG rally_openstack.cleanup.manager [-] Deleting neutron.port object s_rally_17668980_ID8iuBA9 (1a08730e-f98c-4e7e-9c40-43954e302685)
2019-07-02 01:54:02.920 25731 RALLYDEBUG rally_openstack.cleanup.manager [-] Deleting neutron.port object s_rally_17668980_9sIDFdbL (1ae8392c-0263-4547-8821-e72dd5ad53fd)
2019-07-02 01:54:03.028 25731 RALLYDEBUG rally_openstack.cleanup.manager [-] Deleting neutron.port object s_rally_17668980_LyQMp2tB (1b28f231-9815-4935-9067-7b8eac90c8f0)
2019-07-02 01:54:03.072 25731 RALLYDEBUG rally_openstack.cleanup.manager [-] Deleting neutron.port object s_rally_17668980_trdln7yx (1cca0dd9-504a-46de-8183-ec7f680568b2)
2019-07-02 01:54:03.125 25731 RALLYDEBUG rally_openstack.cleanup.manager [-] Deleting neutron.port object s_rally_17668980_09kLTqFU (1e9e4916-ca6f-4037-bf9a-a60233d07747)
2019-07-02 01:54:03.166 25731 RALLYDEBUG rally_openstack.cleanup.manager [-] Deleting neutron.port object s_rally_17668980_n6RFSnEN (21bf9eac-f841-480c-b5be-374b777c191b)
2019-07-02 01:54:03.192 25731 RALLYDEBUG rally_openstack.cleanup.manager [-] Deleting neutron.port object s_rally_17668980_bym2kZ09 (226407e3-bf37-4c47-b2cc-5ef0904a620e)
2019-07-02 01:54:03.334 25731 RALLYDEBUG rally_openstack.cleanup.manager [-] Deleting neutron.port object s_rally_17668980_sBjG5yyV (248187f5-b65c-4fe9-828d-d48ca0939eaa)
2019-07-02 01:54:03.334 25731 RALLYDEBUG rally_openstack.cleanup.manager [-] Deleting neutron.port object s_rally_17668980_2oVSOGGx (25ef2323-d7b8-46ef-9729-3030c156809d)
2019-07-02 01:54:03.354 25731 RALLYDEBUG rally_openstack.cleanup.manager [-] Deleting neutron.port object s_rally_17668980_JULlzwcD (26194356-5333-479b-9dde-d99f9d6d0cae)
2019-07-02 01:54:03.374 25731 RALLYDEBUG rally_openstack.cleanup.manager [-] Deleting neutron.port object s_rally_17668980_mmla1N6n (271331a9-bc4c-47e8-a64d-33bba7138f52)
2019-07-02 01:54:03.426 25731 RALLYDEBUG rally_openstack.cleanup.manager [-] Deleting neutron.port object s_rally_17668980_xGvW7MjF (2874d235-362f-460d-bfb2-27761dedf833)
2019-07-02 01:54:03.427 25731 RALLYDEBUG rally_openstack.cleanup.manager [-] Deleting neutron.port object s_rally_17668980_jrm1YD8l (27ce3217-37ac-4ed4-9af9-7d70a99cb1f2)
2019-07-02 01:54:03.444 25731 RALLYDEBUG rally_openstack.cleanup.manager [-] Deleting neutron.port object s_rally_17668980_Znyb69Iz (2875e452-62e4-47d9-84b4-2d56ebc0e173)
2019-07-02 01:54:03.454 25731 RALLYDEBUG rally_openstack.cleanup.manager [-] Deleting neutron.port object s_rally_17668980_OIV0kA95 (29390d49-3fa2-4cbb-b7cc-956994548806)
2019-07-02 01:54:03.454 25731 RALLYDEBUG rally_openstack.cleanup.manager [-] Deleting neutron.port object s_rally_17668980_PR6kfoDb (2c4a5c13-0160-491f-93b3-ad1c4bc70167)
2019-07-02 01:54:04.739 25731 RALLYDEBUG rally_openstack.cleanup.manager [-] Deleting neutron.port object s_rally_17668980_puAsaVsG (2d243259-2e0e-4e4b-9ec2-4416cd9b4945)
2019-07-02 01:54:04.775 25731 RALLYDEBUG rally_openstack.cleanup.manager [-] Deleting neutron.port object s_rally_17668980_2MX1x5Cd (2dd245bc-452b-4a75-adf8-20bff37d0eff)
2019-07-02 01:54:04.790 25731 RALLYDEBUG rally_openstack.cleanup.manager [-] Deleting neutron.port object s_rally_17668980_OQUbyoni (2ec7e60e-89bc-4ec4-821c-e49ff0951a1d)
2019-07-02 01:54:04.822 25731 RALLYDEBUG rally_openstack.cleanup.manager [-] Deleting neutron.port object s_rally_17668980_GIS4GjDG (2f339b09-0091-43df-bfbc-09056d738124)
2019-07-02 01:54:04.914 25731 RALLYDEBUG rally_openstack.cleanup.manager [-] Deleting neutron.port object s_rally_17668980_htHkpsP5 (30cef55a-9d5c-4ae6-bc30-0bcb7d77e40a)
2019-07-02 01:54:04.991 25731 RALLYDEBUG rally_openstack.cleanup.manager [-] Deleting neutron.port object s_rally_17668980_RXY9WhBS (31953a64-c370-4af1-955b-98abcc2ad885)
2019-07-02 01:54:05.122 25731 RALLYDEBUG rally_openstack.cleanup.manager [-] Deleting neutron.port object s_rally_17668980_Apcz511T (31fa4416-4bf3-438e-9bb8-7ec636287017)
2019-07-02 01:54:05.185 25731 RALLYDEBUG rally_openstack.cleanup.manager [-] Deleting neutron.port object s_rally_17668980_YtfDUR7q (32a10430-a8c7-4a00-8277-3c0ba3f42ca5)
2019-07-02 01:54:05.192 25731 RALLYDEBUG rally_openstack.cleanup.manager [-] Deleting neutron.port object s_rally_17668980_iIvuX5RN (335d7210-626e-4378-af12-2768735e0b4e)
2019-07-02 01:54:05.439 25731 RALLYDEBUG rally_openstack.cleanup.manager [-] Deleting neutron.port object s_rally_17668980_CN1x6GVp (337be170-14df-40be-ba0e-4d049e6bbe03)
2019-07-02 01:54:05.483 25731 RALLYDEBUG rally_openstack.cleanup.manager [-] Deleting neutron.port object s_rally_17668980_ifGQThc8 (33fdda18-9be1-40b6-afa8-aaa87a819636)
2019-07-02 01:54:05.534 25731 RALLYDEBUG rally_openstack.cleanup.manager [-] Deleting neutron.port object s_rally_17668980_uyQqyQjX (34e40f5a-7f9b-4f1f-86d7-3c6df8a940e3)
2019-07-02 01:54:05.607 25731 RALLYDEBUG rally_openstack.cleanup.manager [-] Deleting neutron.port object s_rally_17668980_vGHmhUAe (34fd9fbd-b00c-4458-9a0d-1bd20833401a)
2019-07-02 01:54:05.615 25731 RALLYDEBUG rally_openstack.cleanup.manager [-] Deleting neutron.port object s_rally_17668980_RnNdll4V (390a071d-7671-46ee-9a19-98bc90d791ec)
2019-07-02 01:54:05.637 25731 RALLYDEBUG rally_openstack.cleanup.manager [-] Deleting neutron.port object s_rally_17668980_46ZtXUhh (39e90528-bb27-482d-8bcf-898cd3be9667)
2019-07-02 01:54:05.708 25731 RALLYDEBUG rally_openstack.cleanup.manager [-] Deleting neutron.port object s_rally_17668980_ylu2RIAf (3a18d59a-142e-4d50-9321-08eda25d64aa)
2019-07-02 01:54:05.835 25731 RALLYDEBUG rally_openstack.cleanup.manager [-] Deleting neutron.port object s_rally_17668980_heOCAjT5 (3b017710-adf8-4341-8327-c07813588ce5)
2019-07-02 01:54:05.892 25731 RALLYDEBUG rally_openstack.cleanup.manager [-] Deleting neutron.port object s_rally_17668980_OWVix8iA (3d202aef-8659-4bf1-8ab3-cd134ee8c22e)
2019-07-02 01:54:05.952 25731 RALLYDEBUG rally_openstack.cleanup.manager [-] Deleting neutron.port object s_rally_17668980_ncxMvu1J (3dec4b14-656e-4a28-973f-0e0f4b1de5ca)
2019-07-02 01:54:05.960 25731 RALLYDEBUG rally_openstack.cleanup.manager [-] Deleting neutron.port object s_rally_17668980_2W12tQ8t (3e63bb99-8756-4ec8-af3a-4609378d859f)
2019-07-02 01:54:06.613 25731 RALLYDEBUG rally_openstack.cleanup.manager [-] Deleting neutron.port object s_rally_17668980_7XshuG2s (3e8ed4e5-53b6-4dad-a6c3-6962ee99aebd)
2019-07-02 01:54:06.645 25731 RALLYDEBUG rally_openstack.cleanup.manager [-] Deleting neutron.port object s_rally_17668980_xJEsiNuZ (400006ed-9e85-4187-bd22-e31f83506c49)
2019-07-02 01:54:06.669 25731 RALLYDEBUG rally_openstack.cleanup.manager [-] Deleting neutron.port object s_rally_17668980_dUGRntfW (40f556fc-0569-46b2-9501-cb9adf3c9a7c)
2019-07-02 01:54:06.863 25731 RALLYDEBUG rally_openstack.cleanup.manager [-] Deleting neutron.port object s_rally_17668980_n4btc2Gk (43cf947d-266f-45b5-8f5b-89cb6272c777)
2019-07-02 01:54:06.881 25731 RALLYDEBUG rally_openstack.cleanup.manager [-] Deleting neutron.port object s_rally_17668980_hc48QprM (46413c6b-3d0e-4b05-a5c4-15e870a3949c)
2019-07-02 01:54:06.900 25731 RALLYDEBUG rally_openstack.cleanup.manager [-] Deleting neutron.port object s_rally_17668980_ECU8Qr4q (4776207a-03b5-4f37-b79b-b3873757bcfb)
2019-07-02 01:54:07.049 25731 RALLYDEBUG rally_openstack.cleanup.manager [-] Deleting neutron.port object s_rally_17668980_8cjORPzd (49e9ef81-1edf-41f0-89f8-651823656cff)
