2019-07-02 01:40:23.661 25722 RALLYDEBUG rally.api [-] INFO logs from urllib3 and requests module are hide.
2019-07-02 01:40:23.661 25722 RALLYDEBUG rally.api [-] urllib3 insecure warnings are hidden.
2019-07-02 01:40:23.661 25722 RALLYDEBUG rally.api [-] ERROR log from boto module is hide.
2019-07-02 01:40:26.306 25724 RALLYDEBUG rally.api [-] INFO logs from urllib3 and requests module are hide.
2019-07-02 01:40:26.307 25724 RALLYDEBUG rally.api [-] urllib3 insecure warnings are hidden.
2019-07-02 01:40:26.307 25724 RALLYDEBUG rally.api [-] ERROR log from boto module is hide.
2019-07-02 01:40:27.624 25724 WARNING rally_openstack.platforms.existing [-] endpoint is deprecated and not used.
2019-07-02 01:40:28.665 25726 RALLYDEBUG rally.api [-] INFO logs from urllib3 and requests module are hide.
2019-07-02 01:40:28.665 25726 RALLYDEBUG rally.api [-] urllib3 insecure warnings are hidden.
2019-07-02 01:40:28.665 25726 RALLYDEBUG rally.api [-] ERROR log from boto module is hide.
2019-07-02 01:40:31.928 25729 RALLYDEBUG rally.api [-] INFO logs from urllib3 and requests module are hide.
2019-07-02 01:40:31.929 25729 RALLYDEBUG rally.api [-] urllib3 insecure warnings are hidden.
2019-07-02 01:40:31.929 25729 RALLYDEBUG rally.api [-] ERROR log from boto module is hide.
2019-07-02 01:40:33.368 25731 RALLYDEBUG rally.api [-] INFO logs from urllib3 and requests module are hide.
2019-07-02 01:40:33.368 25731 RALLYDEBUG rally.api [-] urllib3 insecure warnings are hidden.
2019-07-02 01:40:33.369 25731 RALLYDEBUG rally.api [-] ERROR log from boto module is hide.
2019-07-02 01:40:34.855 25731 INFO rally.common.plugin.discover [-] Loading plugins from directories /root/.rally/plugins/*
2019-07-02 01:40:34.855 25731 INFO rally.common.plugin.discover [-] Loaded module with plugins: /root/.rally/plugins/__init__.py
2019-07-02 01:40:34.858 25731 INFO rally.common.plugin.discover [-] Loaded module with plugins: /root/.rally/plugins/trunk_scenario.py
2019-07-02 01:40:35.097 25731 INFO rally.task.engine [-] Task 07d099a4-ccaa-4319-b5b2-772b9a7bd30a | Starting: Task validation.
2019-07-02 01:40:35.168 25731 INFO rally.task.engine [-] Task 07d099a4-ccaa-4319-b5b2-772b9a7bd30a | Starting: Task validation of syntax.
2019-07-02 01:40:35.416 25731 INFO rally.task.engine [-] Task 07d099a4-ccaa-4319-b5b2-772b9a7bd30a | Completed: Task validation of syntax.
2019-07-02 01:40:35.417 25731 INFO rally.task.engine [-] Task 07d099a4-ccaa-4319-b5b2-772b9a7bd30a | Starting: Task validation of required platforms.
2019-07-02 01:40:35.488 25731 INFO rally.task.engine [-] Task 07d099a4-ccaa-4319-b5b2-772b9a7bd30a | Completed: Task validation of required platforms.
2019-07-02 01:40:35.488 25731 INFO rally.task.engine [-] Task 07d099a4-ccaa-4319-b5b2-772b9a7bd30a | Starting: Task validation of semantic.
2019-07-02 01:40:35.488 25731 INFO rally.task.engine [-] Check health of the environment 'cbb8c544-0aa5-494c-86b4-0f794ce569b0'.
2019-07-02 01:40:36.083 25731 INFO rally.task.engine [-] Platform existing@openstack (available: True): OK!
2019-07-02 01:40:36.100 25731 RALLYDEBUG rally_openstack.contexts.keystone.users [-] Creating 1 tenants using 20 threads
2019-07-02 01:40:36.994 25731 RALLYDEBUG rally_openstack.contexts.keystone.users [-] Creating 1 users using 20 threads
2019-07-02 01:40:38.446 25731 INFO rally.task.context [-] Task 07d099a4-ccaa-4319-b5b2-772b9a7bd30a | Context users@openstack setup() finished in 2.35 sec
2019-07-02 01:40:43.124 25731 INFO rally.task.context [-] Task 07d099a4-ccaa-4319-b5b2-772b9a7bd30a | Context users@openstack cleanup() started
2019-07-02 01:40:46.373 25731 INFO rally.task.context [-] Task 07d099a4-ccaa-4319-b5b2-772b9a7bd30a | Context users@openstack cleanup() finished in 3.25 sec
2019-07-02 01:40:46.374 25731 INFO rally.task.engine [-] Task 07d099a4-ccaa-4319-b5b2-772b9a7bd30a | Completed: Task validation of semantic.
2019-07-02 01:40:46.374 25731 INFO rally.task.engine [-] Task 07d099a4-ccaa-4319-b5b2-772b9a7bd30a | Completed: Task validation.
2019-07-02 01:40:46.375 25731 INFO rally.api [-] Task 07d099a4-ccaa-4319-b5b2-772b9a7bd30a input file is valid.
2019-07-02 01:40:46.375 25731 INFO rally.api [-] Run Task 07d099a4-ccaa-4319-b5b2-772b9a7bd30a against Deployment cbb8c544-0aa5-494c-86b4-0f794ce569b0
2019-07-02 01:40:46.375 25731 INFO rally.task.engine [-] Task 07d099a4-ccaa-4319-b5b2-772b9a7bd30a | Starting: Running task.
2019-07-02 01:40:46.589 25731 INFO rally.task.engine [-] Running workload: position = 0 config = { "version": 2, "title": "A cropped version of a bigger task.", "description": "Auto-generated task from a single workload (uuid=6790742d-4eb8-4d32-b542-7afb0fb20462)", "subtasks": [ { "title": "NeutronNetworks.create_and_list_networks", "description": "Check performance of list_networks action and ensure > network quotas are not exceeded", "scenario": { "NeutronNetworks.create_and_list_networks": {} }, "contexts": { "users": { "tenants": 1, "users_per_tenant": 1 }, "quotas": { "neutron": { "network": 119 } } }, "runner": { "constant": { "times": 100, "concurrency": 20 } }, "hooks": [], "sla": { "max_avg_duration_per_atomic": { "neutron.list_networks": 15 }, "failure_rate": { "max": 0 } } } ] }
2019-07-02 01:40:46.617 25731 RALLYDEBUG rally_openstack.contexts.keystone.users [-] Creating 1 tenants using 20 threads
2019-07-02 01:40:47.621 25731 RALLYDEBUG rally_openstack.contexts.keystone.users [-] Creating 1 users using 20 threads
2019-07-02 01:40:49.057 25731 INFO rally.task.context [-] Task 07d099a4-ccaa-4319-b5b2-772b9a7bd30a | Context users@openstack setup() finished in 2.44 sec
2019-07-02 01:40:49.573 25731 INFO rally.task.context [-] Task 07d099a4-ccaa-4319-b5b2-772b9a7bd30a | Context quotas@openstack setup() finished in 0.52 sec
2019-07-02 01:40:49.574 25731 INFO rally.task.context [-] Task 07d099a4-ccaa-4319-b5b2-772b9a7bd30a | Context cleanup@openstack setup() finished in 0.01 msec
2019-07-02 01:40:49.582 25731 RALLYDEBUG rally.task.runner [-] Starting the constant runner (task UUID: 07d099a4-ccaa-4319-b5b2-772b9a7bd30a). timeout: 0 concurrency: 20 concurrency_per_worker: 1 times: 100 concurrency_overhead: 4 processes_to_start: 16 max_cpu_used: 16
2019-07-02 01:40:49.596 25855 RALLYDEBUG rally.task.runner [-] Starting a worker. concurrency: 2 args: {} times: 100 method_name: run timeout: 0 duration: None cls:
2019-07-02 01:40:49.599 25856 RALLYDEBUG rally.task.runner [-] Starting a worker. concurrency: 2 args: {} times: 100 method_name: run timeout: 0 duration: None cls:
2019-07-02 01:40:49.602 25857 RALLYDEBUG rally.task.runner [-] Starting a worker. concurrency: 2 args: {} times: 100 method_name: run timeout: 0 duration: None cls:
2019-07-02 01:40:49.605 25858 RALLYDEBUG rally.task.runner [-] Starting a worker. concurrency: 2 args: {} times: 100 method_name: run timeout: 0 duration: None cls:
2019-07-02 01:40:49.607 25855 INFO rally.task.runner [-] Task 07d099a4-ccaa-4319-b5b2-772b9a7bd30a | ITER: 1 START
2019-07-02 01:40:49.608 25860 RALLYDEBUG rally.task.runner [-] Starting a worker. concurrency: 1 args: {} times: 100 method_name: run timeout: 0 duration: None cls:
2019-07-02 01:40:49.608 25856 INFO rally.task.runner [-] Task 07d099a4-ccaa-4319-b5b2-772b9a7bd30a | ITER: 2 START
2019-07-02 01:40:49.611 25857 INFO rally.task.runner [-] Task 07d099a4-ccaa-4319-b5b2-772b9a7bd30a | ITER: 4 START
2019-07-02 01:40:49.611 25863 RALLYDEBUG rally.task.runner [-] Starting a worker. concurrency: 1 args: {} times: 100 method_name: run timeout: 0 duration: None cls:
2019-07-02 01:40:49.615 25868 RALLYDEBUG rally.task.runner [-] Starting a worker. concurrency: 1 args: {} times: 100 method_name: run timeout: 0 duration: None cls:
2019-07-02 01:40:49.616 25860 INFO rally.task.runner [-] Task 07d099a4-ccaa-4319-b5b2-772b9a7bd30a | ITER: 8 START
2019-07-02 01:40:49.617 25858 INFO rally.task.runner [-] Task 07d099a4-ccaa-4319-b5b2-772b9a7bd30a | ITER: 6 START
2019-07-02 01:40:49.618 25855 INFO rally.task.runner [-] Task 07d099a4-ccaa-4319-b5b2-772b9a7bd30a | ITER: 3 START
2019-07-02 01:40:49.619 25863 INFO rally.task.runner [-] Task 07d099a4-ccaa-4319-b5b2-772b9a7bd30a | ITER: 10 START
2019-07-02 01:40:49.618 25872 RALLYDEBUG rally.task.runner [-] Starting a worker. concurrency: 1 args: {} times: 100 method_name: run timeout: 0 duration: None cls:
2019-07-02 01:40:49.624 25868 INFO rally.task.runner [-] Task 07d099a4-ccaa-4319-b5b2-772b9a7bd30a | ITER: 11 START
2019-07-02 01:40:49.623 25877 RALLYDEBUG rally.task.runner [-] Starting a worker. concurrency: 1 args: {} times: 100 method_name: run timeout: 0 duration: None cls:
2019-07-02 01:40:49.618 25858 INFO rally.task.runner [-] Task 07d099a4-ccaa-4319-b5b2-772b9a7bd30a | ITER: 9 START
2019-07-02 01:40:49.626 25872 INFO rally.task.runner [-] Task 07d099a4-ccaa-4319-b5b2-772b9a7bd30a | ITER: 12 START
2019-07-02 01:40:49.626 25856 INFO rally.task.runner [-] Task 07d099a4-ccaa-4319-b5b2-772b9a7bd30a | ITER: 5 START
2019-07-02 01:40:49.628 25857 INFO rally.task.runner [-] Task 07d099a4-ccaa-4319-b5b2-772b9a7bd30a | ITER: 7 START
2019-07-02 01:40:49.631 25877 INFO rally.task.runner [-] Task 07d099a4-ccaa-4319-b5b2-772b9a7bd30a | ITER: 13 START
2019-07-02 01:40:49.631 25882 RALLYDEBUG rally.task.runner [-] Starting a worker. concurrency: 1 args: {} times: 100 method_name: run timeout: 0 duration: None cls:
2019-07-02 01:40:49.638 25887 RALLYDEBUG rally.task.runner [-] Starting a worker. concurrency: 1 args: {} times: 100 method_name: run timeout: 0 duration: None cls:
2019-07-02 01:40:49.644 25888 RALLYDEBUG rally.task.runner [-] Starting a worker. concurrency: 1 args: {} times: 100 method_name: run timeout: 0 duration: None cls:
2019-07-02 01:40:49.643 25882 INFO rally.task.runner [-] Task 07d099a4-ccaa-4319-b5b2-772b9a7bd30a | ITER: 14 START
2019-07-02 01:40:49.647 25887 INFO rally.task.runner [-] Task 07d099a4-ccaa-4319-b5b2-772b9a7bd30a | ITER: 15 START
2019-07-02 01:40:49.649 25891 RALLYDEBUG rally.task.runner [-] Starting a worker. concurrency: 1 args: {} times: 100 method_name: run timeout: 0 duration: None cls:
2019-07-02 01:40:49.653 25888 INFO rally.task.runner [-] Task 07d099a4-ccaa-4319-b5b2-772b9a7bd30a | ITER: 16 START
2019-07-02 01:40:49.657 25891 INFO rally.task.runner [-] Task 07d099a4-ccaa-4319-b5b2-772b9a7bd30a | ITER: 17 START
2019-07-02 01:40:49.656 25894 RALLYDEBUG rally.task.runner [-] Starting a worker. concurrency: 1 args: {} times: 100 method_name: run timeout: 0 duration: None cls:
2019-07-02 01:40:49.664 25894 INFO rally.task.runner [-] Task 07d099a4-ccaa-4319-b5b2-772b9a7bd30a | ITER: 18 START
2019-07-02 01:40:49.664 25899 RALLYDEBUG rally.task.runner [-] Starting a worker. concurrency: 1 args: {} times: 100 method_name: run timeout: 0 duration: None cls:
2019-07-02 01:40:49.671 25899 INFO rally.task.runner [-] Task 07d099a4-ccaa-4319-b5b2-772b9a7bd30a | ITER: 19 START
2019-07-02 01:40:49.673 25902 RALLYDEBUG rally.task.runner [-] Starting a worker. concurrency: 1 args: {} times: 100 method_name: run timeout: 0 duration: None cls:
2019-07-02 01:40:49.679 25902 INFO rally.task.runner [-] Task 07d099a4-ccaa-4319-b5b2-772b9a7bd30a | ITER: 20 START
2019-07-02 01:40:50.604 25877 INFO rally.task.runner [-] Task 07d099a4-ccaa-4319-b5b2-772b9a7bd30a | ITER: 13 END: OK
2019-07-02 01:40:50.608 25877 INFO rally.task.runner [-] Task 07d099a4-ccaa-4319-b5b2-772b9a7bd30a | ITER: 21 START
2019-07-02 01:40:50.638 25863 INFO rally.task.runner [-] Task 07d099a4-ccaa-4319-b5b2-772b9a7bd30a | ITER: 10 END: OK
2019-07-02 01:40:50.642 25863 INFO rally.task.runner [-] Task 07d099a4-ccaa-4319-b5b2-772b9a7bd30a | ITER: 22 START
2019-07-02 01:40:50.656 25860 INFO rally.task.runner [-] Task 07d099a4-ccaa-4319-b5b2-772b9a7bd30a | ITER: 8 END: OK
2019-07-02 01:40:50.659 25860 INFO rally.task.runner [-] Task 07d099a4-ccaa-4319-b5b2-772b9a7bd30a | ITER: 23 START
2019-07-02 01:40:50.699 25868 INFO rally.task.runner [-] Task 07d099a4-ccaa-4319-b5b2-772b9a7bd30a | ITER: 11 END: OK
2019-07-02 01:40:50.704 25868 INFO rally.task.runner [-] Task 07d099a4-ccaa-4319-b5b2-772b9a7bd30a | ITER: 24 START
2019-07-02 01:40:50.755 25858 INFO rally.task.runner [-] Task 07d099a4-ccaa-4319-b5b2-772b9a7bd30a | ITER: 9 END: OK
2019-07-02 01:40:50.759 25858 INFO rally.task.runner [-] Task 07d099a4-ccaa-4319-b5b2-772b9a7bd30a | ITER: 25 START
2019-07-02 01:40:50.794 25894 INFO rally.task.runner [-] Task 07d099a4-ccaa-4319-b5b2-772b9a7bd30a | ITER: 18 END: OK
2019-07-02 01:40:50.798 25894 INFO rally.task.runner [-] Task 07d099a4-ccaa-4319-b5b2-772b9a7bd30a | ITER: 26 START
2019-07-02 01:40:50.908 25855 INFO rally.task.runner [-] Task 07d099a4-ccaa-4319-b5b2-772b9a7bd30a | ITER: 3 END: OK
2019-07-02 01:40:50.912 25855 INFO rally.task.runner [-] Task 07d099a4-ccaa-4319-b5b2-772b9a7bd30a | ITER: 27 START
2019-07-02 01:40:50.922 25858 INFO rally.task.runner [-] Task 07d099a4-ccaa-4319-b5b2-772b9a7bd30a | ITER: 6 END: OK
2019-07-02 01:40:50.925 25858 INFO rally.task.runner [-] Task 07d099a4-ccaa-4319-b5b2-772b9a7bd30a | ITER: 28 START
2019-07-02 01:40:50.945 25855 INFO rally.task.runner [-] Task 07d099a4-ccaa-4319-b5b2-772b9a7bd30a | ITER: 1 END: OK
2019-07-02 01:40:50.948 25855 INFO rally.task.runner [-] Task 07d099a4-ccaa-4319-b5b2-772b9a7bd30a | ITER: 29 START
2019-07-02 01:40:51.036 25887 INFO rally.task.runner [-] Task 07d099a4-ccaa-4319-b5b2-772b9a7bd30a | ITER: 15 END: OK
2019-07-02 01:40:51.036 25891 INFO rally.task.runner [-] Task 07d099a4-ccaa-4319-b5b2-772b9a7bd30a | ITER: 17 END: OK
2019-07-02 01:40:51.039 25887 INFO rally.task.runner [-] Task 07d099a4-ccaa-4319-b5b2-772b9a7bd30a | ITER: 30 START
2019-07-02 01:40:51.041 25891 INFO rally.task.runner [-] Task 07d099a4-ccaa-4319-b5b2-772b9a7bd30a | ITER: 31 START
2019-07-02 01:40:51.103 25872 INFO rally.task.runner [-] Task 07d099a4-ccaa-4319-b5b2-772b9a7bd30a | ITER: 12 END: OK
2019-07-02 01:40:51.108 25872 INFO rally.task.runner [-] Task 07d099a4-ccaa-4319-b5b2-772b9a7bd30a | ITER: 32 START
2019-07-02 01:40:51.153 25856 INFO rally.task.runner [-] Task 07d099a4-ccaa-4319-b5b2-772b9a7bd30a | ITER: 2 END: OK
2019-07-02 01:40:51.158 25856 INFO rally.task.runner [-] Task 07d099a4-ccaa-4319-b5b2-772b9a7bd30a | ITER: 33 START
2019-07-02 01:40:51.183 25857 INFO rally.task.runner [-] Task 07d099a4-ccaa-4319-b5b2-772b9a7bd30a | ITER: 4 END: OK
2019-07-02 01:40:51.189 25857 INFO rally.task.runner [-] Task 07d099a4-ccaa-4319-b5b2-772b9a7bd30a | ITER: 34 START
2019-07-02 01:40:51.300 25882 INFO rally.task.runner [-] Task 07d099a4-ccaa-4319-b5b2-772b9a7bd30a | ITER: 14 END: OK
2019-07-02 01:40:51.304 25882 INFO rally.task.runner [-] Task 07d099a4-ccaa-4319-b5b2-772b9a7bd30a | ITER: 35 START
2019-07-02 01:40:51.346 25857 INFO rally.task.runner [-] Task 07d099a4-ccaa-4319-b5b2-772b9a7bd30a | ITER: 7 END: OK
2019-07-02 01:40:51.349 25857 INFO rally.task.runner [-] Task 07d099a4-ccaa-4319-b5b2-772b9a7bd30a | ITER: 36 START
2019-07-02 01:40:51.440 25899 INFO rally.task.runner [-] Task 07d099a4-ccaa-4319-b5b2-772b9a7bd30a | ITER: 19 END: OK
2019-07-02 01:40:51.444 25899 INFO rally.task.runner [-] Task 07d099a4-ccaa-4319-b5b2-772b9a7bd30a | ITER: 37 START
2019-07-02 01:40:51.483 25863 INFO rally.task.runner [-] Task 07d099a4-ccaa-4319-b5b2-772b9a7bd30a | ITER: 22 END: OK
2019-07-02 01:40:51.487 25863 INFO rally.task.runner [-] Task 07d099a4-ccaa-4319-b5b2-772b9a7bd30a | ITER: 38 START
2019-07-02 01:40:51.523 25888 INFO rally.task.runner [-] Task 07d099a4-ccaa-4319-b5b2-772b9a7bd30a | ITER: 16 END: OK
2019-07-02 01:40:51.527 25888 INFO rally.task.runner [-] Task 07d099a4-ccaa-4319-b5b2-772b9a7bd30a | ITER: 39 START
2019-07-02 01:40:51.785 25877 INFO rally.task.runner [-] Task 07d099a4-ccaa-4319-b5b2-772b9a7bd30a | ITER: 21 END: OK
2019-07-02 01:40:51.789 25877 INFO rally.task.runner [-] Task 07d099a4-ccaa-4319-b5b2-772b9a7bd30a | ITER: 40 START
2019-07-02 01:40:51.806 25860 INFO rally.task.runner [-] Task 07d099a4-ccaa-4319-b5b2-772b9a7bd30a | ITER: 23 END: OK
2019-07-02 01:40:51.806 25855 INFO rally.task.runner [-] Task 07d099a4-ccaa-4319-b5b2-772b9a7bd30a | ITER: 27 END: OK
2019-07-02 01:40:51.809 25855 INFO rally.task.runner [-] Task 07d099a4-ccaa-4319-b5b2-772b9a7bd30a | ITER: 42 START
2019-07-02 01:40:51.809 25860 INFO rally.task.runner [-] Task 07d099a4-ccaa-4319-b5b2-772b9a7bd30a | ITER: 41 START
2019-07-02 01:40:51.855 25856 INFO rally.task.runner [-] Task 07d099a4-ccaa-4319-b5b2-772b9a7bd30a | ITER: 5 END: OK
2019-07-02 01:40:51.858 25902 INFO rally.task.runner [-] Task 07d099a4-ccaa-4319-b5b2-772b9a7bd30a | ITER: 20 END: OK
2019-07-02 01:40:51.859 25856 INFO rally.task.runner [-] Task 07d099a4-ccaa-4319-b5b2-772b9a7bd30a | ITER: 43 START
2019-07-02 01:40:51.862 25902 INFO rally.task.runner [-] Task 07d099a4-ccaa-4319-b5b2-772b9a7bd30a | ITER: 44 START
2019-07-02 01:40:51.864 25858 INFO rally.task.runner [-] Task 07d099a4-ccaa-4319-b5b2-772b9a7bd30a | ITER: 25 END: OK
2019-07-02 01:40:51.868 25858 INFO rally.task.runner [-] Task 07d099a4-ccaa-4319-b5b2-772b9a7bd30a | ITER: 45 START
2019-07-02 01:40:51.937 25891 INFO rally.task.runner [-] Task 07d099a4-ccaa-4319-b5b2-772b9a7bd30a | ITER: 31 END: OK
2019-07-02 01:40:51.940 25891 INFO rally.task.runner [-] Task 07d099a4-ccaa-4319-b5b2-772b9a7bd30a | ITER: 46 START
2019-07-02 01:40:52.236 25868 INFO rally.task.runner [-] Task 07d099a4-ccaa-4319-b5b2-772b9a7bd30a | ITER: 24 END: OK
2019-07-02 01:40:52.239 25868 INFO rally.task.runner [-] Task 07d099a4-ccaa-4319-b5b2-772b9a7bd30a | ITER: 47 START
2019-07-02 01:40:52.310 25894 INFO rally.task.runner [-] Task 07d099a4-ccaa-4319-b5b2-772b9a7bd30a | ITER: 26 END: OK
2019-07-02 01:40:52.313 25894 INFO rally.task.runner [-] Task 07d099a4-ccaa-4319-b5b2-772b9a7bd30a | ITER: 48 START
2019-07-02 01:40:52.449 25856 INFO rally.task.runner [-] Task 07d099a4-ccaa-4319-b5b2-772b9a7bd30a | ITER: 33 END: OK
2019-07-02 01:40:52.451 25856 INFO rally.task.runner [-] Task 07d099a4-ccaa-4319-b5b2-772b9a7bd30a | ITER: 49 START
2019-07-02 01:40:52.595 25882 INFO rally.task.runner [-] Task 07d099a4-ccaa-4319-b5b2-772b9a7bd30a | ITER: 35 END: OK
2019-07-02 01:40:52.599 25882 INFO rally.task.runner [-] Task 07d099a4-ccaa-4319-b5b2-772b9a7bd30a | ITER: 50 START
2019-07-02 01:40:52.668 25858 INFO rally.task.runner [-] Task 07d099a4-ccaa-4319-b5b2-772b9a7bd30a | ITER: 45 END: OK
2019-07-02 01:40:52.672 25858 INFO rally.task.runner [-] Task 07d099a4-ccaa-4319-b5b2-772b9a7bd30a | ITER: 51 START
2019-07-02 01:40:52.702 25855 INFO rally.task.runner [-] Task 07d099a4-ccaa-4319-b5b2-772b9a7bd30a | ITER: 29 END: OK
2019-07-02 01:40:52.706 25855 INFO rally.task.runner [-] Task 07d099a4-ccaa-4319-b5b2-772b9a7bd30a | ITER: 52 START
2019-07-02 01:40:52.723 25857 INFO rally.task.runner [-] Task 07d099a4-ccaa-4319-b5b2-772b9a7bd30a | ITER: 34 END: OK
2019-07-02 01:40:52.726 25857 INFO rally.task.runner [-] Task 07d099a4-ccaa-4319-b5b2-772b9a7bd30a | ITER: 53 START
2019-07-02 01:40:52.792 25860 INFO rally.task.runner [-] Task 07d099a4-ccaa-4319-b5b2-772b9a7bd30a | ITER: 41 END: OK
2019-07-02 01:40:52.796 25860 INFO rally.task.runner [-] Task 07d099a4-ccaa-4319-b5b2-772b9a7bd30a | ITER: 54 START
2019-07-02 01:40:52.836 25858 INFO rally.task.runner [-] Task 07d099a4-ccaa-4319-b5b2-772b9a7bd30a | ITER: 28 END: OK
2019-07-02 01:40:52.840 25858 INFO rally.task.runner [-] Task 07d099a4-ccaa-4319-b5b2-772b9a7bd30a | ITER: 55 START
2019-07-02 01:40:52.987 25857 INFO rally.task.runner [-] Task 07d099a4-ccaa-4319-b5b2-772b9a7bd30a | ITER: 36 END: OK
2019-07-02 01:40:52.991 25857 INFO rally.task.runner [-] Task 07d099a4-ccaa-4319-b5b2-772b9a7bd30a | ITER: 56 START
2019-07-02 01:40:53.169 25872 INFO rally.task.runner [-] Task 07d099a4-ccaa-4319-b5b2-772b9a7bd30a | ITER: 32 END: OK
2019-07-02 01:40:53.173 25872 INFO rally.task.runner [-] Task 07d099a4-ccaa-4319-b5b2-772b9a7bd30a | ITER: 57 START
2019-07-02 01:40:53.204 25899 INFO rally.task.runner [-] Task 07d099a4-ccaa-4319-b5b2-772b9a7bd30a | ITER: 37 END: OK
2019-07-02 01:40:53.208 25899 INFO rally.task.runner [-] Task 07d099a4-ccaa-4319-b5b2-772b9a7bd30a | ITER: 58 START
2019-07-02 01:40:53.213 25887 INFO rally.task.runner [-] Task 07d099a4-ccaa-4319-b5b2-772b9a7bd30a | ITER: 30 END: OK
2019-07-02 01:40:53.216 25887 INFO rally.task.runner [-] Task 07d099a4-ccaa-4319-b5b2-772b9a7bd30a | ITER: 59 START
2019-07-02 01:40:53.255 25855 INFO rally.task.runner [-] Task 07d099a4-ccaa-4319-b5b2-772b9a7bd30a | ITER: 42 END: OK
2019-07-02 01:40:53.258 25855 INFO rally.task.runner [-] Task 07d099a4-ccaa-4319-b5b2-772b9a7bd30a | ITER: 60 START
2019-07-02 01:40:53.280 25856 INFO rally.task.runner [-] Task 07d099a4-ccaa-4319-b5b2-772b9a7bd30a | ITER: 43 END: OK
2019-07-02 01:40:53.283 25856 INFO rally.task.runner [-] Task 07d099a4-ccaa-4319-b5b2-772b9a7bd30a | ITER: 61 START
2019-07-02 01:40:53.372 25877 INFO rally.task.runner [-] Task 07d099a4-ccaa-4319-b5b2-772b9a7bd30a | ITER: 40 END: OK
2019-07-02 01:40:53.376 25877 INFO rally.task.runner [-] Task 07d099a4-ccaa-4319-b5b2-772b9a7bd30a | ITER: 62 START
2019-07-02 01:40:53.396 25863 INFO rally.task.runner [-] Task 07d099a4-ccaa-4319-b5b2-772b9a7bd30a | ITER: 38 END: OK
2019-07-02 01:40:53.400 25863 INFO rally.task.runner [-] Task 07d099a4-ccaa-4319-b5b2-772b9a7bd30a | ITER: 63 START
2019-07-02 01:40:53.448 25888 INFO rally.task.runner [-] Task 07d099a4-ccaa-4319-b5b2-772b9a7bd30a | ITER: 39 END: OK
2019-07-02 01:40:53.452 25888 INFO rally.task.runner [-] Task 07d099a4-ccaa-4319-b5b2-772b9a7bd30a | ITER: 64 START
2019-07-02 01:40:53.629 25868 INFO rally.task.runner [-] Task 07d099a4-ccaa-4319-b5b2-772b9a7bd30a | ITER: 47 END: OK
2019-07-02 01:40:53.633 25868 INFO rally.task.runner [-] Task 07d099a4-ccaa-4319-b5b2-772b9a7bd30a | ITER: 65 START
2019-07-02 01:40:53.874 25894 INFO rally.task.runner [-] Task 07d099a4-ccaa-4319-b5b2-772b9a7bd30a | ITER: 48 END: OK
2019-07-02 01:40:53.878 25894 INFO rally.task.runner [-] Task 07d099a4-ccaa-4319-b5b2-772b9a7bd30a | ITER: 66 START
2019-07-02 01:40:53.981 25899 INFO rally.task.runner [-] Task 07d099a4-ccaa-4319-b5b2-772b9a7bd30a | ITER: 58 END: OK
2019-07-02 01:40:53.985 25899 INFO rally.task.runner [-] Task 07d099a4-ccaa-4319-b5b2-772b9a7bd30a | ITER: 67 START
2019-07-02 01:40:54.046 25891 INFO rally.task.runner [-] Task 07d099a4-ccaa-4319-b5b2-772b9a7bd30a | ITER: 46 END: OK
2019-07-02 01:40:54.050 25891 INFO rally.task.runner [-] Task 07d099a4-ccaa-4319-b5b2-772b9a7bd30a | ITER: 68 START
2019-07-02 01:40:54.164 25882 INFO rally.task.runner [-] Task 07d099a4-ccaa-4319-b5b2-772b9a7bd30a | ITER: 50 END: OK
2019-07-02 01:40:54.168 25882 INFO rally.task.runner [-] Task 07d099a4-ccaa-4319-b5b2-772b9a7bd30a | ITER: 69 START
2019-07-02 01:40:54.288 25902 INFO rally.task.runner [-] Task 07d099a4-ccaa-4319-b5b2-772b9a7bd30a | ITER: 44 END: OK
2019-07-02 01:40:54.291 25902 INFO rally.task.runner [-] Task 07d099a4-ccaa-4319-b5b2-772b9a7bd30a | ITER: 70 START
2019-07-02 01:40:54.460 25858 INFO rally.task.runner [-] Task 07d099a4-ccaa-4319-b5b2-772b9a7bd30a | ITER: 51 END: OK
2019-07-02 01:40:54.463 25858 INFO rally.task.runner [-] Task 07d099a4-ccaa-4319-b5b2-772b9a7bd30a | ITER: 71 START
2019-07-02 01:40:54.553 25856 INFO rally.task.runner [-] Task 07d099a4-ccaa-4319-b5b2-772b9a7bd30a | ITER: 49 END: OK
2019-07-02 01:40:54.557 25856 INFO rally.task.runner [-] Task 07d099a4-ccaa-4319-b5b2-772b9a7bd30a | ITER: 72 START
2019-07-02 01:40:54.561 25860 INFO rally.task.runner [-] Task 07d099a4-ccaa-4319-b5b2-772b9a7bd30a | ITER: 54 END: OK
2019-07-02 01:40:54.565 25860 INFO rally.task.runner [-] Task 07d099a4-ccaa-4319-b5b2-772b9a7bd30a | ITER: 73 START
2019-07-02 01:40:54.684 25857 INFO rally.task.runner [-] Task 07d099a4-ccaa-4319-b5b2-772b9a7bd30a | ITER: 53 END: OK
2019-07-02 01:40:54.688 25857 INFO rally.task.runner [-] Task 07d099a4-ccaa-4319-b5b2-772b9a7bd30a | ITER: 74 START
2019-07-02 01:40:54.724 25855 INFO rally.task.runner [-] Task 07d099a4-ccaa-4319-b5b2-772b9a7bd30a | ITER: 52 END: OK
2019-07-02 01:40:54.728 25855 INFO rally.task.runner [-] Task 07d099a4-ccaa-4319-b5b2-772b9a7bd30a | ITER: 75 START
2019-07-02 01:40:54.968 25872 INFO rally.task.runner [-] Task 07d099a4-ccaa-4319-b5b2-772b9a7bd30a | ITER: 57 END: OK
2019-07-02 01:40:54.972 25872 INFO rally.task.runner [-] Task 07d099a4-ccaa-4319-b5b2-772b9a7bd30a | ITER: 76 START
2019-07-02 01:40:55.162 25856 INFO rally.task.runner [-] Task 07d099a4-ccaa-4319-b5b2-772b9a7bd30a | ITER: 61 END: OK
2019-07-02 01:40:55.165 25856 INFO rally.task.runner [-] Task 07d099a4-ccaa-4319-b5b2-772b9a7bd30a | ITER: 77 START
2019-07-02 01:40:55.247 25857 INFO rally.task.runner [-] Task 07d099a4-ccaa-4319-b5b2-772b9a7bd30a | ITER: 56 END: OK
2019-07-02 01:40:55.250 25857 INFO rally.task.runner [-] Task 07d099a4-ccaa-4319-b5b2-772b9a7bd30a | ITER: 78 START
2019-07-02 01:40:55.276 25855 INFO rally.task.runner [-] Task 07d099a4-ccaa-4319-b5b2-772b9a7bd30a | ITER: 60 END: OK
2019-07-02 01:40:55.279 25855 INFO rally.task.runner [-] Task 07d099a4-ccaa-4319-b5b2-772b9a7bd30a | ITER: 79 START
2019-07-02 01:40:55.374 25863 INFO rally.task.runner [-] Task 07d099a4-ccaa-4319-b5b2-772b9a7bd30a | ITER: 63 END: OK
2019-07-02 01:40:55.378 25863 INFO rally.task.runner [-] Task 07d099a4-ccaa-4319-b5b2-772b9a7bd30a | ITER: 80 START
2019-07-02 01:40:55.378 25858 INFO rally.task.runner [-] Task 07d099a4-ccaa-4319-b5b2-772b9a7bd30a | ITER: 55 END: OK
2019-07-02 01:40:55.382 25858 INFO rally.task.runner [-] Task 07d099a4-ccaa-4319-b5b2-772b9a7bd30a | ITER: 81 START
2019-07-02 01:40:55.439 25888 INFO rally.task.runner [-] Task 07d099a4-ccaa-4319-b5b2-772b9a7bd30a | ITER: 64 END: OK
2019-07-02 01:40:55.443 25888 INFO rally.task.runner [-] Task 07d099a4-ccaa-4319-b5b2-772b9a7bd30a | ITER: 82 START
2019-07-02 01:40:55.454 25860 INFO rally.task.runner [-] Task 07d099a4-ccaa-4319-b5b2-772b9a7bd30a | ITER: 73 END: OK
2019-07-02 01:40:55.458 25860 INFO rally.task.runner [-] Task 07d099a4-ccaa-4319-b5b2-772b9a7bd30a | ITER: 83 START
2019-07-02 01:40:55.547 25877 INFO rally.task.runner [-] Task 07d099a4-ccaa-4319-b5b2-772b9a7bd30a | ITER: 62 END: OK
2019-07-02 01:40:55.551 25877 INFO rally.task.runner [-] Task 07d099a4-ccaa-4319-b5b2-772b9a7bd30a | ITER: 84 START
2019-07-02 01:40:55.795 25868 INFO rally.task.runner [-] Task 07d099a4-ccaa-4319-b5b2-772b9a7bd30a | ITER: 65 END: OK
2019-07-02 01:40:55.798 25868 INFO rally.task.runner [-] Task 07d099a4-ccaa-4319-b5b2-772b9a7bd30a | ITER: 85 START
2019-07-02 01:40:55.827 25894 INFO rally.task.runner [-] Task 07d099a4-ccaa-4319-b5b2-772b9a7bd30a | ITER: 66 END: OK
2019-07-02 01:40:55.831 25894 INFO rally.task.runner [-] Task 07d099a4-ccaa-4319-b5b2-772b9a7bd30a | ITER: 86 START
2019-07-02 01:40:55.862 25891 INFO rally.task.runner [-] Task 07d099a4-ccaa-4319-b5b2-772b9a7bd30a | ITER: 68 END: OK
2019-07-02 01:40:55.865 25891 INFO rally.task.runner [-] Task 07d099a4-ccaa-4319-b5b2-772b9a7bd30a | ITER: 87 START
2019-07-02 01:40:56.035 25899 INFO rally.task.runner [-] Task 07d099a4-ccaa-4319-b5b2-772b9a7bd30a | ITER: 67 END: OK
2019-07-02 01:40:56.039 25899 INFO rally.task.runner [-] Task 07d099a4-ccaa-4319-b5b2-772b9a7bd30a | ITER: 88 START
2019-07-02 01:40:56.148 25882 INFO rally.task.runner [-] Task 07d099a4-ccaa-4319-b5b2-772b9a7bd30a | ITER: 69 END: OK
2019-07-02 01:40:56.151 25882 INFO rally.task.runner [-] Task 07d099a4-ccaa-4319-b5b2-772b9a7bd30a | ITER: 89 START
2019-07-02 01:40:56.218 25887 INFO rally.task.runner [-] Task 07d099a4-ccaa-4319-b5b2-772b9a7bd30a | ITER: 59 END: OK
2019-07-02 01:40:56.221 25887 INFO rally.task.runner [-] Task 07d099a4-ccaa-4319-b5b2-772b9a7bd30a | ITER: 90 START
2019-07-02 01:40:56.280 25858 INFO rally.task.runner [-] Task 07d099a4-ccaa-4319-b5b2-772b9a7bd30a | ITER: 81 END: OK
2019-07-02 01:40:56.283 25858 INFO rally.task.runner [-] Task 07d099a4-ccaa-4319-b5b2-772b9a7bd30a | ITER: 91 START
2019-07-02 01:40:56.451 25902 INFO rally.task.runner [-] Task 07d099a4-ccaa-4319-b5b2-772b9a7bd30a | ITER: 70 END: OK
2019-07-02 01:40:56.455 25902 INFO rally.task.runner [-] Task 07d099a4-ccaa-4319-b5b2-772b9a7bd30a | ITER: 92 START
2019-07-02 01:40:56.493 25856 INFO rally.task.runner [-] Task 07d099a4-ccaa-4319-b5b2-772b9a7bd30a | ITER: 72 END: OK
2019-07-02 01:40:56.496 25856 INFO rally.task.runner [-] Task 07d099a4-ccaa-4319-b5b2-772b9a7bd30a | ITER: 93 START
2019-07-02 01:40:56.649 25856 INFO rally.task.runner [-] Task 07d099a4-ccaa-4319-b5b2-772b9a7bd30a | ITER: 77 END: OK
2019-07-02 01:40:56.652 25856 INFO rally.task.runner [-] Task 07d099a4-ccaa-4319-b5b2-772b9a7bd30a | ITER: 94 START
2019-07-02 01:40:56.661 25855 INFO rally.task.runner [-] Task 07d099a4-ccaa-4319-b5b2-772b9a7bd30a | ITER: 75 END: OK
2019-07-02 01:40:56.665 25855 INFO rally.task.runner [-] Task 07d099a4-ccaa-4319-b5b2-772b9a7bd30a | ITER: 95 START
2019-07-02 01:40:56.708 25872 INFO rally.task.runner [-] Task 07d099a4-ccaa-4319-b5b2-772b9a7bd30a | ITER: 76 END: OK
2019-07-02 01:40:56.712 25872 INFO rally.task.runner [-] Task 07d099a4-ccaa-4319-b5b2-772b9a7bd30a | ITER: 96 START
2019-07-02 01:40:56.743 25858 INFO rally.task.runner [-] Task 07d099a4-ccaa-4319-b5b2-772b9a7bd30a | ITER: 71 END: OK
2019-07-02 01:40:56.747 25858 INFO rally.task.runner [-] Task 07d099a4-ccaa-4319-b5b2-772b9a7bd30a | ITER: 97 START
2019-07-02 01:40:56.835 25857 INFO rally.task.runner [-] Task 07d099a4-ccaa-4319-b5b2-772b9a7bd30a | ITER: 78 END: OK
2019-07-02 01:40:56.839 25857 INFO rally.task.runner [-] Task 07d099a4-ccaa-4319-b5b2-772b9a7bd30a | ITER: 98 START
2019-07-02 01:40:56.970 25863 INFO rally.task.runner [-] Task 07d099a4-ccaa-4319-b5b2-772b9a7bd30a | ITER: 80 END: OK
2019-07-02 01:40:56.974 25863 INFO rally.task.runner [-] Task 07d099a4-ccaa-4319-b5b2-772b9a7bd30a | ITER: 99 START
2019-07-02 01:40:57.128 25855 INFO rally.task.runner [-] Task 07d099a4-ccaa-4319-b5b2-772b9a7bd30a | ITER: 79 END: OK
2019-07-02 01:40:57.132 25855 INFO rally.task.runner [-] Task 07d099a4-ccaa-4319-b5b2-772b9a7bd30a | ITER: 100 START
2019-07-02 01:40:57.335 25877 INFO rally.task.runner [-] Task 07d099a4-ccaa-4319-b5b2-772b9a7bd30a | ITER: 84 END: OK
2019-07-02 01:40:57.434 25856 INFO rally.task.runner [-] Task 07d099a4-ccaa-4319-b5b2-772b9a7bd30a | ITER: 94 END: OK
2019-07-02 01:40:57.455 25860 INFO rally.task.runner [-] Task 07d099a4-ccaa-4319-b5b2-772b9a7bd30a | ITER: 83 END: OK
2019-07-02 01:40:57.513 25868 INFO rally.task.runner [-] Task 07d099a4-ccaa-4319-b5b2-772b9a7bd30a | ITER: 85 END: OK
2019-07-02 01:40:57.818 25891 INFO rally.task.runner [-] Task 07d099a4-ccaa-4319-b5b2-772b9a7bd30a | ITER: 87 END: OK
2019-07-02 01:40:57.907 25857 INFO rally.task.runner [-] Task 07d099a4-ccaa-4319-b5b2-772b9a7bd30a | ITER: 74 END: OK
2019-07-02 01:40:57.970 25888 INFO rally.task.runner [-] Task 07d099a4-ccaa-4319-b5b2-772b9a7bd30a | ITER: 82 END: OK
2019-07-02 01:40:58.113 25894 INFO rally.task.runner [-] Task 07d099a4-ccaa-4319-b5b2-772b9a7bd30a | ITER: 86 END: OK
2019-07-02 01:40:58.263 25882 INFO rally.task.runner [-] Task 07d099a4-ccaa-4319-b5b2-772b9a7bd30a | ITER: 89 END: OK
2019-07-02 01:40:58.274 25899 INFO rally.task.runner [-] Task 07d099a4-ccaa-4319-b5b2-772b9a7bd30a | ITER: 88 END: OK
2019-07-02 01:40:58.312 25887 INFO rally.task.runner [-] Task 07d099a4-ccaa-4319-b5b2-772b9a7bd30a | ITER: 90 END: OK
2019-07-02 01:40:58.515 25902 INFO rally.task.runner [-] Task 07d099a4-ccaa-4319-b5b2-772b9a7bd30a | ITER: 92 END: OK
2019-07-02 01:40:58.637 25858 INFO rally.task.runner [-] Task 07d099a4-ccaa-4319-b5b2-772b9a7bd30a | ITER: 91 END: OK
2019-07-02 01:40:58.727 25858 INFO rally.task.runner [-] Task 07d099a4-ccaa-4319-b5b2-772b9a7bd30a | ITER: 97 END: OK
2019-07-02 01:40:58.796 25856 INFO rally.task.runner [-] Task 07d099a4-ccaa-4319-b5b2-772b9a7bd30a | ITER: 93 END: OK
2019-07-02 01:40:58.898 25872 INFO rally.task.runner [-] Task 07d099a4-ccaa-4319-b5b2-772b9a7bd30a | ITER: 96 END: OK
2019-07-02 01:40:59.002 25855 INFO rally.task.runner [-] Task 07d099a4-ccaa-4319-b5b2-772b9a7bd30a | ITER: 95 END: OK
2019-07-02 01:40:59.024 25863 INFO rally.task.runner [-] Task 07d099a4-ccaa-4319-b5b2-772b9a7bd30a | ITER: 99 END: OK
2019-07-02 01:40:59.169 25857 INFO rally.task.runner [-] Task 07d099a4-ccaa-4319-b5b2-772b9a7bd30a | ITER: 98 END: OK
2019-07-02 01:40:59.195 25855 INFO rally.task.runner [-] Task 07d099a4-ccaa-4319-b5b2-772b9a7bd30a | ITER: 100 END: OK
2019-07-02 01:40:59.216 25731 INFO rally.task.context [-] Task 07d099a4-ccaa-4319-b5b2-772b9a7bd30a | Context cleanup@openstack cleanup() started
2019-07-02 01:40:59.219 25731 RALLYDEBUG rally_openstack.cleanup.manager [-] Cleaning up neutron vip objects
2019-07-02 01:40:59.611 25731 RALLYDEBUG rally_openstack.cleanup.manager [-] Cleaning up neutron health_monitor objects
2019-07-02 01:41:00.014 25731 RALLYDEBUG rally_openstack.cleanup.manager [-] Cleaning up neutron pool objects
2019-07-02 01:41:00.415 25731 RALLYDEBUG rally_openstack.cleanup.manager [-] Cleaning up neutron loadbalancer objects
2019-07-02 01:41:00.804 25731 RALLYDEBUG rally_openstack.cleanup.manager [-] Cleaning up neutron floatingip objects
2019-07-02 01:41:01.240 25731 RALLYDEBUG rally_openstack.cleanup.manager [-] Cleaning up neutron port objects
2019-07-02 01:41:01.679 25731 RALLYDEBUG rally_openstack.cleanup.manager [-] Cleaning up neutron subnet objects
2019-07-02 01:41:02.092 25731 RALLYDEBUG rally_openstack.cleanup.manager [-] Cleaning up neutron network objects
2019-07-02 01:41:02.805 25731 RALLYDEBUG rally_openstack.cleanup.manager [-] Deleting neutron.network object s_rally_6790742d_Tw2wzyyy (005381c3-f534-4d17-8b23-effc9f877d58)
2019-07-02 01:41:02.818 25731 RALLYDEBUG rally_openstack.cleanup.manager [-] Deleting neutron.network object s_rally_6790742d_XI9pCgSC (0d93774a-111c-4c4b-8281-ff1748bb2c54)
2019-07-02 01:41:02.820 25731 RALLYDEBUG rally_openstack.cleanup.manager [-] Deleting neutron.network object s_rally_6790742d_d4eLKaHp (0bf3b124-d9cf-43ad-9155-4bd2a913f6ed)
2019-07-02 01:41:02.827 25731 RALLYDEBUG rally_openstack.cleanup.manager [-] Deleting neutron.network object s_rally_6790742d_115rEJDi (04c7f0e0-e883-4e77-8871-e3e2a7189b4d)
2019-07-02 01:41:02.831 25731 RALLYDEBUG rally_openstack.cleanup.manager [-] Deleting neutron.network object s_rally_6790742d_iR7c2qwx (187c729d-e55b-486d-b255-b0d9713ee72f)
2019-07-02 01:41:02.835 25731 RALLYDEBUG rally_openstack.cleanup.manager [-] Deleting neutron.network object s_rally_6790742d_6nCVL0Sv (10ffcd9b-4c3b-443f-959a-fdafb744eb5b)
2019-07-02 01:41:02.836 25731 RALLYDEBUG rally_openstack.cleanup.manager [-] Deleting neutron.network object s_rally_6790742d_FFBoLgKo (1ae64deb-8644-4e04-b5f0-223398fce57b)
2019-07-02 01:41:02.837 25731 RALLYDEBUG rally_openstack.cleanup.manager [-] Deleting neutron.network object s_rally_6790742d_4DUYpkDK (20a5b476-ada3-4791-9bfb-dd4571f47444)
2019-07-02 01:41:02.842 25731 RALLYDEBUG rally_openstack.cleanup.manager [-] Deleting neutron.network object s_rally_6790742d_7b3Irtew (1eb241e3-455e-4a20-8b93-5269c08e52ec)
2019-07-02 01:41:02.845 25731 RALLYDEBUG rally_openstack.cleanup.manager [-] Deleting neutron.network object s_rally_6790742d_uApUV7xY (181968c0-4319-4c04-8272-ad04d9656ed5)
2019-07-02 01:41:02.862 25731 RALLYDEBUG rally_openstack.cleanup.manager [-] Deleting neutron.network object s_rally_6790742d_pAXED4KY (1f69bf77-08ea-4b1f-be7a-1882698da476)
2019-07-02 01:41:02.869 25731 RALLYDEBUG rally_openstack.cleanup.manager [-] Deleting neutron.network object s_rally_6790742d_YFFOmPHG (011b7693-b7f6-4cd1-96be-ccb9751fdf0a)
2019-07-02 01:41:02.887 25731 RALLYDEBUG rally_openstack.cleanup.manager [-] Deleting neutron.network object s_rally_6790742d_UZeWzPRE (028d2f45-ff2f-4c30-ad0c-6fb0eba8873b)
2019-07-02 01:41:02.897 25731 RALLYDEBUG rally_openstack.cleanup.manager [-] Deleting neutron.network object s_rally_6790742d_HpWmG3Bc (09289e85-8221-438d-806f-7dea337e52c6)
2019-07-02 01:41:02.897 25731 RALLYDEBUG rally_openstack.cleanup.manager [-] Deleting neutron.network object s_rally_6790742d_CNdR6CNp (297ef858-1672-4e3d-b51b-a961ed87bfa4)
2019-07-02 01:41:02.899 25731 RALLYDEBUG rally_openstack.cleanup.manager [-] Deleting neutron.network object s_rally_6790742d_7Fwugvyy (1a5e503f-1c7a-494e-b3f9-03392bfe9640)
2019-07-02 01:41:02.903 25731 RALLYDEBUG rally_openstack.cleanup.manager [-] Deleting neutron.network object s_rally_6790742d_aiysKHVl (0cf31b5b-66c4-4562-ab1f-e5bd12a973d4)
2019-07-02 01:41:02.947 25731 RALLYDEBUG rally_openstack.cleanup.manager [-] Deleting neutron.network object s_rally_6790742d_XK0F2YK6 (248ae131-9a91-4afa-b7f1-ee3174bd410a)
2019-07-02 01:41:02.966 25731 RALLYDEBUG rally_openstack.cleanup.manager [-] Deleting neutron.network object s_rally_6790742d_8eTGv94R (060d5638-d6ac-4575-b108-5134d7e7da8d)
2019-07-02 01:41:02.987 25731 RALLYDEBUG rally_openstack.cleanup.manager [-] Deleting neutron.network object s_rally_6790742d_qazKUKDa (01494026-8a18-419d-9fd8-63df3d4dc2ef)
2019-07-02 01:41:05.361 25731 RALLYDEBUG rally_openstack.cleanup.manager [-] Deleting neutron.network object s_rally_6790742d_VWiIJj07 (2b01fdcd-1f5f-45a9-9a6f-5c9e59308aaf)
2019-07-02 01:41:05.385 25731 RALLYDEBUG rally_openstack.cleanup.manager [-] Deleting neutron.network object s_rally_6790742d_4Ax5noVD (2f2fce4d-b1f8-4e35-b6fc-009dd383b58b)
2019-07-02 01:41:05.414 25731 RALLYDEBUG rally_openstack.cleanup.manager [-] Deleting neutron.network object s_rally_6790742d_O01T3wq5 (320c3855-2401-408d-9617-b87cc4017e04)
2019-07-02 01:41:05.428 25731 RALLYDEBUG rally_openstack.cleanup.manager [-] Deleting neutron.network object s_rally_6790742d_tuHvxyNS (35535be0-f481-4b63-98a2-8d7d24c235ab)
2019-07-02 01:41:05.462 25731 RALLYDEBUG rally_openstack.cleanup.manager [-] Deleting neutron.network object s_rally_6790742d_Pfa3t60t (35d40205-5be4-40b0-a205-1bc95c744581)
2019-07-02 01:41:05.470 25731 RALLYDEBUG rally_openstack.cleanup.manager [-] Deleting neutron.network object s_rally_6790742d_qhDEeZ41 (372e9544-89b3-45b7-adc0-b85bdd03c5e2)
2019-07-02 01:41:05.519 25731 RALLYDEBUG rally_openstack.cleanup.manager [-] Deleting neutron.network object s_rally_6790742d_t7kHAwKv (38a8c42c-2e54-4cd3-8848-3b2c364a8eb6)
2019-07-02 01:41:05.822 25731 RALLYDEBUG rally_openstack.cleanup.manager [-] Deleting neutron.network object s_rally_6790742d_VWh6LpT9 (3fe045f5-dbde-4424-b0ce-46ac76534c64)
2019-07-02 01:41:05.846 25731 RALLYDEBUG rally_openstack.cleanup.manager [-] Deleting neutron.network object s_rally_6790742d_ggzeZ8WA (42c57d6e-8c7c-4f61-bb5a-9525272f7026)
2019-07-02 01:41:05.934 25731 RALLYDEBUG rally_openstack.cleanup.manager [-] Deleting neutron.network object s_rally_6790742d_joAGgAIj (49db9622-f9ba-462a-9207-07a026d90328)
2019-07-02 01:41:05.978 25731 RALLYDEBUG rally_openstack.cleanup.manager [-] Deleting neutron.network object s_rally_6790742d_IwfkXENU (4a3a89d9-e998-4570-afea-691bed7ba3ba)
2019-07-02 01:41:05.988 25731 RALLYDEBUG rally_openstack.cleanup.manager [-] Deleting neutron.network object s_rally_6790742d_ep2Thxda (5573e2f5-316b-457e-b9ca-679c615f1687)
2019-07-02 01:41:06.049 25731 RALLYDEBUG rally_openstack.cleanup.manager [-] Deleting neutron.network object s_rally_6790742d_X1cGfCXk (577d2e62-5a53-45fb-ba1a-e7872914236e)
2019-07-02 01:41:06.147 25731 RALLYDEBUG rally_openstack.cleanup.manager [-] Deleting neutron.network object s_rally_6790742d_W9RGskQn (5baf73d1-a473-4759-8bea-2fc7d25fe741)
2019-07-02 01:41:06.151 25731 RALLYDEBUG rally_openstack.cleanup.manager [-] Deleting neutron.network object s_rally_6790742d_3UMKz7A2 (57c9c53f-4462-493f-b23a-4e5b18e5ff7d)
2019-07-02 01:41:06.156 25731 RALLYDEBUG rally_openstack.cleanup.manager [-] Deleting neutron.network object s_rally_6790742d_4Psx769e (5d1c73b8-8e22-4560-ad5a-95060aba12d3)
2019-07-02 01:41:06.157 25731 RALLYDEBUG rally_openstack.cleanup.manager [-] Deleting neutron.network object s_rally_6790742d_ArxGwtfm (5a795825-d8f2-42e3-87fb-b5096e838690)
2019-07-02 01:41:06.361 25731 RALLYDEBUG rally_openstack.cleanup.manager [-] Deleting neutron.network object s_rally_6790742d_GJy7lLrL (5e8781be-6556-44d1-9234-d1c2d7fe2182)
2019-07-02 01:41:06.593 25731 RALLYDEBUG rally_openstack.cleanup.manager [-] Deleting neutron.network object s_rally_6790742d_UdjN0Y1d (665482f9-a796-4a98-9361-93d858ea44e0)
2019-07-02 01:41:06.620 25731 RALLYDEBUG rally_openstack.cleanup.manager [-] Deleting neutron.network object s_rally_6790742d_tcvAhFHm (6894e69d-d867-4d86-98b1-1bd0dcbdf4cc)
2019-07-02 01:41:07.323 25731 RALLYDEBUG rally_openstack.cleanup.manager [-] Deleting neutron.network object s_rally_6790742d_ul6wiBGC (6c5494f3-9274-4f56-ab95-4612523f0e77)
2019-07-02 01:41:07.382 25731 RALLYDEBUG rally_openstack.cleanup.manager [-] Deleting neutron.network object s_rally_6790742d_B5SGb0Pi (6df865b7-fa63-4fe7-a3d9-bcac3f77c715)
2019-07-02 01:41:07.427 25731 RALLYDEBUG rally_openstack.cleanup.manager [-] Deleting neutron.network object s_rally_6790742d_duEZxV28 (6e4bcc4f-2b1d-4784-a33e-c6264f416264)
2019-07-02 01:41:07.849 25731 RALLYDEBUG rally_openstack.cleanup.manager [-] Deleting neutron.network object s_rally_6790742d_WLfT5lsZ (702a6a04-c7f3-4148-8fd4-91db2e30c719)
2019-07-02 01:41:08.134 25731 RALLYDEBUG rally_openstack.cleanup.manager [-] Deleting neutron.network object s_rally_6790742d_35iF0Hvt (70abcf62-bcb9-4555-9d11-8b61fac5b728)
2019-07-02 01:41:08.213 25731 RALLYDEBUG rally_openstack.cleanup.manager [-] Deleting neutron.network object s_rally_6790742d_zODnoGbZ (75ed51bb-d6ad-4881-bb04-e7b7a17f4c04)
2019-07-02 01:41:08.230 25731 RALLYDEBUG rally_openstack.cleanup.manager [-] Deleting neutron.network object s_rally_6790742d_8Ti3oGko (777f92e4-6c41-494a-ad6e-f9b7cb809549)
2019-07-02 01:41:08.236 25731 RALLYDEBUG rally_openstack.cleanup.manager [-] Deleting neutron.network object s_rally_6790742d_1so0tUQ9 (7881ac32-a46d-4d99-865a-4a39f0698f83)
2019-07-02 01:41:08.313 25731 RALLYDEBUG rally_openstack.cleanup.manager [-] Deleting neutron.network object s_rally_6790742d_Qjr6pVQt (78e9d8c0-53fc-4a04-b2d9-bb330b58b781)
2019-07-02 01:41:08.495 25731 RALLYDEBUG rally_openstack.cleanup.manager [-] Deleting neutron.network object s_rally_6790742d_Qvmb4GrA (7c27b633-dfc6-41f4-b92a-7091c88e9fb3)
2019-07-02 01:41:08.512 25731 RALLYDEBUG rally_openstack.cleanup.manager [-] Deleting neutron.network object s_rally_6790742d_QaxeWaKc (7d8d39d6-12ae-4e8f-b4f0-3f80538ec952)
2019-07-02 01:41:08.534 25731 RALLYDEBUG rally_openstack.cleanup.manager [-] Deleting neutron.network object s_rally_6790742d_GMoV8SBM (81054424-ee28-456c-beb4-f2bd4a9e53e0)
2019-07-02 01:41:08.665 25731 RALLYDEBUG rally_openstack.cleanup.manager [-] Deleting neutron.network object s_rally_6790742d_z5n0sxoN (81c96239-8691-473c-af9c-8072817f9d26)
2019-07-02 01:41:08.812 25731 RALLYDEBUG rally_openstack.cleanup.manager [-] Deleting neutron.network object s_rally_6790742d_Lk1nAzmZ (8378c36e-ee98-4c74-8de5-4cedcc91af0e)
2019-07-02 01:41:09.008 25731 RALLYDEBUG rally_openstack.cleanup.manager [-] Deleting neutron.network object s_rally_6790742d_Kfn9aQ9o (83d5e2ed-076f-4a62-b869-93ba6ad4fbd1)
2019-07-02 01:41:09.033 25731 RALLYDEBUG rally_openstack.cleanup.manager [-] Deleting neutron.network object s_rally_6790742d_PX6PtFHM (864d5507-df89-47fe-a8fc-781dd4ca90bc)
2019-07-02 01:41:09.359 25731 RALLYDEBUG rally_openstack.cleanup.manager [-] Deleting neutron.network object s_rally_6790742d_Ka78i9li (88b4d2e6-fc8b-4515-95c0-fc11d783b4c0)
2019-07-02 01:41:09.404 25731 RALLYDEBUG rally_openstack.cleanup.manager [-] Deleting neutron.network object s_rally_6790742d_fiWx8LDH (88b7afa2-8733-4e20-97f4-e7cae5a2fbc4)
2019-07-02 01:41:09.442 25731 RALLYDEBUG rally_openstack.cleanup.manager [-] Deleting neutron.network object s_rally_6790742d_6EDsiFec (8b4f5edb-755c-4fbd-bd0c-b24bee01fc59)
2019-07-02 01:41:09.561 25731 RALLYDEBUG rally_openstack.cleanup.manager [-] Deleting neutron.network object s_rally_6790742d_7x8IpvYp (8c8bb437-e824-4d48-81ad-63f51ffea35a)
2019-07-02 01:41:09.572 25731 RALLYDEBUG rally_openstack.cleanup.manager [-] Deleting neutron.network object s_rally_6790742d_ulJFqKcM (8f35b313-47fa-49c2-b954-5f565b49e39c)
2019-07-02 01:41:09.699 25731 RALLYDEBUG rally_openstack.cleanup.manager [-] Deleting neutron.network object s_rally_6790742d_JEyEGb7m (942ba955-b684-4aa3-a70a-7fb834b7a8c3)
2019-07-02 01:41:09.793 25731 RALLYDEBUG rally_openstack.cleanup.manager [-] Deleting neutron.network object s_rally_6790742d_DM0SdSEU (96f21fc5-f583-4ec2-af73-9b3eb5e2a189)
2019-07-02 01:41:10.104 25731 RALLYDEBUG rally_openstack.cleanup.manager [-] Deleting neutron.network object s_rally_6790742d_HBsbzI3c (98a0e966-319e-4403-911f-82e638e216ed)
2019-07-02 01:41:10.225 25731 RALLYDEBUG rally_openstack.cleanup.manager [-] Deleting neutron.network object s_rally_6790742d_J9WtpDbX (9b4f01b6-feeb-4ca9-aac7-ed5ecac8214b)
2019-07-02 01:41:10.374 25731 RALLYDEBUG rally_openstack.cleanup.manager [-] Deleting neutron.network object s_rally_6790742d_pVaTTOqi (a38a7d0d-fee6-4c82-afaa-39bcf8c03650)
2019-07-02 01:41:10.456 25731 RALLYDEBUG rally_openstack.cleanup.manager [-] Deleting neutron.network object s_rally_6790742d_jXEJh9K6 (a892c2c8-bc7c-405d-8421-3944d6accf71)
2019-07-02 01:41:10.504 25731 RALLYDEBUG rally_openstack.cleanup.manager [-] Deleting neutron.network object s_rally_6790742d_cTfh2GKW (a96876ec-073b-4193-863c-4fd77635f285)
2019-07-02 01:41:10.683 25731 RALLYDEBUG rally_openstack.cleanup.manager [-] Deleting neutron.network object s_rally_6790742d_K2dn9j5h (ac85a064-2050-49d1-9897-d2be5b709cc4)
2019-07-02 01:41:10.755 25731 RALLYDEBUG rally_openstack.cleanup.manager [-] Deleting neutron.network object s_rally_6790742d_bVw3gWGU (b0d3f4a0-a149-4121-a15c-765621b8de02)
2019-07-02 01:41:10.834 25731 RALLYDEBUG rally_openstack.cleanup.manager [-] Deleting neutron.network object s_rally_6790742d_O2yppiuu (b1a9f352-a34a-46b1-bd70-001c51fc9d86)
2019-07-02 01:41:10.903 25731 RALLYDEBUG rally_openstack.cleanup.manager [-] Deleting neutron.network object s_rally_6790742d_9fnPfvzN (b236765f-6f08-44ae-9db8-ddbb19bdf327)
2019-07-02 01:41:11.490 25731 RALLYDEBUG rally_openstack.cleanup.manager [-] Deleting neutron.network object s_rally_6790742d_HQsGEhk6 (b414d3cb-03cd-4843-a73e-ca0064d7a92a)
2019-07-02 01:41:11.526 25731 RALLYDEBUG rally_openstack.cleanup.manager [-] Deleting neutron.network object s_rally_6790742d_jEfZOfer (b4d37e0b-9626-4e39-8c00-7f8974bd7533)
2019-07-02 01:41:11.634 25731 RALLYDEBUG rally_openstack.cleanup.manager [-] Deleting neutron.network object s_rally_6790742d_ttNdbu03 (ba006f15-830f-42d7-bd0e-f8099f0a6e24)
2019-07-02 01:41:11.772 25731 RALLYDEBUG rally_openstack.cleanup.manager [-] Deleting neutron.network object s_rally_6790742d_UrhB6ES2 (bcf31124-8c7f-44e5-80da-db5eefe4ad1e)
2019-07-02 01:41:11.874 25731 RALLYDEBUG rally_openstack.cleanup.manager [-] Deleting neutron.network object s_rally_6790742d_ftWnHg4j (bd30e182-5f06-4b18-909f-6125f6ccb8f6)
2019-07-02 01:41:11.992 25731 RALLYDEBUG rally_openstack.cleanup.manager [-] Deleting neutron.network object s_rally_6790742d_QgBgDJIM (bf03b260-5b06-4b5b-a6bf-bff582923ea9)
2019-07-02 01:41:12.060 25731 RALLYDEBUG rally_openstack.cleanup.manager [-] Deleting neutron.network object s_rally_6790742d_gtnrbmDu (c03c05bd-73a1-49fd-b9ce-84e55a99e653)
2019-07-02 01:41:12.071 25731 RALLYDEBUG rally_openstack.cleanup.manager [-] Deleting neutron.network object s_rally_6790742d_Z25lcan9 (c5e3bb46-f38e-422b-b9d9-82767f979648)
2019-07-02 01:41:12.102 25731 RALLYDEBUG rally_openstack.cleanup.manager [-] Deleting neutron.network object s_rally_6790742d_TS8PoJsa (c7f590a2-67da-4cb4-909a-c56b221348b5)
2019-07-02 01:41:12.134 25731 RALLYDEBUG rally_openstack.cleanup.manager [-] Deleting neutron.network object s_rally_6790742d_einN4Rpd (ce54b0a1-9514-4b3c-9f7c-0ba57fc600d2)
2019-07-02 01:41:12.299 25731 RALLYDEBUG rally_openstack.cleanup.manager [-] Deleting neutron.network object s_rally_6790742d_nunRDg3R (d2717c41-a840-43c9-892a-27404e33fba6)
2019-07-02 01:41:12.323 25731 RALLYDEBUG rally_openstack.cleanup.manager [-] Deleting neutron.network object s_rally_6790742d_Ice7SBsG (d62c06af-07f2-469b-8a2d-b178535b98d8)
2019-07-02 01:41:12.744 25731 RALLYDEBUG rally_openstack.cleanup.manager [-] Deleting neutron.network object s_rally_6790742d_NMfDBE6T (d70bdab4-8a77-4fe0-b2ea-ddedd6022de6)
2019-07-02 01:41:12.820 25731 RALLYDEBUG rally_openstack.cleanup.manager [-] Deleting neutron.network object s_rally_6790742d_CQrexQm2 (d84963e3-25f4-487c-969c-eaaf796935fc)
2019-07-02 01:41:12.841 25731 RALLYDEBUG rally_openstack.cleanup.manager [-] Deleting neutron.network object s_rally_6790742d_DTMkFp6u (ddf88165-4230-4d17-a71f-ba023a1a70e3)
2019-07-02 01:41:13.014 25731 RALLYDEBUG rally_openstack.cleanup.manager [-] Deleting neutron.network object s_rally_6790742d_JrMxfXrM (de7d5074-d146-4abf-bd00-f955db039ee1)
2019-07-02 01:41:13.100 25731 RALLYDEBUG rally_openstack.cleanup.manager [-] Deleting neutron.network object s_rally_6790742d_5aCghUsQ (e2012e96-2de3-461b-b3b3-a25a9bc3a84e)
2019-07-02 01:41:13.151 25731 RALLYDEBUG rally_openstack.cleanup.manager [-] Deleting neutron.network object s_rally_6790742d_QqkQbBIh (e49a280b-a476-41c6-a423-55803411022d)
2019-07-02 01:41:13.489 25731 RALLYDEBUG rally_openstack.cleanup.manager [-] Deleting neutron.network object s_rally_6790742d_WIoksv4G (eb636199-24c4-4bd9-b16c-3e0de5faa32d)
2019-07-02 01:41:13.775 25731 RALLYDEBUG rally_openstack.cleanup.manager [-] Deleting neutron.network object s_rally_6790742d_3baSm89r (eddfcbb4-f11a-410a-8d79-0ccd64249cfa)
2019-07-02 01:41:13.823 25731 RALLYDEBUG rally_openstack.cleanup.manager [-] Deleting neutron.network object s_rally_6790742d_58lBAYNi (f09e788c-3ccf-464d-a7c2-b50aeb708223)
2019-07-02 01:41:14.100 25731 RALLYDEBUG rally_openstack.cleanup.manager [-] Deleting neutron.network object s_rally_6790742d_W7O8JCCM (f233d3d2-d389-4226-815f-60243da01114)
2019-07-02 01:41:14.156 25731 RALLYDEBUG rally_openstack.cleanup.manager [-] Deleting neutron.network object s_rally_6790742d_IRINWpIs (f2c173c8-1027-40fc-bc34-7a4c88ee0133)
2019-07-02 01:41:14.156 25731 RALLYDEBUG rally_openstack.cleanup.manager [-] Deleting neutron.network object s_rally_6790742d_Y9lars6F (f3c957ba-e432-47c0-bf5e-b4b9c8b3869e)
