2019-07-02 01:54:52.568 30004 INFO rally.task.runner [-] Task 07d099a4-ccaa-4319-b5b2-772b9a7bd30a | ITER: 15 END: OK
2019-07-02 01:54:52.573 30004 INFO rally.task.runner [-] Task 07d099a4-ccaa-4319-b5b2-772b9a7bd30a | ITER: 39 START
2019-07-02 01:54:52.574 30004 WARNING rally_openstack.scenarios.neutron.utils [-] Running this scenario without either the 'network' or 'existing_network' context is deprecated
2019-07-02 01:54:52.634 29986 INFO rally.task.runner [-] Task 07d099a4-ccaa-4319-b5b2-772b9a7bd30a | ITER: 10 END: OK
2019-07-02 01:54:52.638 29986 INFO rally.task.runner [-] Task 07d099a4-ccaa-4319-b5b2-772b9a7bd30a | ITER: 40 START
2019-07-02 01:54:52.639 29986 WARNING rally_openstack.scenarios.neutron.utils [-] Running this scenario without either the 'network' or 'existing_network' context is deprecated
2019-07-02 01:54:58.250 29978 INFO rally.task.runner [-] Task 07d099a4-ccaa-4319-b5b2-772b9a7bd30a | ITER: 21 END: OK
2019-07-02 01:54:59.122 29977 INFO rally.task.runner [-] Task 07d099a4-ccaa-4319-b5b2-772b9a7bd30a | ITER: 26 END: OK
2019-07-02 01:54:59.213 30013 INFO rally.task.runner [-] Task 07d099a4-ccaa-4319-b5b2-772b9a7bd30a | ITER: 32 END: OK
2019-07-02 01:54:59.405 29980 INFO rally.task.runner [-] Task 07d099a4-ccaa-4319-b5b2-772b9a7bd30a | ITER: 25 END: OK
2019-07-02 01:54:59.419 29979 INFO rally.task.runner [-] Task 07d099a4-ccaa-4319-b5b2-772b9a7bd30a | ITER: 29 END: OK
2019-07-02 01:54:59.809 30022 INFO rally.task.runner [-] Task 07d099a4-ccaa-4319-b5b2-772b9a7bd30a | ITER: 28 END: OK
2019-07-02 01:55:00.153 30010 INFO rally.task.runner [-] Task 07d099a4-ccaa-4319-b5b2-772b9a7bd30a | ITER: 23 END: OK
2019-07-02 01:55:00.234 29979 INFO rally.task.runner [-] Task 07d099a4-ccaa-4319-b5b2-772b9a7bd30a | ITER: 22 END: OK
2019-07-02 01:55:00.243 29999 INFO rally.task.runner [-] Task 07d099a4-ccaa-4319-b5b2-772b9a7bd30a | ITER: 35 END: OK
2019-07-02 01:55:00.546 29980 INFO rally.task.runner [-] Task 07d099a4-ccaa-4319-b5b2-772b9a7bd30a | ITER: 27 END: OK
2019-07-02 01:55:00.645 30024 INFO rally.task.runner [-] Task 07d099a4-ccaa-4319-b5b2-772b9a7bd30a | ITER: 37 END: OK
2019-07-02 01:55:00.749 29994 INFO rally.task.runner [-] Task 07d099a4-ccaa-4319-b5b2-772b9a7bd30a | ITER: 33 END: OK
2019-07-02 01:55:01.120 29997 INFO rally.task.runner [-] Task 07d099a4-ccaa-4319-b5b2-772b9a7bd30a | ITER: 24 END: OK
2019-07-02 01:55:01.127 30018 INFO rally.task.runner [-] Task 07d099a4-ccaa-4319-b5b2-772b9a7bd30a | ITER: 36 END: OK
2019-07-02 01:55:01.313 30004 INFO rally.task.runner [-] Task 07d099a4-ccaa-4319-b5b2-772b9a7bd30a | ITER: 39 END: OK
2019-07-02 01:55:01.315 29986 INFO rally.task.runner [-] Task 07d099a4-ccaa-4319-b5b2-772b9a7bd30a | ITER: 40 END: OK
2019-07-02 01:55:01.552 29978 INFO rally.task.runner [-] Task 07d099a4-ccaa-4319-b5b2-772b9a7bd30a | ITER: 34 END: OK
2019-07-02 01:55:01.612 29991 INFO rally.task.runner [-] Task 07d099a4-ccaa-4319-b5b2-772b9a7bd30a | ITER: 30 END: OK
2019-07-02 01:55:01.625 29977 INFO rally.task.runner [-] Task 07d099a4-ccaa-4319-b5b2-772b9a7bd30a | ITER: 38 END: OK
2019-07-02 01:55:01.724 29981 INFO rally.task.runner [-] Task 07d099a4-ccaa-4319-b5b2-772b9a7bd30a | ITER: 31 END: OK
2019-07-02 01:55:01.752 25731 INFO rally.task.context [-] Task 07d099a4-ccaa-4319-b5b2-772b9a7bd30a | Context cleanup@openstack cleanup() started
2019-07-02 01:55:01.755 25731 RALLYDEBUG rally_openstack.cleanup.manager [-] Cleaning up neutron vip objects
2019-07-02 01:55:02.152 25731 RALLYDEBUG rally_openstack.cleanup.manager [-] Cleaning up neutron health_monitor objects
2019-07-02 01:55:02.572 25731 RALLYDEBUG rally_openstack.cleanup.manager [-] Cleaning up neutron pool objects
2019-07-02 01:55:02.977 25731 RALLYDEBUG rally_openstack.cleanup.manager [-] Cleaning up neutron loadbalancer objects
2019-07-02 01:55:03.379 25731 RALLYDEBUG rally_openstack.cleanup.manager [-] Cleaning up neutron floatingip objects
2019-07-02 01:55:03.850 25731 RALLYDEBUG rally_openstack.cleanup.manager [-] Cleaning up neutron port objects
2019-07-02 01:55:04.300 25731 RALLYDEBUG rally_openstack.cleanup.manager [-] Cleaning up neutron subnet objects
2019-07-02 01:55:04.726 25731 RALLYDEBUG rally_openstack.cleanup.manager [-] Cleaning up neutron network objects
2019-07-02 01:55:05.653 25731 RALLYDEBUG rally_openstack.cleanup.manager [-] Deleting neutron.network object s_rally_c1095a70_AjvhBO9x (067c6a7a-cb33-4644-a86a-de018880fecf)
2019-07-02 01:55:05.657 25731 RALLYDEBUG rally_openstack.cleanup.manager [-] Deleting neutron.network object s_rally_c1095a70_urOZXgC3 (35b78794-43e3-4ca9-b2b0-f49a14f9c601)
2019-07-02 01:55:05.670 25731 RALLYDEBUG rally_openstack.cleanup.manager [-] Deleting neutron.network object s_rally_c1095a70_JKbfDMNO (48bd1d24-1bf6-4ef3-ae7e-4b3340a04e5d)
2019-07-02 01:55:05.670 25731 RALLYDEBUG rally_openstack.cleanup.manager [-] Deleting neutron.network object s_rally_c1095a70_nydll71x (05325479-7091-4580-8720-548cc34da10a)
2019-07-02 01:55:05.675 25731 RALLYDEBUG rally_openstack.cleanup.manager [-] Deleting neutron.network object s_rally_c1095a70_76KhKAYA (0f059d88-e5d6-46e3-8a07-b7f6ee23b9f0)
2019-07-02 01:55:05.676 25731 RALLYDEBUG rally_openstack.cleanup.manager [-] Deleting neutron.network object s_rally_c1095a70_TIQ5OFbG (313598e9-a9f2-4fc5-814c-9396cf80fd7e)
2019-07-02 01:55:05.688 25731 RALLYDEBUG rally_openstack.cleanup.manager [-] Deleting neutron.network object s_rally_c1095a70_yIaKqMO8 (3053375b-58bd-4b96-96f8-4f7c3a2ad913)
2019-07-02 01:55:05.692 25731 RALLYDEBUG rally_openstack.cleanup.manager [-] Deleting neutron.network object s_rally_c1095a70_c17ebyY9 (1d9535e6-3136-4170-b345-63dc0d4a6c8d)
2019-07-02 01:55:05.702 25731 RALLYDEBUG rally_openstack.cleanup.manager [-] Deleting neutron.network object s_rally_c1095a70_u7j8tRBE (0d229850-e2e3-4452-91b6-d5575412eab2)
2019-07-02 01:55:05.707 25731 RALLYDEBUG rally_openstack.cleanup.manager [-] Deleting neutron.network object s_rally_c1095a70_eWuRjjId (89945190-243e-43bc-8ad8-424fe4153ea5)
2019-07-02 01:55:05.715 25731 RALLYDEBUG rally_openstack.cleanup.manager [-] Deleting neutron.network object s_rally_c1095a70_eXHhEz7A (89e3f5be-4d37-4189-8857-3fc2678bf080)
2019-07-02 01:55:05.718 25731 RALLYDEBUG rally_openstack.cleanup.manager [-] Deleting neutron.network object s_rally_c1095a70_DfzrNIeE (7e40663f-eb41-4adf-9c28-f13e724eb78a)
2019-07-02 01:55:05.719 25731 RALLYDEBUG rally_openstack.cleanup.manager [-] Deleting neutron.network object s_rally_c1095a70_fm4qOCO9 (0b1f58cc-f23c-4101-9ea3-d68965e4cf2a)
2019-07-02 01:55:05.720 25731 RALLYDEBUG rally_openstack.cleanup.manager [-] Deleting neutron.network object s_rally_c1095a70_5w6xZov1 (6c8c344b-997f-42ea-a323-ed0843e96798)
2019-07-02 01:55:05.740 25731 RALLYDEBUG rally_openstack.cleanup.manager [-] Deleting neutron.network object s_rally_c1095a70_p7UTNjcn (930920d3-3c4b-4e4c-a531-6e2603148ab2)
2019-07-02 01:55:05.766 25731 RALLYDEBUG rally_openstack.cleanup.manager [-] Deleting neutron.network object s_rally_c1095a70_n01calBM (54957dfd-3f1b-47c2-9fb8-cd4718b693ec)
2019-07-02 01:55:05.773 25731 RALLYDEBUG rally_openstack.cleanup.manager [-] Deleting neutron.network object s_rally_c1095a70_UpD7NbZx (8e01ab07-e055-4d8a-82cb-47a35d36e39b)
2019-07-02 01:55:05.820 25731 RALLYDEBUG rally_openstack.cleanup.manager [-] Deleting neutron.network object s_rally_c1095a70_DyG0BfmU (9a1f5fb8-0dfb-4c9d-b958-83ba64b1b255)
2019-07-02 01:55:05.834 25731 RALLYDEBUG rally_openstack.cleanup.manager [-] Deleting neutron.network object s_rally_c1095a70_6OdmIg9J (9e6356cd-4734-4b64-8681-920b874a627b)
2019-07-02 01:55:05.837 25731 RALLYDEBUG rally_openstack.cleanup.manager [-] Deleting neutron.network object s_rally_c1095a70_fLdBIi94 (662029bd-13ad-4843-b596-5e9323ff8119)
2019-07-02 01:55:08.026 25731 RALLYDEBUG rally_openstack.cleanup.manager [-] Deleting neutron.network object s_rally_c1095a70_XKGnsZxu (a1884b0d-eb51-4447-a0e8-e97514d39166)
2019-07-02 01:55:08.140 25731 RALLYDEBUG rally_openstack.cleanup.manager [-] Deleting neutron.network object s_rally_c1095a70_OJKz3Qkt (a271a1f1-6590-45a3-8494-40512845e19f)
2019-07-02 01:55:08.531 25731 RALLYDEBUG rally_openstack.cleanup.manager [-] Deleting neutron.network object s_rally_c1095a70_NJT2vbz4 (afd755b1-ffcd-44c2-9036-62c7f5f06765)
2019-07-02 01:55:08.531 25731 RALLYDEBUG rally_openstack.cleanup.manager [-] Deleting neutron.network object s_rally_c1095a70_0ao6tHww (a33d32a1-8f35-4457-bc8e-6a1bb522a878)
2019-07-02 01:55:08.562 25731 RALLYDEBUG rally_openstack.cleanup.manager [-] Deleting neutron.network object s_rally_c1095a70_KwhmuLDc (b894dfc2-b191-4ea9-9b63-56fc8af919bf)
2019-07-02 01:55:08.641 25731 RALLYDEBUG rally_openstack.cleanup.manager [-] Deleting neutron.network object s_rally_c1095a70_qII2Qg9z (c03cd447-892f-41f0-8d70-4e4d39ee2ab8)
2019-07-02 01:55:08.677 25731 RALLYDEBUG rally_openstack.cleanup.manager [-] Deleting neutron.network object s_rally_c1095a70_T7jIvMtm (dbf9058a-262f-4770-8d23-c1f7863a524f)
2019-07-02 01:55:08.737 25731 RALLYDEBUG rally_openstack.cleanup.manager [-] Deleting neutron.network object s_rally_c1095a70_xZBdRVMF (dcfc1886-6a45-4b3b-9b1a-0cb509012ead)
2019-07-02 01:55:08.752 25731 RALLYDEBUG rally_openstack.cleanup.manager [-] Deleting neutron.network object s_rally_c1095a70_WHy4Wqi2 (dd634754-33e2-439c-9bc8-6b3427b8a066)
2019-07-02 01:55:08.777 25731 RALLYDEBUG rally_openstack.cleanup.manager [-] Deleting neutron.network object s_rally_c1095a70_DKcXQ67e (de4f006f-f038-4591-ad98-c4f6b7ffc117)
2019-07-02 01:55:08.797 25731 RALLYDEBUG rally_openstack.cleanup.manager [-] Deleting neutron.network object s_rally_c1095a70_sUTuicYJ (df10576e-5c6a-4df6-9c40-a840e35e5232)
2019-07-02 01:55:08.808 25731 RALLYDEBUG rally_openstack.cleanup.manager [-] Deleting neutron.network object s_rally_c1095a70_USdvBJu9 (e00f81e4-4e4a-49f4-89cd-e46170459f91)
2019-07-02 01:55:08.819 25731 RALLYDEBUG rally_openstack.cleanup.manager [-] Deleting neutron.network object s_rally_c1095a70_IYmh1nuf (e0bcf507-5951-49e2-81fc-f25f6bd5671e)
2019-07-02 01:55:08.823 25731 RALLYDEBUG rally_openstack.cleanup.manager [-] Deleting neutron.network object s_rally_c1095a70_vYDfzAWb (e81bf445-ae70-4189-8a52-77ef50842c9c)
2019-07-02 01:55:08.826 25731 RALLYDEBUG rally_openstack.cleanup.manager [-] Deleting neutron.network object s_rally_c1095a70_fVMijEjy (edf989d8-7e73-48ff-a46c-ddcaafb509bf)
2019-07-02 01:55:08.910 25731 RALLYDEBUG rally_openstack.cleanup.manager [-] Deleting neutron.network object s_rally_c1095a70_Ygzyb82P (f026c09c-79db-4506-a083-9517d7e6bd5a)
2019-07-02 01:55:08.977 25731 RALLYDEBUG rally_openstack.cleanup.manager [-] Deleting neutron.network object s_rally_c1095a70_hD5GYHkE (f62d26d9-1e57-4aff-bf59-6e5263afba46)
2019-07-02 01:55:08.991 25731 RALLYDEBUG rally_openstack.cleanup.manager [-] Deleting neutron.network object s_rally_c1095a70_dRe2oOdl (f855be78-3975-4ae4-9e91-2ff0ecb16a82)
2019-07-02 01:55:09.063 25731 RALLYDEBUG rally_openstack.cleanup.manager [-] Deleting neutron.network object s_rally_c1095a70_ALU7E8YH (fd8a56ed-e5d7-48ca-a2bf-1c8c74ed59c7)
2019-07-02 01:55:09.075 25731 RALLYDEBUG rally_openstack.cleanup.manager [-] Deleting neutron.network object s_rally_c1095a70_CSIOCDKn (ff438a83-ee9d-4655-a491-6aff8ad258db)
2019-07-02 01:55:12.105 25731 RALLYDEBUG rally_openstack.cleanup.manager [-] Cleaning up neutron router objects
2019-07-02 01:55:12.557 25731 RALLYDEBUG rally_openstack.cleanup.manager [-] Cleaning up neutron security_group objects
2019-07-02 01:55:13.007 25731 INFO rally.task.context [-] Task 07d099a4-ccaa-4319-b5b2-772b9a7bd30a | Context cleanup@openstack cleanup() finished in 11.26 sec
2019-07-02 01:55:13.008 25731 INFO rally.task.context [-] Task 07d099a4-ccaa-4319-b5b2-772b9a7bd30a | Context quotas@openstack cleanup() started
2019-07-02 01:55:13.100 25731 INFO rally.task.context [-] Task 07d099a4-ccaa-4319-b5b2-772b9a7bd30a | Context quotas@openstack cleanup() finished in 91.58 msec
2019-07-02 01:55:13.100 25731 INFO rally.task.context [-] Task 07d099a4-ccaa-4319-b5b2-772b9a7bd30a | Context users@openstack cleanup() started
2019-07-02 01:55:15.976 25731 INFO rally.task.context [-] Task 07d099a4-ccaa-4319-b5b2-772b9a7bd30a | Context users@openstack cleanup() finished in 2.88 sec
2019-07-02 01:55:16.317 25731 INFO rally.task.engine [-] Load duration is: 22.471195
2019-07-02 01:55:16.317 25731 INFO rally.task.engine [-] Full runner duration is: 22.527836
2019-07-02 01:55:16.317 25731 INFO rally.task.engine [-] Full duration is: 39.829507
2019-07-02 01:55:16.691 25731 INFO rally.task.engine [-] Running workload: position = 0 config = { "version": 2, "title": "A cropped version of a bigger task.", "description": "Auto-generated task from a single workload (uuid=790fa74a-264f-49c8-9f4c-c2c8e3e3cd88)", "subtasks": [ { "title": "Quotas.neutron_update", "description": "Update quotas for neutron.", "scenario": { "Quotas.neutron_update": { "max_quota": 1024 } }, "contexts": { "users": { "tenants": 20, "users_per_tenant": 1 } }, "runner": { "constant": { "times": 40, "concurrency": 20 } }, "hooks": [], "sla": { "failure_rate": { "max": 0 } } } ] }
2019-07-02 01:55:16.717 25731 RALLYDEBUG rally_openstack.contexts.keystone.users [-] Creating 20 tenants using 20 threads
2019-07-02 01:55:19.149 25731 RALLYDEBUG rally_openstack.contexts.keystone.users [-] Creating 20 users using 20 threads
2019-07-02 01:55:22.107 25731 INFO rally.task.context [-] Task 07d099a4-ccaa-4319-b5b2-772b9a7bd30a | Context users@openstack setup() finished in 5.39 sec
2019-07-02 01:55:22.107 25731 INFO rally.task.context [-] Task 07d099a4-ccaa-4319-b5b2-772b9a7bd30a | Context admin_cleanup@openstack setup() finished in 0.01 msec
2019-07-02 01:55:22.116 25731 RALLYDEBUG rally.task.runner [-] Starting the constant runner (task UUID: 07d099a4-ccaa-4319-b5b2-772b9a7bd30a). timeout: 0 concurrency: 20 concurrency_per_worker: 1 times: 40 concurrency_overhead: 4 processes_to_start: 16 max_cpu_used: 16
2019-07-02 01:55:22.131 30347 RALLYDEBUG rally.task.runner [-] Starting a worker. concurrency: 2 args: {"max_quota": 1024} times: 40 method_name: run timeout: 0 duration: None cls:
2019-07-02 01:55:22.134 30348 RALLYDEBUG rally.task.runner [-] Starting a worker. concurrency: 2 args: {"max_quota": 1024} times: 40 method_name: run timeout: 0 duration: None cls:
2019-07-02 01:55:22.138 30349 RALLYDEBUG rally.task.runner [-] Starting a worker. concurrency: 2 args: {"max_quota": 1024} times: 40 method_name: run timeout: 0 duration: None cls:
2019-07-02 01:55:22.141 30351 RALLYDEBUG rally.task.runner [-] Starting a worker. concurrency: 1 args: {"max_quota": 1024} times: 40 method_name: run timeout: 0 duration: None cls:
2019-07-02 01:55:22.141 30350 RALLYDEBUG rally.task.runner [-] Starting a worker. concurrency: 2 args: {"max_quota": 1024} times: 40 method_name: run timeout: 0 duration: None cls:
2019-07-02 01:55:22.145 30347 INFO rally.task.runner [-] Task 07d099a4-ccaa-4319-b5b2-772b9a7bd30a | ITER: 1 START
2019-07-02 01:55:22.147 30351 INFO rally.task.runner [-] Task 07d099a4-ccaa-4319-b5b2-772b9a7bd30a | ITER: 5 START
2019-07-02 01:55:22.148 30352 RALLYDEBUG rally.task.runner [-] Starting a worker. concurrency: 1 args: {"max_quota": 1024} times: 40 method_name: run timeout: 0 duration: None cls:
2019-07-02 01:55:22.155 30349 INFO rally.task.runner [-] Task 07d099a4-ccaa-4319-b5b2-772b9a7bd30a | ITER: 3 START
2019-07-02 01:55:22.154 30355 RALLYDEBUG rally.task.runner [-] Starting a worker. concurrency: 1 args: {"max_quota": 1024} times: 40 method_name: run timeout: 0 duration: None cls:
2019-07-02 01:55:22.155 30361 RALLYDEBUG rally.task.runner [-] Starting a worker. concurrency: 1 args: {"max_quota": 1024} times: 40 method_name: run timeout: 0 duration: None cls:
2019-07-02 01:55:22.157 30348 INFO rally.task.runner [-] Task 07d099a4-ccaa-4319-b5b2-772b9a7bd30a | ITER: 2 START
2019-07-02 01:55:22.160 30352 INFO rally.task.runner [-] Task 07d099a4-ccaa-4319-b5b2-772b9a7bd30a | ITER: 9 START
2019-07-02 01:55:22.160 30365 RALLYDEBUG rally.task.runner [-] Starting a worker. concurrency: 1 args: {"max_quota": 1024} times: 40 method_name: run timeout: 0 duration: None cls:
2019-07-02 01:55:22.157 30348 INFO rally.task.runner [-] Task 07d099a4-ccaa-4319-b5b2-772b9a7bd30a | ITER: 7 START
2019-07-02 01:55:22.164 30350 INFO rally.task.runner [-] Task 07d099a4-ccaa-4319-b5b2-772b9a7bd30a | ITER: 6 START
2019-07-02 01:55:22.167 30355 INFO rally.task.runner [-] Task 07d099a4-ccaa-4319-b5b2-772b9a7bd30a | ITER: 11 START
2019-07-02 01:55:22.167 30361 INFO rally.task.runner [-] Task 07d099a4-ccaa-4319-b5b2-772b9a7bd30a | ITER: 12 START
2019-07-02 01:55:22.167 30365 INFO rally.task.runner [-] Task 07d099a4-ccaa-4319-b5b2-772b9a7bd30a | ITER: 13 START
2019-07-02 01:55:22.165 30350 INFO rally.task.runner [-] Task 07d099a4-ccaa-4319-b5b2-772b9a7bd30a | ITER: 10 START
2019-07-02 01:55:22.169 30349 INFO rally.task.runner [-] Task 07d099a4-ccaa-4319-b5b2-772b9a7bd30a | ITER: 8 START
2019-07-02 01:55:22.167 30347 INFO rally.task.runner [-] Task 07d099a4-ccaa-4319-b5b2-772b9a7bd30a | ITER: 4 START
2019-07-02 01:55:22.175 30370 RALLYDEBUG rally.task.runner [-] Starting a worker. concurrency: 1 args: {"max_quota": 1024} times: 40 method_name: run timeout: 0 duration: None cls:
2019-07-02 01:55:22.183 30379 RALLYDEBUG rally.task.runner [-] Starting a worker. concurrency: 1 args: {"max_quota": 1024} times: 40 method_name: run timeout: 0 duration: None cls:
2019-07-02 01:55:22.188 30370 INFO rally.task.runner [-] Task 07d099a4-ccaa-4319-b5b2-772b9a7bd30a | ITER: 14 START
2019-07-02 01:55:22.188 30380 RALLYDEBUG rally.task.runner [-] Starting a worker. concurrency: 1 args: {"max_quota": 1024} times: 40 method_name: run timeout: 0 duration: None cls:
2019-07-02 01:55:22.193 30381 RALLYDEBUG rally.task.runner [-] Starting a worker. concurrency: 1 args: {"max_quota": 1024} times: 40 method_name: run timeout: 0 duration: None cls:
2019-07-02 01:55:22.196 30384 RALLYDEBUG rally.task.runner [-] Starting a worker. concurrency: 1 args: {"max_quota": 1024} times: 40 method_name: run timeout: 0 duration: None cls:
2019-07-02 01:55:22.197 30379 INFO rally.task.runner [-] Task 07d099a4-ccaa-4319-b5b2-772b9a7bd30a | ITER: 15 START
2019-07-02 01:55:22.200 30380 INFO rally.task.runner [-] Task 07d099a4-ccaa-4319-b5b2-772b9a7bd30a | ITER: 16 START
2019-07-02 01:55:22.202 30384 INFO rally.task.runner [-] Task 07d099a4-ccaa-4319-b5b2-772b9a7bd30a | ITER: 18 START
2019-07-02 01:55:22.202 30381 INFO rally.task.runner [-] Task 07d099a4-ccaa-4319-b5b2-772b9a7bd30a | ITER: 17 START
2019-07-02 01:55:22.208 30389 RALLYDEBUG rally.task.runner [-] Starting a worker. concurrency: 1 args: {"max_quota": 1024} times: 40 method_name: run timeout: 0 duration: None cls:
2019-07-02 01:55:22.212 30394 RALLYDEBUG rally.task.runner [-] Starting a worker. concurrency: 1 args: {"max_quota": 1024} times: 40 method_name: run timeout: 0 duration: None cls:
2019-07-02 01:55:22.218 30389 INFO rally.task.runner [-] Task 07d099a4-ccaa-4319-b5b2-772b9a7bd30a | ITER: 19 START
2019-07-02 01:55:22.219 30394 INFO rally.task.runner [-] Task 07d099a4-ccaa-4319-b5b2-772b9a7bd30a | ITER: 20 START
2019-07-02 01:55:22.773 30361 INFO rally.task.runner [-] Task 07d099a4-ccaa-4319-b5b2-772b9a7bd30a | ITER: 12 END: OK
2019-07-02 01:55:22.776 30347 INFO rally.task.runner [-] Task 07d099a4-ccaa-4319-b5b2-772b9a7bd30a | ITER: 1 END: OK
2019-07-02 01:55:22.778 30349 INFO rally.task.runner [-] Task 07d099a4-ccaa-4319-b5b2-772b9a7bd30a | ITER: 3 END: OK
2019-07-02 01:55:22.781 30361 INFO rally.task.runner [-] Task 07d099a4-ccaa-4319-b5b2-772b9a7bd30a | ITER: 21 START
2019-07-02 01:55:22.782 30370 INFO rally.task.runner [-] Task 07d099a4-ccaa-4319-b5b2-772b9a7bd30a | ITER: 14 END: OK
2019-07-02 01:55:22.784 30347 INFO rally.task.runner [-] Task 07d099a4-ccaa-4319-b5b2-772b9a7bd30a | ITER: 22 START
2019-07-02 01:55:22.785 30349 INFO rally.task.runner [-] Task 07d099a4-ccaa-4319-b5b2-772b9a7bd30a | ITER: 23 START
2019-07-02 01:55:22.789 30370 INFO rally.task.runner [-] Task 07d099a4-ccaa-4319-b5b2-772b9a7bd30a | ITER: 24 START
2019-07-02 01:55:22.821 30365 INFO rally.task.runner [-] Task 07d099a4-ccaa-4319-b5b2-772b9a7bd30a | ITER: 13 END: OK
2019-07-02 01:55:22.822 30355 INFO rally.task.runner [-] Task 07d099a4-ccaa-4319-b5b2-772b9a7bd30a | ITER: 11 END: OK
2019-07-02 01:55:22.827 30352 INFO rally.task.runner [-] Task 07d099a4-ccaa-4319-b5b2-772b9a7bd30a | ITER: 9 END: OK
2019-07-02 01:55:22.829 30365 INFO rally.task.runner [-] Task 07d099a4-ccaa-4319-b5b2-772b9a7bd30a | ITER: 25 START
2019-07-02 01:55:22.831 30355 INFO rally.task.runner [-] Task 07d099a4-ccaa-4319-b5b2-772b9a7bd30a | ITER: 26 START
2019-07-02 01:55:22.833 30352 INFO rally.task.runner [-] Task 07d099a4-ccaa-4319-b5b2-772b9a7bd30a | ITER: 27 START
2019-07-02 01:55:22.841 30349 INFO rally.task.runner [-] Task 07d099a4-ccaa-4319-b5b2-772b9a7bd30a | ITER: 8 END: OK
2019-07-02 01:55:22.847 30349 INFO rally.task.runner [-] Task 07d099a4-ccaa-4319-b5b2-772b9a7bd30a | ITER: 28 START
2019-07-02 01:55:22.863 30348 INFO rally.task.runner [-] Task 07d099a4-ccaa-4319-b5b2-772b9a7bd30a | ITER: 2 END: OK
2019-07-02 01:55:22.871 30348 INFO rally.task.runner [-] Task 07d099a4-ccaa-4319-b5b2-772b9a7bd30a | ITER: 29 START
2019-07-02 01:55:22.888 30350 INFO rally.task.runner [-] Task 07d099a4-ccaa-4319-b5b2-772b9a7bd30a | ITER: 10 END: OK
2019-07-02 01:55:22.891 30351 INFO rally.task.runner [-] Task 07d099a4-ccaa-4319-b5b2-772b9a7bd30a | ITER: 5 END: OK
2019-07-02 01:55:22.894 30350 INFO rally.task.runner [-] Task 07d099a4-ccaa-4319-b5b2-772b9a7bd30a | ITER: 30 START
2019-07-02 01:55:22.896 30351 INFO rally.task.runner [-] Task 07d099a4-ccaa-4319-b5b2-772b9a7bd30a | ITER: 31 START
2019-07-02 01:55:22.968 30350 INFO rally.task.runner [-] Task 07d099a4-ccaa-4319-b5b2-772b9a7bd30a | ITER: 6 END: OK
2019-07-02 01:55:22.975 30350 INFO rally.task.runner [-] Task 07d099a4-ccaa-4319-b5b2-772b9a7bd30a | ITER: 32 START
2019-07-02 01:55:23.029 30394 INFO rally.task.runner [-] Task 07d099a4-ccaa-4319-b5b2-772b9a7bd30a | ITER: 20 END: OK
2019-07-02 01:55:23.038 30394 INFO rally.task.runner [-] Task 07d099a4-ccaa-4319-b5b2-772b9a7bd30a | ITER: 33 START
2019-07-02 01:55:23.053 30379 INFO rally.task.runner [-] Task 07d099a4-ccaa-4319-b5b2-772b9a7bd30a | ITER: 15 END: OK
2019-07-02 01:55:23.060 30379 INFO rally.task.runner [-] Task 07d099a4-ccaa-4319-b5b2-772b9a7bd30a | ITER: 34 START
2019-07-02 01:55:23.078 30389 INFO rally.task.runner [-] Task 07d099a4-ccaa-4319-b5b2-772b9a7bd30a | ITER: 19 END: OK
2019-07-02 01:55:23.087 30389 INFO rally.task.runner [-] Task 07d099a4-ccaa-4319-b5b2-772b9a7bd30a | ITER: 35 START
2019-07-02 01:55:23.088 30380 INFO rally.task.runner [-] Task 07d099a4-ccaa-4319-b5b2-772b9a7bd30a | ITER: 16 END: OK
2019-07-02 01:55:23.097 30380 INFO rally.task.runner [-] Task 07d099a4-ccaa-4319-b5b2-772b9a7bd30a | ITER: 36 START
2019-07-02 01:55:23.116 30347 INFO rally.task.runner [-] Task 07d099a4-ccaa-4319-b5b2-772b9a7bd30a | ITER: 4 END: OK
2019-07-02 01:55:23.120 30348 INFO rally.task.runner [-] Task 07d099a4-ccaa-4319-b5b2-772b9a7bd30a | ITER: 7 END: OK
2019-07-02 01:55:23.123 30347 INFO rally.task.runner [-] Task 07d099a4-ccaa-4319-b5b2-772b9a7bd30a | ITER: 37 START
2019-07-02 01:55:23.126 30348 INFO rally.task.runner [-] Task 07d099a4-ccaa-4319-b5b2-772b9a7bd30a | ITER: 38 START
2019-07-02 01:55:23.134 30384 INFO rally.task.runner [-] Task 07d099a4-ccaa-4319-b5b2-772b9a7bd30a | ITER: 18 END: OK
2019-07-02 01:55:23.142 30384 INFO rally.task.runner [-] Task 07d099a4-ccaa-4319-b5b2-772b9a7bd30a | ITER: 39 START
2019-07-02 01:55:23.180 30381 INFO rally.task.runner [-] Task 07d099a4-ccaa-4319-b5b2-772b9a7bd30a | ITER: 17 END: OK
2019-07-02 01:55:23.187 30381 INFO rally.task.runner [-] Task 07d099a4-ccaa-4319-b5b2-772b9a7bd30a | ITER: 40 START
2019-07-02 01:55:23.296 30370 INFO rally.task.runner [-] Task 07d099a4-ccaa-4319-b5b2-772b9a7bd30a | ITER: 24 END: OK
2019-07-02 01:55:23.376 30361 INFO rally.task.runner [-] Task 07d099a4-ccaa-4319-b5b2-772b9a7bd30a | ITER: 21 END: OK
2019-07-02 01:55:23.384 30351 INFO rally.task.runner [-] Task 07d099a4-ccaa-4319-b5b2-772b9a7bd30a | ITER: 31 END: OK
2019-07-02 01:55:23.389 30365 INFO rally.task.runner [-] Task 07d099a4-ccaa-4319-b5b2-772b9a7bd30a | ITER: 25 END: OK
2019-07-02 01:55:23.429 30355 INFO rally.task.runner [-] Task 07d099a4-ccaa-4319-b5b2-772b9a7bd30a | ITER: 26 END: OK
2019-07-02 01:55:23.530 30348 INFO rally.task.runner [-] Task 07d099a4-ccaa-4319-b5b2-772b9a7bd30a | ITER: 29 END: OK
2019-07-02 01:55:23.540 30349 INFO rally.task.runner [-] Task 07d099a4-ccaa-4319-b5b2-772b9a7bd30a | ITER: 23 END: OK
2019-07-02 01:55:23.544 30352 INFO rally.task.runner [-] Task 07d099a4-ccaa-4319-b5b2-772b9a7bd30a | ITER: 27 END: OK
2019-07-02 01:55:23.565 30349 INFO rally.task.runner [-] Task 07d099a4-ccaa-4319-b5b2-772b9a7bd30a | ITER: 28 END: OK
2019-07-02 01:55:23.607 30347 INFO rally.task.runner [-] Task 07d099a4-ccaa-4319-b5b2-772b9a7bd30a | ITER: 37 END: OK
2019-07-02 01:55:23.609 30350 INFO rally.task.runner [-] Task 07d099a4-ccaa-4319-b5b2-772b9a7bd30a | ITER: 30 END: OK
2019-07-02 01:55:23.704 30384 INFO rally.task.runner [-] Task 07d099a4-ccaa-4319-b5b2-772b9a7bd30a | ITER: 39 END: OK
2019-07-02 01:55:23.779 30347 INFO rally.task.runner [-] Task 07d099a4-ccaa-4319-b5b2-772b9a7bd30a | ITER: 22 END: OK
2019-07-02 01:55:23.788 30394 INFO rally.task.runner [-] Task 07d099a4-ccaa-4319-b5b2-772b9a7bd30a | ITER: 33 END: OK
2019-07-02 01:55:23.815 30379 INFO rally.task.runner [-] Task 07d099a4-ccaa-4319-b5b2-772b9a7bd30a | ITER: 34 END: OK
2019-07-02 01:55:23.880 30381 INFO rally.task.runner [-] Task 07d099a4-ccaa-4319-b5b2-772b9a7bd30a | ITER: 40 END: OK
2019-07-02 01:55:23.890 30380 INFO rally.task.runner [-] Task 07d099a4-ccaa-4319-b5b2-772b9a7bd30a | ITER: 36 END: OK
2019-07-02 01:55:23.917 30350 INFO rally.task.runner [-] Task 07d099a4-ccaa-4319-b5b2-772b9a7bd30a | ITER: 32 END: OK
2019-07-02 01:55:24.118 30348 INFO rally.task.runner [-] Task 07d099a4-ccaa-4319-b5b2-772b9a7bd30a | ITER: 38 END: OK
2019-07-02 01:55:24.237 30389 INFO rally.task.runner [-] Task 07d099a4-ccaa-4319-b5b2-772b9a7bd30a | ITER: 35 END: OK
2019-07-02 01:55:24.260 25731 INFO rally.task.context [-] Task 07d099a4-ccaa-4319-b5b2-772b9a7bd30a | Context admin_cleanup@openstack cleanup() started
2019-07-02 01:55:24.263 25731 RALLYDEBUG rally_openstack.cleanup.manager [-] Cleaning up neutron quota objects
2019-07-02 01:55:26.044 25731 INFO rally.task.context [-] Task 07d099a4-ccaa-4319-b5b2-772b9a7bd30a | Context admin_cleanup@openstack cleanup() finished in 1.78 sec
2019-07-02 01:55:26.045 25731 INFO rally.task.context [-] Task 07d099a4-ccaa-4319-b5b2-772b9a7bd30a | Context users@openstack cleanup() started
2019-07-02 01:55:47.590 25731 INFO rally.task.context [-] Task 07d099a4-ccaa-4319-b5b2-772b9a7bd30a | Context users@openstack cleanup() finished in 21.55 sec
2019-07-02 01:55:48.894 25731 INFO rally.task.engine [-] Load duration is: 2.090056
2019-07-02 01:55:48.895 25731 INFO rally.task.engine [-] Full runner duration is: 2.143967
2019-07-02 01:55:48.895 25731 INFO rally.task.engine [-] Full duration is: 30.88002
2019-07-02 01:55:49.215 25731 INFO rally.task.engine [-] Running workload: position = 0 config = { "version": 2, "title": "A cropped version of a bigger task.", "description": "Auto-generated task from a single workload (uuid=456db686-ff84-4bd5-8e7b-e9891f4a9df7)", "subtasks": [ { "title": "NeutronTrunks.create_and_list_trunk_subports", "description": "", "scenario": { "NeutronTrunks.create_and_list_trunk_subports": { "subport_count": 125 } }, "contexts": { "users": { "tenants": 1, "users_per_tenant": 1 }, "quotas": { "neutron": { "network": -1, "port": 1000 } } }, "runner": { "constant": { "times": 4, "concurrency": 4 } }, "hooks": [], "sla": { "failure_rate": { "max": 0 } } } ] }
2019-07-02 01:55:49.242 25731 RALLYDEBUG rally_openstack.contexts.keystone.users [-] Creating 1 tenants using 20 threads
2019-07-02 01:55:50.374 25731 RALLYDEBUG rally_openstack.contexts.keystone.users [-] Creating 1 users using 20 threads
2019-07-02 01:55:51.937 25731 INFO rally.task.context [-] Task 07d099a4-ccaa-4319-b5b2-772b9a7bd30a | Context users@openstack setup() finished in 2.70 sec
2019-07-02 01:55:52.458 25731 INFO rally.task.context [-] Task 07d099a4-ccaa-4319-b5b2-772b9a7bd30a | Context quotas@openstack setup() finished in 0.52 sec
2019-07-02 01:55:52.459 25731 INFO rally.task.context [-] Task 07d099a4-ccaa-4319-b5b2-772b9a7bd30a | Context cleanup@openstack setup() finished in 0.01 msec
2019-07-02 01:55:52.467 25731 RALLYDEBUG rally.task.runner [-] Starting the constant runner (task UUID: 07d099a4-ccaa-4319-b5b2-772b9a7bd30a). timeout: 0 concurrency: 4 concurrency_per_worker: 1 times: 4 concurrency_overhead: 0 processes_to_start: 4 max_cpu_used: 16
2019-07-02 01:55:52.482 30537 RALLYDEBUG rally.task.runner [-] Starting a worker. concurrency: 1 args: {"subport_count": 125} times: 4 method_name: run timeout: 0 duration: None cls:
2019-07-02 01:55:52.486 30538 RALLYDEBUG rally.task.runner [-] Starting a worker. concurrency: 1 args: {"subport_count": 125} times: 4 method_name: run timeout: 0 duration: None cls:
2019-07-02 01:55:52.489 30537 INFO rally.task.runner [-] Task 07d099a4-ccaa-4319-b5b2-772b9a7bd30a | ITER: 1 START
2019-07-02 01:55:52.488 30539 RALLYDEBUG rally.task.runner [-] Starting a worker. concurrency: 1 args: {"subport_count": 125} times: 4 method_name: run timeout: 0 duration: None cls:
2019-07-02 01:55:52.492 30538 INFO rally.task.runner [-] Task 07d099a4-ccaa-4319-b5b2-772b9a7bd30a | ITER: 2 START
2019-07-02 01:55:52.492 30540 RALLYDEBUG rally.task.runner [-] Starting a worker. concurrency: 1 args: {"subport_count": 125} times: 4 method_name: run timeout: 0 duration: None cls:
2019-07-02 01:55:52.495 30539 INFO rally.task.runner [-] Task 07d099a4-ccaa-4319-b5b2-772b9a7bd30a | ITER: 3 START
2019-07-02 01:55:52.498 30540 INFO rally.task.runner [-] Task 07d099a4-ccaa-4319-b5b2-772b9a7bd30a | ITER: 4 START
2019-07-02 01:57:34.574 30539 WARNING rally.task.atomic [-] 'optional_action_timer' is deprecated since rally v0.10.0.Please use action_timer instead, we have improved atomic actions, now do not need to explicitly close original action.
2019-07-02 01:57:34.612 30539 WARNING rally.task.atomic [-] 'optional_action_timer' is deprecated since rally v0.10.0.Please use action_timer instead, we have improved atomic actions, now do not need to explicitly close original action.
2019-07-02 01:57:35.062 30539 INFO rally.task.runner [-] Task 07d099a4-ccaa-4319-b5b2-772b9a7bd30a | ITER: 3 END: OK
2019-07-02 01:57:35.193 30538 WARNING rally.task.atomic [-] 'optional_action_timer' is deprecated since rally v0.10.0.Please use action_timer instead, we have improved atomic actions, now do not need to explicitly close original action.
2019-07-02 01:57:35.226 30538 WARNING rally.task.atomic [-] 'optional_action_timer' is deprecated since rally v0.10.0.Please use action_timer instead, we have improved atomic actions, now do not need to explicitly close original action.
2019-07-02 01:57:35.695 30538 INFO rally.task.runner [-] Task 07d099a4-ccaa-4319-b5b2-772b9a7bd30a | ITER: 2 END: OK
2019-07-02 01:57:36.948 30540 WARNING rally.task.atomic [-] 'optional_action_timer' is deprecated since rally v0.10.0.Please use action_timer instead, we have improved atomic actions, now do not need to explicitly close original action.
2019-07-02 01:57:36.991 30540 WARNING rally.task.atomic [-] 'optional_action_timer' is deprecated since rally v0.10.0.Please use action_timer instead, we have improved atomic actions, now do not need to explicitly close original action.
2019-07-02 01:57:37.885 30540 INFO rally.task.runner [-] Task 07d099a4-ccaa-4319-b5b2-772b9a7bd30a | ITER: 4 END: OK
2019-07-02 01:57:38.025 30537 WARNING rally.task.atomic [-] 'optional_action_timer' is deprecated since rally v0.10.0.Please use action_timer instead, we have improved atomic actions, now do not need to explicitly close original action.
2019-07-02 01:57:38.073 30537 WARNING rally.task.atomic [-] 'optional_action_timer' is deprecated since rally v0.10.0.Please use action_timer instead, we have improved atomic actions, now do not need to explicitly close original action.
2019-07-02 01:57:39.327 30537 INFO rally.task.runner [-] Task 07d099a4-ccaa-4319-b5b2-772b9a7bd30a | ITER: 1 END: OK
2019-07-02 01:57:39.360 25731 INFO rally.task.context [-] Task 07d099a4-ccaa-4319-b5b2-772b9a7bd30a | Context cleanup@openstack cleanup() started
2019-07-02 01:57:39.365 25731 RALLYDEBUG rally_openstack.cleanup.manager [-] Cleaning up neutron vip objects
2019-07-02 01:57:39.800 25731 RALLYDEBUG rally_openstack.cleanup.manager [-] Cleaning up neutron health_monitor objects
2019-07-02 01:57:40.343 25731 RALLYDEBUG rally_openstack.cleanup.manager [-] Cleaning up neutron pool objects
2019-07-02 01:57:40.779 25731 RALLYDEBUG rally_openstack.cleanup.manager [-] Cleaning up neutron loadbalancer objects
2019-07-02 01:57:41.191 25731 RALLYDEBUG rally_openstack.cleanup.manager [-] Cleaning up neutron floatingip objects
2019-07-02 01:57:41.677 25731 RALLYDEBUG rally_openstack.cleanup.manager [-] Cleaning up neutron port objects
2019-07-02 01:57:43.363 25731 RALLYDEBUG rally_openstack.cleanup.manager [-] Deleting neutron.port object s_rally_456db686_AUfJfPfL (00b12d6f-f0a9-44db-b5b9-fc54a6a79cbf)
2019-07-02 01:57:43.365 25731 RALLYDEBUG rally_openstack.cleanup.manager [-] Deleting neutron.port object s_rally_456db686_YdjAfE5u (019f57b0-cd14-4437-93ce-16a6abc6a334)
2019-07-02 01:57:43.366 25731 RALLYDEBUG rally_openstack.cleanup.manager [-] Deleting neutron.port object s_rally_456db686_H1slH054 (0a50b237-82e8-4e8f-8879-8c9e0522a850)
2019-07-02 01:57:43.367 25731 RALLYDEBUG rally_openstack.cleanup.manager [-] Deleting neutron.port object s_rally_456db686_qHehxGZD (0ab83246-5eb2-4a5c-9757-04da1dc5c5fb)
2019-07-02 01:57:43.370 25731 RALLYDEBUG rally_openstack.cleanup.manager [-] Deleting neutron.port object s_rally_456db686_A6IQ73op (07799b36-087f-406b-aae5-cdbd9eaca887)
2019-07-02 01:57:43.375 25731 RALLYDEBUG rally_openstack.cleanup.manager [-] Deleting neutron.port object s_rally_456db686_acBPwq4v (017d529d-4bb3-4df5-b150-6d2c62063ba8)
2019-07-02 01:57:43.378 25731 RALLYDEBUG rally_openstack.cleanup.manager [-] Deleting neutron.port object s_rally_456db686_OtJYJ1eO (043dfb1d-1a58-42a5-87bf-faf9b34f8ba5)
2019-07-02 01:57:43.379 25731 RALLYDEBUG rally_openstack.cleanup.manager [-] Deleting neutron.port object s_rally_456db686_kSi8Zced (059c2a5a-5ea5-4cdf-b457-ac8085d4c60b)
2019-07-02 01:57:43.382 25731 RALLYDEBUG rally_openstack.cleanup.manager [-] Deleting neutron.port object s_rally_456db686_hqjjLcWu (01d849fc-5cbd-4ad6-8823-18c0d0098b2f)
2019-07-02 01:57:43.384 25731 RALLYDEBUG rally_openstack.cleanup.manager [-] Deleting neutron.port object s_rally_456db686_v88pjE9K (080d78f7-25ae-4cde-a956-de95ff032233)
2019-07-02 01:57:43.391 25731 RALLYDEBUG rally_openstack.cleanup.manager [-] Deleting neutron.port object s_rally_456db686_p2476KpL (055456a5-cf92-4b93-acc8-ce5f0bf8a672)
2019-07-02 01:57:43.392 25731 RALLYDEBUG rally_openstack.cleanup.manager [-] Deleting neutron.port object s_rally_456db686_GyBcQFCT (0a0f19ac-2c61-4f47-bddb-a8f705327358)
2019-07-02 01:57:43.394 25731 RALLYDEBUG rally_openstack.cleanup.manager [-] Deleting neutron.port object s_rally_456db686_Kwi90lHD (05e557b1-d0f2-4b14-8e75-5ee083bd147b)
2019-07-02 01:57:43.396 25731 RALLYDEBUG rally_openstack.cleanup.manager [-] Deleting neutron.port object s_rally_456db686_6uBWaH3G (04ef25a6-d957-4563-8216-a36306229f1c)
2019-07-02 01:57:43.401 25731 RALLYDEBUG rally_openstack.cleanup.manager [-] Deleting neutron.port object s_rally_456db686_4saZmZaz (07913277-dfda-40f8-a1a5-62a324e256e3)
2019-07-02 01:57:43.413 25731 RALLYDEBUG rally_openstack.cleanup.manager [-] Deleting neutron.port object s_rally_456db686_9REWlaq8 (018a8f78-d6f9-4498-a123-89ed87618436)
2019-07-02 01:57:43.418 25731 RALLYDEBUG rally_openstack.cleanup.manager [-] Deleting neutron.port object s_rally_456db686_DTmFUuS0 (06f7da4a-cd8e-4ba6-8054-e172a23aa75e)
2019-07-02 01:57:43.422 25731 RALLYDEBUG rally_openstack.cleanup.manager [-] Deleting neutron.port object s_rally_456db686_A5cOPRl8 (05912418-ed84-4f28-89c6-1bd3bd76d1db)
2019-07-02 01:57:43.454 25731 RALLYDEBUG rally_openstack.cleanup.manager [-] Deleting neutron.port object s_rally_456db686_iSRiIy79 (0931c962-0962-491e-8cef-77a49c9198d0)
2019-07-02 01:57:43.458 25731 RALLYDEBUG rally_openstack.cleanup.manager [-] Deleting neutron.port object s_rally_456db686_LHbB2YCv (043839b9-850e-4dc9-9f12-26a7eeca1290)
2019-07-02 01:57:45.471 25731 RALLYDEBUG rally_openstack.cleanup.manager [-] Deleting neutron.port object s_rally_456db686_yuCMXJMx (0c3180e0-6bd2-4047-8766-a04f89af7455)
2019-07-02 01:57:45.526 25731 RALLYDEBUG rally_openstack.cleanup.manager [-] Deleting neutron.port object s_rally_456db686_TsKXPtSw (0d55187c-a9e2-487d-9a7b-0d7f18cebdcd)
2019-07-02 01:57:45.764 25731 RALLYDEBUG rally_openstack.cleanup.manager [-] Deleting neutron.port object s_rally_456db686_M65QgYMZ (0d79c2c9-1de1-43ea-940a-6af3ef84dfd0)
2019-07-02 01:57:45.822 25731 RALLYDEBUG rally_openstack.cleanup.manager [-] Deleting neutron.port object s_rally_456db686_qvaeLgp9 (0e0e5e77-ee2d-47b1-b9be-d0fedf2072ee)
2019-07-02 01:57:45.837 25731 RALLYDEBUG rally_openstack.cleanup.manager [-] Deleting neutron.port object s_rally_456db686_LKHcbh7F (0e10ada0-08af-4f08-8ee2-926bb63edfbf)
2019-07-02 01:57:45.874 25731 RALLYDEBUG rally_openstack.cleanup.manager [-] Deleting neutron.port object s_rally_456db686_SbFM16Sc (0e6035b1-f083-4324-8393-6404f0e45410)
2019-07-02 01:57:45.884 25731 RALLYDEBUG rally_openstack.cleanup.manager [-] Deleting neutron.port object s_rally_456db686_DbU14Kbl (0e8d9aed-29a1-4736-a2b3-ec8dd0ffe440)
2019-07-02 01:57:45.927 25731 RALLYDEBUG rally_openstack.cleanup.manager [-] Deleting neutron.port object s_rally_456db686_YmYgO9YL (0ea18eac-452b-4bb1-a1ed-e2e5da4eea59)
2019-07-02 01:57:46.023 25731 RALLYDEBUG rally_openstack.cleanup.manager [-] Deleting neutron.port object s_rally_456db686_OOxRTf3H (10520895-3afd-4771-b9ef-e227c6a451c3)
2019-07-02 01:57:46.025 25731 RALLYDEBUG rally_openstack.cleanup.manager [-] Deleting neutron.port object s_rally_456db686_f8eJwsiT (0ec31d5b-84c8-4f4c-b790-0444d716cd8a)
2019-07-02 01:57:46.030 25731 RALLYDEBUG rally_openstack.cleanup.manager [-] Deleting neutron.port object s_rally_456db686_RNDhHzw6 (0ed80f99-c69a-4368-9791-f4de13cdd2f4)
2019-07-02 01:57:46.080 25731 RALLYDEBUG rally_openstack.cleanup.manager [-] Deleting neutron.port object s_rally_456db686_rhKj1Y35 (11078973-69c3-4139-9336-f95703191d8f)
2019-07-02 01:57:46.085 25731 RALLYDEBUG rally_openstack.cleanup.manager [-] Deleting neutron.port object s_rally_456db686_igQA88XB (10b3e08e-068b-407b-840a-b521a8e4f989)
2019-07-02 01:57:46.153 25731 RALLYDEBUG rally_openstack.cleanup.manager [-] Deleting neutron.port object s_rally_456db686_GJv1mhi9 (11b50b92-62ec-41c9-a5b4-05d4387c584e)
2019-07-02 01:57:46.178 25731 RALLYDEBUG rally_openstack.cleanup.manager [-] Deleting neutron.port object s_rally_456db686_gNT7WvIJ (12dba1c6-097a-4d5c-9910-b8b833b4a47f)
2019-07-02 01:57:46.434 25731 RALLYDEBUG rally_openstack.cleanup.manager [-] Deleting neutron.port object s_rally_456db686_VoQuZs4N (13555dae-2c52-4f56-b9e4-00d8687d82fc)
2019-07-02 01:57:46.453 25731 RALLYDEBUG rally_openstack.cleanup.manager [-] Deleting neutron.port object s_rally_456db686_lk9wos2T (1435f436-8785-4b60-8884-9fc68b01891d)
2019-07-02 01:57:46.693 25731 RALLYDEBUG rally_openstack.cleanup.manager [-] Deleting neutron.port object s_rally_456db686_OADcNkcu (17b55d3f-798b-4d91-b19b-2c685ff93a78)
2019-07-02 01:57:46.761 25731 RALLYDEBUG rally_openstack.cleanup.manager [-] Deleting neutron.port object s_rally_456db686_q2kbSiAd (17ec0940-b9d2-4fff-bab7-f855319ecfd4)
2019-07-02 01:57:46.827 25731 RALLYDEBUG rally_openstack.cleanup.manager [-] Deleting neutron.port object s_rally_456db686_AmQc2urX (185e91e7-4f08-450c-a9c9-d99a27442574)
2019-07-02 01:57:47.409 25731 RALLYDEBUG rally_openstack.cleanup.manager [-] Deleting neutron.port object s_rally_456db686_e0FubqL0 (18b5f370-05e9-4d71-9aec-32dff5a4da42)
2019-07-02 01:57:47.789 25731 RALLYDEBUG rally_openstack.cleanup.manager [-] Deleting neutron.port object s_rally_456db686_bZMQ4riD (1956718a-5396-4789-a4d4-8da63fe12392)
2019-07-02 01:57:47.838 25731 RALLYDEBUG rally_openstack.cleanup.manager [-] Deleting neutron.port object s_rally_456db686_hU6X4OwS (196a1418-f939-4e12-a32a-085199b33920)
2019-07-02 01:57:47.971 25731 RALLYDEBUG rally_openstack.cleanup.manager [-] Deleting neutron.port object s_rally_456db686_vq3xhVGE (19cc233f-3bca-422f-abc2-6836e3b82ac4)
2019-07-02 01:57:48.045 25731 RALLYDEBUG rally_openstack.cleanup.manager [-] Deleting neutron.port object s_rally_456db686_ntNfRVlW (1a2fd9d0-909e-482a-afbd-aea8662b2063)
2019-07-02 01:57:48.053 25731 RALLYDEBUG rally_openstack.cleanup.manager [-] Deleting neutron.port object s_rally_456db686_NGoh15Qz (1ba18819-9717-4310-966d-83130e627411)
2019-07-02 01:57:48.098 25731 RALLYDEBUG rally_openstack.cleanup.manager [-] Deleting neutron.port object s_rally_456db686_tRmyLmRA (1c1fbd28-d71d-4889-b38d-81c17b644e53)
2019-07-02 01:57:48.264 25731 RALLYDEBUG rally_openstack.cleanup.manager [-] Deleting neutron.port object s_rally_456db686_kXfPX8oT (1cc1fd42-4e79-4732-9c99-2a125350fbe5)
2019-07-02 01:57:48.431 25731 RALLYDEBUG rally_openstack.cleanup.manager [-] Deleting neutron.port object s_rally_456db686_Ap1vTQ6j (1ce62a5f-976b-47a1-9c5a-715e5ae420a2)
2019-07-02 01:57:48.464 25731 RALLYDEBUG rally_openstack.cleanup.manager [-] Deleting neutron.port object s_rally_456db686_DmJTbxn2 (1d8b8408-62f3-434b-934d-fe02b9f0d24d)
2019-07-02 01:57:48.489 25731 RALLYDEBUG rally_openstack.cleanup.manager [-] Deleting neutron.port object s_rally_456db686_usniC5WN (1db5bc2c-7c48-4f15-a579-35c7cd2a71ef)
2019-07-02 01:57:48.537 25731 RALLYDEBUG rally_openstack.cleanup.manager [-] Deleting neutron.port object s_rally_456db686_qxVAE9XH (1e400a49-6df2-4687-8fa8-4fb58edfcfdb)
2019-07-02 01:57:48.595 25731 RALLYDEBUG rally_openstack.cleanup.manager [-] Deleting neutron.port object s_rally_456db686_yIdgvIXb (1f2dfe94-d8ba-4be8-ac50-a4903efbfd3a)
2019-07-02 01:57:48.852 25731 RALLYDEBUG rally_openstack.cleanup.manager [-] Deleting neutron.port object s_rally_456db686_k9szTtPc (1fff0025-b3a8-4307-b173-f712d518e893)
2019-07-02 01:57:48.983 25731 RALLYDEBUG rally_openstack.cleanup.manager [-] Deleting neutron.port object s_rally_456db686_R21M6Ia8 (2005bc37-5876-4c8d-ac4b-d5fd331fd475)
2019-07-02 01:57:48.995 25731 RALLYDEBUG rally_openstack.cleanup.manager [-] Deleting neutron.port object s_rally_456db686_PMQSXlDJ (200ac6bb-3554-46fd-ac22-84e6e5eeb899)
2019-07-02 01:57:49.011 25731 RALLYDEBUG rally_openstack.cleanup.manager [-] Deleting neutron.port object s_rally_456db686_j2KTW9ky (201350f3-74bf-4013-aa1f-9c9935d2da24)
2019-07-02 01:57:49.040 25731 RALLYDEBUG rally_openstack.cleanup.manager [-] Deleting neutron.port object s_rally_456db686_fkyQvxJG (20451510-9797-4735-ad42-0f22c2d0be8f)
2019-07-02 01:57:49.084 25731 RALLYDEBUG rally_openstack.cleanup.manager [-] Deleting neutron.port object s_rally_456db686_7my5MeaS (20882e4c-2b5d-43a0-b4a9-ef843cc507f3)
2019-07-02 01:57:49.218 25731 RALLYDEBUG rally_openstack.cleanup.manager [-] Deleting neutron.port object s_rally_456db686_8DgDj4Mh (210ff76a-afe8-4df0-8fbe-77aa07046e12)
2019-07-02 01:57:49.291 25731 RALLYDEBUG rally_openstack.cleanup.manager [-] Deleting neutron.port object s_rally_456db686_IVnFRJY1 (21880e32-74fe-45a5-aaad-349da273f844)
2019-07-02 01:57:49.700 25731 RALLYDEBUG rally_openstack.cleanup.manager [-] Deleting neutron.port object s_rally_456db686_AVOmQpIJ (21e91dbd-7bdf-4549-b2f9-f6cf4956bf3f)
2019-07-02 01:57:49.828 25731 RALLYDEBUG rally_openstack.cleanup.manager [-] Deleting neutron.port object s_rally_456db686_4uQNbhua (220b7ee3-7307-4752-b908-c639365655e4)
2019-07-02 01:57:49.970 25731 RALLYDEBUG rally_openstack.cleanup.manager [-] Deleting neutron.port object s_rally_456db686_XNpq2QHg (222b986b-b822-40dd-9c55-c0cfe2f6e4f5)
2019-07-02 01:57:50.008 25731 RALLYDEBUG rally_openstack.cleanup.manager [-] Deleting neutron.port object s_rally_456db686_m4kEHdgN (226b698d-abdc-4742-8aff-2e44c28254fe)
2019-07-02 01:57:50.144 25731 RALLYDEBUG rally_openstack.cleanup.manager [-] Deleting neutron.port object s_rally_456db686_LMFEgR4q (228b225b-61cb-4371-853a-a6ac765d7d5a)
2019-07-02 01:57:50.191 25731 RALLYDEBUG rally_openstack.cleanup.manager [-] Deleting neutron.port object s_rally_456db686_fYEeLPuv (234d9a91-a28f-4106-b78a-a58696950730)
2019-07-02 01:57:50.346 25731 RALLYDEBUG rally_openstack.cleanup.manager [-] Deleting neutron.port object s_rally_456db686_cg5vi9U4 (23d37362-54e7-40b9-bede-bd66d37fd31e)
2019-07-02 01:57:50.881 25731 RALLYDEBUG rally_openstack.cleanup.manager [-] Deleting neutron.port object s_rally_456db686_ibnHUPHZ (249bb064-2de2-411c-bf2d-e4e5f80ce06f)
2019-07-02 01:57:50.911 25731 RALLYDEBUG rally_openstack.cleanup.manager [-] Deleting neutron.port object s_rally_456db686_H7nFYUrr (24cf7651-27c5-4c02-9c1d-9053fd626132)
2019-07-02 01:57:51.008 25731 RALLYDEBUG rally_openstack.cleanup.manager [-] Deleting neutron.port object s_rally_456db686_HviKQCuC (254a87b9-766d-4aa9-8f4f-d25d5e692e9e)
2019-07-02 01:57:51.029 25731 RALLYDEBUG rally_openstack.cleanup.manager [-] Deleting neutron.port object s_rally_456db686_MoOoz3qQ (268f6725-d19a-49ff-b5b8-1d84bb044773)
2019-07-02 01:57:51.034 25731 RALLYDEBUG rally_openstack.cleanup.manager [-] Deleting neutron.port object s_rally_456db686_QsvR9Te0 (27973180-fd13-4a42-bf5f-55d69adc35be)
2019-07-02 01:57:51.045 25731 RALLYDEBUG rally_openstack.cleanup.manager [-] Deleting neutron.port object s_rally_456db686_RCFa7ZN6 (285feac0-d8f1-499e-b1a4-5f2a76ad50a8)
2019-07-02 01:57:51.187 25731 RALLYDEBUG rally_openstack.cleanup.manager [-] Deleting neutron.port object s_rally_456db686_o4xAsvbZ (291f0a33-1b94-434c-abb8-4dc5dae0f28a)
2019-07-02 01:57:51.361 25731 RALLYDEBUG rally_openstack.cleanup.manager [-] Deleting neutron.port object s_rally_456db686_AhkkedgM (295b5c9b-db9a-47c1-9797-1d5fb65fcb39)
2019-07-02 01:57:51.464 25731 RALLYDEBUG rally_openstack.cleanup.manager [-] Deleting neutron.port object s_rally_456db686_mPQaPvXA (299ca82b-18b7-4e62-80ca-04dc1eaebe85)
2019-07-02 01:57:51.503 25731 RALLYDEBUG rally_openstack.cleanup.manager [-] Deleting neutron.port object s_rally_456db686_B9PXdKQS (29e90d7e-7538-4b47-9738-a04021e8e318)
2019-07-02 01:57:51.522 25731 RALLYDEBUG rally_openstack.cleanup.manager [-] Deleting neutron.port object s_rally_456db686_0qPAQRNV (2a9673a1-b68b-4668-9a3b-b067141073ab)
2019-07-02 01:57:51.856 25731 RALLYDEBUG rally_openstack.cleanup.manager [-] Deleting neutron.port object s_rally_456db686_vefMG3JO (2abbea3f-2b47-4320-a131-03d105d4d14c)
2019-07-02 01:57:52.055 25731 RALLYDEBUG rally_openstack.cleanup.manager [-] Deleting neutron.port object s_rally_456db686_hPHeJL6e (2b94f8bb-8f67-4e73-a3d0-6bfd0300909d)
2019-07-02 01:57:52.116 25731 RALLYDEBUG rally_openstack.cleanup.manager [-] Deleting neutron.port object s_rally_456db686_yH3Pg5m8 (2bb27e48-fc4e-422c-93d2-b6033df079a6)
2019-07-02 01:57:52.247 25731 RALLYDEBUG rally_openstack.cleanup.manager [-] Deleting neutron.port object s_rally_456db686_X8KSzOyy (2c17a280-dac1-43a7-8699-79a1a9169906)
2019-07-02 01:57:52.272 25731 RALLYDEBUG rally_openstack.cleanup.manager [-] Deleting neutron.port object s_rally_456db686_ZaPygm4y (2d3ce420-1fdf-4f5b-85ba-1c472fcc037c)
2019-07-02 01:57:52.350 25731 RALLYDEBUG rally_openstack.cleanup.manager [-] Deleting neutron.port object s_rally_456db686_a3171Xjg (2da5969d-1929-440c-8645-39f25a7f9272)
2019-07-02 01:57:52.572 25731 RALLYDEBUG rally_openstack.cleanup.manager [-] Deleting neutron.port object s_rally_456db686_dYZGSgZc (2dc13042-56ec-4ed0-8769-9f411242ac9f)
2019-07-02 01:57:52.588 25731 RALLYDEBUG rally_openstack.cleanup.manager [-] Deleting neutron.port object s_rally_456db686_m2wze0CN (2dc78b24-8b86-4611-a015-b32085f03acb)
2019-07-02 01:57:52.775 25731 RALLYDEBUG rally_openstack.cleanup.manager [-] Deleting neutron.port object s_rally_456db686_K60Q7lRr (2ed41d2d-1fc4-4abc-acd1-bcb88f417cb7)
2019-07-02 01:57:52.961 25731 RALLYDEBUG rally_openstack.cleanup.manager [-] Deleting neutron.port object s_rally_456db686_Urf4Dxdz (2f088b97-9f23-4ee6-a6a6-ea24f92bbc70)
2019-07-02 01:57:53.146 25731 RALLYDEBUG rally_openstack.cleanup.manager [-] Deleting neutron.port object s_rally_456db686_rNWd3Oa9 (2fec76f7-22d0-498b-a611-8f4db11230a1)
2019-07-02 01:57:53.158 25731 RALLYDEBUG rally_openstack.cleanup.manager [-] Deleting neutron.port object s_rally_456db686_lvatqazm (3045de02-10ca-4b99-a700-c5ede8b26b48)
2019-07-02 01:57:53.185 25731 RALLYDEBUG rally_openstack.cleanup.manager [-] Deleting neutron.port object s_rally_456db686_pBJtBNH3 (3197ab0b-3815-4a0c-96dc-0900517cdd1b)
2019-07-02 01:57:53.231 25731 RALLYDEBUG rally_openstack.cleanup.manager [-] Deleting neutron.port object s_rally_456db686_Bwk0ut7c (319b9262-cf5c-4805-9cc6-1c594b5f4215)
2019-07-02 01:57:53.521 25731 RALLYDEBUG rally_openstack.cleanup.manager [-] Deleting neutron.port object s_rally_456db686_eV03KZ3g (31a91334-dfe4-4b45-b97d-ad8dd5878270)
2019-07-02 01:57:53.567 25731 RALLYDEBUG rally_openstack.cleanup.manager [-] Deleting neutron.port object s_rally_456db686_XhSF6gWD (32b54cb4-a1fc-4e3d-b9db-cafda21137bc)
2019-07-02 01:57:53.714 25731 RALLYDEBUG rally_openstack.cleanup.manager [-] Deleting neutron.port object s_rally_456db686_8LYy7GKR (33041072-a243-4f2e-a90b-260e1a0b5de5)
2019-07-02 01:57:53.738 25731 RALLYDEBUG rally_openstack.cleanup.manager [-] Deleting neutron.port object s_rally_456db686_WatUBtCj (33042266-0416-4285-a748-35d5cbbd97c8)
2019-07-02 01:57:53.768 25731 RALLYDEBUG rally_openstack.cleanup.manager [-] Deleting neutron.port object s_rally_456db686_UHfTaSi7 (3340bec3-6356-4337-8454-00d6e33ef84c)
