2019-07-02 01:45:12.717 27838 RALLYDEBUG rally.task.runner [-] Starting a worker. concurrency: 1 args: {"network_create_args": {}, "subnet_create_args": {}, "subnet_cidr_start": "1.1.0.0/30", "subnets_per_network": 2} times: 40 method_name: run timeout: 0 duration: None cls:
2019-07-02 01:45:12.723 27842 RALLYDEBUG rally.task.runner [-] Starting a worker. concurrency: 1 args: {"network_create_args": {}, "subnet_create_args": {}, "subnet_cidr_start": "1.1.0.0/30", "subnets_per_network": 2} times: 40 method_name: run timeout: 0 duration: None cls:
2019-07-02 01:45:12.724 27834 INFO rally.task.runner [-] Task 07d099a4-ccaa-4319-b5b2-772b9a7bd30a | ITER: 10 START
2019-07-02 01:45:12.711 27825 WARNING rally_openstack.scenarios.neutron.utils [-] Running this scenario without either the 'network' or 'existing_network' context is deprecated
2019-07-02 01:45:12.726 27838 INFO rally.task.runner [-] Task 07d099a4-ccaa-4319-b5b2-772b9a7bd30a | ITER: 11 START
2019-07-02 01:45:12.727 27834 WARNING rally_openstack.scenarios.neutron.utils [-] Running this scenario without either the 'network' or 'existing_network' context is deprecated
2019-07-02 01:45:12.727 27827 INFO rally.task.runner [-] Task 07d099a4-ccaa-4319-b5b2-772b9a7bd30a | ITER: 7 START
2019-07-02 01:45:12.727 27845 RALLYDEBUG rally.task.runner [-] Starting a worker. concurrency: 1 args: {"network_create_args": {}, "subnet_create_args": {}, "subnet_cidr_start": "1.1.0.0/30", "subnets_per_network": 2} times: 40 method_name: run timeout: 0 duration: None cls:
2019-07-02 01:45:12.728 27838 WARNING rally_openstack.scenarios.neutron.utils [-] Running this scenario without either the 'network' or 'existing_network' context is deprecated
2019-07-02 01:45:12.728 27827 WARNING rally_openstack.scenarios.neutron.utils [-] Running this scenario without either the 'network' or 'existing_network' context is deprecated
2019-07-02 01:45:12.731 27842 INFO rally.task.runner [-] Task 07d099a4-ccaa-4319-b5b2-772b9a7bd30a | ITER: 12 START
2019-07-02 01:45:12.731 27826 INFO rally.task.runner [-] Task 07d099a4-ccaa-4319-b5b2-772b9a7bd30a | ITER: 5 START
2019-07-02 01:45:12.732 27828 INFO rally.task.runner [-] Task 07d099a4-ccaa-4319-b5b2-772b9a7bd30a | ITER: 8 START
2019-07-02 01:45:12.733 27826 WARNING rally_openstack.scenarios.neutron.utils [-] Running this scenario without either the 'network' or 'existing_network' context is deprecated
2019-07-02 01:45:12.733 27828 WARNING rally_openstack.scenarios.neutron.utils [-] Running this scenario without either the 'network' or 'existing_network' context is deprecated
2019-07-02 01:45:12.734 27842 WARNING rally_openstack.scenarios.neutron.utils [-] Running this scenario without either the 'network' or 'existing_network' context is deprecated
2019-07-02 01:45:12.735 27845 INFO rally.task.runner [-] Task 07d099a4-ccaa-4319-b5b2-772b9a7bd30a | ITER: 13 START
2019-07-02 01:45:12.736 27845 WARNING rally_openstack.scenarios.neutron.utils [-] Running this scenario without either the 'network' or 'existing_network' context is deprecated
2019-07-02 01:45:12.736 27851 RALLYDEBUG rally.task.runner [-] Starting a worker. concurrency: 1 args: {"network_create_args": {}, "subnet_create_args": {}, "subnet_cidr_start": "1.1.0.0/30", "subnets_per_network": 2} times: 40 method_name: run timeout: 0 duration: None cls:
2019-07-02 01:45:12.744 27851 INFO rally.task.runner [-] Task 07d099a4-ccaa-4319-b5b2-772b9a7bd30a | ITER: 14 START
2019-07-02 01:45:12.745 27851 WARNING rally_openstack.scenarios.neutron.utils [-] Running this scenario without either the 'network' or 'existing_network' context is deprecated
2019-07-02 01:45:12.749 27857 RALLYDEBUG rally.task.runner [-] Starting a worker. concurrency: 1 args: {"network_create_args": {}, "subnet_create_args": {}, "subnet_cidr_start": "1.1.0.0/30", "subnets_per_network": 2} times: 40 method_name: run timeout: 0 duration: None cls:
2019-07-02 01:45:12.753 27860 RALLYDEBUG rally.task.runner [-] Starting a worker. concurrency: 1 args: {"network_create_args": {}, "subnet_create_args": {}, "subnet_cidr_start": "1.1.0.0/30", "subnets_per_network": 2} times: 40 method_name: run timeout: 0 duration: None cls:
2019-07-02 01:45:12.757 27857 INFO rally.task.runner [-] Task 07d099a4-ccaa-4319-b5b2-772b9a7bd30a | ITER: 15 START
2019-07-02 01:45:12.759 27857 WARNING rally_openstack.scenarios.neutron.utils [-] Running this scenario without either the 'network' or 'existing_network' context is deprecated
2019-07-02 01:45:12.759 27860 INFO rally.task.runner [-] Task 07d099a4-ccaa-4319-b5b2-772b9a7bd30a | ITER: 16 START
2019-07-02 01:45:12.760 27861 RALLYDEBUG rally.task.runner [-] Starting a worker. concurrency: 1 args: {"network_create_args": {}, "subnet_create_args": {}, "subnet_cidr_start": "1.1.0.0/30", "subnets_per_network": 2} times: 40 method_name: run timeout: 0 duration: None cls:
2019-07-02 01:45:12.761 27860 WARNING rally_openstack.scenarios.neutron.utils [-] Running this scenario without either the 'network' or 'existing_network' context is deprecated
2019-07-02 01:45:12.766 27861 INFO rally.task.runner [-] Task 07d099a4-ccaa-4319-b5b2-772b9a7bd30a | ITER: 17 START
2019-07-02 01:45:12.767 27866 RALLYDEBUG rally.task.runner [-] Starting a worker. concurrency: 1 args: {"network_create_args": {}, "subnet_create_args": {}, "subnet_cidr_start": "1.1.0.0/30", "subnets_per_network": 2} times: 40 method_name: run timeout: 0 duration: None cls:
2019-07-02 01:45:12.768 27861 WARNING rally_openstack.scenarios.neutron.utils [-] Running this scenario without either the 'network' or 'existing_network' context is deprecated
2019-07-02 01:45:12.773 27866 INFO rally.task.runner [-] Task 07d099a4-ccaa-4319-b5b2-772b9a7bd30a | ITER: 18 START
2019-07-02 01:45:12.774 27869 RALLYDEBUG rally.task.runner [-] Starting a worker. concurrency: 1 args: {"network_create_args": {}, "subnet_create_args": {}, "subnet_cidr_start": "1.1.0.0/30", "subnets_per_network": 2} times: 40 method_name: run timeout: 0 duration: None cls:
2019-07-02 01:45:12.775 27866 WARNING rally_openstack.scenarios.neutron.utils [-] Running this scenario without either the 'network' or 'existing_network' context is deprecated
2019-07-02 01:45:12.778 27872 RALLYDEBUG rally.task.runner [-] Starting a worker. concurrency: 1 args: {"network_create_args": {}, "subnet_create_args": {}, "subnet_cidr_start": "1.1.0.0/30", "subnets_per_network": 2} times: 40 method_name: run timeout: 0 duration: None cls:
2019-07-02 01:45:12.779 27869 INFO rally.task.runner [-] Task 07d099a4-ccaa-4319-b5b2-772b9a7bd30a | ITER: 19 START
2019-07-02 01:45:12.781 27869 WARNING rally_openstack.scenarios.neutron.utils [-] Running this scenario without either the 'network' or 'existing_network' context is deprecated
2019-07-02 01:45:12.783 27872 INFO rally.task.runner [-] Task 07d099a4-ccaa-4319-b5b2-772b9a7bd30a | ITER: 20 START
2019-07-02 01:45:12.784 27872 WARNING rally_openstack.scenarios.neutron.utils [-] Running this scenario without either the 'network' or 'existing_network' context is deprecated
2019-07-02 01:45:13.440 27845 RALLYDEBUG rally_openstack.wrappers.network [-] CIDR generated: 1.1.4.96/30
2019-07-02 01:45:13.466 27842 RALLYDEBUG rally_openstack.wrappers.network [-] CIDR generated: 1.1.4.100/30
2019-07-02 01:45:13.467 27825 RALLYDEBUG rally_openstack.wrappers.network [-] CIDR generated: 1.1.4.104/30
2019-07-02 01:45:13.469 27828 RALLYDEBUG rally_openstack.wrappers.network [-] CIDR generated: 1.1.4.108/30
2019-07-02 01:45:13.500 27834 RALLYDEBUG rally_openstack.wrappers.network [-] CIDR generated: 1.1.4.112/30
2019-07-02 01:45:13.506 27826 RALLYDEBUG rally_openstack.wrappers.network [-] CIDR generated: 1.1.4.116/30
2019-07-02 01:45:13.575 27826 RALLYDEBUG rally_openstack.wrappers.network [-] CIDR generated: 1.1.4.120/30
2019-07-02 01:45:13.603 27825 RALLYDEBUG rally_openstack.wrappers.network [-] CIDR generated: 1.1.4.124/30
2019-07-02 01:45:13.603 27828 RALLYDEBUG rally_openstack.wrappers.network [-] CIDR generated: 1.1.4.128/30
2019-07-02 01:45:13.744 27830 RALLYDEBUG rally_openstack.wrappers.network [-] CIDR generated: 1.1.4.132/30
2019-07-02 01:45:13.782 27838 RALLYDEBUG rally_openstack.wrappers.network [-] CIDR generated: 1.1.4.136/30
2019-07-02 01:45:13.837 27827 RALLYDEBUG rally_openstack.wrappers.network [-] CIDR generated: 1.1.4.140/30
2019-07-02 01:45:13.873 27827 RALLYDEBUG rally_openstack.wrappers.network [-] CIDR generated: 1.1.4.144/30
2019-07-02 01:45:13.965 27860 RALLYDEBUG rally_openstack.wrappers.network [-] CIDR generated: 1.1.4.148/30
2019-07-02 01:45:14.023 27861 RALLYDEBUG rally_openstack.wrappers.network [-] CIDR generated: 1.1.4.152/30
2019-07-02 01:45:14.076 27851 RALLYDEBUG rally_openstack.wrappers.network [-] CIDR generated: 1.1.4.156/30
2019-07-02 01:45:14.110 27872 RALLYDEBUG rally_openstack.wrappers.network [-] CIDR generated: 1.1.4.160/30
2019-07-02 01:45:14.164 27857 RALLYDEBUG rally_openstack.wrappers.network [-] CIDR generated: 1.1.4.164/30
2019-07-02 01:45:14.210 27869 RALLYDEBUG rally_openstack.wrappers.network [-] CIDR generated: 1.1.4.168/30
2019-07-02 01:45:14.211 27866 RALLYDEBUG rally_openstack.wrappers.network [-] CIDR generated: 1.1.4.172/30
2019-07-02 01:45:14.391 27842 RALLYDEBUG rally_openstack.wrappers.network [-] CIDR generated: 1.1.4.176/30
2019-07-02 01:45:14.516 27828 RALLYDEBUG rally_openstack.wrappers.network [-] CIDR generated: 1.1.4.180/30
2019-07-02 01:45:14.680 27838 RALLYDEBUG rally_openstack.wrappers.network [-] CIDR generated: 1.1.4.184/30
2019-07-02 01:45:14.924 27827 RALLYDEBUG rally_openstack.wrappers.network [-] CIDR generated: 1.1.4.188/30
2019-07-02 01:45:15.180 27825 RALLYDEBUG rally_openstack.wrappers.network [-] CIDR generated: 1.1.4.192/30
2019-07-02 01:45:15.380 27826 RALLYDEBUG rally_openstack.wrappers.network [-] CIDR generated: 1.1.4.196/30
2019-07-02 01:45:15.480 27825 RALLYDEBUG rally_openstack.wrappers.network [-] CIDR generated: 1.1.4.200/30
2019-07-02 01:45:15.543 27861 RALLYDEBUG rally_openstack.wrappers.network [-] CIDR generated: 1.1.4.204/30
2019-07-02 01:45:15.603 27830 RALLYDEBUG rally_openstack.wrappers.network [-] CIDR generated: 1.1.4.208/30
2019-07-02 01:45:15.766 27827 RALLYDEBUG rally_openstack.wrappers.network [-] CIDR generated: 1.1.4.212/30
2019-07-02 01:45:15.803 27866 RALLYDEBUG rally_openstack.wrappers.network [-] CIDR generated: 1.1.4.216/30
2019-07-02 01:45:15.830 27860 RALLYDEBUG rally_openstack.wrappers.network [-] CIDR generated: 1.1.4.220/30
2019-07-02 01:45:15.866 27872 RALLYDEBUG rally_openstack.wrappers.network [-] CIDR generated: 1.1.4.224/30
2019-07-02 01:45:15.884 27826 RALLYDEBUG rally_openstack.wrappers.network [-] CIDR generated: 1.1.4.228/30
2019-07-02 01:45:16.251 27857 RALLYDEBUG rally_openstack.wrappers.network [-] CIDR generated: 1.1.4.232/30
2019-07-02 01:45:16.359 27851 RALLYDEBUG rally_openstack.wrappers.network [-] CIDR generated: 1.1.4.236/30
2019-07-02 01:45:16.399 27869 RALLYDEBUG rally_openstack.wrappers.network [-] CIDR generated: 1.1.4.240/30
2019-07-02 01:45:16.625 27828 RALLYDEBUG rally_openstack.wrappers.network [-] CIDR generated: 1.1.4.244/30
2019-07-02 01:45:16.762 27845 RALLYDEBUG rally_openstack.wrappers.network [-] CIDR generated: 1.1.4.248/30
2019-07-02 01:45:16.926 27834 RALLYDEBUG rally_openstack.wrappers.network [-] CIDR generated: 1.1.4.252/30
2019-07-02 01:45:18.973 27825 INFO rally.task.runner [-] Task 07d099a4-ccaa-4319-b5b2-772b9a7bd30a | ITER: 3 END: OK
2019-07-02 01:45:18.978 27825 INFO rally.task.runner [-] Task 07d099a4-ccaa-4319-b5b2-772b9a7bd30a | ITER: 21 START
2019-07-02 01:45:18.979 27825 WARNING rally_openstack.scenarios.neutron.utils [-] Running this scenario without either the 'network' or 'existing_network' context is deprecated
2019-07-02 01:45:19.397 27826 INFO rally.task.runner [-] Task 07d099a4-ccaa-4319-b5b2-772b9a7bd30a | ITER: 5 END: OK
2019-07-02 01:45:19.402 27826 INFO rally.task.runner [-] Task 07d099a4-ccaa-4319-b5b2-772b9a7bd30a | ITER: 22 START
2019-07-02 01:45:19.403 27826 WARNING rally_openstack.scenarios.neutron.utils [-] Running this scenario without either the 'network' or 'existing_network' context is deprecated
2019-07-02 01:45:19.503 27851 INFO rally.task.runner [-] Task 07d099a4-ccaa-4319-b5b2-772b9a7bd30a | ITER: 14 END: OK
2019-07-02 01:45:19.508 27851 INFO rally.task.runner [-] Task 07d099a4-ccaa-4319-b5b2-772b9a7bd30a | ITER: 23 START
2019-07-02 01:45:19.508 27851 WARNING rally_openstack.scenarios.neutron.utils [-] Running this scenario without either the 'network' or 'existing_network' context is deprecated
2019-07-02 01:45:19.669 27857 INFO rally.task.runner [-] Task 07d099a4-ccaa-4319-b5b2-772b9a7bd30a | ITER: 15 END: OK
2019-07-02 01:45:19.674 27857 INFO rally.task.runner [-] Task 07d099a4-ccaa-4319-b5b2-772b9a7bd30a | ITER: 24 START
2019-07-02 01:45:19.675 27857 WARNING rally_openstack.scenarios.neutron.utils [-] Running this scenario without either the 'network' or 'existing_network' context is deprecated
2019-07-02 01:45:20.119 27826 RALLYDEBUG rally_openstack.wrappers.network [-] CIDR generated: 1.1.5.0/30
2019-07-02 01:45:20.320 27825 RALLYDEBUG rally_openstack.wrappers.network [-] CIDR generated: 1.1.5.4/30
2019-07-02 01:45:20.356 27826 INFO rally.task.runner [-] Task 07d099a4-ccaa-4319-b5b2-772b9a7bd30a | ITER: 2 END: OK
2019-07-02 01:45:20.361 27826 INFO rally.task.runner [-] Task 07d099a4-ccaa-4319-b5b2-772b9a7bd30a | ITER: 25 START
2019-07-02 01:45:20.362 27826 WARNING rally_openstack.scenarios.neutron.utils [-] Running this scenario without either the 'network' or 'existing_network' context is deprecated
2019-07-02 01:45:20.413 27825 INFO rally.task.runner [-] Task 07d099a4-ccaa-4319-b5b2-772b9a7bd30a | ITER: 1 END: OK
2019-07-02 01:45:20.417 27825 INFO rally.task.runner [-] Task 07d099a4-ccaa-4319-b5b2-772b9a7bd30a | ITER: 26 START
2019-07-02 01:45:20.418 27825 WARNING rally_openstack.scenarios.neutron.utils [-] Running this scenario without either the 'network' or 'existing_network' context is deprecated
2019-07-02 01:45:20.516 27851 RALLYDEBUG rally_openstack.wrappers.network [-] CIDR generated: 1.1.5.8/30
2019-07-02 01:45:20.612 27828 INFO rally.task.runner [-] Task 07d099a4-ccaa-4319-b5b2-772b9a7bd30a | ITER: 8 END: OK
2019-07-02 01:45:20.617 27828 INFO rally.task.runner [-] Task 07d099a4-ccaa-4319-b5b2-772b9a7bd30a | ITER: 27 START
2019-07-02 01:45:20.617 27828 WARNING rally_openstack.scenarios.neutron.utils [-] Running this scenario without either the 'network' or 'existing_network' context is deprecated
2019-07-02 01:45:21.021 27827 INFO rally.task.runner [-] Task 07d099a4-ccaa-4319-b5b2-772b9a7bd30a | ITER: 4 END: OK
2019-07-02 01:45:21.025 27827 INFO rally.task.runner [-] Task 07d099a4-ccaa-4319-b5b2-772b9a7bd30a | ITER: 28 START
2019-07-02 01:45:21.026 27827 WARNING rally_openstack.scenarios.neutron.utils [-] Running this scenario without either the 'network' or 'existing_network' context is deprecated
2019-07-02 01:45:21.050 27827 INFO rally.task.runner [-] Task 07d099a4-ccaa-4319-b5b2-772b9a7bd30a | ITER: 7 END: OK
2019-07-02 01:45:21.054 27827 INFO rally.task.runner [-] Task 07d099a4-ccaa-4319-b5b2-772b9a7bd30a | ITER: 29 START
2019-07-02 01:45:21.055 27827 WARNING rally_openstack.scenarios.neutron.utils [-] Running this scenario without either the 'network' or 'existing_network' context is deprecated
2019-07-02 01:45:21.061 27857 RALLYDEBUG rally_openstack.wrappers.network [-] CIDR generated: 1.1.5.12/30
2019-07-02 01:45:21.098 27825 RALLYDEBUG rally_openstack.wrappers.network [-] CIDR generated: 1.1.5.16/30
2019-07-02 01:45:21.101 27826 RALLYDEBUG rally_openstack.wrappers.network [-] CIDR generated: 1.1.5.20/30
2019-07-02 01:45:21.114 27869 INFO rally.task.runner [-] Task 07d099a4-ccaa-4319-b5b2-772b9a7bd30a | ITER: 19 END: OK
2019-07-02 01:45:21.118 27869 INFO rally.task.runner [-] Task 07d099a4-ccaa-4319-b5b2-772b9a7bd30a | ITER: 30 START
2019-07-02 01:45:21.119 27869 WARNING rally_openstack.scenarios.neutron.utils [-] Running this scenario without either the 'network' or 'existing_network' context is deprecated
2019-07-02 01:45:21.439 27838 INFO rally.task.runner [-] Task 07d099a4-ccaa-4319-b5b2-772b9a7bd30a | ITER: 11 END: OK
2019-07-02 01:45:21.444 27838 INFO rally.task.runner [-] Task 07d099a4-ccaa-4319-b5b2-772b9a7bd30a | ITER: 31 START
2019-07-02 01:45:21.444 27838 WARNING rally_openstack.scenarios.neutron.utils [-] Running this scenario without either the 'network' or 'existing_network' context is deprecated
2019-07-02 01:45:21.462 27834 INFO rally.task.runner [-] Task 07d099a4-ccaa-4319-b5b2-772b9a7bd30a | ITER: 10 END: OK
2019-07-02 01:45:21.466 27834 INFO rally.task.runner [-] Task 07d099a4-ccaa-4319-b5b2-772b9a7bd30a | ITER: 32 START
2019-07-02 01:45:21.466 27834 WARNING rally_openstack.scenarios.neutron.utils [-] Running this scenario without either the 'network' or 'existing_network' context is deprecated
2019-07-02 01:45:21.646 27828 RALLYDEBUG rally_openstack.wrappers.network [-] CIDR generated: 1.1.5.24/30
2019-07-02 01:45:21.651 27825 RALLYDEBUG rally_openstack.wrappers.network [-] CIDR generated: 1.1.5.28/30
2019-07-02 01:45:21.781 27827 RALLYDEBUG rally_openstack.wrappers.network [-] CIDR generated: 1.1.5.32/30
2019-07-02 01:45:21.953 27825 RALLYDEBUG rally_openstack.wrappers.network [-] CIDR generated: 1.1.5.36/30
2019-07-02 01:45:22.208 27830 INFO rally.task.runner [-] Task 07d099a4-ccaa-4319-b5b2-772b9a7bd30a | ITER: 9 END: OK
2019-07-02 01:45:22.213 27830 INFO rally.task.runner [-] Task 07d099a4-ccaa-4319-b5b2-772b9a7bd30a | ITER: 33 START
2019-07-02 01:45:22.213 27830 WARNING rally_openstack.scenarios.neutron.utils [-] Running this scenario without either the 'network' or 'existing_network' context is deprecated
2019-07-02 01:45:22.324 27826 RALLYDEBUG rally_openstack.wrappers.network [-] CIDR generated: 1.1.5.40/30
2019-07-02 01:45:22.426 27827 RALLYDEBUG rally_openstack.wrappers.network [-] CIDR generated: 1.1.5.44/30
2019-07-02 01:45:22.483 27834 RALLYDEBUG rally_openstack.wrappers.network [-] CIDR generated: 1.1.5.48/30
2019-07-02 01:45:22.556 27828 RALLYDEBUG rally_openstack.wrappers.network [-] CIDR generated: 1.1.5.52/30
2019-07-02 01:45:22.644 27845 INFO rally.task.runner [-] Task 07d099a4-ccaa-4319-b5b2-772b9a7bd30a | ITER: 13 END: OK
2019-07-02 01:45:22.645 27842 INFO rally.task.runner [-] Task 07d099a4-ccaa-4319-b5b2-772b9a7bd30a | ITER: 12 END: OK
2019-07-02 01:45:22.649 27845 INFO rally.task.runner [-] Task 07d099a4-ccaa-4319-b5b2-772b9a7bd30a | ITER: 34 START
2019-07-02 01:45:22.650 27842 INFO rally.task.runner [-] Task 07d099a4-ccaa-4319-b5b2-772b9a7bd30a | ITER: 35 START
2019-07-02 01:45:22.650 27845 WARNING rally_openstack.scenarios.neutron.utils [-] Running this scenario without either the 'network' or 'existing_network' context is deprecated
2019-07-02 01:45:22.650 27842 WARNING rally_openstack.scenarios.neutron.utils [-] Running this scenario without either the 'network' or 'existing_network' context is deprecated
2019-07-02 01:45:22.739 27851 RALLYDEBUG rally_openstack.wrappers.network [-] CIDR generated: 1.1.5.56/30
2019-07-02 01:45:22.796 27869 RALLYDEBUG rally_openstack.wrappers.network [-] CIDR generated: 1.1.5.60/30
2019-07-02 01:45:22.803 27830 RALLYDEBUG rally_openstack.wrappers.network [-] CIDR generated: 1.1.5.64/30
2019-07-02 01:45:23.064 27827 RALLYDEBUG rally_openstack.wrappers.network [-] CIDR generated: 1.1.5.68/30
2019-07-02 01:45:23.151 27838 RALLYDEBUG rally_openstack.wrappers.network [-] CIDR generated: 1.1.5.72/30
2019-07-02 01:45:23.305 27860 INFO rally.task.runner [-] Task 07d099a4-ccaa-4319-b5b2-772b9a7bd30a | ITER: 16 END: OK
2019-07-02 01:45:23.310 27860 INFO rally.task.runner [-] Task 07d099a4-ccaa-4319-b5b2-772b9a7bd30a | ITER: 36 START
2019-07-02 01:45:23.311 27860 WARNING rally_openstack.scenarios.neutron.utils [-] Running this scenario without either the 'network' or 'existing_network' context is deprecated
2019-07-02 01:45:23.311 27866 INFO rally.task.runner [-] Task 07d099a4-ccaa-4319-b5b2-772b9a7bd30a | ITER: 18 END: OK
2019-07-02 01:45:23.316 27866 INFO rally.task.runner [-] Task 07d099a4-ccaa-4319-b5b2-772b9a7bd30a | ITER: 37 START
2019-07-02 01:45:23.317 27866 WARNING rally_openstack.scenarios.neutron.utils [-] Running this scenario without either the 'network' or 'existing_network' context is deprecated
2019-07-02 01:45:23.324 27842 RALLYDEBUG rally_openstack.wrappers.network [-] CIDR generated: 1.1.5.76/30
2019-07-02 01:45:23.378 27845 RALLYDEBUG rally_openstack.wrappers.network [-] CIDR generated: 1.1.5.80/30
2019-07-02 01:45:23.968 27827 RALLYDEBUG rally_openstack.wrappers.network [-] CIDR generated: 1.1.5.84/30
2019-07-02 01:45:24.163 27866 RALLYDEBUG rally_openstack.wrappers.network [-] CIDR generated: 1.1.5.88/30
2019-07-02 01:45:24.458 27869 RALLYDEBUG rally_openstack.wrappers.network [-] CIDR generated: 1.1.5.92/30
2019-07-02 01:45:24.662 27838 RALLYDEBUG rally_openstack.wrappers.network [-] CIDR generated: 1.1.5.96/30
2019-07-02 01:45:24.667 27842 RALLYDEBUG rally_openstack.wrappers.network [-] CIDR generated: 1.1.5.100/30
2019-07-02 01:45:25.017 27861 INFO rally.task.runner [-] Task 07d099a4-ccaa-4319-b5b2-772b9a7bd30a | ITER: 17 END: OK
2019-07-02 01:45:25.021 27861 INFO rally.task.runner [-] Task 07d099a4-ccaa-4319-b5b2-772b9a7bd30a | ITER: 38 START
2019-07-02 01:45:25.022 27861 WARNING rally_openstack.scenarios.neutron.utils [-] Running this scenario without either the 'network' or 'existing_network' context is deprecated
2019-07-02 01:45:25.200 27860 RALLYDEBUG rally_openstack.wrappers.network [-] CIDR generated: 1.1.5.104/30
2019-07-02 01:45:25.260 27866 RALLYDEBUG rally_openstack.wrappers.network [-] CIDR generated: 1.1.5.108/30
2019-07-02 01:45:25.729 27872 INFO rally.task.runner [-] Task 07d099a4-ccaa-4319-b5b2-772b9a7bd30a | ITER: 20 END: OK
2019-07-02 01:45:25.734 27872 INFO rally.task.runner [-] Task 07d099a4-ccaa-4319-b5b2-772b9a7bd30a | ITER: 39 START
2019-07-02 01:45:25.734 27872 WARNING rally_openstack.scenarios.neutron.utils [-] Running this scenario without either the 'network' or 'existing_network' context is deprecated
2019-07-02 01:45:25.874 27828 INFO rally.task.runner [-] Task 07d099a4-ccaa-4319-b5b2-772b9a7bd30a | ITER: 6 END: OK
2019-07-02 01:45:25.879 27828 INFO rally.task.runner [-] Task 07d099a4-ccaa-4319-b5b2-772b9a7bd30a | ITER: 40 START
2019-07-02 01:45:25.880 27828 WARNING rally_openstack.scenarios.neutron.utils [-] Running this scenario without either the 'network' or 'existing_network' context is deprecated
2019-07-02 01:45:26.089 27825 INFO rally.task.runner [-] Task 07d099a4-ccaa-4319-b5b2-772b9a7bd30a | ITER: 21 END: OK
2019-07-02 01:45:26.311 27826 INFO rally.task.runner [-] Task 07d099a4-ccaa-4319-b5b2-772b9a7bd30a | ITER: 25 END: OK
2019-07-02 01:45:26.515 27872 RALLYDEBUG rally_openstack.wrappers.network [-] CIDR generated: 1.1.5.112/30
2019-07-02 01:45:26.560 27828 RALLYDEBUG rally_openstack.wrappers.network [-] CIDR generated: 1.1.5.116/30
2019-07-02 01:45:26.611 27861 RALLYDEBUG rally_openstack.wrappers.network [-] CIDR generated: 1.1.5.120/30
2019-07-02 01:45:26.932 27826 RALLYDEBUG rally_openstack.wrappers.network [-] CIDR generated: 1.1.5.124/30
2019-07-02 01:45:26.989 27830 RALLYDEBUG rally_openstack.wrappers.network [-] CIDR generated: 1.1.5.128/30
2019-07-02 01:45:27.372 27845 RALLYDEBUG rally_openstack.wrappers.network [-] CIDR generated: 1.1.5.132/30
2019-07-02 01:45:27.564 27861 RALLYDEBUG rally_openstack.wrappers.network [-] CIDR generated: 1.1.5.136/30
2019-07-02 01:45:27.578 27828 INFO rally.task.runner [-] Task 07d099a4-ccaa-4319-b5b2-772b9a7bd30a | ITER: 27 END: OK
2019-07-02 01:45:27.640 27857 RALLYDEBUG rally_openstack.wrappers.network [-] CIDR generated: 1.1.5.140/30
2019-07-02 01:45:27.935 27866 INFO rally.task.runner [-] Task 07d099a4-ccaa-4319-b5b2-772b9a7bd30a | ITER: 37 END: OK
2019-07-02 01:45:28.024 27834 RALLYDEBUG rally_openstack.wrappers.network [-] CIDR generated: 1.1.5.144/30
2019-07-02 01:45:28.123 27828 RALLYDEBUG rally_openstack.wrappers.network [-] CIDR generated: 1.1.5.148/30
2019-07-02 01:45:28.410 27872 RALLYDEBUG rally_openstack.wrappers.network [-] CIDR generated: 1.1.5.152/30
2019-07-02 01:45:28.561 27851 INFO rally.task.runner [-] Task 07d099a4-ccaa-4319-b5b2-772b9a7bd30a | ITER: 23 END: OK
2019-07-02 01:45:28.735 27827 INFO rally.task.runner [-] Task 07d099a4-ccaa-4319-b5b2-772b9a7bd30a | ITER: 29 END: OK
2019-07-02 01:45:28.846 27825 INFO rally.task.runner [-] Task 07d099a4-ccaa-4319-b5b2-772b9a7bd30a | ITER: 26 END: OK
2019-07-02 01:45:29.243 27860 RALLYDEBUG rally_openstack.wrappers.network [-] CIDR generated: 1.1.5.156/30
2019-07-02 01:45:30.125 27869 INFO rally.task.runner [-] Task 07d099a4-ccaa-4319-b5b2-772b9a7bd30a | ITER: 30 END: OK
2019-07-02 01:45:30.626 27872 INFO rally.task.runner [-] Task 07d099a4-ccaa-4319-b5b2-772b9a7bd30a | ITER: 39 END: OK
2019-07-02 01:45:31.029 27827 INFO rally.task.runner [-] Task 07d099a4-ccaa-4319-b5b2-772b9a7bd30a | ITER: 28 END: OK
2019-07-02 01:45:31.241 27842 INFO rally.task.runner [-] Task 07d099a4-ccaa-4319-b5b2-772b9a7bd30a | ITER: 35 END: OK
2019-07-02 01:45:31.251 27861 INFO rally.task.runner [-] Task 07d099a4-ccaa-4319-b5b2-772b9a7bd30a | ITER: 38 END: OK
2019-07-02 01:45:31.343 27830 INFO rally.task.runner [-] Task 07d099a4-ccaa-4319-b5b2-772b9a7bd30a | ITER: 33 END: OK
2019-07-02 01:45:31.748 27838 INFO rally.task.runner [-] Task 07d099a4-ccaa-4319-b5b2-772b9a7bd30a | ITER: 31 END: OK
2019-07-02 01:45:31.947 27845 INFO rally.task.runner [-] Task 07d099a4-ccaa-4319-b5b2-772b9a7bd30a | ITER: 34 END: OK
2019-07-02 01:45:32.137 27826 INFO rally.task.runner [-] Task 07d099a4-ccaa-4319-b5b2-772b9a7bd30a | ITER: 22 END: OK
2019-07-02 01:45:32.186 27860 INFO rally.task.runner [-] Task 07d099a4-ccaa-4319-b5b2-772b9a7bd30a | ITER: 36 END: OK
2019-07-02 01:45:32.931 27828 INFO rally.task.runner [-] Task 07d099a4-ccaa-4319-b5b2-772b9a7bd30a | ITER: 40 END: OK
2019-07-02 01:45:33.063 27857 INFO rally.task.runner [-] Task 07d099a4-ccaa-4319-b5b2-772b9a7bd30a | ITER: 24 END: OK
2019-07-02 01:45:33.342 27834 INFO rally.task.runner [-] Task 07d099a4-ccaa-4319-b5b2-772b9a7bd30a | ITER: 32 END: OK
2019-07-02 01:45:33.367 25731 INFO rally.task.context [-] Task 07d099a4-ccaa-4319-b5b2-772b9a7bd30a | Context cleanup@openstack cleanup() started
2019-07-02 01:45:33.370 25731 RALLYDEBUG rally_openstack.cleanup.manager [-] Cleaning up neutron vip objects
2019-07-02 01:45:33.753 25731 RALLYDEBUG rally_openstack.cleanup.manager [-] Cleaning up neutron health_monitor objects
2019-07-02 01:45:34.133 25731 RALLYDEBUG rally_openstack.cleanup.manager [-] Cleaning up neutron pool objects
2019-07-02 01:45:34.515 25731 RALLYDEBUG rally_openstack.cleanup.manager [-] Cleaning up neutron loadbalancer objects
2019-07-02 01:45:34.895 25731 RALLYDEBUG rally_openstack.cleanup.manager [-] Cleaning up neutron floatingip objects
2019-07-02 01:45:35.306 25731 RALLYDEBUG rally_openstack.cleanup.manager [-] Cleaning up neutron port objects
2019-07-02 01:45:36.075 25731 RALLYDEBUG rally_openstack.cleanup.manager [-] Cleaning up neutron subnet objects
2019-07-02 01:45:36.495 25731 RALLYDEBUG rally_openstack.cleanup.manager [-] Cleaning up neutron network objects
2019-07-02 01:45:37.052 25731 RALLYDEBUG rally_openstack.cleanup.manager [-] Deleting neutron.network object s_rally_10fd0bf5_c5jlsahj (0c52dd9e-d308-4f17-a6b7-79eb7ebd1be9)
2019-07-02 01:45:37.059 25731 RALLYDEBUG rally_openstack.cleanup.manager [-] Deleting neutron.network object s_rally_10fd0bf5_uJBWD9EH (1741cd8e-a9b2-4d02-ac02-2c8ea0e6e401)
2019-07-02 01:45:37.079 25731 RALLYDEBUG rally_openstack.cleanup.manager [-] Deleting neutron.network object s_rally_10fd0bf5_TS2HOAy4 (1878ab64-38e7-4009-8f95-a3d65f51597a)
2019-07-02 01:45:37.080 25731 RALLYDEBUG rally_openstack.cleanup.manager [-] Deleting neutron.network object s_rally_10fd0bf5_a7mMdjKe (16db2aa1-4dc0-45b1-8a04-c708d83abc85)
2019-07-02 01:45:37.084 25731 RALLYDEBUG rally_openstack.cleanup.manager [-] Deleting neutron.network object s_rally_10fd0bf5_CmacASBA (2920ed4f-d421-435f-8d92-bd7bb62398ae)
2019-07-02 01:45:37.093 25731 RALLYDEBUG rally_openstack.cleanup.manager [-] Deleting neutron.network object s_rally_10fd0bf5_Xr26SUDf (3388cc18-f4ac-42f7-b91a-c7b49b8688d9)
2019-07-02 01:45:37.096 25731 RALLYDEBUG rally_openstack.cleanup.manager [-] Deleting neutron.network object s_rally_10fd0bf5_2pbYkPE0 (37d40066-1a09-47b2-a23e-7845c060398d)
2019-07-02 01:45:37.150 25731 RALLYDEBUG rally_openstack.cleanup.manager [-] Deleting neutron.network object s_rally_10fd0bf5_Gb7uimY8 (4772ec75-ca70-4682-8718-5cee55f56838)
2019-07-02 01:45:37.155 25731 RALLYDEBUG rally_openstack.cleanup.manager [-] Deleting neutron.network object s_rally_10fd0bf5_ibsw8srP (573d686e-a98e-4007-8bd5-fc70a396c124)
2019-07-02 01:45:37.169 25731 RALLYDEBUG rally_openstack.cleanup.manager [-] Deleting neutron.network object s_rally_10fd0bf5_iRRgYoaI (574440e5-7491-4939-8dc7-af4e80d885b2)
2019-07-02 01:45:37.177 25731 RALLYDEBUG rally_openstack.cleanup.manager [-] Deleting neutron.network object s_rally_10fd0bf5_sYPve3Cv (47c620bd-48df-47e1-8ffc-499da9e73f5e)
2019-07-02 01:45:37.199 25731 RALLYDEBUG rally_openstack.cleanup.manager [-] Deleting neutron.network object s_rally_10fd0bf5_evB03H5x (62364b89-e7a0-4cd8-aff2-a62ec10b6e51)
2019-07-02 01:45:37.253 25731 RALLYDEBUG rally_openstack.cleanup.manager [-] Deleting neutron.network object s_rally_10fd0bf5_LMYQbKI2 (6527ac0d-fa20-491c-9b31-58c21442a488)
2019-07-02 01:45:37.269 25731 RALLYDEBUG rally_openstack.cleanup.manager [-] Deleting neutron.network object s_rally_10fd0bf5_wuOUNnDQ (7558544b-28dc-4380-a5d3-e7c8a2cd6ea5)
2019-07-02 01:45:37.298 25731 RALLYDEBUG rally_openstack.cleanup.manager [-] Deleting neutron.network object s_rally_10fd0bf5_zq8ZY6I5 (6f82dd5d-88fc-4e39-8a72-d3845f2cb86e)
2019-07-02 01:45:37.307 25731 RALLYDEBUG rally_openstack.cleanup.manager [-] Deleting neutron.network object s_rally_10fd0bf5_EBLJcqep (70cd8567-5fac-4da4-893b-28272e5338cd)
2019-07-02 01:45:37.313 25731 RALLYDEBUG rally_openstack.cleanup.manager [-] Deleting neutron.network object s_rally_10fd0bf5_mPFqBpV5 (8457c212-a6b4-4034-b6c5-eb977feaf099)
2019-07-02 01:45:37.332 25731 RALLYDEBUG rally_openstack.cleanup.manager [-] Deleting neutron.network object s_rally_10fd0bf5_fQfVY7d6 (8c9e7e7f-0e65-46cb-8bd1-b6aa03d22e2b)
2019-07-02 01:45:37.345 25731 RALLYDEBUG rally_openstack.cleanup.manager [-] Deleting neutron.network object s_rally_10fd0bf5_XnM4giDd (828126ed-c6bd-4a9e-8af6-7f24f2b42e75)
2019-07-02 01:45:37.364 25731 RALLYDEBUG rally_openstack.cleanup.manager [-] Deleting neutron.network object s_rally_10fd0bf5_IJdoX8mV (8687dfc9-5108-424c-8ea6-6397b9a3c938)
2019-07-02 01:45:39.512 25731 RALLYDEBUG rally_openstack.cleanup.manager [-] Deleting neutron.network object s_rally_10fd0bf5_fDKDHhnR (95a61458-70e3-429e-b31c-72f135b6a2f6)
2019-07-02 01:45:39.759 25731 RALLYDEBUG rally_openstack.cleanup.manager [-] Deleting neutron.network object s_rally_10fd0bf5_jeKREeDw (a3601f7f-4277-44bc-a86b-89c1e3b5eb6d)
2019-07-02 01:45:39.890 25731 RALLYDEBUG rally_openstack.cleanup.manager [-] Deleting neutron.network object s_rally_10fd0bf5_TqvbGUEq (a70766f5-16eb-42a0-a9bd-3189e746c270)
2019-07-02 01:45:39.902 25731 RALLYDEBUG rally_openstack.cleanup.manager [-] Deleting neutron.network object s_rally_10fd0bf5_98j0AXpc (aac0fabd-cc22-4c63-9d00-86511314df66)
2019-07-02 01:45:40.137 25731 RALLYDEBUG rally_openstack.cleanup.manager [-] Deleting neutron.network object s_rally_10fd0bf5_brYUYUjJ (abbc8a92-3aad-4d5e-b8cb-3eb5031eb1db)
2019-07-02 01:45:40.145 25731 RALLYDEBUG rally_openstack.cleanup.manager [-] Deleting neutron.network object s_rally_10fd0bf5_nFTYWZiR (acf7213e-a422-4380-b575-d363969bc243)
2019-07-02 01:45:40.170 25731 RALLYDEBUG rally_openstack.cleanup.manager [-] Deleting neutron.network object s_rally_10fd0bf5_Q9qiajdf (beff2fa7-1145-4dd5-9b62-e9808f3620b9)
2019-07-02 01:45:40.170 25731 RALLYDEBUG rally_openstack.cleanup.manager [-] Deleting neutron.network object s_rally_10fd0bf5_cQjWxfv1 (b26f35a9-cc2f-489c-b6eb-bb41e4a1e72c)
2019-07-02 01:45:40.252 25731 RALLYDEBUG rally_openstack.cleanup.manager [-] Deleting neutron.network object s_rally_10fd0bf5_862wHth7 (c320c22d-25d8-43df-b154-c98cd9462b3a)
2019-07-02 01:45:40.258 25731 RALLYDEBUG rally_openstack.cleanup.manager [-] Deleting neutron.network object s_rally_10fd0bf5_fOjp7kjE (c4239c0e-77d6-4060-90d3-adc3d117fe8a)
2019-07-02 01:45:40.268 25731 RALLYDEBUG rally_openstack.cleanup.manager [-] Deleting neutron.network object s_rally_10fd0bf5_966YIoDH (cd392681-86ba-422b-a747-f13edc0583f6)
2019-07-02 01:45:40.287 25731 RALLYDEBUG rally_openstack.cleanup.manager [-] Deleting neutron.network object s_rally_10fd0bf5_7GeQjYYZ (d2d0b146-0f93-4990-a2c1-ca153636593c)
2019-07-02 01:45:40.381 25731 RALLYDEBUG rally_openstack.cleanup.manager [-] Deleting neutron.network object s_rally_10fd0bf5_JLMQFChT (d872c835-c08b-4a98-b1c6-c7f2be62f15d)
2019-07-02 01:45:40.388 25731 RALLYDEBUG rally_openstack.cleanup.manager [-] Deleting neutron.network object s_rally_10fd0bf5_DDvaF8G4 (ddc15f8b-2408-4cb8-84bc-c960df5e5c5a)
2019-07-02 01:45:40.524 25731 RALLYDEBUG rally_openstack.cleanup.manager [-] Deleting neutron.network object s_rally_10fd0bf5_3clEnMwL (e472ee15-2591-4a70-8607-29d965b7125a)
2019-07-02 01:45:40.576 25731 RALLYDEBUG rally_openstack.cleanup.manager [-] Deleting neutron.network object s_rally_10fd0bf5_u4EHwHgs (e71b96da-fec0-4d7b-abf1-de874317b1bb)
2019-07-02 01:45:40.687 25731 RALLYDEBUG rally_openstack.cleanup.manager [-] Deleting neutron.network object s_rally_10fd0bf5_JF95In3l (e7fc3b0a-9718-4bcd-8352-d776512c8e4f)
2019-07-02 01:45:41.041 25731 RALLYDEBUG rally_openstack.cleanup.manager [-] Deleting neutron.network object s_rally_10fd0bf5_8KOYMPze (e97351c7-dfcd-44fa-92a3-1d7436ea2585)
2019-07-02 01:45:41.260 25731 RALLYDEBUG rally_openstack.cleanup.manager [-] Deleting neutron.network object s_rally_10fd0bf5_GXc4O7Ge (f2b6ed43-ea63-41b8-ba76-ff3b6e884ebd)
2019-07-02 01:45:41.327 25731 RALLYDEBUG rally_openstack.cleanup.manager [-] Deleting neutron.network object s_rally_10fd0bf5_qLPJelAV (fe9b0e8a-6d4b-407a-a525-cfa053645289)
2019-07-02 01:45:44.003 25731 RALLYDEBUG rally_openstack.cleanup.manager [-] Cleaning up neutron router objects
2019-07-02 01:45:44.465 25731 RALLYDEBUG rally_openstack.cleanup.manager [-] Cleaning up neutron security_group objects
2019-07-02 01:45:44.922 25731 INFO rally.task.context [-] Task 07d099a4-ccaa-4319-b5b2-772b9a7bd30a | Context cleanup@openstack cleanup() finished in 11.55 sec
2019-07-02 01:45:44.922 25731 INFO rally.task.context [-] Task 07d099a4-ccaa-4319-b5b2-772b9a7bd30a | Context quotas@openstack cleanup() started
2019-07-02 01:45:45.022 25731 INFO rally.task.context [-] Task 07d099a4-ccaa-4319-b5b2-772b9a7bd30a | Context quotas@openstack cleanup() finished in 99.71 msec
2019-07-02 01:45:45.023 25731 INFO rally.task.context [-] Task 07d099a4-ccaa-4319-b5b2-772b9a7bd30a | Context users@openstack cleanup() started
2019-07-02 01:45:48.142 25731 INFO rally.task.context [-] Task 07d099a4-ccaa-4319-b5b2-772b9a7bd30a | Context users@openstack cleanup() finished in 3.12 sec
2019-07-02 01:45:49.723 25731 INFO rally.task.engine [-] Load duration is: 20.632463
2019-07-02 01:45:49.724 25731 INFO rally.task.engine [-] Full runner duration is: 20.685639
2019-07-02 01:45:49.724 25731 INFO rally.task.engine [-] Full duration is: 38.59138
2019-07-02 01:45:50.009 25731 INFO rally.task.engine [-] Running workload: position = 0 config = { "version": 2, "title": "A cropped version of a bigger task.", "description": "Auto-generated task from a single workload (uuid=f4775b28-fce8-479b-95c6-e4299bca2946)", "subtasks": [ { "title": "NeutronNetworks.create_and_list_routers", "description": "Create and a given number of routers and list all routers.", "scenario": { "NeutronNetworks.create_and_list_routers": { "network_create_args": null, "subnet_create_args": null, "subnet_cidr_start": "1.1.0.0/30", "subnets_per_network": 2, "router_create_args": null } }, "contexts": { "users": { "tenants": 1, "users_per_tenant": 1 }, "quotas": { "neutron": { "network": -1, "subnet": -1, "router": -1 } } }, "runner": { "constant": { "times": 40, "concurrency": 20 } }, "hooks": [], "sla": { "failure_rate": { "max": 0 } } } ] }
2019-07-02 01:45:50.037 25731 RALLYDEBUG rally_openstack.contexts.keystone.users [-] Creating 1 tenants using 20 threads
2019-07-02 01:45:51.129 25731 RALLYDEBUG rally_openstack.contexts.keystone.users [-] Creating 1 users using 20 threads
2019-07-02 01:45:52.639 25731 INFO rally.task.context [-] Task 07d099a4-ccaa-4319-b5b2-772b9a7bd30a | Context users@openstack setup() finished in 2.60 sec
2019-07-02 01:45:53.242 25731 INFO rally.task.context [-] Task 07d099a4-ccaa-4319-b5b2-772b9a7bd30a | Context quotas@openstack setup() finished in 0.60 sec
2019-07-02 01:45:53.243 25731 INFO rally.task.context [-] Task 07d099a4-ccaa-4319-b5b2-772b9a7bd30a | Context cleanup@openstack setup() finished in 0.01 msec
2019-07-02 01:45:53.252 25731 RALLYDEBUG rally.task.runner [-] Starting the constant runner (task UUID: 07d099a4-ccaa-4319-b5b2-772b9a7bd30a). timeout: 0 concurrency: 20 concurrency_per_worker: 1 times: 40 concurrency_overhead: 4 processes_to_start: 16 max_cpu_used: 16
2019-07-02 01:45:53.266 28195 RALLYDEBUG rally.task.runner [-] Starting a worker. concurrency: 2 args: {"network_create_args": null, "subnet_create_args": null, "subnet_cidr_start": "1.1.0.0/30", "subnets_per_network": 2, "router_create_args": null} times: 40 method_name: run timeout: 0 duration: None cls:
2019-07-02 01:45:53.269 28196 RALLYDEBUG rally.task.runner [-] Starting a worker. concurrency: 2 args: {"network_create_args": null, "subnet_create_args": null, "subnet_cidr_start": "1.1.0.0/30", "subnets_per_network": 2, "router_create_args": null} times: 40 method_name: run timeout: 0 duration: None cls:
2019-07-02 01:45:53.272 28197 RALLYDEBUG rally.task.runner [-] Starting a worker. concurrency: 2 args: {"network_create_args": null, "subnet_create_args": null, "subnet_cidr_start": "1.1.0.0/30", "subnets_per_network": 2, "router_create_args": null} times: 40 method_name: run timeout: 0 duration: None cls:
2019-07-02 01:45:53.276 28195 INFO rally.task.runner [-] Task 07d099a4-ccaa-4319-b5b2-772b9a7bd30a | ITER: 1 START
2019-07-02 01:45:53.276 28198 RALLYDEBUG rally.task.runner [-] Starting a worker. concurrency: 2 args: {"network_create_args": null, "subnet_create_args": null, "subnet_cidr_start": "1.1.0.0/30", "subnets_per_network": 2, "router_create_args": null} times: 40 method_name: run timeout: 0 duration: None cls:
2019-07-02 01:45:53.280 28196 INFO rally.task.runner [-] Task 07d099a4-ccaa-4319-b5b2-772b9a7bd30a | ITER: 2 START
2019-07-02 01:45:53.279 28199 RALLYDEBUG rally.task.runner [-] Starting a worker. concurrency: 1 args: {"network_create_args": null, "subnet_create_args": null, "subnet_cidr_start": "1.1.0.0/30", "subnets_per_network": 2, "router_create_args": null} times: 40 method_name: run timeout: 0 duration: None cls:
2019-07-02 01:45:53.282 28197 INFO rally.task.runner [-] Task 07d099a4-ccaa-4319-b5b2-772b9a7bd30a | ITER: 4 START
2019-07-02 01:45:53.284 28198 INFO rally.task.runner [-] Task 07d099a4-ccaa-4319-b5b2-772b9a7bd30a | ITER: 6 START
2019-07-02 01:45:53.284 28204 RALLYDEBUG rally.task.runner [-] Starting a worker. concurrency: 1 args: {"network_create_args": null, "subnet_create_args": null, "subnet_cidr_start": "1.1.0.0/30", "subnets_per_network": 2, "router_create_args": null} times: 40 method_name: run timeout: 0 duration: None cls:
2019-07-02 01:45:53.286 28199 INFO rally.task.runner [-] Task 07d099a4-ccaa-4319-b5b2-772b9a7bd30a | ITER: 8 START
2019-07-02 01:45:53.286 28209 RALLYDEBUG rally.task.runner [-] Starting a worker. concurrency: 1 args: {"network_create_args": null, "subnet_create_args": null, "subnet_cidr_start": "1.1.0.0/30", "subnets_per_network": 2, "router_create_args": null} times: 40 method_name: run timeout: 0 duration: None cls:
2019-07-02 01:45:53.287 28197 INFO rally.task.runner [-] Task 07d099a4-ccaa-4319-b5b2-772b9a7bd30a | ITER: 7 START
2019-07-02 01:45:53.281 28196 INFO rally.task.runner [-] Task 07d099a4-ccaa-4319-b5b2-772b9a7bd30a | ITER: 5 START
2019-07-02 01:45:53.289 28195 INFO rally.task.runner [-] Task 07d099a4-ccaa-4319-b5b2-772b9a7bd30a | ITER: 3 START
2019-07-02 01:45:53.292 28209 INFO rally.task.runner [-] Task 07d099a4-ccaa-4319-b5b2-772b9a7bd30a | ITER: 11 START
2019-07-02 01:45:53.292 28212 RALLYDEBUG rally.task.runner [-] Starting a worker. concurrency: 1 args: {"network_create_args": null, "subnet_create_args": null, "subnet_cidr_start": "1.1.0.0/30", "subnets_per_network": 2, "router_create_args": null} times: 40 method_name: run timeout: 0 duration: None cls:
2019-07-02 01:45:53.296 28216 RALLYDEBUG rally.task.runner [-] Starting a worker. concurrency: 1 args: {"network_create_args": null, "subnet_create_args": null, "subnet_cidr_start": "1.1.0.0/30", "subnets_per_network": 2, "router_create_args": null} times: 40 method_name: run timeout: 0 duration: None cls:
2019-07-02 01:45:53.298 28212 INFO rally.task.runner [-] Task 07d099a4-ccaa-4319-b5b2-772b9a7bd30a | ITER: 12 START
2019-07-02 01:45:53.299 28204 INFO rally.task.runner [-] Task 07d099a4-ccaa-4319-b5b2-772b9a7bd30a | ITER: 10 START
2019-07-02 01:45:53.301 28222 RALLYDEBUG rally.task.runner [-] Starting a worker. concurrency: 1 args: {"network_create_args": null, "subnet_create_args": null, "subnet_cidr_start": "1.1.0.0/30", "subnets_per_network": 2, "router_create_args": null} times: 40 method_name: run timeout: 0 duration: None cls:
2019-07-02 01:45:53.302 28198 INFO rally.task.runner [-] Task 07d099a4-ccaa-4319-b5b2-772b9a7bd30a | ITER: 9 START
2019-07-02 01:45:53.303 28216 INFO rally.task.runner [-] Task 07d099a4-ccaa-4319-b5b2-772b9a7bd30a | ITER: 13 START
2019-07-02 01:45:53.309 28222 INFO rally.task.runner [-] Task 07d099a4-ccaa-4319-b5b2-772b9a7bd30a | ITER: 14 START
2019-07-02 01:45:53.313 28227 RALLYDEBUG rally.task.runner [-] Starting a worker. concurrency: 1 args: {"network_create_args": null, "subnet_create_args": null, "subnet_cidr_start": "1.1.0.0/30", "subnets_per_network": 2, "router_create_args": null} times: 40 method_name: run timeout: 0 duration: None cls:
2019-07-02 01:45:53.322 28230 RALLYDEBUG rally.task.runner [-] Starting a worker. concurrency: 1 args: {"network_create_args": null, "subnet_create_args": null, "subnet_cidr_start": "1.1.0.0/30", "subnets_per_network": 2, "router_create_args": null} times: 40 method_name: run timeout: 0 duration: None cls:
2019-07-02 01:45:53.322 28227 INFO rally.task.runner [-] Task 07d099a4-ccaa-4319-b5b2-772b9a7bd30a | ITER: 15 START
2019-07-02 01:45:53.328 28231 RALLYDEBUG rally.task.runner [-] Starting a worker. concurrency: 1 args: {"network_create_args": null, "subnet_create_args": null, "subnet_cidr_start": "1.1.0.0/30", "subnets_per_network": 2, "router_create_args": null} times: 40 method_name: run timeout: 0 duration: None cls:
2019-07-02 01:45:53.329 28230 INFO rally.task.runner [-] Task 07d099a4-ccaa-4319-b5b2-772b9a7bd30a | ITER: 16 START
2019-07-02 01:45:53.335 28231 INFO rally.task.runner [-] Task 07d099a4-ccaa-4319-b5b2-772b9a7bd30a | ITER: 17 START
2019-07-02 01:45:53.335 28235 RALLYDEBUG rally.task.runner [-] Starting a worker. concurrency: 1 args: {"network_create_args": null, "subnet_create_args": null, "subnet_cidr_start": "1.1.0.0/30", "subnets_per_network": 2, "router_create_args": null} times: 40 method_name: run timeout: 0 duration: None cls:
2019-07-02 01:45:53.341 28235 INFO rally.task.runner [-] Task 07d099a4-ccaa-4319-b5b2-772b9a7bd30a | ITER: 18 START
2019-07-02 01:45:53.343 28239 RALLYDEBUG rally.task.runner [-] Starting a worker. concurrency: 1 args: {"network_create_args": null, "subnet_create_args": null, "subnet_cidr_start": "1.1.0.0/30", "subnets_per_network": 2, "router_create_args": null} times: 40 method_name: run timeout: 0 duration: None cls:
2019-07-02 01:45:53.347 28239 INFO rally.task.runner [-] Task 07d099a4-ccaa-4319-b5b2-772b9a7bd30a | ITER: 19 START
2019-07-02 01:45:53.349 28242 RALLYDEBUG rally.task.runner [-] Starting a worker. concurrency: 1 args: {"network_create_args": null, "subnet_create_args": null, "subnet_cidr_start": "1.1.0.0/30", "subnets_per_network": 2, "router_create_args": null} times: 40 method_name: run timeout: 0 duration: None cls:
2019-07-02 01:45:53.354 28242 INFO rally.task.runner [-] Task 07d099a4-ccaa-4319-b5b2-772b9a7bd30a | ITER: 20 START
2019-07-02 01:45:54.005 28196 RALLYDEBUG rally_openstack.wrappers.network [-] CIDR generated: 1.1.5.160/30
2019-07-02 01:45:54.063 28212 RALLYDEBUG rally_openstack.wrappers.network [-] CIDR generated: 1.1.5.164/30
2019-07-02 01:45:54.063 28196 RALLYDEBUG rally_openstack.wrappers.network [-] CIDR generated: 1.1.5.168/30
2019-07-02 01:45:54.077 28197 RALLYDEBUG rally_openstack.wrappers.network [-] CIDR generated: 1.1.5.172/30
2019-07-02 01:45:54.119 28195 RALLYDEBUG rally_openstack.wrappers.network [-] CIDR generated: 1.1.5.176/30
2019-07-02 01:45:54.141 28198 RALLYDEBUG rally_openstack.wrappers.network [-] CIDR generated: 1.1.5.180/30
2019-07-02 01:45:54.187 28209 RALLYDEBUG rally_openstack.wrappers.network [-] CIDR generated: 1.1.5.184/30
2019-07-02 01:45:54.194 28199 RALLYDEBUG rally_openstack.wrappers.network [-] CIDR generated: 1.1.5.188/30
2019-07-02 01:45:54.195 28204 RALLYDEBUG rally_openstack.wrappers.network [-] CIDR generated: 1.1.5.192/30
2019-07-02 01:45:54.265 28195 RALLYDEBUG rally_openstack.wrappers.network [-] CIDR generated: 1.1.5.196/30
2019-07-02 01:45:54.271 28216 RALLYDEBUG rally_openstack.wrappers.network [-] CIDR generated: 1.1.5.200/30
2019-07-02 01:45:54.417 28230 RALLYDEBUG rally_openstack.wrappers.network [-] CIDR generated: 1.1.5.204/30
2019-07-02 01:45:54.473 28197 RALLYDEBUG rally_openstack.wrappers.network [-] CIDR generated: 1.1.5.208/30
2019-07-02 01:45:54.568 28198 RALLYDEBUG rally_openstack.wrappers.network [-] CIDR generated: 1.1.5.212/30
2019-07-02 01:45:54.580 28235 RALLYDEBUG rally_openstack.wrappers.network [-] CIDR generated: 1.1.5.216/30
2019-07-02 01:45:54.634 28227 RALLYDEBUG rally_openstack.wrappers.network [-] CIDR generated: 1.1.5.220/30
2019-07-02 01:45:54.686 28239 RALLYDEBUG rally_openstack.wrappers.network [-] CIDR generated: 1.1.5.224/30
2019-07-02 01:45:54.785 28195 RALLYDEBUG rally_openstack.wrappers.network [-] CIDR generated: 1.1.5.228/30
2019-07-02 01:45:54.864 28212 RALLYDEBUG rally_openstack.wrappers.network [-] CIDR generated: 1.1.5.232/30
2019-07-02 01:45:54.897 28242 RALLYDEBUG rally_openstack.wrappers.network [-] CIDR generated: 1.1.5.236/30
2019-07-02 01:45:54.920 28222 RALLYDEBUG rally_openstack.wrappers.network [-] CIDR generated: 1.1.5.240/30
2019-07-02 01:45:55.207 28196 RALLYDEBUG rally_openstack.wrappers.network [-] CIDR generated: 1.1.5.244/30
2019-07-02 01:45:55.307 28198 RALLYDEBUG rally_openstack.wrappers.network [-] CIDR generated: 1.1.5.248/30
2019-07-02 01:45:55.321 28198 RALLYDEBUG rally_openstack.wrappers.network [-] CIDR generated: 1.1.5.252/30
2019-07-02 01:45:55.488 28197 RALLYDEBUG rally_openstack.wrappers.network [-] CIDR generated: 1.1.6.0/30
2019-07-02 01:45:55.539 28239 RALLYDEBUG rally_openstack.wrappers.network [-] CIDR generated: 1.1.6.4/30
2019-07-02 01:45:55.591 28231 RALLYDEBUG rally_openstack.wrappers.network [-] CIDR generated: 1.1.6.8/30
2019-07-02 01:45:55.902 28242 RALLYDEBUG rally_openstack.wrappers.network [-] CIDR generated: 1.1.6.12/30
2019-07-02 01:45:56.275 28199 RALLYDEBUG rally_openstack.wrappers.network [-] CIDR generated: 1.1.6.16/30
2019-07-02 01:45:56.403 28209 RALLYDEBUG rally_openstack.wrappers.network [-] CIDR generated: 1.1.6.20/30
2019-07-02 01:45:56.439 28216 RALLYDEBUG rally_openstack.wrappers.network [-] CIDR generated: 1.1.6.24/30
2019-07-02 01:45:56.709 28196 RALLYDEBUG rally_openstack.wrappers.network [-] CIDR generated: 1.1.6.28/30
2019-07-02 01:45:56.820 28204 RALLYDEBUG rally_openstack.wrappers.network [-] CIDR generated: 1.1.6.32/30
2019-07-02 01:45:57.142 28197 RALLYDEBUG rally_openstack.wrappers.network [-] CIDR generated: 1.1.6.36/30
2019-07-02 01:45:57.317 28227 RALLYDEBUG rally_openstack.wrappers.network [-] CIDR generated: 1.1.6.40/30
2019-07-02 01:45:57.565 28195 RALLYDEBUG rally_openstack.wrappers.network [-] CIDR generated: 1.1.6.44/30
2019-07-02 01:45:57.588 28235 RALLYDEBUG rally_openstack.wrappers.network [-] CIDR generated: 1.1.6.48/30
2019-07-02 01:45:57.635 28230 RALLYDEBUG rally_openstack.wrappers.network [-] CIDR generated: 1.1.6.52/30
2019-07-02 01:45:58.261 28231 RALLYDEBUG rally_openstack.wrappers.network [-] CIDR generated: 1.1.6.56/30
2019-07-02 01:45:59.314 28222 RALLYDEBUG rally_openstack.wrappers.network [-] CIDR generated: 1.1.6.60/30
2019-07-02 01:46:06.975 28198 INFO rally.task.runner [-] Task 07d099a4-ccaa-4319-b5b2-772b9a7bd30a | ITER: 6 END: OK
2019-07-02 01:46:06.980 28198 INFO rally.task.runner [-] Task 07d099a4-ccaa-4319-b5b2-772b9a7bd30a | ITER: 21 START
2019-07-02 01:46:07.143 28197 INFO rally.task.runner [-] Task 07d099a4-ccaa-4319-b5b2-772b9a7bd30a | ITER: 7 END: OK
2019-07-02 01:46:07.147 28197 INFO rally.task.runner [-] Task 07d099a4-ccaa-4319-b5b2-772b9a7bd30a | ITER: 22 START
2019-07-02 01:46:07.832 28197 RALLYDEBUG rally_openstack.wrappers.network [-] CIDR generated: 1.1.6.64/30
2019-07-02 01:46:08.035 28198 RALLYDEBUG rally_openstack.wrappers.network [-] CIDR generated: 1.1.6.68/30
2019-07-02 01:46:08.069 28212 INFO rally.task.runner [-] Task 07d099a4-ccaa-4319-b5b2-772b9a7bd30a | ITER: 12 END: OK
2019-07-02 01:46:08.074 28212 INFO rally.task.runner [-] Task 07d099a4-ccaa-4319-b5b2-772b9a7bd30a | ITER: 23 START
2019-07-02 01:46:08.233 28196 INFO rally.task.runner [-] Task 07d099a4-ccaa-4319-b5b2-772b9a7bd30a | ITER: 5 END: OK
2019-07-02 01:46:08.238 28196 INFO rally.task.runner [-] Task 07d099a4-ccaa-4319-b5b2-772b9a7bd30a | ITER: 24 START
