2019-07-02 01:54:07.078 25731 RALLYDEBUG rally_openstack.cleanup.manager [-] Deleting neutron.port object s_rally_17668980_lgj1XoE0 (4b37f723-8f2c-47d5-afac-3e57738c9319)
2019-07-02 01:54:07.191 25731 RALLYDEBUG rally_openstack.cleanup.manager [-] Deleting neutron.port object s_rally_17668980_V3qt8PHJ (4ce2848c-058a-4b3b-9120-f79cc4b92b65)
2019-07-02 01:54:07.376 25731 RALLYDEBUG rally_openstack.cleanup.manager [-] Deleting neutron.port object s_rally_17668980_2CxU58re (4ee95f71-ebe8-45a0-aff9-c5150bc7aec8)
2019-07-02 01:54:07.398 25731 RALLYDEBUG rally_openstack.cleanup.manager [-] Deleting neutron.port object s_rally_17668980_EH8caMbV (505e1a34-a0c4-4385-8e52-f0b28095c1a1)
2019-07-02 01:54:07.470 25731 RALLYDEBUG rally_openstack.cleanup.manager [-] Deleting neutron.port object s_rally_17668980_kCf5AwuW (5072a5a2-95b1-4bf0-bc7c-37f01e7b6f58)
2019-07-02 01:54:07.549 25731 RALLYDEBUG rally_openstack.cleanup.manager [-] Deleting neutron.port object s_rally_17668980_FAdpr8kn (51db3d9d-39dc-4c72-9df6-22bb32d8f2ef)
2019-07-02 01:54:07.768 25731 RALLYDEBUG rally_openstack.cleanup.manager [-] Deleting neutron.port object s_rally_17668980_iHzwUPze (525ebf68-a31a-4c4b-93b4-cc8f363674cf)
2019-07-02 01:54:07.771 25731 RALLYDEBUG rally_openstack.cleanup.manager [-] Deleting neutron.port object s_rally_17668980_dzfb2qu7 (52bbed27-6697-45ea-ae4b-235bfb006bd2)
2019-07-02 01:54:07.795 25731 RALLYDEBUG rally_openstack.cleanup.manager [-] Deleting neutron.port object s_rally_17668980_fUkbDfd4 (541b6249-bd6f-4670-adf8-4c807f0c7532)
2019-07-02 01:54:07.975 25731 RALLYDEBUG rally_openstack.cleanup.manager [-] Deleting neutron.port object s_rally_17668980_cTj9fOsR (550557e1-53df-428e-9894-9c969fe56881)
2019-07-02 01:54:08.009 25731 RALLYDEBUG rally_openstack.cleanup.manager [-] Deleting neutron.port object s_rally_17668980_OoYJRiya (555e05aa-ec9b-4ece-95a5-b9179fabcd21)
2019-07-02 01:54:08.203 25731 RALLYDEBUG rally_openstack.cleanup.manager [-] Deleting neutron.port object s_rally_17668980_IfaTPOOd (566d166a-c58a-4e5d-854c-ad2848fd0711)
2019-07-02 01:54:08.293 25731 RALLYDEBUG rally_openstack.cleanup.manager [-] Deleting neutron.port object s_rally_17668980_OgQeHyCQ (573e4514-b6ce-4c6a-8112-9dd003c6bd1a)
2019-07-02 01:54:08.427 25731 RALLYDEBUG rally_openstack.cleanup.manager [-] Deleting neutron.port object s_rally_17668980_73K8mrrr (5ae94366-0676-45de-bc63-cef148cb7cad)
2019-07-02 01:54:08.530 25731 RALLYDEBUG rally_openstack.cleanup.manager [-] Deleting neutron.port object s_rally_17668980_wwfpGfeO (5bf96ed2-15d6-4a75-89cd-bc3b8d4e4dd9)
2019-07-02 01:54:08.671 25731 RALLYDEBUG rally_openstack.cleanup.manager [-] Deleting neutron.port object s_rally_17668980_1WuTMmkj (5d293185-15a7-474b-84e5-8db82fc3f28d)
2019-07-02 01:54:08.777 25731 RALLYDEBUG rally_openstack.cleanup.manager [-] Deleting neutron.port object s_rally_17668980_ScPn8wYf (5e14be70-2720-4bf6-ae50-83c555ca7eac)
2019-07-02 01:54:08.998 25731 RALLYDEBUG rally_openstack.cleanup.manager [-] Deleting neutron.port object s_rally_17668980_ps8Pdi5K (5fa500d2-644c-48d5-8c69-5297a07071a9)
2019-07-02 01:54:09.049 25731 RALLYDEBUG rally_openstack.cleanup.manager [-] Deleting neutron.port object s_rally_17668980_j1Pngaxf (60dbd285-2e37-4ab9-b855-3708ea1d1212)
2019-07-02 01:54:09.229 25731 RALLYDEBUG rally_openstack.cleanup.manager [-] Deleting neutron.port object s_rally_17668980_brEaBI4i (614fc738-7b84-4712-9a58-2f0ca64170cd)
2019-07-02 01:54:09.319 25731 RALLYDEBUG rally_openstack.cleanup.manager [-] Deleting neutron.port object s_rally_17668980_lQTjs9P9 (62b01c0d-6fa6-4d4b-80b5-8287454dec3d)
2019-07-02 01:54:09.406 25731 RALLYDEBUG rally_openstack.cleanup.manager [-] Deleting neutron.port object s_rally_17668980_VwP3AjXV (652dafd6-2308-4dee-b611-d5d007c7ff26)
2019-07-02 01:54:09.613 25731 RALLYDEBUG rally_openstack.cleanup.manager [-] Deleting neutron.port object s_rally_17668980_WCoRWNzi (6589fd58-4e29-44f0-90bc-fa8daa0f2f40)
2019-07-02 01:54:09.835 25731 RALLYDEBUG rally_openstack.cleanup.manager [-] Deleting neutron.port object s_rally_17668980_e7XsVPHq (659970e1-73ad-4a55-aff2-88f24952a240)
2019-07-02 01:54:09.911 25731 RALLYDEBUG rally_openstack.cleanup.manager [-] Deleting neutron.port object s_rally_17668980_KdgZvEji (66e319e7-5f87-4037-bad6-ff5834773bf8)
2019-07-02 01:54:10.077 25731 RALLYDEBUG rally_openstack.cleanup.manager [-] Deleting neutron.port object s_rally_17668980_GZGrY5v4 (67c6f9fa-61d9-4bdd-96cd-18200c0b8def)
2019-07-02 01:54:10.127 25731 RALLYDEBUG rally_openstack.cleanup.manager [-] Deleting neutron.port object s_rally_17668980_RqosfTL5 (6a527f3a-e081-4474-9d79-17cd3812bba8)
2019-07-02 01:54:10.243 25731 RALLYDEBUG rally_openstack.cleanup.manager [-] Deleting neutron.port object s_rally_17668980_mCxCTLqe (6c68a959-db8d-430a-ae75-66344c90f6ba)
2019-07-02 01:54:10.275 25731 RALLYDEBUG rally_openstack.cleanup.manager [-] Deleting neutron.port object s_rally_17668980_lTNYyAil (6cd14bf2-8f84-40c6-a954-ee8b48bc7374)
2019-07-02 01:54:10.412 25731 RALLYDEBUG rally_openstack.cleanup.manager [-] Deleting neutron.port object s_rally_17668980_uMuAYWhY (6dd07ea8-ec36-4337-8f8e-ae8d3c108c61)
2019-07-02 01:54:10.439 25731 RALLYDEBUG rally_openstack.cleanup.manager [-] Deleting neutron.port object s_rally_17668980_NBuOy9g1 (6e71517c-0e9b-49ce-bb8f-0be9c2563aca)
2019-07-02 01:54:10.461 25731 RALLYDEBUG rally_openstack.cleanup.manager [-] Deleting neutron.port object s_rally_17668980_Og3AfH26 (743f8fcc-5584-4f44-ba29-9d7dfb088918)
2019-07-02 01:54:10.583 25731 RALLYDEBUG rally_openstack.cleanup.manager [-] Deleting neutron.port object s_rally_17668980_QgHaTrDI (748c961f-30ba-4719-8388-913e0055ee08)
2019-07-02 01:54:10.730 25731 RALLYDEBUG rally_openstack.cleanup.manager [-] Deleting neutron.port object s_rally_17668980_Avr0jAmy (78298182-366b-4c9f-9939-849e74b0137b)
2019-07-02 01:54:10.865 25731 RALLYDEBUG rally_openstack.cleanup.manager [-] Deleting neutron.port object s_rally_17668980_dLK6yTi5 (79e27258-c753-4e90-bb99-2d9fd9417376)
2019-07-02 01:54:11.025 25731 RALLYDEBUG rally_openstack.cleanup.manager [-] Deleting neutron.port object s_rally_17668980_pyMUhUSI (7aa078c2-9880-4bae-b3dd-8db5a1b903ef)
2019-07-02 01:54:11.055 25731 RALLYDEBUG rally_openstack.cleanup.manager [-] Deleting neutron.port object s_rally_17668980_Ks8GdBgy (7ae4a53d-9794-418e-9462-ccc3803a4558)
2019-07-02 01:54:11.087 25731 RALLYDEBUG rally_openstack.cleanup.manager [-] Deleting neutron.port object s_rally_17668980_QFTP7gie (7b1a36ba-087d-4d9c-8ea3-44e7dc1f5030)
2019-07-02 01:54:11.414 25731 RALLYDEBUG rally_openstack.cleanup.manager [-] Deleting neutron.port object s_rally_17668980_szp5gR6y (7c3924b7-418b-4848-b915-ebf1447699aa)
2019-07-02 01:54:11.438 25731 RALLYDEBUG rally_openstack.cleanup.manager [-] Deleting neutron.port object s_rally_17668980_UGCPskJ3 (7df0e15c-09cb-4431-88c8-c073fe32f417)
2019-07-02 01:54:11.563 25731 RALLYDEBUG rally_openstack.cleanup.manager [-] Deleting neutron.port object s_rally_17668980_89s85YuM (7eeab0fe-1ad0-4ae2-8a1a-a24b8248fe4c)
2019-07-02 01:54:11.672 25731 RALLYDEBUG rally_openstack.cleanup.manager [-] Deleting neutron.port object s_rally_17668980_wJ4Ozbuq (7fc6b133-c3c7-4dfa-8015-f9ab81391411)
2019-07-02 01:54:11.755 25731 RALLYDEBUG rally_openstack.cleanup.manager [-] Deleting neutron.port object s_rally_17668980_Y2B3727r (8313f3df-55a1-4e50-a13c-03a5c6295973)
2019-07-02 01:54:11.967 25731 RALLYDEBUG rally_openstack.cleanup.manager [-] Deleting neutron.port object s_rally_17668980_zOnUoMuY (83e93910-6cac-4571-bde6-5c4c93ebad7d)
2019-07-02 01:54:11.982 25731 RALLYDEBUG rally_openstack.cleanup.manager [-] Deleting neutron.port object s_rally_17668980_BaGRIAbo (852d6f3d-ce2e-4e21-be82-6ece071453c6)
2019-07-02 01:54:12.010 25731 RALLYDEBUG rally_openstack.cleanup.manager [-] Deleting neutron.port object s_rally_17668980_wZCJw70y (87792a33-8044-4da1-a51f-31af8aa9a5c0)
2019-07-02 01:54:12.267 25731 RALLYDEBUG rally_openstack.cleanup.manager [-] Deleting neutron.port object s_rally_17668980_Plf681Mo (88d964cd-a89c-42af-bb73-c51f233eeb5d)
2019-07-02 01:54:12.470 25731 RALLYDEBUG rally_openstack.cleanup.manager [-] Deleting neutron.port object s_rally_17668980_83EGcCK8 (8d48253b-b337-43cd-b2e1-c529227537a5)
2019-07-02 01:54:12.486 25731 RALLYDEBUG rally_openstack.cleanup.manager [-] Deleting neutron.port object s_rally_17668980_AImnuPn6 (9055fcd6-7df9-44e6-a83c-7b7f999a3d79)
2019-07-02 01:54:12.581 25731 RALLYDEBUG rally_openstack.cleanup.manager [-] Deleting neutron.port object s_rally_17668980_SEPjni6e (9311069d-1664-40bc-b212-0d124305223e)
2019-07-02 01:54:12.623 25731 RALLYDEBUG rally_openstack.cleanup.manager [-] Deleting neutron.port object s_rally_17668980_mxoF3kK3 (9353412e-4c3a-4617-b578-de1f6072f185)
2019-07-02 01:54:12.788 25731 RALLYDEBUG rally_openstack.cleanup.manager [-] Deleting neutron.port object s_rally_17668980_Py9Z32FH (93d98ec7-3a64-42e9-b8f7-f11adb914fe7)
2019-07-02 01:54:12.843 25731 RALLYDEBUG rally_openstack.cleanup.manager [-] Deleting neutron.port object s_rally_17668980_XQxxvqk9 (93ffdce4-6f82-401a-9ba5-d8997e5c7f95)
2019-07-02 01:54:13.053 25731 RALLYDEBUG rally_openstack.cleanup.manager [-] Deleting neutron.port object s_rally_17668980_KzUYD6MF (95f5f118-2308-46d4-8357-ade0866c6764)
2019-07-02 01:54:13.055 25731 RALLYDEBUG rally_openstack.cleanup.manager [-] Deleting neutron.port object s_rally_17668980_1h21LLu1 (966ed631-51ea-4c61-8445-33f36a8a3a6f)
2019-07-02 01:54:13.269 25731 RALLYDEBUG rally_openstack.cleanup.manager [-] Deleting neutron.port object s_rally_17668980_U55Xy8I7 (970153d0-3ead-43b6-aad8-8038f93bd8e3)
2019-07-02 01:54:13.342 25731 RALLYDEBUG rally_openstack.cleanup.manager [-] Deleting neutron.port object s_rally_17668980_9TBQKHjB (99f1a900-d6d4-4434-a579-f50e9cd3bc4c)
2019-07-02 01:54:13.445 25731 RALLYDEBUG rally_openstack.cleanup.manager [-] Deleting neutron.port object s_rally_17668980_j3PiTti4 (9d212227-5f0e-40f4-94c8-21f0bd2bfb38)
2019-07-02 01:54:13.600 25731 RALLYDEBUG rally_openstack.cleanup.manager [-] Deleting neutron.port object s_rally_17668980_xqusbs4W (9d7627f7-c14c-4183-a353-21d5a1cfedea)
2019-07-02 01:54:13.625 25731 RALLYDEBUG rally_openstack.cleanup.manager [-] Deleting neutron.port object s_rally_17668980_FSkgoVL8 (9df54a91-caaa-421f-981b-1aa30560bcff)
2019-07-02 01:54:13.731 25731 RALLYDEBUG rally_openstack.cleanup.manager [-] Deleting neutron.port object s_rally_17668980_TnQvtZ5w (9e351c18-bf9e-432a-b9c6-1e97eaf7d123)
2019-07-02 01:54:13.811 25731 RALLYDEBUG rally_openstack.cleanup.manager [-] Deleting neutron.port object s_rally_17668980_VJYs4zd2 (9eee2354-4400-4be8-b763-dc6a9f3bc013)
2019-07-02 01:54:13.858 25731 RALLYDEBUG rally_openstack.cleanup.manager [-] Deleting neutron.port object s_rally_17668980_3HXOVjm9 (a26fdc06-e26a-4464-b78a-74e1b2843404)
2019-07-02 01:54:13.867 25731 RALLYDEBUG rally_openstack.cleanup.manager [-] Deleting neutron.port object s_rally_17668980_5OF2qIs1 (a331ab28-43e6-49a7-8a7b-fdd551996ab0)
2019-07-02 01:54:13.993 25731 RALLYDEBUG rally_openstack.cleanup.manager [-] Deleting neutron.port object s_rally_17668980_ywqrSY1d (a643927e-e446-4aae-b4a7-200756521a0f)
2019-07-02 01:54:13.995 25731 RALLYDEBUG rally_openstack.cleanup.manager [-] Deleting neutron.port object s_rally_17668980_xBSFSv69 (a649c0d8-d3bc-4c43-a321-18b5266a1cfe)
2019-07-02 01:54:14.215 25731 RALLYDEBUG rally_openstack.cleanup.manager [-] Deleting neutron.port object s_rally_17668980_LbVR7Mar (a7b6a6d5-1a40-4f1b-be95-da76e61177a5)
2019-07-02 01:54:14.255 25731 RALLYDEBUG rally_openstack.cleanup.manager [-] Deleting neutron.port object s_rally_17668980_Ulus6G7k (a9fd76b6-0656-49b6-a63f-595c038d4439)
2019-07-02 01:54:14.343 25731 RALLYDEBUG rally_openstack.cleanup.manager [-] Deleting neutron.port object s_rally_17668980_IalS2JVa (ad2e78b3-01dc-470f-a1c5-340666ed3f67)
2019-07-02 01:54:14.469 25731 RALLYDEBUG rally_openstack.cleanup.manager [-] Deleting neutron.port object s_rally_17668980_IRYeeu4y (ad690242-53a8-4eca-895e-a57df9bcaa1e)
2019-07-02 01:54:14.628 25731 RALLYDEBUG rally_openstack.cleanup.manager [-] Deleting neutron.port object s_rally_17668980_0eOKowqP (adf659a1-b055-447d-bf73-a26db68368ff)
2019-07-02 01:54:14.759 25731 RALLYDEBUG rally_openstack.cleanup.manager [-] Deleting neutron.port object s_rally_17668980_GondPVVi (af52366c-d5de-49bc-b5df-c96c32813bd6)
2019-07-02 01:54:14.819 25731 RALLYDEBUG rally_openstack.cleanup.manager [-] Deleting neutron.port object s_rally_17668980_0ZiLubfW (af9c1677-dd0b-4d98-b9bd-7215ac5f00da)
2019-07-02 01:54:15.149 25731 RALLYDEBUG rally_openstack.cleanup.manager [-] Deleting neutron.port object s_rally_17668980_FvulBjd2 (b014f56e-5e5f-4ce3-8775-392232b40eb3)
2019-07-02 01:54:15.221 25731 RALLYDEBUG rally_openstack.cleanup.manager [-] Deleting neutron.port object s_rally_17668980_KgZYGFym (b2fbdb8a-7f5e-4d3f-9d11-071acb801f4c)
2019-07-02 01:54:15.243 25731 RALLYDEBUG rally_openstack.cleanup.manager [-] Deleting neutron.port object s_rally_17668980_eh9AUWGy (b36a30ba-ce90-471e-8195-08de278763ce)
2019-07-02 01:54:15.313 25731 RALLYDEBUG rally_openstack.cleanup.manager [-] Deleting neutron.port object s_rally_17668980_EHF9B1FZ (b57c330f-43e0-4659-ac8b-b358cc35e672)
2019-07-02 01:54:15.389 25731 RALLYDEBUG rally_openstack.cleanup.manager [-] Deleting neutron.port object s_rally_17668980_UCpHzqb3 (b60f1d03-5efc-49a3-bd29-f161893c2efe)
2019-07-02 01:54:15.496 25731 RALLYDEBUG rally_openstack.cleanup.manager [-] Deleting neutron.port object s_rally_17668980_mZSxIf4n (b72408bb-c463-4b6c-bf8e-2c096daf6bd1)
2019-07-02 01:54:15.753 25731 RALLYDEBUG rally_openstack.cleanup.manager [-] Deleting neutron.port object s_rally_17668980_BMn9tN4e (b73f1d81-5748-46ab-9bda-5adb061b8983)
2019-07-02 01:54:15.900 25731 RALLYDEBUG rally_openstack.cleanup.manager [-] Deleting neutron.port object s_rally_17668980_DI8SZaHW (ba9281d4-2cb4-40e6-9171-f04efeaa4505)
2019-07-02 01:54:15.918 25731 RALLYDEBUG rally_openstack.cleanup.manager [-] Deleting neutron.port object s_rally_17668980_gikNi5J0 (bb0477a9-3020-493a-aba2-a8470455e7d4)
2019-07-02 01:54:16.026 25731 RALLYDEBUG rally_openstack.cleanup.manager [-] Deleting neutron.port object s_rally_17668980_wJtkkTWe (bb797fdb-6c86-4e94-b051-a0a82f0e6a80)
2019-07-02 01:54:16.037 25731 RALLYDEBUG rally_openstack.cleanup.manager [-] Deleting neutron.port object s_rally_17668980_jD225PHT (bcb798ed-07d0-41d5-ae60-b58862260db2)
2019-07-02 01:54:16.066 25731 RALLYDEBUG rally_openstack.cleanup.manager [-] Deleting neutron.port object s_rally_17668980_Dq8eAv18 (bd171ae0-46f9-4cb5-b0e4-0f9226bdf4d2)
2019-07-02 01:54:16.187 25731 RALLYDEBUG rally_openstack.cleanup.manager [-] Deleting neutron.port object s_rally_17668980_UHNGrPbR (bd5aea9d-30a6-4667-82fc-74a7164e626f)
2019-07-02 01:54:16.260 25731 RALLYDEBUG rally_openstack.cleanup.manager [-] Deleting neutron.port object s_rally_17668980_lEOvieNe (c148a05c-ef81-4cb2-aacb-2bb5056205b8)
2019-07-02 01:54:16.425 25731 RALLYDEBUG rally_openstack.cleanup.manager [-] Deleting neutron.port object s_rally_17668980_bS6vLOF4 (c229b6e7-70a4-4247-8761-728156b68712)
2019-07-02 01:54:16.586 25731 RALLYDEBUG rally_openstack.cleanup.manager [-] Deleting neutron.port object s_rally_17668980_9TXyY2NK (c2ab4b4d-df94-479a-955b-db66c2f26df6)
2019-07-02 01:54:16.722 25731 RALLYDEBUG rally_openstack.cleanup.manager [-] Deleting neutron.port object s_rally_17668980_Ghc07C4P (c35a759d-623b-476f-9813-fe0a076f1fbf)
2019-07-02 01:54:16.850 25731 RALLYDEBUG rally_openstack.cleanup.manager [-] Deleting neutron.port object s_rally_17668980_cZBWaZAm (c4fe2515-55d7-40d7-89c3-a6661f9520f6)
2019-07-02 01:54:16.904 25731 RALLYDEBUG rally_openstack.cleanup.manager [-] Deleting neutron.port object s_rally_17668980_cVErC1Lt (c65f8df5-843f-4f63-8dfb-82f0c8236339)
2019-07-02 01:54:16.995 25731 RALLYDEBUG rally_openstack.cleanup.manager [-] Deleting neutron.port object s_rally_17668980_XsV0ornL (cbc1d570-4ce7-431c-a5cc-5700186c2d0b)
2019-07-02 01:54:17.169 25731 RALLYDEBUG rally_openstack.cleanup.manager [-] Deleting neutron.port object s_rally_17668980_6cciCzpW (d2bd0616-d0a9-4bc2-bac7-8975aa789d75)
2019-07-02 01:54:17.386 25731 RALLYDEBUG rally_openstack.cleanup.manager [-] Deleting neutron.port object s_rally_17668980_Xnwb7Vzj (d40fe5eb-ad6e-4298-a5a2-64378b448ac6)
2019-07-02 01:54:17.424 25731 RALLYDEBUG rally_openstack.cleanup.manager [-] Deleting neutron.port object s_rally_17668980_O5M2y94x (d417a4f3-0baa-4e67-a998-99b5ce0b54c7)
2019-07-02 01:54:17.534 25731 RALLYDEBUG rally_openstack.cleanup.manager [-] Deleting neutron.port object s_rally_17668980_uzHxdlY4 (d5036e35-a49c-47c1-aa3f-1b9678dc6bfb)
2019-07-02 01:54:17.534 25731 RALLYDEBUG rally_openstack.cleanup.manager [-] Deleting neutron.port object s_rally_17668980_QFfiZr0S (d5daa1d6-a120-4dce-8c39-7f4a4d20dfa3)
2019-07-02 01:54:17.711 25731 RALLYDEBUG rally_openstack.cleanup.manager [-] Deleting neutron.port object s_rally_17668980_NNdTQ9ZA (d8b09ead-29a8-4bfc-882b-5b8fb4955f32)
2019-07-02 01:54:17.806 25731 RALLYDEBUG rally_openstack.cleanup.manager [-] Deleting neutron.port object s_rally_17668980_LqTmWaZD (d8d4dcd6-8b12-47a0-ad34-fc32feeed98c)
2019-07-02 01:54:17.976 25731 RALLYDEBUG rally_openstack.cleanup.manager [-] Deleting neutron.port object s_rally_17668980_v8GQVLwi (d93c4e68-3a16-4084-8682-221d18261d07)
2019-07-02 01:54:18.039 25731 RALLYDEBUG rally_openstack.cleanup.manager [-] Deleting neutron.port object s_rally_17668980_8HpDcWo1 (d9e17f07-6d72-4681-931e-6fb225a26f26)
2019-07-02 01:54:18.056 25731 RALLYDEBUG rally_openstack.cleanup.manager [-] Deleting neutron.port object s_rally_17668980_AcPFauXd (dd962374-c50d-46b5-9851-cdb38b9ec0fb)
2019-07-02 01:54:18.083 25731 RALLYDEBUG rally_openstack.cleanup.manager [-] Deleting neutron.port object s_rally_17668980_pfy78Z0f (ddba0063-e1f8-4dd4-8104-a2098a49902c)
2019-07-02 01:54:18.384 25731 RALLYDEBUG rally_openstack.cleanup.manager [-] Deleting neutron.port object s_rally_17668980_M3iuM89l (ddc36fce-76fc-443b-959b-38073ca30503)
2019-07-02 01:54:18.395 25731 RALLYDEBUG rally_openstack.cleanup.manager [-] Deleting neutron.port object s_rally_17668980_CrmW7GVl (def98cba-a032-4c85-801e-e9c014bed780)
2019-07-02 01:54:18.405 25731 RALLYDEBUG rally_openstack.cleanup.manager [-] Deleting neutron.port object s_rally_17668980_MOQrdX3q (df198a71-ee94-4108-81d0-cb3117ec9b15)
2019-07-02 01:54:18.440 25731 RALLYDEBUG rally_openstack.cleanup.manager [-] Deleting neutron.port object s_rally_17668980_0tdRb7Gy (df7a8749-3894-4ab8-92e3-2c7ff77f2be9)
2019-07-02 01:54:18.634 25731 RALLYDEBUG rally_openstack.cleanup.manager [-] Deleting neutron.port object s_rally_17668980_poSwonfS (e05a5920-20c1-4a98-87b0-6c198c479d65)
2019-07-02 01:54:18.829 25731 RALLYDEBUG rally_openstack.cleanup.manager [-] Deleting neutron.port object s_rally_17668980_TrjK78TH (e0db2952-ed75-4c33-acae-5254035253d9)
2019-07-02 01:54:18.829 25731 RALLYDEBUG rally_openstack.cleanup.manager [-] Deleting neutron.port object s_rally_17668980_Smhhcl40 (e15a3575-08af-49c9-bf30-0561d621761d)
2019-07-02 01:54:18.875 25731 RALLYDEBUG rally_openstack.cleanup.manager [-] Deleting neutron.port object s_rally_17668980_mo5k5Kje (e319ebda-fcbd-48b9-8ab1-c54fbcaab953)
2019-07-02 01:54:18.919 25731 RALLYDEBUG rally_openstack.cleanup.manager [-] Deleting neutron.port object s_rally_17668980_8PcZyuZA (e31bc39d-df27-4b78-943a-33b2ea05b7f1)
2019-07-02 01:54:19.039 25731 RALLYDEBUG rally_openstack.cleanup.manager [-] Deleting neutron.port object s_rally_17668980_vryuwDn7 (e345929b-5405-4c82-81b4-42d60c173391)
2019-07-02 01:54:19.236 25731 RALLYDEBUG rally_openstack.cleanup.manager [-] Deleting neutron.port object s_rally_17668980_VH4BRXoN (e405c36b-f305-42f5-b468-93957fb1d7da)
2019-07-02 01:54:19.251 25731 RALLYDEBUG rally_openstack.cleanup.manager [-] Deleting neutron.port object s_rally_17668980_FbiEqDzL (e457ea26-dbf5-43bb-b72f-bcdd3cb654c2)
2019-07-02 01:54:19.373 25731 RALLYDEBUG rally_openstack.cleanup.manager [-] Deleting neutron.port object s_rally_17668980_dNsguZkj (e4a83127-a00d-4e39-9cc5-c976805eaf72)
2019-07-02 01:54:19.496 25731 RALLYDEBUG rally_openstack.cleanup.manager [-] Deleting neutron.port object s_rally_17668980_jvsJIEVu (e600f27e-de05-4005-89d4-94cde75bff84)
2019-07-02 01:54:19.759 25731 RALLYDEBUG rally_openstack.cleanup.manager [-] Deleting neutron.port object s_rally_17668980_KLuQBd9D (e82173c2-b2ac-4893-a407-954f8cf8024d)
2019-07-02 01:54:19.886 25731 RALLYDEBUG rally_openstack.cleanup.manager [-] Deleting neutron.port object s_rally_17668980_Or0fkP3k (e8881306-1dcc-4a13-8394-a985bf897cb2)
2019-07-02 01:54:19.894 25731 RALLYDEBUG rally_openstack.cleanup.manager [-] Deleting neutron.port object s_rally_17668980_uLqZq3Ot (e9aeeac5-e2dc-4355-b0c5-7bdc44c461a4)
2019-07-02 01:54:19.905 25731 RALLYDEBUG rally_openstack.cleanup.manager [-] Deleting neutron.port object s_rally_17668980_Ry5rs2hd (e9ce0802-f467-4ddf-b2eb-c2d2f2350c44)
2019-07-02 01:54:20.125 25731 RALLYDEBUG rally_openstack.cleanup.manager [-] Deleting neutron.port object s_rally_17668980_0fiuByJQ (eb1f1f4a-5325-41a9-afb3-0db80f7e5cf2)
2019-07-02 01:54:20.140 25731 RALLYDEBUG rally_openstack.cleanup.manager [-] Deleting neutron.port object s_rally_17668980_9WsOnd3T (eb57d6aa-ef9d-4cc4-98e7-66cb97fb3b3e)
2019-07-02 01:54:20.237 25731 RALLYDEBUG rally_openstack.cleanup.manager [-] Deleting neutron.port object s_rally_17668980_1W6yEuXO (edb47ae0-dfee-4b59-a50a-6012c56c0333)
2019-07-02 01:54:20.317 25731 RALLYDEBUG rally_openstack.cleanup.manager [-] Deleting neutron.port object s_rally_17668980_dzO195y1 (ee4fa5b2-0417-4585-9028-6882487a2223)
2019-07-02 01:54:20.360 25731 RALLYDEBUG rally_openstack.cleanup.manager [-] Deleting neutron.port object s_rally_17668980_Wj7G8bom (ef31cd24-46e3-4097-a8f0-10c4a72fe209)
2019-07-02 01:54:20.565 25731 RALLYDEBUG rally_openstack.cleanup.manager [-] Deleting neutron.port object s_rally_17668980_64M6sOYB (f04c04b9-e5e5-4d5d-ae19-8e0c4e76386b)
2019-07-02 01:54:20.872 25731 RALLYDEBUG rally_openstack.cleanup.manager [-] Deleting neutron.port object s_rally_17668980_7eUhLgSd (f18c4181-4195-4367-8eaa-9038f56d3028)
2019-07-02 01:54:20.896 25731 RALLYDEBUG rally_openstack.cleanup.manager [-] Deleting neutron.port object s_rally_17668980_2ysVEZWK (f483d3d7-33fd-4a73-ac7f-ec9c82f76e1a)
2019-07-02 01:54:20.926 25731 RALLYDEBUG rally_openstack.cleanup.manager [-] Deleting neutron.port object s_rally_17668980_nVTtMc3A (f5f097fc-98ae-4632-8530-b3d022fb82bd)
2019-07-02 01:54:21.063 25731 RALLYDEBUG rally_openstack.cleanup.manager [-] Deleting neutron.port object s_rally_17668980_Zgk4YjvN (f622eac5-6005-45f2-8428-5d2e6635245e)
2019-07-02 01:54:21.178 25731 RALLYDEBUG rally_openstack.cleanup.manager [-] Deleting neutron.port object s_rally_17668980_uDpXaqQ5 (f99aa4cb-b148-482e-90d6-3d3fdead08bd)
2019-07-02 01:54:23.053 25731 RALLYDEBUG rally_openstack.cleanup.manager [-] Cleaning up neutron subnet objects
2019-07-02 01:54:23.501 25731 RALLYDEBUG rally_openstack.cleanup.manager [-] Cleaning up neutron network objects
2019-07-02 01:54:24.079 25731 RALLYDEBUG rally_openstack.cleanup.manager [-] Deleting neutron.network object s_rally_17668980_qyVogN5f (07f9cd29-ce47-463c-86d9-0b37e0010c9c)
2019-07-02 01:54:24.092 25731 RALLYDEBUG rally_openstack.cleanup.manager [-] Deleting neutron.network object s_rally_17668980_O0F6sffU (11a81e97-b9cf-4460-a821-f9d2a98eae12)
2019-07-02 01:54:24.101 25731 RALLYDEBUG rally_openstack.cleanup.manager [-] Deleting neutron.network object s_rally_17668980_l2Np816Y (1c04e40e-24ad-44ee-9c25-d432e8c055d8)
2019-07-02 01:54:24.103 25731 RALLYDEBUG rally_openstack.cleanup.manager [-] Deleting neutron.network object s_rally_17668980_AOubuI2c (3981774a-b769-4196-9181-ce7ae1a1d496)
2019-07-02 01:54:24.110 25731 RALLYDEBUG rally_openstack.cleanup.manager [-] Deleting neutron.network object s_rally_17668980_4wP27RVN (3d843d1d-130d-4d41-9273-fa4f8c63b23f)
2019-07-02 01:54:24.159 25731 RALLYDEBUG rally_openstack.cleanup.manager [-] Deleting neutron.network object s_rally_17668980_943X1KiB (4a109c36-d205-47c3-a17f-733d0186d2b9)
2019-07-02 01:54:24.165 25731 RALLYDEBUG rally_openstack.cleanup.manager [-] Deleting neutron.network object s_rally_17668980_QQDAFLAA (3f17c920-deb9-4bb3-950e-8b2c307ce665)
2019-07-02 01:54:24.190 25731 RALLYDEBUG rally_openstack.cleanup.manager [-] Deleting neutron.network object s_rally_17668980_zZRyw5LV (40986844-5e41-47d0-86ab-cefdb9cd61da)
2019-07-02 01:54:24.200 25731 RALLYDEBUG rally_openstack.cleanup.manager [-] Deleting neutron.network object s_rally_17668980_B9WVTnsI (4ea90c26-634f-48c3-987f-3ae4afa1ce8f)
2019-07-02 01:54:24.217 25731 RALLYDEBUG rally_openstack.cleanup.manager [-] Deleting neutron.network object s_rally_17668980_phiQ54QK (5c1c0085-ea7d-4c7b-8a4f-a7a45ac9e245)
2019-07-02 01:54:24.252 25731 RALLYDEBUG rally_openstack.cleanup.manager [-] Deleting neutron.network object s_rally_17668980_augr7K0C (65c86a70-a917-47d9-ab38-938274423772)
2019-07-02 01:54:24.272 25731 RALLYDEBUG rally_openstack.cleanup.manager [-] Deleting neutron.network object s_rally_17668980_PvgdE1Tw (6432b44e-f001-4954-a8bd-a208f84b3a76)
2019-07-02 01:54:24.273 25731 RALLYDEBUG rally_openstack.cleanup.manager [-] Deleting neutron.network object s_rally_17668980_D4dGq80n (59240d6b-40a7-4207-90e4-d151643620b8)
2019-07-02 01:54:24.312 25731 RALLYDEBUG rally_openstack.cleanup.manager [-] Deleting neutron.network object s_rally_17668980_ICzLHB19 (6d82aea8-fdc1-4d05-bf92-30ced67a4894)
2019-07-02 01:54:24.316 25731 RALLYDEBUG rally_openstack.cleanup.manager [-] Deleting neutron.network object s_rally_17668980_sisK7uhT (6bf8bdf4-7b2f-4f5f-a6a4-155b0d5bade1)
2019-07-02 01:54:24.322 25731 RALLYDEBUG rally_openstack.cleanup.manager [-] Deleting neutron.network object s_rally_17668980_9iRyj2Ru (84fd87d1-d5d2-4970-8208-22a3ccfae5d1)
2019-07-02 01:54:24.326 25731 RALLYDEBUG rally_openstack.cleanup.manager [-] Deleting neutron.network object s_rally_17668980_h00bWUWj (752f9889-2e73-4683-8abb-8709d91d74c3)
2019-07-02 01:54:24.338 25731 RALLYDEBUG rally_openstack.cleanup.manager [-] Deleting neutron.network object s_rally_17668980_0Y4uRnhy (6f3f1c45-a5f0-4057-910e-c61b7715e88b)
2019-07-02 01:54:24.341 25731 RALLYDEBUG rally_openstack.cleanup.manager [-] Deleting neutron.network object s_rally_17668980_j2wvzrLo (74b3ddd5-32b9-41a2-ad8f-156ca45764d7)
2019-07-02 01:54:24.340 25731 RALLYDEBUG rally_openstack.cleanup.manager [-] Deleting neutron.network object s_rally_17668980_w4w83XIK (74c466fc-fe78-4e97-80d1-59bbe0672bd2)
2019-07-02 01:54:26.310 25731 RALLYDEBUG rally_openstack.cleanup.manager [-] Deleting neutron.network object s_rally_17668980_wxedlbtc (91c82ea8-7379-4679-8b43-b8ff3c2d61b5)
2019-07-02 01:54:26.814 25731 RALLYDEBUG rally_openstack.cleanup.manager [-] Deleting neutron.network object s_rally_17668980_aGwDmiH1 (985a2ddd-6047-4bda-b9d4-a175e8151aa3)
2019-07-02 01:54:26.831 25731 RALLYDEBUG rally_openstack.cleanup.manager [-] Deleting neutron.network object s_rally_17668980_QofdwUVs (b325f15e-23bf-4d41-b840-745e0c140c5d)
2019-07-02 01:54:26.832 25731 RALLYDEBUG rally_openstack.cleanup.manager [-] Deleting neutron.network object s_rally_17668980_s89EeOZp (a5bbe650-d954-4cb6-ba07-7febdd832221)
2019-07-02 01:54:26.832 25731 RALLYDEBUG rally_openstack.cleanup.manager [-] Deleting neutron.network object s_rally_17668980_coKVbvFv (b2b3f5d6-faf9-4a8f-82cc-27ad26e80ce5)
2019-07-02 01:54:26.908 25731 RALLYDEBUG rally_openstack.cleanup.manager [-] Deleting neutron.network object s_rally_17668980_hKy8XIlI (b972aca9-5d3d-4961-a46c-a549bbb2174c)
2019-07-02 01:54:26.946 25731 RALLYDEBUG rally_openstack.cleanup.manager [-] Deleting neutron.network object s_rally_17668980_wfptZ8eR (bcfdc7b8-0657-497d-b29d-25e8811f590c)
2019-07-02 01:54:27.060 25731 RALLYDEBUG rally_openstack.cleanup.manager [-] Deleting neutron.network object s_rally_17668980_JVdorHdu (c0de4a28-bedb-48de-ba31-6b4c1c4c7530)
2019-07-02 01:54:27.079 25731 RALLYDEBUG rally_openstack.cleanup.manager [-] Deleting neutron.network object s_rally_17668980_HZ8R0E3B (c26d19c5-bde9-47d4-8314-bb6d4ffcab7d)
2019-07-02 01:54:27.253 25731 RALLYDEBUG rally_openstack.cleanup.manager [-] Deleting neutron.network object s_rally_17668980_P5YNH6Se (c93b701f-35d5-4762-9c78-b456437b9104)
2019-07-02 01:54:27.272 25731 RALLYDEBUG rally_openstack.cleanup.manager [-] Deleting neutron.network object s_rally_17668980_vU4JXDiC (cb40dc64-44cd-48c4-a6df-768a3e648e2e)
2019-07-02 01:54:27.296 25731 RALLYDEBUG rally_openstack.cleanup.manager [-] Deleting neutron.network object s_rally_17668980_SYgIyh65 (cc312cea-44d1-438c-b306-274f23fb62ac)
2019-07-02 01:54:27.321 25731 RALLYDEBUG rally_openstack.cleanup.manager [-] Deleting neutron.network object s_rally_17668980_hvmDyXeZ (ce60a6c3-ae65-4f7c-8566-199ffb0055e9)
2019-07-02 01:54:27.330 25731 RALLYDEBUG rally_openstack.cleanup.manager [-] Deleting neutron.network object s_rally_17668980_qzTbpEvm (d68f6e61-b068-44b0-bcd1-d9bb5abcfced)
2019-07-02 01:54:27.363 25731 RALLYDEBUG rally_openstack.cleanup.manager [-] Deleting neutron.network object s_rally_17668980_S5mgVI8n (df500085-06c7-4566-a01c-989d8116aa68)
2019-07-02 01:54:27.461 25731 RALLYDEBUG rally_openstack.cleanup.manager [-] Deleting neutron.network object s_rally_17668980_IE0HSK2N (df6f316d-1a47-4f26-9f48-3d1b2b223f6a)
2019-07-02 01:54:27.561 25731 RALLYDEBUG rally_openstack.cleanup.manager [-] Deleting neutron.network object s_rally_17668980_XrD9MlYZ (f3d8e984-5e13-4d55-8e92-933706a7831d)
2019-07-02 01:54:27.563 25731 RALLYDEBUG rally_openstack.cleanup.manager [-] Deleting neutron.network object s_rally_17668980_2bIPFDlD (e2a52490-f84e-44de-8d8c-e4ed9005bd2d)
2019-07-02 01:54:27.563 25731 RALLYDEBUG rally_openstack.cleanup.manager [-] Deleting neutron.network object s_rally_17668980_lltzgk9B (f23c12ae-c5aa-4aeb-8746-bd687257aeca)
2019-07-02 01:54:27.574 25731 RALLYDEBUG rally_openstack.cleanup.manager [-] Deleting neutron.network object s_rally_17668980_5KHzJ0Bh (eb9be02a-1d2b-4259-a7e1-d101ea5634b4)
2019-07-02 01:54:30.632 25731 RALLYDEBUG rally_openstack.cleanup.manager [-] Cleaning up neutron router objects
2019-07-02 01:54:31.404 25731 RALLYDEBUG rally_openstack.cleanup.manager [-] Cleaning up neutron security_group objects
2019-07-02 01:54:31.865 25731 INFO rally.task.context [-] Task 07d099a4-ccaa-4319-b5b2-772b9a7bd30a | Context cleanup@openstack cleanup() finished in 34.35 sec
2019-07-02 01:54:31.866 25731 INFO rally.task.context [-] Task 07d099a4-ccaa-4319-b5b2-772b9a7bd30a | Context quotas@openstack cleanup() started
2019-07-02 01:54:31.960 25731 INFO rally.task.context [-] Task 07d099a4-ccaa-4319-b5b2-772b9a7bd30a | Context quotas@openstack cleanup() finished in 93.58 msec
2019-07-02 01:54:31.960 25731 INFO rally.task.context [-] Task 07d099a4-ccaa-4319-b5b2-772b9a7bd30a | Context users@openstack cleanup() started
2019-07-02 01:54:34.840 25731 INFO rally.task.context [-] Task 07d099a4-ccaa-4319-b5b2-772b9a7bd30a | Context users@openstack cleanup() finished in 2.88 sec
2019-07-02 01:54:35.723 25731 INFO rally.task.engine [-] Load duration is: 21.047367
2019-07-02 01:54:35.723 25731 INFO rally.task.engine [-] Full runner duration is: 21.100081
2019-07-02 01:54:35.724 25731 INFO rally.task.engine [-] Full duration is: 61.401754
2019-07-02 01:54:36.125 25731 INFO rally.task.engine [-] Running workload: position = 2 config = { "version": 2, "title": "A cropped version of a bigger task.", "description": "Auto-generated task from a single workload (uuid=c1095a70-c979-4b94-a85b-5e6ca61ba900)", "subtasks": [ { "title": "NeutronNetworks.create_and_delete_ports", "description": "Create and delete a port.", "scenario": { "NeutronNetworks.create_and_delete_ports": { "network_create_args": {}, "port_create_args": {}, "ports_per_network": 5 } }, "contexts": { "users": { "tenants": 1, "users_per_tenant": 1 }, "quotas": { "neutron": { "network": -1, "port": -1 } } }, "runner": { "constant": { "times": 40, "concurrency": 20 } }, "hooks": [], "sla": { "failure_rate": { "max": 0 } } } ] }
2019-07-02 01:54:36.152 25731 RALLYDEBUG rally_openstack.contexts.keystone.users [-] Creating 1 tenants using 20 threads
2019-07-02 01:54:37.142 25731 RALLYDEBUG rally_openstack.contexts.keystone.users [-] Creating 1 users using 20 threads
2019-07-02 01:54:38.632 25731 INFO rally.task.context [-] Task 07d099a4-ccaa-4319-b5b2-772b9a7bd30a | Context users@openstack setup() finished in 2.48 sec
2019-07-02 01:54:39.215 25731 INFO rally.task.context [-] Task 07d099a4-ccaa-4319-b5b2-772b9a7bd30a | Context quotas@openstack setup() finished in 0.58 sec
2019-07-02 01:54:39.216 25731 INFO rally.task.context [-] Task 07d099a4-ccaa-4319-b5b2-772b9a7bd30a | Context cleanup@openstack setup() finished in 0.00 msec
2019-07-02 01:54:39.224 25731 RALLYDEBUG rally.task.runner [-] Starting the constant runner (task UUID: 07d099a4-ccaa-4319-b5b2-772b9a7bd30a). timeout: 0 concurrency: 20 concurrency_per_worker: 1 times: 40 concurrency_overhead: 4 processes_to_start: 16 max_cpu_used: 16
2019-07-02 01:54:39.238 29977 RALLYDEBUG rally.task.runner [-] Starting a worker. concurrency: 2 args: {"network_create_args": {}, "port_create_args": {}, "ports_per_network": 5} times: 40 method_name: run timeout: 0 duration: None cls:
2019-07-02 01:54:39.241 29978 RALLYDEBUG rally.task.runner [-] Starting a worker. concurrency: 2 args: {"network_create_args": {}, "port_create_args": {}, "ports_per_network": 5} times: 40 method_name: run timeout: 0 duration: None cls:
2019-07-02 01:54:39.244 29979 RALLYDEBUG rally.task.runner [-] Starting a worker. concurrency: 2 args: {"network_create_args": {}, "port_create_args": {}, "ports_per_network": 5} times: 40 method_name: run timeout: 0 duration: None cls:
2019-07-02 01:54:39.248 29980 RALLYDEBUG rally.task.runner [-] Starting a worker. concurrency: 2 args: {"network_create_args": {}, "port_create_args": {}, "ports_per_network": 5} times: 40 method_name: run timeout: 0 duration: None cls:
2019-07-02 01:54:39.249 29977 INFO rally.task.runner [-] Task 07d099a4-ccaa-4319-b5b2-772b9a7bd30a | ITER: 1 START
2019-07-02 01:54:39.251 29978 INFO rally.task.runner [-] Task 07d099a4-ccaa-4319-b5b2-772b9a7bd30a | ITER: 2 START
2019-07-02 01:54:39.251 29981 RALLYDEBUG rally.task.runner [-] Starting a worker. concurrency: 1 args: {"network_create_args": {}, "port_create_args": {}, "ports_per_network": 5} times: 40 method_name: run timeout: 0 duration: None cls:
2019-07-02 01:54:39.251 29979 INFO rally.task.runner [-] Task 07d099a4-ccaa-4319-b5b2-772b9a7bd30a | ITER: 4 START
2019-07-02 01:54:39.250 29977 INFO rally.task.runner [-] Task 07d099a4-ccaa-4319-b5b2-772b9a7bd30a | ITER: 3 START
2019-07-02 01:54:39.253 29978 WARNING rally_openstack.scenarios.neutron.utils [-] Running this scenario without either the 'network' or 'existing_network' context is deprecated
2019-07-02 01:54:39.253 29977 WARNING rally_openstack.scenarios.neutron.utils [-] Running this scenario without either the 'network' or 'existing_network' context is deprecated
2019-07-02 01:54:39.254 29979 WARNING rally_openstack.scenarios.neutron.utils [-] Running this scenario without either the 'network' or 'existing_network' context is deprecated
2019-07-02 01:54:39.256 29978 INFO rally.task.runner [-] Task 07d099a4-ccaa-4319-b5b2-772b9a7bd30a | ITER: 5 START
2019-07-02 01:54:39.253 29977 WARNING rally_openstack.scenarios.neutron.utils [-] Running this scenario without either the 'network' or 'existing_network' context is deprecated
2019-07-02 01:54:39.258 29981 INFO rally.task.runner [-] Task 07d099a4-ccaa-4319-b5b2-772b9a7bd30a | ITER: 8 START
2019-07-02 01:54:39.257 29986 RALLYDEBUG rally.task.runner [-] Starting a worker. concurrency: 1 args: {"network_create_args": {}, "port_create_args": {}, "ports_per_network": 5} times: 40 method_name: run timeout: 0 duration: None cls:
2019-07-02 01:54:39.258 29991 RALLYDEBUG rally.task.runner [-] Starting a worker. concurrency: 1 args: {"network_create_args": {}, "port_create_args": {}, "ports_per_network": 5} times: 40 method_name: run timeout: 0 duration: None cls:
2019-07-02 01:54:39.259 29980 INFO rally.task.runner [-] Task 07d099a4-ccaa-4319-b5b2-772b9a7bd30a | ITER: 6 START
2019-07-02 01:54:39.260 29981 WARNING rally_openstack.scenarios.neutron.utils [-] Running this scenario without either the 'network' or 'existing_network' context is deprecated
2019-07-02 01:54:39.262 29994 RALLYDEBUG rally.task.runner [-] Starting a worker. concurrency: 1 args: {"network_create_args": {}, "port_create_args": {}, "ports_per_network": 5} times: 40 method_name: run timeout: 0 duration: None cls:
2019-07-02 01:54:39.262 29980 WARNING rally_openstack.scenarios.neutron.utils [-] Running this scenario without either the 'network' or 'existing_network' context is deprecated
2019-07-02 01:54:39.264 29991 INFO rally.task.runner [-] Task 07d099a4-ccaa-4319-b5b2-772b9a7bd30a | ITER: 11 START
2019-07-02 01:54:39.266 29991 WARNING rally_openstack.scenarios.neutron.utils [-] Running this scenario without either the 'network' or 'existing_network' context is deprecated
2019-07-02 01:54:39.266 29986 INFO rally.task.runner [-] Task 07d099a4-ccaa-4319-b5b2-772b9a7bd30a | ITER: 10 START
2019-07-02 01:54:39.263 29980 INFO rally.task.runner [-] Task 07d099a4-ccaa-4319-b5b2-772b9a7bd30a | ITER: 9 START
2019-07-02 01:54:39.267 29986 WARNING rally_openstack.scenarios.neutron.utils [-] Running this scenario without either the 'network' or 'existing_network' context is deprecated
2019-07-02 01:54:39.266 29997 RALLYDEBUG rally.task.runner [-] Starting a worker. concurrency: 1 args: {"network_create_args": {}, "port_create_args": {}, "ports_per_network": 5} times: 40 method_name: run timeout: 0 duration: None cls:
2019-07-02 01:54:39.267 29980 WARNING rally_openstack.scenarios.neutron.utils [-] Running this scenario without either the 'network' or 'existing_network' context is deprecated
2019-07-02 01:54:39.268 29994 INFO rally.task.runner [-] Task 07d099a4-ccaa-4319-b5b2-772b9a7bd30a | ITER: 12 START
2019-07-02 01:54:39.258 29978 WARNING rally_openstack.scenarios.neutron.utils [-] Running this scenario without either the 'network' or 'existing_network' context is deprecated
2019-07-02 01:54:39.270 29994 WARNING rally_openstack.scenarios.neutron.utils [-] Running this scenario without either the 'network' or 'existing_network' context is deprecated
2019-07-02 01:54:39.271 29999 RALLYDEBUG rally.task.runner [-] Starting a worker. concurrency: 1 args: {"network_create_args": {}, "port_create_args": {}, "ports_per_network": 5} times: 40 method_name: run timeout: 0 duration: None cls:
2019-07-02 01:54:39.273 29997 INFO rally.task.runner [-] Task 07d099a4-ccaa-4319-b5b2-772b9a7bd30a | ITER: 13 START
2019-07-02 01:54:39.275 29997 WARNING rally_openstack.scenarios.neutron.utils [-] Running this scenario without either the 'network' or 'existing_network' context is deprecated
2019-07-02 01:54:39.277 29979 INFO rally.task.runner [-] Task 07d099a4-ccaa-4319-b5b2-772b9a7bd30a | ITER: 7 START
2019-07-02 01:54:39.278 29979 WARNING rally_openstack.scenarios.neutron.utils [-] Running this scenario without either the 'network' or 'existing_network' context is deprecated
2019-07-02 01:54:39.278 30004 RALLYDEBUG rally.task.runner [-] Starting a worker. concurrency: 1 args: {"network_create_args": {}, "port_create_args": {}, "ports_per_network": 5} times: 40 method_name: run timeout: 0 duration: None cls:
2019-07-02 01:54:39.280 29999 INFO rally.task.runner [-] Task 07d099a4-ccaa-4319-b5b2-772b9a7bd30a | ITER: 14 START
2019-07-02 01:54:39.282 29999 WARNING rally_openstack.scenarios.neutron.utils [-] Running this scenario without either the 'network' or 'existing_network' context is deprecated
2019-07-02 01:54:39.282 30010 RALLYDEBUG rally.task.runner [-] Starting a worker. concurrency: 1 args: {"network_create_args": {}, "port_create_args": {}, "ports_per_network": 5} times: 40 method_name: run timeout: 0 duration: None cls:
2019-07-02 01:54:39.285 30004 INFO rally.task.runner [-] Task 07d099a4-ccaa-4319-b5b2-772b9a7bd30a | ITER: 15 START
2019-07-02 01:54:39.287 30004 WARNING rally_openstack.scenarios.neutron.utils [-] Running this scenario without either the 'network' or 'existing_network' context is deprecated
2019-07-02 01:54:39.290 30010 INFO rally.task.runner [-] Task 07d099a4-ccaa-4319-b5b2-772b9a7bd30a | ITER: 16 START
2019-07-02 01:54:39.293 30010 WARNING rally_openstack.scenarios.neutron.utils [-] Running this scenario without either the 'network' or 'existing_network' context is deprecated
2019-07-02 01:54:39.297 30018 RALLYDEBUG rally.task.runner [-] Starting a worker. concurrency: 1 args: {"network_create_args": {}, "port_create_args": {}, "ports_per_network": 5} times: 40 method_name: run timeout: 0 duration: None cls:
2019-07-02 01:54:39.297 30013 RALLYDEBUG rally.task.runner [-] Starting a worker. concurrency: 1 args: {"network_create_args": {}, "port_create_args": {}, "ports_per_network": 5} times: 40 method_name: run timeout: 0 duration: None cls:
2019-07-02 01:54:39.304 30018 INFO rally.task.runner [-] Task 07d099a4-ccaa-4319-b5b2-772b9a7bd30a | ITER: 17 START
2019-07-02 01:54:39.305 30018 WARNING rally_openstack.scenarios.neutron.utils [-] Running this scenario without either the 'network' or 'existing_network' context is deprecated
2019-07-02 01:54:39.307 30013 INFO rally.task.runner [-] Task 07d099a4-ccaa-4319-b5b2-772b9a7bd30a | ITER: 18 START
2019-07-02 01:54:39.309 30013 WARNING rally_openstack.scenarios.neutron.utils [-] Running this scenario without either the 'network' or 'existing_network' context is deprecated
2019-07-02 01:54:39.311 30022 RALLYDEBUG rally.task.runner [-] Starting a worker. concurrency: 1 args: {"network_create_args": {}, "port_create_args": {}, "ports_per_network": 5} times: 40 method_name: run timeout: 0 duration: None cls:
2019-07-02 01:54:39.316 30022 INFO rally.task.runner [-] Task 07d099a4-ccaa-4319-b5b2-772b9a7bd30a | ITER: 19 START
2019-07-02 01:54:39.317 30022 WARNING rally_openstack.scenarios.neutron.utils [-] Running this scenario without either the 'network' or 'existing_network' context is deprecated
2019-07-02 01:54:39.317 30024 RALLYDEBUG rally.task.runner [-] Starting a worker. concurrency: 1 args: {"network_create_args": {}, "port_create_args": {}, "ports_per_network": 5} times: 40 method_name: run timeout: 0 duration: None cls:
2019-07-02 01:54:39.322 30024 INFO rally.task.runner [-] Task 07d099a4-ccaa-4319-b5b2-772b9a7bd30a | ITER: 20 START
2019-07-02 01:54:39.323 30024 WARNING rally_openstack.scenarios.neutron.utils [-] Running this scenario without either the 'network' or 'existing_network' context is deprecated
2019-07-02 01:54:47.783 29978 INFO rally.task.runner [-] Task 07d099a4-ccaa-4319-b5b2-772b9a7bd30a | ITER: 5 END: OK
2019-07-02 01:54:47.787 29978 INFO rally.task.runner [-] Task 07d099a4-ccaa-4319-b5b2-772b9a7bd30a | ITER: 21 START
2019-07-02 01:54:47.788 29978 WARNING rally_openstack.scenarios.neutron.utils [-] Running this scenario without either the 'network' or 'existing_network' context is deprecated
2019-07-02 01:54:48.561 29979 INFO rally.task.runner [-] Task 07d099a4-ccaa-4319-b5b2-772b9a7bd30a | ITER: 4 END: OK
2019-07-02 01:54:48.566 29979 INFO rally.task.runner [-] Task 07d099a4-ccaa-4319-b5b2-772b9a7bd30a | ITER: 22 START
2019-07-02 01:54:48.567 29979 WARNING rally_openstack.scenarios.neutron.utils [-] Running this scenario without either the 'network' or 'existing_network' context is deprecated
2019-07-02 01:54:48.980 30010 INFO rally.task.runner [-] Task 07d099a4-ccaa-4319-b5b2-772b9a7bd30a | ITER: 16 END: OK
2019-07-02 01:54:48.985 30010 INFO rally.task.runner [-] Task 07d099a4-ccaa-4319-b5b2-772b9a7bd30a | ITER: 23 START
2019-07-02 01:54:48.986 30010 WARNING rally_openstack.scenarios.neutron.utils [-] Running this scenario without either the 'network' or 'existing_network' context is deprecated
2019-07-02 01:54:49.132 29997 INFO rally.task.runner [-] Task 07d099a4-ccaa-4319-b5b2-772b9a7bd30a | ITER: 13 END: OK
2019-07-02 01:54:49.132 29980 INFO rally.task.runner [-] Task 07d099a4-ccaa-4319-b5b2-772b9a7bd30a | ITER: 9 END: OK
2019-07-02 01:54:49.136 29997 INFO rally.task.runner [-] Task 07d099a4-ccaa-4319-b5b2-772b9a7bd30a | ITER: 24 START
2019-07-02 01:54:49.137 29997 WARNING rally_openstack.scenarios.neutron.utils [-] Running this scenario without either the 'network' or 'existing_network' context is deprecated
2019-07-02 01:54:49.137 29980 INFO rally.task.runner [-] Task 07d099a4-ccaa-4319-b5b2-772b9a7bd30a | ITER: 25 START
2019-07-02 01:54:49.138 29980 WARNING rally_openstack.scenarios.neutron.utils [-] Running this scenario without either the 'network' or 'existing_network' context is deprecated
2019-07-02 01:54:49.267 29977 INFO rally.task.runner [-] Task 07d099a4-ccaa-4319-b5b2-772b9a7bd30a | ITER: 1 END: OK
2019-07-02 01:54:49.272 29977 INFO rally.task.runner [-] Task 07d099a4-ccaa-4319-b5b2-772b9a7bd30a | ITER: 26 START
2019-07-02 01:54:49.273 29977 WARNING rally_openstack.scenarios.neutron.utils [-] Running this scenario without either the 'network' or 'existing_network' context is deprecated
2019-07-02 01:54:49.292 29980 INFO rally.task.runner [-] Task 07d099a4-ccaa-4319-b5b2-772b9a7bd30a | ITER: 6 END: OK
2019-07-02 01:54:49.297 29980 INFO rally.task.runner [-] Task 07d099a4-ccaa-4319-b5b2-772b9a7bd30a | ITER: 27 START
2019-07-02 01:54:49.298 29980 WARNING rally_openstack.scenarios.neutron.utils [-] Running this scenario without either the 'network' or 'existing_network' context is deprecated
2019-07-02 01:54:49.886 30022 INFO rally.task.runner [-] Task 07d099a4-ccaa-4319-b5b2-772b9a7bd30a | ITER: 19 END: OK
2019-07-02 01:54:49.890 30022 INFO rally.task.runner [-] Task 07d099a4-ccaa-4319-b5b2-772b9a7bd30a | ITER: 28 START
2019-07-02 01:54:49.891 30022 WARNING rally_openstack.scenarios.neutron.utils [-] Running this scenario without either the 'network' or 'existing_network' context is deprecated
2019-07-02 01:54:49.960 29979 INFO rally.task.runner [-] Task 07d099a4-ccaa-4319-b5b2-772b9a7bd30a | ITER: 7 END: OK
2019-07-02 01:54:49.965 29979 INFO rally.task.runner [-] Task 07d099a4-ccaa-4319-b5b2-772b9a7bd30a | ITER: 29 START
2019-07-02 01:54:49.966 29979 WARNING rally_openstack.scenarios.neutron.utils [-] Running this scenario without either the 'network' or 'existing_network' context is deprecated
2019-07-02 01:54:50.254 29991 INFO rally.task.runner [-] Task 07d099a4-ccaa-4319-b5b2-772b9a7bd30a | ITER: 11 END: OK
2019-07-02 01:54:50.258 29991 INFO rally.task.runner [-] Task 07d099a4-ccaa-4319-b5b2-772b9a7bd30a | ITER: 30 START
2019-07-02 01:54:50.259 29991 WARNING rally_openstack.scenarios.neutron.utils [-] Running this scenario without either the 'network' or 'existing_network' context is deprecated
2019-07-02 01:54:50.359 29981 INFO rally.task.runner [-] Task 07d099a4-ccaa-4319-b5b2-772b9a7bd30a | ITER: 8 END: OK
2019-07-02 01:54:50.363 29981 INFO rally.task.runner [-] Task 07d099a4-ccaa-4319-b5b2-772b9a7bd30a | ITER: 31 START
2019-07-02 01:54:50.364 29981 WARNING rally_openstack.scenarios.neutron.utils [-] Running this scenario without either the 'network' or 'existing_network' context is deprecated
2019-07-02 01:54:50.393 30013 INFO rally.task.runner [-] Task 07d099a4-ccaa-4319-b5b2-772b9a7bd30a | ITER: 18 END: OK
2019-07-02 01:54:50.397 30013 INFO rally.task.runner [-] Task 07d099a4-ccaa-4319-b5b2-772b9a7bd30a | ITER: 32 START
2019-07-02 01:54:50.397 30013 WARNING rally_openstack.scenarios.neutron.utils [-] Running this scenario without either the 'network' or 'existing_network' context is deprecated
2019-07-02 01:54:50.658 29994 INFO rally.task.runner [-] Task 07d099a4-ccaa-4319-b5b2-772b9a7bd30a | ITER: 12 END: OK
2019-07-02 01:54:50.662 29994 INFO rally.task.runner [-] Task 07d099a4-ccaa-4319-b5b2-772b9a7bd30a | ITER: 33 START
2019-07-02 01:54:50.663 29994 WARNING rally_openstack.scenarios.neutron.utils [-] Running this scenario without either the 'network' or 'existing_network' context is deprecated
2019-07-02 01:54:50.855 29978 INFO rally.task.runner [-] Task 07d099a4-ccaa-4319-b5b2-772b9a7bd30a | ITER: 2 END: OK
2019-07-02 01:54:50.859 29978 INFO rally.task.runner [-] Task 07d099a4-ccaa-4319-b5b2-772b9a7bd30a | ITER: 34 START
2019-07-02 01:54:50.860 29978 WARNING rally_openstack.scenarios.neutron.utils [-] Running this scenario without either the 'network' or 'existing_network' context is deprecated
2019-07-02 01:54:51.049 29999 INFO rally.task.runner [-] Task 07d099a4-ccaa-4319-b5b2-772b9a7bd30a | ITER: 14 END: OK
2019-07-02 01:54:51.054 29999 INFO rally.task.runner [-] Task 07d099a4-ccaa-4319-b5b2-772b9a7bd30a | ITER: 35 START
2019-07-02 01:54:51.055 29999 WARNING rally_openstack.scenarios.neutron.utils [-] Running this scenario without either the 'network' or 'existing_network' context is deprecated
2019-07-02 01:54:51.675 30018 INFO rally.task.runner [-] Task 07d099a4-ccaa-4319-b5b2-772b9a7bd30a | ITER: 17 END: OK
2019-07-02 01:54:51.680 30018 INFO rally.task.runner [-] Task 07d099a4-ccaa-4319-b5b2-772b9a7bd30a | ITER: 36 START
2019-07-02 01:54:51.681 30018 WARNING rally_openstack.scenarios.neutron.utils [-] Running this scenario without either the 'network' or 'existing_network' context is deprecated
2019-07-02 01:54:51.838 30024 INFO rally.task.runner [-] Task 07d099a4-ccaa-4319-b5b2-772b9a7bd30a | ITER: 20 END: OK
2019-07-02 01:54:51.842 30024 INFO rally.task.runner [-] Task 07d099a4-ccaa-4319-b5b2-772b9a7bd30a | ITER: 37 START
2019-07-02 01:54:51.843 30024 WARNING rally_openstack.scenarios.neutron.utils [-] Running this scenario without either the 'network' or 'existing_network' context is deprecated
2019-07-02 01:54:52.242 29977 INFO rally.task.runner [-] Task 07d099a4-ccaa-4319-b5b2-772b9a7bd30a | ITER: 3 END: OK
2019-07-02 01:54:52.246 29977 INFO rally.task.runner [-] Task 07d099a4-ccaa-4319-b5b2-772b9a7bd30a | ITER: 38 START
2019-07-02 01:54:52.247 29977 WARNING rally_openstack.scenarios.neutron.utils [-] Running this scenario without either the 'network' or 'existing_network' context is deprecated
