2019-07-01 23:38:27.866 8 RALLYDEBUG rally.api [-] INFO logs from urllib3 and requests module are hide.
2019-07-01 23:38:27.866 8 RALLYDEBUG rally.api [-] urllib3 insecure warnings are hidden.
2019-07-01 23:38:27.866 8 RALLYDEBUG rally.api [-] ERROR log from boto module is hide.
2019-07-01 23:38:29.478 8 ERROR rally.cli.cliutils [-] Unexpected exception in CLI: DBRecordNotFound: Record for uuid or name is opnfv-rally not found in table envs
2019-07-01 23:38:29.478 8 ERROR rally.cli.cliutils
Traceback (most recent call last):
2019-07-01 23:38:29.478 8 ERROR rally.cli.cliutils
File "/usr/lib/python2.7/site-packages/rally/cli/cliutils.py", line 674, in run
2019-07-01 23:38:29.478 8 ERROR rally.cli.cliutils ret = fn(*fn_args, **fn_kwargs)
2019-07-01 23:38:29.478 8 ERROR rally.cli.cliutils File "", line 2, in destroy
2019-07-01 23:38:29.478 8 ERROR rally.cli.cliutils
File "/usr/lib/python2.7/site-packages/rally/cli/envutils.py", line 69, in default_from_global
2019-07-01 23:38:29.478 8 ERROR rally.cli.cliutils return f(*args, **kwargs)
2019-07-01 23:38:29.478 8 ERROR rally.cli.cliutils File "", line 2, in destroy
2019-07-01 23:38:29.478 8 ERROR rally.cli.cliutils
File "/usr/lib/python2.7/site-packages/rally/plugins/__init__.py", line 51, in ensure_plugins_are_loaded
2019-07-01 23:38:29.478 8 ERROR rally.cli.cliutils return f(*args, **kwargs)
2019-07-01 23:38:29.478 8 ERROR rally.cli.cliutils
File "/usr/lib/python2.7/site-packages/rally/cli/commands/deployment.py", line 140, in destroy
2019-07-01 23:38:29.478 8 ERROR rally.cli.cliutils api.deployment.destroy(deployment=deployment)
2019-07-01 23:38:29.478 8 ERROR rally.cli.cliutils
File "/usr/lib/python2.7/site-packages/rally/api.py", line 115, in destroy
2019-07-01 23:38:29.478 8 ERROR rally.cli.cliutils deploy = objects.Deployment.get(deployment)
2019-07-01 23:38:29.478 8 ERROR rally.cli.cliutils
File "/usr/lib/python2.7/site-packages/rally/common/objects/deploy.py", line 124, in get
2019-07-01 23:38:29.478 8 ERROR rally.cli.cliutils return Deployment(env_mgr.EnvManager.get(deploy))
2019-07-01 23:38:29.478 8 ERROR rally.cli.cliutils
File "/usr/lib/python2.7/site-packages/rally/env/env_mgr.py", line 212, in get
2019-07-01 23:38:29.478 8 ERROR rally.cli.cliutils return cls(db.env_get(uuid_or_name))
2019-07-01 23:38:29.478 8 ERROR rally.cli.cliutils
File "/usr/lib/python2.7/site-packages/rally/common/db/api.py", line 135, in wrapper
2019-07-01 23:38:29.478 8 ERROR rally.cli.cliutils result = f(session, *args, **kwargs)
2019-07-01 23:38:29.478 8 ERROR rally.cli.cliutils
File "/usr/lib/python2.7/site-packages/rally/common/db/api.py", line 521, in env_get
2019-07-01 23:38:29.478 8 ERROR rally.cli.cliutils criteria="uuid or name is %s" % uuid_or_name, table="envs")
2019-07-01 23:38:29.478 8 ERROR rally.cli.cliutils DBRecordNotFound: Record for uuid or name is opnfv-rally not found in table envs
2019-07-01 23:38:29.478 8 ERROR rally.cli.cliutils
2019-07-01 23:38:30.350 10 RALLYDEBUG rally.api [-] INFO logs from urllib3 and requests module are hide.
2019-07-01 23:38:30.350 10 RALLYDEBUG rally.api [-] urllib3 insecure warnings are hidden.
2019-07-01 23:38:30.350 10 RALLYDEBUG rally.api [-] ERROR log from boto module is hide.
2019-07-01 23:38:31.991 10 WARNING rally_openstack.platforms.existing [-] endpoint is deprecated and not used.
2019-07-01 23:38:33.069 12 RALLYDEBUG rally.api [-] INFO logs from urllib3 and requests module are hide.
2019-07-01 23:38:33.070 12 RALLYDEBUG rally.api [-] urllib3 insecure warnings are hidden.
2019-07-01 23:38:33.070 12 RALLYDEBUG rally.api [-] ERROR log from boto module is hide.
2019-07-01 23:38:36.363 15 RALLYDEBUG rally.api [-] INFO logs from urllib3 and requests module are hide.
2019-07-01 23:38:36.364 15 RALLYDEBUG rally.api [-] urllib3 insecure warnings are hidden.
2019-07-01 23:38:36.364 15 RALLYDEBUG rally.api [-] ERROR log from boto module is hide.
2019-07-01 23:38:37.676 17 RALLYDEBUG rally.api [-] INFO logs from urllib3 and requests module are hide.
2019-07-01 23:38:37.677 17 RALLYDEBUG rally.api [-] urllib3 insecure warnings are hidden.
2019-07-01 23:38:37.677 17 RALLYDEBUG rally.api [-] ERROR log from boto module is hide.
2019-07-01 23:38:39.303 17 INFO rally.task.engine [-] Task d82ac1e9-2946-48a7-a116-3768ba5fbd19 | Starting: Task validation.
2019-07-01 23:38:39.353 17 INFO rally.task.engine [-] Task d82ac1e9-2946-48a7-a116-3768ba5fbd19 | Starting: Task validation of syntax.
2019-07-01 23:38:39.446 17 INFO rally.task.engine [-] Task d82ac1e9-2946-48a7-a116-3768ba5fbd19 | Completed: Task validation of syntax.
2019-07-01 23:38:39.446 17 INFO rally.task.engine [-] Task d82ac1e9-2946-48a7-a116-3768ba5fbd19 | Starting: Task validation of required platforms.
2019-07-01 23:38:39.488 17 INFO rally.task.engine [-] Task d82ac1e9-2946-48a7-a116-3768ba5fbd19 | Completed: Task validation of required platforms.
2019-07-01 23:38:39.488 17 INFO rally.task.engine [-] Task d82ac1e9-2946-48a7-a116-3768ba5fbd19 | Starting: Task validation of semantic.
2019-07-01 23:38:39.489 17 INFO rally.task.engine [-] Check health of the environment '150041ea-d2e6-4008-a30c-efb668adb700'.
2019-07-01 23:38:40.095 17 INFO rally.task.engine [-] Platform existing@openstack (available: True): OK!
2019-07-01 23:38:40.113 17 RALLYDEBUG rally_openstack.contexts.keystone.users [-] Creating 1 tenants using 20 threads
2019-07-01 23:38:41.027 17 RALLYDEBUG rally_openstack.contexts.keystone.users [-] Creating 1 users using 20 threads
2019-07-01 23:38:42.450 17 INFO rally.task.context [-] Task d82ac1e9-2946-48a7-a116-3768ba5fbd19 | Context users@openstack setup() finished in 2.34 sec
2019-07-01 23:38:42.508 17 INFO rally.task.context [-] Task d82ac1e9-2946-48a7-a116-3768ba5fbd19 | Context users@openstack cleanup() started
2019-07-01 23:38:45.812 17 INFO rally.task.context [-] Task d82ac1e9-2946-48a7-a116-3768ba5fbd19 | Context users@openstack cleanup() finished in 3.30 sec
2019-07-01 23:38:45.812 17 INFO rally.task.engine [-] Task d82ac1e9-2946-48a7-a116-3768ba5fbd19 | Completed: Task validation of semantic.
2019-07-01 23:38:45.813 17 INFO rally.task.engine [-] Task d82ac1e9-2946-48a7-a116-3768ba5fbd19 | Completed: Task validation.
2019-07-01 23:38:45.813 17 INFO rally.api [-] Task d82ac1e9-2946-48a7-a116-3768ba5fbd19 input file is valid.
2019-07-01 23:38:45.813 17 INFO rally.api [-] Run Task d82ac1e9-2946-48a7-a116-3768ba5fbd19 against Deployment 150041ea-d2e6-4008-a30c-efb668adb700
2019-07-01 23:38:45.814 17 INFO rally.task.engine [-] Task d82ac1e9-2946-48a7-a116-3768ba5fbd19 | Starting: Running task.
2019-07-01 23:38:46.001 17 INFO rally.task.engine [-] Running workload: position = 0 config = { "version": 2, "title": "A cropped version of a bigger task.", "description": "Auto-generated task from a single workload (uuid=cd73e78d-cc3c-43cc-ae5a-bc26ddf9ce32)", "subtasks": [ { "title": "Authenticate.keystone", "description": "Check Keystone Client.", "scenario": { "Authenticate.keystone": {} }, "contexts": { "users": { "tenants": 3, "users_per_tenant": 2 } }, "runner": { "constant": { "concurrency": 4, "times": 10 } }, "hooks": [], "sla": { "failure_rate": { "max": 0 } } } ] }
2019-07-01 23:38:46.022 17 RALLYDEBUG rally_openstack.contexts.keystone.users [-] Creating 3 tenants using 20 threads
2019-07-01 23:38:47.052 17 RALLYDEBUG rally_openstack.contexts.keystone.users [-] Creating 6 users using 20 threads
2019-07-01 23:38:48.786 17 INFO rally.task.context [-] Task d82ac1e9-2946-48a7-a116-3768ba5fbd19 | Context users@openstack setup() finished in 2.76 sec
2019-07-01 23:38:48.795 17 RALLYDEBUG rally.task.runner [-] Starting the constant runner (task UUID: d82ac1e9-2946-48a7-a116-3768ba5fbd19). timeout: 0 concurrency: 4 concurrency_per_worker: 1 times: 10 concurrency_overhead: 0 processes_to_start: 4 max_cpu_used: 16
2019-07-01 23:38:48.812 141 RALLYDEBUG rally.task.runner [-] Starting a worker. concurrency: 1 args: {} times: 10 method_name: run timeout: 0 duration: None cls:
2019-07-01 23:38:48.815 142 RALLYDEBUG rally.task.runner [-] Starting a worker. concurrency: 1 args: {} times: 10 method_name: run timeout: 0 duration: None cls:
2019-07-01 23:38:48.819 141 INFO rally.task.runner [-] Task d82ac1e9-2946-48a7-a116-3768ba5fbd19 | ITER: 1 START
2019-07-01 23:38:48.819 143 RALLYDEBUG rally.task.runner [-] Starting a worker. concurrency: 1 args: {} times: 10 method_name: run timeout: 0 duration: None cls:
2019-07-01 23:38:48.822 142 INFO rally.task.runner [-] Task d82ac1e9-2946-48a7-a116-3768ba5fbd19 | ITER: 2 START
2019-07-01 23:38:48.825 144 RALLYDEBUG rally.task.runner [-] Starting a worker. concurrency: 1 args: {} times: 10 method_name: run timeout: 0 duration: None cls:
2019-07-01 23:38:48.827 143 INFO rally.task.runner [-] Task d82ac1e9-2946-48a7-a116-3768ba5fbd19 | ITER: 3 START
2019-07-01 23:38:48.832 144 INFO rally.task.runner [-] Task d82ac1e9-2946-48a7-a116-3768ba5fbd19 | ITER: 4 START
2019-07-01 23:38:49.249 141 INFO rally.task.runner [-] Task d82ac1e9-2946-48a7-a116-3768ba5fbd19 | ITER: 1 END: OK
2019-07-01 23:38:49.254 141 INFO rally.task.runner [-] Task d82ac1e9-2946-48a7-a116-3768ba5fbd19 | ITER: 5 START
2019-07-01 23:38:49.262 142 INFO rally.task.runner [-] Task d82ac1e9-2946-48a7-a116-3768ba5fbd19 | ITER: 2 END: OK
2019-07-01 23:38:49.266 144 INFO rally.task.runner [-] Task d82ac1e9-2946-48a7-a116-3768ba5fbd19 | ITER: 4 END: OK
2019-07-01 23:38:49.266 142 INFO rally.task.runner [-] Task d82ac1e9-2946-48a7-a116-3768ba5fbd19 | ITER: 6 START
2019-07-01 23:38:49.270 144 INFO rally.task.runner [-] Task d82ac1e9-2946-48a7-a116-3768ba5fbd19 | ITER: 7 START
2019-07-01 23:38:49.304 143 INFO rally.task.runner [-] Task d82ac1e9-2946-48a7-a116-3768ba5fbd19 | ITER: 3 END: OK
2019-07-01 23:38:49.308 143 INFO rally.task.runner [-] Task d82ac1e9-2946-48a7-a116-3768ba5fbd19 | ITER: 8 START
2019-07-01 23:38:49.596 144 INFO rally.task.runner [-] Task d82ac1e9-2946-48a7-a116-3768ba5fbd19 | ITER: 7 END: OK
2019-07-01 23:38:49.600 144 INFO rally.task.runner [-] Task d82ac1e9-2946-48a7-a116-3768ba5fbd19 | ITER: 9 START
2019-07-01 23:38:49.657 143 INFO rally.task.runner [-] Task d82ac1e9-2946-48a7-a116-3768ba5fbd19 | ITER: 8 END: OK
2019-07-01 23:38:49.660 143 INFO rally.task.runner [-] Task d82ac1e9-2946-48a7-a116-3768ba5fbd19 | ITER: 10 START
2019-07-01 23:38:49.686 141 INFO rally.task.runner [-] Task d82ac1e9-2946-48a7-a116-3768ba5fbd19 | ITER: 5 END: OK
2019-07-01 23:38:49.697 142 INFO rally.task.runner [-] Task d82ac1e9-2946-48a7-a116-3768ba5fbd19 | ITER: 6 END: OK
2019-07-01 23:38:49.942 144 INFO rally.task.runner [-] Task d82ac1e9-2946-48a7-a116-3768ba5fbd19 | ITER: 9 END: OK
2019-07-01 23:38:49.996 143 INFO rally.task.runner [-] Task d82ac1e9-2946-48a7-a116-3768ba5fbd19 | ITER: 10 END: OK
2019-07-01 23:38:50.022 17 INFO rally.task.context [-] Task d82ac1e9-2946-48a7-a116-3768ba5fbd19 | Context users@openstack cleanup() started
2019-07-01 23:38:54.870 17 INFO rally.task.context [-] Task d82ac1e9-2946-48a7-a116-3768ba5fbd19 | Context users@openstack cleanup() finished in 4.85 sec
2019-07-01 23:38:56.089 17 INFO rally.task.engine [-] Load duration is: 1.176212
2019-07-01 23:38:56.089 17 INFO rally.task.engine [-] Full runner duration is: 1.227715
2019-07-01 23:38:56.090 17 INFO rally.task.engine [-] Full duration is: 8.851006
2019-07-01 23:38:56.355 17 INFO rally.task.engine [-] Running workload: position = 0 config = { "version": 2, "title": "A cropped version of a bigger task.", "description": "Auto-generated task from a single workload (uuid=57fbdae2-9268-45f1-a9f5-6fd10985add3)", "subtasks": [ { "title": "Authenticate.validate_cinder", "description": "Check Cinder Client to ensure validation of token.", "scenario": { "Authenticate.validate_cinder": { "repetitions": 2 } }, "contexts": { "users": { "tenants": 3, "users_per_tenant": 2 } }, "runner": { "constant": { "concurrency": 4, "times": 10 } }, "hooks": [], "sla": { "failure_rate": { "max": 0 } } } ] }
2019-07-01 23:38:56.381 17 RALLYDEBUG rally_openstack.contexts.keystone.users [-] Creating 3 tenants using 20 threads
2019-07-01 23:38:57.532 17 RALLYDEBUG rally_openstack.contexts.keystone.users [-] Creating 6 users using 20 threads
2019-07-01 23:38:59.274 17 INFO rally.task.context [-] Task d82ac1e9-2946-48a7-a116-3768ba5fbd19 | Context users@openstack setup() finished in 2.89 sec
2019-07-01 23:38:59.283 17 RALLYDEBUG rally.task.runner [-] Starting the constant runner (task UUID: d82ac1e9-2946-48a7-a116-3768ba5fbd19). timeout: 0 concurrency: 4 concurrency_per_worker: 1 times: 10 concurrency_overhead: 0 processes_to_start: 4 max_cpu_used: 16
2019-07-01 23:38:59.296 245 RALLYDEBUG rally.task.runner [-] Starting a worker. concurrency: 1 args: {"repetitions": 2} times: 10 method_name: run timeout: 0 duration: None cls:
2019-07-01 23:38:59.300 246 RALLYDEBUG rally.task.runner [-] Starting a worker. concurrency: 1 args: {"repetitions": 2} times: 10 method_name: run timeout: 0 duration: None cls:
2019-07-01 23:38:59.303 245 INFO rally.task.runner [-] Task d82ac1e9-2946-48a7-a116-3768ba5fbd19 | ITER: 1 START
2019-07-01 23:38:59.303 247 RALLYDEBUG rally.task.runner [-] Starting a worker. concurrency: 1 args: {"repetitions": 2} times: 10 method_name: run timeout: 0 duration: None cls:
2019-07-01 23:38:59.306 248 RALLYDEBUG rally.task.runner [-] Starting a worker. concurrency: 1 args: {"repetitions": 2} times: 10 method_name: run timeout: 0 duration: None cls:
2019-07-01 23:38:59.308 246 INFO rally.task.runner [-] Task d82ac1e9-2946-48a7-a116-3768ba5fbd19 | ITER: 2 START
2019-07-01 23:38:59.310 247 INFO rally.task.runner [-] Task d82ac1e9-2946-48a7-a116-3768ba5fbd19 | ITER: 3 START
2019-07-01 23:38:59.313 248 INFO rally.task.runner [-] Task d82ac1e9-2946-48a7-a116-3768ba5fbd19 | ITER: 4 START
2019-07-01 23:38:59.944 245 INFO rally.task.runner [-] Task d82ac1e9-2946-48a7-a116-3768ba5fbd19 | ITER: 1 END: OK
2019-07-01 23:38:59.945 246 INFO rally.task.runner [-] Task d82ac1e9-2946-48a7-a116-3768ba5fbd19 | ITER: 2 END: OK
2019-07-01 23:38:59.949 245 INFO rally.task.runner [-] Task d82ac1e9-2946-48a7-a116-3768ba5fbd19 | ITER: 5 START
2019-07-01 23:38:59.950 246 INFO rally.task.runner [-] Task d82ac1e9-2946-48a7-a116-3768ba5fbd19 | ITER: 6 START
2019-07-01 23:38:59.955 248 INFO rally.task.runner [-] Task d82ac1e9-2946-48a7-a116-3768ba5fbd19 | ITER: 4 END: OK
2019-07-01 23:38:59.960 248 INFO rally.task.runner [-] Task d82ac1e9-2946-48a7-a116-3768ba5fbd19 | ITER: 7 START
2019-07-01 23:38:59.968 247 INFO rally.task.runner [-] Task d82ac1e9-2946-48a7-a116-3768ba5fbd19 | ITER: 3 END: OK
2019-07-01 23:38:59.972 247 INFO rally.task.runner [-] Task d82ac1e9-2946-48a7-a116-3768ba5fbd19 | ITER: 8 START
2019-07-01 23:39:00.353 246 INFO rally.task.runner [-] Task d82ac1e9-2946-48a7-a116-3768ba5fbd19 | ITER: 6 END: OK
2019-07-01 23:39:00.355 245 INFO rally.task.runner [-] Task d82ac1e9-2946-48a7-a116-3768ba5fbd19 | ITER: 5 END: OK
2019-07-01 23:39:00.358 246 INFO rally.task.runner [-] Task d82ac1e9-2946-48a7-a116-3768ba5fbd19 | ITER: 9 START
2019-07-01 23:39:00.359 245 INFO rally.task.runner [-] Task d82ac1e9-2946-48a7-a116-3768ba5fbd19 | ITER: 10 START
2019-07-01 23:39:00.470 248 INFO rally.task.runner [-] Task d82ac1e9-2946-48a7-a116-3768ba5fbd19 | ITER: 7 END: OK
2019-07-01 23:39:00.521 247 INFO rally.task.runner [-] Task d82ac1e9-2946-48a7-a116-3768ba5fbd19 | ITER: 8 END: OK
2019-07-01 23:39:00.867 245 INFO rally.task.runner [-] Task d82ac1e9-2946-48a7-a116-3768ba5fbd19 | ITER: 10 END: OK
2019-07-01 23:39:00.872 246 INFO rally.task.runner [-] Task d82ac1e9-2946-48a7-a116-3768ba5fbd19 | ITER: 9 END: OK
2019-07-01 23:39:00.900 17 INFO rally.task.context [-] Task d82ac1e9-2946-48a7-a116-3768ba5fbd19 | Context users@openstack cleanup() started
2019-07-01 23:39:05.730 17 INFO rally.task.context [-] Task d82ac1e9-2946-48a7-a116-3768ba5fbd19 | Context users@openstack cleanup() finished in 4.83 sec
2019-07-01 23:39:06.450 17 INFO rally.task.engine [-] Load duration is: 1.566151
2019-07-01 23:39:06.450 17 INFO rally.task.engine [-] Full runner duration is: 1.617719
2019-07-01 23:39:06.451 17 INFO rally.task.engine [-] Full duration is: 9.353272
2019-07-01 23:39:06.780 17 INFO rally.task.engine [-] Running workload: position = 0 config = { "version": 2, "title": "A cropped version of a bigger task.", "description": "Auto-generated task from a single workload (uuid=e22d2ac3-354f-4393-bba6-3e401c4ef5ea)", "subtasks": [ { "title": "Authenticate.validate_glance", "description": "Check Glance Client to ensure validation of token.", "scenario": { "Authenticate.validate_glance": { "repetitions": 2 } }, "contexts": { "users": { "tenants": 3, "users_per_tenant": 2 } }, "runner": { "constant": { "concurrency": 4, "times": 10 } }, "hooks": [], "sla": { "failure_rate": { "max": 0 } } } ] }
2019-07-01 23:39:06.805 17 RALLYDEBUG rally_openstack.contexts.keystone.users [-] Creating 3 tenants using 20 threads
2019-07-01 23:39:07.928 17 RALLYDEBUG rally_openstack.contexts.keystone.users [-] Creating 6 users using 20 threads
2019-07-01 23:39:09.763 17 INFO rally.task.context [-] Task d82ac1e9-2946-48a7-a116-3768ba5fbd19 | Context users@openstack setup() finished in 2.96 sec
2019-07-01 23:39:09.773 17 RALLYDEBUG rally.task.runner [-] Starting the constant runner (task UUID: d82ac1e9-2946-48a7-a116-3768ba5fbd19). timeout: 0 concurrency: 4 concurrency_per_worker: 1 times: 10 concurrency_overhead: 0 processes_to_start: 4 max_cpu_used: 16
2019-07-01 23:39:09.786 349 RALLYDEBUG rally.task.runner [-] Starting a worker. concurrency: 1 args: {"repetitions": 2} times: 10 method_name: run timeout: 0 duration: None cls:
2019-07-01 23:39:09.790 350 RALLYDEBUG rally.task.runner [-] Starting a worker. concurrency: 1 args: {"repetitions": 2} times: 10 method_name: run timeout: 0 duration: None cls:
2019-07-01 23:39:09.793 351 RALLYDEBUG rally.task.runner [-] Starting a worker. concurrency: 1 args: {"repetitions": 2} times: 10 method_name: run timeout: 0 duration: None cls:
2019-07-01 23:39:09.794 349 INFO rally.task.runner [-] Task d82ac1e9-2946-48a7-a116-3768ba5fbd19 | ITER: 1 START
2019-07-01 23:39:09.796 352 RALLYDEBUG rally.task.runner [-] Starting a worker. concurrency: 1 args: {"repetitions": 2} times: 10 method_name: run timeout: 0 duration: None cls:
2019-07-01 23:39:09.797 350 INFO rally.task.runner [-] Task d82ac1e9-2946-48a7-a116-3768ba5fbd19 | ITER: 2 START
2019-07-01 23:39:09.800 351 INFO rally.task.runner [-] Task d82ac1e9-2946-48a7-a116-3768ba5fbd19 | ITER: 3 START
2019-07-01 23:39:09.803 352 INFO rally.task.runner [-] Task d82ac1e9-2946-48a7-a116-3768ba5fbd19 | ITER: 4 START
2019-07-01 23:39:10.534 350 INFO rally.task.runner [-] Task d82ac1e9-2946-48a7-a116-3768ba5fbd19 | ITER: 2 END: OK
2019-07-01 23:39:10.535 349 INFO rally.task.runner [-] Task d82ac1e9-2946-48a7-a116-3768ba5fbd19 | ITER: 1 END: OK
2019-07-01 23:39:10.539 349 INFO rally.task.runner [-] Task d82ac1e9-2946-48a7-a116-3768ba5fbd19 | ITER: 5 START
2019-07-01 23:39:10.540 350 INFO rally.task.runner [-] Task d82ac1e9-2946-48a7-a116-3768ba5fbd19 | ITER: 6 START
2019-07-01 23:39:10.550 351 INFO rally.task.runner [-] Task d82ac1e9-2946-48a7-a116-3768ba5fbd19 | ITER: 3 END: OK
2019-07-01 23:39:10.554 351 INFO rally.task.runner [-] Task d82ac1e9-2946-48a7-a116-3768ba5fbd19 | ITER: 7 START
2019-07-01 23:39:10.598 352 INFO rally.task.runner [-] Task d82ac1e9-2946-48a7-a116-3768ba5fbd19 | ITER: 4 END: OK
2019-07-01 23:39:10.603 352 INFO rally.task.runner [-] Task d82ac1e9-2946-48a7-a116-3768ba5fbd19 | ITER: 8 START
2019-07-01 23:39:11.119 350 INFO rally.task.runner [-] Task d82ac1e9-2946-48a7-a116-3768ba5fbd19 | ITER: 6 END: OK
2019-07-01 23:39:11.123 350 INFO rally.task.runner [-] Task d82ac1e9-2946-48a7-a116-3768ba5fbd19 | ITER: 9 START
2019-07-01 23:39:11.136 351 INFO rally.task.runner [-] Task d82ac1e9-2946-48a7-a116-3768ba5fbd19 | ITER: 7 END: OK
2019-07-01 23:39:11.141 351 INFO rally.task.runner [-] Task d82ac1e9-2946-48a7-a116-3768ba5fbd19 | ITER: 10 START
2019-07-01 23:39:11.223 352 INFO rally.task.runner [-] Task d82ac1e9-2946-48a7-a116-3768ba5fbd19 | ITER: 8 END: OK
2019-07-01 23:39:11.286 349 INFO rally.task.runner [-] Task d82ac1e9-2946-48a7-a116-3768ba5fbd19 | ITER: 5 END: OK
2019-07-01 23:39:11.716 350 INFO rally.task.runner [-] Task d82ac1e9-2946-48a7-a116-3768ba5fbd19 | ITER: 9 END: OK
2019-07-01 23:39:11.738 351 INFO rally.task.runner [-] Task d82ac1e9-2946-48a7-a116-3768ba5fbd19 | ITER: 10 END: OK
2019-07-01 23:39:11.767 17 INFO rally.task.context [-] Task d82ac1e9-2946-48a7-a116-3768ba5fbd19 | Context users@openstack cleanup() started
2019-07-01 23:39:16.550 17 INFO rally.task.context [-] Task d82ac1e9-2946-48a7-a116-3768ba5fbd19 | Context users@openstack cleanup() finished in 4.78 sec
2019-07-01 23:39:16.876 17 INFO rally.task.engine [-] Load duration is: 1.942058
2019-07-01 23:39:16.876 17 INFO rally.task.engine [-] Full runner duration is: 1.994726
2019-07-01 23:39:16.877 17 INFO rally.task.engine [-] Full duration is: 9.74732
2019-07-01 23:39:17.428 17 INFO rally.task.engine [-] Running workload: position = 0 config = { "version": 2, "title": "A cropped version of a bigger task.", "description": "Auto-generated task from a single workload (uuid=efbf670a-2122-4925-8ecb-57dbe6148a1e)", "subtasks": [ { "title": "Authenticate.validate_heat", "description": "Check Heat Client to ensure validation of token.", "scenario": { "Authenticate.validate_heat": { "repetitions": 2 } }, "contexts": { "users": { "tenants": 3, "users_per_tenant": 2 } }, "runner": { "constant": { "concurrency": 4, "times": 10 } }, "hooks": [], "sla": { "failure_rate": { "max": 0 } } } ] }
2019-07-01 23:39:17.453 17 RALLYDEBUG rally_openstack.contexts.keystone.users [-] Creating 3 tenants using 20 threads
2019-07-01 23:39:18.505 17 RALLYDEBUG rally_openstack.contexts.keystone.users [-] Creating 6 users using 20 threads
2019-07-01 23:39:20.239 17 INFO rally.task.context [-] Task d82ac1e9-2946-48a7-a116-3768ba5fbd19 | Context users@openstack setup() finished in 2.79 sec
2019-07-01 23:39:20.249 17 RALLYDEBUG rally.task.runner [-] Starting the constant runner (task UUID: d82ac1e9-2946-48a7-a116-3768ba5fbd19). timeout: 0 concurrency: 4 concurrency_per_worker: 1 times: 10 concurrency_overhead: 0 processes_to_start: 4 max_cpu_used: 16
2019-07-01 23:39:20.263 453 RALLYDEBUG rally.task.runner [-] Starting a worker. concurrency: 1 args: {"repetitions": 2} times: 10 method_name: run timeout: 0 duration: None cls:
2019-07-01 23:39:20.265 454 RALLYDEBUG rally.task.runner [-] Starting a worker. concurrency: 1 args: {"repetitions": 2} times: 10 method_name: run timeout: 0 duration: None cls:
2019-07-01 23:39:20.269 453 INFO rally.task.runner [-] Task d82ac1e9-2946-48a7-a116-3768ba5fbd19 | ITER: 1 START
2019-07-01 23:39:20.270 455 RALLYDEBUG rally.task.runner [-] Starting a worker. concurrency: 1 args: {"repetitions": 2} times: 10 method_name: run timeout: 0 duration: None cls:
2019-07-01 23:39:20.272 454 INFO rally.task.runner [-] Task d82ac1e9-2946-48a7-a116-3768ba5fbd19 | ITER: 2 START
2019-07-01 23:39:20.274 457 RALLYDEBUG rally.task.runner [-] Starting a worker. concurrency: 1 args: {"repetitions": 2} times: 10 method_name: run timeout: 0 duration: None cls:
2019-07-01 23:39:20.277 455 INFO rally.task.runner [-] Task d82ac1e9-2946-48a7-a116-3768ba5fbd19 | ITER: 3 START
2019-07-01 23:39:20.282 457 INFO rally.task.runner [-] Task d82ac1e9-2946-48a7-a116-3768ba5fbd19 | ITER: 4 START
2019-07-01 23:39:21.254 457 INFO rally.task.runner [-] Task d82ac1e9-2946-48a7-a116-3768ba5fbd19 | ITER: 4 END: OK
2019-07-01 23:39:21.258 457 INFO rally.task.runner [-] Task d82ac1e9-2946-48a7-a116-3768ba5fbd19 | ITER: 5 START
2019-07-01 23:39:21.321 455 INFO rally.task.runner [-] Task d82ac1e9-2946-48a7-a116-3768ba5fbd19 | ITER: 3 END: OK
2019-07-01 23:39:21.326 455 INFO rally.task.runner [-] Task d82ac1e9-2946-48a7-a116-3768ba5fbd19 | ITER: 6 START
2019-07-01 23:39:21.611 454 INFO rally.task.runner [-] Task d82ac1e9-2946-48a7-a116-3768ba5fbd19 | ITER: 2 END: OK
2019-07-01 23:39:21.615 454 INFO rally.task.runner [-] Task d82ac1e9-2946-48a7-a116-3768ba5fbd19 | ITER: 7 START
2019-07-01 23:39:21.713 457 INFO rally.task.runner [-] Task d82ac1e9-2946-48a7-a116-3768ba5fbd19 | ITER: 5 END: OK
2019-07-01 23:39:21.718 457 INFO rally.task.runner [-] Task d82ac1e9-2946-48a7-a116-3768ba5fbd19 | ITER: 8 START
2019-07-01 23:39:21.779 453 INFO rally.task.runner [-] Task d82ac1e9-2946-48a7-a116-3768ba5fbd19 | ITER: 1 END: OK
2019-07-01 23:39:21.784 453 INFO rally.task.runner [-] Task d82ac1e9-2946-48a7-a116-3768ba5fbd19 | ITER: 9 START
2019-07-01 23:39:22.379 455 INFO rally.task.runner [-] Task d82ac1e9-2946-48a7-a116-3768ba5fbd19 | ITER: 6 END: OK
2019-07-01 23:39:22.383 455 INFO rally.task.runner [-] Task d82ac1e9-2946-48a7-a116-3768ba5fbd19 | ITER: 10 START
2019-07-01 23:39:22.482 454 INFO rally.task.runner [-] Task d82ac1e9-2946-48a7-a116-3768ba5fbd19 | ITER: 7 END: OK
2019-07-01 23:39:22.483 457 INFO rally.task.runner [-] Task d82ac1e9-2946-48a7-a116-3768ba5fbd19 | ITER: 8 END: OK
2019-07-01 23:39:22.542 453 INFO rally.task.runner [-] Task d82ac1e9-2946-48a7-a116-3768ba5fbd19 | ITER: 9 END: OK
2019-07-01 23:39:22.851 455 INFO rally.task.runner [-] Task d82ac1e9-2946-48a7-a116-3768ba5fbd19 | ITER: 10 END: OK
2019-07-01 23:39:22.872 17 INFO rally.task.context [-] Task d82ac1e9-2946-48a7-a116-3768ba5fbd19 | Context users@openstack cleanup() started
2019-07-01 23:39:27.555 17 INFO rally.task.context [-] Task d82ac1e9-2946-48a7-a116-3768ba5fbd19 | Context users@openstack cleanup() finished in 4.68 sec
2019-07-01 23:39:29.565 17 INFO rally.task.engine [-] Load duration is: 2.579943
2019-07-01 23:39:29.566 17 INFO rally.task.engine [-] Full runner duration is: 2.623147
2019-07-01 23:39:29.566 17 INFO rally.task.engine [-] Full duration is: 10.10544
2019-07-01 23:39:30.026 17 INFO rally.task.engine [-] Running workload: position = 0 config = { "version": 2, "title": "A cropped version of a bigger task.", "description": "Auto-generated task from a single workload (uuid=f048eec6-4265-49ab-acfc-0984ae0698b0)", "subtasks": [ { "title": "Authenticate.validate_neutron", "description": "Check Neutron Client to ensure validation of token.", "scenario": { "Authenticate.validate_neutron": { "repetitions": 2 } }, "contexts": { "users": { "tenants": 3, "users_per_tenant": 2 } }, "runner": { "constant": { "concurrency": 4, "times": 10 } }, "hooks": [], "sla": { "failure_rate": { "max": 0 } } } ] }
2019-07-01 23:39:30.051 17 RALLYDEBUG rally_openstack.contexts.keystone.users [-] Creating 3 tenants using 20 threads
2019-07-01 23:39:31.191 17 RALLYDEBUG rally_openstack.contexts.keystone.users [-] Creating 6 users using 20 threads
2019-07-01 23:39:32.837 17 INFO rally.task.context [-] Task d82ac1e9-2946-48a7-a116-3768ba5fbd19 | Context users@openstack setup() finished in 2.79 sec
2019-07-01 23:39:32.845 17 RALLYDEBUG rally.task.runner [-] Starting the constant runner (task UUID: d82ac1e9-2946-48a7-a116-3768ba5fbd19). timeout: 0 concurrency: 4 concurrency_per_worker: 1 times: 10 concurrency_overhead: 0 processes_to_start: 4 max_cpu_used: 16
2019-07-01 23:39:32.858 557 RALLYDEBUG rally.task.runner [-] Starting a worker. concurrency: 1 args: {"repetitions": 2} times: 10 method_name: run timeout: 0 duration: None cls:
2019-07-01 23:39:32.862 558 RALLYDEBUG rally.task.runner [-] Starting a worker. concurrency: 1 args: {"repetitions": 2} times: 10 method_name: run timeout: 0 duration: None cls:
2019-07-01 23:39:32.864 559 RALLYDEBUG rally.task.runner [-] Starting a worker. concurrency: 1 args: {"repetitions": 2} times: 10 method_name: run timeout: 0 duration: None cls:
2019-07-01 23:39:32.865 557 INFO rally.task.runner [-] Task d82ac1e9-2946-48a7-a116-3768ba5fbd19 | ITER: 1 START
2019-07-01 23:39:32.868 560 RALLYDEBUG rally.task.runner [-] Starting a worker. concurrency: 1 args: {"repetitions": 2} times: 10 method_name: run timeout: 0 duration: None cls:
2019-07-01 23:39:32.869 558 INFO rally.task.runner [-] Task d82ac1e9-2946-48a7-a116-3768ba5fbd19 | ITER: 2 START
2019-07-01 23:39:32.871 559 INFO rally.task.runner [-] Task d82ac1e9-2946-48a7-a116-3768ba5fbd19 | ITER: 3 START
2019-07-01 23:39:32.875 560 INFO rally.task.runner [-] Task d82ac1e9-2946-48a7-a116-3768ba5fbd19 | ITER: 4 START
2019-07-01 23:39:33.637 559 INFO rally.task.runner [-] Task d82ac1e9-2946-48a7-a116-3768ba5fbd19 | ITER: 3 END: OK
2019-07-01 23:39:33.642 559 INFO rally.task.runner [-] Task d82ac1e9-2946-48a7-a116-3768ba5fbd19 | ITER: 5 START
2019-07-01 23:39:33.650 560 INFO rally.task.runner [-] Task d82ac1e9-2946-48a7-a116-3768ba5fbd19 | ITER: 4 END: OK
2019-07-01 23:39:33.655 560 INFO rally.task.runner [-] Task d82ac1e9-2946-48a7-a116-3768ba5fbd19 | ITER: 6 START
2019-07-01 23:39:33.686 557 INFO rally.task.runner [-] Task d82ac1e9-2946-48a7-a116-3768ba5fbd19 | ITER: 1 END: OK
2019-07-01 23:39:33.691 557 INFO rally.task.runner [-] Task d82ac1e9-2946-48a7-a116-3768ba5fbd19 | ITER: 7 START
2019-07-01 23:39:33.744 558 INFO rally.task.runner [-] Task d82ac1e9-2946-48a7-a116-3768ba5fbd19 | ITER: 2 END: OK
2019-07-01 23:39:33.749 558 INFO rally.task.runner [-] Task d82ac1e9-2946-48a7-a116-3768ba5fbd19 | ITER: 8 START
2019-07-01 23:39:34.312 558 INFO rally.task.runner [-] Task d82ac1e9-2946-48a7-a116-3768ba5fbd19 | ITER: 8 END: OK
2019-07-01 23:39:34.317 558 INFO rally.task.runner [-] Task d82ac1e9-2946-48a7-a116-3768ba5fbd19 | ITER: 9 START
2019-07-01 23:39:34.327 559 INFO rally.task.runner [-] Task d82ac1e9-2946-48a7-a116-3768ba5fbd19 | ITER: 5 END: OK
2019-07-01 23:39:34.332 559 INFO rally.task.runner [-] Task d82ac1e9-2946-48a7-a116-3768ba5fbd19 | ITER: 10 START
2019-07-01 23:39:34.538 560 INFO rally.task.runner [-] Task d82ac1e9-2946-48a7-a116-3768ba5fbd19 | ITER: 6 END: OK
2019-07-01 23:39:34.594 557 INFO rally.task.runner [-] Task d82ac1e9-2946-48a7-a116-3768ba5fbd19 | ITER: 7 END: OK
2019-07-01 23:39:34.943 558 INFO rally.task.runner [-] Task d82ac1e9-2946-48a7-a116-3768ba5fbd19 | ITER: 9 END: OK
2019-07-01 23:39:34.960 559 INFO rally.task.runner [-] Task d82ac1e9-2946-48a7-a116-3768ba5fbd19 | ITER: 10 END: OK
2019-07-01 23:39:34.985 17 INFO rally.task.context [-] Task d82ac1e9-2946-48a7-a116-3768ba5fbd19 | Context users@openstack cleanup() started
2019-07-01 23:39:40.179 17 INFO rally.task.context [-] Task d82ac1e9-2946-48a7-a116-3768ba5fbd19 | Context users@openstack cleanup() finished in 5.19 sec
2019-07-01 23:39:42.155 17 INFO rally.task.engine [-] Load duration is: 2.093103
2019-07-01 23:39:42.156 17 INFO rally.task.engine [-] Full runner duration is: 2.140263
2019-07-01 23:39:42.156 17 INFO rally.task.engine [-] Full duration is: 10.130324
2019-07-01 23:39:42.637 17 INFO rally.task.engine [-] Running workload: position = 0 config = { "version": 2, "title": "A cropped version of a bigger task.", "description": "Auto-generated task from a single workload (uuid=4797adfa-993b-4f9a-918e-7cb857745301)", "subtasks": [ { "title": "Authenticate.validate_nova", "description": "Check Nova Client to ensure validation of token.", "scenario": { "Authenticate.validate_nova": { "repetitions": 2 } }, "contexts": { "users": { "tenants": 3, "users_per_tenant": 2 } }, "runner": { "constant": { "concurrency": 4, "times": 10 } }, "hooks": [], "sla": { "failure_rate": { "max": 0 } } } ] }
2019-07-01 23:39:42.662 17 RALLYDEBUG rally_openstack.contexts.keystone.users [-] Creating 3 tenants using 20 threads
2019-07-01 23:39:43.701 17 RALLYDEBUG rally_openstack.contexts.keystone.users [-] Creating 6 users using 20 threads
2019-07-01 23:39:45.481 17 INFO rally.task.context [-] Task d82ac1e9-2946-48a7-a116-3768ba5fbd19 | Context users@openstack setup() finished in 2.82 sec
2019-07-01 23:39:45.490 17 RALLYDEBUG rally.task.runner [-] Starting the constant runner (task UUID: d82ac1e9-2946-48a7-a116-3768ba5fbd19). timeout: 0 concurrency: 4 concurrency_per_worker: 1 times: 10 concurrency_overhead: 0 processes_to_start: 4 max_cpu_used: 16
2019-07-01 23:39:45.504 661 RALLYDEBUG rally.task.runner [-] Starting a worker. concurrency: 1 args: {"repetitions": 2} times: 10 method_name: run timeout: 0 duration: None cls:
2019-07-01 23:39:45.507 662 RALLYDEBUG rally.task.runner [-] Starting a worker. concurrency: 1 args: {"repetitions": 2} times: 10 method_name: run timeout: 0 duration: None cls:
2019-07-01 23:39:45.510 663 RALLYDEBUG rally.task.runner [-] Starting a worker. concurrency: 1 args: {"repetitions": 2} times: 10 method_name: run timeout: 0 duration: None cls:
2019-07-01 23:39:45.512 661 INFO rally.task.runner [-] Task d82ac1e9-2946-48a7-a116-3768ba5fbd19 | ITER: 1 START
2019-07-01 23:39:45.513 664 RALLYDEBUG rally.task.runner [-] Starting a worker. concurrency: 1 args: {"repetitions": 2} times: 10 method_name: run timeout: 0 duration: None cls:
2019-07-01 23:39:45.515 662 INFO rally.task.runner [-] Task d82ac1e9-2946-48a7-a116-3768ba5fbd19 | ITER: 2 START
2019-07-01 23:39:45.518 663 INFO rally.task.runner [-] Task d82ac1e9-2946-48a7-a116-3768ba5fbd19 | ITER: 3 START
2019-07-01 23:39:45.521 664 INFO rally.task.runner [-] Task d82ac1e9-2946-48a7-a116-3768ba5fbd19 | ITER: 4 START
2019-07-01 23:39:45.999 662 DEBUG novaclient.v2.client [-] REQ: curl -g -i --cacert "/etc/ssl/certs/mcp_os_cacert" -X GET http://10.167.4.35:8774/v2.1/flavors/detail -H "Accept: application/json" -H "User-Agent: python-novaclient" -H "X-Auth-Token: {SHA1}72068f7619e317854e2dca79c4f52d5fb45e8e94" _http_log_request /usr/lib/python2.7/site-packages/keystoneauth1/session.py:448
2019-07-01 23:39:46.002 664 DEBUG novaclient.v2.client [-] REQ: curl -g -i --cacert "/etc/ssl/certs/mcp_os_cacert" -X GET http://10.167.4.35:8774/v2.1/flavors/detail -H "Accept: application/json" -H "User-Agent: python-novaclient" -H "X-Auth-Token: {SHA1}1c14f87a6ac2d0d3d264fb3c793576ce0fd5a1cf" _http_log_request /usr/lib/python2.7/site-packages/keystoneauth1/session.py:448
2019-07-01 23:39:46.004 663 DEBUG novaclient.v2.client [-] REQ: curl -g -i --cacert "/etc/ssl/certs/mcp_os_cacert" -X GET http://10.167.4.35:8774/v2.1/flavors/detail -H "Accept: application/json" -H "User-Agent: python-novaclient" -H "X-Auth-Token: {SHA1}cab1755efa788e476b66399a68e75d241de1b77f" _http_log_request /usr/lib/python2.7/site-packages/keystoneauth1/session.py:448
2019-07-01 23:39:46.095 661 DEBUG novaclient.v2.client [-] REQ: curl -g -i --cacert "/etc/ssl/certs/mcp_os_cacert" -X GET http://10.167.4.35:8774/v2.1/flavors/detail -H "Accept: application/json" -H "User-Agent: python-novaclient" -H "X-Auth-Token: {SHA1}7ef882618ecc2b167c062d358cf9207739d8dd67" _http_log_request /usr/lib/python2.7/site-packages/keystoneauth1/session.py:448
2019-07-01 23:39:46.127 664 DEBUG novaclient.v2.client [-] RESP: [200] Connection: close Content-Length: 1014 Content-Type: application/json Date: Mon, 01 Jul 2019 23:39:46 GMT Openstack-Api-Version: compute 2.1 Vary: OpenStack-API-Version, X-OpenStack-Nova-API-Version X-Compute-Request-Id: req-9eb47b50-40bd-4fa0-8b07-fc93a0a39fb2 X-Openstack-Nova-Api-Version: 2.1 X-Openstack-Request-Id: req-9eb47b50-40bd-4fa0-8b07-fc93a0a39fb2 _http_log_response /usr/lib/python2.7/site-packages/keystoneauth1/session.py:479
2019-07-01 23:39:46.128 664 DEBUG novaclient.v2.client [-] RESP BODY: {"flavors": [{"name": "rally_full-flavor_alt_efdf7948-a182-46e1-b610-51547c2f221c", "links": [{"href": "http://10.167.4.35:8774/v2.1/flavors/5e5d4730-62a0-4637-b1ca-8f97bb9bb228", "rel": "self"}, {"href": "http://10.167.4.35:8774/flavors/5e5d4730-62a0-4637-b1ca-8f97bb9bb228", "rel": "bookmark"}], "ram": 1024, "OS-FLV-DISABLED:disabled": false, "vcpus": 1, "swap": "", "os-flavor-access:is_public": true, "rxtx_factor": 1.0, "OS-FLV-EXT-DATA:ephemeral": 0, "disk": 1, "id": "5e5d4730-62a0-4637-b1ca-8f97bb9bb228"}, {"name": "rally_full-flavor_efdf7948-a182-46e1-b610-51547c2f221c", "links": [{"href": "http://10.167.4.35:8774/v2.1/flavors/f36c7a7b-f4c2-4841-ae4e-3fdabe07b488", "rel": "self"}, {"href": "http://10.167.4.35:8774/flavors/f36c7a7b-f4c2-4841-ae4e-3fdabe07b488", "rel": "bookmark"}], "ram": 512, "OS-FLV-DISABLED:disabled": false, "vcpus": 1, "swap": "", "os-flavor-access:is_public": true, "rxtx_factor": 1.0, "OS-FLV-EXT-DATA:ephemeral": 0, "disk": 1, "id": "f36c7a7b-f4c2-4841-ae4e-3fdabe07b488"}]} _http_log_response /usr/lib/python2.7/site-packages/keystoneauth1/session.py:511
2019-07-01 23:39:46.128 664 DEBUG novaclient.v2.client [-] GET call to compute for http://10.167.4.35:8774/v2.1/flavors/detail used request id req-9eb47b50-40bd-4fa0-8b07-fc93a0a39fb2 request /usr/lib/python2.7/site-packages/keystoneauth1/session.py:844
2019-07-01 23:39:46.130 662 DEBUG novaclient.v2.client [-] RESP: [200] Connection: close Content-Length: 1014 Content-Type: application/json Date: Mon, 01 Jul 2019 23:39:46 GMT Openstack-Api-Version: compute 2.1 Vary: OpenStack-API-Version, X-OpenStack-Nova-API-Version X-Compute-Request-Id: req-28458882-9be1-4f34-9164-82629594c098 X-Openstack-Nova-Api-Version: 2.1 X-Openstack-Request-Id: req-28458882-9be1-4f34-9164-82629594c098 _http_log_response /usr/lib/python2.7/site-packages/keystoneauth1/session.py:479
2019-07-01 23:39:46.131 664 DEBUG novaclient.v2.client [-] REQ: curl -g -i --cacert "/etc/ssl/certs/mcp_os_cacert" -X GET http://10.167.4.35:8774/v2.1/flavors/detail -H "Accept: application/json" -H "User-Agent: python-novaclient" -H "X-Auth-Token: {SHA1}1c14f87a6ac2d0d3d264fb3c793576ce0fd5a1cf" _http_log_request /usr/lib/python2.7/site-packages/keystoneauth1/session.py:448
2019-07-01 23:39:46.131 662 DEBUG novaclient.v2.client [-] RESP BODY: {"flavors": [{"name": "rally_full-flavor_alt_efdf7948-a182-46e1-b610-51547c2f221c", "links": [{"href": "http://10.167.4.35:8774/v2.1/flavors/5e5d4730-62a0-4637-b1ca-8f97bb9bb228", "rel": "self"}, {"href": "http://10.167.4.35:8774/flavors/5e5d4730-62a0-4637-b1ca-8f97bb9bb228", "rel": "bookmark"}], "ram": 1024, "OS-FLV-DISABLED:disabled": false, "vcpus": 1, "swap": "", "os-flavor-access:is_public": true, "rxtx_factor": 1.0, "OS-FLV-EXT-DATA:ephemeral": 0, "disk": 1, "id": "5e5d4730-62a0-4637-b1ca-8f97bb9bb228"}, {"name": "rally_full-flavor_efdf7948-a182-46e1-b610-51547c2f221c", "links": [{"href": "http://10.167.4.35:8774/v2.1/flavors/f36c7a7b-f4c2-4841-ae4e-3fdabe07b488", "rel": "self"}, {"href": "http://10.167.4.35:8774/flavors/f36c7a7b-f4c2-4841-ae4e-3fdabe07b488", "rel": "bookmark"}], "ram": 512, "OS-FLV-DISABLED:disabled": false, "vcpus": 1, "swap": "", "os-flavor-access:is_public": true, "rxtx_factor": 1.0, "OS-FLV-EXT-DATA:ephemeral": 0, "disk": 1, "id": "f36c7a7b-f4c2-4841-ae4e-3fdabe07b488"}]} _http_log_response /usr/lib/python2.7/site-packages/keystoneauth1/session.py:511
2019-07-01 23:39:46.131 662 DEBUG novaclient.v2.client [-] GET call to compute for http://10.167.4.35:8774/v2.1/flavors/detail used request id req-28458882-9be1-4f34-9164-82629594c098 request /usr/lib/python2.7/site-packages/keystoneauth1/session.py:844
2019-07-01 23:39:46.133 662 DEBUG novaclient.v2.client [-] REQ: curl -g -i --cacert "/etc/ssl/certs/mcp_os_cacert" -X GET http://10.167.4.35:8774/v2.1/flavors/detail -H "Accept: application/json" -H "User-Agent: python-novaclient" -H "X-Auth-Token: {SHA1}72068f7619e317854e2dca79c4f52d5fb45e8e94" _http_log_request /usr/lib/python2.7/site-packages/keystoneauth1/session.py:448
2019-07-01 23:39:46.138 663 DEBUG novaclient.v2.client [-] RESP: [200] Connection: close Content-Length: 1014 Content-Type: application/json Date: Mon, 01 Jul 2019 23:39:46 GMT Openstack-Api-Version: compute 2.1 Vary: OpenStack-API-Version, X-OpenStack-Nova-API-Version X-Compute-Request-Id: req-57a955c7-6a51-4dde-9989-ee6bc04191ca X-Openstack-Nova-Api-Version: 2.1 X-Openstack-Request-Id: req-57a955c7-6a51-4dde-9989-ee6bc04191ca _http_log_response /usr/lib/python2.7/site-packages/keystoneauth1/session.py:479
2019-07-01 23:39:46.139 663 DEBUG novaclient.v2.client [-] RESP BODY: {"flavors": [{"name": "rally_full-flavor_alt_efdf7948-a182-46e1-b610-51547c2f221c", "links": [{"href": "http://10.167.4.35:8774/v2.1/flavors/5e5d4730-62a0-4637-b1ca-8f97bb9bb228", "rel": "self"}, {"href": "http://10.167.4.35:8774/flavors/5e5d4730-62a0-4637-b1ca-8f97bb9bb228", "rel": "bookmark"}], "ram": 1024, "OS-FLV-DISABLED:disabled": false, "vcpus": 1, "swap": "", "os-flavor-access:is_public": true, "rxtx_factor": 1.0, "OS-FLV-EXT-DATA:ephemeral": 0, "disk": 1, "id": "5e5d4730-62a0-4637-b1ca-8f97bb9bb228"}, {"name": "rally_full-flavor_efdf7948-a182-46e1-b610-51547c2f221c", "links": [{"href": "http://10.167.4.35:8774/v2.1/flavors/f36c7a7b-f4c2-4841-ae4e-3fdabe07b488", "rel": "self"}, {"href": "http://10.167.4.35:8774/flavors/f36c7a7b-f4c2-4841-ae4e-3fdabe07b488", "rel": "bookmark"}], "ram": 512, "OS-FLV-DISABLED:disabled": false, "vcpus": 1, "swap": "", "os-flavor-access:is_public": true, "rxtx_factor": 1.0, "OS-FLV-EXT-DATA:ephemeral": 0, "disk": 1, "id": "f36c7a7b-f4c2-4841-ae4e-3fdabe07b488"}]} _http_log_response /usr/lib/python2.7/site-packages/keystoneauth1/session.py:511
2019-07-01 23:39:46.139 663 DEBUG novaclient.v2.client [-] GET call to compute for http://10.167.4.35:8774/v2.1/flavors/detail used request id req-57a955c7-6a51-4dde-9989-ee6bc04191ca request /usr/lib/python2.7/site-packages/keystoneauth1/session.py:844
2019-07-01 23:39:46.141 663 DEBUG novaclient.v2.client [-] REQ: curl -g -i --cacert "/etc/ssl/certs/mcp_os_cacert" -X GET http://10.167.4.35:8774/v2.1/flavors/detail -H "Accept: application/json" -H "User-Agent: python-novaclient" -H "X-Auth-Token: {SHA1}cab1755efa788e476b66399a68e75d241de1b77f" _http_log_request /usr/lib/python2.7/site-packages/keystoneauth1/session.py:448
2019-07-01 23:39:46.151 664 DEBUG novaclient.v2.client [-] RESP: [200] Connection: close Content-Length: 1014 Content-Type: application/json Date: Mon, 01 Jul 2019 23:39:46 GMT Openstack-Api-Version: compute 2.1 Vary: OpenStack-API-Version, X-OpenStack-Nova-API-Version X-Compute-Request-Id: req-3108f33e-3d68-4c64-888a-1c2610aeab37 X-Openstack-Nova-Api-Version: 2.1 X-Openstack-Request-Id: req-3108f33e-3d68-4c64-888a-1c2610aeab37 _http_log_response /usr/lib/python2.7/site-packages/keystoneauth1/session.py:479
2019-07-01 23:39:46.151 664 DEBUG novaclient.v2.client [-] RESP BODY: {"flavors": [{"name": "rally_full-flavor_alt_efdf7948-a182-46e1-b610-51547c2f221c", "links": [{"href": "http://10.167.4.35:8774/v2.1/flavors/5e5d4730-62a0-4637-b1ca-8f97bb9bb228", "rel": "self"}, {"href": "http://10.167.4.35:8774/flavors/5e5d4730-62a0-4637-b1ca-8f97bb9bb228", "rel": "bookmark"}], "ram": 1024, "OS-FLV-DISABLED:disabled": false, "vcpus": 1, "swap": "", "os-flavor-access:is_public": true, "rxtx_factor": 1.0, "OS-FLV-EXT-DATA:ephemeral": 0, "disk": 1, "id": "5e5d4730-62a0-4637-b1ca-8f97bb9bb228"}, {"name": "rally_full-flavor_efdf7948-a182-46e1-b610-51547c2f221c", "links": [{"href": "http://10.167.4.35:8774/v2.1/flavors/f36c7a7b-f4c2-4841-ae4e-3fdabe07b488", "rel": "self"}, {"href": "http://10.167.4.35:8774/flavors/f36c7a7b-f4c2-4841-ae4e-3fdabe07b488", "rel": "bookmark"}], "ram": 512, "OS-FLV-DISABLED:disabled": false, "vcpus": 1, "swap": "", "os-flavor-access:is_public": true, "rxtx_factor": 1.0, "OS-FLV-EXT-DATA:ephemeral": 0, "disk": 1, "id": "f36c7a7b-f4c2-4841-ae4e-3fdabe07b488"}]} _http_log_response /usr/lib/python2.7/site-packages/keystoneauth1/session.py:511
2019-07-01 23:39:46.151 664 DEBUG novaclient.v2.client [-] GET call to compute for http://10.167.4.35:8774/v2.1/flavors/detail used request id req-3108f33e-3d68-4c64-888a-1c2610aeab37 request /usr/lib/python2.7/site-packages/keystoneauth1/session.py:844
2019-07-01 23:39:46.152 664 INFO rally.task.runner [-] Task d82ac1e9-2946-48a7-a116-3768ba5fbd19 | ITER: 4 END: OK
2019-07-01 23:39:46.154 662 DEBUG novaclient.v2.client [-] RESP: [200] Connection: close Content-Length: 1014 Content-Type: application/json Date: Mon, 01 Jul 2019 23:39:46 GMT Openstack-Api-Version: compute 2.1 Vary: OpenStack-API-Version, X-OpenStack-Nova-API-Version X-Compute-Request-Id: req-4799e503-4ec0-400c-bec2-a92b0114378c X-Openstack-Nova-Api-Version: 2.1 X-Openstack-Request-Id: req-4799e503-4ec0-400c-bec2-a92b0114378c _http_log_response /usr/lib/python2.7/site-packages/keystoneauth1/session.py:479
2019-07-01 23:39:46.155 662 DEBUG novaclient.v2.client [-] RESP BODY: {"flavors": [{"name": "rally_full-flavor_alt_efdf7948-a182-46e1-b610-51547c2f221c", "links": [{"href": "http://10.167.4.35:8774/v2.1/flavors/5e5d4730-62a0-4637-b1ca-8f97bb9bb228", "rel": "self"}, {"href": "http://10.167.4.35:8774/flavors/5e5d4730-62a0-4637-b1ca-8f97bb9bb228", "rel": "bookmark"}], "ram": 1024, "OS-FLV-DISABLED:disabled": false, "vcpus": 1, "swap": "", "os-flavor-access:is_public": true, "rxtx_factor": 1.0, "OS-FLV-EXT-DATA:ephemeral": 0, "disk": 1, "id": "5e5d4730-62a0-4637-b1ca-8f97bb9bb228"}, {"name": "rally_full-flavor_efdf7948-a182-46e1-b610-51547c2f221c", "links": [{"href": "http://10.167.4.35:8774/v2.1/flavors/f36c7a7b-f4c2-4841-ae4e-3fdabe07b488", "rel": "self"}, {"href": "http://10.167.4.35:8774/flavors/f36c7a7b-f4c2-4841-ae4e-3fdabe07b488", "rel": "bookmark"}], "ram": 512, "OS-FLV-DISABLED:disabled": false, "vcpus": 1, "swap": "", "os-flavor-access:is_public": true, "rxtx_factor": 1.0, "OS-FLV-EXT-DATA:ephemeral": 0, "disk": 1, "id": "f36c7a7b-f4c2-4841-ae4e-3fdabe07b488"}]} _http_log_response /usr/lib/python2.7/site-packages/keystoneauth1/session.py:511
2019-07-01 23:39:46.155 662 DEBUG novaclient.v2.client [-] GET call to compute for http://10.167.4.35:8774/v2.1/flavors/detail used request id req-4799e503-4ec0-400c-bec2-a92b0114378c request /usr/lib/python2.7/site-packages/keystoneauth1/session.py:844
2019-07-01 23:39:46.156 662 INFO rally.task.runner [-] Task d82ac1e9-2946-48a7-a116-3768ba5fbd19 | ITER: 2 END: OK
2019-07-01 23:39:46.158 664 INFO rally.task.runner [-] Task d82ac1e9-2946-48a7-a116-3768ba5fbd19 | ITER: 5 START
2019-07-01 23:39:46.161 663 DEBUG novaclient.v2.client [-] RESP: [200] Connection: close Content-Length: 1014 Content-Type: application/json Date: Mon, 01 Jul 2019 23:39:46 GMT Openstack-Api-Version: compute 2.1 Vary: OpenStack-API-Version, X-OpenStack-Nova-API-Version X-Compute-Request-Id: req-570224bc-8a7a-4aa4-b119-a9590b36f66c X-Openstack-Nova-Api-Version: 2.1 X-Openstack-Request-Id: req-570224bc-8a7a-4aa4-b119-a9590b36f66c _http_log_response /usr/lib/python2.7/site-packages/keystoneauth1/session.py:479
2019-07-01 23:39:46.160 662 INFO rally.task.runner [-] Task d82ac1e9-2946-48a7-a116-3768ba5fbd19 | ITER: 6 START
2019-07-01 23:39:46.161 663 DEBUG novaclient.v2.client [-] RESP BODY: {"flavors": [{"name": "rally_full-flavor_alt_efdf7948-a182-46e1-b610-51547c2f221c", "links": [{"href": "http://10.167.4.35:8774/v2.1/flavors/5e5d4730-62a0-4637-b1ca-8f97bb9bb228", "rel": "self"}, {"href": "http://10.167.4.35:8774/flavors/5e5d4730-62a0-4637-b1ca-8f97bb9bb228", "rel": "bookmark"}], "ram": 1024, "OS-FLV-DISABLED:disabled": false, "vcpus": 1, "swap": "", "os-flavor-access:is_public": true, "rxtx_factor": 1.0, "OS-FLV-EXT-DATA:ephemeral": 0, "disk": 1, "id": "5e5d4730-62a0-4637-b1ca-8f97bb9bb228"}, {"name": "rally_full-flavor_efdf7948-a182-46e1-b610-51547c2f221c", "links": [{"href": "http://10.167.4.35:8774/v2.1/flavors/f36c7a7b-f4c2-4841-ae4e-3fdabe07b488", "rel": "self"}, {"href": "http://10.167.4.35:8774/flavors/f36c7a7b-f4c2-4841-ae4e-3fdabe07b488", "rel": "bookmark"}], "ram": 512, "OS-FLV-DISABLED:disabled": false, "vcpus": 1, "swap": "", "os-flavor-access:is_public": true, "rxtx_factor": 1.0, "OS-FLV-EXT-DATA:ephemeral": 0, "disk": 1, "id": "f36c7a7b-f4c2-4841-ae4e-3fdabe07b488"}]} _http_log_response /usr/lib/python2.7/site-packages/keystoneauth1/session.py:511
2019-07-01 23:39:46.162 663 DEBUG novaclient.v2.client [-] GET call to compute for http://10.167.4.35:8774/v2.1/flavors/detail used request id req-570224bc-8a7a-4aa4-b119-a9590b36f66c request /usr/lib/python2.7/site-packages/keystoneauth1/session.py:844
2019-07-01 23:39:46.163 663 INFO rally.task.runner [-] Task d82ac1e9-2946-48a7-a116-3768ba5fbd19 | ITER: 3 END: OK
2019-07-01 23:39:46.167 663 INFO rally.task.runner [-] Task d82ac1e9-2946-48a7-a116-3768ba5fbd19 | ITER: 7 START
2019-07-01 23:39:46.231 661 DEBUG novaclient.v2.client [-] RESP: [200] Connection: close Content-Length: 1014 Content-Type: application/json Date: Mon, 01 Jul 2019 23:39:46 GMT Openstack-Api-Version: compute 2.1 Vary: OpenStack-API-Version, X-OpenStack-Nova-API-Version X-Compute-Request-Id: req-cb0c18d1-ea36-4e99-96b2-ab0dccfc1f2a X-Openstack-Nova-Api-Version: 2.1 X-Openstack-Request-Id: req-cb0c18d1-ea36-4e99-96b2-ab0dccfc1f2a _http_log_response /usr/lib/python2.7/site-packages/keystoneauth1/session.py:479
2019-07-01 23:39:46.232 661 DEBUG novaclient.v2.client [-] RESP BODY: {"flavors": [{"name": "rally_full-flavor_alt_efdf7948-a182-46e1-b610-51547c2f221c", "links": [{"href": "http://10.167.4.35:8774/v2.1/flavors/5e5d4730-62a0-4637-b1ca-8f97bb9bb228", "rel": "self"}, {"href": "http://10.167.4.35:8774/flavors/5e5d4730-62a0-4637-b1ca-8f97bb9bb228", "rel": "bookmark"}], "ram": 1024, "OS-FLV-DISABLED:disabled": false, "vcpus": 1, "swap": "", "os-flavor-access:is_public": true, "rxtx_factor": 1.0, "OS-FLV-EXT-DATA:ephemeral": 0, "disk": 1, "id": "5e5d4730-62a0-4637-b1ca-8f97bb9bb228"}, {"name": "rally_full-flavor_efdf7948-a182-46e1-b610-51547c2f221c", "links": [{"href": "http://10.167.4.35:8774/v2.1/flavors/f36c7a7b-f4c2-4841-ae4e-3fdabe07b488", "rel": "self"}, {"href": "http://10.167.4.35:8774/flavors/f36c7a7b-f4c2-4841-ae4e-3fdabe07b488", "rel": "bookmark"}], "ram": 512, "OS-FLV-DISABLED:disabled": false, "vcpus": 1, "swap": "", "os-flavor-access:is_public": true, "rxtx_factor": 1.0, "OS-FLV-EXT-DATA:ephemeral": 0, "disk": 1, "id": "f36c7a7b-f4c2-4841-ae4e-3fdabe07b488"}]} _http_log_response /usr/lib/python2.7/site-packages/keystoneauth1/session.py:511
2019-07-01 23:39:46.232 661 DEBUG novaclient.v2.client [-] GET call to compute for http://10.167.4.35:8774/v2.1/flavors/detail used request id req-cb0c18d1-ea36-4e99-96b2-ab0dccfc1f2a request /usr/lib/python2.7/site-packages/keystoneauth1/session.py:844
