2019-06-24 09:06:59.795 21660 RALLYDEBUG rally_openstack.cleanup.manager [-] Deleting neutron.port object s_rally_b274d9e9_y2YqYotb (595c57fb-688a-4442-a5e9-ca95bac8f1f0)
2019-06-24 09:06:59.866 21660 RALLYDEBUG rally_openstack.cleanup.manager [-] Deleting neutron.port object s_rally_b274d9e9_pCdZT1K9 (5b5ad17e-b14e-4f3b-8f3d-f3615e5d1de1)
2019-06-24 09:06:59.945 21660 RALLYDEBUG rally_openstack.cleanup.manager [-] Deleting neutron.port object s_rally_b274d9e9_19zfy6qw (5bb007ae-9b29-46e8-9a3e-70d025af0efa)
2019-06-24 09:07:00.023 21660 RALLYDEBUG rally_openstack.cleanup.manager [-] Deleting neutron.port object s_rally_b274d9e9_ez7SA4UI (5dc27437-b644-4783-b023-55ab379f9bdd)
2019-06-24 09:07:00.126 21660 RALLYDEBUG rally_openstack.cleanup.manager [-] Deleting neutron.port object s_rally_b274d9e9_BMcgz19D (5ff7b673-1c67-4280-93a2-6a99c4dec03b)
2019-06-24 09:07:00.190 21660 RALLYDEBUG rally_openstack.cleanup.manager [-] Deleting neutron.port object s_rally_b274d9e9_SOabB2vq (5ff8224e-0558-4ee0-afc3-52ebfef77f7e)
2019-06-24 09:07:00.222 21660 RALLYDEBUG rally_openstack.cleanup.manager [-] Deleting neutron.port object s_rally_b274d9e9_F0UzFKkh (613de5e6-978b-4487-8bd0-35382002b650)
2019-06-24 09:07:00.314 21660 RALLYDEBUG rally_openstack.cleanup.manager [-] Deleting neutron.port object s_rally_b274d9e9_cTfh2H1S (62c23ead-fb0f-43ab-9a6d-54c98650ba59)
2019-06-24 09:07:00.450 21660 RALLYDEBUG rally_openstack.cleanup.manager [-] Deleting neutron.port object s_rally_b274d9e9_gRqtBPMY (62f3d87e-70dc-4d9a-a56d-7f626e8c7ead)
2019-06-24 09:07:00.546 21660 RALLYDEBUG rally_openstack.cleanup.manager [-] Deleting neutron.port object s_rally_b274d9e9_RBJvVh06 (638c464b-55eb-40e3-affc-8dc556d602b5)
2019-06-24 09:07:00.586 21660 RALLYDEBUG rally_openstack.cleanup.manager [-] Deleting neutron.port object s_rally_b274d9e9_3kKzeDso (640fc74b-e9c4-499d-aab0-902f6e6c0aa7)
2019-06-24 09:07:00.661 21660 RALLYDEBUG rally_openstack.cleanup.manager [-] Deleting neutron.port object s_rally_b274d9e9_PcobDe0e (6464a5b9-64db-4839-8621-3b9009e9f595)
2019-06-24 09:07:00.675 21660 RALLYDEBUG rally_openstack.cleanup.manager [-] Deleting neutron.port object s_rally_b274d9e9_cnXz0CKJ (64b3e1a7-7c21-42ed-b1be-d3b0c4a04905)
2019-06-24 09:07:00.714 21660 RALLYDEBUG rally_openstack.cleanup.manager [-] Deleting neutron.port object s_rally_b274d9e9_KSiqLaKH (65d762d9-32f2-49cd-81b6-fc31177ee113)
2019-06-24 09:07:00.960 21660 RALLYDEBUG rally_openstack.cleanup.manager [-] Deleting neutron.port object s_rally_b274d9e9_W97vEFCA (665a976f-e458-4276-9e9f-7343dd737f3f)
2019-06-24 09:07:01.400 21660 RALLYDEBUG rally_openstack.cleanup.manager [-] Deleting neutron.port object s_rally_b274d9e9_YDZsiDQ5 (66fc24ed-8ae2-4985-9ebe-8a1a1a5d602c)
2019-06-24 09:07:01.541 21660 RALLYDEBUG rally_openstack.cleanup.manager [-] Deleting neutron.port object s_rally_b274d9e9_70Tudfpz (68215f81-25a5-4669-b914-34ceac3fe6e4)
2019-06-24 09:07:01.583 21660 RALLYDEBUG rally_openstack.cleanup.manager [-] Deleting neutron.port object s_rally_b274d9e9_I4KRAmy9 (698fccf6-7d60-4f36-a183-2446e19b1bd1)
2019-06-24 09:07:01.701 21660 RALLYDEBUG rally_openstack.cleanup.manager [-] Deleting neutron.port object s_rally_b274d9e9_JXuMZozM (6bea697e-9a6d-4e1c-9f2c-ba8ae40ac399)
2019-06-24 09:07:01.839 21660 RALLYDEBUG rally_openstack.cleanup.manager [-] Deleting neutron.port object s_rally_b274d9e9_N6YkFIyB (6e56dc5f-782c-46e5-9b72-fc53e46da18e)
2019-06-24 09:07:01.864 21660 RALLYDEBUG rally_openstack.cleanup.manager [-] Deleting neutron.port object s_rally_b274d9e9_kRaDWNud (700d6dc9-aeaf-4190-8bf3-70faa313cc73)
2019-06-24 09:07:01.969 21660 RALLYDEBUG rally_openstack.cleanup.manager [-] Deleting neutron.port object s_rally_b274d9e9_CrrtxiZM (70914a6c-369f-411b-a97e-52b86a14a87a)
2019-06-24 09:07:02.024 21660 RALLYDEBUG rally_openstack.cleanup.manager [-] Deleting neutron.port object s_rally_b274d9e9_SauxU3rv (70e14ee6-1394-4d2f-b6e5-adf96ab10e69)
2019-06-24 09:07:02.271 21660 RALLYDEBUG rally_openstack.cleanup.manager [-] Deleting neutron.port object s_rally_b274d9e9_ftjxRToP (70fa1f04-bd52-4da7-af86-efde75016f1c)
2019-06-24 09:07:02.523 21660 RALLYDEBUG rally_openstack.cleanup.manager [-] Deleting neutron.port object s_rally_b274d9e9_4Gqg8vlV (738d4bf9-7d39-46d2-a158-b171d07e799c)
2019-06-24 09:07:02.719 21660 RALLYDEBUG rally_openstack.cleanup.manager [-] Deleting neutron.port object s_rally_b274d9e9_0akhHuEq (755020a2-c855-4453-b66e-4a730aa6dcae)
2019-06-24 09:07:02.854 21660 RALLYDEBUG rally_openstack.cleanup.manager [-] Deleting neutron.port object s_rally_b274d9e9_H2WStiqv (756526d5-3cd6-488f-91db-1fa82d384695)
2019-06-24 09:07:02.861 21660 RALLYDEBUG rally_openstack.cleanup.manager [-] Deleting neutron.port object s_rally_b274d9e9_CJA7SiUN (75bc6f7e-eae7-4777-a04e-121b070b67f8)
2019-06-24 09:07:02.888 21660 RALLYDEBUG rally_openstack.cleanup.manager [-] Deleting neutron.port object s_rally_b274d9e9_Z0x9x0ZT (770d93ed-d4db-4a18-8088-05f40892f0cc)
2019-06-24 09:07:02.977 21660 RALLYDEBUG rally_openstack.cleanup.manager [-] Deleting neutron.port object s_rally_b274d9e9_AqmhNxvf (79ebf5ee-7554-4b6f-aa54-37298979b939)
2019-06-24 09:07:03.005 21660 RALLYDEBUG rally_openstack.cleanup.manager [-] Deleting neutron.port object s_rally_b274d9e9_qZxajTYM (7b091046-3167-49c3-a8c6-8db9112b7b49)
2019-06-24 09:07:03.034 21660 RALLYDEBUG rally_openstack.cleanup.manager [-] Deleting neutron.port object s_rally_b274d9e9_TWvK1nlS (7b1650c2-3ca9-488f-ada9-95cfe8dcceaa)
2019-06-24 09:07:03.140 21660 RALLYDEBUG rally_openstack.cleanup.manager [-] Deleting neutron.port object s_rally_b274d9e9_GxoQurLo (7d946551-9f17-4a16-a52c-5955dccf00d7)
2019-06-24 09:07:03.340 21660 RALLYDEBUG rally_openstack.cleanup.manager [-] Deleting neutron.port object s_rally_b274d9e9_2niLTJpv (7e177ef1-e8f7-481f-8d01-34637f858473)
2019-06-24 09:07:03.494 21660 RALLYDEBUG rally_openstack.cleanup.manager [-] Deleting neutron.port object s_rally_b274d9e9_T86tOotL (7ec81b14-416d-4bbb-8582-38bba0c05475)
2019-06-24 09:07:03.781 21660 RALLYDEBUG rally_openstack.cleanup.manager [-] Deleting neutron.port object s_rally_b274d9e9_RVND3ZkW (7fe27b79-f45c-423b-8b77-3c1fbbd34d0b)
2019-06-24 09:07:03.872 21660 RALLYDEBUG rally_openstack.cleanup.manager [-] Deleting neutron.port object s_rally_b274d9e9_BKQJ2CDW (81730a92-c470-48b2-8f60-293e50f6c7b3)
2019-06-24 09:07:03.896 21660 RALLYDEBUG rally_openstack.cleanup.manager [-] Deleting neutron.port object s_rally_b274d9e9_DtvlXfmA (82a09a80-fefd-4fe6-921f-7f48a48cc69b)
2019-06-24 09:07:03.930 21660 RALLYDEBUG rally_openstack.cleanup.manager [-] Deleting neutron.port object s_rally_b274d9e9_8PyOC3V8 (854b8581-0e54-4a52-83d8-31ad9121bf7f)
2019-06-24 09:07:03.943 21660 RALLYDEBUG rally_openstack.cleanup.manager [-] Deleting neutron.port object s_rally_b274d9e9_kNJPnvPI (8601e3c2-45a3-48ae-a664-a8048dad0d01)
2019-06-24 09:07:03.986 21660 RALLYDEBUG rally_openstack.cleanup.manager [-] Deleting neutron.port object s_rally_b274d9e9_4hn8X4rL (87153618-d76b-45f6-aef0-0892f89f5da6)
2019-06-24 09:07:04.141 21660 RALLYDEBUG rally_openstack.cleanup.manager [-] Deleting neutron.port object s_rally_b274d9e9_t66KG6Od (874d0369-e18b-44d7-b1f7-dac112603bce)
2019-06-24 09:07:04.296 21660 RALLYDEBUG rally_openstack.cleanup.manager [-] Deleting neutron.port object s_rally_b274d9e9_TJwrVTjA (8986f95c-1c18-4197-8d76-d5464876bfd5)
2019-06-24 09:07:04.474 21660 RALLYDEBUG rally_openstack.cleanup.manager [-] Deleting neutron.port object s_rally_b274d9e9_qCJIFBsX (8aa2bc1c-8473-4446-ba93-12210713e017)
2019-06-24 09:07:04.600 21660 RALLYDEBUG rally_openstack.cleanup.manager [-] Deleting neutron.port object s_rally_b274d9e9_fG67QO2C (8ce3a57f-45af-4725-ad0c-63b33029b4f0)
2019-06-24 09:07:04.714 21660 RALLYDEBUG rally_openstack.cleanup.manager [-] Deleting neutron.port object s_rally_b274d9e9_WRgrj61w (8d97bcc7-ef73-4733-82a8-60b9a2c6a68a)
2019-06-24 09:07:04.773 21660 RALLYDEBUG rally_openstack.cleanup.manager [-] Deleting neutron.port object s_rally_b274d9e9_6yd6VcKx (8eb1ebfd-0a23-42ec-90df-a41a7916fec5)
2019-06-24 09:07:04.864 21660 RALLYDEBUG rally_openstack.cleanup.manager [-] Deleting neutron.port object s_rally_b274d9e9_D1BwJb6t (8ef6b1d4-c517-42b3-9d53-28ccc572b8af)
2019-06-24 09:07:04.937 21660 RALLYDEBUG rally_openstack.cleanup.manager [-] Deleting neutron.port object s_rally_b274d9e9_LVqhQrTc (908aa7e6-101c-41e6-b21f-e0ab18bbca5f)
2019-06-24 09:07:04.996 21660 RALLYDEBUG rally_openstack.cleanup.manager [-] Deleting neutron.port object s_rally_b274d9e9_WF02PpvA (92602e7f-5f3c-40b8-9fc1-58217f4a76af)
2019-06-24 09:07:05.319 21660 RALLYDEBUG rally_openstack.cleanup.manager [-] Deleting neutron.port object s_rally_b274d9e9_KvSFfGcO (958b2e60-5720-4dea-8927-a0df91988bd7)
2019-06-24 09:07:05.457 21660 RALLYDEBUG rally_openstack.cleanup.manager [-] Deleting neutron.port object s_rally_b274d9e9_aKqXHFFs (97a31817-b13a-4d30-81a8-abe1c944bc4f)
2019-06-24 09:07:05.561 21660 RALLYDEBUG rally_openstack.cleanup.manager [-] Deleting neutron.port object s_rally_b274d9e9_pSe8CEGv (987e378b-9a68-49df-950b-3cf64f85b16a)
2019-06-24 09:07:05.654 21660 RALLYDEBUG rally_openstack.cleanup.manager [-] Deleting neutron.port object s_rally_b274d9e9_sNErbALU (99d30809-cd11-41c9-8a98-68fd2cdfa447)
2019-06-24 09:07:05.706 21660 RALLYDEBUG rally_openstack.cleanup.manager [-] Deleting neutron.port object s_rally_b274d9e9_s7XJ1tWf (9d1660fd-fd7b-4306-8e44-27b73aafebad)
2019-06-24 09:07:05.922 21660 RALLYDEBUG rally_openstack.cleanup.manager [-] Deleting neutron.port object s_rally_b274d9e9_2oxXXeUw (9ddae56c-a333-4cf2-8e6f-ab161f25de80)
2019-06-24 09:07:05.968 21660 RALLYDEBUG rally_openstack.cleanup.manager [-] Deleting neutron.port object s_rally_b274d9e9_nFEQUKHU (9ee10de2-a7a7-4e9e-880c-ec8dcfb684d9)
2019-06-24 09:07:06.007 21660 RALLYDEBUG rally_openstack.cleanup.manager [-] Deleting neutron.port object s_rally_b274d9e9_rvrM46Od (9efd69e1-d7a3-4aef-91ac-4c8b04a65e83)
2019-06-24 09:07:06.047 21660 RALLYDEBUG rally_openstack.cleanup.manager [-] Deleting neutron.port object s_rally_b274d9e9_1EC8I67u (9fc6c837-9fe4-422c-a282-b380e65f5b68)
2019-06-24 09:07:06.120 21660 RALLYDEBUG rally_openstack.cleanup.manager [-] Deleting neutron.port object s_rally_b274d9e9_MbEsLqa6 (a0462a3d-2787-458e-bd4e-8adbf0e91966)
2019-06-24 09:07:06.168 21660 RALLYDEBUG rally_openstack.cleanup.manager [-] Deleting neutron.port object s_rally_b274d9e9_KuI5tA7J (a3aa1de3-ee7e-40a7-874c-fa1b8ff238c1)
2019-06-24 09:07:06.289 21660 RALLYDEBUG rally_openstack.cleanup.manager [-] Deleting neutron.port object s_rally_b274d9e9_qS7uj50G (a464666f-913c-49f1-a0c4-a3f66097d04f)
2019-06-24 09:07:06.758 21660 RALLYDEBUG rally_openstack.cleanup.manager [-] Deleting neutron.port object s_rally_b274d9e9_peQKRa3y (a5f1b37e-6499-4738-b611-561cff7b3dc7)
2019-06-24 09:07:06.867 21660 RALLYDEBUG rally_openstack.cleanup.manager [-] Deleting neutron.port object s_rally_b274d9e9_rXq5Xt1H (a632fc5f-fe25-4c6f-a98e-a2faeb77c661)
2019-06-24 09:07:06.908 21660 RALLYDEBUG rally_openstack.cleanup.manager [-] Deleting neutron.port object s_rally_b274d9e9_Fk5okNFe (a85e7465-1436-4e39-bf39-087830142dc8)
2019-06-24 09:07:06.983 21660 RALLYDEBUG rally_openstack.cleanup.manager [-] Deleting neutron.port object s_rally_b274d9e9_xvMNPVjD (a9aa036f-c411-43f8-b0a0-1e3614584057)
2019-06-24 09:07:07.023 21660 RALLYDEBUG rally_openstack.cleanup.manager [-] Deleting neutron.port object s_rally_b274d9e9_IyWA0mZB (a9df3a70-f012-4d54-89d5-6f3be5461660)
2019-06-24 09:07:07.386 21660 RALLYDEBUG rally_openstack.cleanup.manager [-] Deleting neutron.port object s_rally_b274d9e9_ICQOgOSC (aad2be25-da86-427a-84f6-b054aaa9be86)
2019-06-24 09:07:07.388 21660 RALLYDEBUG rally_openstack.cleanup.manager [-] Deleting neutron.port object s_rally_b274d9e9_WXyUlmZ6 (ac80afc7-6cfb-45e9-8f74-1fab751b5421)
2019-06-24 09:07:07.609 21660 RALLYDEBUG rally_openstack.cleanup.manager [-] Deleting neutron.port object s_rally_b274d9e9_M5yImzXn (ac85ff07-3d47-460a-833c-e21c364ed2ba)
2019-06-24 09:07:07.628 21660 RALLYDEBUG rally_openstack.cleanup.manager [-] Deleting neutron.port object s_rally_b274d9e9_IPG6LOXl (ad3108d3-3adf-455a-bd5e-f76e1a8aa2b8)
2019-06-24 09:07:07.643 21660 RALLYDEBUG rally_openstack.cleanup.manager [-] Deleting neutron.port object s_rally_b274d9e9_zaCcrHR1 (aff0652a-d5c3-4f27-920f-bfad6ff11991)
2019-06-24 09:07:07.688 21660 RALLYDEBUG rally_openstack.cleanup.manager [-] Deleting neutron.port object s_rally_b274d9e9_JNsrnCQd (b2f497a3-b3d1-41b5-a582-8a6dae65608e)
2019-06-24 09:07:07.733 21660 RALLYDEBUG rally_openstack.cleanup.manager [-] Deleting neutron.port object s_rally_b274d9e9_VDHG7mRF (b344114e-0b70-44aa-8b57-34143ed08d1b)
2019-06-24 09:07:08.059 21660 RALLYDEBUG rally_openstack.cleanup.manager [-] Deleting neutron.port object s_rally_b274d9e9_4XDpES1A (b7b5e422-941d-4999-8eaf-7f7b99f6f423)
2019-06-24 09:07:08.100 21660 RALLYDEBUG rally_openstack.cleanup.manager [-] Deleting neutron.port object s_rally_b274d9e9_nOQpkRFs (b7bb8fe2-bf58-4afc-869d-665cb3dd9a7e)
2019-06-24 09:07:08.132 21660 RALLYDEBUG rally_openstack.cleanup.manager [-] Deleting neutron.port object s_rally_b274d9e9_BheSBIjq (b889d838-3e4e-41db-abac-c571f6eb795d)
2019-06-24 09:07:08.263 21660 RALLYDEBUG rally_openstack.cleanup.manager [-] Deleting neutron.port object s_rally_b274d9e9_EJtv5aUX (b9a767b1-4c5f-470a-ba6e-bbc8bc190e54)
2019-06-24 09:07:08.633 21660 RALLYDEBUG rally_openstack.cleanup.manager [-] Deleting neutron.port object s_rally_b274d9e9_qKWk4Kyt (bb2ae7cd-d245-4155-aea8-bdeeaf085456)
2019-06-24 09:07:08.749 21660 RALLYDEBUG rally_openstack.cleanup.manager [-] Deleting neutron.port object s_rally_b274d9e9_idTZoDvJ (bc1223f9-ce26-40b7-a661-a11cdb945309)
2019-06-24 09:07:08.781 21660 RALLYDEBUG rally_openstack.cleanup.manager [-] Deleting neutron.port object s_rally_b274d9e9_EHOgNzB4 (bc2911e2-3e9c-4965-aed7-f42f239721b9)
2019-06-24 09:07:08.969 21660 RALLYDEBUG rally_openstack.cleanup.manager [-] Deleting neutron.port object s_rally_b274d9e9_H3SKgwHg (bd00181a-d02a-42d0-bddb-27f1b77945c1)
2019-06-24 09:07:09.053 21660 RALLYDEBUG rally_openstack.cleanup.manager [-] Deleting neutron.port object s_rally_b274d9e9_AMd057mx (bd444422-2307-4dfe-8e98-b6509db91dc5)
2019-06-24 09:07:09.151 21660 RALLYDEBUG rally_openstack.cleanup.manager [-] Deleting neutron.port object s_rally_b274d9e9_Aa4Cyvu7 (c1227c6f-75a1-479c-a325-46e0e74d2b7b)
2019-06-24 09:07:09.169 21660 RALLYDEBUG rally_openstack.cleanup.manager [-] Deleting neutron.port object s_rally_b274d9e9_nNAWFqNC (c1bb7e44-679b-4e7e-a00c-04377e4b48fe)
2019-06-24 09:07:09.169 21660 RALLYDEBUG rally_openstack.cleanup.manager [-] Deleting neutron.port object s_rally_b274d9e9_T4QvrWV8 (c1d4a298-6225-48cc-aceb-dd1a224854b9)
2019-06-24 09:07:09.228 21660 RALLYDEBUG rally_openstack.cleanup.manager [-] Deleting neutron.port object s_rally_b274d9e9_4Z9DxOT5 (c3897672-3110-4f45-9ec5-15450e88158c)
2019-06-24 09:07:09.321 21660 RALLYDEBUG rally_openstack.cleanup.manager [-] Deleting neutron.port object s_rally_b274d9e9_4kI8tvUi (c4581f28-676c-4ebf-93b5-54cb5ed02f0b)
2019-06-24 09:07:09.542 21660 RALLYDEBUG rally_openstack.cleanup.manager [-] Deleting neutron.port object s_rally_b274d9e9_g3S3u9OO (c4949e49-614f-4610-8d0b-24784bab5bcc)
2019-06-24 09:07:09.589 21660 RALLYDEBUG rally_openstack.cleanup.manager [-] Deleting neutron.port object s_rally_b274d9e9_ARzh2UxI (c6cbbfd9-7e90-4894-b7ea-9c46c17d2e07)
2019-06-24 09:07:09.687 21660 RALLYDEBUG rally_openstack.cleanup.manager [-] Deleting neutron.port object s_rally_b274d9e9_URgFtIj0 (c92dbc51-cb3b-478d-a74c-c9815b4fa2a7)
2019-06-24 09:07:09.787 21660 RALLYDEBUG rally_openstack.cleanup.manager [-] Deleting neutron.port object s_rally_b274d9e9_qVvBxVvt (c93c598c-97e8-4c37-b226-d9dbfb57ef37)
2019-06-24 09:07:09.962 21660 RALLYDEBUG rally_openstack.cleanup.manager [-] Deleting neutron.port object s_rally_b274d9e9_qDmeanBd (ca270acf-4785-46b3-baca-41d094a52cff)
2019-06-24 09:07:09.985 21660 RALLYDEBUG rally_openstack.cleanup.manager [-] Deleting neutron.port object s_rally_b274d9e9_xyrHVAkB (cb5d5434-06cf-4057-8ca2-138729efe64d)
2019-06-24 09:07:10.087 21660 RALLYDEBUG rally_openstack.cleanup.manager [-] Deleting neutron.port object s_rally_b274d9e9_Q5ihK3yc (cb6594d3-0311-43ed-baf3-e013410aba76)
2019-06-24 09:07:10.185 21660 RALLYDEBUG rally_openstack.cleanup.manager [-] Deleting neutron.port object s_rally_b274d9e9_VywcpxRp (cc12023c-1f28-42b7-bc16-12c59362e936)
2019-06-24 09:07:10.234 21660 RALLYDEBUG rally_openstack.cleanup.manager [-] Deleting neutron.port object s_rally_b274d9e9_XlBH0aI2 (cc6cffba-028a-4875-81ee-89c53fe83bfb)
2019-06-24 09:07:10.266 21660 RALLYDEBUG rally_openstack.cleanup.manager [-] Deleting neutron.port object s_rally_b274d9e9_fFfJtlDq (cd291ba0-5320-49bc-8a0d-6b3399e9de29)
2019-06-24 09:07:10.586 21660 RALLYDEBUG rally_openstack.cleanup.manager [-] Deleting neutron.port object s_rally_b274d9e9_9k6Jl4Qc (cd6aa0e4-e1a3-45b4-8066-2b9a5bfa8eac)
2019-06-24 09:07:10.661 21660 RALLYDEBUG rally_openstack.cleanup.manager [-] Deleting neutron.port object s_rally_b274d9e9_TXmjqnSZ (cdb41481-61ad-429b-9d7d-c0a64908b51f)
2019-06-24 09:07:10.728 21660 RALLYDEBUG rally_openstack.cleanup.manager [-] Deleting neutron.port object s_rally_b274d9e9_q2TUhIAK (ce573446-d125-40ff-86d3-23bf3efbbfbc)
2019-06-24 09:07:11.074 21660 RALLYDEBUG rally_openstack.cleanup.manager [-] Deleting neutron.port object s_rally_b274d9e9_pdFTYgtf (d00e1f85-ecde-487f-87f5-ca5b6e434032)
2019-06-24 09:07:11.219 21660 RALLYDEBUG rally_openstack.cleanup.manager [-] Deleting neutron.port object s_rally_b274d9e9_9dQIUBrr (d0266bda-3efc-4b33-b35f-d9a93516705e)
2019-06-24 09:07:11.325 21660 RALLYDEBUG rally_openstack.cleanup.manager [-] Deleting neutron.port object s_rally_b274d9e9_DNLmo9Cr (d16aa497-fe82-4f31-b2f2-8bffdb004af7)
2019-06-24 09:07:11.340 21660 RALLYDEBUG rally_openstack.cleanup.manager [-] Deleting neutron.port object s_rally_b274d9e9_14zMYyUg (d22b2996-3b8b-4e41-921b-518ac96d6d69)
2019-06-24 09:07:11.458 21660 RALLYDEBUG rally_openstack.cleanup.manager [-] Deleting neutron.port object s_rally_b274d9e9_g3y5UnZu (d34d06c9-2f59-464d-95d5-292c406ba0d7)
2019-06-24 09:07:11.582 21660 RALLYDEBUG rally_openstack.cleanup.manager [-] Deleting neutron.port object s_rally_b274d9e9_xz5Nt6Ow (d5531355-e163-4fb4-8c82-6d86d5ca73cf)
2019-06-24 09:07:11.585 21660 RALLYDEBUG rally_openstack.cleanup.manager [-] Deleting neutron.port object s_rally_b274d9e9_Y2rEF01D (d8aef5c2-2260-48f0-97ff-58dcbc328882)
2019-06-24 09:07:11.634 21660 RALLYDEBUG rally_openstack.cleanup.manager [-] Deleting neutron.port object s_rally_b274d9e9_QWJKoX11 (d913512f-3d36-4bb8-8044-5086c637828f)
2019-06-24 09:07:11.814 21660 RALLYDEBUG rally_openstack.cleanup.manager [-] Deleting neutron.port object s_rally_b274d9e9_uuSJE6Fh (d936cf49-aeb2-4e29-af4a-12a5580cf366)
2019-06-24 09:07:11.852 21660 RALLYDEBUG rally_openstack.cleanup.manager [-] Deleting neutron.port object s_rally_b274d9e9_dcM2b3DA (d959560d-449d-406a-aebd-499e1300551b)
2019-06-24 09:07:11.925 21660 RALLYDEBUG rally_openstack.cleanup.manager [-] Deleting neutron.port object s_rally_b274d9e9_sWvyFhU1 (da9852bd-3438-4124-b933-c7834b7b4c68)
2019-06-24 09:07:12.259 21660 RALLYDEBUG rally_openstack.cleanup.manager [-] Deleting neutron.port object s_rally_b274d9e9_jVPVf8PJ (de1efe0c-48d4-4483-93e1-5a1dd893a945)
2019-06-24 09:07:12.317 21660 RALLYDEBUG rally_openstack.cleanup.manager [-] Deleting neutron.port object s_rally_b274d9e9_2l5HXjEc (df4e1bfa-bcd3-45b4-b59d-fb85ed945358)
2019-06-24 09:07:12.622 21660 RALLYDEBUG rally_openstack.cleanup.manager [-] Deleting neutron.port object s_rally_b274d9e9_h2n5iEbv (df605f6b-2fd5-47c7-acb0-485c263a6934)
2019-06-24 09:07:12.626 21660 RALLYDEBUG rally_openstack.cleanup.manager [-] Deleting neutron.port object s_rally_b274d9e9_t5HF3MTH (dfe0430a-caf4-4ade-8324-c10ef3e98061)
2019-06-24 09:07:12.636 21660 RALLYDEBUG rally_openstack.cleanup.manager [-] Deleting neutron.port object s_rally_b274d9e9_ievKF3zW (e016e69e-5369-4143-a5b3-c7a657a78797)
2019-06-24 09:07:12.730 21660 RALLYDEBUG rally_openstack.cleanup.manager [-] Deleting neutron.port object s_rally_b274d9e9_XjKluLEp (e1262541-cdf8-4d7a-beca-ffef214fbc86)
2019-06-24 09:07:12.940 21660 RALLYDEBUG rally_openstack.cleanup.manager [-] Deleting neutron.port object s_rally_b274d9e9_x14zpYru (e15702c5-002f-4a71-823e-71c6a1301927)
2019-06-24 09:07:13.160 21660 RALLYDEBUG rally_openstack.cleanup.manager [-] Deleting neutron.port object s_rally_b274d9e9_M6NlYe9C (e3ec5d22-aa91-4629-8230-916b88e87271)
2019-06-24 09:07:13.207 21660 RALLYDEBUG rally_openstack.cleanup.manager [-] Deleting neutron.port object s_rally_b274d9e9_Kmw5usck (e60f1754-5eaf-4be3-b380-510981843f36)
2019-06-24 09:07:13.229 21660 RALLYDEBUG rally_openstack.cleanup.manager [-] Deleting neutron.port object s_rally_b274d9e9_HdgUll0H (e6a2ad65-73cb-48c8-9b9f-129c83159618)
2019-06-24 09:07:13.285 21660 RALLYDEBUG rally_openstack.cleanup.manager [-] Deleting neutron.port object s_rally_b274d9e9_uS8MziDa (e8357fe3-6f29-41f9-8526-acc9257b5c78)
2019-06-24 09:07:13.376 21660 RALLYDEBUG rally_openstack.cleanup.manager [-] Deleting neutron.port object s_rally_b274d9e9_b4BLjiCp (ec390011-a64b-4468-bd75-22f64da7b5d9)
2019-06-24 09:07:13.441 21660 RALLYDEBUG rally_openstack.cleanup.manager [-] Deleting neutron.port object s_rally_b274d9e9_rmpkLCyd (ed0fb835-0c43-4ed6-94f8-b7841926fae8)
2019-06-24 09:07:13.470 21660 RALLYDEBUG rally_openstack.cleanup.manager [-] Deleting neutron.port object s_rally_b274d9e9_FutcU5jc (ef5202ee-a7ca-47f1-95e0-dcbff7436f86)
2019-06-24 09:07:13.512 21660 RALLYDEBUG rally_openstack.cleanup.manager [-] Deleting neutron.port object s_rally_b274d9e9_u2y8aDH4 (f0b9bacf-23f2-4823-b038-2a643120c993)
2019-06-24 09:07:13.849 21660 RALLYDEBUG rally_openstack.cleanup.manager [-] Deleting neutron.port object s_rally_b274d9e9_lGnXhf6u (f337db25-4b6c-4fd0-856c-64e757d54619)
2019-06-24 09:07:13.860 21660 RALLYDEBUG rally_openstack.cleanup.manager [-] Deleting neutron.port object s_rally_b274d9e9_B5N80210 (f4bc70a6-8a13-4c68-a380-953021e374c1)
2019-06-24 09:07:13.863 21660 RALLYDEBUG rally_openstack.cleanup.manager [-] Deleting neutron.port object s_rally_b274d9e9_WCLotA9x (fa088b9e-36ec-49a9-baac-bd0d97180ba4)
2019-06-24 09:07:14.053 21660 RALLYDEBUG rally_openstack.cleanup.manager [-] Deleting neutron.port object s_rally_b274d9e9_OqQG79Qj (fa8f9a48-1843-4ff2-85a4-82f95d17b7b9)
2019-06-24 09:07:14.125 21660 RALLYDEBUG rally_openstack.cleanup.manager [-] Deleting neutron.port object s_rally_b274d9e9_HxRnV39V (fb5d8145-15ee-4bcc-a07f-35c080a7a3b6)
2019-06-24 09:07:14.201 21660 RALLYDEBUG rally_openstack.cleanup.manager [-] Deleting neutron.port object s_rally_b274d9e9_d8PY3Pfu (fe76e498-df3e-41ae-b4ad-bf57b547e10f)
2019-06-24 09:07:16.422 21660 RALLYDEBUG rally_openstack.cleanup.manager [-] Cleaning up neutron subnet objects
2019-06-24 09:07:16.838 21660 RALLYDEBUG rally_openstack.cleanup.manager [-] Cleaning up neutron network objects
2019-06-24 09:07:17.384 21660 RALLYDEBUG rally_openstack.cleanup.manager [-] Deleting neutron.network object s_rally_b274d9e9_aeNZRXZk (08798eca-1f02-4e1b-a1fe-c67cb4354465)
2019-06-24 09:07:17.390 21660 RALLYDEBUG rally_openstack.cleanup.manager [-] Deleting neutron.network object s_rally_b274d9e9_GXAnng12 (0b3f354a-8b5a-4ced-9709-a2a99cdfacef)
2019-06-24 09:07:17.407 21660 RALLYDEBUG rally_openstack.cleanup.manager [-] Deleting neutron.network object s_rally_b274d9e9_88ykeCWA (0be22d38-6373-4cfe-954f-a60511f2bedd)
2019-06-24 09:07:17.429 21660 RALLYDEBUG rally_openstack.cleanup.manager [-] Deleting neutron.network object s_rally_b274d9e9_eyxwD3kB (24f185a6-4b6b-44dc-a4b7-e4111c66a7dc)
2019-06-24 09:07:17.429 21660 RALLYDEBUG rally_openstack.cleanup.manager [-] Deleting neutron.network object s_rally_b274d9e9_ZAVHXZGb (20947cbc-3639-43f2-b66d-b032924c89b9)
2019-06-24 09:07:17.442 21660 RALLYDEBUG rally_openstack.cleanup.manager [-] Deleting neutron.network object s_rally_b274d9e9_1Tmag3KN (2b6599a5-66b5-47db-9052-552214c7edf7)
2019-06-24 09:07:17.454 21660 RALLYDEBUG rally_openstack.cleanup.manager [-] Deleting neutron.network object s_rally_b274d9e9_9T0HIGQC (264b2602-a3a1-4a5d-865e-d36f3d77e8ea)
2019-06-24 09:07:17.455 21660 RALLYDEBUG rally_openstack.cleanup.manager [-] Deleting neutron.network object s_rally_b274d9e9_8nCb7yBL (2dcc39ca-86aa-459c-af3b-49b83ffeb790)
2019-06-24 09:07:17.512 21660 RALLYDEBUG rally_openstack.cleanup.manager [-] Deleting neutron.network object s_rally_b274d9e9_ZAjkfDIg (4a9b0c9a-466c-42a4-872e-48d62413ba4e)
2019-06-24 09:07:17.513 21660 RALLYDEBUG rally_openstack.cleanup.manager [-] Deleting neutron.network object s_rally_b274d9e9_jc2z34Cb (35270f28-864b-463c-b33a-7d48e3f03c10)
2019-06-24 09:07:17.535 21660 RALLYDEBUG rally_openstack.cleanup.manager [-] Deleting neutron.network object s_rally_b274d9e9_yTXc3th1 (48a76da2-c031-4508-b19a-b69c7c3c6498)
2019-06-24 09:07:17.563 21660 RALLYDEBUG rally_openstack.cleanup.manager [-] Deleting neutron.network object s_rally_b274d9e9_asyyO2zn (3d64d784-fd86-4d5c-9468-9c144bc9d0d6)
2019-06-24 09:07:17.568 21660 RALLYDEBUG rally_openstack.cleanup.manager [-] Deleting neutron.network object s_rally_b274d9e9_HPYEndn8 (6a80d1af-fa40-481a-98f4-b39fda0ae9a3)
2019-06-24 09:07:17.594 21660 RALLYDEBUG rally_openstack.cleanup.manager [-] Deleting neutron.network object s_rally_b274d9e9_C2HMogBh (5ab9abb2-780b-4e72-814a-226116d34aa5)
2019-06-24 09:07:17.599 21660 RALLYDEBUG rally_openstack.cleanup.manager [-] Deleting neutron.network object s_rally_b274d9e9_ZKx4iNLq (681adc67-7a70-4ec0-ad65-035c4c5f081f)
2019-06-24 09:07:17.614 21660 RALLYDEBUG rally_openstack.cleanup.manager [-] Deleting neutron.network object s_rally_b274d9e9_GjWn22ng (6cd79ef6-098e-4458-8d77-034a147d1d23)
2019-06-24 09:07:17.648 21660 RALLYDEBUG rally_openstack.cleanup.manager [-] Deleting neutron.network object s_rally_b274d9e9_XARH6znD (60f19ad5-fa69-49cc-99fc-4656d3be747e)
2019-06-24 09:07:17.643 21660 RALLYDEBUG rally_openstack.cleanup.manager [-] Deleting neutron.network object s_rally_b274d9e9_r1RLoeZU (723243ac-a9ea-4152-8433-60fde7f8c2e4)
2019-06-24 09:07:17.672 21660 RALLYDEBUG rally_openstack.cleanup.manager [-] Deleting neutron.network object s_rally_b274d9e9_TEqnMAYu (5e212378-0935-480e-ad3e-273af1cee462)
2019-06-24 09:07:17.701 21660 RALLYDEBUG rally_openstack.cleanup.manager [-] Deleting neutron.network object s_rally_b274d9e9_tCDKwOzA (706b8ec3-270d-4611-87b7-9d39b6cecd4c)
2019-06-24 09:07:19.982 21660 RALLYDEBUG rally_openstack.cleanup.manager [-] Deleting neutron.network object s_rally_b274d9e9_n8QI5Uuu (7728e5ed-c05c-45fc-ac28-41d4c1bbf6c0)
2019-06-24 09:07:19.990 21660 RALLYDEBUG rally_openstack.cleanup.manager [-] Deleting neutron.network object s_rally_b274d9e9_B15oaBnw (78fe7e7f-dcfb-4bae-a700-a5a1fb9af8d3)
2019-06-24 09:07:19.998 21660 RALLYDEBUG rally_openstack.cleanup.manager [-] Deleting neutron.network object s_rally_b274d9e9_uio7C8Ld (8a51d384-0d24-45f9-a6e4-4020f451202f)
2019-06-24 09:07:20.052 21660 RALLYDEBUG rally_openstack.cleanup.manager [-] Deleting neutron.network object s_rally_b274d9e9_ifKNvF0D (8b0ad1bf-2770-435b-970b-605f3078d7f1)
2019-06-24 09:07:20.260 21660 RALLYDEBUG rally_openstack.cleanup.manager [-] Deleting neutron.network object s_rally_b274d9e9_UKv5ZqTz (90468442-4bcc-4b19-8733-174d6c742dcc)
2019-06-24 09:07:20.294 21660 RALLYDEBUG rally_openstack.cleanup.manager [-] Deleting neutron.network object s_rally_b274d9e9_U6pZAjpn (91eab9bf-7af1-4ab7-999b-4389275e0741)
2019-06-24 09:07:20.313 21660 RALLYDEBUG rally_openstack.cleanup.manager [-] Deleting neutron.network object s_rally_b274d9e9_Rc17J5f9 (96041158-0fc3-44df-b563-28398ca6efc2)
2019-06-24 09:07:20.372 21660 RALLYDEBUG rally_openstack.cleanup.manager [-] Deleting neutron.network object s_rally_b274d9e9_ANVtLd8u (9b48f209-6723-4ae3-9487-1c52cf4e0739)
2019-06-24 09:07:20.384 21660 RALLYDEBUG rally_openstack.cleanup.manager [-] Deleting neutron.network object s_rally_b274d9e9_MDGTfcKn (aa642243-96eb-4650-a859-401184d58b45)
2019-06-24 09:07:20.384 21660 RALLYDEBUG rally_openstack.cleanup.manager [-] Deleting neutron.network object s_rally_b274d9e9_gZ17O4oG (a248756a-25d8-4219-ad00-34b6735a1d58)
2019-06-24 09:07:20.680 21660 RALLYDEBUG rally_openstack.cleanup.manager [-] Deleting neutron.network object s_rally_b274d9e9_zGa1V3GR (ba763535-b991-45fc-ac65-7c92b9161849)
2019-06-24 09:07:20.681 21660 RALLYDEBUG rally_openstack.cleanup.manager [-] Deleting neutron.network object s_rally_b274d9e9_JxABzWGw (bbadf41d-d129-4a91-a34b-6ef83e47cf77)
2019-06-24 09:07:20.706 21660 RALLYDEBUG rally_openstack.cleanup.manager [-] Deleting neutron.network object s_rally_b274d9e9_6t9Q029I (cde5ec7a-0f3c-4567-bf15-8ef7b92f0b51)
2019-06-24 09:07:20.736 21660 RALLYDEBUG rally_openstack.cleanup.manager [-] Deleting neutron.network object s_rally_b274d9e9_MywhdJNp (d456bf35-a05e-4e14-90ff-725d273c1093)
2019-06-24 09:07:20.747 21660 RALLYDEBUG rally_openstack.cleanup.manager [-] Deleting neutron.network object s_rally_b274d9e9_6m0kd8lu (d6b90065-ac19-400b-b2eb-7304567f2a42)
2019-06-24 09:07:20.776 21660 RALLYDEBUG rally_openstack.cleanup.manager [-] Deleting neutron.network object s_rally_b274d9e9_G4EkNK0D (d9e3bedf-39a6-42f1-96d7-c4cff3fb6290)
2019-06-24 09:07:20.848 21660 RALLYDEBUG rally_openstack.cleanup.manager [-] Deleting neutron.network object s_rally_b274d9e9_ipv6nZyP (dcb3fec8-f258-4590-92b4-0501eb562613)
2019-06-24 09:07:20.989 21660 RALLYDEBUG rally_openstack.cleanup.manager [-] Deleting neutron.network object s_rally_b274d9e9_m75EgOmN (ef6a954d-0604-4f8d-ac60-d02e6169c820)
2019-06-24 09:07:21.009 21660 RALLYDEBUG rally_openstack.cleanup.manager [-] Deleting neutron.network object s_rally_b274d9e9_jZPhn3AR (ef6ad43b-7ea3-48c3-a3f8-ad359b29ed6f)
2019-06-24 09:07:21.079 21660 RALLYDEBUG rally_openstack.cleanup.manager [-] Deleting neutron.network object s_rally_b274d9e9_2NHRK3VO (f3f49131-d98d-4771-9e3c-3d5ce9534abf)
2019-06-24 09:07:23.970 21660 RALLYDEBUG rally_openstack.cleanup.manager [-] Cleaning up neutron router objects
2019-06-24 09:07:24.427 21660 RALLYDEBUG rally_openstack.cleanup.manager [-] Cleaning up neutron security_group objects
2019-06-24 09:07:24.867 21660 INFO rally.task.context [-] Task 87c3fd00-85dd-452e-924e-85f0efa787a5 | Context cleanup@openstack cleanup() finished in 35.00 sec
2019-06-24 09:07:24.867 21660 INFO rally.task.context [-] Task 87c3fd00-85dd-452e-924e-85f0efa787a5 | Context quotas@openstack cleanup() started
2019-06-24 09:07:24.938 21660 INFO rally.task.context [-] Task 87c3fd00-85dd-452e-924e-85f0efa787a5 | Context quotas@openstack cleanup() finished in 71.42 msec
2019-06-24 09:07:24.939 21660 INFO rally.task.context [-] Task 87c3fd00-85dd-452e-924e-85f0efa787a5 | Context users@openstack cleanup() started
2019-06-24 09:07:27.627 21660 INFO rally.task.context [-] Task 87c3fd00-85dd-452e-924e-85f0efa787a5 | Context users@openstack cleanup() finished in 2.69 sec
2019-06-24 09:07:29.452 21660 INFO rally.task.engine [-] Load duration is: 23.989583
2019-06-24 09:07:29.453 21660 INFO rally.task.engine [-] Full runner duration is: 24.049022
2019-06-24 09:07:29.453 21660 INFO rally.task.engine [-] Full duration is: 64.644303
2019-06-24 09:07:29.784 21660 INFO rally.task.engine [-] Running workload: position = 2 config = { "version": 2, "title": "A cropped version of a bigger task.", "description": "Auto-generated task from a single workload (uuid=02ea35df-6bda-4fd2-b5e7-62f0677ec4bb)", "subtasks": [ { "title": "NeutronNetworks.create_and_delete_ports", "description": "Create and delete a port.", "scenario": { "NeutronNetworks.create_and_delete_ports": { "network_create_args": {}, "port_create_args": {}, "ports_per_network": 5 } }, "contexts": { "users": { "tenants": 1, "users_per_tenant": 1 }, "quotas": { "neutron": { "network": -1, "port": -1 } } }, "runner": { "constant": { "times": 40, "concurrency": 20 } }, "hooks": [], "sla": { "failure_rate": { "max": 0 } } } ] }
2019-06-24 09:07:29.809 21660 RALLYDEBUG rally_openstack.contexts.keystone.users [-] Creating 1 tenants using 20 threads
2019-06-24 09:07:30.735 21660 RALLYDEBUG rally_openstack.contexts.keystone.users [-] Creating 1 users using 20 threads
2019-06-24 09:07:32.090 21660 INFO rally.task.context [-] Task 87c3fd00-85dd-452e-924e-85f0efa787a5 | Context users@openstack setup() finished in 2.28 sec
2019-06-24 09:07:32.555 21660 INFO rally.task.context [-] Task 87c3fd00-85dd-452e-924e-85f0efa787a5 | Context quotas@openstack setup() finished in 0.46 sec
2019-06-24 09:07:32.556 21660 INFO rally.task.context [-] Task 87c3fd00-85dd-452e-924e-85f0efa787a5 | Context cleanup@openstack setup() finished in 0.01 msec
2019-06-24 09:07:32.565 21660 RALLYDEBUG rally.task.runner [-] Starting the constant runner (task UUID: 87c3fd00-85dd-452e-924e-85f0efa787a5). timeout: 0 concurrency: 20 concurrency_per_worker: 1 times: 40 concurrency_overhead: 4 processes_to_start: 16 max_cpu_used: 16
2019-06-24 09:07:32.580 25906 RALLYDEBUG rally.task.runner [-] Starting a worker. concurrency: 2 args: {"network_create_args": {}, "port_create_args": {}, "ports_per_network": 5} times: 40 method_name: run timeout: 0 duration: None cls:
2019-06-24 09:07:32.582 25907 RALLYDEBUG rally.task.runner [-] Starting a worker. concurrency: 2 args: {"network_create_args": {}, "port_create_args": {}, "ports_per_network": 5} times: 40 method_name: run timeout: 0 duration: None cls:
2019-06-24 09:07:32.586 25908 RALLYDEBUG rally.task.runner [-] Starting a worker. concurrency: 2 args: {"network_create_args": {}, "port_create_args": {}, "ports_per_network": 5} times: 40 method_name: run timeout: 0 duration: None cls:
2019-06-24 09:07:32.589 25909 RALLYDEBUG rally.task.runner [-] Starting a worker. concurrency: 2 args: {"network_create_args": {}, "port_create_args": {}, "ports_per_network": 5} times: 40 method_name: run timeout: 0 duration: None cls:
2019-06-24 09:07:32.590 25907 INFO rally.task.runner [-] Task 87c3fd00-85dd-452e-924e-85f0efa787a5 | ITER: 2 START
2019-06-24 09:07:32.590 25906 INFO rally.task.runner [-] Task 87c3fd00-85dd-452e-924e-85f0efa787a5 | ITER: 1 START
2019-06-24 09:07:32.592 25906 INFO rally.task.runner [-] Task 87c3fd00-85dd-452e-924e-85f0efa787a5 | ITER: 3 START
2019-06-24 09:07:32.593 25910 RALLYDEBUG rally.task.runner [-] Starting a worker. concurrency: 1 args: {"network_create_args": {}, "port_create_args": {}, "ports_per_network": 5} times: 40 method_name: run timeout: 0 duration: None cls:
2019-06-24 09:07:32.593 25906 WARNING rally_openstack.scenarios.neutron.utils [-] Running this scenario without either the 'network' or 'existing_network' context is deprecated
2019-06-24 09:07:32.593 25907 WARNING rally_openstack.scenarios.neutron.utils [-] Running this scenario without either the 'network' or 'existing_network' context is deprecated
2019-06-24 09:07:32.594 25908 INFO rally.task.runner [-] Task 87c3fd00-85dd-452e-924e-85f0efa787a5 | ITER: 4 START
2019-06-24 09:07:32.597 25909 INFO rally.task.runner [-] Task 87c3fd00-85dd-452e-924e-85f0efa787a5 | ITER: 6 START
2019-06-24 09:07:32.597 25916 RALLYDEBUG rally.task.runner [-] Starting a worker. concurrency: 1 args: {"network_create_args": {}, "port_create_args": {}, "ports_per_network": 5} times: 40 method_name: run timeout: 0 duration: None cls:
2019-06-24 09:07:32.599 25909 WARNING rally_openstack.scenarios.neutron.utils [-] Running this scenario without either the 'network' or 'existing_network' context is deprecated
2019-06-24 09:07:32.599 25908 WARNING rally_openstack.scenarios.neutron.utils [-] Running this scenario without either the 'network' or 'existing_network' context is deprecated
2019-06-24 09:07:32.600 25910 INFO rally.task.runner [-] Task 87c3fd00-85dd-452e-924e-85f0efa787a5 | ITER: 8 START
2019-06-24 09:07:32.602 25910 WARNING rally_openstack.scenarios.neutron.utils [-] Running this scenario without either the 'network' or 'existing_network' context is deprecated
2019-06-24 09:07:32.594 25906 WARNING rally_openstack.scenarios.neutron.utils [-] Running this scenario without either the 'network' or 'existing_network' context is deprecated
2019-06-24 09:07:32.603 25921 RALLYDEBUG rally.task.runner [-] Starting a worker. concurrency: 1 args: {"network_create_args": {}, "port_create_args": {}, "ports_per_network": 5} times: 40 method_name: run timeout: 0 duration: None cls:
2019-06-24 09:07:32.604 25916 INFO rally.task.runner [-] Task 87c3fd00-85dd-452e-924e-85f0efa787a5 | ITER: 10 START
2019-06-24 09:07:32.606 25916 WARNING rally_openstack.scenarios.neutron.utils [-] Running this scenario without either the 'network' or 'existing_network' context is deprecated
2019-06-24 09:07:32.611 25921 INFO rally.task.runner [-] Task 87c3fd00-85dd-452e-924e-85f0efa787a5 | ITER: 11 START
2019-06-24 09:07:32.610 25928 RALLYDEBUG rally.task.runner [-] Starting a worker. concurrency: 1 args: {"network_create_args": {}, "port_create_args": {}, "ports_per_network": 5} times: 40 method_name: run timeout: 0 duration: None cls:
2019-06-24 09:07:32.613 25921 WARNING rally_openstack.scenarios.neutron.utils [-] Running this scenario without either the 'network' or 'existing_network' context is deprecated
2019-06-24 09:07:32.606 25908 INFO rally.task.runner [-] Task 87c3fd00-85dd-452e-924e-85f0efa787a5 | ITER: 7 START
2019-06-24 09:07:32.613 25907 INFO rally.task.runner [-] Task 87c3fd00-85dd-452e-924e-85f0efa787a5 | ITER: 5 START
2019-06-24 09:07:32.614 25908 WARNING rally_openstack.scenarios.neutron.utils [-] Running this scenario without either the 'network' or 'existing_network' context is deprecated
2019-06-24 09:07:32.614 25907 WARNING rally_openstack.scenarios.neutron.utils [-] Running this scenario without either the 'network' or 'existing_network' context is deprecated
2019-06-24 09:07:32.616 25909 INFO rally.task.runner [-] Task 87c3fd00-85dd-452e-924e-85f0efa787a5 | ITER: 9 START
2019-06-24 09:07:32.618 25909 WARNING rally_openstack.scenarios.neutron.utils [-] Running this scenario without either the 'network' or 'existing_network' context is deprecated
2019-06-24 09:07:32.619 25931 RALLYDEBUG rally.task.runner [-] Starting a worker. concurrency: 1 args: {"network_create_args": {}, "port_create_args": {}, "ports_per_network": 5} times: 40 method_name: run timeout: 0 duration: None cls:
2019-06-24 09:07:32.619 25928 INFO rally.task.runner [-] Task 87c3fd00-85dd-452e-924e-85f0efa787a5 | ITER: 12 START
2019-06-24 09:07:32.621 25928 WARNING rally_openstack.scenarios.neutron.utils [-] Running this scenario without either the 'network' or 'existing_network' context is deprecated
2019-06-24 09:07:32.624 25935 RALLYDEBUG rally.task.runner [-] Starting a worker. concurrency: 1 args: {"network_create_args": {}, "port_create_args": {}, "ports_per_network": 5} times: 40 method_name: run timeout: 0 duration: None cls:
2019-06-24 09:07:32.625 25931 INFO rally.task.runner [-] Task 87c3fd00-85dd-452e-924e-85f0efa787a5 | ITER: 13 START
2019-06-24 09:07:32.628 25931 WARNING rally_openstack.scenarios.neutron.utils [-] Running this scenario without either the 'network' or 'existing_network' context is deprecated
2019-06-24 09:07:32.633 25935 INFO rally.task.runner [-] Task 87c3fd00-85dd-452e-924e-85f0efa787a5 | ITER: 14 START
2019-06-24 09:07:32.635 25935 WARNING rally_openstack.scenarios.neutron.utils [-] Running this scenario without either the 'network' or 'existing_network' context is deprecated
2019-06-24 09:07:32.638 25938 RALLYDEBUG rally.task.runner [-] Starting a worker. concurrency: 1 args: {"network_create_args": {}, "port_create_args": {}, "ports_per_network": 5} times: 40 method_name: run timeout: 0 duration: None cls:
2019-06-24 09:07:32.645 25938 INFO rally.task.runner [-] Task 87c3fd00-85dd-452e-924e-85f0efa787a5 | ITER: 15 START
2019-06-24 09:07:32.647 25938 WARNING rally_openstack.scenarios.neutron.utils [-] Running this scenario without either the 'network' or 'existing_network' context is deprecated
2019-06-24 09:07:32.647 25941 RALLYDEBUG rally.task.runner [-] Starting a worker. concurrency: 1 args: {"network_create_args": {}, "port_create_args": {}, "ports_per_network": 5} times: 40 method_name: run timeout: 0 duration: None cls:
2019-06-24 09:07:32.652 25941 INFO rally.task.runner [-] Task 87c3fd00-85dd-452e-924e-85f0efa787a5 | ITER: 16 START
2019-06-24 09:07:32.654 25941 WARNING rally_openstack.scenarios.neutron.utils [-] Running this scenario without either the 'network' or 'existing_network' context is deprecated
2019-06-24 09:07:32.653 25944 RALLYDEBUG rally.task.runner [-] Starting a worker. concurrency: 1 args: {"network_create_args": {}, "port_create_args": {}, "ports_per_network": 5} times: 40 method_name: run timeout: 0 duration: None cls:
2019-06-24 09:07:32.656 25945 RALLYDEBUG rally.task.runner [-] Starting a worker. concurrency: 1 args: {"network_create_args": {}, "port_create_args": {}, "ports_per_network": 5} times: 40 method_name: run timeout: 0 duration: None cls:
2019-06-24 09:07:32.660 25944 INFO rally.task.runner [-] Task 87c3fd00-85dd-452e-924e-85f0efa787a5 | ITER: 17 START
2019-06-24 09:07:32.661 25948 RALLYDEBUG rally.task.runner [-] Starting a worker. concurrency: 1 args: {"network_create_args": {}, "port_create_args": {}, "ports_per_network": 5} times: 40 method_name: run timeout: 0 duration: None cls:
2019-06-24 09:07:32.661 25945 INFO rally.task.runner [-] Task 87c3fd00-85dd-452e-924e-85f0efa787a5 | ITER: 18 START
2019-06-24 09:07:32.662 25944 WARNING rally_openstack.scenarios.neutron.utils [-] Running this scenario without either the 'network' or 'existing_network' context is deprecated
2019-06-24 09:07:32.663 25945 WARNING rally_openstack.scenarios.neutron.utils [-] Running this scenario without either the 'network' or 'existing_network' context is deprecated
2019-06-24 09:07:32.666 25948 INFO rally.task.runner [-] Task 87c3fd00-85dd-452e-924e-85f0efa787a5 | ITER: 19 START
2019-06-24 09:07:32.666 25952 RALLYDEBUG rally.task.runner [-] Starting a worker. concurrency: 1 args: {"network_create_args": {}, "port_create_args": {}, "ports_per_network": 5} times: 40 method_name: run timeout: 0 duration: None cls:
2019-06-24 09:07:32.667 25948 WARNING rally_openstack.scenarios.neutron.utils [-] Running this scenario without either the 'network' or 'existing_network' context is deprecated
2019-06-24 09:07:32.670 25952 INFO rally.task.runner [-] Task 87c3fd00-85dd-452e-924e-85f0efa787a5 | ITER: 20 START
2019-06-24 09:07:32.671 25952 WARNING rally_openstack.scenarios.neutron.utils [-] Running this scenario without either the 'network' or 'existing_network' context is deprecated
2019-06-24 09:07:42.242 25907 INFO rally.task.runner [-] Task 87c3fd00-85dd-452e-924e-85f0efa787a5 | ITER: 2 END: OK
2019-06-24 09:07:42.246 25907 INFO rally.task.runner [-] Task 87c3fd00-85dd-452e-924e-85f0efa787a5 | ITER: 21 START
2019-06-24 09:07:42.247 25907 WARNING rally_openstack.scenarios.neutron.utils [-] Running this scenario without either the 'network' or 'existing_network' context is deprecated
2019-06-24 09:07:42.519 25906 INFO rally.task.runner [-] Task 87c3fd00-85dd-452e-924e-85f0efa787a5 | ITER: 1 END: OK
2019-06-24 09:07:42.524 25906 INFO rally.task.runner [-] Task 87c3fd00-85dd-452e-924e-85f0efa787a5 | ITER: 22 START
2019-06-24 09:07:42.525 25906 WARNING rally_openstack.scenarios.neutron.utils [-] Running this scenario without either the 'network' or 'existing_network' context is deprecated
2019-06-24 09:07:42.839 25906 INFO rally.task.runner [-] Task 87c3fd00-85dd-452e-924e-85f0efa787a5 | ITER: 3 END: OK
2019-06-24 09:07:42.843 25906 INFO rally.task.runner [-] Task 87c3fd00-85dd-452e-924e-85f0efa787a5 | ITER: 23 START
2019-06-24 09:07:42.844 25906 WARNING rally_openstack.scenarios.neutron.utils [-] Running this scenario without either the 'network' or 'existing_network' context is deprecated
2019-06-24 09:07:42.851 25908 INFO rally.task.runner [-] Task 87c3fd00-85dd-452e-924e-85f0efa787a5 | ITER: 4 END: OK
2019-06-24 09:07:42.855 25908 INFO rally.task.runner [-] Task 87c3fd00-85dd-452e-924e-85f0efa787a5 | ITER: 24 START
2019-06-24 09:07:42.856 25908 WARNING rally_openstack.scenarios.neutron.utils [-] Running this scenario without either the 'network' or 'existing_network' context is deprecated
2019-06-24 09:07:42.894 25931 INFO rally.task.runner [-] Task 87c3fd00-85dd-452e-924e-85f0efa787a5 | ITER: 13 END: OK
2019-06-24 09:07:42.898 25931 INFO rally.task.runner [-] Task 87c3fd00-85dd-452e-924e-85f0efa787a5 | ITER: 25 START
2019-06-24 09:07:42.899 25931 WARNING rally_openstack.scenarios.neutron.utils [-] Running this scenario without either the 'network' or 'existing_network' context is deprecated
2019-06-24 09:07:43.204 25938 INFO rally.task.runner [-] Task 87c3fd00-85dd-452e-924e-85f0efa787a5 | ITER: 15 END: OK
2019-06-24 09:07:43.208 25938 INFO rally.task.runner [-] Task 87c3fd00-85dd-452e-924e-85f0efa787a5 | ITER: 26 START
2019-06-24 09:07:43.209 25938 WARNING rally_openstack.scenarios.neutron.utils [-] Running this scenario without either the 'network' or 'existing_network' context is deprecated
2019-06-24 09:07:43.419 25941 INFO rally.task.runner [-] Task 87c3fd00-85dd-452e-924e-85f0efa787a5 | ITER: 16 END: OK
2019-06-24 09:07:43.423 25941 INFO rally.task.runner [-] Task 87c3fd00-85dd-452e-924e-85f0efa787a5 | ITER: 27 START
2019-06-24 09:07:43.424 25941 WARNING rally_openstack.scenarios.neutron.utils [-] Running this scenario without either the 'network' or 'existing_network' context is deprecated
2019-06-24 09:07:43.604 25952 INFO rally.task.runner [-] Task 87c3fd00-85dd-452e-924e-85f0efa787a5 | ITER: 20 END: OK
2019-06-24 09:07:43.608 25952 INFO rally.task.runner [-] Task 87c3fd00-85dd-452e-924e-85f0efa787a5 | ITER: 28 START
2019-06-24 09:07:43.609 25952 WARNING rally_openstack.scenarios.neutron.utils [-] Running this scenario without either the 'network' or 'existing_network' context is deprecated
2019-06-24 09:07:44.198 25916 INFO rally.task.runner [-] Task 87c3fd00-85dd-452e-924e-85f0efa787a5 | ITER: 10 END: OK
2019-06-24 09:07:44.203 25916 INFO rally.task.runner [-] Task 87c3fd00-85dd-452e-924e-85f0efa787a5 | ITER: 29 START
2019-06-24 09:07:44.204 25916 WARNING rally_openstack.scenarios.neutron.utils [-] Running this scenario without either the 'network' or 'existing_network' context is deprecated
2019-06-24 09:07:45.083 25935 INFO rally.task.runner [-] Task 87c3fd00-85dd-452e-924e-85f0efa787a5 | ITER: 14 END: OK
2019-06-24 09:07:45.087 25935 INFO rally.task.runner [-] Task 87c3fd00-85dd-452e-924e-85f0efa787a5 | ITER: 30 START
2019-06-24 09:07:45.088 25935 WARNING rally_openstack.scenarios.neutron.utils [-] Running this scenario without either the 'network' or 'existing_network' context is deprecated
2019-06-24 09:07:45.103 25944 INFO rally.task.runner [-] Task 87c3fd00-85dd-452e-924e-85f0efa787a5 | ITER: 17 END: OK
2019-06-24 09:07:45.108 25944 INFO rally.task.runner [-] Task 87c3fd00-85dd-452e-924e-85f0efa787a5 | ITER: 31 START
2019-06-24 09:07:45.109 25944 WARNING rally_openstack.scenarios.neutron.utils [-] Running this scenario without either the 'network' or 'existing_network' context is deprecated
2019-06-24 09:07:45.137 25909 INFO rally.task.runner [-] Task 87c3fd00-85dd-452e-924e-85f0efa787a5 | ITER: 6 END: OK
2019-06-24 09:07:45.142 25909 INFO rally.task.runner [-] Task 87c3fd00-85dd-452e-924e-85f0efa787a5 | ITER: 32 START
2019-06-24 09:07:45.142 25909 WARNING rally_openstack.scenarios.neutron.utils [-] Running this scenario without either the 'network' or 'existing_network' context is deprecated
2019-06-24 09:07:45.415 25945 INFO rally.task.runner [-] Task 87c3fd00-85dd-452e-924e-85f0efa787a5 | ITER: 18 END: OK
2019-06-24 09:07:45.420 25945 INFO rally.task.runner [-] Task 87c3fd00-85dd-452e-924e-85f0efa787a5 | ITER: 33 START
2019-06-24 09:07:45.421 25945 WARNING rally_openstack.scenarios.neutron.utils [-] Running this scenario without either the 'network' or 'existing_network' context is deprecated
2019-06-24 09:07:45.566 25908 INFO rally.task.runner [-] Task 87c3fd00-85dd-452e-924e-85f0efa787a5 | ITER: 7 END: OK
2019-06-24 09:07:45.573 25908 INFO rally.task.runner [-] Task 87c3fd00-85dd-452e-924e-85f0efa787a5 | ITER: 34 START
2019-06-24 09:07:45.574 25908 WARNING rally_openstack.scenarios.neutron.utils [-] Running this scenario without either the 'network' or 'existing_network' context is deprecated
2019-06-24 09:07:45.584 25907 INFO rally.task.runner [-] Task 87c3fd00-85dd-452e-924e-85f0efa787a5 | ITER: 5 END: OK
2019-06-24 09:07:45.589 25907 INFO rally.task.runner [-] Task 87c3fd00-85dd-452e-924e-85f0efa787a5 | ITER: 35 START
2019-06-24 09:07:45.590 25907 WARNING rally_openstack.scenarios.neutron.utils [-] Running this scenario without either the 'network' or 'existing_network' context is deprecated
2019-06-24 09:07:46.148 25928 INFO rally.task.runner [-] Task 87c3fd00-85dd-452e-924e-85f0efa787a5 | ITER: 12 END: OK
2019-06-24 09:07:46.153 25928 INFO rally.task.runner [-] Task 87c3fd00-85dd-452e-924e-85f0efa787a5 | ITER: 36 START
2019-06-24 09:07:46.154 25928 WARNING rally_openstack.scenarios.neutron.utils [-] Running this scenario without either the 'network' or 'existing_network' context is deprecated
2019-06-24 09:07:46.336 25948 INFO rally.task.runner [-] Task 87c3fd00-85dd-452e-924e-85f0efa787a5 | ITER: 19 END: OK
2019-06-24 09:07:46.340 25948 INFO rally.task.runner [-] Task 87c3fd00-85dd-452e-924e-85f0efa787a5 | ITER: 37 START
2019-06-24 09:07:46.341 25948 WARNING rally_openstack.scenarios.neutron.utils [-] Running this scenario without either the 'network' or 'existing_network' context is deprecated
2019-06-24 09:07:46.421 25909 INFO rally.task.runner [-] Task 87c3fd00-85dd-452e-924e-85f0efa787a5 | ITER: 9 END: OK
2019-06-24 09:07:46.425 25909 INFO rally.task.runner [-] Task 87c3fd00-85dd-452e-924e-85f0efa787a5 | ITER: 38 START
2019-06-24 09:07:46.426 25909 WARNING rally_openstack.scenarios.neutron.utils [-] Running this scenario without either the 'network' or 'existing_network' context is deprecated
