2019-06-24 08:53:44.466 21651 RALLYDEBUG rally.api [-] INFO logs from urllib3 and requests module are hide.
2019-06-24 08:53:44.466 21651 RALLYDEBUG rally.api [-] urllib3 insecure warnings are hidden.
2019-06-24 08:53:44.466 21651 RALLYDEBUG rally.api [-] ERROR log from boto module is hide.
2019-06-24 08:53:46.884 21653 RALLYDEBUG rally.api [-] INFO logs from urllib3 and requests module are hide.
2019-06-24 08:53:46.884 21653 RALLYDEBUG rally.api [-] urllib3 insecure warnings are hidden.
2019-06-24 08:53:46.885 21653 RALLYDEBUG rally.api [-] ERROR log from boto module is hide.
2019-06-24 08:53:48.208 21653 WARNING rally_openstack.platforms.existing [-] endpoint is deprecated and not used.
2019-06-24 08:53:49.300 21655 RALLYDEBUG rally.api [-] INFO logs from urllib3 and requests module are hide.
2019-06-24 08:53:49.301 21655 RALLYDEBUG rally.api [-] urllib3 insecure warnings are hidden.
2019-06-24 08:53:49.301 21655 RALLYDEBUG rally.api [-] ERROR log from boto module is hide.
2019-06-24 08:53:52.589 21658 RALLYDEBUG rally.api [-] INFO logs from urllib3 and requests module are hide.
2019-06-24 08:53:52.589 21658 RALLYDEBUG rally.api [-] urllib3 insecure warnings are hidden.
2019-06-24 08:53:52.589 21658 RALLYDEBUG rally.api [-] ERROR log from boto module is hide.
2019-06-24 08:53:54.201 21660 RALLYDEBUG rally.api [-] INFO logs from urllib3 and requests module are hide.
2019-06-24 08:53:54.201 21660 RALLYDEBUG rally.api [-] urllib3 insecure warnings are hidden.
2019-06-24 08:53:54.201 21660 RALLYDEBUG rally.api [-] ERROR log from boto module is hide.
2019-06-24 08:53:55.610 21660 INFO rally.common.plugin.discover [-] Loading plugins from directories /root/.rally/plugins/*
2019-06-24 08:53:55.611 21660 INFO rally.common.plugin.discover [-] Loaded module with plugins: /root/.rally/plugins/__init__.py
2019-06-24 08:53:55.613 21660 INFO rally.common.plugin.discover [-] Loaded module with plugins: /root/.rally/plugins/trunk_scenario.py
2019-06-24 08:53:55.832 21660 INFO rally.task.engine [-] Task 87c3fd00-85dd-452e-924e-85f0efa787a5 | Starting: Task validation.
2019-06-24 08:53:55.907 21660 INFO rally.task.engine [-] Task 87c3fd00-85dd-452e-924e-85f0efa787a5 | Starting: Task validation of syntax.
2019-06-24 08:53:56.150 21660 INFO rally.task.engine [-] Task 87c3fd00-85dd-452e-924e-85f0efa787a5 | Completed: Task validation of syntax.
2019-06-24 08:53:56.150 21660 INFO rally.task.engine [-] Task 87c3fd00-85dd-452e-924e-85f0efa787a5 | Starting: Task validation of required platforms.
2019-06-24 08:53:56.220 21660 INFO rally.task.engine [-] Task 87c3fd00-85dd-452e-924e-85f0efa787a5 | Completed: Task validation of required platforms.
2019-06-24 08:53:56.221 21660 INFO rally.task.engine [-] Task 87c3fd00-85dd-452e-924e-85f0efa787a5 | Starting: Task validation of semantic.
2019-06-24 08:53:56.221 21660 INFO rally.task.engine [-] Check health of the environment '411bd5c2-a73c-4a73-ad2b-48a7a83fa385'.
2019-06-24 08:53:56.801 21660 INFO rally.task.engine [-] Platform existing@openstack (available: True): OK!
2019-06-24 08:53:56.818 21660 RALLYDEBUG rally_openstack.contexts.keystone.users [-] Creating 1 tenants using 20 threads
2019-06-24 08:53:57.742 21660 RALLYDEBUG rally_openstack.contexts.keystone.users [-] Creating 1 users using 20 threads
2019-06-24 08:53:59.145 21660 INFO rally.task.context [-] Task 87c3fd00-85dd-452e-924e-85f0efa787a5 | Context users@openstack setup() finished in 2.33 sec
2019-06-24 08:54:03.758 21660 INFO rally.task.context [-] Task 87c3fd00-85dd-452e-924e-85f0efa787a5 | Context users@openstack cleanup() started
2019-06-24 08:54:06.923 21660 INFO rally.task.context [-] Task 87c3fd00-85dd-452e-924e-85f0efa787a5 | Context users@openstack cleanup() finished in 3.17 sec
2019-06-24 08:54:06.924 21660 INFO rally.task.engine [-] Task 87c3fd00-85dd-452e-924e-85f0efa787a5 | Completed: Task validation of semantic.
2019-06-24 08:54:06.924 21660 INFO rally.task.engine [-] Task 87c3fd00-85dd-452e-924e-85f0efa787a5 | Completed: Task validation.
2019-06-24 08:54:06.925 21660 INFO rally.api [-] Task 87c3fd00-85dd-452e-924e-85f0efa787a5 input file is valid.
2019-06-24 08:54:06.925 21660 INFO rally.api [-] Run Task 87c3fd00-85dd-452e-924e-85f0efa787a5 against Deployment 411bd5c2-a73c-4a73-ad2b-48a7a83fa385
2019-06-24 08:54:06.925 21660 INFO rally.task.engine [-] Task 87c3fd00-85dd-452e-924e-85f0efa787a5 | Starting: Running task.
2019-06-24 08:54:07.136 21660 INFO rally.task.engine [-] Running workload: position = 0 config = { "version": 2, "title": "A cropped version of a bigger task.", "description": "Auto-generated task from a single workload (uuid=227a99dc-aa9f-47b2-b8b0-244de0ae1256)", "subtasks": [ { "title": "NeutronNetworks.create_and_list_networks", "description": "Check performance of list_networks action and ensure > network quotas are not exceeded", "scenario": { "NeutronNetworks.create_and_list_networks": {} }, "contexts": { "users": { "tenants": 1, "users_per_tenant": 1 }, "quotas": { "neutron": { "network": 119 } } }, "runner": { "constant": { "times": 100, "concurrency": 20 } }, "hooks": [], "sla": { "max_avg_duration_per_atomic": { "neutron.list_networks": 15 }, "failure_rate": { "max": 0 } } } ] }
2019-06-24 08:54:07.164 21660 RALLYDEBUG rally_openstack.contexts.keystone.users [-] Creating 1 tenants using 20 threads
2019-06-24 08:54:08.090 21660 RALLYDEBUG rally_openstack.contexts.keystone.users [-] Creating 1 users using 20 threads
2019-06-24 08:54:09.479 21660 INFO rally.task.context [-] Task 87c3fd00-85dd-452e-924e-85f0efa787a5 | Context users@openstack setup() finished in 2.32 sec
2019-06-24 08:54:09.985 21660 INFO rally.task.context [-] Task 87c3fd00-85dd-452e-924e-85f0efa787a5 | Context quotas@openstack setup() finished in 0.51 sec
2019-06-24 08:54:09.985 21660 INFO rally.task.context [-] Task 87c3fd00-85dd-452e-924e-85f0efa787a5 | Context cleanup@openstack setup() finished in 0.01 msec
2019-06-24 08:54:09.994 21660 RALLYDEBUG rally.task.runner [-] Starting the constant runner (task UUID: 87c3fd00-85dd-452e-924e-85f0efa787a5). timeout: 0 concurrency: 20 concurrency_per_worker: 1 times: 100 concurrency_overhead: 4 processes_to_start: 16 max_cpu_used: 16
2019-06-24 08:54:10.008 21784 RALLYDEBUG rally.task.runner [-] Starting a worker. concurrency: 2 args: {} times: 100 method_name: run timeout: 0 duration: None cls:
2019-06-24 08:54:10.011 21785 RALLYDEBUG rally.task.runner [-] Starting a worker. concurrency: 2 args: {} times: 100 method_name: run timeout: 0 duration: None cls:
2019-06-24 08:54:10.014 21786 RALLYDEBUG rally.task.runner [-] Starting a worker. concurrency: 2 args: {} times: 100 method_name: run timeout: 0 duration: None cls:
2019-06-24 08:54:10.015 21784 INFO rally.task.runner [-] Task 87c3fd00-85dd-452e-924e-85f0efa787a5 | ITER: 1 START
2019-06-24 08:54:10.017 21787 RALLYDEBUG rally.task.runner [-] Starting a worker. concurrency: 2 args: {} times: 100 method_name: run timeout: 0 duration: None cls:
2019-06-24 08:54:10.020 21790 RALLYDEBUG rally.task.runner [-] Starting a worker. concurrency: 1 args: {} times: 100 method_name: run timeout: 0 duration: None cls:
2019-06-24 08:54:10.022 21785 INFO rally.task.runner [-] Task 87c3fd00-85dd-452e-924e-85f0efa787a5 | ITER: 2 START
2019-06-24 08:54:10.023 21793 RALLYDEBUG rally.task.runner [-] Starting a worker. concurrency: 1 args: {} times: 100 method_name: run timeout: 0 duration: None cls:
2019-06-24 08:54:10.024 21786 INFO rally.task.runner [-] Task 87c3fd00-85dd-452e-924e-85f0efa787a5 | ITER: 4 START
2019-06-24 08:54:10.027 21796 RALLYDEBUG rally.task.runner [-] Starting a worker. concurrency: 1 args: {} times: 100 method_name: run timeout: 0 duration: None cls:
2019-06-24 08:54:10.028 21790 INFO rally.task.runner [-] Task 87c3fd00-85dd-452e-924e-85f0efa787a5 | ITER: 8 START
2019-06-24 08:54:10.029 21787 INFO rally.task.runner [-] Task 87c3fd00-85dd-452e-924e-85f0efa787a5 | ITER: 6 START
2019-06-24 08:54:10.028 21786 INFO rally.task.runner [-] Task 87c3fd00-85dd-452e-924e-85f0efa787a5 | ITER: 7 START
2019-06-24 08:54:10.030 21800 RALLYDEBUG rally.task.runner [-] Starting a worker. concurrency: 1 args: {} times: 100 method_name: run timeout: 0 duration: None cls:
2019-06-24 08:54:10.031 21793 INFO rally.task.runner [-] Task 87c3fd00-85dd-452e-924e-85f0efa787a5 | ITER: 10 START
2019-06-24 08:54:10.033 21785 INFO rally.task.runner [-] Task 87c3fd00-85dd-452e-924e-85f0efa787a5 | ITER: 5 START
2019-06-24 08:54:10.034 21784 INFO rally.task.runner [-] Task 87c3fd00-85dd-452e-924e-85f0efa787a5 | ITER: 3 START
2019-06-24 08:54:10.036 21796 INFO rally.task.runner [-] Task 87c3fd00-85dd-452e-924e-85f0efa787a5 | ITER: 11 START
2019-06-24 08:54:10.037 21800 INFO rally.task.runner [-] Task 87c3fd00-85dd-452e-924e-85f0efa787a5 | ITER: 12 START
2019-06-24 08:54:10.037 21787 INFO rally.task.runner [-] Task 87c3fd00-85dd-452e-924e-85f0efa787a5 | ITER: 9 START
2019-06-24 08:54:10.039 21807 RALLYDEBUG rally.task.runner [-] Starting a worker. concurrency: 1 args: {} times: 100 method_name: run timeout: 0 duration: None cls:
2019-06-24 08:54:10.043 21813 RALLYDEBUG rally.task.runner [-] Starting a worker. concurrency: 1 args: {} times: 100 method_name: run timeout: 0 duration: None cls:
2019-06-24 08:54:10.049 21807 INFO rally.task.runner [-] Task 87c3fd00-85dd-452e-924e-85f0efa787a5 | ITER: 13 START
2019-06-24 08:54:10.050 21814 RALLYDEBUG rally.task.runner [-] Starting a worker. concurrency: 1 args: {} times: 100 method_name: run timeout: 0 duration: None cls:
2019-06-24 08:54:10.055 21813 INFO rally.task.runner [-] Task 87c3fd00-85dd-452e-924e-85f0efa787a5 | ITER: 14 START
2019-06-24 08:54:10.057 21817 RALLYDEBUG rally.task.runner [-] Starting a worker. concurrency: 1 args: {} times: 100 method_name: run timeout: 0 duration: None cls:
2019-06-24 08:54:10.058 21814 INFO rally.task.runner [-] Task 87c3fd00-85dd-452e-924e-85f0efa787a5 | ITER: 15 START
2019-06-24 08:54:10.064 21822 RALLYDEBUG rally.task.runner [-] Starting a worker. concurrency: 1 args: {} times: 100 method_name: run timeout: 0 duration: None cls:
2019-06-24 08:54:10.067 21817 INFO rally.task.runner [-] Task 87c3fd00-85dd-452e-924e-85f0efa787a5 | ITER: 16 START
2019-06-24 08:54:10.072 21824 RALLYDEBUG rally.task.runner [-] Starting a worker. concurrency: 1 args: {} times: 100 method_name: run timeout: 0 duration: None cls:
2019-06-24 08:54:10.072 21822 INFO rally.task.runner [-] Task 87c3fd00-85dd-452e-924e-85f0efa787a5 | ITER: 17 START
2019-06-24 08:54:10.077 21828 RALLYDEBUG rally.task.runner [-] Starting a worker. concurrency: 1 args: {} times: 100 method_name: run timeout: 0 duration: None cls:
2019-06-24 08:54:10.078 21824 INFO rally.task.runner [-] Task 87c3fd00-85dd-452e-924e-85f0efa787a5 | ITER: 18 START
2019-06-24 08:54:10.083 21828 INFO rally.task.runner [-] Task 87c3fd00-85dd-452e-924e-85f0efa787a5 | ITER: 19 START
2019-06-24 08:54:10.084 21831 RALLYDEBUG rally.task.runner [-] Starting a worker. concurrency: 1 args: {} times: 100 method_name: run timeout: 0 duration: None cls:
2019-06-24 08:54:10.090 21831 INFO rally.task.runner [-] Task 87c3fd00-85dd-452e-924e-85f0efa787a5 | ITER: 20 START
2019-06-24 08:54:11.039 21784 INFO rally.task.runner [-] Task 87c3fd00-85dd-452e-924e-85f0efa787a5 | ITER: 3 END: OK
2019-06-24 08:54:11.042 21784 INFO rally.task.runner [-] Task 87c3fd00-85dd-452e-924e-85f0efa787a5 | ITER: 21 START
2019-06-24 08:54:11.252 21784 INFO rally.task.runner [-] Task 87c3fd00-85dd-452e-924e-85f0efa787a5 | ITER: 1 END: OK
2019-06-24 08:54:11.256 21784 INFO rally.task.runner [-] Task 87c3fd00-85dd-452e-924e-85f0efa787a5 | ITER: 22 START
2019-06-24 08:54:11.323 21790 INFO rally.task.runner [-] Task 87c3fd00-85dd-452e-924e-85f0efa787a5 | ITER: 8 END: OK
2019-06-24 08:54:11.327 21790 INFO rally.task.runner [-] Task 87c3fd00-85dd-452e-924e-85f0efa787a5 | ITER: 23 START
2019-06-24 08:54:11.358 21813 INFO rally.task.runner [-] Task 87c3fd00-85dd-452e-924e-85f0efa787a5 | ITER: 14 END: OK
2019-06-24 08:54:11.362 21813 INFO rally.task.runner [-] Task 87c3fd00-85dd-452e-924e-85f0efa787a5 | ITER: 24 START
2019-06-24 08:54:11.439 21787 INFO rally.task.runner [-] Task 87c3fd00-85dd-452e-924e-85f0efa787a5 | ITER: 9 END: OK
2019-06-24 08:54:11.444 21787 INFO rally.task.runner [-] Task 87c3fd00-85dd-452e-924e-85f0efa787a5 | ITER: 25 START
2019-06-24 08:54:11.540 21814 INFO rally.task.runner [-] Task 87c3fd00-85dd-452e-924e-85f0efa787a5 | ITER: 15 END: OK
2019-06-24 08:54:11.545 21814 INFO rally.task.runner [-] Task 87c3fd00-85dd-452e-924e-85f0efa787a5 | ITER: 26 START
2019-06-24 08:54:11.557 21800 INFO rally.task.runner [-] Task 87c3fd00-85dd-452e-924e-85f0efa787a5 | ITER: 12 END: OK
2019-06-24 08:54:11.561 21800 INFO rally.task.runner [-] Task 87c3fd00-85dd-452e-924e-85f0efa787a5 | ITER: 27 START
2019-06-24 08:54:11.626 21807 INFO rally.task.runner [-] Task 87c3fd00-85dd-452e-924e-85f0efa787a5 | ITER: 13 END: OK
2019-06-24 08:54:11.630 21807 INFO rally.task.runner [-] Task 87c3fd00-85dd-452e-924e-85f0efa787a5 | ITER: 28 START
2019-06-24 08:54:11.641 21793 INFO rally.task.runner [-] Task 87c3fd00-85dd-452e-924e-85f0efa787a5 | ITER: 10 END: OK
2019-06-24 08:54:11.646 21793 INFO rally.task.runner [-] Task 87c3fd00-85dd-452e-924e-85f0efa787a5 | ITER: 29 START
2019-06-24 08:54:11.672 21817 INFO rally.task.runner [-] Task 87c3fd00-85dd-452e-924e-85f0efa787a5 | ITER: 16 END: OK
2019-06-24 08:54:11.676 21817 INFO rally.task.runner [-] Task 87c3fd00-85dd-452e-924e-85f0efa787a5 | ITER: 30 START
2019-06-24 08:54:11.720 21786 INFO rally.task.runner [-] Task 87c3fd00-85dd-452e-924e-85f0efa787a5 | ITER: 4 END: OK
2019-06-24 08:54:11.723 21786 INFO rally.task.runner [-] Task 87c3fd00-85dd-452e-924e-85f0efa787a5 | ITER: 31 START
2019-06-24 08:54:11.861 21786 INFO rally.task.runner [-] Task 87c3fd00-85dd-452e-924e-85f0efa787a5 | ITER: 7 END: OK
2019-06-24 08:54:11.865 21786 INFO rally.task.runner [-] Task 87c3fd00-85dd-452e-924e-85f0efa787a5 | ITER: 32 START
2019-06-24 08:54:11.928 21787 INFO rally.task.runner [-] Task 87c3fd00-85dd-452e-924e-85f0efa787a5 | ITER: 6 END: OK
2019-06-24 08:54:11.932 21787 INFO rally.task.runner [-] Task 87c3fd00-85dd-452e-924e-85f0efa787a5 | ITER: 33 START
2019-06-24 08:54:12.067 21828 INFO rally.task.runner [-] Task 87c3fd00-85dd-452e-924e-85f0efa787a5 | ITER: 19 END: OK
2019-06-24 08:54:12.071 21828 INFO rally.task.runner [-] Task 87c3fd00-85dd-452e-924e-85f0efa787a5 | ITER: 34 START
2019-06-24 08:54:12.097 21796 INFO rally.task.runner [-] Task 87c3fd00-85dd-452e-924e-85f0efa787a5 | ITER: 11 END: OK
2019-06-24 08:54:12.101 21796 INFO rally.task.runner [-] Task 87c3fd00-85dd-452e-924e-85f0efa787a5 | ITER: 35 START
2019-06-24 08:54:12.121 21822 INFO rally.task.runner [-] Task 87c3fd00-85dd-452e-924e-85f0efa787a5 | ITER: 17 END: OK
2019-06-24 08:54:12.125 21822 INFO rally.task.runner [-] Task 87c3fd00-85dd-452e-924e-85f0efa787a5 | ITER: 36 START
2019-06-24 08:54:12.161 21831 INFO rally.task.runner [-] Task 87c3fd00-85dd-452e-924e-85f0efa787a5 | ITER: 20 END: OK
2019-06-24 08:54:12.165 21831 INFO rally.task.runner [-] Task 87c3fd00-85dd-452e-924e-85f0efa787a5 | ITER: 37 START
2019-06-24 08:54:12.166 21785 INFO rally.task.runner [-] Task 87c3fd00-85dd-452e-924e-85f0efa787a5 | ITER: 2 END: OK
2019-06-24 08:54:12.170 21785 INFO rally.task.runner [-] Task 87c3fd00-85dd-452e-924e-85f0efa787a5 | ITER: 38 START
2019-06-24 08:54:12.170 21824 INFO rally.task.runner [-] Task 87c3fd00-85dd-452e-924e-85f0efa787a5 | ITER: 18 END: OK
2019-06-24 08:54:12.174 21824 INFO rally.task.runner [-] Task 87c3fd00-85dd-452e-924e-85f0efa787a5 | ITER: 39 START
2019-06-24 08:54:12.176 21785 INFO rally.task.runner [-] Task 87c3fd00-85dd-452e-924e-85f0efa787a5 | ITER: 5 END: OK
2019-06-24 08:54:12.184 21785 INFO rally.task.runner [-] Task 87c3fd00-85dd-452e-924e-85f0efa787a5 | ITER: 40 START
2019-06-24 08:54:12.257 21784 INFO rally.task.runner [-] Task 87c3fd00-85dd-452e-924e-85f0efa787a5 | ITER: 21 END: OK
2019-06-24 08:54:12.261 21784 INFO rally.task.runner [-] Task 87c3fd00-85dd-452e-924e-85f0efa787a5 | ITER: 41 START
2019-06-24 08:54:12.454 21784 INFO rally.task.runner [-] Task 87c3fd00-85dd-452e-924e-85f0efa787a5 | ITER: 22 END: OK
2019-06-24 08:54:12.457 21784 INFO rally.task.runner [-] Task 87c3fd00-85dd-452e-924e-85f0efa787a5 | ITER: 42 START
2019-06-24 08:54:12.621 21790 INFO rally.task.runner [-] Task 87c3fd00-85dd-452e-924e-85f0efa787a5 | ITER: 23 END: OK
2019-06-24 08:54:12.624 21790 INFO rally.task.runner [-] Task 87c3fd00-85dd-452e-924e-85f0efa787a5 | ITER: 43 START
2019-06-24 08:54:12.656 21787 INFO rally.task.runner [-] Task 87c3fd00-85dd-452e-924e-85f0efa787a5 | ITER: 25 END: OK
2019-06-24 08:54:12.659 21787 INFO rally.task.runner [-] Task 87c3fd00-85dd-452e-924e-85f0efa787a5 | ITER: 44 START
2019-06-24 08:54:12.831 21807 INFO rally.task.runner [-] Task 87c3fd00-85dd-452e-924e-85f0efa787a5 | ITER: 28 END: OK
2019-06-24 08:54:12.834 21807 INFO rally.task.runner [-] Task 87c3fd00-85dd-452e-924e-85f0efa787a5 | ITER: 45 START
2019-06-24 08:54:12.874 21813 INFO rally.task.runner [-] Task 87c3fd00-85dd-452e-924e-85f0efa787a5 | ITER: 24 END: OK
2019-06-24 08:54:12.878 21813 INFO rally.task.runner [-] Task 87c3fd00-85dd-452e-924e-85f0efa787a5 | ITER: 46 START
2019-06-24 08:54:13.012 21800 INFO rally.task.runner [-] Task 87c3fd00-85dd-452e-924e-85f0efa787a5 | ITER: 27 END: OK
2019-06-24 08:54:13.015 21800 INFO rally.task.runner [-] Task 87c3fd00-85dd-452e-924e-85f0efa787a5 | ITER: 47 START
2019-06-24 08:54:13.168 21814 INFO rally.task.runner [-] Task 87c3fd00-85dd-452e-924e-85f0efa787a5 | ITER: 26 END: OK
2019-06-24 08:54:13.172 21814 INFO rally.task.runner [-] Task 87c3fd00-85dd-452e-924e-85f0efa787a5 | ITER: 48 START
2019-06-24 08:54:13.243 21793 INFO rally.task.runner [-] Task 87c3fd00-85dd-452e-924e-85f0efa787a5 | ITER: 29 END: OK
2019-06-24 08:54:13.247 21793 INFO rally.task.runner [-] Task 87c3fd00-85dd-452e-924e-85f0efa787a5 | ITER: 49 START
2019-06-24 08:54:13.306 21831 INFO rally.task.runner [-] Task 87c3fd00-85dd-452e-924e-85f0efa787a5 | ITER: 37 END: OK
2019-06-24 08:54:13.310 21831 INFO rally.task.runner [-] Task 87c3fd00-85dd-452e-924e-85f0efa787a5 | ITER: 50 START
2019-06-24 08:54:13.316 21817 INFO rally.task.runner [-] Task 87c3fd00-85dd-452e-924e-85f0efa787a5 | ITER: 30 END: OK
2019-06-24 08:54:13.319 21817 INFO rally.task.runner [-] Task 87c3fd00-85dd-452e-924e-85f0efa787a5 | ITER: 51 START
2019-06-24 08:54:13.564 21785 INFO rally.task.runner [-] Task 87c3fd00-85dd-452e-924e-85f0efa787a5 | ITER: 38 END: OK
2019-06-24 08:54:13.567 21785 INFO rally.task.runner [-] Task 87c3fd00-85dd-452e-924e-85f0efa787a5 | ITER: 52 START
2019-06-24 08:54:13.730 21786 INFO rally.task.runner [-] Task 87c3fd00-85dd-452e-924e-85f0efa787a5 | ITER: 32 END: OK
2019-06-24 08:54:13.734 21786 INFO rally.task.runner [-] Task 87c3fd00-85dd-452e-924e-85f0efa787a5 | ITER: 53 START
2019-06-24 08:54:13.776 21787 INFO rally.task.runner [-] Task 87c3fd00-85dd-452e-924e-85f0efa787a5 | ITER: 33 END: OK
2019-06-24 08:54:13.780 21787 INFO rally.task.runner [-] Task 87c3fd00-85dd-452e-924e-85f0efa787a5 | ITER: 54 START
2019-06-24 08:54:13.871 21786 INFO rally.task.runner [-] Task 87c3fd00-85dd-452e-924e-85f0efa787a5 | ITER: 31 END: OK
2019-06-24 08:54:13.874 21786 INFO rally.task.runner [-] Task 87c3fd00-85dd-452e-924e-85f0efa787a5 | ITER: 55 START
2019-06-24 08:54:13.910 21828 INFO rally.task.runner [-] Task 87c3fd00-85dd-452e-924e-85f0efa787a5 | ITER: 34 END: OK
2019-06-24 08:54:13.914 21828 INFO rally.task.runner [-] Task 87c3fd00-85dd-452e-924e-85f0efa787a5 | ITER: 56 START
2019-06-24 08:54:14.216 21822 INFO rally.task.runner [-] Task 87c3fd00-85dd-452e-924e-85f0efa787a5 | ITER: 36 END: OK
2019-06-24 08:54:14.216 21831 INFO rally.task.runner [-] Task 87c3fd00-85dd-452e-924e-85f0efa787a5 | ITER: 50 END: OK
2019-06-24 08:54:14.219 21822 INFO rally.task.runner [-] Task 87c3fd00-85dd-452e-924e-85f0efa787a5 | ITER: 57 START
2019-06-24 08:54:14.220 21831 INFO rally.task.runner [-] Task 87c3fd00-85dd-452e-924e-85f0efa787a5 | ITER: 58 START
2019-06-24 08:54:14.226 21784 INFO rally.task.runner [-] Task 87c3fd00-85dd-452e-924e-85f0efa787a5 | ITER: 41 END: OK
2019-06-24 08:54:14.229 21784 INFO rally.task.runner [-] Task 87c3fd00-85dd-452e-924e-85f0efa787a5 | ITER: 59 START
2019-06-24 08:54:14.285 21796 INFO rally.task.runner [-] Task 87c3fd00-85dd-452e-924e-85f0efa787a5 | ITER: 35 END: OK
2019-06-24 08:54:14.289 21796 INFO rally.task.runner [-] Task 87c3fd00-85dd-452e-924e-85f0efa787a5 | ITER: 60 START
2019-06-24 08:54:14.344 21790 INFO rally.task.runner [-] Task 87c3fd00-85dd-452e-924e-85f0efa787a5 | ITER: 43 END: OK
2019-06-24 08:54:14.348 21790 INFO rally.task.runner [-] Task 87c3fd00-85dd-452e-924e-85f0efa787a5 | ITER: 61 START
2019-06-24 08:54:14.369 21784 INFO rally.task.runner [-] Task 87c3fd00-85dd-452e-924e-85f0efa787a5 | ITER: 42 END: OK
2019-06-24 08:54:14.372 21784 INFO rally.task.runner [-] Task 87c3fd00-85dd-452e-924e-85f0efa787a5 | ITER: 62 START
2019-06-24 08:54:14.534 21824 INFO rally.task.runner [-] Task 87c3fd00-85dd-452e-924e-85f0efa787a5 | ITER: 39 END: OK
2019-06-24 08:54:14.538 21824 INFO rally.task.runner [-] Task 87c3fd00-85dd-452e-924e-85f0efa787a5 | ITER: 63 START
2019-06-24 08:54:14.619 21787 INFO rally.task.runner [-] Task 87c3fd00-85dd-452e-924e-85f0efa787a5 | ITER: 44 END: OK
2019-06-24 08:54:14.623 21787 INFO rally.task.runner [-] Task 87c3fd00-85dd-452e-924e-85f0efa787a5 | ITER: 64 START
2019-06-24 08:54:14.625 21807 INFO rally.task.runner [-] Task 87c3fd00-85dd-452e-924e-85f0efa787a5 | ITER: 45 END: OK
2019-06-24 08:54:14.629 21807 INFO rally.task.runner [-] Task 87c3fd00-85dd-452e-924e-85f0efa787a5 | ITER: 65 START
2019-06-24 08:54:14.821 21786 INFO rally.task.runner [-] Task 87c3fd00-85dd-452e-924e-85f0efa787a5 | ITER: 53 END: OK
2019-06-24 08:54:14.824 21786 INFO rally.task.runner [-] Task 87c3fd00-85dd-452e-924e-85f0efa787a5 | ITER: 66 START
2019-06-24 08:54:14.897 21785 INFO rally.task.runner [-] Task 87c3fd00-85dd-452e-924e-85f0efa787a5 | ITER: 52 END: OK
2019-06-24 08:54:14.900 21785 INFO rally.task.runner [-] Task 87c3fd00-85dd-452e-924e-85f0efa787a5 | ITER: 67 START
2019-06-24 08:54:15.088 21786 INFO rally.task.runner [-] Task 87c3fd00-85dd-452e-924e-85f0efa787a5 | ITER: 55 END: OK
2019-06-24 08:54:15.088 21813 INFO rally.task.runner [-] Task 87c3fd00-85dd-452e-924e-85f0efa787a5 | ITER: 46 END: OK
2019-06-24 08:54:15.092 21786 INFO rally.task.runner [-] Task 87c3fd00-85dd-452e-924e-85f0efa787a5 | ITER: 68 START
2019-06-24 08:54:15.092 21813 INFO rally.task.runner [-] Task 87c3fd00-85dd-452e-924e-85f0efa787a5 | ITER: 69 START
2019-06-24 08:54:15.141 21800 INFO rally.task.runner [-] Task 87c3fd00-85dd-452e-924e-85f0efa787a5 | ITER: 47 END: OK
2019-06-24 08:54:15.144 21800 INFO rally.task.runner [-] Task 87c3fd00-85dd-452e-924e-85f0efa787a5 | ITER: 70 START
2019-06-24 08:54:15.178 21784 INFO rally.task.runner [-] Task 87c3fd00-85dd-452e-924e-85f0efa787a5 | ITER: 59 END: OK
2019-06-24 08:54:15.182 21784 INFO rally.task.runner [-] Task 87c3fd00-85dd-452e-924e-85f0efa787a5 | ITER: 71 START
2019-06-24 08:54:15.182 21785 INFO rally.task.runner [-] Task 87c3fd00-85dd-452e-924e-85f0efa787a5 | ITER: 40 END: OK
2019-06-24 08:54:15.186 21785 INFO rally.task.runner [-] Task 87c3fd00-85dd-452e-924e-85f0efa787a5 | ITER: 72 START
2019-06-24 08:54:15.372 21787 INFO rally.task.runner [-] Task 87c3fd00-85dd-452e-924e-85f0efa787a5 | ITER: 54 END: OK
2019-06-24 08:54:15.375 21787 INFO rally.task.runner [-] Task 87c3fd00-85dd-452e-924e-85f0efa787a5 | ITER: 73 START
2019-06-24 08:54:15.511 21828 INFO rally.task.runner [-] Task 87c3fd00-85dd-452e-924e-85f0efa787a5 | ITER: 56 END: OK
2019-06-24 08:54:15.514 21828 INFO rally.task.runner [-] Task 87c3fd00-85dd-452e-924e-85f0efa787a5 | ITER: 74 START
2019-06-24 08:54:15.544 21814 INFO rally.task.runner [-] Task 87c3fd00-85dd-452e-924e-85f0efa787a5 | ITER: 48 END: OK
2019-06-24 08:54:15.548 21814 INFO rally.task.runner [-] Task 87c3fd00-85dd-452e-924e-85f0efa787a5 | ITER: 75 START
2019-06-24 08:54:15.657 21831 INFO rally.task.runner [-] Task 87c3fd00-85dd-452e-924e-85f0efa787a5 | ITER: 58 END: OK
2019-06-24 08:54:15.661 21831 INFO rally.task.runner [-] Task 87c3fd00-85dd-452e-924e-85f0efa787a5 | ITER: 76 START
2019-06-24 08:54:15.685 21793 INFO rally.task.runner [-] Task 87c3fd00-85dd-452e-924e-85f0efa787a5 | ITER: 49 END: OK
2019-06-24 08:54:15.689 21793 INFO rally.task.runner [-] Task 87c3fd00-85dd-452e-924e-85f0efa787a5 | ITER: 77 START
2019-06-24 08:54:15.697 21796 INFO rally.task.runner [-] Task 87c3fd00-85dd-452e-924e-85f0efa787a5 | ITER: 60 END: OK
2019-06-24 08:54:15.701 21796 INFO rally.task.runner [-] Task 87c3fd00-85dd-452e-924e-85f0efa787a5 | ITER: 78 START
2019-06-24 08:54:15.740 21790 INFO rally.task.runner [-] Task 87c3fd00-85dd-452e-924e-85f0efa787a5 | ITER: 61 END: OK
2019-06-24 08:54:15.743 21790 INFO rally.task.runner [-] Task 87c3fd00-85dd-452e-924e-85f0efa787a5 | ITER: 79 START
2019-06-24 08:54:15.814 21787 INFO rally.task.runner [-] Task 87c3fd00-85dd-452e-924e-85f0efa787a5 | ITER: 64 END: OK
2019-06-24 08:54:15.817 21787 INFO rally.task.runner [-] Task 87c3fd00-85dd-452e-924e-85f0efa787a5 | ITER: 80 START
2019-06-24 08:54:15.907 21817 INFO rally.task.runner [-] Task 87c3fd00-85dd-452e-924e-85f0efa787a5 | ITER: 51 END: OK
2019-06-24 08:54:15.911 21817 INFO rally.task.runner [-] Task 87c3fd00-85dd-452e-924e-85f0efa787a5 | ITER: 81 START
2019-06-24 08:54:15.999 21822 INFO rally.task.runner [-] Task 87c3fd00-85dd-452e-924e-85f0efa787a5 | ITER: 57 END: OK
2019-06-24 08:54:16.002 21822 INFO rally.task.runner [-] Task 87c3fd00-85dd-452e-924e-85f0efa787a5 | ITER: 82 START
2019-06-24 08:54:16.231 21824 INFO rally.task.runner [-] Task 87c3fd00-85dd-452e-924e-85f0efa787a5 | ITER: 63 END: OK
2019-06-24 08:54:16.235 21824 INFO rally.task.runner [-] Task 87c3fd00-85dd-452e-924e-85f0efa787a5 | ITER: 83 START
2019-06-24 08:54:16.317 21786 INFO rally.task.runner [-] Task 87c3fd00-85dd-452e-924e-85f0efa787a5 | ITER: 66 END: OK
2019-06-24 08:54:16.321 21786 INFO rally.task.runner [-] Task 87c3fd00-85dd-452e-924e-85f0efa787a5 | ITER: 84 START
2019-06-24 08:54:16.410 21807 INFO rally.task.runner [-] Task 87c3fd00-85dd-452e-924e-85f0efa787a5 | ITER: 65 END: OK
2019-06-24 08:54:16.414 21807 INFO rally.task.runner [-] Task 87c3fd00-85dd-452e-924e-85f0efa787a5 | ITER: 85 START
2019-06-24 08:54:16.555 21784 INFO rally.task.runner [-] Task 87c3fd00-85dd-452e-924e-85f0efa787a5 | ITER: 71 END: OK
2019-06-24 08:54:16.559 21784 INFO rally.task.runner [-] Task 87c3fd00-85dd-452e-924e-85f0efa787a5 | ITER: 86 START
2019-06-24 08:54:16.598 21784 INFO rally.task.runner [-] Task 87c3fd00-85dd-452e-924e-85f0efa787a5 | ITER: 62 END: OK
2019-06-24 08:54:16.601 21784 INFO rally.task.runner [-] Task 87c3fd00-85dd-452e-924e-85f0efa787a5 | ITER: 87 START
2019-06-24 08:54:16.727 21800 INFO rally.task.runner [-] Task 87c3fd00-85dd-452e-924e-85f0efa787a5 | ITER: 70 END: OK
2019-06-24 08:54:16.731 21800 INFO rally.task.runner [-] Task 87c3fd00-85dd-452e-924e-85f0efa787a5 | ITER: 88 START
2019-06-24 08:54:16.772 21813 INFO rally.task.runner [-] Task 87c3fd00-85dd-452e-924e-85f0efa787a5 | ITER: 69 END: OK
2019-06-24 08:54:16.775 21813 INFO rally.task.runner [-] Task 87c3fd00-85dd-452e-924e-85f0efa787a5 | ITER: 89 START
2019-06-24 08:54:16.772 21785 INFO rally.task.runner [-] Task 87c3fd00-85dd-452e-924e-85f0efa787a5 | ITER: 67 END: OK
2019-06-24 08:54:16.776 21785 INFO rally.task.runner [-] Task 87c3fd00-85dd-452e-924e-85f0efa787a5 | ITER: 72 END: OK
2019-06-24 08:54:16.781 21785 INFO rally.task.runner [-] Task 87c3fd00-85dd-452e-924e-85f0efa787a5 | ITER: 90 START
2019-06-24 08:54:16.789 21785 INFO rally.task.runner [-] Task 87c3fd00-85dd-452e-924e-85f0efa787a5 | ITER: 91 START
2019-06-24 08:54:16.800 21786 INFO rally.task.runner [-] Task 87c3fd00-85dd-452e-924e-85f0efa787a5 | ITER: 68 END: OK
2019-06-24 08:54:16.803 21786 INFO rally.task.runner [-] Task 87c3fd00-85dd-452e-924e-85f0efa787a5 | ITER: 92 START
2019-06-24 08:54:16.858 21814 INFO rally.task.runner [-] Task 87c3fd00-85dd-452e-924e-85f0efa787a5 | ITER: 75 END: OK
2019-06-24 08:54:16.861 21814 INFO rally.task.runner [-] Task 87c3fd00-85dd-452e-924e-85f0efa787a5 | ITER: 93 START
2019-06-24 08:54:16.875 21790 INFO rally.task.runner [-] Task 87c3fd00-85dd-452e-924e-85f0efa787a5 | ITER: 79 END: OK
2019-06-24 08:54:16.878 21790 INFO rally.task.runner [-] Task 87c3fd00-85dd-452e-924e-85f0efa787a5 | ITER: 94 START
2019-06-24 08:54:17.181 21828 INFO rally.task.runner [-] Task 87c3fd00-85dd-452e-924e-85f0efa787a5 | ITER: 74 END: OK
2019-06-24 08:54:17.185 21787 INFO rally.task.runner [-] Task 87c3fd00-85dd-452e-924e-85f0efa787a5 | ITER: 73 END: OK
2019-06-24 08:54:17.185 21828 INFO rally.task.runner [-] Task 87c3fd00-85dd-452e-924e-85f0efa787a5 | ITER: 95 START
2019-06-24 08:54:17.188 21787 INFO rally.task.runner [-] Task 87c3fd00-85dd-452e-924e-85f0efa787a5 | ITER: 96 START
2019-06-24 08:54:17.288 21817 INFO rally.task.runner [-] Task 87c3fd00-85dd-452e-924e-85f0efa787a5 | ITER: 81 END: OK
2019-06-24 08:54:17.291 21817 INFO rally.task.runner [-] Task 87c3fd00-85dd-452e-924e-85f0efa787a5 | ITER: 97 START
2019-06-24 08:54:17.539 21787 INFO rally.task.runner [-] Task 87c3fd00-85dd-452e-924e-85f0efa787a5 | ITER: 80 END: OK
2019-06-24 08:54:17.542 21787 INFO rally.task.runner [-] Task 87c3fd00-85dd-452e-924e-85f0efa787a5 | ITER: 98 START
2019-06-24 08:54:17.620 21822 INFO rally.task.runner [-] Task 87c3fd00-85dd-452e-924e-85f0efa787a5 | ITER: 82 END: OK
2019-06-24 08:54:17.624 21822 INFO rally.task.runner [-] Task 87c3fd00-85dd-452e-924e-85f0efa787a5 | ITER: 99 START
2019-06-24 08:54:17.787 21831 INFO rally.task.runner [-] Task 87c3fd00-85dd-452e-924e-85f0efa787a5 | ITER: 76 END: OK
2019-06-24 08:54:17.791 21831 INFO rally.task.runner [-] Task 87c3fd00-85dd-452e-924e-85f0efa787a5 | ITER: 100 START
2019-06-24 08:54:17.825 21796 INFO rally.task.runner [-] Task 87c3fd00-85dd-452e-924e-85f0efa787a5 | ITER: 78 END: OK
2019-06-24 08:54:17.854 21793 INFO rally.task.runner [-] Task 87c3fd00-85dd-452e-924e-85f0efa787a5 | ITER: 77 END: OK
2019-06-24 08:54:18.044 21785 INFO rally.task.runner [-] Task 87c3fd00-85dd-452e-924e-85f0efa787a5 | ITER: 91 END: OK
2019-06-24 08:54:18.055 21824 INFO rally.task.runner [-] Task 87c3fd00-85dd-452e-924e-85f0efa787a5 | ITER: 83 END: OK
2019-06-24 08:54:18.142 21784 INFO rally.task.runner [-] Task 87c3fd00-85dd-452e-924e-85f0efa787a5 | ITER: 86 END: OK
2019-06-24 08:54:18.150 21807 INFO rally.task.runner [-] Task 87c3fd00-85dd-452e-924e-85f0efa787a5 | ITER: 85 END: OK
2019-06-24 08:54:18.236 21786 INFO rally.task.runner [-] Task 87c3fd00-85dd-452e-924e-85f0efa787a5 | ITER: 84 END: OK
2019-06-24 08:54:18.462 21786 INFO rally.task.runner [-] Task 87c3fd00-85dd-452e-924e-85f0efa787a5 | ITER: 92 END: OK
2019-06-24 08:54:18.641 21800 INFO rally.task.runner [-] Task 87c3fd00-85dd-452e-924e-85f0efa787a5 | ITER: 88 END: OK
2019-06-24 08:54:18.702 21785 INFO rally.task.runner [-] Task 87c3fd00-85dd-452e-924e-85f0efa787a5 | ITER: 90 END: OK
2019-06-24 08:54:18.740 21787 INFO rally.task.runner [-] Task 87c3fd00-85dd-452e-924e-85f0efa787a5 | ITER: 96 END: OK
2019-06-24 08:54:18.743 21784 INFO rally.task.runner [-] Task 87c3fd00-85dd-452e-924e-85f0efa787a5 | ITER: 87 END: OK
2019-06-24 08:54:18.782 21813 INFO rally.task.runner [-] Task 87c3fd00-85dd-452e-924e-85f0efa787a5 | ITER: 89 END: OK
2019-06-24 08:54:18.829 21814 INFO rally.task.runner [-] Task 87c3fd00-85dd-452e-924e-85f0efa787a5 | ITER: 93 END: OK
2019-06-24 08:54:18.839 21787 INFO rally.task.runner [-] Task 87c3fd00-85dd-452e-924e-85f0efa787a5 | ITER: 98 END: OK
2019-06-24 08:54:18.912 21822 INFO rally.task.runner [-] Task 87c3fd00-85dd-452e-924e-85f0efa787a5 | ITER: 99 END: OK
2019-06-24 08:54:19.026 21790 INFO rally.task.runner [-] Task 87c3fd00-85dd-452e-924e-85f0efa787a5 | ITER: 94 END: OK
2019-06-24 08:54:19.137 21828 INFO rally.task.runner [-] Task 87c3fd00-85dd-452e-924e-85f0efa787a5 | ITER: 95 END: OK
2019-06-24 08:54:19.138 21831 INFO rally.task.runner [-] Task 87c3fd00-85dd-452e-924e-85f0efa787a5 | ITER: 100 END: OK
2019-06-24 08:54:19.188 21817 INFO rally.task.runner [-] Task 87c3fd00-85dd-452e-924e-85f0efa787a5 | ITER: 97 END: OK
2019-06-24 08:54:19.214 21660 INFO rally.task.context [-] Task 87c3fd00-85dd-452e-924e-85f0efa787a5 | Context cleanup@openstack cleanup() started
2019-06-24 08:54:19.217 21660 RALLYDEBUG rally_openstack.cleanup.manager [-] Cleaning up neutron vip objects
2019-06-24 08:54:19.613 21660 RALLYDEBUG rally_openstack.cleanup.manager [-] Cleaning up neutron health_monitor objects
2019-06-24 08:54:20.006 21660 RALLYDEBUG rally_openstack.cleanup.manager [-] Cleaning up neutron pool objects
2019-06-24 08:54:20.409 21660 RALLYDEBUG rally_openstack.cleanup.manager [-] Cleaning up neutron loadbalancer objects
2019-06-24 08:54:20.798 21660 RALLYDEBUG rally_openstack.cleanup.manager [-] Cleaning up neutron floatingip objects
2019-06-24 08:54:21.216 21660 RALLYDEBUG rally_openstack.cleanup.manager [-] Cleaning up neutron port objects
2019-06-24 08:54:21.625 21660 RALLYDEBUG rally_openstack.cleanup.manager [-] Cleaning up neutron subnet objects
2019-06-24 08:54:22.040 21660 RALLYDEBUG rally_openstack.cleanup.manager [-] Cleaning up neutron network objects
2019-06-24 08:54:22.737 21660 RALLYDEBUG rally_openstack.cleanup.manager [-] Deleting neutron.network object s_rally_227a99dc_Tvil75Ar (0099a000-7bc7-41d7-be4a-d99d50e3833d)
2019-06-24 08:54:22.738 21660 RALLYDEBUG rally_openstack.cleanup.manager [-] Deleting neutron.network object s_rally_227a99dc_OLQ5T7GN (01ad344e-8ee8-4a1a-9c56-a3b861157fca)
2019-06-24 08:54:22.740 21660 RALLYDEBUG rally_openstack.cleanup.manager [-] Deleting neutron.network object s_rally_227a99dc_Kv5IvXJ3 (1039dfc7-b1d8-4db2-acf1-95f73eac79b3)
2019-06-24 08:54:22.752 21660 RALLYDEBUG rally_openstack.cleanup.manager [-] Deleting neutron.network object s_rally_227a99dc_warqL8nN (15699c6e-905c-4095-adc5-890ad804b1ee)
2019-06-24 08:54:22.754 21660 RALLYDEBUG rally_openstack.cleanup.manager [-] Deleting neutron.network object s_rally_227a99dc_9JHqGHiR (0794013e-7f01-4508-b947-91b32834a291)
2019-06-24 08:54:22.758 21660 RALLYDEBUG rally_openstack.cleanup.manager [-] Deleting neutron.network object s_rally_227a99dc_AdHU3kNz (0582e410-ad29-4cf7-9b42-e2d85c1df4d3)
2019-06-24 08:54:22.760 21660 RALLYDEBUG rally_openstack.cleanup.manager [-] Deleting neutron.network object s_rally_227a99dc_GBGlBWSX (09b5f633-a8c8-47ea-a683-aba9b123a3c3)
2019-06-24 08:54:22.772 21660 RALLYDEBUG rally_openstack.cleanup.manager [-] Deleting neutron.network object s_rally_227a99dc_PruPSVfa (058cfcaa-5231-474e-9b21-9509df315684)
2019-06-24 08:54:22.775 21660 RALLYDEBUG rally_openstack.cleanup.manager [-] Deleting neutron.network object s_rally_227a99dc_TGupXOqW (1332e6a7-59fa-4616-a25b-73703e13c19a)
2019-06-24 08:54:22.776 21660 RALLYDEBUG rally_openstack.cleanup.manager [-] Deleting neutron.network object s_rally_227a99dc_eVJp76nd (1817c8a4-dd69-4543-ab36-35e3cc175bb8)
2019-06-24 08:54:22.777 21660 RALLYDEBUG rally_openstack.cleanup.manager [-] Deleting neutron.network object s_rally_227a99dc_INGUueVs (0a8e6b28-6661-4d7f-95cb-5e62fef8bb24)
2019-06-24 08:54:22.781 21660 RALLYDEBUG rally_openstack.cleanup.manager [-] Deleting neutron.network object s_rally_227a99dc_FxttHNq2 (188dde6f-948d-414d-b7f0-05cfd4690343)
2019-06-24 08:54:22.795 21660 RALLYDEBUG rally_openstack.cleanup.manager [-] Deleting neutron.network object s_rally_227a99dc_JshHQC5P (01b5dfbd-b611-4b90-96b3-8823de773dae)
2019-06-24 08:54:22.812 21660 RALLYDEBUG rally_openstack.cleanup.manager [-] Deleting neutron.network object s_rally_227a99dc_4bFT9IGN (15f79e0b-f077-42ba-808b-7b69ac017139)
2019-06-24 08:54:22.818 21660 RALLYDEBUG rally_openstack.cleanup.manager [-] Deleting neutron.network object s_rally_227a99dc_FsO1Wdkc (1250c756-64c4-423c-82cf-76a97e2438e9)
2019-06-24 08:54:22.832 21660 RALLYDEBUG rally_openstack.cleanup.manager [-] Deleting neutron.network object s_rally_227a99dc_iivF5xWZ (192a0c8e-9f94-4f2b-b408-3110ac897d5c)
2019-06-24 08:54:22.846 21660 RALLYDEBUG rally_openstack.cleanup.manager [-] Deleting neutron.network object s_rally_227a99dc_NAybMvWs (1c652984-29c0-429e-85bd-dae031ec8200)
2019-06-24 08:54:22.858 21660 RALLYDEBUG rally_openstack.cleanup.manager [-] Deleting neutron.network object s_rally_227a99dc_oeqga3I4 (03da633e-f860-4101-a05c-4948855308b6)
2019-06-24 08:54:22.883 21660 RALLYDEBUG rally_openstack.cleanup.manager [-] Deleting neutron.network object s_rally_227a99dc_XK2IZdhi (035d719e-fa17-4499-99d8-773e5fc381d5)
2019-06-24 08:54:22.917 21660 RALLYDEBUG rally_openstack.cleanup.manager [-] Deleting neutron.network object s_rally_227a99dc_5j7IEjuJ (19e84490-237e-456f-9909-a53cd7b681fc)
2019-06-24 08:54:25.154 21660 RALLYDEBUG rally_openstack.cleanup.manager [-] Deleting neutron.network object s_rally_227a99dc_Qdv1BQ3d (1e74787e-b48c-482d-a8bd-971c51be90f8)
2019-06-24 08:54:25.377 21660 RALLYDEBUG rally_openstack.cleanup.manager [-] Deleting neutron.network object s_rally_227a99dc_crYuhHMR (1fde5de7-654d-4564-8ce3-3efcf6a04f45)
2019-06-24 08:54:25.455 21660 RALLYDEBUG rally_openstack.cleanup.manager [-] Deleting neutron.network object s_rally_227a99dc_fdoiX2Ph (2385d9fa-ca6f-4e2d-a2a1-3e90e5d716f7)
2019-06-24 08:54:25.455 21660 RALLYDEBUG rally_openstack.cleanup.manager [-] Deleting neutron.network object s_rally_227a99dc_qbtysyJC (22e25512-e186-4cbc-a0c1-b0a4f67b8ecd)
2019-06-24 08:54:25.627 21660 RALLYDEBUG rally_openstack.cleanup.manager [-] Deleting neutron.network object s_rally_227a99dc_gqnHJCBU (238ba580-7609-4b29-9356-d68f00658777)
2019-06-24 08:54:25.865 21660 RALLYDEBUG rally_openstack.cleanup.manager [-] Deleting neutron.network object s_rally_227a99dc_iIMiCwTe (25a7535c-661b-4f9a-aee8-35d2756d5f5a)
2019-06-24 08:54:25.887 21660 RALLYDEBUG rally_openstack.cleanup.manager [-] Deleting neutron.network object s_rally_227a99dc_ruJh4Wl1 (2c9774c7-cb87-4661-8f89-6bf36b14fd3c)
2019-06-24 08:54:25.948 21660 RALLYDEBUG rally_openstack.cleanup.manager [-] Deleting neutron.network object s_rally_227a99dc_PVDILyJX (39ff7887-93a0-4188-89d5-45f2e3ae9d3e)
2019-06-24 08:54:25.977 21660 RALLYDEBUG rally_openstack.cleanup.manager [-] Deleting neutron.network object s_rally_227a99dc_f6O1wigA (4475c412-0d9e-45ae-a36b-dab3613c1673)
2019-06-24 08:54:25.986 21660 RALLYDEBUG rally_openstack.cleanup.manager [-] Deleting neutron.network object s_rally_227a99dc_9GjGPna4 (4486379b-7326-40bb-890c-9c8c22a9084f)
2019-06-24 08:54:25.994 21660 RALLYDEBUG rally_openstack.cleanup.manager [-] Deleting neutron.network object s_rally_227a99dc_vndNoXPt (470b6708-530b-4390-9a94-b189b74f2d25)
2019-06-24 08:54:26.058 21660 RALLYDEBUG rally_openstack.cleanup.manager [-] Deleting neutron.network object s_rally_227a99dc_AAxqdOcq (49b7727f-6008-462f-896f-4cc9c9f7f698)
2019-06-24 08:54:26.110 21660 RALLYDEBUG rally_openstack.cleanup.manager [-] Deleting neutron.network object s_rally_227a99dc_iEb7TopI (4a27d5b7-6642-4212-adee-fc07f5cda6c0)
2019-06-24 08:54:26.147 21660 RALLYDEBUG rally_openstack.cleanup.manager [-] Deleting neutron.network object s_rally_227a99dc_ZCFAcwxW (4b45f9cf-ec97-406d-8f3b-9bcc982cf2a5)
2019-06-24 08:54:26.169 21660 RALLYDEBUG rally_openstack.cleanup.manager [-] Deleting neutron.network object s_rally_227a99dc_cmJbE6Ob (4dde38e1-7bdc-4b63-a867-533e6e9e3ef0)
2019-06-24 08:54:26.196 21660 RALLYDEBUG rally_openstack.cleanup.manager [-] Deleting neutron.network object s_rally_227a99dc_rLBRHSs1 (51dd7fee-a7e7-4643-959f-40fb4dcba914)
2019-06-24 08:54:26.199 21660 RALLYDEBUG rally_openstack.cleanup.manager [-] Deleting neutron.network object s_rally_227a99dc_c8TDB8Xa (513b24f3-0b8d-4bd0-a836-2bb02c2bccd6)
2019-06-24 08:54:26.236 21660 RALLYDEBUG rally_openstack.cleanup.manager [-] Deleting neutron.network object s_rally_227a99dc_1C19cMTG (52aab41f-c98b-4d6f-ba20-dc7eeef7bcfb)
2019-06-24 08:54:26.441 21660 RALLYDEBUG rally_openstack.cleanup.manager [-] Deleting neutron.network object s_rally_227a99dc_jMfeTihc (5b8eafd4-e2c8-4b6c-8522-09d72e2bd679)
2019-06-24 08:54:26.470 21660 RALLYDEBUG rally_openstack.cleanup.manager [-] Deleting neutron.network object s_rally_227a99dc_w8Lp958D (5d0bd793-aa8b-40f6-b332-6c2f3eb67aa8)
2019-06-24 08:54:27.387 21660 RALLYDEBUG rally_openstack.cleanup.manager [-] Deleting neutron.network object s_rally_227a99dc_vI9fpTxR (5e0a5390-4756-41e9-ad00-0f7976e73020)
2019-06-24 08:54:27.425 21660 RALLYDEBUG rally_openstack.cleanup.manager [-] Deleting neutron.network object s_rally_227a99dc_jFqAwBy6 (5e31301c-607f-4232-9803-47effda00a72)
2019-06-24 08:54:27.447 21660 RALLYDEBUG rally_openstack.cleanup.manager [-] Deleting neutron.network object s_rally_227a99dc_Waj2wzga (5fd68798-17d5-4ca3-b83f-0b53746566ac)
2019-06-24 08:54:28.000 21660 RALLYDEBUG rally_openstack.cleanup.manager [-] Deleting neutron.network object s_rally_227a99dc_LKn0Ryun (6254d3fb-bfcc-43bb-881f-6f21e52743b3)
2019-06-24 08:54:28.265 21660 RALLYDEBUG rally_openstack.cleanup.manager [-] Deleting neutron.network object s_rally_227a99dc_8qKLRfDC (635fe7f3-03ea-4ef5-af73-591381d21c36)
2019-06-24 08:54:28.270 21660 RALLYDEBUG rally_openstack.cleanup.manager [-] Deleting neutron.network object s_rally_227a99dc_KXRnJsUj (67d13735-393b-450b-ba93-ab5873c4d2f9)
2019-06-24 08:54:28.282 21660 RALLYDEBUG rally_openstack.cleanup.manager [-] Deleting neutron.network object s_rally_227a99dc_p3gcSDjV (68f189b8-9cf5-490c-ab86-480024cb116b)
2019-06-24 08:54:28.294 21660 RALLYDEBUG rally_openstack.cleanup.manager [-] Deleting neutron.network object s_rally_227a99dc_IgRYcc4m (6acfb979-b1c8-4655-bfec-b35ccf7b63cb)
2019-06-24 08:54:28.351 21660 RALLYDEBUG rally_openstack.cleanup.manager [-] Deleting neutron.network object s_rally_227a99dc_2qzKdX3K (6e281793-a6c0-47c3-a209-95956b01fefc)
2019-06-24 08:54:28.392 21660 RALLYDEBUG rally_openstack.cleanup.manager [-] Deleting neutron.network object s_rally_227a99dc_DAQjeWy1 (71d0b491-07ac-483f-939b-efe3459d7109)
2019-06-24 08:54:28.415 21660 RALLYDEBUG rally_openstack.cleanup.manager [-] Deleting neutron.network object s_rally_227a99dc_ynebTbQW (72cef971-484f-49f7-a7ff-5b69d30448ee)
2019-06-24 08:54:28.617 21660 RALLYDEBUG rally_openstack.cleanup.manager [-] Deleting neutron.network object s_rally_227a99dc_zfSQiHaV (77596546-d2f3-488a-a243-591123c0e276)
2019-06-24 08:54:28.730 21660 RALLYDEBUG rally_openstack.cleanup.manager [-] Deleting neutron.network object s_rally_227a99dc_oplRoBNe (793d816a-6965-48c5-be47-a31d2b7388d7)
2019-06-24 08:54:28.889 21660 RALLYDEBUG rally_openstack.cleanup.manager [-] Deleting neutron.network object s_rally_227a99dc_dexrTMcj (7a79cbb4-93c2-4975-a2b3-e09e7249009d)
2019-06-24 08:54:28.920 21660 RALLYDEBUG rally_openstack.cleanup.manager [-] Deleting neutron.network object s_rally_227a99dc_FMWpHk9V (7b6bda39-4e3f-4861-baa7-6d89b4517541)
2019-06-24 08:54:29.337 21660 RALLYDEBUG rally_openstack.cleanup.manager [-] Deleting neutron.network object s_rally_227a99dc_1eDjUXDM (7c8183e3-f6a4-40bb-9a3b-872a330f05b5)
2019-06-24 08:54:29.468 21660 RALLYDEBUG rally_openstack.cleanup.manager [-] Deleting neutron.network object s_rally_227a99dc_2m4pjtYx (7fe37edf-4c13-4df6-9da1-c655b2f04ec3)
2019-06-24 08:54:29.513 21660 RALLYDEBUG rally_openstack.cleanup.manager [-] Deleting neutron.network object s_rally_227a99dc_IgZ1SaVw (837efb9c-dceb-4d1c-a183-69d591e90626)
2019-06-24 08:54:29.536 21660 RALLYDEBUG rally_openstack.cleanup.manager [-] Deleting neutron.network object s_rally_227a99dc_Zn3ODEEo (8673848e-95c2-4f68-832f-886a331cf188)
2019-06-24 08:54:29.562 21660 RALLYDEBUG rally_openstack.cleanup.manager [-] Deleting neutron.network object s_rally_227a99dc_Y4qxABwB (893be7cd-df7d-4b35-86f6-506bc7adde2d)
2019-06-24 08:54:29.606 21660 RALLYDEBUG rally_openstack.cleanup.manager [-] Deleting neutron.network object s_rally_227a99dc_5THaz9Pu (8a3ab5c7-6b19-4df2-9bd6-ed8bacf87d9d)
2019-06-24 08:54:29.778 21660 RALLYDEBUG rally_openstack.cleanup.manager [-] Deleting neutron.network object s_rally_227a99dc_EDr09UKd (8e8011a4-df2a-4bbd-8998-798d218c6eb5)
2019-06-24 08:54:29.950 21660 RALLYDEBUG rally_openstack.cleanup.manager [-] Deleting neutron.network object s_rally_227a99dc_ztczo8ab (906d6a69-aaa0-427d-8554-eb5091d92f69)
2019-06-24 08:54:30.078 21660 RALLYDEBUG rally_openstack.cleanup.manager [-] Deleting neutron.network object s_rally_227a99dc_U5i5SKSH (90caaa7e-003d-409f-9ff5-1227e91f1d00)
2019-06-24 08:54:30.513 21660 RALLYDEBUG rally_openstack.cleanup.manager [-] Deleting neutron.network object s_rally_227a99dc_gaSyiNep (92e863bd-144b-42d2-82b8-b8a6c7481ba2)
2019-06-24 08:54:30.536 21660 RALLYDEBUG rally_openstack.cleanup.manager [-] Deleting neutron.network object s_rally_227a99dc_24AqIXNx (937e2cc1-9834-469a-a9fe-f591127a08eb)
2019-06-24 08:54:30.569 21660 RALLYDEBUG rally_openstack.cleanup.manager [-] Deleting neutron.network object s_rally_227a99dc_dz0kJ6b8 (93ae58e5-7c02-408f-b983-df4c2b17506b)
2019-06-24 08:54:30.790 21660 RALLYDEBUG rally_openstack.cleanup.manager [-] Deleting neutron.network object s_rally_227a99dc_pbf9hDtA (9672f48f-f6dc-418e-b590-44fb5191c8e0)
2019-06-24 08:54:30.807 21660 RALLYDEBUG rally_openstack.cleanup.manager [-] Deleting neutron.network object s_rally_227a99dc_vESawzPy (9926d745-5887-4249-91a6-0bfe6cceb6ae)
2019-06-24 08:54:30.864 21660 RALLYDEBUG rally_openstack.cleanup.manager [-] Deleting neutron.network object s_rally_227a99dc_LPaIMeyw (9f73e105-387a-41fd-a55b-fb94a47a24e6)
2019-06-24 08:54:30.949 21660 RALLYDEBUG rally_openstack.cleanup.manager [-] Deleting neutron.network object s_rally_227a99dc_Li58J5at (a1fd4e16-f492-4338-913c-10ed2180b1ca)
2019-06-24 08:54:31.335 21660 RALLYDEBUG rally_openstack.cleanup.manager [-] Deleting neutron.network object s_rally_227a99dc_TYkhUsE4 (ab5a1af7-9233-40ed-8303-9494b0ba9e14)
2019-06-24 08:54:31.359 21660 RALLYDEBUG rally_openstack.cleanup.manager [-] Deleting neutron.network object s_rally_227a99dc_9VjxRU9X (ae31b0c8-52bd-49c5-9720-1e2af35bfb8f)
2019-06-24 08:54:31.590 21660 RALLYDEBUG rally_openstack.cleanup.manager [-] Deleting neutron.network object s_rally_227a99dc_f250Qxtp (b149ce9d-cefd-4639-bc43-3c1f169dea60)
2019-06-24 08:54:31.706 21660 RALLYDEBUG rally_openstack.cleanup.manager [-] Deleting neutron.network object s_rally_227a99dc_8ItAsyjZ (b24050a4-b9d6-40de-8e55-08fac769ba78)
2019-06-24 08:54:31.803 21660 RALLYDEBUG rally_openstack.cleanup.manager [-] Deleting neutron.network object s_rally_227a99dc_fEamGEip (b594ca80-8b95-4012-a812-e79a7447b538)
2019-06-24 08:54:31.816 21660 RALLYDEBUG rally_openstack.cleanup.manager [-] Deleting neutron.network object s_rally_227a99dc_7inTTM7B (b655a2aa-8eec-4702-84ff-0b8bb54217b3)
2019-06-24 08:54:31.848 21660 RALLYDEBUG rally_openstack.cleanup.manager [-] Deleting neutron.network object s_rally_227a99dc_mwzrLhx1 (b7af9ea1-8974-4e20-9070-0be850b464c6)
2019-06-24 08:54:32.010 21660 RALLYDEBUG rally_openstack.cleanup.manager [-] Deleting neutron.network object s_rally_227a99dc_OpezL2nH (b8e0080e-8e4f-46aa-a20d-eca7a3a85f41)
2019-06-24 08:54:32.139 21660 RALLYDEBUG rally_openstack.cleanup.manager [-] Deleting neutron.network object s_rally_227a99dc_tkYVuJ8T (bba184c0-18da-4fd0-a5cb-9171a9cbfd7b)
2019-06-24 08:54:32.188 21660 RALLYDEBUG rally_openstack.cleanup.manager [-] Deleting neutron.network object s_rally_227a99dc_Jbpou7cZ (c0dce548-03a2-4ac7-b719-d92f596c8fb0)
2019-06-24 08:54:32.499 21660 RALLYDEBUG rally_openstack.cleanup.manager [-] Deleting neutron.network object s_rally_227a99dc_G9uDV4z2 (c2847e72-7159-44cd-a75a-78291af849a7)
2019-06-24 08:54:32.708 21660 RALLYDEBUG rally_openstack.cleanup.manager [-] Deleting neutron.network object s_rally_227a99dc_wXAZiGqr (c34a2410-ca96-4b3f-b740-87fd3a6f60d4)
2019-06-24 08:54:32.837 21660 RALLYDEBUG rally_openstack.cleanup.manager [-] Deleting neutron.network object s_rally_227a99dc_7pTJHv2R (ca1a8ea2-307b-4199-a735-db9f1092c4d0)
2019-06-24 08:54:32.861 21660 RALLYDEBUG rally_openstack.cleanup.manager [-] Deleting neutron.network object s_rally_227a99dc_pjA1qXi7 (cb4c5d1a-1181-4117-97bc-640ab0aaeedc)
2019-06-24 08:54:32.895 21660 RALLYDEBUG rally_openstack.cleanup.manager [-] Deleting neutron.network object s_rally_227a99dc_1kLGGJlm (ce43f4ab-5d77-40a8-8ccf-77ae3d4699a2)
2019-06-24 08:54:32.945 21660 RALLYDEBUG rally_openstack.cleanup.manager [-] Deleting neutron.network object s_rally_227a99dc_C3mA1mnm (d650bfaf-d0e5-45fa-8661-2a3d1370182f)
2019-06-24 08:54:33.176 21660 RALLYDEBUG rally_openstack.cleanup.manager [-] Deleting neutron.network object s_rally_227a99dc_R6hWGs7z (d7a79bd1-f749-4dad-a459-a1204efdae6f)
2019-06-24 08:54:33.265 21660 RALLYDEBUG rally_openstack.cleanup.manager [-] Deleting neutron.network object s_rally_227a99dc_RkOzAehh (d88c89f0-4019-4d5c-af0a-099e476bd8cd)
2019-06-24 08:54:33.273 21660 RALLYDEBUG rally_openstack.cleanup.manager [-] Deleting neutron.network object s_rally_227a99dc_NgxBr80P (e19fab6d-02df-4116-94fa-f9e187841258)
2019-06-24 08:54:33.580 21660 RALLYDEBUG rally_openstack.cleanup.manager [-] Deleting neutron.network object s_rally_227a99dc_xbxPuVn0 (e22588f1-8039-4402-bdbe-3fca40d0f2fe)
2019-06-24 08:54:33.675 21660 RALLYDEBUG rally_openstack.cleanup.manager [-] Deleting neutron.network object s_rally_227a99dc_Valq84aU (e64c47df-87d5-43a8-89a0-38aff9ba9715)
2019-06-24 08:54:33.898 21660 RALLYDEBUG rally_openstack.cleanup.manager [-] Deleting neutron.network object s_rally_227a99dc_74i7Z0uK (e8026ba2-7c73-4ccd-93e7-e906a73d30ce)
2019-06-24 08:54:34.014 21660 RALLYDEBUG rally_openstack.cleanup.manager [-] Deleting neutron.network object s_rally_227a99dc_ouTsfnB3 (ed9760e5-6b68-4550-908a-7e6b2f546f17)
2019-06-24 08:54:34.052 21660 RALLYDEBUG rally_openstack.cleanup.manager [-] Deleting neutron.network object s_rally_227a99dc_ShzYpdDC (ee2f025a-b20f-46fd-84d6-7224e04a6aa1)
2019-06-24 08:54:34.389 21660 RALLYDEBUG rally_openstack.cleanup.manager [-] Deleting neutron.network object s_rally_227a99dc_zPeW1Qux (ef94b7a9-ebd2-4bfd-ad20-ba3a97b0321c)
