2019-06-24 08:58:37.310 23766 RALLYDEBUG rally.task.runner [-] Starting a worker. concurrency: 1 args: {"network_create_args": {}, "subnet_create_args": {}, "subnet_cidr_start": "1.1.0.0/30", "subnets_per_network": 2} times: 40 method_name: run timeout: 0 duration: None cls:
2019-06-24 08:58:37.310 23757 INFO rally.task.runner [-] Task 87c3fd00-85dd-452e-924e-85f0efa787a5 | ITER: 9 START
2019-06-24 08:58:37.312 23761 WARNING rally_openstack.scenarios.neutron.utils [-] Running this scenario without either the 'network' or 'existing_network' context is deprecated
2019-06-24 08:58:37.311 23757 WARNING rally_openstack.scenarios.neutron.utils [-] Running this scenario without either the 'network' or 'existing_network' context is deprecated
2019-06-24 08:58:37.312 23770 RALLYDEBUG rally.task.runner [-] Starting a worker. concurrency: 1 args: {"network_create_args": {}, "subnet_create_args": {}, "subnet_cidr_start": "1.1.0.0/30", "subnets_per_network": 2} times: 40 method_name: run timeout: 0 duration: None cls:
2019-06-24 08:58:37.312 23757 WARNING rally_openstack.scenarios.neutron.utils [-] Running this scenario without either the 'network' or 'existing_network' context is deprecated
2019-06-24 08:58:37.320 23766 INFO rally.task.runner [-] Task 87c3fd00-85dd-452e-924e-85f0efa787a5 | ITER: 11 START
2019-06-24 08:58:37.319 23756 INFO rally.task.runner [-] Task 87c3fd00-85dd-452e-924e-85f0efa787a5 | ITER: 7 START
2019-06-24 08:58:37.320 23776 RALLYDEBUG rally.task.runner [-] Starting a worker. concurrency: 1 args: {"network_create_args": {}, "subnet_create_args": {}, "subnet_cidr_start": "1.1.0.0/30", "subnets_per_network": 2} times: 40 method_name: run timeout: 0 duration: None cls:
2019-06-24 08:58:37.320 23770 INFO rally.task.runner [-] Task 87c3fd00-85dd-452e-924e-85f0efa787a5 | ITER: 12 START
2019-06-24 08:58:37.321 23755 INFO rally.task.runner [-] Task 87c3fd00-85dd-452e-924e-85f0efa787a5 | ITER: 5 START
2019-06-24 08:58:37.321 23756 WARNING rally_openstack.scenarios.neutron.utils [-] Running this scenario without either the 'network' or 'existing_network' context is deprecated
2019-06-24 08:58:37.322 23766 WARNING rally_openstack.scenarios.neutron.utils [-] Running this scenario without either the 'network' or 'existing_network' context is deprecated
2019-06-24 08:58:37.322 23770 WARNING rally_openstack.scenarios.neutron.utils [-] Running this scenario without either the 'network' or 'existing_network' context is deprecated
2019-06-24 08:58:37.322 23755 WARNING rally_openstack.scenarios.neutron.utils [-] Running this scenario without either the 'network' or 'existing_network' context is deprecated
2019-06-24 08:58:37.328 23776 INFO rally.task.runner [-] Task 87c3fd00-85dd-452e-924e-85f0efa787a5 | ITER: 13 START
2019-06-24 08:58:37.329 23776 WARNING rally_openstack.scenarios.neutron.utils [-] Running this scenario without either the 'network' or 'existing_network' context is deprecated
2019-06-24 08:58:37.330 23782 RALLYDEBUG rally.task.runner [-] Starting a worker. concurrency: 1 args: {"network_create_args": {}, "subnet_create_args": {}, "subnet_cidr_start": "1.1.0.0/30", "subnets_per_network": 2} times: 40 method_name: run timeout: 0 duration: None cls:
2019-06-24 08:58:37.334 23784 RALLYDEBUG rally.task.runner [-] Starting a worker. concurrency: 1 args: {"network_create_args": {}, "subnet_create_args": {}, "subnet_cidr_start": "1.1.0.0/30", "subnets_per_network": 2} times: 40 method_name: run timeout: 0 duration: None cls:
2019-06-24 08:58:37.338 23787 RALLYDEBUG rally.task.runner [-] Starting a worker. concurrency: 1 args: {"network_create_args": {}, "subnet_create_args": {}, "subnet_cidr_start": "1.1.0.0/30", "subnets_per_network": 2} times: 40 method_name: run timeout: 0 duration: None cls:
2019-06-24 08:58:37.340 23782 INFO rally.task.runner [-] Task 87c3fd00-85dd-452e-924e-85f0efa787a5 | ITER: 14 START
2019-06-24 08:58:37.341 23784 INFO rally.task.runner [-] Task 87c3fd00-85dd-452e-924e-85f0efa787a5 | ITER: 15 START
2019-06-24 08:58:37.342 23782 WARNING rally_openstack.scenarios.neutron.utils [-] Running this scenario without either the 'network' or 'existing_network' context is deprecated
2019-06-24 08:58:37.343 23784 WARNING rally_openstack.scenarios.neutron.utils [-] Running this scenario without either the 'network' or 'existing_network' context is deprecated
2019-06-24 08:58:37.346 23787 INFO rally.task.runner [-] Task 87c3fd00-85dd-452e-924e-85f0efa787a5 | ITER: 16 START
2019-06-24 08:58:37.348 23792 RALLYDEBUG rally.task.runner [-] Starting a worker. concurrency: 1 args: {"network_create_args": {}, "subnet_create_args": {}, "subnet_cidr_start": "1.1.0.0/30", "subnets_per_network": 2} times: 40 method_name: run timeout: 0 duration: None cls:
2019-06-24 08:58:37.348 23787 WARNING rally_openstack.scenarios.neutron.utils [-] Running this scenario without either the 'network' or 'existing_network' context is deprecated
2019-06-24 08:58:37.353 23792 INFO rally.task.runner [-] Task 87c3fd00-85dd-452e-924e-85f0efa787a5 | ITER: 17 START
2019-06-24 08:58:37.355 23792 WARNING rally_openstack.scenarios.neutron.utils [-] Running this scenario without either the 'network' or 'existing_network' context is deprecated
2019-06-24 08:58:37.357 23795 RALLYDEBUG rally.task.runner [-] Starting a worker. concurrency: 1 args: {"network_create_args": {}, "subnet_create_args": {}, "subnet_cidr_start": "1.1.0.0/30", "subnets_per_network": 2} times: 40 method_name: run timeout: 0 duration: None cls:
2019-06-24 08:58:37.362 23795 INFO rally.task.runner [-] Task 87c3fd00-85dd-452e-924e-85f0efa787a5 | ITER: 18 START
2019-06-24 08:58:37.364 23795 WARNING rally_openstack.scenarios.neutron.utils [-] Running this scenario without either the 'network' or 'existing_network' context is deprecated
2019-06-24 08:58:37.365 23798 RALLYDEBUG rally.task.runner [-] Starting a worker. concurrency: 1 args: {"network_create_args": {}, "subnet_create_args": {}, "subnet_cidr_start": "1.1.0.0/30", "subnets_per_network": 2} times: 40 method_name: run timeout: 0 duration: None cls:
2019-06-24 08:58:37.370 23801 RALLYDEBUG rally.task.runner [-] Starting a worker. concurrency: 1 args: {"network_create_args": {}, "subnet_create_args": {}, "subnet_cidr_start": "1.1.0.0/30", "subnets_per_network": 2} times: 40 method_name: run timeout: 0 duration: None cls:
2019-06-24 08:58:37.371 23798 INFO rally.task.runner [-] Task 87c3fd00-85dd-452e-924e-85f0efa787a5 | ITER: 19 START
2019-06-24 08:58:37.372 23798 WARNING rally_openstack.scenarios.neutron.utils [-] Running this scenario without either the 'network' or 'existing_network' context is deprecated
2019-06-24 08:58:37.375 23801 INFO rally.task.runner [-] Task 87c3fd00-85dd-452e-924e-85f0efa787a5 | ITER: 20 START
2019-06-24 08:58:37.376 23801 WARNING rally_openstack.scenarios.neutron.utils [-] Running this scenario without either the 'network' or 'existing_network' context is deprecated
2019-06-24 08:58:38.106 23754 RALLYDEBUG rally_openstack.wrappers.network [-] CIDR generated: 1.1.4.96/30
2019-06-24 08:58:38.129 23756 RALLYDEBUG rally_openstack.wrappers.network [-] CIDR generated: 1.1.4.100/30
2019-06-24 08:58:38.178 23761 RALLYDEBUG rally_openstack.wrappers.network [-] CIDR generated: 1.1.4.104/30
2019-06-24 08:58:38.208 23776 RALLYDEBUG rally_openstack.wrappers.network [-] CIDR generated: 1.1.4.108/30
2019-06-24 08:58:38.243 23755 RALLYDEBUG rally_openstack.wrappers.network [-] CIDR generated: 1.1.4.112/30
2019-06-24 08:58:38.251 23755 RALLYDEBUG rally_openstack.wrappers.network [-] CIDR generated: 1.1.4.116/30
2019-06-24 08:58:38.269 23757 RALLYDEBUG rally_openstack.wrappers.network [-] CIDR generated: 1.1.4.120/30
2019-06-24 08:58:38.301 23766 RALLYDEBUG rally_openstack.wrappers.network [-] CIDR generated: 1.1.4.124/30
2019-06-24 08:58:38.427 23756 RALLYDEBUG rally_openstack.wrappers.network [-] CIDR generated: 1.1.4.128/30
2019-06-24 08:58:38.428 23784 RALLYDEBUG rally_openstack.wrappers.network [-] CIDR generated: 1.1.4.132/30
2019-06-24 08:58:38.444 23770 RALLYDEBUG rally_openstack.wrappers.network [-] CIDR generated: 1.1.4.136/30
2019-06-24 08:58:38.446 23754 RALLYDEBUG rally_openstack.wrappers.network [-] CIDR generated: 1.1.4.140/30
2019-06-24 08:58:38.509 23758 RALLYDEBUG rally_openstack.wrappers.network [-] CIDR generated: 1.1.4.144/30
2019-06-24 08:58:38.539 23798 RALLYDEBUG rally_openstack.wrappers.network [-] CIDR generated: 1.1.4.148/30
2019-06-24 08:58:38.595 23795 RALLYDEBUG rally_openstack.wrappers.network [-] CIDR generated: 1.1.4.152/30
2019-06-24 08:58:38.817 23801 RALLYDEBUG rally_openstack.wrappers.network [-] CIDR generated: 1.1.4.156/30
2019-06-24 08:58:38.817 23782 RALLYDEBUG rally_openstack.wrappers.network [-] CIDR generated: 1.1.4.160/30
2019-06-24 08:58:39.034 23792 RALLYDEBUG rally_openstack.wrappers.network [-] CIDR generated: 1.1.4.164/30
2019-06-24 08:58:39.064 23787 RALLYDEBUG rally_openstack.wrappers.network [-] CIDR generated: 1.1.4.168/30
2019-06-24 08:58:39.244 23757 RALLYDEBUG rally_openstack.wrappers.network [-] CIDR generated: 1.1.4.172/30
2019-06-24 08:58:39.273 23770 RALLYDEBUG rally_openstack.wrappers.network [-] CIDR generated: 1.1.4.176/30
2019-06-24 08:58:39.491 23756 RALLYDEBUG rally_openstack.wrappers.network [-] CIDR generated: 1.1.4.180/30
2019-06-24 08:58:39.555 23755 RALLYDEBUG rally_openstack.wrappers.network [-] CIDR generated: 1.1.4.184/30
2019-06-24 08:58:39.568 23795 RALLYDEBUG rally_openstack.wrappers.network [-] CIDR generated: 1.1.4.188/30
2019-06-24 08:58:39.812 23801 RALLYDEBUG rally_openstack.wrappers.network [-] CIDR generated: 1.1.4.192/30
2019-06-24 08:58:39.937 23766 RALLYDEBUG rally_openstack.wrappers.network [-] CIDR generated: 1.1.4.196/30
2019-06-24 08:58:40.077 23784 RALLYDEBUG rally_openstack.wrappers.network [-] CIDR generated: 1.1.4.200/30
2019-06-24 08:58:40.101 23755 RALLYDEBUG rally_openstack.wrappers.network [-] CIDR generated: 1.1.4.204/30
2019-06-24 08:58:40.166 23758 RALLYDEBUG rally_openstack.wrappers.network [-] CIDR generated: 1.1.4.208/30
2019-06-24 08:58:41.054 23754 RALLYDEBUG rally_openstack.wrappers.network [-] CIDR generated: 1.1.4.212/30
2019-06-24 08:58:41.182 23787 RALLYDEBUG rally_openstack.wrappers.network [-] CIDR generated: 1.1.4.216/30
2019-06-24 08:58:41.541 23757 RALLYDEBUG rally_openstack.wrappers.network [-] CIDR generated: 1.1.4.220/30
2019-06-24 08:58:41.692 23754 RALLYDEBUG rally_openstack.wrappers.network [-] CIDR generated: 1.1.4.224/30
2019-06-24 08:58:41.747 23776 RALLYDEBUG rally_openstack.wrappers.network [-] CIDR generated: 1.1.4.228/30
2019-06-24 08:58:41.750 23756 RALLYDEBUG rally_openstack.wrappers.network [-] CIDR generated: 1.1.4.232/30
2019-06-24 08:58:41.760 23782 RALLYDEBUG rally_openstack.wrappers.network [-] CIDR generated: 1.1.4.236/30
2019-06-24 08:58:41.785 23761 RALLYDEBUG rally_openstack.wrappers.network [-] CIDR generated: 1.1.4.240/30
2019-06-24 08:58:41.990 23798 RALLYDEBUG rally_openstack.wrappers.network [-] CIDR generated: 1.1.4.244/30
2019-06-24 08:58:42.183 23757 RALLYDEBUG rally_openstack.wrappers.network [-] CIDR generated: 1.1.4.248/30
2019-06-24 08:58:42.189 23792 RALLYDEBUG rally_openstack.wrappers.network [-] CIDR generated: 1.1.4.252/30
2019-06-24 08:58:43.728 23758 INFO rally.task.runner [-] Task 87c3fd00-85dd-452e-924e-85f0efa787a5 | ITER: 8 END: OK
2019-06-24 08:58:43.733 23758 INFO rally.task.runner [-] Task 87c3fd00-85dd-452e-924e-85f0efa787a5 | ITER: 21 START
2019-06-24 08:58:43.734 23758 WARNING rally_openstack.scenarios.neutron.utils [-] Running this scenario without either the 'network' or 'existing_network' context is deprecated
2019-06-24 08:58:43.848 23795 INFO rally.task.runner [-] Task 87c3fd00-85dd-452e-924e-85f0efa787a5 | ITER: 18 END: OK
2019-06-24 08:58:43.852 23795 INFO rally.task.runner [-] Task 87c3fd00-85dd-452e-924e-85f0efa787a5 | ITER: 22 START
2019-06-24 08:58:43.853 23795 WARNING rally_openstack.scenarios.neutron.utils [-] Running this scenario without either the 'network' or 'existing_network' context is deprecated
2019-06-24 08:58:44.495 23758 RALLYDEBUG rally_openstack.wrappers.network [-] CIDR generated: 1.1.5.0/30
2019-06-24 08:58:45.050 23795 RALLYDEBUG rally_openstack.wrappers.network [-] CIDR generated: 1.1.5.4/30
2019-06-24 08:58:45.068 23756 INFO rally.task.runner [-] Task 87c3fd00-85dd-452e-924e-85f0efa787a5 | ITER: 4 END: OK
2019-06-24 08:58:45.073 23756 INFO rally.task.runner [-] Task 87c3fd00-85dd-452e-924e-85f0efa787a5 | ITER: 23 START
2019-06-24 08:58:45.073 23756 WARNING rally_openstack.scenarios.neutron.utils [-] Running this scenario without either the 'network' or 'existing_network' context is deprecated
2019-06-24 08:58:45.392 23755 INFO rally.task.runner [-] Task 87c3fd00-85dd-452e-924e-85f0efa787a5 | ITER: 5 END: OK
2019-06-24 08:58:45.397 23755 INFO rally.task.runner [-] Task 87c3fd00-85dd-452e-924e-85f0efa787a5 | ITER: 24 START
2019-06-24 08:58:45.398 23755 WARNING rally_openstack.scenarios.neutron.utils [-] Running this scenario without either the 'network' or 'existing_network' context is deprecated
2019-06-24 08:58:45.429 23801 INFO rally.task.runner [-] Task 87c3fd00-85dd-452e-924e-85f0efa787a5 | ITER: 20 END: OK
2019-06-24 08:58:45.433 23801 INFO rally.task.runner [-] Task 87c3fd00-85dd-452e-924e-85f0efa787a5 | ITER: 25 START
2019-06-24 08:58:45.434 23801 WARNING rally_openstack.scenarios.neutron.utils [-] Running this scenario without either the 'network' or 'existing_network' context is deprecated
2019-06-24 08:58:45.946 23756 RALLYDEBUG rally_openstack.wrappers.network [-] CIDR generated: 1.1.5.8/30
2019-06-24 08:58:46.063 23757 INFO rally.task.runner [-] Task 87c3fd00-85dd-452e-924e-85f0efa787a5 | ITER: 6 END: OK
2019-06-24 08:58:46.068 23757 INFO rally.task.runner [-] Task 87c3fd00-85dd-452e-924e-85f0efa787a5 | ITER: 26 START
2019-06-24 08:58:46.068 23757 WARNING rally_openstack.scenarios.neutron.utils [-] Running this scenario without either the 'network' or 'existing_network' context is deprecated
2019-06-24 08:58:46.107 23798 INFO rally.task.runner [-] Task 87c3fd00-85dd-452e-924e-85f0efa787a5 | ITER: 19 END: OK
2019-06-24 08:58:46.112 23798 INFO rally.task.runner [-] Task 87c3fd00-85dd-452e-924e-85f0efa787a5 | ITER: 27 START
2019-06-24 08:58:46.112 23798 WARNING rally_openstack.scenarios.neutron.utils [-] Running this scenario without either the 'network' or 'existing_network' context is deprecated
2019-06-24 08:58:46.176 23801 RALLYDEBUG rally_openstack.wrappers.network [-] CIDR generated: 1.1.5.12/30
2019-06-24 08:58:46.188 23755 RALLYDEBUG rally_openstack.wrappers.network [-] CIDR generated: 1.1.5.16/30
2019-06-24 08:58:46.812 23761 INFO rally.task.runner [-] Task 87c3fd00-85dd-452e-924e-85f0efa787a5 | ITER: 10 END: OK
2019-06-24 08:58:46.817 23761 INFO rally.task.runner [-] Task 87c3fd00-85dd-452e-924e-85f0efa787a5 | ITER: 28 START
2019-06-24 08:58:46.818 23761 WARNING rally_openstack.scenarios.neutron.utils [-] Running this scenario without either the 'network' or 'existing_network' context is deprecated
2019-06-24 08:58:46.833 23757 RALLYDEBUG rally_openstack.wrappers.network [-] CIDR generated: 1.1.5.20/30
2019-06-24 08:58:46.841 23757 INFO rally.task.runner [-] Task 87c3fd00-85dd-452e-924e-85f0efa787a5 | ITER: 9 END: OK
2019-06-24 08:58:46.844 23757 INFO rally.task.runner [-] Task 87c3fd00-85dd-452e-924e-85f0efa787a5 | ITER: 29 START
2019-06-24 08:58:46.845 23758 RALLYDEBUG rally_openstack.wrappers.network [-] CIDR generated: 1.1.5.24/30
2019-06-24 08:58:46.845 23757 WARNING rally_openstack.scenarios.neutron.utils [-] Running this scenario without either the 'network' or 'existing_network' context is deprecated
2019-06-24 08:58:46.935 23784 INFO rally.task.runner [-] Task 87c3fd00-85dd-452e-924e-85f0efa787a5 | ITER: 15 END: OK
2019-06-24 08:58:46.939 23784 INFO rally.task.runner [-] Task 87c3fd00-85dd-452e-924e-85f0efa787a5 | ITER: 30 START
2019-06-24 08:58:46.940 23784 WARNING rally_openstack.scenarios.neutron.utils [-] Running this scenario without either the 'network' or 'existing_network' context is deprecated
2019-06-24 08:58:47.126 23755 RALLYDEBUG rally_openstack.wrappers.network [-] CIDR generated: 1.1.5.28/30
2019-06-24 08:58:47.635 23761 RALLYDEBUG rally_openstack.wrappers.network [-] CIDR generated: 1.1.5.32/30
2019-06-24 08:58:47.892 23784 RALLYDEBUG rally_openstack.wrappers.network [-] CIDR generated: 1.1.5.36/30
2019-06-24 08:58:48.099 23757 RALLYDEBUG rally_openstack.wrappers.network [-] CIDR generated: 1.1.5.40/30
2019-06-24 08:58:48.452 23776 INFO rally.task.runner [-] Task 87c3fd00-85dd-452e-924e-85f0efa787a5 | ITER: 13 END: OK
2019-06-24 08:58:48.457 23776 INFO rally.task.runner [-] Task 87c3fd00-85dd-452e-924e-85f0efa787a5 | ITER: 31 START
2019-06-24 08:58:48.458 23776 WARNING rally_openstack.scenarios.neutron.utils [-] Running this scenario without either the 'network' or 'existing_network' context is deprecated
2019-06-24 08:58:48.510 23754 INFO rally.task.runner [-] Task 87c3fd00-85dd-452e-924e-85f0efa787a5 | ITER: 3 END: OK
2019-06-24 08:58:48.515 23754 INFO rally.task.runner [-] Task 87c3fd00-85dd-452e-924e-85f0efa787a5 | ITER: 32 START
2019-06-24 08:58:48.515 23754 WARNING rally_openstack.scenarios.neutron.utils [-] Running this scenario without either the 'network' or 'existing_network' context is deprecated
2019-06-24 08:58:48.523 23798 RALLYDEBUG rally_openstack.wrappers.network [-] CIDR generated: 1.1.5.44/30
2019-06-24 08:58:48.816 23766 INFO rally.task.runner [-] Task 87c3fd00-85dd-452e-924e-85f0efa787a5 | ITER: 11 END: OK
2019-06-24 08:58:48.821 23766 INFO rally.task.runner [-] Task 87c3fd00-85dd-452e-924e-85f0efa787a5 | ITER: 33 START
2019-06-24 08:58:48.821 23766 WARNING rally_openstack.scenarios.neutron.utils [-] Running this scenario without either the 'network' or 'existing_network' context is deprecated
2019-06-24 08:58:49.210 23757 RALLYDEBUG rally_openstack.wrappers.network [-] CIDR generated: 1.1.5.48/30
2019-06-24 08:58:49.298 23784 RALLYDEBUG rally_openstack.wrappers.network [-] CIDR generated: 1.1.5.52/30
2019-06-24 08:58:49.366 23776 RALLYDEBUG rally_openstack.wrappers.network [-] CIDR generated: 1.1.5.56/30
2019-06-24 08:58:49.408 23798 RALLYDEBUG rally_openstack.wrappers.network [-] CIDR generated: 1.1.5.60/30
2019-06-24 08:58:49.451 23766 RALLYDEBUG rally_openstack.wrappers.network [-] CIDR generated: 1.1.5.64/30
2019-06-24 08:58:49.625 23756 INFO rally.task.runner [-] Task 87c3fd00-85dd-452e-924e-85f0efa787a5 | ITER: 7 END: OK
2019-06-24 08:58:49.629 23756 INFO rally.task.runner [-] Task 87c3fd00-85dd-452e-924e-85f0efa787a5 | ITER: 34 START
2019-06-24 08:58:49.630 23756 WARNING rally_openstack.scenarios.neutron.utils [-] Running this scenario without either the 'network' or 'existing_network' context is deprecated
2019-06-24 08:58:49.732 23755 INFO rally.task.runner [-] Task 87c3fd00-85dd-452e-924e-85f0efa787a5 | ITER: 2 END: OK
2019-06-24 08:58:49.736 23755 INFO rally.task.runner [-] Task 87c3fd00-85dd-452e-924e-85f0efa787a5 | ITER: 35 START
2019-06-24 08:58:49.737 23755 WARNING rally_openstack.scenarios.neutron.utils [-] Running this scenario without either the 'network' or 'existing_network' context is deprecated
2019-06-24 08:58:49.849 23770 INFO rally.task.runner [-] Task 87c3fd00-85dd-452e-924e-85f0efa787a5 | ITER: 12 END: OK
2019-06-24 08:58:49.853 23770 INFO rally.task.runner [-] Task 87c3fd00-85dd-452e-924e-85f0efa787a5 | ITER: 36 START
2019-06-24 08:58:49.854 23770 WARNING rally_openstack.scenarios.neutron.utils [-] Running this scenario without either the 'network' or 'existing_network' context is deprecated
2019-06-24 08:58:50.303 23756 RALLYDEBUG rally_openstack.wrappers.network [-] CIDR generated: 1.1.5.68/30
2019-06-24 08:58:50.406 23757 RALLYDEBUG rally_openstack.wrappers.network [-] CIDR generated: 1.1.5.72/30
2019-06-24 08:58:50.490 23755 RALLYDEBUG rally_openstack.wrappers.network [-] CIDR generated: 1.1.5.76/30
2019-06-24 08:58:50.560 23776 RALLYDEBUG rally_openstack.wrappers.network [-] CIDR generated: 1.1.5.80/30
2019-06-24 08:58:50.717 23754 RALLYDEBUG rally_openstack.wrappers.network [-] CIDR generated: 1.1.5.84/30
2019-06-24 08:58:50.886 23782 INFO rally.task.runner [-] Task 87c3fd00-85dd-452e-924e-85f0efa787a5 | ITER: 14 END: OK
2019-06-24 08:58:50.890 23782 INFO rally.task.runner [-] Task 87c3fd00-85dd-452e-924e-85f0efa787a5 | ITER: 37 START
2019-06-24 08:58:50.891 23782 WARNING rally_openstack.scenarios.neutron.utils [-] Running this scenario without either the 'network' or 'existing_network' context is deprecated
2019-06-24 08:58:51.236 23756 RALLYDEBUG rally_openstack.wrappers.network [-] CIDR generated: 1.1.5.88/30
2019-06-24 08:58:51.381 23755 RALLYDEBUG rally_openstack.wrappers.network [-] CIDR generated: 1.1.5.92/30
2019-06-24 08:58:51.469 23782 RALLYDEBUG rally_openstack.wrappers.network [-] CIDR generated: 1.1.5.96/30
2019-06-24 08:58:52.065 23754 RALLYDEBUG rally_openstack.wrappers.network [-] CIDR generated: 1.1.5.100/30
2019-06-24 08:58:52.194 23787 INFO rally.task.runner [-] Task 87c3fd00-85dd-452e-924e-85f0efa787a5 | ITER: 16 END: OK
2019-06-24 08:58:52.199 23787 INFO rally.task.runner [-] Task 87c3fd00-85dd-452e-924e-85f0efa787a5 | ITER: 38 START
2019-06-24 08:58:52.200 23787 WARNING rally_openstack.scenarios.neutron.utils [-] Running this scenario without either the 'network' or 'existing_network' context is deprecated
2019-06-24 08:58:52.499 23782 RALLYDEBUG rally_openstack.wrappers.network [-] CIDR generated: 1.1.5.104/30
2019-06-24 08:58:52.716 23798 INFO rally.task.runner [-] Task 87c3fd00-85dd-452e-924e-85f0efa787a5 | ITER: 27 END: OK
2019-06-24 08:58:52.720 23798 INFO rally.task.runner [-] Task 87c3fd00-85dd-452e-924e-85f0efa787a5 | ITER: 39 START
2019-06-24 08:58:52.721 23798 WARNING rally_openstack.scenarios.neutron.utils [-] Running this scenario without either the 'network' or 'existing_network' context is deprecated
2019-06-24 08:58:52.851 23770 RALLYDEBUG rally_openstack.wrappers.network [-] CIDR generated: 1.1.5.108/30
2019-06-24 08:58:53.009 23795 RALLYDEBUG rally_openstack.wrappers.network [-] CIDR generated: 1.1.5.112/30
2019-06-24 08:58:53.139 23801 RALLYDEBUG rally_openstack.wrappers.network [-] CIDR generated: 1.1.5.116/30
2019-06-24 08:58:53.407 23798 RALLYDEBUG rally_openstack.wrappers.network [-] CIDR generated: 1.1.5.120/30
2019-06-24 08:58:53.640 23787 RALLYDEBUG rally_openstack.wrappers.network [-] CIDR generated: 1.1.5.124/30
2019-06-24 08:58:53.646 23761 RALLYDEBUG rally_openstack.wrappers.network [-] CIDR generated: 1.1.5.128/30
2019-06-24 08:58:54.255 23792 INFO rally.task.runner [-] Task 87c3fd00-85dd-452e-924e-85f0efa787a5 | ITER: 17 END: OK
2019-06-24 08:58:54.260 23792 INFO rally.task.runner [-] Task 87c3fd00-85dd-452e-924e-85f0efa787a5 | ITER: 40 START
2019-06-24 08:58:54.260 23792 WARNING rally_openstack.scenarios.neutron.utils [-] Running this scenario without either the 'network' or 'existing_network' context is deprecated
2019-06-24 08:58:54.321 23798 RALLYDEBUG rally_openstack.wrappers.network [-] CIDR generated: 1.1.5.132/30
2019-06-24 08:58:54.412 23770 RALLYDEBUG rally_openstack.wrappers.network [-] CIDR generated: 1.1.5.136/30
2019-06-24 08:58:54.543 23787 RALLYDEBUG rally_openstack.wrappers.network [-] CIDR generated: 1.1.5.140/30
2019-06-24 08:58:54.896 23792 RALLYDEBUG rally_openstack.wrappers.network [-] CIDR generated: 1.1.5.144/30
2019-06-24 08:58:55.017 23756 RALLYDEBUG rally_openstack.wrappers.network [-] CIDR generated: 1.1.5.148/30
2019-06-24 08:58:55.282 23766 RALLYDEBUG rally_openstack.wrappers.network [-] CIDR generated: 1.1.5.152/30
2019-06-24 08:58:55.423 23755 INFO rally.task.runner [-] Task 87c3fd00-85dd-452e-924e-85f0efa787a5 | ITER: 24 END: OK
2019-06-24 08:58:55.425 23754 INFO rally.task.runner [-] Task 87c3fd00-85dd-452e-924e-85f0efa787a5 | ITER: 1 END: OK
2019-06-24 08:58:55.653 23795 INFO rally.task.runner [-] Task 87c3fd00-85dd-452e-924e-85f0efa787a5 | ITER: 22 END: OK
2019-06-24 08:58:57.225 23755 INFO rally.task.runner [-] Task 87c3fd00-85dd-452e-924e-85f0efa787a5 | ITER: 35 END: OK
2019-06-24 08:58:57.296 23784 INFO rally.task.runner [-] Task 87c3fd00-85dd-452e-924e-85f0efa787a5 | ITER: 30 END: OK
2019-06-24 08:58:57.452 23770 INFO rally.task.runner [-] Task 87c3fd00-85dd-452e-924e-85f0efa787a5 | ITER: 36 END: OK
2019-06-24 08:58:57.850 23766 INFO rally.task.runner [-] Task 87c3fd00-85dd-452e-924e-85f0efa787a5 | ITER: 33 END: OK
2019-06-24 08:58:57.913 23754 INFO rally.task.runner [-] Task 87c3fd00-85dd-452e-924e-85f0efa787a5 | ITER: 32 END: OK
2019-06-24 08:58:57.961 23757 INFO rally.task.runner [-] Task 87c3fd00-85dd-452e-924e-85f0efa787a5 | ITER: 26 END: OK
2019-06-24 08:58:58.114 23757 INFO rally.task.runner [-] Task 87c3fd00-85dd-452e-924e-85f0efa787a5 | ITER: 29 END: OK
2019-06-24 08:58:58.138 23792 RALLYDEBUG rally_openstack.wrappers.network [-] CIDR generated: 1.1.5.156/30
2019-06-24 08:58:59.001 23776 INFO rally.task.runner [-] Task 87c3fd00-85dd-452e-924e-85f0efa787a5 | ITER: 31 END: OK
2019-06-24 08:58:59.234 23782 INFO rally.task.runner [-] Task 87c3fd00-85dd-452e-924e-85f0efa787a5 | ITER: 37 END: OK
2019-06-24 08:58:59.686 23756 INFO rally.task.runner [-] Task 87c3fd00-85dd-452e-924e-85f0efa787a5 | ITER: 23 END: OK
2019-06-24 08:59:00.371 23758 INFO rally.task.runner [-] Task 87c3fd00-85dd-452e-924e-85f0efa787a5 | ITER: 21 END: OK
2019-06-24 08:59:00.798 23798 INFO rally.task.runner [-] Task 87c3fd00-85dd-452e-924e-85f0efa787a5 | ITER: 39 END: OK
2019-06-24 08:59:01.447 23756 INFO rally.task.runner [-] Task 87c3fd00-85dd-452e-924e-85f0efa787a5 | ITER: 34 END: OK
2019-06-24 08:59:01.518 23801 INFO rally.task.runner [-] Task 87c3fd00-85dd-452e-924e-85f0efa787a5 | ITER: 25 END: OK
2019-06-24 08:59:02.071 23787 INFO rally.task.runner [-] Task 87c3fd00-85dd-452e-924e-85f0efa787a5 | ITER: 38 END: OK
2019-06-24 08:59:02.073 23792 INFO rally.task.runner [-] Task 87c3fd00-85dd-452e-924e-85f0efa787a5 | ITER: 40 END: OK
2019-06-24 08:59:02.459 23761 INFO rally.task.runner [-] Task 87c3fd00-85dd-452e-924e-85f0efa787a5 | ITER: 28 END: OK
2019-06-24 08:59:02.487 21660 INFO rally.task.context [-] Task 87c3fd00-85dd-452e-924e-85f0efa787a5 | Context cleanup@openstack cleanup() started
2019-06-24 08:59:02.496 21660 RALLYDEBUG rally_openstack.cleanup.manager [-] Cleaning up neutron vip objects
2019-06-24 08:59:02.905 21660 RALLYDEBUG rally_openstack.cleanup.manager [-] Cleaning up neutron health_monitor objects
2019-06-24 08:59:03.304 21660 RALLYDEBUG rally_openstack.cleanup.manager [-] Cleaning up neutron pool objects
2019-06-24 08:59:03.721 21660 RALLYDEBUG rally_openstack.cleanup.manager [-] Cleaning up neutron loadbalancer objects
2019-06-24 08:59:04.111 21660 RALLYDEBUG rally_openstack.cleanup.manager [-] Cleaning up neutron floatingip objects
2019-06-24 08:59:04.535 21660 RALLYDEBUG rally_openstack.cleanup.manager [-] Cleaning up neutron port objects
2019-06-24 08:59:05.025 21660 RALLYDEBUG rally_openstack.cleanup.manager [-] Cleaning up neutron subnet objects
2019-06-24 08:59:05.445 21660 RALLYDEBUG rally_openstack.cleanup.manager [-] Cleaning up neutron network objects
2019-06-24 08:59:06.001 21660 RALLYDEBUG rally_openstack.cleanup.manager [-] Deleting neutron.network object s_rally_2c561847_5nzAh1n3 (038b287f-5747-4c6f-81d0-8054f0d25fd4)
2019-06-24 08:59:06.011 21660 RALLYDEBUG rally_openstack.cleanup.manager [-] Deleting neutron.network object s_rally_2c561847_4ftHQAjf (06ecea78-0f4e-4199-9d2c-67641ee0a098)
2019-06-24 08:59:06.017 21660 RALLYDEBUG rally_openstack.cleanup.manager [-] Deleting neutron.network object s_rally_2c561847_MXM31CT4 (12b55855-d67f-44a0-b3b4-a748ab5b4a27)
2019-06-24 08:59:06.027 21660 RALLYDEBUG rally_openstack.cleanup.manager [-] Deleting neutron.network object s_rally_2c561847_90qLo55t (1b9b1513-1cd6-47a8-abe8-c79f0d849c61)
2019-06-24 08:59:06.036 21660 RALLYDEBUG rally_openstack.cleanup.manager [-] Deleting neutron.network object s_rally_2c561847_cpm5kSpr (1d71f9fb-4c67-46cc-8f76-fbe439233baa)
2019-06-24 08:59:06.045 21660 RALLYDEBUG rally_openstack.cleanup.manager [-] Deleting neutron.network object s_rally_2c561847_9Opi1io3 (1d9b949a-c00c-472d-baf9-691fcaf56a44)
2019-06-24 08:59:06.054 21660 RALLYDEBUG rally_openstack.cleanup.manager [-] Deleting neutron.network object s_rally_2c561847_UT3Ezfj5 (2ce0d2d4-cc90-4fca-a62e-4c2e33f85078)
2019-06-24 08:59:06.070 21660 RALLYDEBUG rally_openstack.cleanup.manager [-] Deleting neutron.network object s_rally_2c561847_T0rAXKud (3081554d-09e4-4480-a0dc-c5206374a685)
2019-06-24 08:59:06.072 21660 RALLYDEBUG rally_openstack.cleanup.manager [-] Deleting neutron.network object s_rally_2c561847_LEnwYV4m (2dd9e689-c307-475f-8155-31e60fa4eafa)
2019-06-24 08:59:06.241 21660 RALLYDEBUG rally_openstack.cleanup.manager [-] Deleting neutron.network object s_rally_2c561847_tbg7D9oV (43e96bc4-8106-4328-adf2-ce6cb7989b72)
2019-06-24 08:59:06.264 21660 RALLYDEBUG rally_openstack.cleanup.manager [-] Deleting neutron.network object s_rally_2c561847_M0AsIYcQ (3bb060eb-5e80-40cf-96c8-ab93ed071ac1)
2019-06-24 08:59:06.276 21660 RALLYDEBUG rally_openstack.cleanup.manager [-] Deleting neutron.network object s_rally_2c561847_kK0C6LMW (3a79bdc6-942e-49a7-9e56-2def8d945e5d)
2019-06-24 08:59:06.316 21660 RALLYDEBUG rally_openstack.cleanup.manager [-] Deleting neutron.network object s_rally_2c561847_uvvqRkdF (47a440d6-637a-443e-977e-ec69be6804b6)
2019-06-24 08:59:06.327 21660 RALLYDEBUG rally_openstack.cleanup.manager [-] Deleting neutron.network object s_rally_2c561847_uEtO4bQh (5e06b0c3-1bcf-4073-8005-35c8abd7ea71)
2019-06-24 08:59:06.325 21660 RALLYDEBUG rally_openstack.cleanup.manager [-] Deleting neutron.network object s_rally_2c561847_W8PUxCeN (573983d4-0f0a-440f-bdf5-800b2820075b)
2019-06-24 08:59:06.329 21660 RALLYDEBUG rally_openstack.cleanup.manager [-] Deleting neutron.network object s_rally_2c561847_ogPHdO9e (4c04436e-c0df-47db-9ba9-d368ce893f7e)
2019-06-24 08:59:06.331 21660 RALLYDEBUG rally_openstack.cleanup.manager [-] Deleting neutron.network object s_rally_2c561847_16z1C7v5 (5df08333-2d6d-44d9-b5f6-7ced59978a48)
2019-06-24 08:59:06.340 21660 RALLYDEBUG rally_openstack.cleanup.manager [-] Deleting neutron.network object s_rally_2c561847_hon2iE01 (64be24b4-74b8-4348-8a6c-8c38e4875231)
2019-06-24 08:59:06.369 21660 RALLYDEBUG rally_openstack.cleanup.manager [-] Deleting neutron.network object s_rally_2c561847_PAy65oP3 (64f91f3a-e544-406f-9c52-3ebacfea8ab6)
2019-06-24 08:59:06.370 21660 RALLYDEBUG rally_openstack.cleanup.manager [-] Deleting neutron.network object s_rally_2c561847_nLZprfbR (677e14a7-ffc1-4a0a-ad41-547206fc9dcc)
2019-06-24 08:59:08.777 21660 RALLYDEBUG rally_openstack.cleanup.manager [-] Deleting neutron.network object s_rally_2c561847_rULuTj7c (695187da-ac45-48d0-810f-418896de2903)
2019-06-24 08:59:08.781 21660 RALLYDEBUG rally_openstack.cleanup.manager [-] Deleting neutron.network object s_rally_2c561847_EuZ3IZGa (6b892bfd-2509-4e72-b88b-a0b3f4a59b1b)
2019-06-24 08:59:08.872 21660 RALLYDEBUG rally_openstack.cleanup.manager [-] Deleting neutron.network object s_rally_2c561847_pmoEf8Pq (71b86bfd-1d9e-466c-a980-1873525f4a70)
2019-06-24 08:59:08.872 21660 RALLYDEBUG rally_openstack.cleanup.manager [-] Deleting neutron.network object s_rally_2c561847_voFVYP0K (760377ef-6a10-48b7-a7fd-f9b1005d9dbc)
2019-06-24 08:59:08.905 21660 RALLYDEBUG rally_openstack.cleanup.manager [-] Deleting neutron.network object s_rally_2c561847_AorBXcP4 (7a3a8028-aefe-4e15-b6d1-652388a1107b)
2019-06-24 08:59:09.041 21660 RALLYDEBUG rally_openstack.cleanup.manager [-] Deleting neutron.network object s_rally_2c561847_JJd8scYl (8065c91b-a4af-4198-8537-ff2a0ec090a3)
2019-06-24 08:59:09.096 21660 RALLYDEBUG rally_openstack.cleanup.manager [-] Deleting neutron.network object s_rally_2c561847_768OAiyq (83578b70-b6b7-4a02-bf06-b47d87367497)
2019-06-24 08:59:09.430 21660 RALLYDEBUG rally_openstack.cleanup.manager [-] Deleting neutron.network object s_rally_2c561847_1D19yPD6 (85579879-8041-44ed-b7b4-65f4ea867570)
2019-06-24 08:59:09.526 21660 RALLYDEBUG rally_openstack.cleanup.manager [-] Deleting neutron.network object s_rally_2c561847_XhTn9VCO (8686aeeb-b167-4be9-8681-d53041cb5bd1)
2019-06-24 08:59:09.563 21660 RALLYDEBUG rally_openstack.cleanup.manager [-] Deleting neutron.network object s_rally_2c561847_JK6v4WP3 (8fabad38-d899-47f7-aff4-b4d39bcf7d2a)
2019-06-24 08:59:09.577 21660 RALLYDEBUG rally_openstack.cleanup.manager [-] Deleting neutron.network object s_rally_2c561847_Tl8k6dQT (9073895a-6fc4-4d97-93f3-be7481e33d9c)
2019-06-24 08:59:09.586 21660 RALLYDEBUG rally_openstack.cleanup.manager [-] Deleting neutron.network object s_rally_2c561847_VZUgKVNb (99cd38c7-51ed-40f8-9008-a28adb04f19d)
2019-06-24 08:59:09.703 21660 RALLYDEBUG rally_openstack.cleanup.manager [-] Deleting neutron.network object s_rally_2c561847_LMMA8KEp (9c8763ac-0546-4aae-ba10-adc26aa52eeb)
2019-06-24 08:59:09.712 21660 RALLYDEBUG rally_openstack.cleanup.manager [-] Deleting neutron.network object s_rally_2c561847_MLaRVCys (9de6ecd5-f1c1-489d-8ada-272faf5d236f)
2019-06-24 08:59:09.851 21660 RALLYDEBUG rally_openstack.cleanup.manager [-] Deleting neutron.network object s_rally_2c561847_SbGEtiIB (a0186cd9-5c02-4fa3-96f4-294448baa4a9)
2019-06-24 08:59:10.001 21660 RALLYDEBUG rally_openstack.cleanup.manager [-] Deleting neutron.network object s_rally_2c561847_VUqtCb9E (a1c9c84a-277a-4e1c-bcc9-59e291a72008)
2019-06-24 08:59:10.010 21660 RALLYDEBUG rally_openstack.cleanup.manager [-] Deleting neutron.network object s_rally_2c561847_5wYkn0Tu (aacca1c4-b09a-425f-bbdb-fae9806611f1)
2019-06-24 08:59:10.771 21660 RALLYDEBUG rally_openstack.cleanup.manager [-] Deleting neutron.network object s_rally_2c561847_Wj5v8DR8 (b142cbd3-5b34-4030-9c05-ddad128a6ee0)
2019-06-24 08:59:11.002 21660 RALLYDEBUG rally_openstack.cleanup.manager [-] Deleting neutron.network object s_rally_2c561847_enM2TnMx (b34e4083-1a38-4496-aa9c-1d7dfee0a909)
2019-06-24 08:59:11.024 21660 RALLYDEBUG rally_openstack.cleanup.manager [-] Deleting neutron.network object s_rally_2c561847_NovwZA3r (d565c3f8-d418-42dc-a932-348bdcbee655)
2019-06-24 08:59:13.269 21660 RALLYDEBUG rally_openstack.cleanup.manager [-] Cleaning up neutron router objects
2019-06-24 08:59:13.689 21660 RALLYDEBUG rally_openstack.cleanup.manager [-] Cleaning up neutron security_group objects
2019-06-24 08:59:14.130 21660 INFO rally.task.context [-] Task 87c3fd00-85dd-452e-924e-85f0efa787a5 | Context cleanup@openstack cleanup() finished in 11.64 sec
2019-06-24 08:59:14.130 21660 INFO rally.task.context [-] Task 87c3fd00-85dd-452e-924e-85f0efa787a5 | Context quotas@openstack cleanup() started
2019-06-24 08:59:14.203 21660 INFO rally.task.context [-] Task 87c3fd00-85dd-452e-924e-85f0efa787a5 | Context quotas@openstack cleanup() finished in 72.09 msec
2019-06-24 08:59:14.203 21660 INFO rally.task.context [-] Task 87c3fd00-85dd-452e-924e-85f0efa787a5 | Context users@openstack cleanup() started
2019-06-24 08:59:16.874 21660 INFO rally.task.context [-] Task 87c3fd00-85dd-452e-924e-85f0efa787a5 | Context users@openstack cleanup() finished in 2.67 sec
2019-06-24 08:59:18.668 21660 INFO rally.task.engine [-] Load duration is: 25.158033
2019-06-24 08:59:18.669 21660 INFO rally.task.engine [-] Full runner duration is: 25.213204
2019-06-24 08:59:18.669 21660 INFO rally.task.engine [-] Full duration is: 42.418678
2019-06-24 08:59:19.131 21660 INFO rally.task.engine [-] Running workload: position = 0 config = { "version": 2, "title": "A cropped version of a bigger task.", "description": "Auto-generated task from a single workload (uuid=f89668d5-cb00-4304-a986-3cd39a659b64)", "subtasks": [ { "title": "NeutronNetworks.create_and_list_routers", "description": "Create and a given number of routers and list all routers.", "scenario": { "NeutronNetworks.create_and_list_routers": { "network_create_args": null, "subnet_create_args": null, "subnet_cidr_start": "1.1.0.0/30", "subnets_per_network": 2, "router_create_args": null } }, "contexts": { "users": { "tenants": 1, "users_per_tenant": 1 }, "quotas": { "neutron": { "network": -1, "subnet": -1, "router": -1 } } }, "runner": { "constant": { "times": 40, "concurrency": 20 } }, "hooks": [], "sla": { "failure_rate": { "max": 0 } } } ] }
2019-06-24 08:59:19.157 21660 RALLYDEBUG rally_openstack.contexts.keystone.users [-] Creating 1 tenants using 20 threads
2019-06-24 08:59:20.061 21660 RALLYDEBUG rally_openstack.contexts.keystone.users [-] Creating 1 users using 20 threads
2019-06-24 08:59:21.407 21660 INFO rally.task.context [-] Task 87c3fd00-85dd-452e-924e-85f0efa787a5 | Context users@openstack setup() finished in 2.25 sec
2019-06-24 08:59:21.919 21660 INFO rally.task.context [-] Task 87c3fd00-85dd-452e-924e-85f0efa787a5 | Context quotas@openstack setup() finished in 0.51 sec
2019-06-24 08:59:21.920 21660 INFO rally.task.context [-] Task 87c3fd00-85dd-452e-924e-85f0efa787a5 | Context cleanup@openstack setup() finished in 0.01 msec
2019-06-24 08:59:21.929 21660 RALLYDEBUG rally.task.runner [-] Starting the constant runner (task UUID: 87c3fd00-85dd-452e-924e-85f0efa787a5). timeout: 0 concurrency: 20 concurrency_per_worker: 1 times: 40 concurrency_overhead: 4 processes_to_start: 16 max_cpu_used: 16
2019-06-24 08:59:21.943 24124 RALLYDEBUG rally.task.runner [-] Starting a worker. concurrency: 2 args: {"network_create_args": null, "subnet_create_args": null, "subnet_cidr_start": "1.1.0.0/30", "subnets_per_network": 2, "router_create_args": null} times: 40 method_name: run timeout: 0 duration: None cls:
2019-06-24 08:59:21.947 24125 RALLYDEBUG rally.task.runner [-] Starting a worker. concurrency: 2 args: {"network_create_args": null, "subnet_create_args": null, "subnet_cidr_start": "1.1.0.0/30", "subnets_per_network": 2, "router_create_args": null} times: 40 method_name: run timeout: 0 duration: None cls:
2019-06-24 08:59:21.949 24126 RALLYDEBUG rally.task.runner [-] Starting a worker. concurrency: 2 args: {"network_create_args": null, "subnet_create_args": null, "subnet_cidr_start": "1.1.0.0/30", "subnets_per_network": 2, "router_create_args": null} times: 40 method_name: run timeout: 0 duration: None cls:
2019-06-24 08:59:21.952 24127 RALLYDEBUG rally.task.runner [-] Starting a worker. concurrency: 2 args: {"network_create_args": null, "subnet_create_args": null, "subnet_cidr_start": "1.1.0.0/30", "subnets_per_network": 2, "router_create_args": null} times: 40 method_name: run timeout: 0 duration: None cls:
2019-06-24 08:59:21.953 24124 INFO rally.task.runner [-] Task 87c3fd00-85dd-452e-924e-85f0efa787a5 | ITER: 1 START
2019-06-24 08:59:21.957 24128 RALLYDEBUG rally.task.runner [-] Starting a worker. concurrency: 1 args: {"network_create_args": null, "subnet_create_args": null, "subnet_cidr_start": "1.1.0.0/30", "subnets_per_network": 2, "router_create_args": null} times: 40 method_name: run timeout: 0 duration: None cls:
2019-06-24 08:59:21.959 24125 INFO rally.task.runner [-] Task 87c3fd00-85dd-452e-924e-85f0efa787a5 | ITER: 5 START
2019-06-24 08:59:21.959 24126 INFO rally.task.runner [-] Task 87c3fd00-85dd-452e-924e-85f0efa787a5 | ITER: 4 START
2019-06-24 08:59:21.955 24124 INFO rally.task.runner [-] Task 87c3fd00-85dd-452e-924e-85f0efa787a5 | ITER: 3 START
2019-06-24 08:59:21.961 24132 RALLYDEBUG rally.task.runner [-] Starting a worker. concurrency: 1 args: {"network_create_args": null, "subnet_create_args": null, "subnet_cidr_start": "1.1.0.0/30", "subnets_per_network": 2, "router_create_args": null} times: 40 method_name: run timeout: 0 duration: None cls:
2019-06-24 08:59:21.962 24127 INFO rally.task.runner [-] Task 87c3fd00-85dd-452e-924e-85f0efa787a5 | ITER: 6 START
2019-06-24 08:59:21.965 24128 INFO rally.task.runner [-] Task 87c3fd00-85dd-452e-924e-85f0efa787a5 | ITER: 9 START
2019-06-24 08:59:21.960 24126 INFO rally.task.runner [-] Task 87c3fd00-85dd-452e-924e-85f0efa787a5 | ITER: 7 START
2019-06-24 08:59:21.967 24127 INFO rally.task.runner [-] Task 87c3fd00-85dd-452e-924e-85f0efa787a5 | ITER: 8 START
2019-06-24 08:59:21.966 24137 RALLYDEBUG rally.task.runner [-] Starting a worker. concurrency: 1 args: {"network_create_args": null, "subnet_create_args": null, "subnet_cidr_start": "1.1.0.0/30", "subnets_per_network": 2, "router_create_args": null} times: 40 method_name: run timeout: 0 duration: None cls:
2019-06-24 08:59:21.969 24132 INFO rally.task.runner [-] Task 87c3fd00-85dd-452e-924e-85f0efa787a5 | ITER: 10 START
2019-06-24 08:59:21.969 24142 RALLYDEBUG rally.task.runner [-] Starting a worker. concurrency: 1 args: {"network_create_args": null, "subnet_create_args": null, "subnet_cidr_start": "1.1.0.0/30", "subnets_per_network": 2, "router_create_args": null} times: 40 method_name: run timeout: 0 duration: None cls:
2019-06-24 08:59:21.962 24125 INFO rally.task.runner [-] Task 87c3fd00-85dd-452e-924e-85f0efa787a5 | ITER: 2 START
2019-06-24 08:59:21.973 24146 RALLYDEBUG rally.task.runner [-] Starting a worker. concurrency: 1 args: {"network_create_args": null, "subnet_create_args": null, "subnet_cidr_start": "1.1.0.0/30", "subnets_per_network": 2, "router_create_args": null} times: 40 method_name: run timeout: 0 duration: None cls:
2019-06-24 08:59:21.977 24142 INFO rally.task.runner [-] Task 87c3fd00-85dd-452e-924e-85f0efa787a5 | ITER: 12 START
2019-06-24 08:59:21.978 24149 RALLYDEBUG rally.task.runner [-] Starting a worker. concurrency: 1 args: {"network_create_args": null, "subnet_create_args": null, "subnet_cidr_start": "1.1.0.0/30", "subnets_per_network": 2, "router_create_args": null} times: 40 method_name: run timeout: 0 duration: None cls:
2019-06-24 08:59:21.980 24137 INFO rally.task.runner [-] Task 87c3fd00-85dd-452e-924e-85f0efa787a5 | ITER: 11 START
2019-06-24 08:59:21.981 24150 RALLYDEBUG rally.task.runner [-] Starting a worker. concurrency: 1 args: {"network_create_args": null, "subnet_create_args": null, "subnet_cidr_start": "1.1.0.0/30", "subnets_per_network": 2, "router_create_args": null} times: 40 method_name: run timeout: 0 duration: None cls:
2019-06-24 08:59:21.982 24146 INFO rally.task.runner [-] Task 87c3fd00-85dd-452e-924e-85f0efa787a5 | ITER: 13 START
2019-06-24 08:59:21.987 24149 INFO rally.task.runner [-] Task 87c3fd00-85dd-452e-924e-85f0efa787a5 | ITER: 14 START
2019-06-24 08:59:21.987 24155 RALLYDEBUG rally.task.runner [-] Starting a worker. concurrency: 1 args: {"network_create_args": null, "subnet_create_args": null, "subnet_cidr_start": "1.1.0.0/30", "subnets_per_network": 2, "router_create_args": null} times: 40 method_name: run timeout: 0 duration: None cls:
2019-06-24 08:59:21.988 24150 INFO rally.task.runner [-] Task 87c3fd00-85dd-452e-924e-85f0efa787a5 | ITER: 15 START
2019-06-24 08:59:21.992 24158 RALLYDEBUG rally.task.runner [-] Starting a worker. concurrency: 1 args: {"network_create_args": null, "subnet_create_args": null, "subnet_cidr_start": "1.1.0.0/30", "subnets_per_network": 2, "router_create_args": null} times: 40 method_name: run timeout: 0 duration: None cls:
2019-06-24 08:59:21.996 24155 INFO rally.task.runner [-] Task 87c3fd00-85dd-452e-924e-85f0efa787a5 | ITER: 16 START
2019-06-24 08:59:22.000 24158 INFO rally.task.runner [-] Task 87c3fd00-85dd-452e-924e-85f0efa787a5 | ITER: 17 START
2019-06-24 08:59:22.004 24165 RALLYDEBUG rally.task.runner [-] Starting a worker. concurrency: 1 args: {"network_create_args": null, "subnet_create_args": null, "subnet_cidr_start": "1.1.0.0/30", "subnets_per_network": 2, "router_create_args": null} times: 40 method_name: run timeout: 0 duration: None cls:
2019-06-24 08:59:22.009 24165 INFO rally.task.runner [-] Task 87c3fd00-85dd-452e-924e-85f0efa787a5 | ITER: 18 START
2019-06-24 08:59:22.013 24168 RALLYDEBUG rally.task.runner [-] Starting a worker. concurrency: 1 args: {"network_create_args": null, "subnet_create_args": null, "subnet_cidr_start": "1.1.0.0/30", "subnets_per_network": 2, "router_create_args": null} times: 40 method_name: run timeout: 0 duration: None cls:
2019-06-24 08:59:22.019 24168 INFO rally.task.runner [-] Task 87c3fd00-85dd-452e-924e-85f0efa787a5 | ITER: 19 START
2019-06-24 08:59:22.019 24171 RALLYDEBUG rally.task.runner [-] Starting a worker. concurrency: 1 args: {"network_create_args": null, "subnet_create_args": null, "subnet_cidr_start": "1.1.0.0/30", "subnets_per_network": 2, "router_create_args": null} times: 40 method_name: run timeout: 0 duration: None cls:
2019-06-24 08:59:22.024 24171 INFO rally.task.runner [-] Task 87c3fd00-85dd-452e-924e-85f0efa787a5 | ITER: 20 START
2019-06-24 08:59:22.829 24126 RALLYDEBUG rally_openstack.wrappers.network [-] CIDR generated: 1.1.5.160/30
2019-06-24 08:59:22.911 24137 RALLYDEBUG rally_openstack.wrappers.network [-] CIDR generated: 1.1.5.164/30
2019-06-24 08:59:22.947 24142 RALLYDEBUG rally_openstack.wrappers.network [-] CIDR generated: 1.1.5.168/30
2019-06-24 08:59:23.004 24168 RALLYDEBUG rally_openstack.wrappers.network [-] CIDR generated: 1.1.5.172/30
2019-06-24 08:59:23.004 24127 RALLYDEBUG rally_openstack.wrappers.network [-] CIDR generated: 1.1.5.176/30
2019-06-24 08:59:23.088 24124 RALLYDEBUG rally_openstack.wrappers.network [-] CIDR generated: 1.1.5.180/30
2019-06-24 08:59:23.099 24125 RALLYDEBUG rally_openstack.wrappers.network [-] CIDR generated: 1.1.5.184/30
2019-06-24 08:59:23.167 24126 RALLYDEBUG rally_openstack.wrappers.network [-] CIDR generated: 1.1.5.188/30
2019-06-24 08:59:23.172 24124 RALLYDEBUG rally_openstack.wrappers.network [-] CIDR generated: 1.1.5.192/30
2019-06-24 08:59:23.368 24128 RALLYDEBUG rally_openstack.wrappers.network [-] CIDR generated: 1.1.5.196/30
2019-06-24 08:59:23.390 24165 RALLYDEBUG rally_openstack.wrappers.network [-] CIDR generated: 1.1.5.200/30
2019-06-24 08:59:23.428 24149 RALLYDEBUG rally_openstack.wrappers.network [-] CIDR generated: 1.1.5.204/30
2019-06-24 08:59:23.456 24125 RALLYDEBUG rally_openstack.wrappers.network [-] CIDR generated: 1.1.5.208/30
2019-06-24 08:59:23.475 24158 RALLYDEBUG rally_openstack.wrappers.network [-] CIDR generated: 1.1.5.212/30
2019-06-24 08:59:23.520 24127 RALLYDEBUG rally_openstack.wrappers.network [-] CIDR generated: 1.1.5.216/30
2019-06-24 08:59:23.522 24155 RALLYDEBUG rally_openstack.wrappers.network [-] CIDR generated: 1.1.5.220/30
2019-06-24 08:59:23.527 24150 RALLYDEBUG rally_openstack.wrappers.network [-] CIDR generated: 1.1.5.224/30
2019-06-24 08:59:23.535 24146 RALLYDEBUG rally_openstack.wrappers.network [-] CIDR generated: 1.1.5.228/30
2019-06-24 08:59:23.579 24171 RALLYDEBUG rally_openstack.wrappers.network [-] CIDR generated: 1.1.5.232/30
2019-06-24 08:59:23.594 24132 RALLYDEBUG rally_openstack.wrappers.network [-] CIDR generated: 1.1.5.236/30
2019-06-24 08:59:23.786 24127 RALLYDEBUG rally_openstack.wrappers.network [-] CIDR generated: 1.1.5.240/30
2019-06-24 08:59:24.033 24142 RALLYDEBUG rally_openstack.wrappers.network [-] CIDR generated: 1.1.5.244/30
2019-06-24 08:59:24.498 24137 RALLYDEBUG rally_openstack.wrappers.network [-] CIDR generated: 1.1.5.248/30
2019-06-24 08:59:24.538 24168 RALLYDEBUG rally_openstack.wrappers.network [-] CIDR generated: 1.1.5.252/30
2019-06-24 08:59:24.659 24126 RALLYDEBUG rally_openstack.wrappers.network [-] CIDR generated: 1.1.6.0/30
2019-06-24 08:59:24.875 24124 RALLYDEBUG rally_openstack.wrappers.network [-] CIDR generated: 1.1.6.4/30
2019-06-24 08:59:25.047 24125 RALLYDEBUG rally_openstack.wrappers.network [-] CIDR generated: 1.1.6.8/30
2019-06-24 08:59:25.064 24125 RALLYDEBUG rally_openstack.wrappers.network [-] CIDR generated: 1.1.6.12/30
2019-06-24 08:59:25.160 24150 RALLYDEBUG rally_openstack.wrappers.network [-] CIDR generated: 1.1.6.16/30
2019-06-24 08:59:25.263 24155 RALLYDEBUG rally_openstack.wrappers.network [-] CIDR generated: 1.1.6.20/30
2019-06-24 08:59:25.775 24124 RALLYDEBUG rally_openstack.wrappers.network [-] CIDR generated: 1.1.6.24/30
2019-06-24 08:59:26.011 24128 RALLYDEBUG rally_openstack.wrappers.network [-] CIDR generated: 1.1.6.28/30
2019-06-24 08:59:26.380 24165 RALLYDEBUG rally_openstack.wrappers.network [-] CIDR generated: 1.1.6.32/30
2019-06-24 08:59:26.500 24158 RALLYDEBUG rally_openstack.wrappers.network [-] CIDR generated: 1.1.6.36/30
2019-06-24 08:59:26.549 24171 RALLYDEBUG rally_openstack.wrappers.network [-] CIDR generated: 1.1.6.40/30
2019-06-24 08:59:26.689 24126 RALLYDEBUG rally_openstack.wrappers.network [-] CIDR generated: 1.1.6.44/30
2019-06-24 08:59:26.723 24132 RALLYDEBUG rally_openstack.wrappers.network [-] CIDR generated: 1.1.6.48/30
2019-06-24 08:59:26.761 24149 RALLYDEBUG rally_openstack.wrappers.network [-] CIDR generated: 1.1.6.52/30
2019-06-24 08:59:27.338 24146 RALLYDEBUG rally_openstack.wrappers.network [-] CIDR generated: 1.1.6.56/30
2019-06-24 08:59:27.815 24127 RALLYDEBUG rally_openstack.wrappers.network [-] CIDR generated: 1.1.6.60/30
2019-06-24 08:59:34.657 24155 INFO rally.task.runner [-] Task 87c3fd00-85dd-452e-924e-85f0efa787a5 | ITER: 16 END: OK
2019-06-24 08:59:34.662 24155 INFO rally.task.runner [-] Task 87c3fd00-85dd-452e-924e-85f0efa787a5 | ITER: 21 START
2019-06-24 08:59:35.130 24168 INFO rally.task.runner [-] Task 87c3fd00-85dd-452e-924e-85f0efa787a5 | ITER: 19 END: OK
2019-06-24 08:59:35.135 24168 INFO rally.task.runner [-] Task 87c3fd00-85dd-452e-924e-85f0efa787a5 | ITER: 22 START
2019-06-24 08:59:35.428 24128 INFO rally.task.runner [-] Task 87c3fd00-85dd-452e-924e-85f0efa787a5 | ITER: 9 END: OK
2019-06-24 08:59:35.433 24128 INFO rally.task.runner [-] Task 87c3fd00-85dd-452e-924e-85f0efa787a5 | ITER: 23 START
2019-06-24 08:59:35.781 24126 INFO rally.task.runner [-] Task 87c3fd00-85dd-452e-924e-85f0efa787a5 | ITER: 4 END: OK
2019-06-24 08:59:35.786 24126 INFO rally.task.runner [-] Task 87c3fd00-85dd-452e-924e-85f0efa787a5 | ITER: 24 START
2019-06-24 08:59:35.895 24168 RALLYDEBUG rally_openstack.wrappers.network [-] CIDR generated: 1.1.6.64/30
2019-06-24 08:59:36.045 24155 RALLYDEBUG rally_openstack.wrappers.network [-] CIDR generated: 1.1.6.68/30
2019-06-24 08:59:36.343 24128 RALLYDEBUG rally_openstack.wrappers.network [-] CIDR generated: 1.1.6.72/30
