2019-06-24 09:07:46.939 25921 INFO rally.task.runner [-] Task 87c3fd00-85dd-452e-924e-85f0efa787a5 | ITER: 11 END: OK
2019-06-24 09:07:46.944 25921 INFO rally.task.runner [-] Task 87c3fd00-85dd-452e-924e-85f0efa787a5 | ITER: 39 START
2019-06-24 09:07:46.945 25921 WARNING rally_openstack.scenarios.neutron.utils [-] Running this scenario without either the 'network' or 'existing_network' context is deprecated
2019-06-24 09:07:48.338 25910 INFO rally.task.runner [-] Task 87c3fd00-85dd-452e-924e-85f0efa787a5 | ITER: 8 END: OK
2019-06-24 09:07:48.343 25910 INFO rally.task.runner [-] Task 87c3fd00-85dd-452e-924e-85f0efa787a5 | ITER: 40 START
2019-06-24 09:07:48.344 25910 WARNING rally_openstack.scenarios.neutron.utils [-] Running this scenario without either the 'network' or 'existing_network' context is deprecated
2019-06-24 09:07:53.834 25906 INFO rally.task.runner [-] Task 87c3fd00-85dd-452e-924e-85f0efa787a5 | ITER: 23 END: OK
2019-06-24 09:07:54.722 25935 INFO rally.task.runner [-] Task 87c3fd00-85dd-452e-924e-85f0efa787a5 | ITER: 30 END: OK
2019-06-24 09:07:54.729 25908 INFO rally.task.runner [-] Task 87c3fd00-85dd-452e-924e-85f0efa787a5 | ITER: 24 END: OK
2019-06-24 09:07:55.007 25907 INFO rally.task.runner [-] Task 87c3fd00-85dd-452e-924e-85f0efa787a5 | ITER: 35 END: OK
2019-06-24 09:07:55.498 25928 INFO rally.task.runner [-] Task 87c3fd00-85dd-452e-924e-85f0efa787a5 | ITER: 36 END: OK
2019-06-24 09:07:55.562 25906 INFO rally.task.runner [-] Task 87c3fd00-85dd-452e-924e-85f0efa787a5 | ITER: 22 END: OK
2019-06-24 09:07:55.638 25907 INFO rally.task.runner [-] Task 87c3fd00-85dd-452e-924e-85f0efa787a5 | ITER: 21 END: OK
2019-06-24 09:07:55.863 25945 INFO rally.task.runner [-] Task 87c3fd00-85dd-452e-924e-85f0efa787a5 | ITER: 33 END: OK
2019-06-24 09:07:56.679 25944 INFO rally.task.runner [-] Task 87c3fd00-85dd-452e-924e-85f0efa787a5 | ITER: 31 END: OK
2019-06-24 09:07:56.697 25931 INFO rally.task.runner [-] Task 87c3fd00-85dd-452e-924e-85f0efa787a5 | ITER: 25 END: OK
2019-06-24 09:07:56.715 25909 INFO rally.task.runner [-] Task 87c3fd00-85dd-452e-924e-85f0efa787a5 | ITER: 38 END: OK
2019-06-24 09:07:57.040 25921 INFO rally.task.runner [-] Task 87c3fd00-85dd-452e-924e-85f0efa787a5 | ITER: 39 END: OK
2019-06-24 09:07:57.104 25909 INFO rally.task.runner [-] Task 87c3fd00-85dd-452e-924e-85f0efa787a5 | ITER: 32 END: OK
2019-06-24 09:07:57.215 25952 INFO rally.task.runner [-] Task 87c3fd00-85dd-452e-924e-85f0efa787a5 | ITER: 28 END: OK
2019-06-24 09:07:57.324 25908 INFO rally.task.runner [-] Task 87c3fd00-85dd-452e-924e-85f0efa787a5 | ITER: 34 END: OK
2019-06-24 09:07:57.361 25948 INFO rally.task.runner [-] Task 87c3fd00-85dd-452e-924e-85f0efa787a5 | ITER: 37 END: OK
2019-06-24 09:07:57.558 25938 INFO rally.task.runner [-] Task 87c3fd00-85dd-452e-924e-85f0efa787a5 | ITER: 26 END: OK
2019-06-24 09:07:57.736 25916 INFO rally.task.runner [-] Task 87c3fd00-85dd-452e-924e-85f0efa787a5 | ITER: 29 END: OK
2019-06-24 09:07:57.994 25941 INFO rally.task.runner [-] Task 87c3fd00-85dd-452e-924e-85f0efa787a5 | ITER: 27 END: OK
2019-06-24 09:07:58.156 25910 INFO rally.task.runner [-] Task 87c3fd00-85dd-452e-924e-85f0efa787a5 | ITER: 40 END: OK
2019-06-24 09:07:58.180 21660 INFO rally.task.context [-] Task 87c3fd00-85dd-452e-924e-85f0efa787a5 | Context cleanup@openstack cleanup() started
2019-06-24 09:07:58.184 21660 RALLYDEBUG rally_openstack.cleanup.manager [-] Cleaning up neutron vip objects
2019-06-24 09:07:58.574 21660 RALLYDEBUG rally_openstack.cleanup.manager [-] Cleaning up neutron health_monitor objects
2019-06-24 09:07:58.955 21660 RALLYDEBUG rally_openstack.cleanup.manager [-] Cleaning up neutron pool objects
2019-06-24 09:07:59.351 21660 RALLYDEBUG rally_openstack.cleanup.manager [-] Cleaning up neutron loadbalancer objects
2019-06-24 09:07:59.741 21660 RALLYDEBUG rally_openstack.cleanup.manager [-] Cleaning up neutron floatingip objects
2019-06-24 09:08:00.167 21660 RALLYDEBUG rally_openstack.cleanup.manager [-] Cleaning up neutron port objects
2019-06-24 09:08:00.601 21660 RALLYDEBUG rally_openstack.cleanup.manager [-] Cleaning up neutron subnet objects
2019-06-24 09:08:01.007 21660 RALLYDEBUG rally_openstack.cleanup.manager [-] Cleaning up neutron network objects
2019-06-24 09:08:01.639 21660 RALLYDEBUG rally_openstack.cleanup.manager [-] Deleting neutron.network object s_rally_02ea35df_LTjoDQ05 (8152e3d2-5fb1-415a-8bef-be4469a63de8)
2019-06-24 09:08:01.642 21660 RALLYDEBUG rally_openstack.cleanup.manager [-] Deleting neutron.network object s_rally_02ea35df_gxOfDl1K (281bef32-01c3-4c3e-a41a-67d35dbba1ac)
2019-06-24 09:08:01.645 21660 RALLYDEBUG rally_openstack.cleanup.manager [-] Deleting neutron.network object s_rally_02ea35df_RfkLSFGa (505aca1e-e026-4297-8661-17198538e25e)
2019-06-24 09:08:01.648 21660 RALLYDEBUG rally_openstack.cleanup.manager [-] Deleting neutron.network object s_rally_02ea35df_rCYIPIob (53e961ca-a01a-47cb-83f1-ac8153b6223a)
2019-06-24 09:08:01.652 21660 RALLYDEBUG rally_openstack.cleanup.manager [-] Deleting neutron.network object s_rally_02ea35df_SdQr2ZXd (7cb1679e-69ad-49ba-a5c6-51c1e74b9015)
2019-06-24 09:08:01.653 21660 RALLYDEBUG rally_openstack.cleanup.manager [-] Deleting neutron.network object s_rally_02ea35df_diI741dv (4a2a16d3-1cb2-468d-8b01-3ef3e3215fb0)
2019-06-24 09:08:01.655 21660 RALLYDEBUG rally_openstack.cleanup.manager [-] Deleting neutron.network object s_rally_02ea35df_BuxM9PuQ (1f769856-75dd-4a8e-8644-e15ce9ff7936)
2019-06-24 09:08:01.656 21660 RALLYDEBUG rally_openstack.cleanup.manager [-] Deleting neutron.network object s_rally_02ea35df_k57fFCxA (2e504f4b-518b-4704-8cd3-386a72a72667)
2019-06-24 09:08:01.657 21660 RALLYDEBUG rally_openstack.cleanup.manager [-] Deleting neutron.network object s_rally_02ea35df_2CLmcCsK (0bb0bdd1-c4b6-4bbf-b2d5-0e9ca8eaeb5b)
2019-06-24 09:08:01.663 21660 RALLYDEBUG rally_openstack.cleanup.manager [-] Deleting neutron.network object s_rally_02ea35df_SNY9XLSJ (4d3afed5-5b4d-405d-a776-ec4bca60c03c)
2019-06-24 09:08:01.668 21660 RALLYDEBUG rally_openstack.cleanup.manager [-] Deleting neutron.network object s_rally_02ea35df_AZIAeepj (75ad4b61-72d8-49fd-a1a3-2cf55aa2729e)
2019-06-24 09:08:01.670 21660 RALLYDEBUG rally_openstack.cleanup.manager [-] Deleting neutron.network object s_rally_02ea35df_0Zc6kzWE (46e357c2-7c9f-43a9-ad98-83e02fdb2ee0)
2019-06-24 09:08:01.678 21660 RALLYDEBUG rally_openstack.cleanup.manager [-] Deleting neutron.network object s_rally_02ea35df_HUxWPEkO (8823c2bc-ad7c-4739-8808-24799173bcda)
2019-06-24 09:08:01.679 21660 RALLYDEBUG rally_openstack.cleanup.manager [-] Deleting neutron.network object s_rally_02ea35df_i7cJ2Vwh (041f9e4f-1e08-4f47-add1-91703eeaafe0)
2019-06-24 09:08:01.679 21660 RALLYDEBUG rally_openstack.cleanup.manager [-] Deleting neutron.network object s_rally_02ea35df_H7JwH2Cg (8a2c5cc4-24f4-496b-b20a-02248d5aa0d7)
2019-06-24 09:08:01.680 21660 RALLYDEBUG rally_openstack.cleanup.manager [-] Deleting neutron.network object s_rally_02ea35df_TKX7fd48 (78d8095b-337b-43d4-9f06-43338e91b9f6)
2019-06-24 09:08:01.681 21660 RALLYDEBUG rally_openstack.cleanup.manager [-] Deleting neutron.network object s_rally_02ea35df_vBvwh64e (9e10bf91-2d73-4a95-9c10-7bb34281c2d4)
2019-06-24 09:08:01.690 21660 RALLYDEBUG rally_openstack.cleanup.manager [-] Deleting neutron.network object s_rally_02ea35df_7Hiul0W2 (9071284c-6268-4eaf-82b1-20fb8dfe7f93)
2019-06-24 09:08:01.690 21660 RALLYDEBUG rally_openstack.cleanup.manager [-] Deleting neutron.network object s_rally_02ea35df_jIB4llzN (6f01bf20-c064-4338-ab50-28bf6a1d79db)
2019-06-24 09:08:01.708 21660 RALLYDEBUG rally_openstack.cleanup.manager [-] Deleting neutron.network object s_rally_02ea35df_oetFLZji (163516e0-65b8-4d8d-8d4e-67b553599e15)
2019-06-24 09:08:04.048 21660 RALLYDEBUG rally_openstack.cleanup.manager [-] Deleting neutron.network object s_rally_02ea35df_fRTLAo6j (aa7eb240-cf22-4605-96e1-edb0d282e81e)
2019-06-24 09:08:04.126 21660 RALLYDEBUG rally_openstack.cleanup.manager [-] Deleting neutron.network object s_rally_02ea35df_E86KWfgV (ab59d848-1af3-401d-ae5e-cbfc2dc4c991)
2019-06-24 09:08:04.215 21660 RALLYDEBUG rally_openstack.cleanup.manager [-] Deleting neutron.network object s_rally_02ea35df_69084zvo (acc8f456-ce17-4545-ad60-443ab217f644)
2019-06-24 09:08:04.298 21660 RALLYDEBUG rally_openstack.cleanup.manager [-] Deleting neutron.network object s_rally_02ea35df_PZ8JY4Hz (ad588fdd-8a81-43dc-bcd9-c41e5afcb554)
2019-06-24 09:08:04.462 21660 RALLYDEBUG rally_openstack.cleanup.manager [-] Deleting neutron.network object s_rally_02ea35df_JECcbGcE (ae84c0a1-0a03-459f-add5-4c60e79e630d)
2019-06-24 09:08:04.498 21660 RALLYDEBUG rally_openstack.cleanup.manager [-] Deleting neutron.network object s_rally_02ea35df_SejXteKP (b31fb042-206b-47e8-b44b-c12c7204f720)
2019-06-24 09:08:04.677 21660 RALLYDEBUG rally_openstack.cleanup.manager [-] Deleting neutron.network object s_rally_02ea35df_wWVSBUPs (bcbe8e72-e1e9-4245-8a66-1dc11195bd7a)
2019-06-24 09:08:04.706 21660 RALLYDEBUG rally_openstack.cleanup.manager [-] Deleting neutron.network object s_rally_02ea35df_u0rmSHfw (c37c832d-8945-446d-91a9-49f5349998c6)
2019-06-24 09:08:04.714 21660 RALLYDEBUG rally_openstack.cleanup.manager [-] Deleting neutron.network object s_rally_02ea35df_5RGnSsXT (c71b41c5-0301-4e4d-bb4a-b9c29556d2d8)
2019-06-24 09:08:04.724 21660 RALLYDEBUG rally_openstack.cleanup.manager [-] Deleting neutron.network object s_rally_02ea35df_CxHZKfO1 (caa6d4fd-08aa-45e3-8129-35711c4cfaf6)
2019-06-24 09:08:04.742 21660 RALLYDEBUG rally_openstack.cleanup.manager [-] Deleting neutron.network object s_rally_02ea35df_6214KDYk (d3b75ff3-ccc6-4682-bc57-be85bba8624a)
2019-06-24 09:08:04.817 21660 RALLYDEBUG rally_openstack.cleanup.manager [-] Deleting neutron.network object s_rally_02ea35df_bp6U6Neh (d7a4971f-97f9-4ff1-92a6-f8e97ef53a4c)
2019-06-24 09:08:04.875 21660 RALLYDEBUG rally_openstack.cleanup.manager [-] Deleting neutron.network object s_rally_02ea35df_hyAFPLZ9 (db10032e-ba84-4625-b775-9bf160a03990)
2019-06-24 09:08:04.875 21660 RALLYDEBUG rally_openstack.cleanup.manager [-] Deleting neutron.network object s_rally_02ea35df_tdH5LNub (dc652825-ea81-44b7-ae8e-2ad6d191bf98)
2019-06-24 09:08:04.962 21660 RALLYDEBUG rally_openstack.cleanup.manager [-] Deleting neutron.network object s_rally_02ea35df_jVdry0SC (e15a78bf-8d61-4001-b19a-6cdfcd171e4d)
2019-06-24 09:08:04.989 21660 RALLYDEBUG rally_openstack.cleanup.manager [-] Deleting neutron.network object s_rally_02ea35df_NxLlZihv (e32b6fed-1721-4230-bc42-a7d791e6ddd7)
2019-06-24 09:08:05.309 21660 RALLYDEBUG rally_openstack.cleanup.manager [-] Deleting neutron.network object s_rally_02ea35df_vS2dO3bm (e6e78923-8291-4d51-afd4-b50d784aa517)
2019-06-24 09:08:05.414 21660 RALLYDEBUG rally_openstack.cleanup.manager [-] Deleting neutron.network object s_rally_02ea35df_NkeKQwJJ (ec3330e2-0ad0-412a-96d7-d2697e3660f7)
2019-06-24 09:08:05.613 21660 RALLYDEBUG rally_openstack.cleanup.manager [-] Deleting neutron.network object s_rally_02ea35df_4jJ47ZwQ (f0b9b4cd-9897-4e36-b7a2-8e9f7928875f)
2019-06-24 09:08:05.622 21660 RALLYDEBUG rally_openstack.cleanup.manager [-] Deleting neutron.network object s_rally_02ea35df_qYjmhcBj (f20eb8f7-5cfb-4051-a41d-8c638cdea624)
2019-06-24 09:08:08.647 21660 RALLYDEBUG rally_openstack.cleanup.manager [-] Cleaning up neutron router objects
2019-06-24 09:08:09.104 21660 RALLYDEBUG rally_openstack.cleanup.manager [-] Cleaning up neutron security_group objects
2019-06-24 09:08:09.524 21660 INFO rally.task.context [-] Task 87c3fd00-85dd-452e-924e-85f0efa787a5 | Context cleanup@openstack cleanup() finished in 11.34 sec
2019-06-24 09:08:09.524 21660 INFO rally.task.context [-] Task 87c3fd00-85dd-452e-924e-85f0efa787a5 | Context quotas@openstack cleanup() started
2019-06-24 09:08:09.609 21660 INFO rally.task.context [-] Task 87c3fd00-85dd-452e-924e-85f0efa787a5 | Context quotas@openstack cleanup() finished in 85.42 msec
2019-06-24 09:08:09.610 21660 INFO rally.task.context [-] Task 87c3fd00-85dd-452e-924e-85f0efa787a5 | Context users@openstack cleanup() started
2019-06-24 09:08:12.580 21660 INFO rally.task.context [-] Task 87c3fd00-85dd-452e-924e-85f0efa787a5 | Context users@openstack cleanup() finished in 2.97 sec
2019-06-24 09:08:14.040 21660 INFO rally.task.engine [-] Load duration is: 25.562669
2019-06-24 09:08:14.040 21660 INFO rally.task.engine [-] Full runner duration is: 25.61614
2019-06-24 09:08:14.040 21660 INFO rally.task.engine [-] Full duration is: 42.77802
2019-06-24 09:08:14.498 21660 INFO rally.task.engine [-] Running workload: position = 0 config = { "version": 2, "title": "A cropped version of a bigger task.", "description": "Auto-generated task from a single workload (uuid=6f53777c-3afa-4028-820e-65b963bff2a9)", "subtasks": [ { "title": "Quotas.neutron_update", "description": "Update quotas for neutron.", "scenario": { "Quotas.neutron_update": { "max_quota": 1024 } }, "contexts": { "users": { "tenants": 20, "users_per_tenant": 1 } }, "runner": { "constant": { "times": 40, "concurrency": 20 } }, "hooks": [], "sla": { "failure_rate": { "max": 0 } } } ] }
2019-06-24 09:08:14.525 21660 RALLYDEBUG rally_openstack.contexts.keystone.users [-] Creating 20 tenants using 20 threads
2019-06-24 09:08:16.841 21660 RALLYDEBUG rally_openstack.contexts.keystone.users [-] Creating 20 users using 20 threads
2019-06-24 09:08:20.019 21660 INFO rally.task.context [-] Task 87c3fd00-85dd-452e-924e-85f0efa787a5 | Context users@openstack setup() finished in 5.49 sec
2019-06-24 09:08:20.019 21660 INFO rally.task.context [-] Task 87c3fd00-85dd-452e-924e-85f0efa787a5 | Context admin_cleanup@openstack setup() finished in 0.01 msec
2019-06-24 09:08:20.028 21660 RALLYDEBUG rally.task.runner [-] Starting the constant runner (task UUID: 87c3fd00-85dd-452e-924e-85f0efa787a5). timeout: 0 concurrency: 20 concurrency_per_worker: 1 times: 40 concurrency_overhead: 4 processes_to_start: 16 max_cpu_used: 16
2019-06-24 09:08:20.043 26276 RALLYDEBUG rally.task.runner [-] Starting a worker. concurrency: 2 args: {"max_quota": 1024} times: 40 method_name: run timeout: 0 duration: None cls:
2019-06-24 09:08:20.046 26277 RALLYDEBUG rally.task.runner [-] Starting a worker. concurrency: 2 args: {"max_quota": 1024} times: 40 method_name: run timeout: 0 duration: None cls:
2019-06-24 09:08:20.049 26278 RALLYDEBUG rally.task.runner [-] Starting a worker. concurrency: 2 args: {"max_quota": 1024} times: 40 method_name: run timeout: 0 duration: None cls:
2019-06-24 09:08:20.052 26279 RALLYDEBUG rally.task.runner [-] Starting a worker. concurrency: 2 args: {"max_quota": 1024} times: 40 method_name: run timeout: 0 duration: None cls:
2019-06-24 09:08:20.056 26280 RALLYDEBUG rally.task.runner [-] Starting a worker. concurrency: 1 args: {"max_quota": 1024} times: 40 method_name: run timeout: 0 duration: None cls:
2019-06-24 09:08:20.058 26277 INFO rally.task.runner [-] Task 87c3fd00-85dd-452e-924e-85f0efa787a5 | ITER: 2 START
2019-06-24 09:08:20.060 26281 RALLYDEBUG rally.task.runner [-] Starting a worker. concurrency: 1 args: {"max_quota": 1024} times: 40 method_name: run timeout: 0 duration: None cls:
2019-06-24 09:08:20.061 26278 INFO rally.task.runner [-] Task 87c3fd00-85dd-452e-924e-85f0efa787a5 | ITER: 3 START
2019-06-24 09:08:20.064 26284 RALLYDEBUG rally.task.runner [-] Starting a worker. concurrency: 1 args: {"max_quota": 1024} times: 40 method_name: run timeout: 0 duration: None cls:
2019-06-24 09:08:20.065 26276 INFO rally.task.runner [-] Task 87c3fd00-85dd-452e-924e-85f0efa787a5 | ITER: 1 START
2019-06-24 09:08:20.066 26279 INFO rally.task.runner [-] Task 87c3fd00-85dd-452e-924e-85f0efa787a5 | ITER: 5 START
2019-06-24 09:08:20.069 26280 INFO rally.task.runner [-] Task 87c3fd00-85dd-452e-924e-85f0efa787a5 | ITER: 7 START
2019-06-24 09:08:20.065 26276 INFO rally.task.runner [-] Task 87c3fd00-85dd-452e-924e-85f0efa787a5 | ITER: 4 START
2019-06-24 09:08:20.071 26281 INFO rally.task.runner [-] Task 87c3fd00-85dd-452e-924e-85f0efa787a5 | ITER: 9 START
2019-06-24 09:08:20.072 26291 RALLYDEBUG rally.task.runner [-] Starting a worker. concurrency: 1 args: {"max_quota": 1024} times: 40 method_name: run timeout: 0 duration: None cls:
2019-06-24 09:08:20.075 26284 INFO rally.task.runner [-] Task 87c3fd00-85dd-452e-924e-85f0efa787a5 | ITER: 11 START
2019-06-24 09:08:20.081 26297 RALLYDEBUG rally.task.runner [-] Starting a worker. concurrency: 1 args: {"max_quota": 1024} times: 40 method_name: run timeout: 0 duration: None cls:
2019-06-24 09:08:20.085 26291 INFO rally.task.runner [-] Task 87c3fd00-85dd-452e-924e-85f0efa787a5 | ITER: 12 START
2019-06-24 09:08:20.085 26278 INFO rally.task.runner [-] Task 87c3fd00-85dd-452e-924e-85f0efa787a5 | ITER: 8 START
2019-06-24 09:08:20.085 26300 RALLYDEBUG rally.task.runner [-] Starting a worker. concurrency: 1 args: {"max_quota": 1024} times: 40 method_name: run timeout: 0 duration: None cls:
2019-06-24 09:08:20.091 26297 INFO rally.task.runner [-] Task 87c3fd00-85dd-452e-924e-85f0efa787a5 | ITER: 13 START
2019-06-24 09:08:20.091 26277 INFO rally.task.runner [-] Task 87c3fd00-85dd-452e-924e-85f0efa787a5 | ITER: 6 START
2019-06-24 09:08:20.092 26279 INFO rally.task.runner [-] Task 87c3fd00-85dd-452e-924e-85f0efa787a5 | ITER: 10 START
2019-06-24 09:08:20.094 26305 RALLYDEBUG rally.task.runner [-] Starting a worker. concurrency: 1 args: {"max_quota": 1024} times: 40 method_name: run timeout: 0 duration: None cls:
2019-06-24 09:08:20.096 26300 INFO rally.task.runner [-] Task 87c3fd00-85dd-452e-924e-85f0efa787a5 | ITER: 14 START
2019-06-24 09:08:20.104 26309 RALLYDEBUG rally.task.runner [-] Starting a worker. concurrency: 1 args: {"max_quota": 1024} times: 40 method_name: run timeout: 0 duration: None cls:
2019-06-24 09:08:20.106 26305 INFO rally.task.runner [-] Task 87c3fd00-85dd-452e-924e-85f0efa787a5 | ITER: 15 START
2019-06-24 09:08:20.107 26312 RALLYDEBUG rally.task.runner [-] Starting a worker. concurrency: 1 args: {"max_quota": 1024} times: 40 method_name: run timeout: 0 duration: None cls:
2019-06-24 09:08:20.115 26309 INFO rally.task.runner [-] Task 87c3fd00-85dd-452e-924e-85f0efa787a5 | ITER: 16 START
2019-06-24 09:08:20.114 26315 RALLYDEBUG rally.task.runner [-] Starting a worker. concurrency: 1 args: {"max_quota": 1024} times: 40 method_name: run timeout: 0 duration: None cls:
2019-06-24 09:08:20.120 26312 INFO rally.task.runner [-] Task 87c3fd00-85dd-452e-924e-85f0efa787a5 | ITER: 17 START
2019-06-24 09:08:20.120 26317 RALLYDEBUG rally.task.runner [-] Starting a worker. concurrency: 1 args: {"max_quota": 1024} times: 40 method_name: run timeout: 0 duration: None cls:
2019-06-24 09:08:20.123 26319 RALLYDEBUG rally.task.runner [-] Starting a worker. concurrency: 1 args: {"max_quota": 1024} times: 40 method_name: run timeout: 0 duration: None cls:
2019-06-24 09:08:20.126 26315 INFO rally.task.runner [-] Task 87c3fd00-85dd-452e-924e-85f0efa787a5 | ITER: 18 START
2019-06-24 09:08:20.128 26317 INFO rally.task.runner [-] Task 87c3fd00-85dd-452e-924e-85f0efa787a5 | ITER: 19 START
2019-06-24 09:08:20.133 26319 INFO rally.task.runner [-] Task 87c3fd00-85dd-452e-924e-85f0efa787a5 | ITER: 20 START
2019-06-24 09:08:20.623 26280 INFO rally.task.runner [-] Task 87c3fd00-85dd-452e-924e-85f0efa787a5 | ITER: 7 END: OK
2019-06-24 09:08:20.631 26280 INFO rally.task.runner [-] Task 87c3fd00-85dd-452e-924e-85f0efa787a5 | ITER: 21 START
2019-06-24 09:08:20.681 26300 INFO rally.task.runner [-] Task 87c3fd00-85dd-452e-924e-85f0efa787a5 | ITER: 14 END: OK
2019-06-24 09:08:20.687 26300 INFO rally.task.runner [-] Task 87c3fd00-85dd-452e-924e-85f0efa787a5 | ITER: 22 START
2019-06-24 09:08:20.699 26291 INFO rally.task.runner [-] Task 87c3fd00-85dd-452e-924e-85f0efa787a5 | ITER: 12 END: OK
2019-06-24 09:08:20.706 26291 INFO rally.task.runner [-] Task 87c3fd00-85dd-452e-924e-85f0efa787a5 | ITER: 23 START
2019-06-24 09:08:20.710 26312 INFO rally.task.runner [-] Task 87c3fd00-85dd-452e-924e-85f0efa787a5 | ITER: 17 END: OK
2019-06-24 09:08:20.711 26278 INFO rally.task.runner [-] Task 87c3fd00-85dd-452e-924e-85f0efa787a5 | ITER: 8 END: OK
2019-06-24 09:08:20.716 26312 INFO rally.task.runner [-] Task 87c3fd00-85dd-452e-924e-85f0efa787a5 | ITER: 24 START
2019-06-24 09:08:20.717 26278 INFO rally.task.runner [-] Task 87c3fd00-85dd-452e-924e-85f0efa787a5 | ITER: 25 START
2019-06-24 09:08:20.721 26284 INFO rally.task.runner [-] Task 87c3fd00-85dd-452e-924e-85f0efa787a5 | ITER: 11 END: OK
2019-06-24 09:08:20.727 26284 INFO rally.task.runner [-] Task 87c3fd00-85dd-452e-924e-85f0efa787a5 | ITER: 26 START
2019-06-24 09:08:20.774 26278 INFO rally.task.runner [-] Task 87c3fd00-85dd-452e-924e-85f0efa787a5 | ITER: 3 END: OK
2019-06-24 09:08:20.781 26278 INFO rally.task.runner [-] Task 87c3fd00-85dd-452e-924e-85f0efa787a5 | ITER: 27 START
2019-06-24 09:08:20.790 26281 INFO rally.task.runner [-] Task 87c3fd00-85dd-452e-924e-85f0efa787a5 | ITER: 9 END: OK
2019-06-24 09:08:20.797 26276 INFO rally.task.runner [-] Task 87c3fd00-85dd-452e-924e-85f0efa787a5 | ITER: 4 END: OK
2019-06-24 09:08:20.797 26281 INFO rally.task.runner [-] Task 87c3fd00-85dd-452e-924e-85f0efa787a5 | ITER: 28 START
2019-06-24 09:08:20.805 26276 INFO rally.task.runner [-] Task 87c3fd00-85dd-452e-924e-85f0efa787a5 | ITER: 29 START
2019-06-24 09:08:20.810 26276 INFO rally.task.runner [-] Task 87c3fd00-85dd-452e-924e-85f0efa787a5 | ITER: 1 END: OK
2019-06-24 09:08:20.818 26277 INFO rally.task.runner [-] Task 87c3fd00-85dd-452e-924e-85f0efa787a5 | ITER: 2 END: OK
2019-06-24 09:08:20.821 26276 INFO rally.task.runner [-] Task 87c3fd00-85dd-452e-924e-85f0efa787a5 | ITER: 30 START
2019-06-24 09:08:20.825 26277 INFO rally.task.runner [-] Task 87c3fd00-85dd-452e-924e-85f0efa787a5 | ITER: 31 START
2019-06-24 09:08:20.834 26279 INFO rally.task.runner [-] Task 87c3fd00-85dd-452e-924e-85f0efa787a5 | ITER: 5 END: OK
2019-06-24 09:08:20.840 26279 INFO rally.task.runner [-] Task 87c3fd00-85dd-452e-924e-85f0efa787a5 | ITER: 32 START
2019-06-24 09:08:20.969 26279 INFO rally.task.runner [-] Task 87c3fd00-85dd-452e-924e-85f0efa787a5 | ITER: 10 END: OK
2019-06-24 09:08:20.977 26279 INFO rally.task.runner [-] Task 87c3fd00-85dd-452e-924e-85f0efa787a5 | ITER: 33 START
2019-06-24 09:08:20.978 26277 INFO rally.task.runner [-] Task 87c3fd00-85dd-452e-924e-85f0efa787a5 | ITER: 6 END: OK
2019-06-24 09:08:20.985 26277 INFO rally.task.runner [-] Task 87c3fd00-85dd-452e-924e-85f0efa787a5 | ITER: 34 START
2019-06-24 09:08:20.986 26319 INFO rally.task.runner [-] Task 87c3fd00-85dd-452e-924e-85f0efa787a5 | ITER: 20 END: OK
2019-06-24 09:08:20.994 26319 INFO rally.task.runner [-] Task 87c3fd00-85dd-452e-924e-85f0efa787a5 | ITER: 35 START
2019-06-24 09:08:21.005 26297 INFO rally.task.runner [-] Task 87c3fd00-85dd-452e-924e-85f0efa787a5 | ITER: 13 END: OK
2019-06-24 09:08:21.012 26297 INFO rally.task.runner [-] Task 87c3fd00-85dd-452e-924e-85f0efa787a5 | ITER: 36 START
2019-06-24 09:08:21.043 26309 INFO rally.task.runner [-] Task 87c3fd00-85dd-452e-924e-85f0efa787a5 | ITER: 16 END: OK
2019-06-24 09:08:21.051 26309 INFO rally.task.runner [-] Task 87c3fd00-85dd-452e-924e-85f0efa787a5 | ITER: 37 START
2019-06-24 09:08:21.159 26305 INFO rally.task.runner [-] Task 87c3fd00-85dd-452e-924e-85f0efa787a5 | ITER: 15 END: OK
2019-06-24 09:08:21.164 26305 INFO rally.task.runner [-] Task 87c3fd00-85dd-452e-924e-85f0efa787a5 | ITER: 38 START
2019-06-24 09:08:21.221 26291 INFO rally.task.runner [-] Task 87c3fd00-85dd-452e-924e-85f0efa787a5 | ITER: 23 END: OK
2019-06-24 09:08:21.225 26291 INFO rally.task.runner [-] Task 87c3fd00-85dd-452e-924e-85f0efa787a5 | ITER: 39 START
2019-06-24 09:08:21.265 26281 INFO rally.task.runner [-] Task 87c3fd00-85dd-452e-924e-85f0efa787a5 | ITER: 28 END: OK
2019-06-24 09:08:21.269 26281 INFO rally.task.runner [-] Task 87c3fd00-85dd-452e-924e-85f0efa787a5 | ITER: 40 START
2019-06-24 09:08:21.278 26284 INFO rally.task.runner [-] Task 87c3fd00-85dd-452e-924e-85f0efa787a5 | ITER: 26 END: OK
2019-06-24 09:08:21.324 26280 INFO rally.task.runner [-] Task 87c3fd00-85dd-452e-924e-85f0efa787a5 | ITER: 21 END: OK
2019-06-24 09:08:21.375 26315 INFO rally.task.runner [-] Task 87c3fd00-85dd-452e-924e-85f0efa787a5 | ITER: 18 END: OK
2019-06-24 09:08:21.405 26300 INFO rally.task.runner [-] Task 87c3fd00-85dd-452e-924e-85f0efa787a5 | ITER: 22 END: OK
2019-06-24 09:08:21.432 26278 INFO rally.task.runner [-] Task 87c3fd00-85dd-452e-924e-85f0efa787a5 | ITER: 25 END: OK
2019-06-24 09:08:21.443 26277 INFO rally.task.runner [-] Task 87c3fd00-85dd-452e-924e-85f0efa787a5 | ITER: 31 END: OK
2019-06-24 09:08:21.542 26278 INFO rally.task.runner [-] Task 87c3fd00-85dd-452e-924e-85f0efa787a5 | ITER: 27 END: OK
2019-06-24 09:08:21.548 26277 INFO rally.task.runner [-] Task 87c3fd00-85dd-452e-924e-85f0efa787a5 | ITER: 34 END: OK
2019-06-24 09:08:21.659 26317 INFO rally.task.runner [-] Task 87c3fd00-85dd-452e-924e-85f0efa787a5 | ITER: 19 END: OK
2019-06-24 09:08:21.699 26276 INFO rally.task.runner [-] Task 87c3fd00-85dd-452e-924e-85f0efa787a5 | ITER: 30 END: OK
2019-06-24 09:08:21.710 26319 INFO rally.task.runner [-] Task 87c3fd00-85dd-452e-924e-85f0efa787a5 | ITER: 35 END: OK
2019-06-24 09:08:21.712 26312 INFO rally.task.runner [-] Task 87c3fd00-85dd-452e-924e-85f0efa787a5 | ITER: 24 END: OK
2019-06-24 09:08:21.725 26279 INFO rally.task.runner [-] Task 87c3fd00-85dd-452e-924e-85f0efa787a5 | ITER: 33 END: OK
2019-06-24 09:08:21.809 26281 INFO rally.task.runner [-] Task 87c3fd00-85dd-452e-924e-85f0efa787a5 | ITER: 40 END: OK
2019-06-24 09:08:21.894 26309 INFO rally.task.runner [-] Task 87c3fd00-85dd-452e-924e-85f0efa787a5 | ITER: 37 END: OK
2019-06-24 09:08:21.990 26276 INFO rally.task.runner [-] Task 87c3fd00-85dd-452e-924e-85f0efa787a5 | ITER: 29 END: OK
2019-06-24 09:08:22.019 26305 INFO rally.task.runner [-] Task 87c3fd00-85dd-452e-924e-85f0efa787a5 | ITER: 38 END: OK
2019-06-24 09:08:22.055 26291 INFO rally.task.runner [-] Task 87c3fd00-85dd-452e-924e-85f0efa787a5 | ITER: 39 END: OK
2019-06-24 09:08:22.220 26279 INFO rally.task.runner [-] Task 87c3fd00-85dd-452e-924e-85f0efa787a5 | ITER: 32 END: OK
2019-06-24 09:08:22.267 26297 INFO rally.task.runner [-] Task 87c3fd00-85dd-452e-924e-85f0efa787a5 | ITER: 36 END: OK
2019-06-24 09:08:22.297 21660 INFO rally.task.context [-] Task 87c3fd00-85dd-452e-924e-85f0efa787a5 | Context admin_cleanup@openstack cleanup() started
2019-06-24 09:08:22.300 21660 RALLYDEBUG rally_openstack.cleanup.manager [-] Cleaning up neutron quota objects
2019-06-24 09:08:23.892 21660 INFO rally.task.context [-] Task 87c3fd00-85dd-452e-924e-85f0efa787a5 | Context admin_cleanup@openstack cleanup() finished in 1.60 sec
2019-06-24 09:08:23.892 21660 INFO rally.task.context [-] Task 87c3fd00-85dd-452e-924e-85f0efa787a5 | Context users@openstack cleanup() started
2019-06-24 09:08:45.286 21660 INFO rally.task.context [-] Task 87c3fd00-85dd-452e-924e-85f0efa787a5 | Context users@openstack cleanup() finished in 21.39 sec
2019-06-24 09:08:46.715 21660 INFO rally.task.engine [-] Load duration is: 2.206539
2019-06-24 09:08:46.715 21660 INFO rally.task.engine [-] Full runner duration is: 2.269093
2019-06-24 09:08:46.716 21660 INFO rally.task.engine [-] Full duration is: 30.76587
2019-06-24 09:08:47.049 21660 INFO rally.task.engine [-] Running workload: position = 0 config = { "version": 2, "title": "A cropped version of a bigger task.", "description": "Auto-generated task from a single workload (uuid=17998e0b-0e9a-42c5-849e-1ec11a723231)", "subtasks": [ { "title": "NeutronTrunks.create_and_list_trunk_subports", "description": "", "scenario": { "NeutronTrunks.create_and_list_trunk_subports": { "subport_count": 125 } }, "contexts": { "users": { "tenants": 1, "users_per_tenant": 1 }, "quotas": { "neutron": { "network": -1, "port": 1000 } } }, "runner": { "constant": { "times": 4, "concurrency": 4 } }, "hooks": [], "sla": { "failure_rate": { "max": 0 } } } ] }
2019-06-24 09:08:47.075 21660 RALLYDEBUG rally_openstack.contexts.keystone.users [-] Creating 1 tenants using 20 threads
2019-06-24 09:08:48.083 21660 RALLYDEBUG rally_openstack.contexts.keystone.users [-] Creating 1 users using 20 threads
2019-06-24 09:08:49.463 21660 INFO rally.task.context [-] Task 87c3fd00-85dd-452e-924e-85f0efa787a5 | Context users@openstack setup() finished in 2.39 sec
2019-06-24 09:08:49.949 21660 INFO rally.task.context [-] Task 87c3fd00-85dd-452e-924e-85f0efa787a5 | Context quotas@openstack setup() finished in 0.48 sec
2019-06-24 09:08:49.949 21660 INFO rally.task.context [-] Task 87c3fd00-85dd-452e-924e-85f0efa787a5 | Context cleanup@openstack setup() finished in 0.01 msec
2019-06-24 09:08:49.959 21660 RALLYDEBUG rally.task.runner [-] Starting the constant runner (task UUID: 87c3fd00-85dd-452e-924e-85f0efa787a5). timeout: 0 concurrency: 4 concurrency_per_worker: 1 times: 4 concurrency_overhead: 0 processes_to_start: 4 max_cpu_used: 16
2019-06-24 09:08:49.974 26466 RALLYDEBUG rally.task.runner [-] Starting a worker. concurrency: 1 args: {"subport_count": 125} times: 4 method_name: run timeout: 0 duration: None cls:
2019-06-24 09:08:49.977 26467 RALLYDEBUG rally.task.runner [-] Starting a worker. concurrency: 1 args: {"subport_count": 125} times: 4 method_name: run timeout: 0 duration: None cls:
2019-06-24 09:08:49.980 26466 INFO rally.task.runner [-] Task 87c3fd00-85dd-452e-924e-85f0efa787a5 | ITER: 1 START
2019-06-24 09:08:49.980 26468 RALLYDEBUG rally.task.runner [-] Starting a worker. concurrency: 1 args: {"subport_count": 125} times: 4 method_name: run timeout: 0 duration: None cls:
2019-06-24 09:08:49.983 26467 INFO rally.task.runner [-] Task 87c3fd00-85dd-452e-924e-85f0efa787a5 | ITER: 2 START
2019-06-24 09:08:49.983 26469 RALLYDEBUG rally.task.runner [-] Starting a worker. concurrency: 1 args: {"subport_count": 125} times: 4 method_name: run timeout: 0 duration: None cls:
2019-06-24 09:08:49.986 26468 INFO rally.task.runner [-] Task 87c3fd00-85dd-452e-924e-85f0efa787a5 | ITER: 3 START
2019-06-24 09:08:49.989 26469 INFO rally.task.runner [-] Task 87c3fd00-85dd-452e-924e-85f0efa787a5 | ITER: 4 START
2019-06-24 09:10:31.842 26469 WARNING rally.task.atomic [-] 'optional_action_timer' is deprecated since rally v0.10.0.Please use action_timer instead, we have improved atomic actions, now do not need to explicitly close original action.
2019-06-24 09:10:31.881 26469 WARNING rally.task.atomic [-] 'optional_action_timer' is deprecated since rally v0.10.0.Please use action_timer instead, we have improved atomic actions, now do not need to explicitly close original action.
2019-06-24 09:10:32.682 26469 INFO rally.task.runner [-] Task 87c3fd00-85dd-452e-924e-85f0efa787a5 | ITER: 4 END: OK
2019-06-24 09:10:34.299 26468 WARNING rally.task.atomic [-] 'optional_action_timer' is deprecated since rally v0.10.0.Please use action_timer instead, we have improved atomic actions, now do not need to explicitly close original action.
2019-06-24 09:10:34.336 26468 WARNING rally.task.atomic [-] 'optional_action_timer' is deprecated since rally v0.10.0.Please use action_timer instead, we have improved atomic actions, now do not need to explicitly close original action.
2019-06-24 09:10:34.826 26468 INFO rally.task.runner [-] Task 87c3fd00-85dd-452e-924e-85f0efa787a5 | ITER: 3 END: OK
2019-06-24 09:10:40.013 26466 WARNING rally.task.atomic [-] 'optional_action_timer' is deprecated since rally v0.10.0.Please use action_timer instead, we have improved atomic actions, now do not need to explicitly close original action.
2019-06-24 09:10:40.055 26466 WARNING rally.task.atomic [-] 'optional_action_timer' is deprecated since rally v0.10.0.Please use action_timer instead, we have improved atomic actions, now do not need to explicitly close original action.
2019-06-24 09:10:40.856 26466 INFO rally.task.runner [-] Task 87c3fd00-85dd-452e-924e-85f0efa787a5 | ITER: 1 END: OK
2019-06-24 09:10:41.867 26467 WARNING rally.task.atomic [-] 'optional_action_timer' is deprecated since rally v0.10.0.Please use action_timer instead, we have improved atomic actions, now do not need to explicitly close original action.
2019-06-24 09:10:41.915 26467 WARNING rally.task.atomic [-] 'optional_action_timer' is deprecated since rally v0.10.0.Please use action_timer instead, we have improved atomic actions, now do not need to explicitly close original action.
2019-06-24 09:10:42.695 26467 INFO rally.task.runner [-] Task 87c3fd00-85dd-452e-924e-85f0efa787a5 | ITER: 2 END: OK
2019-06-24 09:10:42.719 21660 INFO rally.task.context [-] Task 87c3fd00-85dd-452e-924e-85f0efa787a5 | Context cleanup@openstack cleanup() started
2019-06-24 09:10:42.722 21660 RALLYDEBUG rally_openstack.cleanup.manager [-] Cleaning up neutron vip objects
2019-06-24 09:10:43.130 21660 RALLYDEBUG rally_openstack.cleanup.manager [-] Cleaning up neutron health_monitor objects
2019-06-24 09:10:43.535 21660 RALLYDEBUG rally_openstack.cleanup.manager [-] Cleaning up neutron pool objects
2019-06-24 09:10:43.938 21660 RALLYDEBUG rally_openstack.cleanup.manager [-] Cleaning up neutron loadbalancer objects
2019-06-24 09:10:44.349 21660 RALLYDEBUG rally_openstack.cleanup.manager [-] Cleaning up neutron floatingip objects
2019-06-24 09:10:44.787 21660 RALLYDEBUG rally_openstack.cleanup.manager [-] Cleaning up neutron port objects
2019-06-24 09:10:46.074 21660 RALLYDEBUG rally_openstack.cleanup.manager [-] Deleting neutron.port object s_rally_17998e0b_aJGaXJ13 (05859432-b299-4db9-9ed3-81058feb503c)
2019-06-24 09:10:46.078 21660 RALLYDEBUG rally_openstack.cleanup.manager [-] Deleting neutron.port object s_rally_17998e0b_7NJKvXCc (03a75566-237c-4ca1-80f1-ce514b6e23d8)
2019-06-24 09:10:46.079 21660 RALLYDEBUG rally_openstack.cleanup.manager [-] Deleting neutron.port object s_rally_17998e0b_JHie4r0O (06f5be62-f685-4de0-8aaf-0d103dd74c08)
2019-06-24 09:10:46.090 21660 RALLYDEBUG rally_openstack.cleanup.manager [-] Deleting neutron.port object s_rally_17998e0b_Wv6AMVzO (06d2a53e-7b5a-4a43-91f6-0142101b5790)
2019-06-24 09:10:46.091 21660 RALLYDEBUG rally_openstack.cleanup.manager [-] Deleting neutron.port object s_rally_17998e0b_Yme6KpUY (039f6ee7-1524-44f0-ab02-a04ab4b1cd7c)
2019-06-24 09:10:46.093 21660 RALLYDEBUG rally_openstack.cleanup.manager [-] Deleting neutron.port object s_rally_17998e0b_eJLBusvN (00799245-cf4b-401b-be3b-9c92eece7505)
2019-06-24 09:10:46.095 21660 RALLYDEBUG rally_openstack.cleanup.manager [-] Deleting neutron.port object s_rally_17998e0b_qRkKhdmE (08992293-4e77-4620-a841-c91a74f49ecf)
2019-06-24 09:10:46.099 21660 RALLYDEBUG rally_openstack.cleanup.manager [-] Deleting neutron.port object s_rally_17998e0b_gJcnm33H (051bf28a-a515-4f78-80a8-43171966cdf0)
2019-06-24 09:10:46.099 21660 RALLYDEBUG rally_openstack.cleanup.manager [-] Deleting neutron.port object s_rally_17998e0b_amAOtOyD (0702a64a-0a81-42f2-9bc1-1f620ab08f2b)
2019-06-24 09:10:46.099 21660 RALLYDEBUG rally_openstack.cleanup.manager [-] Deleting neutron.port object s_rally_17998e0b_FSpxvADj (029659b1-ac58-440a-9b52-3a691bc5b034)
2019-06-24 09:10:46.100 21660 RALLYDEBUG rally_openstack.cleanup.manager [-] Deleting neutron.port object s_rally_17998e0b_ioHClAvU (0891117b-c398-40d6-8cd6-6f05b09babd9)
2019-06-24 09:10:46.101 21660 RALLYDEBUG rally_openstack.cleanup.manager [-] Deleting neutron.port object s_rally_17998e0b_TqPGYSWr (0038c98c-fa51-47cd-8b1a-0efce51b58dd)
2019-06-24 09:10:46.121 21660 RALLYDEBUG rally_openstack.cleanup.manager [-] Deleting neutron.port object s_rally_17998e0b_7eb3rl9R (05bf8f0b-fce9-42ea-a31d-1a375dd20763)
2019-06-24 09:10:46.125 21660 RALLYDEBUG rally_openstack.cleanup.manager [-] Deleting neutron.port object s_rally_17998e0b_LhEgZSrH (04285b87-7ece-4788-831f-462be4537998)
2019-06-24 09:10:46.131 21660 RALLYDEBUG rally_openstack.cleanup.manager [-] Deleting neutron.port object s_rally_17998e0b_k96aS05S (01b1c9f3-47d6-4605-aadf-579442d358be)
2019-06-24 09:10:46.138 21660 RALLYDEBUG rally_openstack.cleanup.manager [-] Deleting neutron.port object s_rally_17998e0b_wbImIqak (06af47db-8fe4-42f2-87bb-774899e6cfd3)
2019-06-24 09:10:46.149 21660 RALLYDEBUG rally_openstack.cleanup.manager [-] Deleting neutron.port object s_rally_17998e0b_F43TtapM (0379ce1e-578c-4894-ba50-f9f7697b990f)
2019-06-24 09:10:46.159 21660 RALLYDEBUG rally_openstack.cleanup.manager [-] Deleting neutron.port object s_rally_17998e0b_CRCeVxDf (0679a387-2933-477e-b95b-658cb29ebfe8)
2019-06-24 09:10:46.160 21660 RALLYDEBUG rally_openstack.cleanup.manager [-] Deleting neutron.port object s_rally_17998e0b_riH2RTjE (020856be-1b92-456d-aaf0-8ce0402cad5f)
2019-06-24 09:10:46.165 21660 RALLYDEBUG rally_openstack.cleanup.manager [-] Deleting neutron.port object s_rally_17998e0b_ZbUfEkp4 (056b828b-0dfe-4b27-8df5-712905417313)
2019-06-24 09:10:48.429 21660 RALLYDEBUG rally_openstack.cleanup.manager [-] Deleting neutron.port object s_rally_17998e0b_COSegI8N (092ab0fe-96b5-4fb8-ab11-b636693a4d10)
2019-06-24 09:10:48.452 21660 RALLYDEBUG rally_openstack.cleanup.manager [-] Deleting neutron.port object s_rally_17998e0b_tUuMXYLW (093d4ab4-216c-4533-9a18-9ac6605eeb7f)
2019-06-24 09:10:48.593 21660 RALLYDEBUG rally_openstack.cleanup.manager [-] Deleting neutron.port object s_rally_17998e0b_nd4yXcRt (09504e05-b150-4a01-947e-c7cdcc36657c)
2019-06-24 09:10:48.709 21660 RALLYDEBUG rally_openstack.cleanup.manager [-] Deleting neutron.port object s_rally_17998e0b_HOcZOuSL (099bf5ab-27f4-470a-a81d-d08a87ae1004)
2019-06-24 09:10:48.771 21660 RALLYDEBUG rally_openstack.cleanup.manager [-] Deleting neutron.port object s_rally_17998e0b_k3nbvdcs (09cdc6a5-88bc-418e-b41f-a13f5bed6688)
2019-06-24 09:10:48.893 21660 RALLYDEBUG rally_openstack.cleanup.manager [-] Deleting neutron.port object s_rally_17998e0b_28TZVfJm (0a2defff-c650-43f0-ade5-b766e58bc2e8)
2019-06-24 09:10:49.014 21660 RALLYDEBUG rally_openstack.cleanup.manager [-] Deleting neutron.port object s_rally_17998e0b_DbNlEE3d (0a2f30c8-1d2a-439a-b887-794650adac20)
2019-06-24 09:10:49.015 21660 RALLYDEBUG rally_openstack.cleanup.manager [-] Deleting neutron.port object s_rally_17998e0b_OJwCaPgz (0a342fa7-6e9a-4c6e-91eb-11fa3094c8e9)
2019-06-24 09:10:49.102 21660 RALLYDEBUG rally_openstack.cleanup.manager [-] Deleting neutron.port object s_rally_17998e0b_1KIrXzC0 (0a7e2ec6-d218-4b20-922c-ff73708415c0)
2019-06-24 09:10:49.125 21660 RALLYDEBUG rally_openstack.cleanup.manager [-] Deleting neutron.port object s_rally_17998e0b_DYkbIk2h (0b45530a-5678-42b4-b5df-2440365ad7b4)
2019-06-24 09:10:49.364 21660 RALLYDEBUG rally_openstack.cleanup.manager [-] Deleting neutron.port object s_rally_17998e0b_aYaoWrw4 (0c902d1f-1585-4822-90ff-4a7cda4aee2c)
2019-06-24 09:10:49.457 21660 RALLYDEBUG rally_openstack.cleanup.manager [-] Deleting neutron.port object s_rally_17998e0b_S7mZAEZU (0d9a9a39-834a-4cd1-942d-2b584fb6dca3)
2019-06-24 09:10:49.562 21660 RALLYDEBUG rally_openstack.cleanup.manager [-] Deleting neutron.port object s_rally_17998e0b_VLK54s6A (0e5f554b-7cbf-4db6-9eb7-a8eacd2fa6bf)
2019-06-24 09:10:49.563 21660 RALLYDEBUG rally_openstack.cleanup.manager [-] Deleting neutron.port object s_rally_17998e0b_XiwqWlSa (0e1df2a4-8ebb-4eba-ae75-06870051e287)
2019-06-24 09:10:49.625 21660 RALLYDEBUG rally_openstack.cleanup.manager [-] Deleting neutron.port object s_rally_17998e0b_dlOFN9Pz (0f4a5381-59e2-48a9-8f60-3806f0c07def)
2019-06-24 09:10:49.638 21660 RALLYDEBUG rally_openstack.cleanup.manager [-] Deleting neutron.port object s_rally_17998e0b_scl5QahZ (0fe432be-5b25-404c-92b6-1b6cb5f50062)
2019-06-24 09:10:49.721 21660 RALLYDEBUG rally_openstack.cleanup.manager [-] Deleting neutron.port object s_rally_17998e0b_c3xe10fg (1049cc06-cd9e-4bb4-b7c6-3d87c8ef795a)
2019-06-24 09:10:49.911 21660 RALLYDEBUG rally_openstack.cleanup.manager [-] Deleting neutron.port object s_rally_17998e0b_cjR50Z8A (10d556f2-8af4-4010-af7f-494f607f689e)
2019-06-24 09:10:49.923 21660 RALLYDEBUG rally_openstack.cleanup.manager [-] Deleting neutron.port object s_rally_17998e0b_DJIguuTL (118afdca-d59f-470c-b96b-f57087c03e6b)
2019-06-24 09:10:50.062 21660 RALLYDEBUG rally_openstack.cleanup.manager [-] Deleting neutron.port object s_rally_17998e0b_xGQNncvH (11affbc2-159e-4730-8f1f-747767d9b994)
2019-06-24 09:10:50.381 21660 RALLYDEBUG rally_openstack.cleanup.manager [-] Deleting neutron.port object s_rally_17998e0b_b3ew05SO (11dca9cd-68d0-4896-88d9-2f1e9f8f1b25)
2019-06-24 09:10:50.468 21660 RALLYDEBUG rally_openstack.cleanup.manager [-] Deleting neutron.port object s_rally_17998e0b_GNaQLBz0 (12766414-c45b-4e45-b2c1-f958c9450ec1)
2019-06-24 09:10:50.563 21660 RALLYDEBUG rally_openstack.cleanup.manager [-] Deleting neutron.port object s_rally_17998e0b_rpX2A2bO (1288f572-4bc3-4201-bf8b-87347fb83526)
2019-06-24 09:10:50.691 21660 RALLYDEBUG rally_openstack.cleanup.manager [-] Deleting neutron.port object s_rally_17998e0b_4Bwdgzf9 (12cc9527-9262-40dc-83f1-cf6bd424c560)
2019-06-24 09:10:50.789 21660 RALLYDEBUG rally_openstack.cleanup.manager [-] Deleting neutron.port object s_rally_17998e0b_Amk3cRom (133a7fe6-82cf-4808-a36f-925d28753332)
2019-06-24 09:10:50.884 21660 RALLYDEBUG rally_openstack.cleanup.manager [-] Deleting neutron.port object s_rally_17998e0b_o3PhsKJk (13690fab-419d-4f90-9dc9-02212cfc0367)
2019-06-24 09:10:51.011 21660 RALLYDEBUG rally_openstack.cleanup.manager [-] Deleting neutron.port object s_rally_17998e0b_NxLGFEmM (13dc7ad4-6d3c-4f75-a807-1e6377669c2a)
2019-06-24 09:10:51.172 21660 RALLYDEBUG rally_openstack.cleanup.manager [-] Deleting neutron.port object s_rally_17998e0b_zAMVUklb (14489b11-5c42-415f-80f5-403caca2b6e3)
2019-06-24 09:10:51.237 21660 RALLYDEBUG rally_openstack.cleanup.manager [-] Deleting neutron.port object s_rally_17998e0b_vuXuG7qI (146acc1b-151d-4e93-8d8b-044ddca58ffb)
2019-06-24 09:10:51.720 21660 RALLYDEBUG rally_openstack.cleanup.manager [-] Deleting neutron.port object s_rally_17998e0b_2ch35VVZ (147411db-3ba0-4f65-9de2-3b4f9a031404)
2019-06-24 09:10:51.740 21660 RALLYDEBUG rally_openstack.cleanup.manager [-] Deleting neutron.port object s_rally_17998e0b_hNyK9336 (14a4514d-7a19-4dd4-9994-251630fec80a)
2019-06-24 09:10:51.908 21660 RALLYDEBUG rally_openstack.cleanup.manager [-] Deleting neutron.port object s_rally_17998e0b_xJtxc1jF (150e2578-c860-4a24-b2ce-9cf9efc9b09c)
2019-06-24 09:10:52.019 21660 RALLYDEBUG rally_openstack.cleanup.manager [-] Deleting neutron.port object s_rally_17998e0b_32M1z9on (160aca5f-98bf-4326-8fd6-88aa5d52627c)
2019-06-24 09:10:52.157 21660 RALLYDEBUG rally_openstack.cleanup.manager [-] Deleting neutron.port object s_rally_17998e0b_uyjzmXAO (164486b5-b264-415f-a945-26decfbda5ef)
2019-06-24 09:10:52.175 21660 RALLYDEBUG rally_openstack.cleanup.manager [-] Deleting neutron.port object s_rally_17998e0b_7D3JpTzH (166c9eeb-9897-4570-9452-4098f7621c01)
2019-06-24 09:10:52.288 21660 RALLYDEBUG rally_openstack.cleanup.manager [-] Deleting neutron.port object s_rally_17998e0b_xEIXJ9rg (1759b7da-4fa2-4588-b491-64899342ffc6)
2019-06-24 09:10:52.433 21660 RALLYDEBUG rally_openstack.cleanup.manager [-] Deleting neutron.port object s_rally_17998e0b_VFoGPcqn (17820a01-cea2-429e-b6ca-364703587a44)
2019-06-24 09:10:52.478 21660 RALLYDEBUG rally_openstack.cleanup.manager [-] Deleting neutron.port object s_rally_17998e0b_jNMcb4XK (17ef6206-2a3a-4f63-8a07-f6353f8990fc)
2019-06-24 09:10:52.583 21660 RALLYDEBUG rally_openstack.cleanup.manager [-] Deleting neutron.port object s_rally_17998e0b_XlxbIMH4 (183cb5a6-4145-4214-b19e-33b36fc0624b)
2019-06-24 09:10:52.664 21660 RALLYDEBUG rally_openstack.cleanup.manager [-] Deleting neutron.port object s_rally_17998e0b_Jbs967DZ (1841d0ab-e2d5-42a0-8c9a-cec2237a763e)
2019-06-24 09:10:52.698 21660 RALLYDEBUG rally_openstack.cleanup.manager [-] Deleting neutron.port object s_rally_17998e0b_3zCi8rBz (1871e821-aa57-4908-8d8d-d2382d04df32)
2019-06-24 09:10:52.953 21660 RALLYDEBUG rally_openstack.cleanup.manager [-] Deleting neutron.port object s_rally_17998e0b_fngmPRM1 (198728bc-b627-4ab0-b207-aedf7923a105)
2019-06-24 09:10:52.974 21660 RALLYDEBUG rally_openstack.cleanup.manager [-] Deleting neutron.port object s_rally_17998e0b_fRnMcPrp (19a379e3-1c11-4b67-a967-eeacd9d23f51)
2019-06-24 09:10:53.012 21660 RALLYDEBUG rally_openstack.cleanup.manager [-] Deleting neutron.port object s_rally_17998e0b_UUjt4O4f (1a72f0bd-c951-47cb-bc82-796af0d59847)
2019-06-24 09:10:53.102 21660 RALLYDEBUG rally_openstack.cleanup.manager [-] Deleting neutron.port object s_rally_17998e0b_e03kfdbc (1acf6069-40b0-4ab0-b7c5-86c088deefb0)
2019-06-24 09:10:53.196 21660 RALLYDEBUG rally_openstack.cleanup.manager [-] Deleting neutron.port object s_rally_17998e0b_NemjHDhY (1b374f49-96f9-4f9a-b5aa-39a6ca40bf57)
2019-06-24 09:10:53.229 21660 RALLYDEBUG rally_openstack.cleanup.manager [-] Deleting neutron.port object s_rally_17998e0b_ls34M5aE (1b68ab2b-e69f-40ee-b3e4-8d00494a49e0)
2019-06-24 09:10:53.516 21660 RALLYDEBUG rally_openstack.cleanup.manager [-] Deleting neutron.port object s_rally_17998e0b_QR1e91b4 (1bed82d0-6e6f-45ee-bef6-44c18bacd19d)
2019-06-24 09:10:53.518 21660 RALLYDEBUG rally_openstack.cleanup.manager [-] Deleting neutron.port object s_rally_17998e0b_Ve0an4nu (1c6b2aad-e174-46a1-ba25-567d40b0b5fa)
2019-06-24 09:10:53.681 21660 RALLYDEBUG rally_openstack.cleanup.manager [-] Deleting neutron.port object s_rally_17998e0b_gNFAoiKM (1d30e89d-8cd6-4b34-98b8-1a9e8245ff58)
2019-06-24 09:10:53.822 21660 RALLYDEBUG rally_openstack.cleanup.manager [-] Deleting neutron.port object s_rally_17998e0b_V7BYqvUo (1eb46056-7d17-4751-bf23-7cb970164bc8)
2019-06-24 09:10:54.329 21660 RALLYDEBUG rally_openstack.cleanup.manager [-] Deleting neutron.port object s_rally_17998e0b_gK0YSCQ0 (1f07bafc-3cc2-4f0d-b0a9-938a620091d7)
2019-06-24 09:10:54.358 21660 RALLYDEBUG rally_openstack.cleanup.manager [-] Deleting neutron.port object s_rally_17998e0b_U3bvK6u2 (1f192886-83aa-4357-b7b2-bbecfe616eb6)
2019-06-24 09:10:54.379 21660 RALLYDEBUG rally_openstack.cleanup.manager [-] Deleting neutron.port object s_rally_17998e0b_3d5Xic8r (1f4c4daf-74a3-49c8-a3ad-8b5f7186b9cf)
2019-06-24 09:10:54.702 21660 RALLYDEBUG rally_openstack.cleanup.manager [-] Deleting neutron.port object s_rally_17998e0b_lKxEeGoI (1fc763df-da85-4d5e-837b-4ccdbe9232f4)
2019-06-24 09:10:54.767 21660 RALLYDEBUG rally_openstack.cleanup.manager [-] Deleting neutron.port object s_rally_17998e0b_ZROKxPkM (20272edf-27da-4742-aaf2-f4e45b53e0cb)
2019-06-24 09:10:54.803 21660 RALLYDEBUG rally_openstack.cleanup.manager [-] Deleting neutron.port object s_rally_17998e0b_V5eMRJZg (223ebb39-84e8-4047-90a1-834c95fa6fa6)
2019-06-24 09:10:54.917 21660 RALLYDEBUG rally_openstack.cleanup.manager [-] Deleting neutron.port object s_rally_17998e0b_bEiBocvW (2243b916-4a06-410e-8f8d-dbbf06fb6dbd)
2019-06-24 09:10:55.343 21660 RALLYDEBUG rally_openstack.cleanup.manager [-] Deleting neutron.port object s_rally_17998e0b_lvioEoIl (2365bb03-9040-4919-a462-1d654b8dfe89)
2019-06-24 09:10:55.462 21660 RALLYDEBUG rally_openstack.cleanup.manager [-] Deleting neutron.port object s_rally_17998e0b_slMHOYt2 (24a6b699-a8c4-45a0-b13f-087b87cc025a)
2019-06-24 09:10:55.464 21660 RALLYDEBUG rally_openstack.cleanup.manager [-] Deleting neutron.port object s_rally_17998e0b_SynkKrjB (250d415a-4a82-4d52-aaa1-22aa4343409f)
2019-06-24 09:10:55.490 21660 RALLYDEBUG rally_openstack.cleanup.manager [-] Deleting neutron.port object s_rally_17998e0b_Ng7aAc48 (259c1d03-982b-438c-ab60-f3e4c4377a19)
2019-06-24 09:10:55.573 21660 RALLYDEBUG rally_openstack.cleanup.manager [-] Deleting neutron.port object s_rally_17998e0b_aYK8VjiG (25ef0390-8a88-4b9d-8e2d-ae61c4002136)
2019-06-24 09:10:55.681 21660 RALLYDEBUG rally_openstack.cleanup.manager [-] Deleting neutron.port object s_rally_17998e0b_15457P6X (27375e6b-2baf-48f7-9c0f-b8a90deee9cc)
2019-06-24 09:10:55.875 21660 RALLYDEBUG rally_openstack.cleanup.manager [-] Deleting neutron.port object s_rally_17998e0b_osaddBKA (28138f32-4cfd-4b91-b51f-5aa6f83e1a27)
2019-06-24 09:10:55.958 21660 RALLYDEBUG rally_openstack.cleanup.manager [-] Deleting neutron.port object s_rally_17998e0b_ENWmeyoY (2823aeb9-4c23-4ef9-aedd-91a4e387e57b)
2019-06-24 09:10:56.008 21660 RALLYDEBUG rally_openstack.cleanup.manager [-] Deleting neutron.port object s_rally_17998e0b_XGumN7tH (287b77b3-1336-4fb7-9417-a7b7244fc824)
2019-06-24 09:10:56.078 21660 RALLYDEBUG rally_openstack.cleanup.manager [-] Deleting neutron.port object s_rally_17998e0b_oHNGvCX7 (28b6cfca-bac8-4354-8d47-6686358cd32c)
2019-06-24 09:10:56.237 21660 RALLYDEBUG rally_openstack.cleanup.manager [-] Deleting neutron.port object s_rally_17998e0b_5wn0GQOG (2912f502-c60e-4de5-a794-a216a488f58c)
2019-06-24 09:10:56.381 21660 RALLYDEBUG rally_openstack.cleanup.manager [-] Deleting neutron.port object s_rally_17998e0b_Urv7pHwP (29211052-5499-4a4d-b758-75754fad6c80)
2019-06-24 09:10:56.643 21660 RALLYDEBUG rally_openstack.cleanup.manager [-] Deleting neutron.port object s_rally_17998e0b_kjQHxAjp (2a92be3d-3169-496a-8b7f-8c984e4d2fec)
2019-06-24 09:10:56.784 21660 RALLYDEBUG rally_openstack.cleanup.manager [-] Deleting neutron.port object s_rally_17998e0b_hup7fwDZ (2aa4c4b1-0df0-43fa-ba6f-8f49fce006bf)
2019-06-24 09:10:56.839 21660 RALLYDEBUG rally_openstack.cleanup.manager [-] Deleting neutron.port object s_rally_17998e0b_5JKRj7Jg (2bce3a2a-86a3-4dc9-b20c-b8dae7d92f2a)
2019-06-24 09:10:56.975 21660 RALLYDEBUG rally_openstack.cleanup.manager [-] Deleting neutron.port object s_rally_17998e0b_7xeT6XCf (2c119f5f-18fa-48a0-9851-627153997f7f)
2019-06-24 09:10:57.036 21660 RALLYDEBUG rally_openstack.cleanup.manager [-] Deleting neutron.port object s_rally_17998e0b_Cs7261NI (2c129339-5870-4335-b957-3e9a1848718b)
2019-06-24 09:10:57.090 21660 RALLYDEBUG rally_openstack.cleanup.manager [-] Deleting neutron.port object s_rally_17998e0b_YutDbEiX (2c4f2cc8-6a64-4357-85cd-9555571d30b2)
2019-06-24 09:10:57.236 21660 RALLYDEBUG rally_openstack.cleanup.manager [-] Deleting neutron.port object s_rally_17998e0b_SUzWbjAa (2c6aec82-986f-41d6-838c-938f2fde701f)
2019-06-24 09:10:57.307 21660 RALLYDEBUG rally_openstack.cleanup.manager [-] Deleting neutron.port object s_rally_17998e0b_Q9sc3RxY (2c8065fe-2e85-4353-85b4-510eeb4426c8)
