2019-06-24 09:06:05.133 21660 RALLYDEBUG rally_openstack.cleanup.manager [-] Deleting neutron.port object s_rally_52e3c3b5_Qt4OQKXX (cfae4020-e179-4aed-bc26-fc51f2a025d1)
2019-06-24 09:06:05.214 21660 RALLYDEBUG rally_openstack.cleanup.manager [-] Deleting neutron.port object s_rally_52e3c3b5_tjXrusk9 (d1560838-a027-4386-9198-3b8450a89353)
2019-06-24 09:06:05.268 21660 RALLYDEBUG rally_openstack.cleanup.manager [-] Deleting neutron.port object s_rally_52e3c3b5_73Zurh3S (d1981a2a-b8c2-49d1-8d77-86fdf2c9b8d7)
2019-06-24 09:06:05.326 21660 RALLYDEBUG rally_openstack.cleanup.manager [-] Deleting neutron.port object s_rally_52e3c3b5_Jt66d5UL (d19b6a86-0180-464f-858f-90880d25115b)
2019-06-24 09:06:05.346 21660 RALLYDEBUG rally_openstack.cleanup.manager [-] Deleting neutron.port object s_rally_52e3c3b5_ju95gODW (d1c29a39-3be3-4af9-82de-5c037eacbc16)
2019-06-24 09:06:05.383 21660 RALLYDEBUG rally_openstack.cleanup.manager [-] Deleting neutron.port object s_rally_52e3c3b5_3dIL7cPz (d21bb943-1a09-45b3-b548-d3fff8ac2ce9)
2019-06-24 09:06:05.816 21660 RALLYDEBUG rally_openstack.cleanup.manager [-] Deleting neutron.port object s_rally_52e3c3b5_RAhxP04X (d22062c3-80ba-49d0-9ee7-e96653d6ef1c)
2019-06-24 09:06:05.832 21660 RALLYDEBUG rally_openstack.cleanup.manager [-] Deleting neutron.port object s_rally_52e3c3b5_0GU2IN1X (d42c943d-1ded-4e88-906d-19664d52c7e9)
2019-06-24 09:06:05.879 21660 RALLYDEBUG rally_openstack.cleanup.manager [-] Deleting neutron.port object s_rally_52e3c3b5_L9HmspnK (d5c3afe5-6542-42c1-a347-bc972bad5c82)
2019-06-24 09:06:05.953 21660 RALLYDEBUG rally_openstack.cleanup.manager [-] Deleting neutron.port object s_rally_52e3c3b5_gckvm9Eh (d7c3b796-b816-4203-89d5-8a846663d39b)
2019-06-24 09:06:06.052 21660 RALLYDEBUG rally_openstack.cleanup.manager [-] Deleting neutron.port object s_rally_52e3c3b5_3othNQSn (da0a7479-5d1b-4cdb-94e7-8b9fac58dcde)
2019-06-24 09:06:06.268 21660 RALLYDEBUG rally_openstack.cleanup.manager [-] Deleting neutron.port object s_rally_52e3c3b5_mI6oMG0A (da7bf336-4000-4019-8e79-0f2be4c2d3ec)
2019-06-24 09:06:06.332 21660 RALLYDEBUG rally_openstack.cleanup.manager [-] Deleting neutron.port object s_rally_52e3c3b5_GBEh0wM3 (dab652b8-8ae0-4eea-9d05-879ce38be028)
2019-06-24 09:06:06.403 21660 RALLYDEBUG rally_openstack.cleanup.manager [-] Deleting neutron.port object s_rally_52e3c3b5_061nu0Lk (dae6eac3-aca0-4f40-a3fe-fba205145d2a)
2019-06-24 09:06:06.461 21660 RALLYDEBUG rally_openstack.cleanup.manager [-] Deleting neutron.port object s_rally_52e3c3b5_jhMglypz (db076014-5af6-4a75-be1c-9bf45c9d4362)
2019-06-24 09:06:06.525 21660 RALLYDEBUG rally_openstack.cleanup.manager [-] Deleting neutron.port object s_rally_52e3c3b5_XO3c0yiW (dc6bdc1a-e15a-478c-9279-952c6d8362fb)
2019-06-24 09:06:06.799 21660 RALLYDEBUG rally_openstack.cleanup.manager [-] Deleting neutron.port object s_rally_52e3c3b5_VFBdYBsm (dca781a1-67a5-4f73-8624-4ab4d3d6ec00)
2019-06-24 09:06:07.079 21660 RALLYDEBUG rally_openstack.cleanup.manager [-] Deleting neutron.port object s_rally_52e3c3b5_t1USQTAS (df25acb9-75cf-48e4-b077-3a478613551e)
2019-06-24 09:06:07.102 21660 RALLYDEBUG rally_openstack.cleanup.manager [-] Deleting neutron.port object s_rally_52e3c3b5_HWIDIQzY (df757f54-53bf-4e27-8671-c35a0271ef20)
2019-06-24 09:06:07.131 21660 RALLYDEBUG rally_openstack.cleanup.manager [-] Deleting neutron.port object s_rally_52e3c3b5_0njbTwsU (e05a01d4-99ef-4b70-a2db-ccc1f361a7ca)
2019-06-24 09:06:07.157 21660 RALLYDEBUG rally_openstack.cleanup.manager [-] Deleting neutron.port object s_rally_52e3c3b5_EKBUfFWZ (e117995c-028c-4178-9e99-8ef24885c0b0)
2019-06-24 09:06:07.349 21660 RALLYDEBUG rally_openstack.cleanup.manager [-] Deleting neutron.port object s_rally_52e3c3b5_n2tOj5db (e11828e1-88c3-4e9b-8b08-027162424757)
2019-06-24 09:06:07.452 21660 RALLYDEBUG rally_openstack.cleanup.manager [-] Deleting neutron.port object s_rally_52e3c3b5_cYUmdqGL (e1429c45-4fee-4d37-a108-0e021594d20b)
2019-06-24 09:06:07.524 21660 RALLYDEBUG rally_openstack.cleanup.manager [-] Deleting neutron.port object s_rally_52e3c3b5_5euBDo1k (e253bcbc-1be6-42b5-82cd-cbe6c4a54071)
2019-06-24 09:06:07.529 21660 RALLYDEBUG rally_openstack.cleanup.manager [-] Deleting neutron.port object s_rally_52e3c3b5_tP0qFFue (e27cd889-94a4-4b5d-b6b3-d21bc3b169ae)
2019-06-24 09:06:07.832 21660 RALLYDEBUG rally_openstack.cleanup.manager [-] Deleting neutron.port object s_rally_52e3c3b5_O2dcc7KK (e2a5683d-7c9d-4b1b-b58d-ab6ec3c0f094)
2019-06-24 09:06:07.969 21660 RALLYDEBUG rally_openstack.cleanup.manager [-] Deleting neutron.port object s_rally_52e3c3b5_m75tTgLG (e32a88eb-63f6-4b26-90f8-f98df0163a7f)
2019-06-24 09:06:08.020 21660 RALLYDEBUG rally_openstack.cleanup.manager [-] Deleting neutron.port object s_rally_52e3c3b5_u3SLh9cm (e36eafae-be07-4f7e-8b0c-79c1e814a519)
2019-06-24 09:06:08.028 21660 RALLYDEBUG rally_openstack.cleanup.manager [-] Deleting neutron.port object s_rally_52e3c3b5_Q2YymMlF (e8f68963-3510-459d-993c-622914669456)
2019-06-24 09:06:08.086 21660 RALLYDEBUG rally_openstack.cleanup.manager [-] Deleting neutron.port object s_rally_52e3c3b5_vBWHGFd4 (e9d40f6b-bcd6-4660-8630-3c66051464ce)
2019-06-24 09:06:08.320 21660 RALLYDEBUG rally_openstack.cleanup.manager [-] Deleting neutron.port object s_rally_52e3c3b5_l95osUpR (eae301d9-143a-427e-8f83-8daad572d556)
2019-06-24 09:06:08.505 21660 RALLYDEBUG rally_openstack.cleanup.manager [-] Deleting neutron.port object s_rally_52e3c3b5_NGjZVt0U (eb85b025-4fe2-474c-96bb-a9509449498a)
2019-06-24 09:06:08.587 21660 RALLYDEBUG rally_openstack.cleanup.manager [-] Deleting neutron.port object s_rally_52e3c3b5_de65ci9g (ebca5ad9-4da7-4c39-acf9-28b3be7cd356)
2019-06-24 09:06:08.803 21660 RALLYDEBUG rally_openstack.cleanup.manager [-] Deleting neutron.port object s_rally_52e3c3b5_5471P32u (ec475869-8f0c-4e65-ac8c-582d415c6690)
2019-06-24 09:06:08.847 21660 RALLYDEBUG rally_openstack.cleanup.manager [-] Deleting neutron.port object s_rally_52e3c3b5_B9MpISkf (ec548654-ce78-4c47-aeec-45c6f7bcd423)
2019-06-24 09:06:08.889 21660 RALLYDEBUG rally_openstack.cleanup.manager [-] Deleting neutron.port object s_rally_52e3c3b5_5to25oIF (ec92f3b2-604d-4483-b0ca-55404e02a09b)
2019-06-24 09:06:09.186 21660 RALLYDEBUG rally_openstack.cleanup.manager [-] Deleting neutron.port object s_rally_52e3c3b5_FsNARHaZ (ee4a00eb-d9fc-445c-862f-aff12fe44e39)
2019-06-24 09:06:09.226 21660 RALLYDEBUG rally_openstack.cleanup.manager [-] Deleting neutron.port object s_rally_52e3c3b5_zzrkUWmh (eeb969cf-f180-4720-b873-08f0b2315460)
2019-06-24 09:06:09.241 21660 RALLYDEBUG rally_openstack.cleanup.manager [-] Deleting neutron.port object s_rally_52e3c3b5_4SgGM9pF (eecda5df-093c-4eaf-84b9-4cfc5483034a)
2019-06-24 09:06:09.474 21660 RALLYDEBUG rally_openstack.cleanup.manager [-] Deleting neutron.port object s_rally_52e3c3b5_TjMkbNUz (eeeb9e7b-6070-4a2d-847d-52491b8f8339)
2019-06-24 09:06:09.548 21660 RALLYDEBUG rally_openstack.cleanup.manager [-] Deleting neutron.port object s_rally_52e3c3b5_yzDT7UjE (f072ac77-0c37-4d14-9cc4-6ce8c3e69cd5)
2019-06-24 09:06:09.645 21660 RALLYDEBUG rally_openstack.cleanup.manager [-] Deleting neutron.port object s_rally_52e3c3b5_tYz8pLA8 (f0bef80a-42c8-4b61-9db8-b9892fce4c5b)
2019-06-24 09:06:09.813 21660 RALLYDEBUG rally_openstack.cleanup.manager [-] Deleting neutron.port object s_rally_52e3c3b5_0B5CnHjp (f1ff09bb-4814-4d61-bfe4-ad46357734dd)
2019-06-24 09:06:09.839 21660 RALLYDEBUG rally_openstack.cleanup.manager [-] Deleting neutron.port object s_rally_52e3c3b5_SQsHEDJI (f233ed5c-8caf-4f6e-9d99-74b5c84edbc5)
2019-06-24 09:06:09.902 21660 RALLYDEBUG rally_openstack.cleanup.manager [-] Deleting neutron.port object s_rally_52e3c3b5_LbxJUXwD (f23a3209-3b49-4107-aebe-731d74cda193)
2019-06-24 09:06:09.956 21660 RALLYDEBUG rally_openstack.cleanup.manager [-] Deleting neutron.port object s_rally_52e3c3b5_5l8jnffE (f33738da-3c87-4408-850d-0c92ec2d9a72)
2019-06-24 09:06:10.025 21660 RALLYDEBUG rally_openstack.cleanup.manager [-] Deleting neutron.port object s_rally_52e3c3b5_HVK9NSBn (f3c6775f-c735-4b06-a823-67cc7d2deba0)
2019-06-24 09:06:10.179 21660 RALLYDEBUG rally_openstack.cleanup.manager [-] Deleting neutron.port object s_rally_52e3c3b5_izM0ZFvF (f3db5674-4cb4-4228-bc03-4163faaa89fe)
2019-06-24 09:06:10.254 21660 RALLYDEBUG rally_openstack.cleanup.manager [-] Deleting neutron.port object s_rally_52e3c3b5_L6NHgeSY (f4ce3b6c-e646-4481-9621-3ab757b32ecc)
2019-06-24 09:06:10.439 21660 RALLYDEBUG rally_openstack.cleanup.manager [-] Deleting neutron.port object s_rally_52e3c3b5_vUrjNkKP (f52e0fb6-cbf1-495d-98ed-b031592472f1)
2019-06-24 09:06:10.562 21660 RALLYDEBUG rally_openstack.cleanup.manager [-] Deleting neutron.port object s_rally_52e3c3b5_82WiBSVm (f5315ccd-0599-40a4-988b-67ff08edf9c3)
2019-06-24 09:06:10.581 21660 RALLYDEBUG rally_openstack.cleanup.manager [-] Deleting neutron.port object s_rally_52e3c3b5_puPCQ5rR (f63ccd5e-ca50-475b-9017-936c7a817ead)
2019-06-24 09:06:10.678 21660 RALLYDEBUG rally_openstack.cleanup.manager [-] Deleting neutron.port object s_rally_52e3c3b5_vLqaVJam (f7cf1553-5eae-4eac-b25a-7a6eeb3bc8ee)
2019-06-24 09:06:10.800 21660 RALLYDEBUG rally_openstack.cleanup.manager [-] Deleting neutron.port object s_rally_52e3c3b5_EAm8rpqj (f84b2a40-64fb-44c3-8f5c-d5895cccb7ad)
2019-06-24 09:06:10.876 21660 RALLYDEBUG rally_openstack.cleanup.manager [-] Deleting neutron.port object s_rally_52e3c3b5_eC3LqnCx (f9c22c8f-abb8-48f9-acce-a52995ec54e2)
2019-06-24 09:06:10.948 21660 RALLYDEBUG rally_openstack.cleanup.manager [-] Deleting neutron.port object s_rally_52e3c3b5_JUOb4KH6 (fa7c4456-4a3c-42ed-8384-6082df0eec88)
2019-06-24 09:06:11.391 21660 RALLYDEBUG rally_openstack.cleanup.manager [-] Deleting neutron.port object s_rally_52e3c3b5_wXcTYA0b (fce470e5-61d2-4a39-8caf-5bd7d41e1c7a)
2019-06-24 09:06:11.391 21660 RALLYDEBUG rally_openstack.cleanup.manager [-] Deleting neutron.port object s_rally_52e3c3b5_DwIDxNVZ (fce1225c-2558-4110-813b-37486a190cdc)
2019-06-24 09:06:11.615 21660 RALLYDEBUG rally_openstack.cleanup.manager [-] Deleting neutron.port object s_rally_52e3c3b5_fJ1GoADR (fd8339d1-4787-4e7f-a67d-bf7bfb204baa)
2019-06-24 09:06:11.640 21660 RALLYDEBUG rally_openstack.cleanup.manager [-] Deleting neutron.port object s_rally_52e3c3b5_Bo8jkUpe (fd88d72e-5894-4570-8129-2a9caa4552e1)
2019-06-24 09:06:11.677 21660 RALLYDEBUG rally_openstack.cleanup.manager [-] Deleting neutron.port object s_rally_52e3c3b5_ATMAVRIw (fd9d23c8-9b13-4631-910f-567380765644)
2019-06-24 09:06:11.696 21660 RALLYDEBUG rally_openstack.cleanup.manager [-] Deleting neutron.port object s_rally_52e3c3b5_ifxGIjgF (ff1f9d03-2608-4e2c-9103-d6419f522455)
2019-06-24 09:06:13.828 21660 RALLYDEBUG rally_openstack.cleanup.manager [-] Cleaning up neutron subnet objects
2019-06-24 09:06:14.266 21660 RALLYDEBUG rally_openstack.cleanup.manager [-] Cleaning up neutron network objects
2019-06-24 09:06:14.760 21660 RALLYDEBUG rally_openstack.cleanup.manager [-] Deleting neutron.network object s_rally_52e3c3b5_yT3R3Rxq (574d1452-206c-4e5f-ad3d-7ac649267367)
2019-06-24 09:06:14.770 21660 RALLYDEBUG rally_openstack.cleanup.manager [-] Deleting neutron.network object s_rally_52e3c3b5_BX5YZNCS (85582521-ca26-4bb3-a169-8e3b8da39be6)
2019-06-24 09:06:14.781 21660 RALLYDEBUG rally_openstack.cleanup.manager [-] Deleting neutron.network object s_rally_52e3c3b5_vEqws1fc (98608b0b-d1a4-4182-b76a-aa96d74fda6d)
2019-06-24 09:06:14.790 21660 RALLYDEBUG rally_openstack.cleanup.manager [-] Deleting neutron.network object s_rally_52e3c3b5_fFskE7ov (9bb319c5-1762-48f8-a89c-a5c9b00ebeec)
2019-06-24 09:06:14.797 21660 RALLYDEBUG rally_openstack.cleanup.manager [-] Deleting neutron.network object s_rally_52e3c3b5_1JAHZtVs (cc6c0240-da24-46a1-a514-fdadd05de5df)
2019-06-24 09:06:14.807 21660 RALLYDEBUG rally_openstack.cleanup.manager [-] Deleting neutron.network object s_rally_52e3c3b5_AQX1T3Bc (d868571e-144f-4db0-86a3-b62298334f88)
2019-06-24 09:06:14.814 21660 RALLYDEBUG rally_openstack.cleanup.manager [-] Deleting neutron.network object s_rally_52e3c3b5_x7knJtAH (c1a334d4-e182-46eb-bedd-351757a5cd29)
2019-06-24 09:06:14.828 21660 RALLYDEBUG rally_openstack.cleanup.manager [-] Deleting neutron.network object s_rally_52e3c3b5_5CA7bWKb (f9d6e013-0d59-4ef3-b7b5-b6c37263a747)
2019-06-24 09:06:17.563 21660 RALLYDEBUG rally_openstack.cleanup.manager [-] Cleaning up neutron router objects
2019-06-24 09:06:18.346 21660 RALLYDEBUG rally_openstack.cleanup.manager [-] Cleaning up neutron security_group objects
2019-06-24 09:06:18.789 21660 INFO rally.task.context [-] Task 87c3fd00-85dd-452e-924e-85f0efa787a5 | Context cleanup@openstack cleanup() finished in 53.95 sec
2019-06-24 09:06:18.790 21660 INFO rally.task.context [-] Task 87c3fd00-85dd-452e-924e-85f0efa787a5 | Context quotas@openstack cleanup() started
2019-06-24 09:06:18.871 21660 INFO rally.task.context [-] Task 87c3fd00-85dd-452e-924e-85f0efa787a5 | Context quotas@openstack cleanup() finished in 81.33 msec
2019-06-24 09:06:18.872 21660 INFO rally.task.context [-] Task 87c3fd00-85dd-452e-924e-85f0efa787a5 | Context users@openstack cleanup() started
2019-06-24 09:06:21.574 21660 INFO rally.task.context [-] Task 87c3fd00-85dd-452e-924e-85f0efa787a5 | Context users@openstack cleanup() finished in 2.70 sec
2019-06-24 09:06:22.643 21660 INFO rally.task.engine [-] Load duration is: 55.805893
2019-06-24 09:06:22.644 21660 INFO rally.task.engine [-] Full runner duration is: 55.852887
2019-06-24 09:06:22.644 21660 INFO rally.task.engine [-] Full duration is: 115.50183
2019-06-24 09:06:22.963 21660 INFO rally.task.engine [-] Running workload: position = 1 config = { "version": 2, "title": "A cropped version of a bigger task.", "description": "Auto-generated task from a single workload (uuid=b274d9e9-4991-4252-9f9e-0f37950c77f6)", "subtasks": [ { "title": "NeutronNetworks.create_and_update_ports", "description": "Create and update a given number of ports.", "scenario": { "NeutronNetworks.create_and_update_ports": { "network_create_args": {}, "port_create_args": {}, "ports_per_network": 5, "port_update_args": { "admin_state_up": false, "device_id": "dummy_id", "device_owner": "dummy_owner", "name": "_port_updated" } } }, "contexts": { "users": { "tenants": 1, "users_per_tenant": 1 }, "quotas": { "neutron": { "network": -1, "port": -1 } } }, "runner": { "constant": { "times": 40, "concurrency": 20 } }, "hooks": [], "sla": { "failure_rate": { "max": 0 } } } ] }
2019-06-24 09:06:22.987 21660 RALLYDEBUG rally_openstack.contexts.keystone.users [-] Creating 1 tenants using 20 threads
2019-06-24 09:06:23.927 21660 RALLYDEBUG rally_openstack.contexts.keystone.users [-] Creating 1 users using 20 threads
2019-06-24 09:06:25.314 21660 INFO rally.task.context [-] Task 87c3fd00-85dd-452e-924e-85f0efa787a5 | Context users@openstack setup() finished in 2.33 sec
2019-06-24 09:06:25.812 21660 INFO rally.task.context [-] Task 87c3fd00-85dd-452e-924e-85f0efa787a5 | Context quotas@openstack setup() finished in 0.50 sec
2019-06-24 09:06:25.813 21660 INFO rally.task.context [-] Task 87c3fd00-85dd-452e-924e-85f0efa787a5 | Context cleanup@openstack setup() finished in 0.01 msec
2019-06-24 09:06:25.823 21660 RALLYDEBUG rally.task.runner [-] Starting the constant runner (task UUID: 87c3fd00-85dd-452e-924e-85f0efa787a5). timeout: 0 concurrency: 20 concurrency_per_worker: 1 times: 40 concurrency_overhead: 4 processes_to_start: 16 max_cpu_used: 16
2019-06-24 09:06:25.837 25536 RALLYDEBUG rally.task.runner [-] Starting a worker. concurrency: 2 args: {"network_create_args": {}, "port_create_args": {}, "ports_per_network": 5, "port_update_args": {"admin_state_up": false, "device_id": "dummy_id", "device_owner": "dummy_owner", "name": "_port_updated"}} times: 40 method_name: run timeout: 0 duration: None cls:
2019-06-24 09:06:25.840 25537 RALLYDEBUG rally.task.runner [-] Starting a worker. concurrency: 2 args: {"network_create_args": {}, "port_create_args": {}, "ports_per_network": 5, "port_update_args": {"admin_state_up": false, "device_id": "dummy_id", "device_owner": "dummy_owner", "name": "_port_updated"}} times: 40 method_name: run timeout: 0 duration: None cls:
2019-06-24 09:06:25.844 25538 RALLYDEBUG rally.task.runner [-] Starting a worker. concurrency: 2 args: {"network_create_args": {}, "port_create_args": {}, "ports_per_network": 5, "port_update_args": {"admin_state_up": false, "device_id": "dummy_id", "device_owner": "dummy_owner", "name": "_port_updated"}} times: 40 method_name: run timeout: 0 duration: None cls:
2019-06-24 09:06:25.847 25539 RALLYDEBUG rally.task.runner [-] Starting a worker. concurrency: 2 args: {"network_create_args": {}, "port_create_args": {}, "ports_per_network": 5, "port_update_args": {"admin_state_up": false, "device_id": "dummy_id", "device_owner": "dummy_owner", "name": "_port_updated"}} times: 40 method_name: run timeout: 0 duration: None cls:
2019-06-24 09:06:25.848 25536 INFO rally.task.runner [-] Task 87c3fd00-85dd-452e-924e-85f0efa787a5 | ITER: 1 START
2019-06-24 09:06:25.850 25536 WARNING rally_openstack.scenarios.neutron.utils [-] Running this scenario without either the 'network' or 'existing_network' context is deprecated
2019-06-24 09:06:25.850 25541 RALLYDEBUG rally.task.runner [-] Starting a worker. concurrency: 1 args: {"network_create_args": {}, "port_create_args": {}, "ports_per_network": 5, "port_update_args": {"admin_state_up": false, "device_id": "dummy_id", "device_owner": "dummy_owner", "name": "_port_updated"}} times: 40 method_name: run timeout: 0 duration: None cls:
2019-06-24 09:06:25.852 25537 INFO rally.task.runner [-] Task 87c3fd00-85dd-452e-924e-85f0efa787a5 | ITER: 2 START
2019-06-24 09:06:25.852 25538 INFO rally.task.runner [-] Task 87c3fd00-85dd-452e-924e-85f0efa787a5 | ITER: 4 START
2019-06-24 09:06:25.854 25537 WARNING rally_openstack.scenarios.neutron.utils [-] Running this scenario without either the 'network' or 'existing_network' context is deprecated
2019-06-24 09:06:25.855 25546 RALLYDEBUG rally.task.runner [-] Starting a worker. concurrency: 1 args: {"network_create_args": {}, "port_create_args": {}, "ports_per_network": 5, "port_update_args": {"admin_state_up": false, "device_id": "dummy_id", "device_owner": "dummy_owner", "name": "_port_updated"}} times: 40 method_name: run timeout: 0 duration: None cls:
2019-06-24 09:06:25.856 25538 WARNING rally_openstack.scenarios.neutron.utils [-] Running this scenario without either the 'network' or 'existing_network' context is deprecated
2019-06-24 09:06:25.857 25539 INFO rally.task.runner [-] Task 87c3fd00-85dd-452e-924e-85f0efa787a5 | ITER: 6 START
2019-06-24 09:06:25.861 25550 RALLYDEBUG rally.task.runner [-] Starting a worker. concurrency: 1 args: {"network_create_args": {}, "port_create_args": {}, "ports_per_network": 5, "port_update_args": {"admin_state_up": false, "device_id": "dummy_id", "device_owner": "dummy_owner", "name": "_port_updated"}} times: 40 method_name: run timeout: 0 duration: None cls:
2019-06-24 09:06:25.862 25546 INFO rally.task.runner [-] Task 87c3fd00-85dd-452e-924e-85f0efa787a5 | ITER: 10 START
2019-06-24 09:06:25.861 25539 WARNING rally_openstack.scenarios.neutron.utils [-] Running this scenario without either the 'network' or 'existing_network' context is deprecated
2019-06-24 09:06:25.863 25546 WARNING rally_openstack.scenarios.neutron.utils [-] Running this scenario without either the 'network' or 'existing_network' context is deprecated
2019-06-24 09:06:25.864 25541 INFO rally.task.runner [-] Task 87c3fd00-85dd-452e-924e-85f0efa787a5 | ITER: 8 START
2019-06-24 09:06:25.864 25536 INFO rally.task.runner [-] Task 87c3fd00-85dd-452e-924e-85f0efa787a5 | ITER: 3 START
2019-06-24 09:06:25.863 25539 INFO rally.task.runner [-] Task 87c3fd00-85dd-452e-924e-85f0efa787a5 | ITER: 9 START
2019-06-24 09:06:25.864 25554 RALLYDEBUG rally.task.runner [-] Starting a worker. concurrency: 1 args: {"network_create_args": {}, "port_create_args": {}, "ports_per_network": 5, "port_update_args": {"admin_state_up": false, "device_id": "dummy_id", "device_owner": "dummy_owner", "name": "_port_updated"}} times: 40 method_name: run timeout: 0 duration: None cls:
2019-06-24 09:06:25.866 25541 WARNING rally_openstack.scenarios.neutron.utils [-] Running this scenario without either the 'network' or 'existing_network' context is deprecated
2019-06-24 09:06:25.867 25536 WARNING rally_openstack.scenarios.neutron.utils [-] Running this scenario without either the 'network' or 'existing_network' context is deprecated
2019-06-24 09:06:25.868 25557 RALLYDEBUG rally.task.runner [-] Starting a worker. concurrency: 1 args: {"network_create_args": {}, "port_create_args": {}, "ports_per_network": 5, "port_update_args": {"admin_state_up": false, "device_id": "dummy_id", "device_owner": "dummy_owner", "name": "_port_updated"}} times: 40 method_name: run timeout: 0 duration: None cls:
2019-06-24 09:06:25.868 25550 INFO rally.task.runner [-] Task 87c3fd00-85dd-452e-924e-85f0efa787a5 | ITER: 11 START
2019-06-24 09:06:25.856 25537 INFO rally.task.runner [-] Task 87c3fd00-85dd-452e-924e-85f0efa787a5 | ITER: 5 START
2019-06-24 09:06:25.870 25550 WARNING rally_openstack.scenarios.neutron.utils [-] Running this scenario without either the 'network' or 'existing_network' context is deprecated
2019-06-24 09:06:25.873 25537 WARNING rally_openstack.scenarios.neutron.utils [-] Running this scenario without either the 'network' or 'existing_network' context is deprecated
2019-06-24 09:06:25.866 25539 WARNING rally_openstack.scenarios.neutron.utils [-] Running this scenario without either the 'network' or 'existing_network' context is deprecated
2019-06-24 09:06:25.874 25554 INFO rally.task.runner [-] Task 87c3fd00-85dd-452e-924e-85f0efa787a5 | ITER: 12 START
2019-06-24 09:06:25.876 25557 INFO rally.task.runner [-] Task 87c3fd00-85dd-452e-924e-85f0efa787a5 | ITER: 13 START
2019-06-24 09:06:25.876 25538 INFO rally.task.runner [-] Task 87c3fd00-85dd-452e-924e-85f0efa787a5 | ITER: 7 START
2019-06-24 09:06:25.877 25554 WARNING rally_openstack.scenarios.neutron.utils [-] Running this scenario without either the 'network' or 'existing_network' context is deprecated
2019-06-24 09:06:25.878 25538 WARNING rally_openstack.scenarios.neutron.utils [-] Running this scenario without either the 'network' or 'existing_network' context is deprecated
2019-06-24 09:06:25.878 25557 WARNING rally_openstack.scenarios.neutron.utils [-] Running this scenario without either the 'network' or 'existing_network' context is deprecated
2019-06-24 09:06:25.878 25562 RALLYDEBUG rally.task.runner [-] Starting a worker. concurrency: 1 args: {"network_create_args": {}, "port_create_args": {}, "ports_per_network": 5, "port_update_args": {"admin_state_up": false, "device_id": "dummy_id", "device_owner": "dummy_owner", "name": "_port_updated"}} times: 40 method_name: run timeout: 0 duration: None cls:
2019-06-24 09:06:25.886 25562 INFO rally.task.runner [-] Task 87c3fd00-85dd-452e-924e-85f0efa787a5 | ITER: 14 START
2019-06-24 09:06:25.888 25562 WARNING rally_openstack.scenarios.neutron.utils [-] Running this scenario without either the 'network' or 'existing_network' context is deprecated
2019-06-24 09:06:25.890 25569 RALLYDEBUG rally.task.runner [-] Starting a worker. concurrency: 1 args: {"network_create_args": {}, "port_create_args": {}, "ports_per_network": 5, "port_update_args": {"admin_state_up": false, "device_id": "dummy_id", "device_owner": "dummy_owner", "name": "_port_updated"}} times: 40 method_name: run timeout: 0 duration: None cls:
2019-06-24 09:06:25.892 25568 RALLYDEBUG rally.task.runner [-] Starting a worker. concurrency: 1 args: {"network_create_args": {}, "port_create_args": {}, "ports_per_network": 5, "port_update_args": {"admin_state_up": false, "device_id": "dummy_id", "device_owner": "dummy_owner", "name": "_port_updated"}} times: 40 method_name: run timeout: 0 duration: None cls:
2019-06-24 09:06:25.898 25569 INFO rally.task.runner [-] Task 87c3fd00-85dd-452e-924e-85f0efa787a5 | ITER: 15 START
2019-06-24 09:06:25.899 25568 INFO rally.task.runner [-] Task 87c3fd00-85dd-452e-924e-85f0efa787a5 | ITER: 16 START
2019-06-24 09:06:25.900 25569 WARNING rally_openstack.scenarios.neutron.utils [-] Running this scenario without either the 'network' or 'existing_network' context is deprecated
2019-06-24 09:06:25.901 25568 WARNING rally_openstack.scenarios.neutron.utils [-] Running this scenario without either the 'network' or 'existing_network' context is deprecated
2019-06-24 09:06:25.904 25572 RALLYDEBUG rally.task.runner [-] Starting a worker. concurrency: 1 args: {"network_create_args": {}, "port_create_args": {}, "ports_per_network": 5, "port_update_args": {"admin_state_up": false, "device_id": "dummy_id", "device_owner": "dummy_owner", "name": "_port_updated"}} times: 40 method_name: run timeout: 0 duration: None cls:
2019-06-24 09:06:25.908 25577 RALLYDEBUG rally.task.runner [-] Starting a worker. concurrency: 1 args: {"network_create_args": {}, "port_create_args": {}, "ports_per_network": 5, "port_update_args": {"admin_state_up": false, "device_id": "dummy_id", "device_owner": "dummy_owner", "name": "_port_updated"}} times: 40 method_name: run timeout: 0 duration: None cls:
2019-06-24 09:06:25.912 25572 INFO rally.task.runner [-] Task 87c3fd00-85dd-452e-924e-85f0efa787a5 | ITER: 17 START
2019-06-24 09:06:25.915 25572 WARNING rally_openstack.scenarios.neutron.utils [-] Running this scenario without either the 'network' or 'existing_network' context is deprecated
2019-06-24 09:06:25.916 25577 INFO rally.task.runner [-] Task 87c3fd00-85dd-452e-924e-85f0efa787a5 | ITER: 18 START
2019-06-24 09:06:25.915 25578 RALLYDEBUG rally.task.runner [-] Starting a worker. concurrency: 1 args: {"network_create_args": {}, "port_create_args": {}, "ports_per_network": 5, "port_update_args": {"admin_state_up": false, "device_id": "dummy_id", "device_owner": "dummy_owner", "name": "_port_updated"}} times: 40 method_name: run timeout: 0 duration: None cls:
2019-06-24 09:06:25.917 25577 WARNING rally_openstack.scenarios.neutron.utils [-] Running this scenario without either the 'network' or 'existing_network' context is deprecated
2019-06-24 09:06:25.922 25578 INFO rally.task.runner [-] Task 87c3fd00-85dd-452e-924e-85f0efa787a5 | ITER: 19 START
2019-06-24 09:06:25.922 25583 RALLYDEBUG rally.task.runner [-] Starting a worker. concurrency: 1 args: {"network_create_args": {}, "port_create_args": {}, "ports_per_network": 5, "port_update_args": {"admin_state_up": false, "device_id": "dummy_id", "device_owner": "dummy_owner", "name": "_port_updated"}} times: 40 method_name: run timeout: 0 duration: None cls:
2019-06-24 09:06:25.923 25578 WARNING rally_openstack.scenarios.neutron.utils [-] Running this scenario without either the 'network' or 'existing_network' context is deprecated
2019-06-24 09:06:25.928 25583 INFO rally.task.runner [-] Task 87c3fd00-85dd-452e-924e-85f0efa787a5 | ITER: 20 START
2019-06-24 09:06:25.929 25583 WARNING rally_openstack.scenarios.neutron.utils [-] Running this scenario without either the 'network' or 'existing_network' context is deprecated
2019-06-24 09:06:34.695 25536 INFO rally.task.runner [-] Task 87c3fd00-85dd-452e-924e-85f0efa787a5 | ITER: 3 END: OK
2019-06-24 09:06:34.699 25536 INFO rally.task.runner [-] Task 87c3fd00-85dd-452e-924e-85f0efa787a5 | ITER: 21 START
2019-06-24 09:06:34.700 25536 WARNING rally_openstack.scenarios.neutron.utils [-] Running this scenario without either the 'network' or 'existing_network' context is deprecated
2019-06-24 09:06:36.035 25568 INFO rally.task.runner [-] Task 87c3fd00-85dd-452e-924e-85f0efa787a5 | ITER: 16 END: OK
2019-06-24 09:06:36.040 25568 INFO rally.task.runner [-] Task 87c3fd00-85dd-452e-924e-85f0efa787a5 | ITER: 22 START
2019-06-24 09:06:36.040 25568 WARNING rally_openstack.scenarios.neutron.utils [-] Running this scenario without either the 'network' or 'existing_network' context is deprecated
2019-06-24 09:06:36.096 25546 INFO rally.task.runner [-] Task 87c3fd00-85dd-452e-924e-85f0efa787a5 | ITER: 10 END: OK
2019-06-24 09:06:36.100 25546 INFO rally.task.runner [-] Task 87c3fd00-85dd-452e-924e-85f0efa787a5 | ITER: 23 START
2019-06-24 09:06:36.101 25546 WARNING rally_openstack.scenarios.neutron.utils [-] Running this scenario without either the 'network' or 'existing_network' context is deprecated
2019-06-24 09:06:36.155 25562 INFO rally.task.runner [-] Task 87c3fd00-85dd-452e-924e-85f0efa787a5 | ITER: 14 END: OK
2019-06-24 09:06:36.159 25557 INFO rally.task.runner [-] Task 87c3fd00-85dd-452e-924e-85f0efa787a5 | ITER: 13 END: OK
2019-06-24 09:06:36.159 25562 INFO rally.task.runner [-] Task 87c3fd00-85dd-452e-924e-85f0efa787a5 | ITER: 24 START
2019-06-24 09:06:36.160 25562 WARNING rally_openstack.scenarios.neutron.utils [-] Running this scenario without either the 'network' or 'existing_network' context is deprecated
2019-06-24 09:06:36.163 25557 INFO rally.task.runner [-] Task 87c3fd00-85dd-452e-924e-85f0efa787a5 | ITER: 25 START
2019-06-24 09:06:36.163 25557 WARNING rally_openstack.scenarios.neutron.utils [-] Running this scenario without either the 'network' or 'existing_network' context is deprecated
2019-06-24 09:06:36.370 25569 INFO rally.task.runner [-] Task 87c3fd00-85dd-452e-924e-85f0efa787a5 | ITER: 15 END: OK
2019-06-24 09:06:36.374 25569 INFO rally.task.runner [-] Task 87c3fd00-85dd-452e-924e-85f0efa787a5 | ITER: 26 START
2019-06-24 09:06:36.374 25569 WARNING rally_openstack.scenarios.neutron.utils [-] Running this scenario without either the 'network' or 'existing_network' context is deprecated
2019-06-24 09:06:36.428 25537 INFO rally.task.runner [-] Task 87c3fd00-85dd-452e-924e-85f0efa787a5 | ITER: 2 END: OK
2019-06-24 09:06:36.432 25537 INFO rally.task.runner [-] Task 87c3fd00-85dd-452e-924e-85f0efa787a5 | ITER: 27 START
2019-06-24 09:06:36.433 25537 WARNING rally_openstack.scenarios.neutron.utils [-] Running this scenario without either the 'network' or 'existing_network' context is deprecated
2019-06-24 09:06:36.463 25538 INFO rally.task.runner [-] Task 87c3fd00-85dd-452e-924e-85f0efa787a5 | ITER: 4 END: OK
2019-06-24 09:06:36.467 25538 INFO rally.task.runner [-] Task 87c3fd00-85dd-452e-924e-85f0efa787a5 | ITER: 28 START
2019-06-24 09:06:36.467 25538 WARNING rally_openstack.scenarios.neutron.utils [-] Running this scenario without either the 'network' or 'existing_network' context is deprecated
2019-06-24 09:06:36.739 25538 INFO rally.task.runner [-] Task 87c3fd00-85dd-452e-924e-85f0efa787a5 | ITER: 7 END: OK
2019-06-24 09:06:36.742 25538 INFO rally.task.runner [-] Task 87c3fd00-85dd-452e-924e-85f0efa787a5 | ITER: 29 START
2019-06-24 09:06:36.743 25538 WARNING rally_openstack.scenarios.neutron.utils [-] Running this scenario without either the 'network' or 'existing_network' context is deprecated
2019-06-24 09:06:36.947 25539 INFO rally.task.runner [-] Task 87c3fd00-85dd-452e-924e-85f0efa787a5 | ITER: 6 END: OK
2019-06-24 09:06:36.951 25539 INFO rally.task.runner [-] Task 87c3fd00-85dd-452e-924e-85f0efa787a5 | ITER: 30 START
2019-06-24 09:06:36.951 25539 WARNING rally_openstack.scenarios.neutron.utils [-] Running this scenario without either the 'network' or 'existing_network' context is deprecated
2019-06-24 09:06:37.008 25550 INFO rally.task.runner [-] Task 87c3fd00-85dd-452e-924e-85f0efa787a5 | ITER: 11 END: OK
2019-06-24 09:06:37.012 25550 INFO rally.task.runner [-] Task 87c3fd00-85dd-452e-924e-85f0efa787a5 | ITER: 31 START
2019-06-24 09:06:37.013 25550 WARNING rally_openstack.scenarios.neutron.utils [-] Running this scenario without either the 'network' or 'existing_network' context is deprecated
2019-06-24 09:06:37.149 25577 INFO rally.task.runner [-] Task 87c3fd00-85dd-452e-924e-85f0efa787a5 | ITER: 18 END: OK
2019-06-24 09:06:37.153 25577 INFO rally.task.runner [-] Task 87c3fd00-85dd-452e-924e-85f0efa787a5 | ITER: 32 START
2019-06-24 09:06:37.153 25577 WARNING rally_openstack.scenarios.neutron.utils [-] Running this scenario without either the 'network' or 'existing_network' context is deprecated
2019-06-24 09:06:37.267 25578 INFO rally.task.runner [-] Task 87c3fd00-85dd-452e-924e-85f0efa787a5 | ITER: 19 END: OK
2019-06-24 09:06:37.270 25578 INFO rally.task.runner [-] Task 87c3fd00-85dd-452e-924e-85f0efa787a5 | ITER: 33 START
2019-06-24 09:06:37.271 25578 WARNING rally_openstack.scenarios.neutron.utils [-] Running this scenario without either the 'network' or 'existing_network' context is deprecated
2019-06-24 09:06:37.329 25572 INFO rally.task.runner [-] Task 87c3fd00-85dd-452e-924e-85f0efa787a5 | ITER: 17 END: OK
2019-06-24 09:06:37.333 25572 INFO rally.task.runner [-] Task 87c3fd00-85dd-452e-924e-85f0efa787a5 | ITER: 34 START
2019-06-24 09:06:37.334 25572 WARNING rally_openstack.scenarios.neutron.utils [-] Running this scenario without either the 'network' or 'existing_network' context is deprecated
2019-06-24 09:06:37.363 25541 INFO rally.task.runner [-] Task 87c3fd00-85dd-452e-924e-85f0efa787a5 | ITER: 8 END: OK
2019-06-24 09:06:37.366 25541 INFO rally.task.runner [-] Task 87c3fd00-85dd-452e-924e-85f0efa787a5 | ITER: 35 START
2019-06-24 09:06:37.367 25541 WARNING rally_openstack.scenarios.neutron.utils [-] Running this scenario without either the 'network' or 'existing_network' context is deprecated
2019-06-24 09:06:37.380 25554 INFO rally.task.runner [-] Task 87c3fd00-85dd-452e-924e-85f0efa787a5 | ITER: 12 END: OK
2019-06-24 09:06:37.383 25554 INFO rally.task.runner [-] Task 87c3fd00-85dd-452e-924e-85f0efa787a5 | ITER: 36 START
2019-06-24 09:06:37.383 25554 WARNING rally_openstack.scenarios.neutron.utils [-] Running this scenario without either the 'network' or 'existing_network' context is deprecated
2019-06-24 09:06:37.701 25536 INFO rally.task.runner [-] Task 87c3fd00-85dd-452e-924e-85f0efa787a5 | ITER: 1 END: OK
2019-06-24 09:06:37.705 25536 INFO rally.task.runner [-] Task 87c3fd00-85dd-452e-924e-85f0efa787a5 | ITER: 37 START
2019-06-24 09:06:37.705 25536 WARNING rally_openstack.scenarios.neutron.utils [-] Running this scenario without either the 'network' or 'existing_network' context is deprecated
2019-06-24 09:06:37.913 25539 INFO rally.task.runner [-] Task 87c3fd00-85dd-452e-924e-85f0efa787a5 | ITER: 9 END: OK
2019-06-24 09:06:37.917 25539 INFO rally.task.runner [-] Task 87c3fd00-85dd-452e-924e-85f0efa787a5 | ITER: 38 START
2019-06-24 09:06:37.917 25539 WARNING rally_openstack.scenarios.neutron.utils [-] Running this scenario without either the 'network' or 'existing_network' context is deprecated
2019-06-24 09:06:38.319 25583 INFO rally.task.runner [-] Task 87c3fd00-85dd-452e-924e-85f0efa787a5 | ITER: 20 END: OK
2019-06-24 09:06:38.324 25583 INFO rally.task.runner [-] Task 87c3fd00-85dd-452e-924e-85f0efa787a5 | ITER: 39 START
2019-06-24 09:06:38.325 25583 WARNING rally_openstack.scenarios.neutron.utils [-] Running this scenario without either the 'network' or 'existing_network' context is deprecated
2019-06-24 09:06:39.117 25537 INFO rally.task.runner [-] Task 87c3fd00-85dd-452e-924e-85f0efa787a5 | ITER: 5 END: OK
2019-06-24 09:06:39.122 25537 INFO rally.task.runner [-] Task 87c3fd00-85dd-452e-924e-85f0efa787a5 | ITER: 40 START
2019-06-24 09:06:39.123 25537 WARNING rally_openstack.scenarios.neutron.utils [-] Running this scenario without either the 'network' or 'existing_network' context is deprecated
2019-06-24 09:06:44.238 25557 INFO rally.task.runner [-] Task 87c3fd00-85dd-452e-924e-85f0efa787a5 | ITER: 25 END: OK
2019-06-24 09:06:44.651 25539 INFO rally.task.runner [-] Task 87c3fd00-85dd-452e-924e-85f0efa787a5 | ITER: 30 END: OK
2019-06-24 09:06:45.330 25572 INFO rally.task.runner [-] Task 87c3fd00-85dd-452e-924e-85f0efa787a5 | ITER: 34 END: OK
2019-06-24 09:06:45.889 25568 INFO rally.task.runner [-] Task 87c3fd00-85dd-452e-924e-85f0efa787a5 | ITER: 22 END: OK
2019-06-24 09:06:46.027 25536 INFO rally.task.runner [-] Task 87c3fd00-85dd-452e-924e-85f0efa787a5 | ITER: 21 END: OK
2019-06-24 09:06:46.545 25569 INFO rally.task.runner [-] Task 87c3fd00-85dd-452e-924e-85f0efa787a5 | ITER: 26 END: OK
2019-06-24 09:06:47.015 25538 INFO rally.task.runner [-] Task 87c3fd00-85dd-452e-924e-85f0efa787a5 | ITER: 29 END: OK
2019-06-24 09:06:47.050 25562 INFO rally.task.runner [-] Task 87c3fd00-85dd-452e-924e-85f0efa787a5 | ITER: 24 END: OK
2019-06-24 09:06:47.376 25578 INFO rally.task.runner [-] Task 87c3fd00-85dd-452e-924e-85f0efa787a5 | ITER: 33 END: OK
2019-06-24 09:06:47.387 25577 INFO rally.task.runner [-] Task 87c3fd00-85dd-452e-924e-85f0efa787a5 | ITER: 32 END: OK
2019-06-24 09:06:47.409 25539 INFO rally.task.runner [-] Task 87c3fd00-85dd-452e-924e-85f0efa787a5 | ITER: 38 END: OK
2019-06-24 09:06:47.505 25538 INFO rally.task.runner [-] Task 87c3fd00-85dd-452e-924e-85f0efa787a5 | ITER: 28 END: OK
2019-06-24 09:06:47.612 25537 INFO rally.task.runner [-] Task 87c3fd00-85dd-452e-924e-85f0efa787a5 | ITER: 27 END: OK
2019-06-24 09:06:47.853 25541 INFO rally.task.runner [-] Task 87c3fd00-85dd-452e-924e-85f0efa787a5 | ITER: 35 END: OK
2019-06-24 09:06:47.892 25546 INFO rally.task.runner [-] Task 87c3fd00-85dd-452e-924e-85f0efa787a5 | ITER: 23 END: OK
2019-06-24 09:06:48.006 25583 INFO rally.task.runner [-] Task 87c3fd00-85dd-452e-924e-85f0efa787a5 | ITER: 39 END: OK
2019-06-24 09:06:48.019 25550 INFO rally.task.runner [-] Task 87c3fd00-85dd-452e-924e-85f0efa787a5 | ITER: 31 END: OK
2019-06-24 09:06:48.532 25554 INFO rally.task.runner [-] Task 87c3fd00-85dd-452e-924e-85f0efa787a5 | ITER: 36 END: OK
2019-06-24 09:06:48.895 25536 INFO rally.task.runner [-] Task 87c3fd00-85dd-452e-924e-85f0efa787a5 | ITER: 37 END: OK
2019-06-24 09:06:49.840 25537 INFO rally.task.runner [-] Task 87c3fd00-85dd-452e-924e-85f0efa787a5 | ITER: 40 END: OK
2019-06-24 09:06:49.871 21660 INFO rally.task.context [-] Task 87c3fd00-85dd-452e-924e-85f0efa787a5 | Context cleanup@openstack cleanup() started
2019-06-24 09:06:49.874 21660 RALLYDEBUG rally_openstack.cleanup.manager [-] Cleaning up neutron vip objects
2019-06-24 09:06:50.281 21660 RALLYDEBUG rally_openstack.cleanup.manager [-] Cleaning up neutron health_monitor objects
2019-06-24 09:06:50.671 21660 RALLYDEBUG rally_openstack.cleanup.manager [-] Cleaning up neutron pool objects
2019-06-24 09:06:51.059 21660 RALLYDEBUG rally_openstack.cleanup.manager [-] Cleaning up neutron loadbalancer objects
2019-06-24 09:06:51.450 21660 RALLYDEBUG rally_openstack.cleanup.manager [-] Cleaning up neutron floatingip objects
2019-06-24 09:06:51.881 21660 RALLYDEBUG rally_openstack.cleanup.manager [-] Cleaning up neutron port objects
2019-06-24 09:06:52.735 21660 RALLYDEBUG rally_openstack.cleanup.manager [-] Deleting neutron.port object s_rally_b274d9e9_Qww58FgH (02317fcc-4b94-4eb2-8ed3-f853212bf83e)
2019-06-24 09:06:52.736 21660 RALLYDEBUG rally_openstack.cleanup.manager [-] Deleting neutron.port object s_rally_b274d9e9_NlA2TPif (002776fa-6b72-4f09-bfa8-9ede55270c94)
2019-06-24 09:06:52.741 21660 RALLYDEBUG rally_openstack.cleanup.manager [-] Deleting neutron.port object s_rally_b274d9e9_0dwNf3Ic (04165fda-58f6-42a1-bcac-b694f8646cb3)
2019-06-24 09:06:52.741 21660 RALLYDEBUG rally_openstack.cleanup.manager [-] Deleting neutron.port object s_rally_b274d9e9_HV0kPv1f (156a9329-df94-4f6c-a6cc-93069b635619)
2019-06-24 09:06:52.749 21660 RALLYDEBUG rally_openstack.cleanup.manager [-] Deleting neutron.port object s_rally_b274d9e9_2bKk8DuS (0702bca2-6cbc-41a0-acfb-69650b810c2a)
2019-06-24 09:06:52.752 21660 RALLYDEBUG rally_openstack.cleanup.manager [-] Deleting neutron.port object s_rally_b274d9e9_M3AT2xc5 (10cf9cf6-eb7d-4c2a-a664-82aa4e80dab4)
2019-06-24 09:06:52.754 21660 RALLYDEBUG rally_openstack.cleanup.manager [-] Deleting neutron.port object s_rally_b274d9e9_ofo410Ic (0a45b165-9a05-4529-ab39-f30fa062277c)
2019-06-24 09:06:52.760 21660 RALLYDEBUG rally_openstack.cleanup.manager [-] Deleting neutron.port object s_rally_b274d9e9_xDkOjKnR (11eab19b-21d2-44f8-9246-14b14f7be8f3)
2019-06-24 09:06:52.761 21660 RALLYDEBUG rally_openstack.cleanup.manager [-] Deleting neutron.port object s_rally_b274d9e9_dbNWpCgf (14e39e59-c52f-4bc1-a347-cfd58af14b95)
2019-06-24 09:06:52.764 21660 RALLYDEBUG rally_openstack.cleanup.manager [-] Deleting neutron.port object s_rally_b274d9e9_wRbQqIRK (0e054440-b492-4ddd-9867-53d793f9557a)
2019-06-24 09:06:52.764 21660 RALLYDEBUG rally_openstack.cleanup.manager [-] Deleting neutron.port object s_rally_b274d9e9_Yauap3qC (0a7510ef-564f-44c0-a681-e47d5b775754)
2019-06-24 09:06:52.768 21660 RALLYDEBUG rally_openstack.cleanup.manager [-] Deleting neutron.port object s_rally_b274d9e9_IVrTqV2L (14063673-0ca6-408b-b1a3-55dc56aaadd6)
2019-06-24 09:06:52.769 21660 RALLYDEBUG rally_openstack.cleanup.manager [-] Deleting neutron.port object s_rally_b274d9e9_Nb2yB7pU (06d6c61c-1e6e-4ddd-a11c-371a558f8c3f)
2019-06-24 09:06:52.774 21660 RALLYDEBUG rally_openstack.cleanup.manager [-] Deleting neutron.port object s_rally_b274d9e9_wNTpAK8l (1022a5b1-0005-4926-bcf0-7a93a68a5a38)
2019-06-24 09:06:52.776 21660 RALLYDEBUG rally_openstack.cleanup.manager [-] Deleting neutron.port object s_rally_b274d9e9_NbXLEPUV (10c103d1-b0a3-409a-b3ed-a5de624065c1)
2019-06-24 09:06:52.781 21660 RALLYDEBUG rally_openstack.cleanup.manager [-] Deleting neutron.port object s_rally_b274d9e9_MqYf5xOq (10109306-196d-401d-a2e5-c54c1f3083ff)
2019-06-24 09:06:52.794 21660 RALLYDEBUG rally_openstack.cleanup.manager [-] Deleting neutron.port object s_rally_b274d9e9_DB4UhDMi (09df0c13-4f3f-444c-b492-5d96917a27d8)
2019-06-24 09:06:52.811 21660 RALLYDEBUG rally_openstack.cleanup.manager [-] Deleting neutron.port object s_rally_b274d9e9_T9TGdLAR (0f609cc3-781b-46b6-bfbb-07ea919de5ec)
2019-06-24 09:06:52.826 21660 RALLYDEBUG rally_openstack.cleanup.manager [-] Deleting neutron.port object s_rally_b274d9e9_AlaPnxax (0f9047f6-e0af-4157-b546-5a9996fe574d)
2019-06-24 09:06:52.825 21660 RALLYDEBUG rally_openstack.cleanup.manager [-] Deleting neutron.port object s_rally_b274d9e9_2NAkHrG0 (1076273f-b165-477e-922e-5bc9e1fc2ddb)
2019-06-24 09:06:55.012 21660 RALLYDEBUG rally_openstack.cleanup.manager [-] Deleting neutron.port object s_rally_b274d9e9_gigswLwh (160f7bdc-d838-4cef-83cc-38b1c2667530)
2019-06-24 09:06:55.147 21660 RALLYDEBUG rally_openstack.cleanup.manager [-] Deleting neutron.port object s_rally_b274d9e9_Ye3d03KQ (161acb75-bbab-4578-8d4c-245526934672)
2019-06-24 09:06:55.188 21660 RALLYDEBUG rally_openstack.cleanup.manager [-] Deleting neutron.port object s_rally_b274d9e9_noeDi9So (178b4bd6-a195-4d2b-bd76-3b5ef81dc834)
2019-06-24 09:06:55.250 21660 RALLYDEBUG rally_openstack.cleanup.manager [-] Deleting neutron.port object s_rally_b274d9e9_NbEWcwz6 (1821e4ee-ed3c-4c28-8d8d-02b6ac75a7a4)
2019-06-24 09:06:55.268 21660 RALLYDEBUG rally_openstack.cleanup.manager [-] Deleting neutron.port object s_rally_b274d9e9_73B9AMVU (18aba353-8e96-493d-8e39-2de59d561793)
2019-06-24 09:06:55.296 21660 RALLYDEBUG rally_openstack.cleanup.manager [-] Deleting neutron.port object s_rally_b274d9e9_TRnuvquk (19897bb4-bc74-444c-81e6-105d51c371b2)
2019-06-24 09:06:55.307 21660 RALLYDEBUG rally_openstack.cleanup.manager [-] Deleting neutron.port object s_rally_b274d9e9_khWGAGoe (1d9473ab-6b44-4336-99bb-4ccb34bb70fa)
2019-06-24 09:06:55.370 21660 RALLYDEBUG rally_openstack.cleanup.manager [-] Deleting neutron.port object s_rally_b274d9e9_y1ejYLaD (1dbb6394-f64b-4690-97da-d534c52bbf4e)
2019-06-24 09:06:55.370 21660 RALLYDEBUG rally_openstack.cleanup.manager [-] Deleting neutron.port object s_rally_b274d9e9_klN7aJU1 (201248da-59fc-4720-9905-8f38312f9fc1)
2019-06-24 09:06:55.503 21660 RALLYDEBUG rally_openstack.cleanup.manager [-] Deleting neutron.port object s_rally_b274d9e9_tpuAQ3Pd (202d6129-9f7a-4d42-92f6-c46a13278aa8)
2019-06-24 09:06:55.524 21660 RALLYDEBUG rally_openstack.cleanup.manager [-] Deleting neutron.port object s_rally_b274d9e9_YhTiRKA7 (20752c47-5f42-4199-8750-6eaae30b5935)
2019-06-24 09:06:55.539 21660 RALLYDEBUG rally_openstack.cleanup.manager [-] Deleting neutron.port object s_rally_b274d9e9_pxF72miR (257b6fc4-bdf5-4a26-a02c-3a73b1c154b5)
2019-06-24 09:06:55.627 21660 RALLYDEBUG rally_openstack.cleanup.manager [-] Deleting neutron.port object s_rally_b274d9e9_h6jk60YQ (2679490e-d6d3-458f-9932-90e54d4c5805)
2019-06-24 09:06:55.673 21660 RALLYDEBUG rally_openstack.cleanup.manager [-] Deleting neutron.port object s_rally_b274d9e9_kMgh91ml (29f0cea0-17d4-4a3a-b258-d5135264c42d)
2019-06-24 09:06:55.701 21660 RALLYDEBUG rally_openstack.cleanup.manager [-] Deleting neutron.port object s_rally_b274d9e9_T6XK0lLK (2c87515a-d515-4ea3-9056-e69ec09f5dca)
2019-06-24 09:06:55.701 21660 RALLYDEBUG rally_openstack.cleanup.manager [-] Deleting neutron.port object s_rally_b274d9e9_kz55PTzS (2b09dc14-96ff-47b2-bac8-dcfa68eedc05)
2019-06-24 09:06:55.749 21660 RALLYDEBUG rally_openstack.cleanup.manager [-] Deleting neutron.port object s_rally_b274d9e9_KesGSE08 (2c9de720-1516-4666-9667-e05b05915edb)
2019-06-24 09:06:55.753 21660 RALLYDEBUG rally_openstack.cleanup.manager [-] Deleting neutron.port object s_rally_b274d9e9_LUhHfzoo (2eaa00d9-49f8-4170-a608-6f8d9a46f8b3)
2019-06-24 09:06:55.762 21660 RALLYDEBUG rally_openstack.cleanup.manager [-] Deleting neutron.port object s_rally_b274d9e9_Ly8CsxTC (2ef2da66-8cd2-4c5e-8b56-aa9e6859238c)
2019-06-24 09:06:55.882 21660 RALLYDEBUG rally_openstack.cleanup.manager [-] Deleting neutron.port object s_rally_b274d9e9_Wz5DPpRY (30ff8d0b-991f-4a17-8f9c-396ccc587012)
2019-06-24 09:06:56.868 21660 RALLYDEBUG rally_openstack.cleanup.manager [-] Deleting neutron.port object s_rally_b274d9e9_WZbEwJth (357ab40c-1778-4d69-84de-a6a8a5824ad5)
2019-06-24 09:06:57.236 21660 RALLYDEBUG rally_openstack.cleanup.manager [-] Deleting neutron.port object s_rally_b274d9e9_RxGRZuF2 (36332b29-922a-4d7b-9c1d-badff4d3e5e0)
2019-06-24 09:06:57.324 21660 RALLYDEBUG rally_openstack.cleanup.manager [-] Deleting neutron.port object s_rally_b274d9e9_m2XkBZrC (38564a08-49fa-4e72-b13f-e4308aa461dc)
2019-06-24 09:06:57.382 21660 RALLYDEBUG rally_openstack.cleanup.manager [-] Deleting neutron.port object s_rally_b274d9e9_uxkquFlt (399d39b2-1944-4dd5-8d74-b3768ab2b713)
2019-06-24 09:06:57.413 21660 RALLYDEBUG rally_openstack.cleanup.manager [-] Deleting neutron.port object s_rally_b274d9e9_wFCbl5L1 (3b9a0d3f-baac-4143-b696-15e107a08450)
2019-06-24 09:06:57.457 21660 RALLYDEBUG rally_openstack.cleanup.manager [-] Deleting neutron.port object s_rally_b274d9e9_8GxTFBhR (3c3fbeb9-795b-485d-8f2d-d445145d742d)
2019-06-24 09:06:57.457 21660 RALLYDEBUG rally_openstack.cleanup.manager [-] Deleting neutron.port object s_rally_b274d9e9_dDUPTRPu (3c904347-0b86-48a3-93f2-e2b572e8bcde)
2019-06-24 09:06:57.600 21660 RALLYDEBUG rally_openstack.cleanup.manager [-] Deleting neutron.port object s_rally_b274d9e9_uIEwHiif (3ca21196-a3aa-4596-9a0c-16252d856eed)
2019-06-24 09:06:57.600 21660 RALLYDEBUG rally_openstack.cleanup.manager [-] Deleting neutron.port object s_rally_b274d9e9_Lkvo0fgN (3ceb6e12-99c0-4f1c-bf21-a204d43af8c7)
2019-06-24 09:06:57.889 21660 RALLYDEBUG rally_openstack.cleanup.manager [-] Deleting neutron.port object s_rally_b274d9e9_tjkcT5C2 (3debe786-a75f-454d-864c-cc1431e346ff)
2019-06-24 09:06:57.969 21660 RALLYDEBUG rally_openstack.cleanup.manager [-] Deleting neutron.port object s_rally_b274d9e9_JDBK71Vo (3fd57293-d4be-44e1-8dce-2ec114ad3b9b)
2019-06-24 09:06:57.983 21660 RALLYDEBUG rally_openstack.cleanup.manager [-] Deleting neutron.port object s_rally_b274d9e9_kFRCH4CV (432febbb-126d-42e6-86b3-4e6eb9a24cfd)
2019-06-24 09:06:58.014 21660 RALLYDEBUG rally_openstack.cleanup.manager [-] Deleting neutron.port object s_rally_b274d9e9_Eh96HNYN (4424aff2-689d-41c0-ab5f-3b166cfb2bd9)
2019-06-24 09:06:58.031 21660 RALLYDEBUG rally_openstack.cleanup.manager [-] Deleting neutron.port object s_rally_b274d9e9_P17rcLA8 (449c4f5d-f932-45b7-a3c7-33b32ae8abbf)
2019-06-24 09:06:58.075 21660 RALLYDEBUG rally_openstack.cleanup.manager [-] Deleting neutron.port object s_rally_b274d9e9_4T5X42V4 (46dd0904-9f5a-4fc3-bc3f-75d42c782864)
2019-06-24 09:06:58.141 21660 RALLYDEBUG rally_openstack.cleanup.manager [-] Deleting neutron.port object s_rally_b274d9e9_1jv1X1zi (4b2b11c0-fbd1-443b-9fdb-7a0c0d0e34b2)
2019-06-24 09:06:58.304 21660 RALLYDEBUG rally_openstack.cleanup.manager [-] Deleting neutron.port object s_rally_b274d9e9_JrYLWy2E (4b3cade7-f86b-4ca9-85ef-0277e58a0040)
2019-06-24 09:06:58.426 21660 RALLYDEBUG rally_openstack.cleanup.manager [-] Deleting neutron.port object s_rally_b274d9e9_zDZOhWkh (4c0a3399-1cdf-409b-b39b-cd4fdc2da4a6)
2019-06-24 09:06:58.504 21660 RALLYDEBUG rally_openstack.cleanup.manager [-] Deleting neutron.port object s_rally_b274d9e9_AYBdqzYT (4cdca8b5-32bf-446a-9b9f-d74c44055899)
2019-06-24 09:06:58.513 21660 RALLYDEBUG rally_openstack.cleanup.manager [-] Deleting neutron.port object s_rally_b274d9e9_E7zYLY8X (4d24afa4-69ce-4ddf-a1ab-bb4ae0e7810c)
2019-06-24 09:06:58.651 21660 RALLYDEBUG rally_openstack.cleanup.manager [-] Deleting neutron.port object s_rally_b274d9e9_KGqOqLMI (4d698e72-2d04-4eb1-9d6c-71e9aecbc9d7)
2019-06-24 09:06:59.042 21660 RALLYDEBUG rally_openstack.cleanup.manager [-] Deleting neutron.port object s_rally_b274d9e9_teD4ONWG (4e89fb45-e97d-4dc6-ab67-ca147de1bbd5)
2019-06-24 09:06:59.471 21660 RALLYDEBUG rally_openstack.cleanup.manager [-] Deleting neutron.port object s_rally_b274d9e9_cM4vJ9sa (4f76e6d4-2a13-4dbc-b912-c31a5be8dc09)
2019-06-24 09:06:59.538 21660 RALLYDEBUG rally_openstack.cleanup.manager [-] Deleting neutron.port object s_rally_b274d9e9_szDAg3KH (51511f47-b012-48cb-ba2d-5f4b578d98c3)
2019-06-24 09:06:59.599 21660 RALLYDEBUG rally_openstack.cleanup.manager [-] Deleting neutron.port object s_rally_b274d9e9_pUlYuVFS (5258b514-7971-4f2f-85c0-a1cc0d906cdc)
2019-06-24 09:06:59.645 21660 RALLYDEBUG rally_openstack.cleanup.manager [-] Deleting neutron.port object s_rally_b274d9e9_fKFx8rJt (5417f08b-cb28-401e-9743-47e7a3251218)
2019-06-24 09:06:59.713 21660 RALLYDEBUG rally_openstack.cleanup.manager [-] Deleting neutron.port object s_rally_b274d9e9_hKVxqF4x (5769bb66-df79-4e1a-a050-5d94b686121a)
