2019-06-24 07:20:32.572 8 RALLYDEBUG rally.api [-] INFO logs from urllib3 and requests module are hide.
2019-06-24 07:20:32.572 8 RALLYDEBUG rally.api [-] urllib3 insecure warnings are hidden.
2019-06-24 07:20:32.572 8 RALLYDEBUG rally.api [-] ERROR log from boto module is hide.
2019-06-24 07:20:34.234 8 ERROR rally.cli.cliutils [-] Unexpected exception in CLI: DBRecordNotFound: Record for uuid or name is opnfv-rally not found in table envs
2019-06-24 07:20:34.234 8 ERROR rally.cli.cliutils
Traceback (most recent call last):
2019-06-24 07:20:34.234 8 ERROR rally.cli.cliutils
File "/usr/lib/python2.7/site-packages/rally/cli/cliutils.py", line 674, in run
2019-06-24 07:20:34.234 8 ERROR rally.cli.cliutils ret = fn(*fn_args, **fn_kwargs)
2019-06-24 07:20:34.234 8 ERROR rally.cli.cliutils File "", line 2, in destroy
2019-06-24 07:20:34.234 8 ERROR rally.cli.cliutils
File "/usr/lib/python2.7/site-packages/rally/cli/envutils.py", line 69, in default_from_global
2019-06-24 07:20:34.234 8 ERROR rally.cli.cliutils return f(*args, **kwargs)
2019-06-24 07:20:34.234 8 ERROR rally.cli.cliutils File "", line 2, in destroy
2019-06-24 07:20:34.234 8 ERROR rally.cli.cliutils
File "/usr/lib/python2.7/site-packages/rally/plugins/__init__.py", line 51, in ensure_plugins_are_loaded
2019-06-24 07:20:34.234 8 ERROR rally.cli.cliutils return f(*args, **kwargs)
2019-06-24 07:20:34.234 8 ERROR rally.cli.cliutils
File "/usr/lib/python2.7/site-packages/rally/cli/commands/deployment.py", line 140, in destroy
2019-06-24 07:20:34.234 8 ERROR rally.cli.cliutils api.deployment.destroy(deployment=deployment)
2019-06-24 07:20:34.234 8 ERROR rally.cli.cliutils
File "/usr/lib/python2.7/site-packages/rally/api.py", line 115, in destroy
2019-06-24 07:20:34.234 8 ERROR rally.cli.cliutils deploy = objects.Deployment.get(deployment)
2019-06-24 07:20:34.234 8 ERROR rally.cli.cliutils
File "/usr/lib/python2.7/site-packages/rally/common/objects/deploy.py", line 124, in get
2019-06-24 07:20:34.234 8 ERROR rally.cli.cliutils return Deployment(env_mgr.EnvManager.get(deploy))
2019-06-24 07:20:34.234 8 ERROR rally.cli.cliutils
File "/usr/lib/python2.7/site-packages/rally/env/env_mgr.py", line 212, in get
2019-06-24 07:20:34.234 8 ERROR rally.cli.cliutils return cls(db.env_get(uuid_or_name))
2019-06-24 07:20:34.234 8 ERROR rally.cli.cliutils
File "/usr/lib/python2.7/site-packages/rally/common/db/api.py", line 135, in wrapper
2019-06-24 07:20:34.234 8 ERROR rally.cli.cliutils result = f(session, *args, **kwargs)
2019-06-24 07:20:34.234 8 ERROR rally.cli.cliutils
File "/usr/lib/python2.7/site-packages/rally/common/db/api.py", line 521, in env_get
2019-06-24 07:20:34.234 8 ERROR rally.cli.cliutils criteria="uuid or name is %s" % uuid_or_name, table="envs")
2019-06-24 07:20:34.234 8 ERROR rally.cli.cliutils DBRecordNotFound: Record for uuid or name is opnfv-rally not found in table envs
2019-06-24 07:20:34.234 8 ERROR rally.cli.cliutils
2019-06-24 07:20:34.974 10 RALLYDEBUG rally.api [-] INFO logs from urllib3 and requests module are hide.
2019-06-24 07:20:34.974 10 RALLYDEBUG rally.api [-] urllib3 insecure warnings are hidden.
2019-06-24 07:20:34.975 10 RALLYDEBUG rally.api [-] ERROR log from boto module is hide.
2019-06-24 07:20:36.721 10 WARNING rally_openstack.platforms.existing [-] endpoint is deprecated and not used.
2019-06-24 07:20:37.907 12 RALLYDEBUG rally.api [-] INFO logs from urllib3 and requests module are hide.
2019-06-24 07:20:37.908 12 RALLYDEBUG rally.api [-] urllib3 insecure warnings are hidden.
2019-06-24 07:20:37.908 12 RALLYDEBUG rally.api [-] ERROR log from boto module is hide.
2019-06-24 07:20:41.113 15 RALLYDEBUG rally.api [-] INFO logs from urllib3 and requests module are hide.
2019-06-24 07:20:41.113 15 RALLYDEBUG rally.api [-] urllib3 insecure warnings are hidden.
2019-06-24 07:20:41.113 15 RALLYDEBUG rally.api [-] ERROR log from boto module is hide.
2019-06-24 07:20:42.342 17 RALLYDEBUG rally.api [-] INFO logs from urllib3 and requests module are hide.
2019-06-24 07:20:42.343 17 RALLYDEBUG rally.api [-] urllib3 insecure warnings are hidden.
2019-06-24 07:20:42.343 17 RALLYDEBUG rally.api [-] ERROR log from boto module is hide.
2019-06-24 07:20:43.930 17 INFO rally.task.engine [-] Task 703d9fa3-a799-42ee-8c3b-6d375027f02c | Starting: Task validation.
2019-06-24 07:20:43.987 17 INFO rally.task.engine [-] Task 703d9fa3-a799-42ee-8c3b-6d375027f02c | Starting: Task validation of syntax.
2019-06-24 07:20:44.066 17 INFO rally.task.engine [-] Task 703d9fa3-a799-42ee-8c3b-6d375027f02c | Completed: Task validation of syntax.
2019-06-24 07:20:44.066 17 INFO rally.task.engine [-] Task 703d9fa3-a799-42ee-8c3b-6d375027f02c | Starting: Task validation of required platforms.
2019-06-24 07:20:44.104 17 INFO rally.task.engine [-] Task 703d9fa3-a799-42ee-8c3b-6d375027f02c | Completed: Task validation of required platforms.
2019-06-24 07:20:44.105 17 INFO rally.task.engine [-] Task 703d9fa3-a799-42ee-8c3b-6d375027f02c | Starting: Task validation of semantic.
2019-06-24 07:20:44.105 17 INFO rally.task.engine [-] Check health of the environment 'c31a823f-633c-40f6-a8ce-7aa499792022'.
2019-06-24 07:20:44.780 17 INFO rally.task.engine [-] Platform existing@openstack (available: True): OK!
2019-06-24 07:20:44.796 17 RALLYDEBUG rally_openstack.contexts.keystone.users [-] Creating 1 tenants using 20 threads
2019-06-24 07:20:45.708 17 RALLYDEBUG rally_openstack.contexts.keystone.users [-] Creating 1 users using 20 threads
2019-06-24 07:20:47.062 17 INFO rally.task.context [-] Task 703d9fa3-a799-42ee-8c3b-6d375027f02c | Context users@openstack setup() finished in 2.27 sec
2019-06-24 07:20:47.120 17 INFO rally.task.context [-] Task 703d9fa3-a799-42ee-8c3b-6d375027f02c | Context users@openstack cleanup() started
2019-06-24 07:20:50.187 17 INFO rally.task.context [-] Task 703d9fa3-a799-42ee-8c3b-6d375027f02c | Context users@openstack cleanup() finished in 3.07 sec
2019-06-24 07:20:50.188 17 INFO rally.task.engine [-] Task 703d9fa3-a799-42ee-8c3b-6d375027f02c | Completed: Task validation of semantic.
2019-06-24 07:20:50.188 17 INFO rally.task.engine [-] Task 703d9fa3-a799-42ee-8c3b-6d375027f02c | Completed: Task validation.
2019-06-24 07:20:50.189 17 INFO rally.api [-] Task 703d9fa3-a799-42ee-8c3b-6d375027f02c input file is valid.
2019-06-24 07:20:50.189 17 INFO rally.api [-] Run Task 703d9fa3-a799-42ee-8c3b-6d375027f02c against Deployment c31a823f-633c-40f6-a8ce-7aa499792022
2019-06-24 07:20:50.189 17 INFO rally.task.engine [-] Task 703d9fa3-a799-42ee-8c3b-6d375027f02c | Starting: Running task.
2019-06-24 07:20:50.408 17 INFO rally.task.engine [-] Running workload: position = 0 config = { "version": 2, "title": "A cropped version of a bigger task.", "description": "Auto-generated task from a single workload (uuid=b06eaa3a-c98a-4c0e-b8f8-d4425acd2f26)", "subtasks": [ { "title": "Authenticate.keystone", "description": "Check Keystone Client.", "scenario": { "Authenticate.keystone": {} }, "contexts": { "users": { "tenants": 3, "users_per_tenant": 2 } }, "runner": { "constant": { "concurrency": 4, "times": 10 } }, "hooks": [], "sla": { "failure_rate": { "max": 0 } } } ] }
2019-06-24 07:20:50.432 17 RALLYDEBUG rally_openstack.contexts.keystone.users [-] Creating 3 tenants using 20 threads
2019-06-24 07:20:51.401 17 RALLYDEBUG rally_openstack.contexts.keystone.users [-] Creating 6 users using 20 threads
2019-06-24 07:20:53.140 17 INFO rally.task.context [-] Task 703d9fa3-a799-42ee-8c3b-6d375027f02c | Context users@openstack setup() finished in 2.71 sec
2019-06-24 07:20:53.149 17 RALLYDEBUG rally.task.runner [-] Starting the constant runner (task UUID: 703d9fa3-a799-42ee-8c3b-6d375027f02c). timeout: 0 concurrency: 4 concurrency_per_worker: 1 times: 10 concurrency_overhead: 0 processes_to_start: 4 max_cpu_used: 16
2019-06-24 07:20:53.164 141 RALLYDEBUG rally.task.runner [-] Starting a worker. concurrency: 1 args: {} times: 10 method_name: run timeout: 0 duration: None cls:
2019-06-24 07:20:53.167 142 RALLYDEBUG rally.task.runner [-] Starting a worker. concurrency: 1 args: {} times: 10 method_name: run timeout: 0 duration: None cls:
2019-06-24 07:20:53.170 143 RALLYDEBUG rally.task.runner [-] Starting a worker. concurrency: 1 args: {} times: 10 method_name: run timeout: 0 duration: None cls:
2019-06-24 07:20:53.171 141 INFO rally.task.runner [-] Task 703d9fa3-a799-42ee-8c3b-6d375027f02c | ITER: 1 START
2019-06-24 07:20:53.173 144 RALLYDEBUG rally.task.runner [-] Starting a worker. concurrency: 1 args: {} times: 10 method_name: run timeout: 0 duration: None cls:
2019-06-24 07:20:53.174 142 INFO rally.task.runner [-] Task 703d9fa3-a799-42ee-8c3b-6d375027f02c | ITER: 2 START
2019-06-24 07:20:53.177 143 INFO rally.task.runner [-] Task 703d9fa3-a799-42ee-8c3b-6d375027f02c | ITER: 3 START
2019-06-24 07:20:53.179 144 INFO rally.task.runner [-] Task 703d9fa3-a799-42ee-8c3b-6d375027f02c | ITER: 4 START
2019-06-24 07:20:53.597 143 INFO rally.task.runner [-] Task 703d9fa3-a799-42ee-8c3b-6d375027f02c | ITER: 3 END: OK
2019-06-24 07:20:53.599 141 INFO rally.task.runner [-] Task 703d9fa3-a799-42ee-8c3b-6d375027f02c | ITER: 1 END: OK
2019-06-24 07:20:53.602 144 INFO rally.task.runner [-] Task 703d9fa3-a799-42ee-8c3b-6d375027f02c | ITER: 4 END: OK
2019-06-24 07:20:53.603 142 INFO rally.task.runner [-] Task 703d9fa3-a799-42ee-8c3b-6d375027f02c | ITER: 2 END: OK
2019-06-24 07:20:53.604 141 INFO rally.task.runner [-] Task 703d9fa3-a799-42ee-8c3b-6d375027f02c | ITER: 6 START
2019-06-24 07:20:53.605 143 INFO rally.task.runner [-] Task 703d9fa3-a799-42ee-8c3b-6d375027f02c | ITER: 5 START
2019-06-24 07:20:53.607 144 INFO rally.task.runner [-] Task 703d9fa3-a799-42ee-8c3b-6d375027f02c | ITER: 7 START
2019-06-24 07:20:53.608 142 INFO rally.task.runner [-] Task 703d9fa3-a799-42ee-8c3b-6d375027f02c | ITER: 8 START
2019-06-24 07:20:53.937 142 INFO rally.task.runner [-] Task 703d9fa3-a799-42ee-8c3b-6d375027f02c | ITER: 8 END: OK
2019-06-24 07:20:53.941 142 INFO rally.task.runner [-] Task 703d9fa3-a799-42ee-8c3b-6d375027f02c | ITER: 9 START
2019-06-24 07:20:53.956 144 INFO rally.task.runner [-] Task 703d9fa3-a799-42ee-8c3b-6d375027f02c | ITER: 7 END: OK
2019-06-24 07:20:53.960 144 INFO rally.task.runner [-] Task 703d9fa3-a799-42ee-8c3b-6d375027f02c | ITER: 10 START
2019-06-24 07:20:54.034 143 INFO rally.task.runner [-] Task 703d9fa3-a799-42ee-8c3b-6d375027f02c | ITER: 5 END: OK
2019-06-24 07:20:54.037 141 INFO rally.task.runner [-] Task 703d9fa3-a799-42ee-8c3b-6d375027f02c | ITER: 6 END: OK
2019-06-24 07:20:54.278 142 INFO rally.task.runner [-] Task 703d9fa3-a799-42ee-8c3b-6d375027f02c | ITER: 9 END: OK
2019-06-24 07:20:54.386 144 INFO rally.task.runner [-] Task 703d9fa3-a799-42ee-8c3b-6d375027f02c | ITER: 10 END: OK
2019-06-24 07:20:54.409 17 INFO rally.task.context [-] Task 703d9fa3-a799-42ee-8c3b-6d375027f02c | Context users@openstack cleanup() started
2019-06-24 07:20:59.164 17 INFO rally.task.context [-] Task 703d9fa3-a799-42ee-8c3b-6d375027f02c | Context users@openstack cleanup() finished in 4.75 sec
2019-06-24 07:21:00.482 17 INFO rally.task.engine [-] Load duration is: 1.213893
2019-06-24 07:21:00.483 17 INFO rally.task.engine [-] Full runner duration is: 1.260827
2019-06-24 07:21:00.483 17 INFO rally.task.engine [-] Full duration is: 8.735787
2019-06-24 07:21:00.768 17 INFO rally.task.engine [-] Running workload: position = 0 config = { "version": 2, "title": "A cropped version of a bigger task.", "description": "Auto-generated task from a single workload (uuid=381d3d5b-7f41-46c0-98bc-c0b9d151c551)", "subtasks": [ { "title": "Authenticate.validate_cinder", "description": "Check Cinder Client to ensure validation of token.", "scenario": { "Authenticate.validate_cinder": { "repetitions": 2 } }, "contexts": { "users": { "tenants": 3, "users_per_tenant": 2 } }, "runner": { "constant": { "concurrency": 4, "times": 10 } }, "hooks": [], "sla": { "failure_rate": { "max": 0 } } } ] }
2019-06-24 07:21:00.794 17 RALLYDEBUG rally_openstack.contexts.keystone.users [-] Creating 3 tenants using 20 threads
2019-06-24 07:21:01.890 17 RALLYDEBUG rally_openstack.contexts.keystone.users [-] Creating 6 users using 20 threads
2019-06-24 07:21:03.623 17 INFO rally.task.context [-] Task 703d9fa3-a799-42ee-8c3b-6d375027f02c | Context users@openstack setup() finished in 2.83 sec
2019-06-24 07:21:03.632 17 RALLYDEBUG rally.task.runner [-] Starting the constant runner (task UUID: 703d9fa3-a799-42ee-8c3b-6d375027f02c). timeout: 0 concurrency: 4 concurrency_per_worker: 1 times: 10 concurrency_overhead: 0 processes_to_start: 4 max_cpu_used: 16
2019-06-24 07:21:03.646 245 RALLYDEBUG rally.task.runner [-] Starting a worker. concurrency: 1 args: {"repetitions": 2} times: 10 method_name: run timeout: 0 duration: None cls:
2019-06-24 07:21:03.649 246 RALLYDEBUG rally.task.runner [-] Starting a worker. concurrency: 1 args: {"repetitions": 2} times: 10 method_name: run timeout: 0 duration: None cls:
2019-06-24 07:21:03.652 247 RALLYDEBUG rally.task.runner [-] Starting a worker. concurrency: 1 args: {"repetitions": 2} times: 10 method_name: run timeout: 0 duration: None cls:
2019-06-24 07:21:03.654 245 INFO rally.task.runner [-] Task 703d9fa3-a799-42ee-8c3b-6d375027f02c | ITER: 1 START
2019-06-24 07:21:03.656 246 INFO rally.task.runner [-] Task 703d9fa3-a799-42ee-8c3b-6d375027f02c | ITER: 2 START
2019-06-24 07:21:03.656 248 RALLYDEBUG rally.task.runner [-] Starting a worker. concurrency: 1 args: {"repetitions": 2} times: 10 method_name: run timeout: 0 duration: None cls:
2019-06-24 07:21:03.659 247 INFO rally.task.runner [-] Task 703d9fa3-a799-42ee-8c3b-6d375027f02c | ITER: 3 START
2019-06-24 07:21:03.663 248 INFO rally.task.runner [-] Task 703d9fa3-a799-42ee-8c3b-6d375027f02c | ITER: 4 START
2019-06-24 07:21:04.291 245 INFO rally.task.runner [-] Task 703d9fa3-a799-42ee-8c3b-6d375027f02c | ITER: 1 END: OK
2019-06-24 07:21:04.296 245 INFO rally.task.runner [-] Task 703d9fa3-a799-42ee-8c3b-6d375027f02c | ITER: 5 START
2019-06-24 07:21:04.314 246 INFO rally.task.runner [-] Task 703d9fa3-a799-42ee-8c3b-6d375027f02c | ITER: 2 END: OK
2019-06-24 07:21:04.314 247 INFO rally.task.runner [-] Task 703d9fa3-a799-42ee-8c3b-6d375027f02c | ITER: 3 END: OK
2019-06-24 07:21:04.318 246 INFO rally.task.runner [-] Task 703d9fa3-a799-42ee-8c3b-6d375027f02c | ITER: 7 START
2019-06-24 07:21:04.319 247 INFO rally.task.runner [-] Task 703d9fa3-a799-42ee-8c3b-6d375027f02c | ITER: 6 START
2019-06-24 07:21:04.320 248 INFO rally.task.runner [-] Task 703d9fa3-a799-42ee-8c3b-6d375027f02c | ITER: 4 END: OK
2019-06-24 07:21:04.324 248 INFO rally.task.runner [-] Task 703d9fa3-a799-42ee-8c3b-6d375027f02c | ITER: 8 START
2019-06-24 07:21:04.729 245 INFO rally.task.runner [-] Task 703d9fa3-a799-42ee-8c3b-6d375027f02c | ITER: 5 END: OK
2019-06-24 07:21:04.733 245 INFO rally.task.runner [-] Task 703d9fa3-a799-42ee-8c3b-6d375027f02c | ITER: 9 START
2019-06-24 07:21:04.736 246 INFO rally.task.runner [-] Task 703d9fa3-a799-42ee-8c3b-6d375027f02c | ITER: 7 END: OK
2019-06-24 07:21:04.741 246 INFO rally.task.runner [-] Task 703d9fa3-a799-42ee-8c3b-6d375027f02c | ITER: 10 START
2019-06-24 07:21:04.742 248 INFO rally.task.runner [-] Task 703d9fa3-a799-42ee-8c3b-6d375027f02c | ITER: 8 END: OK
2019-06-24 07:21:04.847 247 INFO rally.task.runner [-] Task 703d9fa3-a799-42ee-8c3b-6d375027f02c | ITER: 6 END: OK
2019-06-24 07:21:05.149 245 INFO rally.task.runner [-] Task 703d9fa3-a799-42ee-8c3b-6d375027f02c | ITER: 9 END: OK
2019-06-24 07:21:05.254 246 INFO rally.task.runner [-] Task 703d9fa3-a799-42ee-8c3b-6d375027f02c | ITER: 10 END: OK
2019-06-24 07:21:05.276 17 INFO rally.task.context [-] Task 703d9fa3-a799-42ee-8c3b-6d375027f02c | Context users@openstack cleanup() started
2019-06-24 07:21:10.093 17 INFO rally.task.context [-] Task 703d9fa3-a799-42ee-8c3b-6d375027f02c | Context users@openstack cleanup() finished in 4.82 sec
2019-06-24 07:21:10.921 17 INFO rally.task.engine [-] Load duration is: 1.598738
2019-06-24 07:21:10.921 17 INFO rally.task.engine [-] Full runner duration is: 1.6442
2019-06-24 07:21:10.922 17 INFO rally.task.engine [-] Full duration is: 9.302265
2019-06-24 07:21:11.306 17 INFO rally.task.engine [-] Running workload: position = 0 config = { "version": 2, "title": "A cropped version of a bigger task.", "description": "Auto-generated task from a single workload (uuid=4882609c-353d-4bc3-ab10-dc2e1805f81b)", "subtasks": [ { "title": "Authenticate.validate_glance", "description": "Check Glance Client to ensure validation of token.", "scenario": { "Authenticate.validate_glance": { "repetitions": 2 } }, "contexts": { "users": { "tenants": 3, "users_per_tenant": 2 } }, "runner": { "constant": { "concurrency": 4, "times": 10 } }, "hooks": [], "sla": { "failure_rate": { "max": 0 } } } ] }
2019-06-24 07:21:11.332 17 RALLYDEBUG rally_openstack.contexts.keystone.users [-] Creating 3 tenants using 20 threads
2019-06-24 07:21:12.394 17 RALLYDEBUG rally_openstack.contexts.keystone.users [-] Creating 6 users using 20 threads
2019-06-24 07:21:14.211 17 INFO rally.task.context [-] Task 703d9fa3-a799-42ee-8c3b-6d375027f02c | Context users@openstack setup() finished in 2.88 sec
2019-06-24 07:21:14.219 17 RALLYDEBUG rally.task.runner [-] Starting the constant runner (task UUID: 703d9fa3-a799-42ee-8c3b-6d375027f02c). timeout: 0 concurrency: 4 concurrency_per_worker: 1 times: 10 concurrency_overhead: 0 processes_to_start: 4 max_cpu_used: 16
2019-06-24 07:21:14.234 349 RALLYDEBUG rally.task.runner [-] Starting a worker. concurrency: 1 args: {"repetitions": 2} times: 10 method_name: run timeout: 0 duration: None cls:
2019-06-24 07:21:14.237 350 RALLYDEBUG rally.task.runner [-] Starting a worker. concurrency: 1 args: {"repetitions": 2} times: 10 method_name: run timeout: 0 duration: None cls:
2019-06-24 07:21:14.239 351 RALLYDEBUG rally.task.runner [-] Starting a worker. concurrency: 1 args: {"repetitions": 2} times: 10 method_name: run timeout: 0 duration: None cls:
2019-06-24 07:21:14.241 349 INFO rally.task.runner [-] Task 703d9fa3-a799-42ee-8c3b-6d375027f02c | ITER: 1 START
2019-06-24 07:21:14.243 352 RALLYDEBUG rally.task.runner [-] Starting a worker. concurrency: 1 args: {"repetitions": 2} times: 10 method_name: run timeout: 0 duration: None cls:
2019-06-24 07:21:14.244 350 INFO rally.task.runner [-] Task 703d9fa3-a799-42ee-8c3b-6d375027f02c | ITER: 2 START
2019-06-24 07:21:14.246 351 INFO rally.task.runner [-] Task 703d9fa3-a799-42ee-8c3b-6d375027f02c | ITER: 3 START
2019-06-24 07:21:14.250 352 INFO rally.task.runner [-] Task 703d9fa3-a799-42ee-8c3b-6d375027f02c | ITER: 4 START
2019-06-24 07:21:14.932 349 INFO rally.task.runner [-] Task 703d9fa3-a799-42ee-8c3b-6d375027f02c | ITER: 1 END: OK
2019-06-24 07:21:14.937 349 INFO rally.task.runner [-] Task 703d9fa3-a799-42ee-8c3b-6d375027f02c | ITER: 5 START
2019-06-24 07:21:14.956 350 INFO rally.task.runner [-] Task 703d9fa3-a799-42ee-8c3b-6d375027f02c | ITER: 2 END: OK
2019-06-24 07:21:14.961 350 INFO rally.task.runner [-] Task 703d9fa3-a799-42ee-8c3b-6d375027f02c | ITER: 6 START
2019-06-24 07:21:14.996 352 INFO rally.task.runner [-] Task 703d9fa3-a799-42ee-8c3b-6d375027f02c | ITER: 4 END: OK
2019-06-24 07:21:15.000 352 INFO rally.task.runner [-] Task 703d9fa3-a799-42ee-8c3b-6d375027f02c | ITER: 7 START
2019-06-24 07:21:15.002 351 INFO rally.task.runner [-] Task 703d9fa3-a799-42ee-8c3b-6d375027f02c | ITER: 3 END: OK
2019-06-24 07:21:15.006 351 INFO rally.task.runner [-] Task 703d9fa3-a799-42ee-8c3b-6d375027f02c | ITER: 8 START
2019-06-24 07:21:15.456 349 INFO rally.task.runner [-] Task 703d9fa3-a799-42ee-8c3b-6d375027f02c | ITER: 5 END: OK
2019-06-24 07:21:15.461 349 INFO rally.task.runner [-] Task 703d9fa3-a799-42ee-8c3b-6d375027f02c | ITER: 9 START
2019-06-24 07:21:15.579 350 INFO rally.task.runner [-] Task 703d9fa3-a799-42ee-8c3b-6d375027f02c | ITER: 6 END: OK
2019-06-24 07:21:15.583 350 INFO rally.task.runner [-] Task 703d9fa3-a799-42ee-8c3b-6d375027f02c | ITER: 10 START
2019-06-24 07:21:15.650 351 INFO rally.task.runner [-] Task 703d9fa3-a799-42ee-8c3b-6d375027f02c | ITER: 8 END: OK
2019-06-24 07:21:15.672 352 INFO rally.task.runner [-] Task 703d9fa3-a799-42ee-8c3b-6d375027f02c | ITER: 7 END: OK
2019-06-24 07:21:15.949 349 INFO rally.task.runner [-] Task 703d9fa3-a799-42ee-8c3b-6d375027f02c | ITER: 9 END: OK
2019-06-24 07:21:16.150 350 INFO rally.task.runner [-] Task 703d9fa3-a799-42ee-8c3b-6d375027f02c | ITER: 10 END: OK
2019-06-24 07:21:16.182 17 INFO rally.task.context [-] Task 703d9fa3-a799-42ee-8c3b-6d375027f02c | Context users@openstack cleanup() started
2019-06-24 07:21:21.433 17 INFO rally.task.context [-] Task 703d9fa3-a799-42ee-8c3b-6d375027f02c | Context users@openstack cleanup() finished in 5.25 sec
2019-06-24 07:21:23.421 17 INFO rally.task.engine [-] Load duration is: 1.907188
2019-06-24 07:21:23.421 17 INFO rally.task.engine [-] Full runner duration is: 1.962425
2019-06-24 07:21:23.422 17 INFO rally.task.engine [-] Full duration is: 10.104988
2019-06-24 07:21:23.996 17 INFO rally.task.engine [-] Running workload: position = 0 config = { "version": 2, "title": "A cropped version of a bigger task.", "description": "Auto-generated task from a single workload (uuid=db5c03e7-372e-4242-85c4-0071e531171a)", "subtasks": [ { "title": "Authenticate.validate_heat", "description": "Check Heat Client to ensure validation of token.", "scenario": { "Authenticate.validate_heat": { "repetitions": 2 } }, "contexts": { "users": { "tenants": 3, "users_per_tenant": 2 } }, "runner": { "constant": { "concurrency": 4, "times": 10 } }, "hooks": [], "sla": { "failure_rate": { "max": 0 } } } ] }
2019-06-24 07:21:24.021 17 RALLYDEBUG rally_openstack.contexts.keystone.users [-] Creating 3 tenants using 20 threads
2019-06-24 07:21:25.020 17 RALLYDEBUG rally_openstack.contexts.keystone.users [-] Creating 6 users using 20 threads
2019-06-24 07:21:26.638 17 INFO rally.task.context [-] Task 703d9fa3-a799-42ee-8c3b-6d375027f02c | Context users@openstack setup() finished in 2.62 sec
2019-06-24 07:21:26.645 17 RALLYDEBUG rally.task.runner [-] Starting the constant runner (task UUID: 703d9fa3-a799-42ee-8c3b-6d375027f02c). timeout: 0 concurrency: 4 concurrency_per_worker: 1 times: 10 concurrency_overhead: 0 processes_to_start: 4 max_cpu_used: 16
2019-06-24 07:21:26.659 453 RALLYDEBUG rally.task.runner [-] Starting a worker. concurrency: 1 args: {"repetitions": 2} times: 10 method_name: run timeout: 0 duration: None cls:
2019-06-24 07:21:26.662 454 RALLYDEBUG rally.task.runner [-] Starting a worker. concurrency: 1 args: {"repetitions": 2} times: 10 method_name: run timeout: 0 duration: None cls:
2019-06-24 07:21:26.664 455 RALLYDEBUG rally.task.runner [-] Starting a worker. concurrency: 1 args: {"repetitions": 2} times: 10 method_name: run timeout: 0 duration: None cls:
2019-06-24 07:21:26.667 453 INFO rally.task.runner [-] Task 703d9fa3-a799-42ee-8c3b-6d375027f02c | ITER: 1 START
2019-06-24 07:21:26.667 456 RALLYDEBUG rally.task.runner [-] Starting a worker. concurrency: 1 args: {"repetitions": 2} times: 10 method_name: run timeout: 0 duration: None cls:
2019-06-24 07:21:26.669 454 INFO rally.task.runner [-] Task 703d9fa3-a799-42ee-8c3b-6d375027f02c | ITER: 2 START
2019-06-24 07:21:26.671 455 INFO rally.task.runner [-] Task 703d9fa3-a799-42ee-8c3b-6d375027f02c | ITER: 3 START
2019-06-24 07:21:26.674 456 INFO rally.task.runner [-] Task 703d9fa3-a799-42ee-8c3b-6d375027f02c | ITER: 4 START
2019-06-24 07:21:27.847 453 INFO rally.task.runner [-] Task 703d9fa3-a799-42ee-8c3b-6d375027f02c | ITER: 1 END: OK
2019-06-24 07:21:27.852 453 INFO rally.task.runner [-] Task 703d9fa3-a799-42ee-8c3b-6d375027f02c | ITER: 5 START
2019-06-24 07:21:28.005 455 INFO rally.task.runner [-] Task 703d9fa3-a799-42ee-8c3b-6d375027f02c | ITER: 3 END: OK
2019-06-24 07:21:28.010 455 INFO rally.task.runner [-] Task 703d9fa3-a799-42ee-8c3b-6d375027f02c | ITER: 6 START
2019-06-24 07:21:28.188 456 INFO rally.task.runner [-] Task 703d9fa3-a799-42ee-8c3b-6d375027f02c | ITER: 4 END: OK
2019-06-24 07:21:28.194 456 INFO rally.task.runner [-] Task 703d9fa3-a799-42ee-8c3b-6d375027f02c | ITER: 7 START
2019-06-24 07:21:28.210 454 INFO rally.task.runner [-] Task 703d9fa3-a799-42ee-8c3b-6d375027f02c | ITER: 2 END: OK
2019-06-24 07:21:28.215 454 INFO rally.task.runner [-] Task 703d9fa3-a799-42ee-8c3b-6d375027f02c | ITER: 8 START
2019-06-24 07:21:28.328 453 INFO rally.task.runner [-] Task 703d9fa3-a799-42ee-8c3b-6d375027f02c | ITER: 5 END: OK
2019-06-24 07:21:28.333 453 INFO rally.task.runner [-] Task 703d9fa3-a799-42ee-8c3b-6d375027f02c | ITER: 9 START
2019-06-24 07:21:28.710 456 INFO rally.task.runner [-] Task 703d9fa3-a799-42ee-8c3b-6d375027f02c | ITER: 7 END: OK
2019-06-24 07:21:28.715 456 INFO rally.task.runner [-] Task 703d9fa3-a799-42ee-8c3b-6d375027f02c | ITER: 10 START
2019-06-24 07:21:28.798 455 INFO rally.task.runner [-] Task 703d9fa3-a799-42ee-8c3b-6d375027f02c | ITER: 6 END: OK
2019-06-24 07:21:29.004 454 INFO rally.task.runner [-] Task 703d9fa3-a799-42ee-8c3b-6d375027f02c | ITER: 8 END: OK
2019-06-24 07:21:29.229 453 INFO rally.task.runner [-] Task 703d9fa3-a799-42ee-8c3b-6d375027f02c | ITER: 9 END: OK
2019-06-24 07:21:29.779 456 INFO rally.task.runner [-] Task 703d9fa3-a799-42ee-8c3b-6d375027f02c | ITER: 10 END: OK
2019-06-24 07:21:29.802 17 INFO rally.task.context [-] Task 703d9fa3-a799-42ee-8c3b-6d375027f02c | Context users@openstack cleanup() started
2019-06-24 07:21:34.426 17 INFO rally.task.context [-] Task 703d9fa3-a799-42ee-8c3b-6d375027f02c | Context users@openstack cleanup() finished in 4.62 sec
2019-06-24 07:21:36.096 17 INFO rally.task.engine [-] Load duration is: 3.110128
2019-06-24 07:21:36.096 17 INFO rally.task.engine [-] Full runner duration is: 3.157565
2019-06-24 07:21:36.097 17 INFO rally.task.engine [-] Full duration is: 10.409942
2019-06-24 07:21:36.685 17 INFO rally.task.engine [-] Running workload: position = 0 config = { "version": 2, "title": "A cropped version of a bigger task.", "description": "Auto-generated task from a single workload (uuid=0193c3d6-c318-49ae-a72c-d663268f8e68)", "subtasks": [ { "title": "Authenticate.validate_neutron", "description": "Check Neutron Client to ensure validation of token.", "scenario": { "Authenticate.validate_neutron": { "repetitions": 2 } }, "contexts": { "users": { "tenants": 3, "users_per_tenant": 2 } }, "runner": { "constant": { "concurrency": 4, "times": 10 } }, "hooks": [], "sla": { "failure_rate": { "max": 0 } } } ] }
2019-06-24 07:21:36.710 17 RALLYDEBUG rally_openstack.contexts.keystone.users [-] Creating 3 tenants using 20 threads
2019-06-24 07:21:37.933 17 RALLYDEBUG rally_openstack.contexts.keystone.users [-] Creating 6 users using 20 threads
2019-06-24 07:21:39.592 17 INFO rally.task.context [-] Task 703d9fa3-a799-42ee-8c3b-6d375027f02c | Context users@openstack setup() finished in 2.88 sec
2019-06-24 07:21:39.601 17 RALLYDEBUG rally.task.runner [-] Starting the constant runner (task UUID: 703d9fa3-a799-42ee-8c3b-6d375027f02c). timeout: 0 concurrency: 4 concurrency_per_worker: 1 times: 10 concurrency_overhead: 0 processes_to_start: 4 max_cpu_used: 16
2019-06-24 07:21:39.615 557 RALLYDEBUG rally.task.runner [-] Starting a worker. concurrency: 1 args: {"repetitions": 2} times: 10 method_name: run timeout: 0 duration: None cls:
2019-06-24 07:21:39.618 558 RALLYDEBUG rally.task.runner [-] Starting a worker. concurrency: 1 args: {"repetitions": 2} times: 10 method_name: run timeout: 0 duration: None cls:
2019-06-24 07:21:39.621 559 RALLYDEBUG rally.task.runner [-] Starting a worker. concurrency: 1 args: {"repetitions": 2} times: 10 method_name: run timeout: 0 duration: None cls:
2019-06-24 07:21:39.622 557 INFO rally.task.runner [-] Task 703d9fa3-a799-42ee-8c3b-6d375027f02c | ITER: 1 START
2019-06-24 07:21:39.625 560 RALLYDEBUG rally.task.runner [-] Starting a worker. concurrency: 1 args: {"repetitions": 2} times: 10 method_name: run timeout: 0 duration: None cls:
2019-06-24 07:21:39.626 558 INFO rally.task.runner [-] Task 703d9fa3-a799-42ee-8c3b-6d375027f02c | ITER: 2 START
2019-06-24 07:21:39.628 559 INFO rally.task.runner [-] Task 703d9fa3-a799-42ee-8c3b-6d375027f02c | ITER: 3 START
2019-06-24 07:21:39.632 560 INFO rally.task.runner [-] Task 703d9fa3-a799-42ee-8c3b-6d375027f02c | ITER: 4 START
2019-06-24 07:21:40.360 560 INFO rally.task.runner [-] Task 703d9fa3-a799-42ee-8c3b-6d375027f02c | ITER: 4 END: OK
2019-06-24 07:21:40.365 560 INFO rally.task.runner [-] Task 703d9fa3-a799-42ee-8c3b-6d375027f02c | ITER: 5 START
2019-06-24 07:21:40.470 558 INFO rally.task.runner [-] Task 703d9fa3-a799-42ee-8c3b-6d375027f02c | ITER: 2 END: OK
2019-06-24 07:21:40.475 558 INFO rally.task.runner [-] Task 703d9fa3-a799-42ee-8c3b-6d375027f02c | ITER: 6 START
2019-06-24 07:21:40.495 557 INFO rally.task.runner [-] Task 703d9fa3-a799-42ee-8c3b-6d375027f02c | ITER: 1 END: OK
2019-06-24 07:21:40.499 557 INFO rally.task.runner [-] Task 703d9fa3-a799-42ee-8c3b-6d375027f02c | ITER: 7 START
2019-06-24 07:21:40.630 559 INFO rally.task.runner [-] Task 703d9fa3-a799-42ee-8c3b-6d375027f02c | ITER: 3 END: OK
2019-06-24 07:21:40.637 559 INFO rally.task.runner [-] Task 703d9fa3-a799-42ee-8c3b-6d375027f02c | ITER: 8 START
2019-06-24 07:21:41.068 560 INFO rally.task.runner [-] Task 703d9fa3-a799-42ee-8c3b-6d375027f02c | ITER: 5 END: OK
2019-06-24 07:21:41.073 560 INFO rally.task.runner [-] Task 703d9fa3-a799-42ee-8c3b-6d375027f02c | ITER: 9 START
2019-06-24 07:21:41.120 558 INFO rally.task.runner [-] Task 703d9fa3-a799-42ee-8c3b-6d375027f02c | ITER: 6 END: OK
2019-06-24 07:21:41.124 558 INFO rally.task.runner [-] Task 703d9fa3-a799-42ee-8c3b-6d375027f02c | ITER: 10 START
2019-06-24 07:21:41.163 557 INFO rally.task.runner [-] Task 703d9fa3-a799-42ee-8c3b-6d375027f02c | ITER: 7 END: OK
2019-06-24 07:21:41.254 559 INFO rally.task.runner [-] Task 703d9fa3-a799-42ee-8c3b-6d375027f02c | ITER: 8 END: OK
2019-06-24 07:21:41.747 558 INFO rally.task.runner [-] Task 703d9fa3-a799-42ee-8c3b-6d375027f02c | ITER: 10 END: OK
2019-06-24 07:21:41.961 560 INFO rally.task.runner [-] Task 703d9fa3-a799-42ee-8c3b-6d375027f02c | ITER: 9 END: OK
2019-06-24 07:21:41.988 17 INFO rally.task.context [-] Task 703d9fa3-a799-42ee-8c3b-6d375027f02c | Context users@openstack cleanup() started
2019-06-24 07:21:46.679 17 INFO rally.task.context [-] Task 703d9fa3-a799-42ee-8c3b-6d375027f02c | Context users@openstack cleanup() finished in 4.69 sec
2019-06-24 07:21:46.795 17 INFO rally.task.engine [-] Load duration is: 2.337327
2019-06-24 07:21:46.796 17 INFO rally.task.engine [-] Full runner duration is: 2.387343
2019-06-24 07:21:46.796 17 INFO rally.task.engine [-] Full duration is: 9.972234
2019-06-24 07:21:47.374 17 INFO rally.task.engine [-] Running workload: position = 0 config = { "version": 2, "title": "A cropped version of a bigger task.", "description": "Auto-generated task from a single workload (uuid=d8b20a4b-1cfc-4282-bf04-cbfae671d850)", "subtasks": [ { "title": "Authenticate.validate_nova", "description": "Check Nova Client to ensure validation of token.", "scenario": { "Authenticate.validate_nova": { "repetitions": 2 } }, "contexts": { "users": { "tenants": 3, "users_per_tenant": 2 } }, "runner": { "constant": { "concurrency": 4, "times": 10 } }, "hooks": [], "sla": { "failure_rate": { "max": 0 } } } ] }
2019-06-24 07:21:47.401 17 RALLYDEBUG rally_openstack.contexts.keystone.users [-] Creating 3 tenants using 20 threads
2019-06-24 07:21:48.476 17 RALLYDEBUG rally_openstack.contexts.keystone.users [-] Creating 6 users using 20 threads
2019-06-24 07:21:50.261 17 INFO rally.task.context [-] Task 703d9fa3-a799-42ee-8c3b-6d375027f02c | Context users@openstack setup() finished in 2.86 sec
2019-06-24 07:21:50.270 17 RALLYDEBUG rally.task.runner [-] Starting the constant runner (task UUID: 703d9fa3-a799-42ee-8c3b-6d375027f02c). timeout: 0 concurrency: 4 concurrency_per_worker: 1 times: 10 concurrency_overhead: 0 processes_to_start: 4 max_cpu_used: 16
2019-06-24 07:21:50.286 661 RALLYDEBUG rally.task.runner [-] Starting a worker. concurrency: 1 args: {"repetitions": 2} times: 10 method_name: run timeout: 0 duration: None cls:
2019-06-24 07:21:50.288 662 RALLYDEBUG rally.task.runner [-] Starting a worker. concurrency: 1 args: {"repetitions": 2} times: 10 method_name: run timeout: 0 duration: None cls:
2019-06-24 07:21:50.290 663 RALLYDEBUG rally.task.runner [-] Starting a worker. concurrency: 1 args: {"repetitions": 2} times: 10 method_name: run timeout: 0 duration: None cls:
2019-06-24 07:21:50.293 661 INFO rally.task.runner [-] Task 703d9fa3-a799-42ee-8c3b-6d375027f02c | ITER: 1 START
2019-06-24 07:21:50.295 662 INFO rally.task.runner [-] Task 703d9fa3-a799-42ee-8c3b-6d375027f02c | ITER: 2 START
2019-06-24 07:21:50.295 664 RALLYDEBUG rally.task.runner [-] Starting a worker. concurrency: 1 args: {"repetitions": 2} times: 10 method_name: run timeout: 0 duration: None cls:
2019-06-24 07:21:50.297 663 INFO rally.task.runner [-] Task 703d9fa3-a799-42ee-8c3b-6d375027f02c | ITER: 3 START
2019-06-24 07:21:50.301 664 INFO rally.task.runner [-] Task 703d9fa3-a799-42ee-8c3b-6d375027f02c | ITER: 4 START
2019-06-24 07:21:50.783 663 DEBUG novaclient.v2.client [-] REQ: curl -g -i --cacert "/etc/ssl/certs/mcp_os_cacert" -X GET http://10.167.4.35:8774/v2.1/flavors/detail -H "Accept: application/json" -H "User-Agent: python-novaclient" -H "X-Auth-Token: {SHA1}ea6cd1b45513962a0e0fdb21c7e07c28b56b3bb5" _http_log_request /usr/lib/python2.7/site-packages/keystoneauth1/session.py:448
2019-06-24 07:21:50.783 664 DEBUG novaclient.v2.client [-] REQ: curl -g -i --cacert "/etc/ssl/certs/mcp_os_cacert" -X GET http://10.167.4.35:8774/v2.1/flavors/detail -H "Accept: application/json" -H "User-Agent: python-novaclient" -H "X-Auth-Token: {SHA1}61955b461e6adbade6e3f2d6878fe7b2a77f66e2" _http_log_request /usr/lib/python2.7/site-packages/keystoneauth1/session.py:448
2019-06-24 07:21:50.783 662 DEBUG novaclient.v2.client [-] REQ: curl -g -i --cacert "/etc/ssl/certs/mcp_os_cacert" -X GET http://10.167.4.35:8774/v2.1/flavors/detail -H "Accept: application/json" -H "User-Agent: python-novaclient" -H "X-Auth-Token: {SHA1}1bc1cabef13542819e9866f745e44d1153d8a96d" _http_log_request /usr/lib/python2.7/site-packages/keystoneauth1/session.py:448
2019-06-24 07:21:50.783 661 DEBUG novaclient.v2.client [-] REQ: curl -g -i --cacert "/etc/ssl/certs/mcp_os_cacert" -X GET http://10.167.4.35:8774/v2.1/flavors/detail -H "Accept: application/json" -H "User-Agent: python-novaclient" -H "X-Auth-Token: {SHA1}0570e84d461f7bb6dd3710aa3e2dde089bb757bf" _http_log_request /usr/lib/python2.7/site-packages/keystoneauth1/session.py:448
2019-06-24 07:21:50.962 661 DEBUG novaclient.v2.client [-] RESP: [200] Connection: close Content-Length: 1014 Content-Type: application/json Date: Mon, 24 Jun 2019 07:21:50 GMT Openstack-Api-Version: compute 2.1 Vary: OpenStack-API-Version, X-OpenStack-Nova-API-Version X-Compute-Request-Id: req-c97ca0d2-b36f-4bce-b286-8d5f207d2214 X-Openstack-Nova-Api-Version: 2.1 X-Openstack-Request-Id: req-c97ca0d2-b36f-4bce-b286-8d5f207d2214 _http_log_response /usr/lib/python2.7/site-packages/keystoneauth1/session.py:479
2019-06-24 07:21:50.963 661 DEBUG novaclient.v2.client [-] RESP BODY: {"flavors": [{"name": "rally_full-flavor_ccff9d46-6ab9-499f-aec1-6cc448e1a156", "links": [{"href": "http://10.167.4.35:8774/v2.1/flavors/b5d262a5-aa77-4d3b-8fb0-3ddc4aa73369", "rel": "self"}, {"href": "http://10.167.4.35:8774/flavors/b5d262a5-aa77-4d3b-8fb0-3ddc4aa73369", "rel": "bookmark"}], "ram": 512, "OS-FLV-DISABLED:disabled": false, "vcpus": 1, "swap": "", "os-flavor-access:is_public": true, "rxtx_factor": 1.0, "OS-FLV-EXT-DATA:ephemeral": 0, "disk": 1, "id": "b5d262a5-aa77-4d3b-8fb0-3ddc4aa73369"}, {"name": "rally_full-flavor_alt_ccff9d46-6ab9-499f-aec1-6cc448e1a156", "links": [{"href": "http://10.167.4.35:8774/v2.1/flavors/e9cd0450-0296-4950-9e76-2d16e28c53bd", "rel": "self"}, {"href": "http://10.167.4.35:8774/flavors/e9cd0450-0296-4950-9e76-2d16e28c53bd", "rel": "bookmark"}], "ram": 1024, "OS-FLV-DISABLED:disabled": false, "vcpus": 1, "swap": "", "os-flavor-access:is_public": true, "rxtx_factor": 1.0, "OS-FLV-EXT-DATA:ephemeral": 0, "disk": 1, "id": "e9cd0450-0296-4950-9e76-2d16e28c53bd"}]} _http_log_response /usr/lib/python2.7/site-packages/keystoneauth1/session.py:511
2019-06-24 07:21:50.963 661 DEBUG novaclient.v2.client [-] GET call to compute for http://10.167.4.35:8774/v2.1/flavors/detail used request id req-c97ca0d2-b36f-4bce-b286-8d5f207d2214 request /usr/lib/python2.7/site-packages/keystoneauth1/session.py:844
2019-06-24 07:21:50.966 661 DEBUG novaclient.v2.client [-] REQ: curl -g -i --cacert "/etc/ssl/certs/mcp_os_cacert" -X GET http://10.167.4.35:8774/v2.1/flavors/detail -H "Accept: application/json" -H "User-Agent: python-novaclient" -H "X-Auth-Token: {SHA1}0570e84d461f7bb6dd3710aa3e2dde089bb757bf" _http_log_request /usr/lib/python2.7/site-packages/keystoneauth1/session.py:448
2019-06-24 07:21:50.978 662 DEBUG novaclient.v2.client [-] RESP: [200] Connection: close Content-Length: 1014 Content-Type: application/json Date: Mon, 24 Jun 2019 07:21:50 GMT Openstack-Api-Version: compute 2.1 Vary: OpenStack-API-Version, X-OpenStack-Nova-API-Version X-Compute-Request-Id: req-b2527e46-3aa1-4ca2-9385-8ba9e7f5fa60 X-Openstack-Nova-Api-Version: 2.1 X-Openstack-Request-Id: req-b2527e46-3aa1-4ca2-9385-8ba9e7f5fa60 _http_log_response /usr/lib/python2.7/site-packages/keystoneauth1/session.py:479
2019-06-24 07:21:50.978 663 DEBUG novaclient.v2.client [-] RESP: [200] Connection: close Content-Length: 1014 Content-Type: application/json Date: Mon, 24 Jun 2019 07:21:50 GMT Openstack-Api-Version: compute 2.1 Vary: OpenStack-API-Version, X-OpenStack-Nova-API-Version X-Compute-Request-Id: req-b80fad8b-f183-4302-af0e-46f9ee192afa X-Openstack-Nova-Api-Version: 2.1 X-Openstack-Request-Id: req-b80fad8b-f183-4302-af0e-46f9ee192afa _http_log_response /usr/lib/python2.7/site-packages/keystoneauth1/session.py:479
2019-06-24 07:21:50.979 662 DEBUG novaclient.v2.client [-] RESP BODY: {"flavors": [{"name": "rally_full-flavor_ccff9d46-6ab9-499f-aec1-6cc448e1a156", "links": [{"href": "http://10.167.4.35:8774/v2.1/flavors/b5d262a5-aa77-4d3b-8fb0-3ddc4aa73369", "rel": "self"}, {"href": "http://10.167.4.35:8774/flavors/b5d262a5-aa77-4d3b-8fb0-3ddc4aa73369", "rel": "bookmark"}], "ram": 512, "OS-FLV-DISABLED:disabled": false, "vcpus": 1, "swap": "", "os-flavor-access:is_public": true, "rxtx_factor": 1.0, "OS-FLV-EXT-DATA:ephemeral": 0, "disk": 1, "id": "b5d262a5-aa77-4d3b-8fb0-3ddc4aa73369"}, {"name": "rally_full-flavor_alt_ccff9d46-6ab9-499f-aec1-6cc448e1a156", "links": [{"href": "http://10.167.4.35:8774/v2.1/flavors/e9cd0450-0296-4950-9e76-2d16e28c53bd", "rel": "self"}, {"href": "http://10.167.4.35:8774/flavors/e9cd0450-0296-4950-9e76-2d16e28c53bd", "rel": "bookmark"}], "ram": 1024, "OS-FLV-DISABLED:disabled": false, "vcpus": 1, "swap": "", "os-flavor-access:is_public": true, "rxtx_factor": 1.0, "OS-FLV-EXT-DATA:ephemeral": 0, "disk": 1, "id": "e9cd0450-0296-4950-9e76-2d16e28c53bd"}]} _http_log_response /usr/lib/python2.7/site-packages/keystoneauth1/session.py:511
2019-06-24 07:21:50.979 663 DEBUG novaclient.v2.client [-] RESP BODY: {"flavors": [{"name": "rally_full-flavor_ccff9d46-6ab9-499f-aec1-6cc448e1a156", "links": [{"href": "http://10.167.4.35:8774/v2.1/flavors/b5d262a5-aa77-4d3b-8fb0-3ddc4aa73369", "rel": "self"}, {"href": "http://10.167.4.35:8774/flavors/b5d262a5-aa77-4d3b-8fb0-3ddc4aa73369", "rel": "bookmark"}], "ram": 512, "OS-FLV-DISABLED:disabled": false, "vcpus": 1, "swap": "", "os-flavor-access:is_public": true, "rxtx_factor": 1.0, "OS-FLV-EXT-DATA:ephemeral": 0, "disk": 1, "id": "b5d262a5-aa77-4d3b-8fb0-3ddc4aa73369"}, {"name": "rally_full-flavor_alt_ccff9d46-6ab9-499f-aec1-6cc448e1a156", "links": [{"href": "http://10.167.4.35:8774/v2.1/flavors/e9cd0450-0296-4950-9e76-2d16e28c53bd", "rel": "self"}, {"href": "http://10.167.4.35:8774/flavors/e9cd0450-0296-4950-9e76-2d16e28c53bd", "rel": "bookmark"}], "ram": 1024, "OS-FLV-DISABLED:disabled": false, "vcpus": 1, "swap": "", "os-flavor-access:is_public": true, "rxtx_factor": 1.0, "OS-FLV-EXT-DATA:ephemeral": 0, "disk": 1, "id": "e9cd0450-0296-4950-9e76-2d16e28c53bd"}]} _http_log_response /usr/lib/python2.7/site-packages/keystoneauth1/session.py:511
2019-06-24 07:21:50.979 663 DEBUG novaclient.v2.client [-] GET call to compute for http://10.167.4.35:8774/v2.1/flavors/detail used request id req-b80fad8b-f183-4302-af0e-46f9ee192afa request /usr/lib/python2.7/site-packages/keystoneauth1/session.py:844
2019-06-24 07:21:50.979 662 DEBUG novaclient.v2.client [-] GET call to compute for http://10.167.4.35:8774/v2.1/flavors/detail used request id req-b2527e46-3aa1-4ca2-9385-8ba9e7f5fa60 request /usr/lib/python2.7/site-packages/keystoneauth1/session.py:844
2019-06-24 07:21:50.981 663 DEBUG novaclient.v2.client [-] REQ: curl -g -i --cacert "/etc/ssl/certs/mcp_os_cacert" -X GET http://10.167.4.35:8774/v2.1/flavors/detail -H "Accept: application/json" -H "User-Agent: python-novaclient" -H "X-Auth-Token: {SHA1}ea6cd1b45513962a0e0fdb21c7e07c28b56b3bb5" _http_log_request /usr/lib/python2.7/site-packages/keystoneauth1/session.py:448
2019-06-24 07:21:50.981 662 DEBUG novaclient.v2.client [-] REQ: curl -g -i --cacert "/etc/ssl/certs/mcp_os_cacert" -X GET http://10.167.4.35:8774/v2.1/flavors/detail -H "Accept: application/json" -H "User-Agent: python-novaclient" -H "X-Auth-Token: {SHA1}1bc1cabef13542819e9866f745e44d1153d8a96d" _http_log_request /usr/lib/python2.7/site-packages/keystoneauth1/session.py:448
2019-06-24 07:21:50.989 664 DEBUG novaclient.v2.client [-] RESP: [200] Connection: close Content-Length: 1014 Content-Type: application/json Date: Mon, 24 Jun 2019 07:21:50 GMT Openstack-Api-Version: compute 2.1 Vary: OpenStack-API-Version, X-OpenStack-Nova-API-Version X-Compute-Request-Id: req-903eaf25-cfca-40d8-9e48-5882228ade9c X-Openstack-Nova-Api-Version: 2.1 X-Openstack-Request-Id: req-903eaf25-cfca-40d8-9e48-5882228ade9c _http_log_response /usr/lib/python2.7/site-packages/keystoneauth1/session.py:479
2019-06-24 07:21:50.990 664 DEBUG novaclient.v2.client [-] RESP BODY: {"flavors": [{"name": "rally_full-flavor_ccff9d46-6ab9-499f-aec1-6cc448e1a156", "links": [{"href": "http://10.167.4.35:8774/v2.1/flavors/b5d262a5-aa77-4d3b-8fb0-3ddc4aa73369", "rel": "self"}, {"href": "http://10.167.4.35:8774/flavors/b5d262a5-aa77-4d3b-8fb0-3ddc4aa73369", "rel": "bookmark"}], "ram": 512, "OS-FLV-DISABLED:disabled": false, "vcpus": 1, "swap": "", "os-flavor-access:is_public": true, "rxtx_factor": 1.0, "OS-FLV-EXT-DATA:ephemeral": 0, "disk": 1, "id": "b5d262a5-aa77-4d3b-8fb0-3ddc4aa73369"}, {"name": "rally_full-flavor_alt_ccff9d46-6ab9-499f-aec1-6cc448e1a156", "links": [{"href": "http://10.167.4.35:8774/v2.1/flavors/e9cd0450-0296-4950-9e76-2d16e28c53bd", "rel": "self"}, {"href": "http://10.167.4.35:8774/flavors/e9cd0450-0296-4950-9e76-2d16e28c53bd", "rel": "bookmark"}], "ram": 1024, "OS-FLV-DISABLED:disabled": false, "vcpus": 1, "swap": "", "os-flavor-access:is_public": true, "rxtx_factor": 1.0, "OS-FLV-EXT-DATA:ephemeral": 0, "disk": 1, "id": "e9cd0450-0296-4950-9e76-2d16e28c53bd"}]} _http_log_response /usr/lib/python2.7/site-packages/keystoneauth1/session.py:511
2019-06-24 07:21:50.990 664 DEBUG novaclient.v2.client [-] GET call to compute for http://10.167.4.35:8774/v2.1/flavors/detail used request id req-903eaf25-cfca-40d8-9e48-5882228ade9c request /usr/lib/python2.7/site-packages/keystoneauth1/session.py:844
2019-06-24 07:21:50.992 664 DEBUG novaclient.v2.client [-] REQ: curl -g -i --cacert "/etc/ssl/certs/mcp_os_cacert" -X GET http://10.167.4.35:8774/v2.1/flavors/detail -H "Accept: application/json" -H "User-Agent: python-novaclient" -H "X-Auth-Token: {SHA1}61955b461e6adbade6e3f2d6878fe7b2a77f66e2" _http_log_request /usr/lib/python2.7/site-packages/keystoneauth1/session.py:448
2019-06-24 07:21:50.995 661 DEBUG novaclient.v2.client [-] RESP: [200] Connection: close Content-Length: 1014 Content-Type: application/json Date: Mon, 24 Jun 2019 07:21:50 GMT Openstack-Api-Version: compute 2.1 Vary: OpenStack-API-Version, X-OpenStack-Nova-API-Version X-Compute-Request-Id: req-a32dc76f-4743-44b3-a2ba-604a92089189 X-Openstack-Nova-Api-Version: 2.1 X-Openstack-Request-Id: req-a32dc76f-4743-44b3-a2ba-604a92089189 _http_log_response /usr/lib/python2.7/site-packages/keystoneauth1/session.py:479
2019-06-24 07:21:50.995 661 DEBUG novaclient.v2.client [-] RESP BODY: {"flavors": [{"name": "rally_full-flavor_ccff9d46-6ab9-499f-aec1-6cc448e1a156", "links": [{"href": "http://10.167.4.35:8774/v2.1/flavors/b5d262a5-aa77-4d3b-8fb0-3ddc4aa73369", "rel": "self"}, {"href": "http://10.167.4.35:8774/flavors/b5d262a5-aa77-4d3b-8fb0-3ddc4aa73369", "rel": "bookmark"}], "ram": 512, "OS-FLV-DISABLED:disabled": false, "vcpus": 1, "swap": "", "os-flavor-access:is_public": true, "rxtx_factor": 1.0, "OS-FLV-EXT-DATA:ephemeral": 0, "disk": 1, "id": "b5d262a5-aa77-4d3b-8fb0-3ddc4aa73369"}, {"name": "rally_full-flavor_alt_ccff9d46-6ab9-499f-aec1-6cc448e1a156", "links": [{"href": "http://10.167.4.35:8774/v2.1/flavors/e9cd0450-0296-4950-9e76-2d16e28c53bd", "rel": "self"}, {"href": "http://10.167.4.35:8774/flavors/e9cd0450-0296-4950-9e76-2d16e28c53bd", "rel": "bookmark"}], "ram": 1024, "OS-FLV-DISABLED:disabled": false, "vcpus": 1, "swap": "", "os-flavor-access:is_public": true, "rxtx_factor": 1.0, "OS-FLV-EXT-DATA:ephemeral": 0, "disk": 1, "id": "e9cd0450-0296-4950-9e76-2d16e28c53bd"}]} _http_log_response /usr/lib/python2.7/site-packages/keystoneauth1/session.py:511
2019-06-24 07:21:50.996 661 DEBUG novaclient.v2.client [-] GET call to compute for http://10.167.4.35:8774/v2.1/flavors/detail used request id req-a32dc76f-4743-44b3-a2ba-604a92089189 request /usr/lib/python2.7/site-packages/keystoneauth1/session.py:844
2019-06-24 07:21:50.997 661 INFO rally.task.runner [-] Task 703d9fa3-a799-42ee-8c3b-6d375027f02c | ITER: 1 END: OK
2019-06-24 07:21:51.002 661 INFO rally.task.runner [-] Task 703d9fa3-a799-42ee-8c3b-6d375027f02c | ITER: 5 START
2019-06-24 07:21:51.003 662 DEBUG novaclient.v2.client [-] RESP: [200] Connection: close Content-Length: 1014 Content-Type: application/json Date: Mon, 24 Jun 2019 07:21:50 GMT Openstack-Api-Version: compute 2.1 Vary: OpenStack-API-Version, X-OpenStack-Nova-API-Version X-Compute-Request-Id: req-23314699-ce12-4919-b68c-e09da3880092 X-Openstack-Nova-Api-Version: 2.1 X-Openstack-Request-Id: req-23314699-ce12-4919-b68c-e09da3880092 _http_log_response /usr/lib/python2.7/site-packages/keystoneauth1/session.py:479
2019-06-24 07:21:51.003 663 DEBUG novaclient.v2.client [-] RESP: [200] Connection: close Content-Length: 1014 Content-Type: application/json Date: Mon, 24 Jun 2019 07:21:51 GMT Openstack-Api-Version: compute 2.1 Vary: OpenStack-API-Version, X-OpenStack-Nova-API-Version X-Compute-Request-Id: req-f367964b-390b-44aa-984e-5411204d240c X-Openstack-Nova-Api-Version: 2.1 X-Openstack-Request-Id: req-f367964b-390b-44aa-984e-5411204d240c _http_log_response /usr/lib/python2.7/site-packages/keystoneauth1/session.py:479
2019-06-24 07:21:51.004 662 DEBUG novaclient.v2.client [-] RESP BODY: {"flavors": [{"name": "rally_full-flavor_ccff9d46-6ab9-499f-aec1-6cc448e1a156", "links": [{"href": "http://10.167.4.35:8774/v2.1/flavors/b5d262a5-aa77-4d3b-8fb0-3ddc4aa73369", "rel": "self"}, {"href": "http://10.167.4.35:8774/flavors/b5d262a5-aa77-4d3b-8fb0-3ddc4aa73369", "rel": "bookmark"}], "ram": 512, "OS-FLV-DISABLED:disabled": false, "vcpus": 1, "swap": "", "os-flavor-access:is_public": true, "rxtx_factor": 1.0, "OS-FLV-EXT-DATA:ephemeral": 0, "disk": 1, "id": "b5d262a5-aa77-4d3b-8fb0-3ddc4aa73369"}, {"name": "rally_full-flavor_alt_ccff9d46-6ab9-499f-aec1-6cc448e1a156", "links": [{"href": "http://10.167.4.35:8774/v2.1/flavors/e9cd0450-0296-4950-9e76-2d16e28c53bd", "rel": "self"}, {"href": "http://10.167.4.35:8774/flavors/e9cd0450-0296-4950-9e76-2d16e28c53bd", "rel": "bookmark"}], "ram": 1024, "OS-FLV-DISABLED:disabled": false, "vcpus": 1, "swap": "", "os-flavor-access:is_public": true, "rxtx_factor": 1.0, "OS-FLV-EXT-DATA:ephemeral": 0, "disk": 1, "id": "e9cd0450-0296-4950-9e76-2d16e28c53bd"}]} _http_log_response /usr/lib/python2.7/site-packages/keystoneauth1/session.py:511
2019-06-24 07:21:51.004 663 DEBUG novaclient.v2.client [-] RESP BODY: {"flavors": [{"name": "rally_full-flavor_ccff9d46-6ab9-499f-aec1-6cc448e1a156", "links": [{"href": "http://10.167.4.35:8774/v2.1/flavors/b5d262a5-aa77-4d3b-8fb0-3ddc4aa73369", "rel": "self"}, {"href": "http://10.167.4.35:8774/flavors/b5d262a5-aa77-4d3b-8fb0-3ddc4aa73369", "rel": "bookmark"}], "ram": 512, "OS-FLV-DISABLED:disabled": false, "vcpus": 1, "swap": "", "os-flavor-access:is_public": true, "rxtx_factor": 1.0, "OS-FLV-EXT-DATA:ephemeral": 0, "disk": 1, "id": "b5d262a5-aa77-4d3b-8fb0-3ddc4aa73369"}, {"name": "rally_full-flavor_alt_ccff9d46-6ab9-499f-aec1-6cc448e1a156", "links": [{"href": "http://10.167.4.35:8774/v2.1/flavors/e9cd0450-0296-4950-9e76-2d16e28c53bd", "rel": "self"}, {"href": "http://10.167.4.35:8774/flavors/e9cd0450-0296-4950-9e76-2d16e28c53bd", "rel": "bookmark"}], "ram": 1024, "OS-FLV-DISABLED:disabled": false, "vcpus": 1, "swap": "", "os-flavor-access:is_public": true, "rxtx_factor": 1.0, "OS-FLV-EXT-DATA:ephemeral": 0, "disk": 1, "id": "e9cd0450-0296-4950-9e76-2d16e28c53bd"}]} _http_log_response /usr/lib/python2.7/site-packages/keystoneauth1/session.py:511
2019-06-24 07:21:51.004 662 DEBUG novaclient.v2.client [-] GET call to compute for http://10.167.4.35:8774/v2.1/flavors/detail used request id req-23314699-ce12-4919-b68c-e09da3880092 request /usr/lib/python2.7/site-packages/keystoneauth1/session.py:844
2019-06-24 07:21:51.004 663 DEBUG novaclient.v2.client [-] GET call to compute for http://10.167.4.35:8774/v2.1/flavors/detail used request id req-f367964b-390b-44aa-984e-5411204d240c request /usr/lib/python2.7/site-packages/keystoneauth1/session.py:844
2019-06-24 07:21:51.005 662 INFO rally.task.runner [-] Task 703d9fa3-a799-42ee-8c3b-6d375027f02c | ITER: 2 END: OK
