2019-06-22 09:34:59.128 22333 WARNING rally_openstack.scenarios.neutron.utils [-] Running this scenario without either the 'network' or 'existing_network' context is deprecated
2019-06-22 09:34:59.443 22337 INFO rally.task.runner [-] Task d33efd7d-5d4e-4fed-a85c-92fac1508a22 | ITER: 15 END: OK
2019-06-22 09:34:59.447 22337 INFO rally.task.runner [-] Task d33efd7d-5d4e-4fed-a85c-92fac1508a22 | ITER: 40 START
2019-06-22 09:34:59.448 22337 WARNING rally_openstack.scenarios.neutron.utils [-] Running this scenario without either the 'network' or 'existing_network' context is deprecated
2019-06-22 09:35:05.927 22321 INFO rally.task.runner [-] Task d33efd7d-5d4e-4fed-a85c-92fac1508a22 | ITER: 32 END: OK
2019-06-22 09:35:06.173 22330 INFO rally.task.runner [-] Task d33efd7d-5d4e-4fed-a85c-92fac1508a22 | ITER: 24 END: OK
2019-06-22 09:35:06.174 22354 INFO rally.task.runner [-] Task d33efd7d-5d4e-4fed-a85c-92fac1508a22 | ITER: 21 END: OK
2019-06-22 09:35:06.307 22346 INFO rally.task.runner [-] Task d33efd7d-5d4e-4fed-a85c-92fac1508a22 | ITER: 34 END: OK
2019-06-22 09:35:06.524 22312 INFO rally.task.runner [-] Task d33efd7d-5d4e-4fed-a85c-92fac1508a22 | ITER: 26 END: OK
2019-06-22 09:35:06.643 22317 INFO rally.task.runner [-] Task d33efd7d-5d4e-4fed-a85c-92fac1508a22 | ITER: 37 END: OK
2019-06-22 09:35:06.838 22313 INFO rally.task.runner [-] Task d33efd7d-5d4e-4fed-a85c-92fac1508a22 | ITER: 22 END: OK
2019-06-22 09:35:07.304 22311 INFO rally.task.runner [-] Task d33efd7d-5d4e-4fed-a85c-92fac1508a22 | ITER: 27 END: OK
2019-06-22 09:35:07.318 22314 INFO rally.task.runner [-] Task d33efd7d-5d4e-4fed-a85c-92fac1508a22 | ITER: 28 END: OK
2019-06-22 09:35:07.330 22310 INFO rally.task.runner [-] Task d33efd7d-5d4e-4fed-a85c-92fac1508a22 | ITER: 23 END: OK
2019-06-22 09:35:07.935 22356 INFO rally.task.runner [-] Task d33efd7d-5d4e-4fed-a85c-92fac1508a22 | ITER: 35 END: OK
2019-06-22 09:35:08.014 22351 INFO rally.task.runner [-] Task d33efd7d-5d4e-4fed-a85c-92fac1508a22 | ITER: 25 END: OK
2019-06-22 09:35:08.303 22333 INFO rally.task.runner [-] Task d33efd7d-5d4e-4fed-a85c-92fac1508a22 | ITER: 39 END: OK
2019-06-22 09:35:08.757 22310 INFO rally.task.runner [-] Task d33efd7d-5d4e-4fed-a85c-92fac1508a22 | ITER: 31 END: OK
2019-06-22 09:35:08.977 22312 INFO rally.task.runner [-] Task d33efd7d-5d4e-4fed-a85c-92fac1508a22 | ITER: 38 END: OK
2019-06-22 09:35:08.997 22347 INFO rally.task.runner [-] Task d33efd7d-5d4e-4fed-a85c-92fac1508a22 | ITER: 30 END: OK
2019-06-22 09:35:09.039 22311 INFO rally.task.runner [-] Task d33efd7d-5d4e-4fed-a85c-92fac1508a22 | ITER: 29 END: OK
2019-06-22 09:35:09.043 22324 INFO rally.task.runner [-] Task d33efd7d-5d4e-4fed-a85c-92fac1508a22 | ITER: 33 END: OK
2019-06-22 09:35:09.155 22337 INFO rally.task.runner [-] Task d33efd7d-5d4e-4fed-a85c-92fac1508a22 | ITER: 40 END: OK
2019-06-22 09:35:09.425 22313 INFO rally.task.runner [-] Task d33efd7d-5d4e-4fed-a85c-92fac1508a22 | ITER: 36 END: OK
2019-06-22 09:35:09.464 18064 INFO rally.task.context [-] Task d33efd7d-5d4e-4fed-a85c-92fac1508a22 | Context cleanup@openstack cleanup() started
2019-06-22 09:35:09.467 18064 RALLYDEBUG rally_openstack.cleanup.manager [-] Cleaning up neutron vip objects
2019-06-22 09:35:10.038 18064 RALLYDEBUG rally_openstack.cleanup.manager [-] Cleaning up neutron health_monitor objects
2019-06-22 09:35:10.462 18064 RALLYDEBUG rally_openstack.cleanup.manager [-] Cleaning up neutron pool objects
2019-06-22 09:35:10.856 18064 RALLYDEBUG rally_openstack.cleanup.manager [-] Cleaning up neutron loadbalancer objects
2019-06-22 09:35:11.377 18064 RALLYDEBUG rally_openstack.cleanup.manager [-] Cleaning up neutron floatingip objects
2019-06-22 09:35:11.810 18064 RALLYDEBUG rally_openstack.cleanup.manager [-] Cleaning up neutron port objects
2019-06-22 09:35:12.248 18064 RALLYDEBUG rally_openstack.cleanup.manager [-] Cleaning up neutron subnet objects
2019-06-22 09:35:12.676 18064 RALLYDEBUG rally_openstack.cleanup.manager [-] Cleaning up neutron network objects
2019-06-22 09:35:13.698 18064 RALLYDEBUG rally_openstack.cleanup.manager [-] Deleting neutron.network object s_rally_e2ed2ba2_HTSH1XAW (64940527-c6d4-4363-9bae-64de55b90d62)
2019-06-22 09:35:13.702 18064 RALLYDEBUG rally_openstack.cleanup.manager [-] Deleting neutron.network object s_rally_e2ed2ba2_WI1Vn4en (80559816-ae6e-4d05-8945-f5b7c9669542)
2019-06-22 09:35:13.703 18064 RALLYDEBUG rally_openstack.cleanup.manager [-] Deleting neutron.network object s_rally_e2ed2ba2_mk1ToPjl (29966ec1-aec4-4aa4-a234-3f6d5066c274)
2019-06-22 09:35:13.704 18064 RALLYDEBUG rally_openstack.cleanup.manager [-] Deleting neutron.network object s_rally_e2ed2ba2_FSHRoKqB (26b5d50d-1d7a-4e83-aad9-49dcdf5e30b4)
2019-06-22 09:35:13.708 18064 RALLYDEBUG rally_openstack.cleanup.manager [-] Deleting neutron.network object s_rally_e2ed2ba2_zX43kyRC (741c3ccc-6c44-41b8-9ff8-72c6b6ce301a)
2019-06-22 09:35:13.712 18064 RALLYDEBUG rally_openstack.cleanup.manager [-] Deleting neutron.network object s_rally_e2ed2ba2_waeZqupp (42188df3-9bae-4b5f-861f-91cbb74b46bc)
2019-06-22 09:35:13.722 18064 RALLYDEBUG rally_openstack.cleanup.manager [-] Deleting neutron.network object s_rally_e2ed2ba2_3Kc0o8Hx (00e14f60-2642-440d-a28a-fad2078228de)
2019-06-22 09:35:13.725 18064 RALLYDEBUG rally_openstack.cleanup.manager [-] Deleting neutron.network object s_rally_e2ed2ba2_ArKbobn6 (748f4722-8f4a-4d3c-aa0a-6a9a983fd090)
2019-06-22 09:35:13.726 18064 RALLYDEBUG rally_openstack.cleanup.manager [-] Deleting neutron.network object s_rally_e2ed2ba2_BV8j1QC2 (4d2d9096-dc72-41d3-98de-01b923de51c4)
2019-06-22 09:35:13.727 18064 RALLYDEBUG rally_openstack.cleanup.manager [-] Deleting neutron.network object s_rally_e2ed2ba2_UiAzyO5E (1abd2a0a-8a55-4e90-9ed2-ffa21c8eb37f)
2019-06-22 09:35:13.743 18064 RALLYDEBUG rally_openstack.cleanup.manager [-] Deleting neutron.network object s_rally_e2ed2ba2_ss4r3UJh (1f820265-be92-4398-b622-2abe75c10b57)
2019-06-22 09:35:13.748 18064 RALLYDEBUG rally_openstack.cleanup.manager [-] Deleting neutron.network object s_rally_e2ed2ba2_zWuH3ETr (04e7b81a-682f-478a-b7ba-354a3ed13009)
2019-06-22 09:35:13.760 18064 RALLYDEBUG rally_openstack.cleanup.manager [-] Deleting neutron.network object s_rally_e2ed2ba2_O3wTvhHa (607422c3-2352-4e48-a3c1-dd2c93c667cd)
2019-06-22 09:35:13.771 18064 RALLYDEBUG rally_openstack.cleanup.manager [-] Deleting neutron.network object s_rally_e2ed2ba2_97ykQLse (850b0d63-e065-4259-b97d-bd9980a695aa)
2019-06-22 09:35:13.772 18064 RALLYDEBUG rally_openstack.cleanup.manager [-] Deleting neutron.network object s_rally_e2ed2ba2_zd8Apo6I (23ca53c9-ec31-49ed-a4f6-ab00eaf5312b)
2019-06-22 09:35:13.774 18064 RALLYDEBUG rally_openstack.cleanup.manager [-] Deleting neutron.network object s_rally_e2ed2ba2_rmfTtXue (0ab64adc-8f1b-42e0-9e5c-87438faf5c7e)
2019-06-22 09:35:13.797 18064 RALLYDEBUG rally_openstack.cleanup.manager [-] Deleting neutron.network object s_rally_e2ed2ba2_XEWMMlhW (865fc7ea-ae64-4be7-9d57-d8b5b00a87de)
2019-06-22 09:35:13.799 18064 RALLYDEBUG rally_openstack.cleanup.manager [-] Deleting neutron.network object s_rally_e2ed2ba2_1iep0UmM (8297b7b8-ad05-4639-9190-adb29dfb707c)
2019-06-22 09:35:13.803 18064 RALLYDEBUG rally_openstack.cleanup.manager [-] Deleting neutron.network object s_rally_e2ed2ba2_etjoAl3a (53f4864a-ec92-4e8e-97ed-987cf5d0530e)
2019-06-22 09:35:13.819 18064 RALLYDEBUG rally_openstack.cleanup.manager [-] Deleting neutron.network object s_rally_e2ed2ba2_Dq32UtmO (86ca0263-2a3f-47b5-9fc4-38b4c783b70c)
2019-06-22 09:35:16.032 18064 RALLYDEBUG rally_openstack.cleanup.manager [-] Deleting neutron.network object s_rally_e2ed2ba2_oMg2ZKL5 (88877848-ed1d-4fc8-bc5d-66b004b29ca4)
2019-06-22 09:35:16.383 18064 RALLYDEBUG rally_openstack.cleanup.manager [-] Deleting neutron.network object s_rally_e2ed2ba2_OMI5MCDz (8cae2c1c-56a7-4ebc-8aca-992120ff239a)
2019-06-22 09:35:16.442 18064 RALLYDEBUG rally_openstack.cleanup.manager [-] Deleting neutron.network object s_rally_e2ed2ba2_BggSdZS8 (93ccf802-44e3-4766-ade1-10da9935041e)
2019-06-22 09:35:16.508 18064 RALLYDEBUG rally_openstack.cleanup.manager [-] Deleting neutron.network object s_rally_e2ed2ba2_zXpqv64M (a63ca06e-52cd-48d0-a7eb-08ba27b83a9d)
2019-06-22 09:35:16.667 18064 RALLYDEBUG rally_openstack.cleanup.manager [-] Deleting neutron.network object s_rally_e2ed2ba2_BxeDylo7 (afcefabf-6b4e-48f1-82b4-b909faecbf36)
2019-06-22 09:35:16.696 18064 RALLYDEBUG rally_openstack.cleanup.manager [-] Deleting neutron.network object s_rally_e2ed2ba2_84KBtgVV (b09fe7b8-c137-425a-940d-7d7a605ad4dc)
2019-06-22 09:35:16.780 18064 RALLYDEBUG rally_openstack.cleanup.manager [-] Deleting neutron.network object s_rally_e2ed2ba2_9BXgGjWe (b1549c0a-93a7-40f2-b46c-574994338d1e)
2019-06-22 09:35:16.856 18064 RALLYDEBUG rally_openstack.cleanup.manager [-] Deleting neutron.network object s_rally_e2ed2ba2_4nh75bCw (b718f87a-d800-4ef5-b29f-0e96b33bd515)
2019-06-22 09:35:16.924 18064 RALLYDEBUG rally_openstack.cleanup.manager [-] Deleting neutron.network object s_rally_e2ed2ba2_7IeAsZEW (b84c250d-885c-437b-8feb-54d0292f0e47)
2019-06-22 09:35:16.947 18064 RALLYDEBUG rally_openstack.cleanup.manager [-] Deleting neutron.network object s_rally_e2ed2ba2_MJGSyHSJ (bb093381-4774-45dd-b079-8a6dbf6a5754)
2019-06-22 09:35:16.973 18064 RALLYDEBUG rally_openstack.cleanup.manager [-] Deleting neutron.network object s_rally_e2ed2ba2_AiXk8nDh (cb181636-73c5-4865-82b2-e32b3f747b68)
2019-06-22 09:35:17.045 18064 RALLYDEBUG rally_openstack.cleanup.manager [-] Deleting neutron.network object s_rally_e2ed2ba2_6Vnub4i5 (d6ee144f-4147-47cb-a141-22f07dab075d)
2019-06-22 09:35:17.046 18064 RALLYDEBUG rally_openstack.cleanup.manager [-] Deleting neutron.network object s_rally_e2ed2ba2_5ditKqqe (e139390b-8af1-4583-b30e-7c03e9febae6)
2019-06-22 09:35:17.047 18064 RALLYDEBUG rally_openstack.cleanup.manager [-] Deleting neutron.network object s_rally_e2ed2ba2_z2YkGj0Q (d820b455-3cb6-4573-a8dd-99a9d0517198)
2019-06-22 09:35:17.062 18064 RALLYDEBUG rally_openstack.cleanup.manager [-] Deleting neutron.network object s_rally_e2ed2ba2_SOQAF2rA (e5657955-5e6e-4714-838a-a41e64d63df0)
2019-06-22 09:35:17.166 18064 RALLYDEBUG rally_openstack.cleanup.manager [-] Deleting neutron.network object s_rally_e2ed2ba2_5LSfKr1e (e5b4fd03-b252-4648-9c1e-f6679af03081)
2019-06-22 09:35:17.265 18064 RALLYDEBUG rally_openstack.cleanup.manager [-] Deleting neutron.network object s_rally_e2ed2ba2_5x2K0406 (ec5a5716-fed0-423c-94d0-3772d7743621)
2019-06-22 09:35:17.700 18064 RALLYDEBUG rally_openstack.cleanup.manager [-] Deleting neutron.network object s_rally_e2ed2ba2_W11ewsrt (faf42732-aa6d-4e66-af62-fcae588b0bc6)
2019-06-22 09:35:17.704 18064 RALLYDEBUG rally_openstack.cleanup.manager [-] Deleting neutron.network object s_rally_e2ed2ba2_Bgk9MWIo (f36d4a2a-baff-4869-b011-9db7aa1bc938)
2019-06-22 09:35:17.705 18064 RALLYDEBUG rally_openstack.cleanup.manager [-] Deleting neutron.network object s_rally_e2ed2ba2_zhKTp0Dn (f390a693-abea-403c-b1fa-7cdececd462c)
2019-06-22 09:35:20.529 18064 RALLYDEBUG rally_openstack.cleanup.manager [-] Cleaning up neutron router objects
2019-06-22 09:35:20.959 18064 RALLYDEBUG rally_openstack.cleanup.manager [-] Cleaning up neutron security_group objects
2019-06-22 09:35:21.708 18064 INFO rally.task.context [-] Task d33efd7d-5d4e-4fed-a85c-92fac1508a22 | Context cleanup@openstack cleanup() finished in 12.24 sec
2019-06-22 09:35:21.709 18064 INFO rally.task.context [-] Task d33efd7d-5d4e-4fed-a85c-92fac1508a22 | Context quotas@openstack cleanup() started
2019-06-22 09:35:21.816 18064 INFO rally.task.context [-] Task d33efd7d-5d4e-4fed-a85c-92fac1508a22 | Context quotas@openstack cleanup() finished in 0.11 sec
2019-06-22 09:35:21.816 18064 INFO rally.task.context [-] Task d33efd7d-5d4e-4fed-a85c-92fac1508a22 | Context users@openstack cleanup() started
2019-06-22 09:35:24.695 18064 INFO rally.task.context [-] Task d33efd7d-5d4e-4fed-a85c-92fac1508a22 | Context users@openstack cleanup() finished in 2.88 sec
2019-06-22 09:35:25.855 18064 INFO rally.task.engine [-] Load duration is: 24.917426
2019-06-22 09:35:25.855 18064 INFO rally.task.engine [-] Full runner duration is: 24.979927
2019-06-22 09:35:25.855 18064 INFO rally.task.engine [-] Full duration is: 43.12321
2019-06-22 09:35:26.276 18064 INFO rally.task.engine [-] Running workload: position = 0 config = { "version": 2, "title": "A cropped version of a bigger task.", "description": "Auto-generated task from a single workload (uuid=cd867ee7-0c17-4e39-b36b-e5d79eda4296)", "subtasks": [ { "title": "Quotas.neutron_update", "description": "Update quotas for neutron.", "scenario": { "Quotas.neutron_update": { "max_quota": 1024 } }, "contexts": { "users": { "tenants": 20, "users_per_tenant": 1 } }, "runner": { "constant": { "times": 40, "concurrency": 20 } }, "hooks": [], "sla": { "failure_rate": { "max": 0 } } } ] }
2019-06-22 09:35:26.302 18064 RALLYDEBUG rally_openstack.contexts.keystone.users [-] Creating 20 tenants using 20 threads
2019-06-22 09:35:28.515 18064 RALLYDEBUG rally_openstack.contexts.keystone.users [-] Creating 20 users using 20 threads
2019-06-22 09:35:31.611 18064 INFO rally.task.context [-] Task d33efd7d-5d4e-4fed-a85c-92fac1508a22 | Context users@openstack setup() finished in 5.31 sec
2019-06-22 09:35:31.612 18064 INFO rally.task.context [-] Task d33efd7d-5d4e-4fed-a85c-92fac1508a22 | Context admin_cleanup@openstack setup() finished in 0.01 msec
2019-06-22 09:35:31.620 18064 RALLYDEBUG rally.task.runner [-] Starting the constant runner (task UUID: d33efd7d-5d4e-4fed-a85c-92fac1508a22). timeout: 0 concurrency: 20 concurrency_per_worker: 1 times: 40 concurrency_overhead: 4 processes_to_start: 16 max_cpu_used: 16
2019-06-22 09:35:31.635 22680 RALLYDEBUG rally.task.runner [-] Starting a worker. concurrency: 2 args: {"max_quota": 1024} times: 40 method_name: run timeout: 0 duration: None cls:
2019-06-22 09:35:31.639 22681 RALLYDEBUG rally.task.runner [-] Starting a worker. concurrency: 2 args: {"max_quota": 1024} times: 40 method_name: run timeout: 0 duration: None cls:
2019-06-22 09:35:31.642 22682 RALLYDEBUG rally.task.runner [-] Starting a worker. concurrency: 2 args: {"max_quota": 1024} times: 40 method_name: run timeout: 0 duration: None cls:
2019-06-22 09:35:31.645 22683 RALLYDEBUG rally.task.runner [-] Starting a worker. concurrency: 2 args: {"max_quota": 1024} times: 40 method_name: run timeout: 0 duration: None cls:
2019-06-22 09:35:31.648 22684 RALLYDEBUG rally.task.runner [-] Starting a worker. concurrency: 1 args: {"max_quota": 1024} times: 40 method_name: run timeout: 0 duration: None cls:
2019-06-22 09:35:31.651 22685 RALLYDEBUG rally.task.runner [-] Starting a worker. concurrency: 1 args: {"max_quota": 1024} times: 40 method_name: run timeout: 0 duration: None cls:
2019-06-22 09:35:31.654 22688 RALLYDEBUG rally.task.runner [-] Starting a worker. concurrency: 1 args: {"max_quota": 1024} times: 40 method_name: run timeout: 0 duration: None cls:
2019-06-22 09:35:31.655 22681 INFO rally.task.runner [-] Task d33efd7d-5d4e-4fed-a85c-92fac1508a22 | ITER: 2 START
2019-06-22 09:35:31.657 22680 INFO rally.task.runner [-] Task d33efd7d-5d4e-4fed-a85c-92fac1508a22 | ITER: 1 START
2019-06-22 09:35:31.658 22680 INFO rally.task.runner [-] Task d33efd7d-5d4e-4fed-a85c-92fac1508a22 | ITER: 4 START
2019-06-22 09:35:31.660 22684 INFO rally.task.runner [-] Task d33efd7d-5d4e-4fed-a85c-92fac1508a22 | ITER: 7 START
2019-06-22 09:35:31.661 22682 INFO rally.task.runner [-] Task d33efd7d-5d4e-4fed-a85c-92fac1508a22 | ITER: 3 START
2019-06-22 09:35:31.660 22691 RALLYDEBUG rally.task.runner [-] Starting a worker. concurrency: 1 args: {"max_quota": 1024} times: 40 method_name: run timeout: 0 duration: None cls:
2019-06-22 09:35:31.663 22683 INFO rally.task.runner [-] Task d33efd7d-5d4e-4fed-a85c-92fac1508a22 | ITER: 5 START
2019-06-22 09:35:31.664 22685 INFO rally.task.runner [-] Task d33efd7d-5d4e-4fed-a85c-92fac1508a22 | ITER: 9 START
2019-06-22 09:35:31.664 22688 INFO rally.task.runner [-] Task d33efd7d-5d4e-4fed-a85c-92fac1508a22 | ITER: 11 START
2019-06-22 09:35:31.668 22698 RALLYDEBUG rally.task.runner [-] Starting a worker. concurrency: 1 args: {"max_quota": 1024} times: 40 method_name: run timeout: 0 duration: None cls:
2019-06-22 09:35:31.671 22691 INFO rally.task.runner [-] Task d33efd7d-5d4e-4fed-a85c-92fac1508a22 | ITER: 12 START
2019-06-22 09:35:31.672 22682 INFO rally.task.runner [-] Task d33efd7d-5d4e-4fed-a85c-92fac1508a22 | ITER: 8 START
2019-06-22 09:35:31.673 22681 INFO rally.task.runner [-] Task d33efd7d-5d4e-4fed-a85c-92fac1508a22 | ITER: 6 START
2019-06-22 09:35:31.673 22683 INFO rally.task.runner [-] Task d33efd7d-5d4e-4fed-a85c-92fac1508a22 | ITER: 10 START
2019-06-22 09:35:31.678 22698 INFO rally.task.runner [-] Task d33efd7d-5d4e-4fed-a85c-92fac1508a22 | ITER: 13 START
2019-06-22 09:35:31.678 22705 RALLYDEBUG rally.task.runner [-] Starting a worker. concurrency: 1 args: {"max_quota": 1024} times: 40 method_name: run timeout: 0 duration: None cls:
2019-06-22 09:35:31.683 22710 RALLYDEBUG rally.task.runner [-] Starting a worker. concurrency: 1 args: {"max_quota": 1024} times: 40 method_name: run timeout: 0 duration: None cls:
2019-06-22 09:35:31.692 22705 INFO rally.task.runner [-] Task d33efd7d-5d4e-4fed-a85c-92fac1508a22 | ITER: 14 START
2019-06-22 09:35:31.692 22713 RALLYDEBUG rally.task.runner [-] Starting a worker. concurrency: 1 args: {"max_quota": 1024} times: 40 method_name: run timeout: 0 duration: None cls:
2019-06-22 09:35:31.693 22710 INFO rally.task.runner [-] Task d33efd7d-5d4e-4fed-a85c-92fac1508a22 | ITER: 15 START
2019-06-22 09:35:31.695 22714 RALLYDEBUG rally.task.runner [-] Starting a worker. concurrency: 1 args: {"max_quota": 1024} times: 40 method_name: run timeout: 0 duration: None cls:
2019-06-22 09:35:31.702 22719 RALLYDEBUG rally.task.runner [-] Starting a worker. concurrency: 1 args: {"max_quota": 1024} times: 40 method_name: run timeout: 0 duration: None cls:
2019-06-22 09:35:31.703 22713 INFO rally.task.runner [-] Task d33efd7d-5d4e-4fed-a85c-92fac1508a22 | ITER: 16 START
2019-06-22 09:35:31.704 22714 INFO rally.task.runner [-] Task d33efd7d-5d4e-4fed-a85c-92fac1508a22 | ITER: 17 START
2019-06-22 09:35:31.710 22723 RALLYDEBUG rally.task.runner [-] Starting a worker. concurrency: 1 args: {"max_quota": 1024} times: 40 method_name: run timeout: 0 duration: None cls:
2019-06-22 09:35:31.713 22719 INFO rally.task.runner [-] Task d33efd7d-5d4e-4fed-a85c-92fac1508a22 | ITER: 18 START
2019-06-22 09:35:31.715 22725 RALLYDEBUG rally.task.runner [-] Starting a worker. concurrency: 1 args: {"max_quota": 1024} times: 40 method_name: run timeout: 0 duration: None cls:
2019-06-22 09:35:31.717 22723 INFO rally.task.runner [-] Task d33efd7d-5d4e-4fed-a85c-92fac1508a22 | ITER: 19 START
2019-06-22 09:35:31.722 22725 INFO rally.task.runner [-] Task d33efd7d-5d4e-4fed-a85c-92fac1508a22 | ITER: 20 START
2019-06-22 09:35:32.277 22682 INFO rally.task.runner [-] Task d33efd7d-5d4e-4fed-a85c-92fac1508a22 | ITER: 3 END: OK
2019-06-22 09:35:32.284 22682 INFO rally.task.runner [-] Task d33efd7d-5d4e-4fed-a85c-92fac1508a22 | ITER: 21 START
2019-06-22 09:35:32.302 22680 INFO rally.task.runner [-] Task d33efd7d-5d4e-4fed-a85c-92fac1508a22 | ITER: 4 END: OK
2019-06-22 09:35:32.302 22684 INFO rally.task.runner [-] Task d33efd7d-5d4e-4fed-a85c-92fac1508a22 | ITER: 7 END: OK
2019-06-22 09:35:32.305 22710 INFO rally.task.runner [-] Task d33efd7d-5d4e-4fed-a85c-92fac1508a22 | ITER: 15 END: OK
2019-06-22 09:35:32.309 22680 INFO rally.task.runner [-] Task d33efd7d-5d4e-4fed-a85c-92fac1508a22 | ITER: 23 START
2019-06-22 09:35:32.310 22684 INFO rally.task.runner [-] Task d33efd7d-5d4e-4fed-a85c-92fac1508a22 | ITER: 22 START
2019-06-22 09:35:32.311 22710 INFO rally.task.runner [-] Task d33efd7d-5d4e-4fed-a85c-92fac1508a22 | ITER: 24 START
2019-06-22 09:35:32.318 22685 INFO rally.task.runner [-] Task d33efd7d-5d4e-4fed-a85c-92fac1508a22 | ITER: 9 END: OK
2019-06-22 09:35:32.325 22685 INFO rally.task.runner [-] Task d33efd7d-5d4e-4fed-a85c-92fac1508a22 | ITER: 25 START
2019-06-22 09:35:32.329 22688 INFO rally.task.runner [-] Task d33efd7d-5d4e-4fed-a85c-92fac1508a22 | ITER: 11 END: OK
2019-06-22 09:35:32.332 22691 INFO rally.task.runner [-] Task d33efd7d-5d4e-4fed-a85c-92fac1508a22 | ITER: 12 END: OK
2019-06-22 09:35:32.336 22688 INFO rally.task.runner [-] Task d33efd7d-5d4e-4fed-a85c-92fac1508a22 | ITER: 26 START
2019-06-22 09:35:32.339 22691 INFO rally.task.runner [-] Task d33efd7d-5d4e-4fed-a85c-92fac1508a22 | ITER: 27 START
2019-06-22 09:35:32.340 22698 INFO rally.task.runner [-] Task d33efd7d-5d4e-4fed-a85c-92fac1508a22 | ITER: 13 END: OK
2019-06-22 09:35:32.347 22698 INFO rally.task.runner [-] Task d33efd7d-5d4e-4fed-a85c-92fac1508a22 | ITER: 28 START
2019-06-22 09:35:32.360 22681 INFO rally.task.runner [-] Task d33efd7d-5d4e-4fed-a85c-92fac1508a22 | ITER: 2 END: OK
2019-06-22 09:35:32.364 22681 INFO rally.task.runner [-] Task d33efd7d-5d4e-4fed-a85c-92fac1508a22 | ITER: 6 END: OK
2019-06-22 09:35:32.369 22681 INFO rally.task.runner [-] Task d33efd7d-5d4e-4fed-a85c-92fac1508a22 | ITER: 29 START
2019-06-22 09:35:32.378 22681 INFO rally.task.runner [-] Task d33efd7d-5d4e-4fed-a85c-92fac1508a22 | ITER: 30 START
2019-06-22 09:35:32.387 22705 INFO rally.task.runner [-] Task d33efd7d-5d4e-4fed-a85c-92fac1508a22 | ITER: 14 END: OK
2019-06-22 09:35:32.392 22683 INFO rally.task.runner [-] Task d33efd7d-5d4e-4fed-a85c-92fac1508a22 | ITER: 5 END: OK
2019-06-22 09:35:32.393 22705 INFO rally.task.runner [-] Task d33efd7d-5d4e-4fed-a85c-92fac1508a22 | ITER: 31 START
2019-06-22 09:35:32.399 22683 INFO rally.task.runner [-] Task d33efd7d-5d4e-4fed-a85c-92fac1508a22 | ITER: 32 START
2019-06-22 09:35:32.496 22723 INFO rally.task.runner [-] Task d33efd7d-5d4e-4fed-a85c-92fac1508a22 | ITER: 19 END: OK
2019-06-22 09:35:32.503 22723 INFO rally.task.runner [-] Task d33efd7d-5d4e-4fed-a85c-92fac1508a22 | ITER: 33 START
2019-06-22 09:35:32.519 22680 INFO rally.task.runner [-] Task d33efd7d-5d4e-4fed-a85c-92fac1508a22 | ITER: 1 END: OK
2019-06-22 09:35:32.524 22680 INFO rally.task.runner [-] Task d33efd7d-5d4e-4fed-a85c-92fac1508a22 | ITER: 34 START
2019-06-22 09:35:32.526 22725 INFO rally.task.runner [-] Task d33efd7d-5d4e-4fed-a85c-92fac1508a22 | ITER: 20 END: OK
2019-06-22 09:35:32.532 22725 INFO rally.task.runner [-] Task d33efd7d-5d4e-4fed-a85c-92fac1508a22 | ITER: 35 START
2019-06-22 09:35:32.639 22683 INFO rally.task.runner [-] Task d33efd7d-5d4e-4fed-a85c-92fac1508a22 | ITER: 10 END: OK
2019-06-22 09:35:32.647 22683 INFO rally.task.runner [-] Task d33efd7d-5d4e-4fed-a85c-92fac1508a22 | ITER: 36 START
2019-06-22 09:35:32.714 22719 INFO rally.task.runner [-] Task d33efd7d-5d4e-4fed-a85c-92fac1508a22 | ITER: 18 END: OK
2019-06-22 09:35:32.722 22719 INFO rally.task.runner [-] Task d33efd7d-5d4e-4fed-a85c-92fac1508a22 | ITER: 37 START
2019-06-22 09:35:32.817 22691 INFO rally.task.runner [-] Task d33efd7d-5d4e-4fed-a85c-92fac1508a22 | ITER: 27 END: OK
2019-06-22 09:35:32.822 22691 INFO rally.task.runner [-] Task d33efd7d-5d4e-4fed-a85c-92fac1508a22 | ITER: 38 START
2019-06-22 09:35:32.880 22713 INFO rally.task.runner [-] Task d33efd7d-5d4e-4fed-a85c-92fac1508a22 | ITER: 16 END: OK
2019-06-22 09:35:32.888 22713 INFO rally.task.runner [-] Task d33efd7d-5d4e-4fed-a85c-92fac1508a22 | ITER: 39 START
2019-06-22 09:35:32.910 22682 INFO rally.task.runner [-] Task d33efd7d-5d4e-4fed-a85c-92fac1508a22 | ITER: 8 END: OK
2019-06-22 09:35:32.917 22682 INFO rally.task.runner [-] Task d33efd7d-5d4e-4fed-a85c-92fac1508a22 | ITER: 40 START
2019-06-22 09:35:32.920 22710 INFO rally.task.runner [-] Task d33efd7d-5d4e-4fed-a85c-92fac1508a22 | ITER: 24 END: OK
2019-06-22 09:35:32.920 22680 INFO rally.task.runner [-] Task d33efd7d-5d4e-4fed-a85c-92fac1508a22 | ITER: 23 END: OK
2019-06-22 09:35:32.984 22684 INFO rally.task.runner [-] Task d33efd7d-5d4e-4fed-a85c-92fac1508a22 | ITER: 22 END: OK
2019-06-22 09:35:33.030 22681 INFO rally.task.runner [-] Task d33efd7d-5d4e-4fed-a85c-92fac1508a22 | ITER: 30 END: OK
2019-06-22 09:35:33.124 22698 INFO rally.task.runner [-] Task d33efd7d-5d4e-4fed-a85c-92fac1508a22 | ITER: 28 END: OK
2019-06-22 09:35:33.145 22681 INFO rally.task.runner [-] Task d33efd7d-5d4e-4fed-a85c-92fac1508a22 | ITER: 29 END: OK
2019-06-22 09:35:33.285 22723 INFO rally.task.runner [-] Task d33efd7d-5d4e-4fed-a85c-92fac1508a22 | ITER: 33 END: OK
2019-06-22 09:35:33.287 22685 INFO rally.task.runner [-] Task d33efd7d-5d4e-4fed-a85c-92fac1508a22 | ITER: 25 END: OK
2019-06-22 09:35:33.288 22683 INFO rally.task.runner [-] Task d33efd7d-5d4e-4fed-a85c-92fac1508a22 | ITER: 36 END: OK
2019-06-22 09:35:33.289 22688 INFO rally.task.runner [-] Task d33efd7d-5d4e-4fed-a85c-92fac1508a22 | ITER: 26 END: OK
2019-06-22 09:35:33.296 22683 INFO rally.task.runner [-] Task d33efd7d-5d4e-4fed-a85c-92fac1508a22 | ITER: 32 END: OK
2019-06-22 09:35:33.307 22714 INFO rally.task.runner [-] Task d33efd7d-5d4e-4fed-a85c-92fac1508a22 | ITER: 17 END: OK
2019-06-22 09:35:33.331 22680 INFO rally.task.runner [-] Task d33efd7d-5d4e-4fed-a85c-92fac1508a22 | ITER: 34 END: OK
2019-06-22 09:35:33.338 22682 INFO rally.task.runner [-] Task d33efd7d-5d4e-4fed-a85c-92fac1508a22 | ITER: 21 END: OK
2019-06-22 09:35:33.367 22725 INFO rally.task.runner [-] Task d33efd7d-5d4e-4fed-a85c-92fac1508a22 | ITER: 35 END: OK
2019-06-22 09:35:33.438 22705 INFO rally.task.runner [-] Task d33efd7d-5d4e-4fed-a85c-92fac1508a22 | ITER: 31 END: OK
2019-06-22 09:35:33.472 22719 INFO rally.task.runner [-] Task d33efd7d-5d4e-4fed-a85c-92fac1508a22 | ITER: 37 END: OK
2019-06-22 09:35:33.494 22691 INFO rally.task.runner [-] Task d33efd7d-5d4e-4fed-a85c-92fac1508a22 | ITER: 38 END: OK
2019-06-22 09:35:33.503 22713 INFO rally.task.runner [-] Task d33efd7d-5d4e-4fed-a85c-92fac1508a22 | ITER: 39 END: OK
2019-06-22 09:35:33.582 22682 INFO rally.task.runner [-] Task d33efd7d-5d4e-4fed-a85c-92fac1508a22 | ITER: 40 END: OK
2019-06-22 09:35:33.606 18064 INFO rally.task.context [-] Task d33efd7d-5d4e-4fed-a85c-92fac1508a22 | Context admin_cleanup@openstack cleanup() started
2019-06-22 09:35:33.609 18064 RALLYDEBUG rally_openstack.cleanup.manager [-] Cleaning up neutron quota objects
2019-06-22 09:35:35.228 18064 INFO rally.task.context [-] Task d33efd7d-5d4e-4fed-a85c-92fac1508a22 | Context admin_cleanup@openstack cleanup() finished in 1.62 sec
2019-06-22 09:35:35.229 18064 INFO rally.task.context [-] Task d33efd7d-5d4e-4fed-a85c-92fac1508a22 | Context users@openstack cleanup() started
2019-06-22 09:35:56.949 18064 INFO rally.task.context [-] Task d33efd7d-5d4e-4fed-a85c-92fac1508a22 | Context users@openstack cleanup() finished in 21.72 sec
2019-06-22 09:35:58.551 18064 INFO rally.task.engine [-] Load duration is: 1.92448
2019-06-22 09:35:58.551 18064 INFO rally.task.engine [-] Full runner duration is: 1.986417
2019-06-22 09:35:58.552 18064 INFO rally.task.engine [-] Full duration is: 30.654974
2019-06-22 09:35:58.889 18064 INFO rally.task.engine [-] Running workload: position = 0 config = { "version": 2, "title": "A cropped version of a bigger task.", "description": "Auto-generated task from a single workload (uuid=159a39de-e711-45e6-8597-e9f7c90306d1)", "subtasks": [ { "title": "NeutronTrunks.create_and_list_trunk_subports", "description": "", "scenario": { "NeutronTrunks.create_and_list_trunk_subports": { "subport_count": 125 } }, "contexts": { "users": { "tenants": 1, "users_per_tenant": 1 }, "quotas": { "neutron": { "network": -1, "port": 1000 } } }, "runner": { "constant": { "times": 4, "concurrency": 4 } }, "hooks": [], "sla": { "failure_rate": { "max": 0 } } } ] }
2019-06-22 09:35:58.915 18064 RALLYDEBUG rally_openstack.contexts.keystone.users [-] Creating 1 tenants using 20 threads
2019-06-22 09:35:59.944 18064 RALLYDEBUG rally_openstack.contexts.keystone.users [-] Creating 1 users using 20 threads
2019-06-22 09:36:01.540 18064 INFO rally.task.context [-] Task d33efd7d-5d4e-4fed-a85c-92fac1508a22 | Context users@openstack setup() finished in 2.63 sec
2019-06-22 09:36:02.082 18064 INFO rally.task.context [-] Task d33efd7d-5d4e-4fed-a85c-92fac1508a22 | Context quotas@openstack setup() finished in 0.54 sec
2019-06-22 09:36:02.083 18064 INFO rally.task.context [-] Task d33efd7d-5d4e-4fed-a85c-92fac1508a22 | Context cleanup@openstack setup() finished in 0.01 msec
2019-06-22 09:36:02.091 18064 RALLYDEBUG rally.task.runner [-] Starting the constant runner (task UUID: d33efd7d-5d4e-4fed-a85c-92fac1508a22). timeout: 0 concurrency: 4 concurrency_per_worker: 1 times: 4 concurrency_overhead: 0 processes_to_start: 4 max_cpu_used: 16
2019-06-22 09:36:02.106 22870 RALLYDEBUG rally.task.runner [-] Starting a worker. concurrency: 1 args: {"subport_count": 125} times: 4 method_name: run timeout: 0 duration: None cls:
2019-06-22 09:36:02.109 22871 RALLYDEBUG rally.task.runner [-] Starting a worker. concurrency: 1 args: {"subport_count": 125} times: 4 method_name: run timeout: 0 duration: None cls:
2019-06-22 09:36:02.113 22870 INFO rally.task.runner [-] Task d33efd7d-5d4e-4fed-a85c-92fac1508a22 | ITER: 1 START
2019-06-22 09:36:02.113 22872 RALLYDEBUG rally.task.runner [-] Starting a worker. concurrency: 1 args: {"subport_count": 125} times: 4 method_name: run timeout: 0 duration: None cls:
2019-06-22 09:36:02.115 22871 INFO rally.task.runner [-] Task d33efd7d-5d4e-4fed-a85c-92fac1508a22 | ITER: 2 START
2019-06-22 09:36:02.116 22873 RALLYDEBUG rally.task.runner [-] Starting a worker. concurrency: 1 args: {"subport_count": 125} times: 4 method_name: run timeout: 0 duration: None cls:
2019-06-22 09:36:02.119 22872 INFO rally.task.runner [-] Task d33efd7d-5d4e-4fed-a85c-92fac1508a22 | ITER: 3 START
2019-06-22 09:36:02.122 22873 INFO rally.task.runner [-] Task d33efd7d-5d4e-4fed-a85c-92fac1508a22 | ITER: 4 START
2019-06-22 09:37:45.877 22870 WARNING rally.task.atomic [-] 'optional_action_timer' is deprecated since rally v0.10.0.Please use action_timer instead, we have improved atomic actions, now do not need to explicitly close original action.
2019-06-22 09:37:45.914 22870 WARNING rally.task.atomic [-] 'optional_action_timer' is deprecated since rally v0.10.0.Please use action_timer instead, we have improved atomic actions, now do not need to explicitly close original action.
2019-06-22 09:37:46.715 22870 INFO rally.task.runner [-] Task d33efd7d-5d4e-4fed-a85c-92fac1508a22 | ITER: 1 END: OK
2019-06-22 09:37:47.156 22872 WARNING rally.task.atomic [-] 'optional_action_timer' is deprecated since rally v0.10.0.Please use action_timer instead, we have improved atomic actions, now do not need to explicitly close original action.
2019-06-22 09:37:47.197 22872 WARNING rally.task.atomic [-] 'optional_action_timer' is deprecated since rally v0.10.0.Please use action_timer instead, we have improved atomic actions, now do not need to explicitly close original action.
2019-06-22 09:37:47.591 22871 WARNING rally.task.atomic [-] 'optional_action_timer' is deprecated since rally v0.10.0.Please use action_timer instead, we have improved atomic actions, now do not need to explicitly close original action.
2019-06-22 09:37:47.626 22871 WARNING rally.task.atomic [-] 'optional_action_timer' is deprecated since rally v0.10.0.Please use action_timer instead, we have improved atomic actions, now do not need to explicitly close original action.
2019-06-22 09:37:47.983 22872 INFO rally.task.runner [-] Task d33efd7d-5d4e-4fed-a85c-92fac1508a22 | ITER: 3 END: OK
2019-06-22 09:37:48.529 22871 INFO rally.task.runner [-] Task d33efd7d-5d4e-4fed-a85c-92fac1508a22 | ITER: 2 END: OK
2019-06-22 09:37:49.420 22873 WARNING rally.task.atomic [-] 'optional_action_timer' is deprecated since rally v0.10.0.Please use action_timer instead, we have improved atomic actions, now do not need to explicitly close original action.
2019-06-22 09:37:49.471 22873 WARNING rally.task.atomic [-] 'optional_action_timer' is deprecated since rally v0.10.0.Please use action_timer instead, we have improved atomic actions, now do not need to explicitly close original action.
2019-06-22 09:37:50.065 22873 INFO rally.task.runner [-] Task d33efd7d-5d4e-4fed-a85c-92fac1508a22 | ITER: 4 END: OK
2019-06-22 09:37:50.091 18064 INFO rally.task.context [-] Task d33efd7d-5d4e-4fed-a85c-92fac1508a22 | Context cleanup@openstack cleanup() started
2019-06-22 09:37:50.094 18064 RALLYDEBUG rally_openstack.cleanup.manager [-] Cleaning up neutron vip objects
2019-06-22 09:37:50.551 18064 RALLYDEBUG rally_openstack.cleanup.manager [-] Cleaning up neutron health_monitor objects
2019-06-22 09:37:50.971 18064 RALLYDEBUG rally_openstack.cleanup.manager [-] Cleaning up neutron pool objects
2019-06-22 09:37:51.400 18064 RALLYDEBUG rally_openstack.cleanup.manager [-] Cleaning up neutron loadbalancer objects
2019-06-22 09:37:51.801 18064 RALLYDEBUG rally_openstack.cleanup.manager [-] Cleaning up neutron floatingip objects
2019-06-22 09:37:52.250 18064 RALLYDEBUG rally_openstack.cleanup.manager [-] Cleaning up neutron port objects
2019-06-22 09:37:53.852 18064 RALLYDEBUG rally_openstack.cleanup.manager [-] Deleting neutron.port object s_rally_159a39de_He7bvYTf (0a3df58e-6869-4060-bd23-ded242abadea)
2019-06-22 09:37:53.853 18064 RALLYDEBUG rally_openstack.cleanup.manager [-] Deleting neutron.port object s_rally_159a39de_61Y4Xw54 (028497fe-825d-484a-9132-9aa5c4d1925f)
2019-06-22 09:37:53.856 18064 RALLYDEBUG rally_openstack.cleanup.manager [-] Deleting neutron.port object s_rally_159a39de_XmeEWThG (0662bb93-1352-4508-af4b-ec203d12998c)
2019-06-22 09:37:53.859 18064 RALLYDEBUG rally_openstack.cleanup.manager [-] Deleting neutron.port object s_rally_159a39de_Y7MKIR2U (0d493b66-3a11-4eab-8bcb-ba19871df4d7)
2019-06-22 09:37:53.862 18064 RALLYDEBUG rally_openstack.cleanup.manager [-] Deleting neutron.port object s_rally_159a39de_4v2eTICR (0a4fdcb9-ea1e-4c98-aea1-31f55d8e8f47)
2019-06-22 09:37:53.864 18064 RALLYDEBUG rally_openstack.cleanup.manager [-] Deleting neutron.port object s_rally_159a39de_UesEa700 (083f8689-781d-4be4-b257-96f2a28bca24)
2019-06-22 09:37:53.870 18064 RALLYDEBUG rally_openstack.cleanup.manager [-] Deleting neutron.port object s_rally_159a39de_Vfz0MZZL (022de1b9-7092-4a9d-8bd4-61708276ef2d)
2019-06-22 09:37:53.875 18064 RALLYDEBUG rally_openstack.cleanup.manager [-] Deleting neutron.port object s_rally_159a39de_6isSlqju (0a6c8e6e-5afe-49ae-a8e0-e2e12d307a71)
2019-06-22 09:37:53.877 18064 RALLYDEBUG rally_openstack.cleanup.manager [-] Deleting neutron.port object s_rally_159a39de_3PKou52w (06458c45-cc54-4fe0-a444-60db43a853b9)
2019-06-22 09:37:53.877 18064 RALLYDEBUG rally_openstack.cleanup.manager [-] Deleting neutron.port object s_rally_159a39de_TjeL8NKn (0a9f78bb-e479-4292-aa2f-d9ce90b7707b)
2019-06-22 09:37:53.877 18064 RALLYDEBUG rally_openstack.cleanup.manager [-] Deleting neutron.port object s_rally_159a39de_nvJidBrd (02acd225-a370-4f4d-b8f7-264aa3737de3)
2019-06-22 09:37:53.879 18064 RALLYDEBUG rally_openstack.cleanup.manager [-] Deleting neutron.port object s_rally_159a39de_9UZRrbAg (091cccbe-06ad-4da8-8025-9449e7ed2c31)
2019-06-22 09:37:53.882 18064 RALLYDEBUG rally_openstack.cleanup.manager [-] Deleting neutron.port object s_rally_159a39de_03x4oRqF (0cb7a104-876b-4013-8a7c-3f21cc01ff53)
2019-06-22 09:37:53.892 18064 RALLYDEBUG rally_openstack.cleanup.manager [-] Deleting neutron.port object s_rally_159a39de_VGBzyd2l (02b011d3-1282-45af-bd87-1341ef49e030)
2019-06-22 09:37:53.894 18064 RALLYDEBUG rally_openstack.cleanup.manager [-] Deleting neutron.port object s_rally_159a39de_VcDJejs6 (00bd62e5-f4dd-4117-814e-2d11522ae471)
2019-06-22 09:37:53.895 18064 RALLYDEBUG rally_openstack.cleanup.manager [-] Deleting neutron.port object s_rally_159a39de_E8Ez9MhR (09c3fea7-0346-4f3a-a016-9eeb415d7042)
2019-06-22 09:37:53.896 18064 RALLYDEBUG rally_openstack.cleanup.manager [-] Deleting neutron.port object s_rally_159a39de_Ul3E2rMM (0c70d67e-b69d-4a96-8ede-ec4a656d526f)
2019-06-22 09:37:53.907 18064 RALLYDEBUG rally_openstack.cleanup.manager [-] Deleting neutron.port object s_rally_159a39de_xGo0n6F6 (0959667f-c1b3-40db-b380-7b0423b7d17a)
2019-06-22 09:37:53.916 18064 RALLYDEBUG rally_openstack.cleanup.manager [-] Deleting neutron.port object s_rally_159a39de_8s4imyZ8 (039e1828-7ab4-4987-b831-9bcf08998991)
2019-06-22 09:37:53.917 18064 RALLYDEBUG rally_openstack.cleanup.manager [-] Deleting neutron.port object s_rally_159a39de_Nm2CPvkN (030e56fd-d73b-4985-9618-7a5255066af8)
2019-06-22 09:37:56.374 18064 RALLYDEBUG rally_openstack.cleanup.manager [-] Deleting neutron.port object s_rally_159a39de_93fxGKdv (0d8598a9-3003-402c-af63-d08e0a4667ce)
2019-06-22 09:37:56.410 18064 RALLYDEBUG rally_openstack.cleanup.manager [-] Deleting neutron.port object s_rally_159a39de_4QQI4UYE (0dfc86b4-d78e-4278-b7f7-f7f06e95e1cc)
2019-06-22 09:37:56.435 18064 RALLYDEBUG rally_openstack.cleanup.manager [-] Deleting neutron.port object s_rally_159a39de_4NqdSmkJ (0f3fda3a-7abc-4aa2-ae28-6e59c83c940f)
2019-06-22 09:37:56.545 18064 RALLYDEBUG rally_openstack.cleanup.manager [-] Deleting neutron.port object s_rally_159a39de_OsKHc0k6 (0f7639f0-66c2-4218-beff-82b114a26418)
2019-06-22 09:37:56.619 18064 RALLYDEBUG rally_openstack.cleanup.manager [-] Deleting neutron.port object s_rally_159a39de_Dnc3G9Ir (0fa6aed9-6117-45e4-8329-b3fc2c16a549)
2019-06-22 09:37:56.642 18064 RALLYDEBUG rally_openstack.cleanup.manager [-] Deleting neutron.port object s_rally_159a39de_PErqZP18 (0fa97ea6-6043-4e50-9791-ff38dd2d4f92)
2019-06-22 09:37:56.657 18064 RALLYDEBUG rally_openstack.cleanup.manager [-] Deleting neutron.port object s_rally_159a39de_uB9LWXIT (0fc87f86-88cd-4acb-ad74-2a2da6137e45)
2019-06-22 09:37:56.670 18064 RALLYDEBUG rally_openstack.cleanup.manager [-] Deleting neutron.port object s_rally_159a39de_t2clgYgC (10f6e1d4-0b2d-4458-afdf-dddfb0db38c8)
2019-06-22 09:37:56.703 18064 RALLYDEBUG rally_openstack.cleanup.manager [-] Deleting neutron.port object s_rally_159a39de_xYUVxAgQ (11520dcd-f070-4006-8742-dad636c1112f)
2019-06-22 09:37:56.779 18064 RALLYDEBUG rally_openstack.cleanup.manager [-] Deleting neutron.port object s_rally_159a39de_CeShogXt (1163ba2a-f48e-4b54-8c2c-3bffd9a8ff01)
2019-06-22 09:37:56.779 18064 RALLYDEBUG rally_openstack.cleanup.manager [-] Deleting neutron.port object s_rally_159a39de_trtWk6Ac (128f0800-d725-45af-af5c-45b254dc30bf)
2019-06-22 09:37:56.814 18064 RALLYDEBUG rally_openstack.cleanup.manager [-] Deleting neutron.port object s_rally_159a39de_lSuDezsd (12b3e284-3c40-4257-b576-dfbd3d568448)
2019-06-22 09:37:56.827 18064 RALLYDEBUG rally_openstack.cleanup.manager [-] Deleting neutron.port object s_rally_159a39de_2bhAJVkh (14265be2-ef4a-40a3-834e-fc0bbde78668)
2019-06-22 09:37:56.839 18064 RALLYDEBUG rally_openstack.cleanup.manager [-] Deleting neutron.port object s_rally_159a39de_1QWkHg44 (1436a46d-76a3-4909-a884-e45cc5a8b538)
2019-06-22 09:37:56.871 18064 RALLYDEBUG rally_openstack.cleanup.manager [-] Deleting neutron.port object s_rally_159a39de_5bvHRikS (16ada6d6-40bd-4380-95a6-e62bf09f2a94)
2019-06-22 09:37:56.874 18064 RALLYDEBUG rally_openstack.cleanup.manager [-] Deleting neutron.port object s_rally_159a39de_EyQRbXkp (14f7000b-0697-471e-9327-9d3d3ea7c4e6)
2019-06-22 09:37:56.874 18064 RALLYDEBUG rally_openstack.cleanup.manager [-] Deleting neutron.port object s_rally_159a39de_PQxcvz8r (1468c59f-a70b-459a-a4a5-01e86682cee5)
2019-06-22 09:37:56.877 18064 RALLYDEBUG rally_openstack.cleanup.manager [-] Deleting neutron.port object s_rally_159a39de_qJ5uCLdj (16daf9a8-e81f-46bf-828f-90d27ea24b70)
2019-06-22 09:37:56.947 18064 RALLYDEBUG rally_openstack.cleanup.manager [-] Deleting neutron.port object s_rally_159a39de_VbFkm3LJ (1890e2a0-8cb0-4950-a181-c4735617f1a1)
2019-06-22 09:37:56.960 18064 RALLYDEBUG rally_openstack.cleanup.manager [-] Deleting neutron.port object s_rally_159a39de_hPCMEuF8 (1896fbb0-b9b7-49fe-848c-6f6f4ed90cbe)
2019-06-22 09:37:58.481 18064 RALLYDEBUG rally_openstack.cleanup.manager [-] Deleting neutron.port object s_rally_159a39de_E3wazmVA (1a16e3dd-e333-49f7-bbd1-53c0611eb1b3)
2019-06-22 09:37:58.702 18064 RALLYDEBUG rally_openstack.cleanup.manager [-] Deleting neutron.port object s_rally_159a39de_tZgVN4b1 (1a9fb172-beed-46cf-9121-1bb212c590ba)
2019-06-22 09:37:58.804 18064 RALLYDEBUG rally_openstack.cleanup.manager [-] Deleting neutron.port object s_rally_159a39de_xxjoVx2w (1abf1890-84dd-4723-b99c-197321969b7b)
2019-06-22 09:37:58.958 18064 RALLYDEBUG rally_openstack.cleanup.manager [-] Deleting neutron.port object s_rally_159a39de_sGIS7nQv (1bb21650-699c-400c-a067-c146af3604a9)
2019-06-22 09:37:59.135 18064 RALLYDEBUG rally_openstack.cleanup.manager [-] Deleting neutron.port object s_rally_159a39de_e4oPYzVS (1c02a7df-302d-4155-98c0-5cbba9e73cd5)
2019-06-22 09:37:59.245 18064 RALLYDEBUG rally_openstack.cleanup.manager [-] Deleting neutron.port object s_rally_159a39de_Ot6PSWqM (1c8afb53-e92d-400a-8d2d-5519937e6d5b)
2019-06-22 09:37:59.353 18064 RALLYDEBUG rally_openstack.cleanup.manager [-] Deleting neutron.port object s_rally_159a39de_QLqa7q1H (1c979291-5a7a-4c71-8c0f-4c68707456c8)
2019-06-22 09:37:59.378 18064 RALLYDEBUG rally_openstack.cleanup.manager [-] Deleting neutron.port object s_rally_159a39de_VZ2xAehb (1d159a42-ff01-4cc3-abad-c3d4f63618e4)
2019-06-22 09:37:59.389 18064 RALLYDEBUG rally_openstack.cleanup.manager [-] Deleting neutron.port object s_rally_159a39de_PKqQv8EL (1e3aa44e-249d-458f-aabf-6396d6a644eb)
2019-06-22 09:37:59.393 18064 RALLYDEBUG rally_openstack.cleanup.manager [-] Deleting neutron.port object s_rally_159a39de_yXWiposo (1d57c1f1-ddf8-4091-b268-c0b672eb7b63)
2019-06-22 09:37:59.452 18064 RALLYDEBUG rally_openstack.cleanup.manager [-] Deleting neutron.port object s_rally_159a39de_VsU461DJ (1e781f46-f8ac-4293-ab04-c8b2f73c8923)
2019-06-22 09:37:59.542 18064 RALLYDEBUG rally_openstack.cleanup.manager [-] Deleting neutron.port object s_rally_159a39de_hVC5lSg5 (1e9bf2ac-4845-4c9c-a900-4aa4929acb05)
2019-06-22 09:37:59.599 18064 RALLYDEBUG rally_openstack.cleanup.manager [-] Deleting neutron.port object s_rally_159a39de_KySgj1PM (1f4c2bab-dacf-47ce-9cbf-c0d1a7becc33)
2019-06-22 09:37:59.735 18064 RALLYDEBUG rally_openstack.cleanup.manager [-] Deleting neutron.port object s_rally_159a39de_hgvvfpjg (1f85fefd-cf45-4e01-acde-bf5a261101b6)
2019-06-22 09:37:59.737 18064 RALLYDEBUG rally_openstack.cleanup.manager [-] Deleting neutron.port object s_rally_159a39de_Krlwi5xD (2012e9ef-1b7e-4a3e-895c-05974d7ba972)
2019-06-22 09:37:59.872 18064 RALLYDEBUG rally_openstack.cleanup.manager [-] Deleting neutron.port object s_rally_159a39de_ifG8ovV4 (20708b3b-f90d-4123-801f-80336dd27ed5)
2019-06-22 09:37:59.976 18064 RALLYDEBUG rally_openstack.cleanup.manager [-] Deleting neutron.port object s_rally_159a39de_6qJ77KDw (207770b4-655c-4346-81cb-ac2e42115401)
2019-06-22 09:37:59.980 18064 RALLYDEBUG rally_openstack.cleanup.manager [-] Deleting neutron.port object s_rally_159a39de_PZJ4o0m3 (207936f8-cd70-42fc-aedf-2bb18741a0f0)
2019-06-22 09:38:00.090 18064 RALLYDEBUG rally_openstack.cleanup.manager [-] Deleting neutron.port object s_rally_159a39de_sM40M09b (2089e1e4-f173-4b9b-ba01-4c03d9897299)
2019-06-22 09:38:00.148 18064 RALLYDEBUG rally_openstack.cleanup.manager [-] Deleting neutron.port object s_rally_159a39de_MZyHDadn (20c6fabf-b708-4594-ae6a-76ed9543f032)
2019-06-22 09:38:00.419 18064 RALLYDEBUG rally_openstack.cleanup.manager [-] Deleting neutron.port object s_rally_159a39de_93cTWhoX (20d7fc9d-c743-4b59-a343-871a38d2908f)
2019-06-22 09:38:00.705 18064 RALLYDEBUG rally_openstack.cleanup.manager [-] Deleting neutron.port object s_rally_159a39de_BcfWO73x (21477571-c3de-433b-8f15-51428c9f9125)
2019-06-22 09:38:00.911 18064 RALLYDEBUG rally_openstack.cleanup.manager [-] Deleting neutron.port object s_rally_159a39de_ASZlGVQq (2169e786-df35-437c-a64b-f0bd80d56739)
2019-06-22 09:38:01.143 18064 RALLYDEBUG rally_openstack.cleanup.manager [-] Deleting neutron.port object s_rally_159a39de_aqJLNCMk (217410f9-8cbb-41d1-9557-fe3d21914d61)
2019-06-22 09:38:01.298 18064 RALLYDEBUG rally_openstack.cleanup.manager [-] Deleting neutron.port object s_rally_159a39de_PEKU1kr7 (22153463-b496-4f1c-843e-d0cb9fbca5d4)
2019-06-22 09:38:01.302 18064 RALLYDEBUG rally_openstack.cleanup.manager [-] Deleting neutron.port object s_rally_159a39de_FI9nVNI4 (224d2fd5-c15d-4b77-8308-c804bfffc256)
2019-06-22 09:38:01.478 18064 RALLYDEBUG rally_openstack.cleanup.manager [-] Deleting neutron.port object s_rally_159a39de_5juzqw3N (226476ae-cf80-46ed-afca-525178fc2814)
2019-06-22 09:38:01.537 18064 RALLYDEBUG rally_openstack.cleanup.manager [-] Deleting neutron.port object s_rally_159a39de_8ZmVnpa5 (22989551-7fee-4269-b585-99304c5f0727)
2019-06-22 09:38:01.705 18064 RALLYDEBUG rally_openstack.cleanup.manager [-] Deleting neutron.port object s_rally_159a39de_NFpv9trI (22e1d595-ffed-4579-bdf7-1f1f4eda7fee)
2019-06-22 09:38:01.731 18064 RALLYDEBUG rally_openstack.cleanup.manager [-] Deleting neutron.port object s_rally_159a39de_DnVbki0O (2301912b-e692-48e6-b0f1-71aa5d3f1d9f)
2019-06-22 09:38:01.946 18064 RALLYDEBUG rally_openstack.cleanup.manager [-] Deleting neutron.port object s_rally_159a39de_C95oqGFG (2343b1dc-66f8-4014-9eee-b74f9d3f9668)
2019-06-22 09:38:02.022 18064 RALLYDEBUG rally_openstack.cleanup.manager [-] Deleting neutron.port object s_rally_159a39de_0FCeAwl7 (235afad6-3608-49c0-afb6-7c76dc6edc06)
2019-06-22 09:38:02.303 18064 RALLYDEBUG rally_openstack.cleanup.manager [-] Deleting neutron.port object s_rally_159a39de_3GbFgKTJ (23824935-9d7f-45e0-8819-bd60b79790a5)
2019-06-22 09:38:02.306 18064 RALLYDEBUG rally_openstack.cleanup.manager [-] Deleting neutron.port object s_rally_159a39de_QDtMoz6l (23983f96-9f62-47d2-8fb0-60af7530cfdf)
2019-06-22 09:38:02.359 18064 RALLYDEBUG rally_openstack.cleanup.manager [-] Deleting neutron.port object s_rally_159a39de_Coq9jxr2 (23d0ed1d-2cff-43bc-ab1e-22462feb93c9)
2019-06-22 09:38:02.441 18064 RALLYDEBUG rally_openstack.cleanup.manager [-] Deleting neutron.port object s_rally_159a39de_rsD4Haf5 (243108b8-29fc-48ec-b16f-ef7071de5c8c)
2019-06-22 09:38:02.468 18064 RALLYDEBUG rally_openstack.cleanup.manager [-] Deleting neutron.port object s_rally_159a39de_w249ndqR (267d298e-67c3-45d5-b566-d6810a5f8eff)
2019-06-22 09:38:02.473 18064 RALLYDEBUG rally_openstack.cleanup.manager [-] Deleting neutron.port object s_rally_159a39de_XQOAxYJS (276bbc62-913f-4613-bb41-7fca3b8ac0f8)
2019-06-22 09:38:02.528 18064 RALLYDEBUG rally_openstack.cleanup.manager [-] Deleting neutron.port object s_rally_159a39de_CvhlyKsM (27c5d901-d1ce-43f1-8246-2655e65ffec8)
2019-06-22 09:38:02.847 18064 RALLYDEBUG rally_openstack.cleanup.manager [-] Deleting neutron.port object s_rally_159a39de_UwYqw4bz (28ad6b84-c4f6-436d-adfb-826145f5f5dd)
2019-06-22 09:38:02.917 18064 RALLYDEBUG rally_openstack.cleanup.manager [-] Deleting neutron.port object s_rally_159a39de_wxRJlod2 (29aea8d5-8339-4ea7-8f37-685ac9596b39)
2019-06-22 09:38:02.935 18064 RALLYDEBUG rally_openstack.cleanup.manager [-] Deleting neutron.port object s_rally_159a39de_BhD1wcZD (2b8bc7ce-62b4-491a-b9df-cd118d06df15)
2019-06-22 09:38:03.033 18064 RALLYDEBUG rally_openstack.cleanup.manager [-] Deleting neutron.port object s_rally_159a39de_lqCfzjTk (2bc17072-aa47-48f4-a8e1-f4ad7344d298)
2019-06-22 09:38:03.217 18064 RALLYDEBUG rally_openstack.cleanup.manager [-] Deleting neutron.port object s_rally_159a39de_E6gMqhhE (2d0418ef-b3fc-40ac-aad0-52d806c6ca2d)
2019-06-22 09:38:03.283 18064 RALLYDEBUG rally_openstack.cleanup.manager [-] Deleting neutron.port object s_rally_159a39de_fiMFlwGK (2d6acb84-c3bf-4147-84b9-4ba429a9805f)
2019-06-22 09:38:03.311 18064 RALLYDEBUG rally_openstack.cleanup.manager [-] Deleting neutron.port object s_rally_159a39de_FD96N2bV (2d83647d-00ec-466c-9064-223eadbbfdda)
2019-06-22 09:38:03.711 18064 RALLYDEBUG rally_openstack.cleanup.manager [-] Deleting neutron.port object s_rally_159a39de_BZfEjTrb (2db4d197-7de4-4f4b-b0ed-26f885f02959)
2019-06-22 09:38:04.098 18064 RALLYDEBUG rally_openstack.cleanup.manager [-] Deleting neutron.port object s_rally_159a39de_y3DWKBIg (2e472b0a-d2d0-471f-99e4-1a70f4bbb783)
2019-06-22 09:38:04.119 18064 RALLYDEBUG rally_openstack.cleanup.manager [-] Deleting neutron.port object s_rally_159a39de_dA3xOJ0P (2ee17f9f-da8e-40dd-868c-86838ac96aff)
2019-06-22 09:38:04.122 18064 RALLYDEBUG rally_openstack.cleanup.manager [-] Deleting neutron.port object s_rally_159a39de_xDCS2y3k (2ef5704f-7037-4873-944f-51451d14c719)
2019-06-22 09:38:04.128 18064 RALLYDEBUG rally_openstack.cleanup.manager [-] Deleting neutron.port object s_rally_159a39de_cUkVX9xq (2f0a5394-3b54-4043-99f3-6f14cade620e)
2019-06-22 09:38:04.179 18064 RALLYDEBUG rally_openstack.cleanup.manager [-] Deleting neutron.port object s_rally_159a39de_l1hAHjAZ (2f9c42f8-59aa-406b-a2ab-bd810c292cdf)
2019-06-22 09:38:04.331 18064 RALLYDEBUG rally_openstack.cleanup.manager [-] Deleting neutron.port object s_rally_159a39de_CA5pKQaB (30247b3c-c8a5-4474-a6bd-7d009def4dc3)
2019-06-22 09:38:04.445 18064 RALLYDEBUG rally_openstack.cleanup.manager [-] Deleting neutron.port object s_rally_159a39de_gBxQAy2N (30e81cdd-0b47-41f2-a340-f25003dbefaf)
2019-06-22 09:38:04.561 18064 RALLYDEBUG rally_openstack.cleanup.manager [-] Deleting neutron.port object s_rally_159a39de_fvGEQUqP (30fb79f6-2b67-4a66-acc8-50c0a6bc5e54)
2019-06-22 09:38:04.618 18064 RALLYDEBUG rally_openstack.cleanup.manager [-] Deleting neutron.port object s_rally_159a39de_CK5jWr93 (316470b9-7058-41f0-b310-9a6af31c1c50)
2019-06-22 09:38:04.893 18064 RALLYDEBUG rally_openstack.cleanup.manager [-] Deleting neutron.port object s_rally_159a39de_xPfCCyKF (31d2d25b-8b9e-451a-8b3e-5ec94c1da6a5)
2019-06-22 09:38:04.943 18064 RALLYDEBUG rally_openstack.cleanup.manager [-] Deleting neutron.port object s_rally_159a39de_zu9Dfetc (32583dce-0e45-4c25-891c-6ac54fff6f12)
2019-06-22 09:38:05.027 18064 RALLYDEBUG rally_openstack.cleanup.manager [-] Deleting neutron.port object s_rally_159a39de_Wvte400Q (32755b13-e027-4dd9-a01f-8a0c1c9a799a)
