2019-06-22 09:33:15.882 18064 RALLYDEBUG rally_openstack.cleanup.manager [-] Deleting neutron.port object s_rally_0c6c14c9_cYlzbgln (d47011b2-ff3c-4028-9b96-45f357b58743)
2019-06-22 09:33:16.050 18064 RALLYDEBUG rally_openstack.cleanup.manager [-] Deleting neutron.port object s_rally_0c6c14c9_AClrz2AD (d495c799-523e-4f1f-acbf-f488bfb7a525)
2019-06-22 09:33:16.318 18064 RALLYDEBUG rally_openstack.cleanup.manager [-] Deleting neutron.port object s_rally_0c6c14c9_2Do4a3TD (d4c3eb5f-dc05-411d-83d0-f9cbecf2679f)
2019-06-22 09:33:16.408 18064 RALLYDEBUG rally_openstack.cleanup.manager [-] Deleting neutron.port object s_rally_0c6c14c9_gp03sbjx (d54841e2-a522-4493-86eb-784efc81f60b)
2019-06-22 09:33:16.454 18064 RALLYDEBUG rally_openstack.cleanup.manager [-] Deleting neutron.port object s_rally_0c6c14c9_VNQiaqNc (d5bcf9df-d64c-4cb6-8d0a-9349149aeb7a)
2019-06-22 09:33:16.471 18064 RALLYDEBUG rally_openstack.cleanup.manager [-] Deleting neutron.port object s_rally_0c6c14c9_KaoZQszq (d7067132-890e-478b-a7ba-95bb35cdf75b)
2019-06-22 09:33:16.686 18064 RALLYDEBUG rally_openstack.cleanup.manager [-] Deleting neutron.port object s_rally_0c6c14c9_6aJgaCpD (d865b69a-34e6-4e79-9d0b-571e17de6320)
2019-06-22 09:33:16.746 18064 RALLYDEBUG rally_openstack.cleanup.manager [-] Deleting neutron.port object s_rally_0c6c14c9_d0XEvdRn (d8f8bf28-464a-455d-ae19-69c49a613b7e)
2019-06-22 09:33:16.796 18064 RALLYDEBUG rally_openstack.cleanup.manager [-] Deleting neutron.port object s_rally_0c6c14c9_k7OtGAYN (d9a545df-47dc-48d8-871d-638a30129d12)
2019-06-22 09:33:16.974 18064 RALLYDEBUG rally_openstack.cleanup.manager [-] Deleting neutron.port object s_rally_0c6c14c9_R7RxjgHd (da4b5fb0-ad1b-408a-9930-889ad5e03986)
2019-06-22 09:33:17.030 18064 RALLYDEBUG rally_openstack.cleanup.manager [-] Deleting neutron.port object s_rally_0c6c14c9_Iylw1flV (dc7b64af-6c95-4f2b-8930-8104124dd665)
2019-06-22 09:33:17.062 18064 RALLYDEBUG rally_openstack.cleanup.manager [-] Deleting neutron.port object s_rally_0c6c14c9_OFuevL8c (dcca2d54-bf0b-433f-9746-f105f7d52f1d)
2019-06-22 09:33:17.201 18064 RALLYDEBUG rally_openstack.cleanup.manager [-] Deleting neutron.port object s_rally_0c6c14c9_amNkdXNT (dcdf1982-e354-4ff6-880e-5276d7fed05e)
2019-06-22 09:33:17.323 18064 RALLYDEBUG rally_openstack.cleanup.manager [-] Deleting neutron.port object s_rally_0c6c14c9_LBnjJUH1 (dd68ba71-789d-4e32-b2a9-d6ed856867f7)
2019-06-22 09:33:17.479 18064 RALLYDEBUG rally_openstack.cleanup.manager [-] Deleting neutron.port object s_rally_0c6c14c9_GlHtZ7Ac (dec3c3d7-fec9-4027-b8bd-1f4a94bcb625)
2019-06-22 09:33:17.546 18064 RALLYDEBUG rally_openstack.cleanup.manager [-] Deleting neutron.port object s_rally_0c6c14c9_p9Xwym7w (ded6d11a-17a8-4500-8308-be9fb90c9949)
2019-06-22 09:33:17.573 18064 RALLYDEBUG rally_openstack.cleanup.manager [-] Deleting neutron.port object s_rally_0c6c14c9_duSW6lor (df5830de-42ef-433d-99f9-58be290095e6)
2019-06-22 09:33:17.770 18064 RALLYDEBUG rally_openstack.cleanup.manager [-] Deleting neutron.port object s_rally_0c6c14c9_jYgaxTVF (df610281-b864-40bb-a6bb-0308133a6412)
2019-06-22 09:33:17.951 18064 RALLYDEBUG rally_openstack.cleanup.manager [-] Deleting neutron.port object s_rally_0c6c14c9_oGEDYlB3 (dfd587df-7a2f-470b-b10b-5a72c60f98cc)
2019-06-22 09:33:17.990 18064 RALLYDEBUG rally_openstack.cleanup.manager [-] Deleting neutron.port object s_rally_0c6c14c9_Kk6dZo34 (e0305a21-8ea1-4de7-8306-801d8fd5964a)
2019-06-22 09:33:18.210 18064 RALLYDEBUG rally_openstack.cleanup.manager [-] Deleting neutron.port object s_rally_0c6c14c9_E7FDFGQM (e1015ab3-5411-4dff-9420-fa50342a42f0)
2019-06-22 09:33:18.226 18064 RALLYDEBUG rally_openstack.cleanup.manager [-] Deleting neutron.port object s_rally_0c6c14c9_GWwZf8qP (e1c97df0-f2f6-4fbf-89b9-9de9b31b2ffd)
2019-06-22 09:33:18.301 18064 RALLYDEBUG rally_openstack.cleanup.manager [-] Deleting neutron.port object s_rally_0c6c14c9_KC0an9Zx (e2af6981-5188-463a-8498-b7cee352e14f)
2019-06-22 09:33:18.348 18064 RALLYDEBUG rally_openstack.cleanup.manager [-] Deleting neutron.port object s_rally_0c6c14c9_0t2KITk7 (e38a3bc0-089a-4819-8636-69cc9f5702e2)
2019-06-22 09:33:18.529 18064 RALLYDEBUG rally_openstack.cleanup.manager [-] Deleting neutron.port object s_rally_0c6c14c9_0MdqSLYN (e3ff7928-ef28-40b9-8e56-eade332fbce5)
2019-06-22 09:33:18.611 18064 RALLYDEBUG rally_openstack.cleanup.manager [-] Deleting neutron.port object s_rally_0c6c14c9_AMI4zJiZ (e8686ca0-0d7c-4340-8c1d-368b15d2921a)
2019-06-22 09:33:18.695 18064 RALLYDEBUG rally_openstack.cleanup.manager [-] Deleting neutron.port object s_rally_0c6c14c9_EgB0D0kA (e94ec6ae-93fc-4ae8-ba18-7fa0d9eab34b)
2019-06-22 09:33:18.916 18064 RALLYDEBUG rally_openstack.cleanup.manager [-] Deleting neutron.port object s_rally_0c6c14c9_n2Umxa8X (eab29e55-58b6-45b5-b7ca-0f7e9a1552c5)
2019-06-22 09:33:18.995 18064 RALLYDEBUG rally_openstack.cleanup.manager [-] Deleting neutron.port object s_rally_0c6c14c9_RSk3EEsD (eb2a5713-7d94-4d66-924d-1c8dc77c036b)
2019-06-22 09:33:19.062 18064 RALLYDEBUG rally_openstack.cleanup.manager [-] Deleting neutron.port object s_rally_0c6c14c9_m2qzxgQy (eb3142f8-1367-4a34-8a32-2a2aa46fd94f)
2019-06-22 09:33:19.392 18064 RALLYDEBUG rally_openstack.cleanup.manager [-] Deleting neutron.port object s_rally_0c6c14c9_02fvw2g7 (ec288b0d-a2f1-495b-b9d7-62a674c2d464)
2019-06-22 09:33:19.629 18064 RALLYDEBUG rally_openstack.cleanup.manager [-] Deleting neutron.port object s_rally_0c6c14c9_frYq9r0W (ecae19d0-579b-41a2-95bd-be1ceba8e5e0)
2019-06-22 09:33:19.656 18064 RALLYDEBUG rally_openstack.cleanup.manager [-] Deleting neutron.port object s_rally_0c6c14c9_LxoOTozJ (ecd00ee2-b8c2-4a89-a06c-ae5e49d14e49)
2019-06-22 09:33:19.907 18064 RALLYDEBUG rally_openstack.cleanup.manager [-] Deleting neutron.port object s_rally_0c6c14c9_V84gGTxs (eea7d283-7101-4373-b40a-00a8f06e2594)
2019-06-22 09:33:19.912 18064 RALLYDEBUG rally_openstack.cleanup.manager [-] Deleting neutron.port object s_rally_0c6c14c9_yH5GGsdy (eebd7edb-9a82-4001-bfc8-faccc30809f7)
2019-06-22 09:33:20.029 18064 RALLYDEBUG rally_openstack.cleanup.manager [-] Deleting neutron.port object s_rally_0c6c14c9_wAs1gJ6z (ef23d105-e7e5-4239-a2c7-c5db3eb3fbe0)
2019-06-22 09:33:20.097 18064 RALLYDEBUG rally_openstack.cleanup.manager [-] Deleting neutron.port object s_rally_0c6c14c9_BrGvHhAW (ef38ed44-1fe6-40b9-85aa-82a4fb3d2d96)
2019-06-22 09:33:20.161 18064 RALLYDEBUG rally_openstack.cleanup.manager [-] Deleting neutron.port object s_rally_0c6c14c9_PGT1TvTv (f0629796-4bd2-4520-bb66-ab990efaa445)
2019-06-22 09:33:20.161 18064 RALLYDEBUG rally_openstack.cleanup.manager [-] Deleting neutron.port object s_rally_0c6c14c9_BGa50CKB (f071a8d5-f6dc-4d8b-8c44-e001c75b3e3e)
2019-06-22 09:33:20.268 18064 RALLYDEBUG rally_openstack.cleanup.manager [-] Deleting neutron.port object s_rally_0c6c14c9_fFrvH3dD (f11d329d-e31e-4292-9e4a-030d46365962)
2019-06-22 09:33:20.290 18064 RALLYDEBUG rally_openstack.cleanup.manager [-] Deleting neutron.port object s_rally_0c6c14c9_2NvaRaRz (f1259932-eb9d-45ed-8da2-4699bac5f36d)
2019-06-22 09:33:20.588 18064 RALLYDEBUG rally_openstack.cleanup.manager [-] Deleting neutron.port object s_rally_0c6c14c9_2ofH536X (f188e47e-f9c5-43c4-b7da-a04269fe8377)
2019-06-22 09:33:20.610 18064 RALLYDEBUG rally_openstack.cleanup.manager [-] Deleting neutron.port object s_rally_0c6c14c9_ZCpEdsYK (f32df4f6-a918-41ee-8a83-fa82c5f85dc2)
2019-06-22 09:33:20.687 18064 RALLYDEBUG rally_openstack.cleanup.manager [-] Deleting neutron.port object s_rally_0c6c14c9_grlvF4xL (f3c8b28a-fdcd-47c9-8bf8-cd30f537438d)
2019-06-22 09:33:20.786 18064 RALLYDEBUG rally_openstack.cleanup.manager [-] Deleting neutron.port object s_rally_0c6c14c9_2pjEu3d4 (f443d25b-2dd7-4329-8505-4107db71f887)
2019-06-22 09:33:21.099 18064 RALLYDEBUG rally_openstack.cleanup.manager [-] Deleting neutron.port object s_rally_0c6c14c9_r8bO3EQh (f4bfa19f-dafb-457b-82c3-c58ed0609e50)
2019-06-22 09:33:21.320 18064 RALLYDEBUG rally_openstack.cleanup.manager [-] Deleting neutron.port object s_rally_0c6c14c9_2mdKJWif (f4c841ee-e2c0-4cdf-88ce-02f9b4eb5937)
2019-06-22 09:33:21.367 18064 RALLYDEBUG rally_openstack.cleanup.manager [-] Deleting neutron.port object s_rally_0c6c14c9_qb6OPZjZ (f5e2ad8f-ebe4-4e1b-afe9-6e1a009fdcd6)
2019-06-22 09:33:21.521 18064 RALLYDEBUG rally_openstack.cleanup.manager [-] Deleting neutron.port object s_rally_0c6c14c9_cgTmunGx (f63ab52c-b781-4994-b6fc-ddba0f151530)
2019-06-22 09:33:21.533 18064 RALLYDEBUG rally_openstack.cleanup.manager [-] Deleting neutron.port object s_rally_0c6c14c9_k2qWMWuD (f660cf46-8fc6-4aa7-9e09-9319a0580fa9)
2019-06-22 09:33:21.655 18064 RALLYDEBUG rally_openstack.cleanup.manager [-] Deleting neutron.port object s_rally_0c6c14c9_V5P1QVd5 (f7d493c8-b9d9-47a8-af71-424d2ddfd5bb)
2019-06-22 09:33:21.688 18064 RALLYDEBUG rally_openstack.cleanup.manager [-] Deleting neutron.port object s_rally_0c6c14c9_1JhsLNFW (f9d6f6e8-e048-4b35-bfea-1dec87013d2f)
2019-06-22 09:33:21.947 18064 RALLYDEBUG rally_openstack.cleanup.manager [-] Deleting neutron.port object s_rally_0c6c14c9_egdMac76 (faa212f0-bd9d-4709-92a0-3eb6c2b8d346)
2019-06-22 09:33:21.978 18064 RALLYDEBUG rally_openstack.cleanup.manager [-] Deleting neutron.port object s_rally_0c6c14c9_ktQT7c0o (fb5f938b-fc8e-40b9-8fa6-44ca57b3ffd8)
2019-06-22 09:33:22.025 18064 RALLYDEBUG rally_openstack.cleanup.manager [-] Deleting neutron.port object s_rally_0c6c14c9_7CX2zUVv (fb7b924d-cf29-4fa4-91e3-bcf3a332d482)
2019-06-22 09:33:22.047 18064 RALLYDEBUG rally_openstack.cleanup.manager [-] Deleting neutron.port object s_rally_0c6c14c9_gycb94X3 (fbc123a1-d6c3-471c-9fb8-997f3bfeb3a9)
2019-06-22 09:33:22.283 18064 RALLYDEBUG rally_openstack.cleanup.manager [-] Deleting neutron.port object s_rally_0c6c14c9_zs3TX3hI (fc19540f-1911-469e-8e76-833550ddcd2c)
2019-06-22 09:33:22.342 18064 RALLYDEBUG rally_openstack.cleanup.manager [-] Deleting neutron.port object s_rally_0c6c14c9_WBmVCn8V (fdfb986a-b6dd-448e-91e3-90808522fe75)
2019-06-22 09:33:22.623 18064 RALLYDEBUG rally_openstack.cleanup.manager [-] Deleting neutron.port object s_rally_0c6c14c9_CMAyDiPU (fef75ff2-9b40-485e-9f7e-052982ae63da)
2019-06-22 09:33:22.789 18064 RALLYDEBUG rally_openstack.cleanup.manager [-] Deleting neutron.port object s_rally_0c6c14c9_p8AObATE (ffd44f12-3e96-4526-9455-8c77f4acf102)
2019-06-22 09:33:24.941 18064 RALLYDEBUG rally_openstack.cleanup.manager [-] Cleaning up neutron subnet objects
2019-06-22 09:33:25.384 18064 RALLYDEBUG rally_openstack.cleanup.manager [-] Cleaning up neutron network objects
2019-06-22 09:33:25.874 18064 RALLYDEBUG rally_openstack.cleanup.manager [-] Deleting neutron.network object s_rally_0c6c14c9_ljVPS6wH (18d59ec5-6c32-4bfa-9d3b-a0e00d933625)
2019-06-22 09:33:25.887 18064 RALLYDEBUG rally_openstack.cleanup.manager [-] Deleting neutron.network object s_rally_0c6c14c9_ryBjvSa7 (4012ba87-5737-4fdc-a9d8-ff42d5d3aa23)
2019-06-22 09:33:25.889 18064 RALLYDEBUG rally_openstack.cleanup.manager [-] Deleting neutron.network object s_rally_0c6c14c9_ozyWpaFk (492b0111-4ead-4080-8200-e229c47783d4)
2019-06-22 09:33:25.903 18064 RALLYDEBUG rally_openstack.cleanup.manager [-] Deleting neutron.network object s_rally_0c6c14c9_4L0olf8M (6461ab57-483c-4cb6-8506-28e68a338ebf)
2019-06-22 09:33:25.904 18064 RALLYDEBUG rally_openstack.cleanup.manager [-] Deleting neutron.network object s_rally_0c6c14c9_AScRchkY (b1be1ed8-bed5-483b-9951-c3dd94a1892c)
2019-06-22 09:33:25.916 18064 RALLYDEBUG rally_openstack.cleanup.manager [-] Deleting neutron.network object s_rally_0c6c14c9_xCkv9KjS (b76b1d30-82bc-4c2a-ba94-c035cef23818)
2019-06-22 09:33:25.931 18064 RALLYDEBUG rally_openstack.cleanup.manager [-] Deleting neutron.network object s_rally_0c6c14c9_aHkzJWh6 (f5f0457b-b883-40ec-8737-b7ce4f08a77f)
2019-06-22 09:33:25.933 18064 RALLYDEBUG rally_openstack.cleanup.manager [-] Deleting neutron.network object s_rally_0c6c14c9_qHm9LF45 (dd7f00d6-b9f8-4060-902e-aecdb9b0dd6c)
2019-06-22 09:33:29.510 18064 RALLYDEBUG rally_openstack.cleanup.manager [-] Cleaning up neutron router objects
2019-06-22 09:33:29.965 18064 RALLYDEBUG rally_openstack.cleanup.manager [-] Cleaning up neutron security_group objects
2019-06-22 09:33:30.428 18064 INFO rally.task.context [-] Task d33efd7d-5d4e-4fed-a85c-92fac1508a22 | Context cleanup@openstack cleanup() finished in 55.57 sec
2019-06-22 09:33:30.429 18064 INFO rally.task.context [-] Task d33efd7d-5d4e-4fed-a85c-92fac1508a22 | Context quotas@openstack cleanup() started
2019-06-22 09:33:30.536 18064 INFO rally.task.context [-] Task d33efd7d-5d4e-4fed-a85c-92fac1508a22 | Context quotas@openstack cleanup() finished in 0.11 sec
2019-06-22 09:33:30.539 18064 INFO rally.task.context [-] Task d33efd7d-5d4e-4fed-a85c-92fac1508a22 | Context users@openstack cleanup() started
2019-06-22 09:33:33.382 18064 INFO rally.task.context [-] Task d33efd7d-5d4e-4fed-a85c-92fac1508a22 | Context users@openstack cleanup() finished in 2.84 sec
2019-06-22 09:33:34.561 18064 INFO rally.task.engine [-] Load duration is: 58.105809
2019-06-22 09:33:34.562 18064 INFO rally.task.engine [-] Full runner duration is: 58.163351
2019-06-22 09:33:34.562 18064 INFO rally.task.engine [-] Full duration is: 119.617154
2019-06-22 09:33:34.847 18064 INFO rally.task.engine [-] Running workload: position = 1 config = { "version": 2, "title": "A cropped version of a bigger task.", "description": "Auto-generated task from a single workload (uuid=5f11ee2a-67a5-4185-a9f9-b55288429d39)", "subtasks": [ { "title": "NeutronNetworks.create_and_update_ports", "description": "Create and update a given number of ports.", "scenario": { "NeutronNetworks.create_and_update_ports": { "network_create_args": {}, "port_create_args": {}, "ports_per_network": 5, "port_update_args": { "admin_state_up": false, "device_id": "dummy_id", "device_owner": "dummy_owner", "name": "_port_updated" } } }, "contexts": { "users": { "tenants": 1, "users_per_tenant": 1 }, "quotas": { "neutron": { "network": -1, "port": -1 } } }, "runner": { "constant": { "times": 40, "concurrency": 20 } }, "hooks": [], "sla": { "failure_rate": { "max": 0 } } } ] }
2019-06-22 09:33:34.881 18064 RALLYDEBUG rally_openstack.contexts.keystone.users [-] Creating 1 tenants using 20 threads
2019-06-22 09:33:35.867 18064 RALLYDEBUG rally_openstack.contexts.keystone.users [-] Creating 1 users using 20 threads
2019-06-22 09:33:37.302 18064 INFO rally.task.context [-] Task d33efd7d-5d4e-4fed-a85c-92fac1508a22 | Context users@openstack setup() finished in 2.42 sec
2019-06-22 09:33:37.819 18064 INFO rally.task.context [-] Task d33efd7d-5d4e-4fed-a85c-92fac1508a22 | Context quotas@openstack setup() finished in 0.52 sec
2019-06-22 09:33:37.820 18064 INFO rally.task.context [-] Task d33efd7d-5d4e-4fed-a85c-92fac1508a22 | Context cleanup@openstack setup() finished in 0.02 msec
2019-06-22 09:33:37.829 18064 RALLYDEBUG rally.task.runner [-] Starting the constant runner (task UUID: d33efd7d-5d4e-4fed-a85c-92fac1508a22). timeout: 0 concurrency: 20 concurrency_per_worker: 1 times: 40 concurrency_overhead: 4 processes_to_start: 16 max_cpu_used: 16
2019-06-22 09:33:37.845 21940 RALLYDEBUG rally.task.runner [-] Starting a worker. concurrency: 2 args: {"network_create_args": {}, "port_create_args": {}, "ports_per_network": 5, "port_update_args": {"admin_state_up": false, "device_id": "dummy_id", "device_owner": "dummy_owner", "name": "_port_updated"}} times: 40 method_name: run timeout: 0 duration: None cls:
2019-06-22 09:33:37.847 21941 RALLYDEBUG rally.task.runner [-] Starting a worker. concurrency: 2 args: {"network_create_args": {}, "port_create_args": {}, "ports_per_network": 5, "port_update_args": {"admin_state_up": false, "device_id": "dummy_id", "device_owner": "dummy_owner", "name": "_port_updated"}} times: 40 method_name: run timeout: 0 duration: None cls:
2019-06-22 09:33:37.851 21942 RALLYDEBUG rally.task.runner [-] Starting a worker. concurrency: 2 args: {"network_create_args": {}, "port_create_args": {}, "ports_per_network": 5, "port_update_args": {"admin_state_up": false, "device_id": "dummy_id", "device_owner": "dummy_owner", "name": "_port_updated"}} times: 40 method_name: run timeout: 0 duration: None cls:
2019-06-22 09:33:37.853 21943 RALLYDEBUG rally.task.runner [-] Starting a worker. concurrency: 2 args: {"network_create_args": {}, "port_create_args": {}, "ports_per_network": 5, "port_update_args": {"admin_state_up": false, "device_id": "dummy_id", "device_owner": "dummy_owner", "name": "_port_updated"}} times: 40 method_name: run timeout: 0 duration: None cls:
2019-06-22 09:33:37.855 21940 INFO rally.task.runner [-] Task d33efd7d-5d4e-4fed-a85c-92fac1508a22 | ITER: 1 START
2019-06-22 09:33:37.857 21944 RALLYDEBUG rally.task.runner [-] Starting a worker. concurrency: 1 args: {"network_create_args": {}, "port_create_args": {}, "ports_per_network": 5, "port_update_args": {"admin_state_up": false, "device_id": "dummy_id", "device_owner": "dummy_owner", "name": "_port_updated"}} times: 40 method_name: run timeout: 0 duration: None cls:
2019-06-22 09:33:37.859 21942 INFO rally.task.runner [-] Task d33efd7d-5d4e-4fed-a85c-92fac1508a22 | ITER: 4 START
2019-06-22 09:33:37.857 21940 INFO rally.task.runner [-] Task d33efd7d-5d4e-4fed-a85c-92fac1508a22 | ITER: 3 START
2019-06-22 09:33:37.859 21941 INFO rally.task.runner [-] Task d33efd7d-5d4e-4fed-a85c-92fac1508a22 | ITER: 2 START
2019-06-22 09:33:37.860 21940 WARNING rally_openstack.scenarios.neutron.utils [-] Running this scenario without either the 'network' or 'existing_network' context is deprecated
2019-06-22 09:33:37.862 21948 RALLYDEBUG rally.task.runner [-] Starting a worker. concurrency: 1 args: {"network_create_args": {}, "port_create_args": {}, "ports_per_network": 5, "port_update_args": {"admin_state_up": false, "device_id": "dummy_id", "device_owner": "dummy_owner", "name": "_port_updated"}} times: 40 method_name: run timeout: 0 duration: None cls:
2019-06-22 09:33:37.863 21943 INFO rally.task.runner [-] Task d33efd7d-5d4e-4fed-a85c-92fac1508a22 | ITER: 6 START
2019-06-22 09:33:37.864 21952 RALLYDEBUG rally.task.runner [-] Starting a worker. concurrency: 1 args: {"network_create_args": {}, "port_create_args": {}, "ports_per_network": 5, "port_update_args": {"admin_state_up": false, "device_id": "dummy_id", "device_owner": "dummy_owner", "name": "_port_updated"}} times: 40 method_name: run timeout: 0 duration: None cls:
2019-06-22 09:33:37.865 21944 INFO rally.task.runner [-] Task d33efd7d-5d4e-4fed-a85c-92fac1508a22 | ITER: 8 START
2019-06-22 09:33:37.864 21941 WARNING rally_openstack.scenarios.neutron.utils [-] Running this scenario without either the 'network' or 'existing_network' context is deprecated
2019-06-22 09:33:37.867 21944 WARNING rally_openstack.scenarios.neutron.utils [-] Running this scenario without either the 'network' or 'existing_network' context is deprecated
2019-06-22 09:33:37.864 21942 WARNING rally_openstack.scenarios.neutron.utils [-] Running this scenario without either the 'network' or 'existing_network' context is deprecated
2019-06-22 09:33:37.865 21941 INFO rally.task.runner [-] Task d33efd7d-5d4e-4fed-a85c-92fac1508a22 | ITER: 5 START
2019-06-22 09:33:37.866 21943 WARNING rally_openstack.scenarios.neutron.utils [-] Running this scenario without either the 'network' or 'existing_network' context is deprecated
2019-06-22 09:33:37.869 21948 INFO rally.task.runner [-] Task d33efd7d-5d4e-4fed-a85c-92fac1508a22 | ITER: 10 START
2019-06-22 09:33:37.868 21941 WARNING rally_openstack.scenarios.neutron.utils [-] Running this scenario without either the 'network' or 'existing_network' context is deprecated
2019-06-22 09:33:37.869 21957 RALLYDEBUG rally.task.runner [-] Starting a worker. concurrency: 1 args: {"network_create_args": {}, "port_create_args": {}, "ports_per_network": 5, "port_update_args": {"admin_state_up": false, "device_id": "dummy_id", "device_owner": "dummy_owner", "name": "_port_updated"}} times: 40 method_name: run timeout: 0 duration: None cls:
2019-06-22 09:33:37.872 21952 INFO rally.task.runner [-] Task d33efd7d-5d4e-4fed-a85c-92fac1508a22 | ITER: 11 START
2019-06-22 09:33:37.861 21940 WARNING rally_openstack.scenarios.neutron.utils [-] Running this scenario without either the 'network' or 'existing_network' context is deprecated
2019-06-22 09:33:37.873 21948 WARNING rally_openstack.scenarios.neutron.utils [-] Running this scenario without either the 'network' or 'existing_network' context is deprecated
2019-06-22 09:33:37.874 21952 WARNING rally_openstack.scenarios.neutron.utils [-] Running this scenario without either the 'network' or 'existing_network' context is deprecated
2019-06-22 09:33:37.876 21960 RALLYDEBUG rally.task.runner [-] Starting a worker. concurrency: 1 args: {"network_create_args": {}, "port_create_args": {}, "ports_per_network": 5, "port_update_args": {"admin_state_up": false, "device_id": "dummy_id", "device_owner": "dummy_owner", "name": "_port_updated"}} times: 40 method_name: run timeout: 0 duration: None cls:
2019-06-22 09:33:37.877 21957 INFO rally.task.runner [-] Task d33efd7d-5d4e-4fed-a85c-92fac1508a22 | ITER: 12 START
2019-06-22 09:33:37.877 21942 INFO rally.task.runner [-] Task d33efd7d-5d4e-4fed-a85c-92fac1508a22 | ITER: 7 START
2019-06-22 09:33:37.879 21957 WARNING rally_openstack.scenarios.neutron.utils [-] Running this scenario without either the 'network' or 'existing_network' context is deprecated
2019-06-22 09:33:37.879 21942 WARNING rally_openstack.scenarios.neutron.utils [-] Running this scenario without either the 'network' or 'existing_network' context is deprecated
2019-06-22 09:33:37.883 21943 INFO rally.task.runner [-] Task d33efd7d-5d4e-4fed-a85c-92fac1508a22 | ITER: 9 START
2019-06-22 09:33:37.884 21943 WARNING rally_openstack.scenarios.neutron.utils [-] Running this scenario without either the 'network' or 'existing_network' context is deprecated
2019-06-22 09:33:37.885 21960 INFO rally.task.runner [-] Task d33efd7d-5d4e-4fed-a85c-92fac1508a22 | ITER: 13 START
2019-06-22 09:33:37.886 21960 WARNING rally_openstack.scenarios.neutron.utils [-] Running this scenario without either the 'network' or 'existing_network' context is deprecated
2019-06-22 09:33:37.887 21969 RALLYDEBUG rally.task.runner [-] Starting a worker. concurrency: 1 args: {"network_create_args": {}, "port_create_args": {}, "ports_per_network": 5, "port_update_args": {"admin_state_up": false, "device_id": "dummy_id", "device_owner": "dummy_owner", "name": "_port_updated"}} times: 40 method_name: run timeout: 0 duration: None cls:
2019-06-22 09:33:37.893 21970 RALLYDEBUG rally.task.runner [-] Starting a worker. concurrency: 1 args: {"network_create_args": {}, "port_create_args": {}, "ports_per_network": 5, "port_update_args": {"admin_state_up": false, "device_id": "dummy_id", "device_owner": "dummy_owner", "name": "_port_updated"}} times: 40 method_name: run timeout: 0 duration: None cls:
2019-06-22 09:33:37.894 21969 INFO rally.task.runner [-] Task d33efd7d-5d4e-4fed-a85c-92fac1508a22 | ITER: 14 START
2019-06-22 09:33:37.897 21969 WARNING rally_openstack.scenarios.neutron.utils [-] Running this scenario without either the 'network' or 'existing_network' context is deprecated
2019-06-22 09:33:37.897 21973 RALLYDEBUG rally.task.runner [-] Starting a worker. concurrency: 1 args: {"network_create_args": {}, "port_create_args": {}, "ports_per_network": 5, "port_update_args": {"admin_state_up": false, "device_id": "dummy_id", "device_owner": "dummy_owner", "name": "_port_updated"}} times: 40 method_name: run timeout: 0 duration: None cls:
2019-06-22 09:33:37.900 21970 INFO rally.task.runner [-] Task d33efd7d-5d4e-4fed-a85c-92fac1508a22 | ITER: 15 START
2019-06-22 09:33:37.902 21970 WARNING rally_openstack.scenarios.neutron.utils [-] Running this scenario without either the 'network' or 'existing_network' context is deprecated
2019-06-22 09:33:37.905 21977 RALLYDEBUG rally.task.runner [-] Starting a worker. concurrency: 1 args: {"network_create_args": {}, "port_create_args": {}, "ports_per_network": 5, "port_update_args": {"admin_state_up": false, "device_id": "dummy_id", "device_owner": "dummy_owner", "name": "_port_updated"}} times: 40 method_name: run timeout: 0 duration: None cls:
2019-06-22 09:33:37.909 21973 INFO rally.task.runner [-] Task d33efd7d-5d4e-4fed-a85c-92fac1508a22 | ITER: 16 START
2019-06-22 09:33:37.910 21973 WARNING rally_openstack.scenarios.neutron.utils [-] Running this scenario without either the 'network' or 'existing_network' context is deprecated
2019-06-22 09:33:37.913 21977 INFO rally.task.runner [-] Task d33efd7d-5d4e-4fed-a85c-92fac1508a22 | ITER: 17 START
2019-06-22 09:33:37.915 21977 WARNING rally_openstack.scenarios.neutron.utils [-] Running this scenario without either the 'network' or 'existing_network' context is deprecated
2019-06-22 09:33:37.917 21981 RALLYDEBUG rally.task.runner [-] Starting a worker. concurrency: 1 args: {"network_create_args": {}, "port_create_args": {}, "ports_per_network": 5, "port_update_args": {"admin_state_up": false, "device_id": "dummy_id", "device_owner": "dummy_owner", "name": "_port_updated"}} times: 40 method_name: run timeout: 0 duration: None cls:
2019-06-22 09:33:37.920 21984 RALLYDEBUG rally.task.runner [-] Starting a worker. concurrency: 1 args: {"network_create_args": {}, "port_create_args": {}, "ports_per_network": 5, "port_update_args": {"admin_state_up": false, "device_id": "dummy_id", "device_owner": "dummy_owner", "name": "_port_updated"}} times: 40 method_name: run timeout: 0 duration: None cls:
2019-06-22 09:33:37.922 21981 INFO rally.task.runner [-] Task d33efd7d-5d4e-4fed-a85c-92fac1508a22 | ITER: 18 START
2019-06-22 09:33:37.923 21981 WARNING rally_openstack.scenarios.neutron.utils [-] Running this scenario without either the 'network' or 'existing_network' context is deprecated
2019-06-22 09:33:37.926 21984 INFO rally.task.runner [-] Task d33efd7d-5d4e-4fed-a85c-92fac1508a22 | ITER: 19 START
2019-06-22 09:33:37.926 21985 RALLYDEBUG rally.task.runner [-] Starting a worker. concurrency: 1 args: {"network_create_args": {}, "port_create_args": {}, "ports_per_network": 5, "port_update_args": {"admin_state_up": false, "device_id": "dummy_id", "device_owner": "dummy_owner", "name": "_port_updated"}} times: 40 method_name: run timeout: 0 duration: None cls:
2019-06-22 09:33:37.927 21984 WARNING rally_openstack.scenarios.neutron.utils [-] Running this scenario without either the 'network' or 'existing_network' context is deprecated
2019-06-22 09:33:37.931 21985 INFO rally.task.runner [-] Task d33efd7d-5d4e-4fed-a85c-92fac1508a22 | ITER: 20 START
2019-06-22 09:33:37.933 21985 WARNING rally_openstack.scenarios.neutron.utils [-] Running this scenario without either the 'network' or 'existing_network' context is deprecated
2019-06-22 09:33:47.517 21944 INFO rally.task.runner [-] Task d33efd7d-5d4e-4fed-a85c-92fac1508a22 | ITER: 8 END: OK
2019-06-22 09:33:47.521 21944 INFO rally.task.runner [-] Task d33efd7d-5d4e-4fed-a85c-92fac1508a22 | ITER: 21 START
2019-06-22 09:33:47.522 21944 WARNING rally_openstack.scenarios.neutron.utils [-] Running this scenario without either the 'network' or 'existing_network' context is deprecated
2019-06-22 09:33:47.610 21985 INFO rally.task.runner [-] Task d33efd7d-5d4e-4fed-a85c-92fac1508a22 | ITER: 20 END: OK
2019-06-22 09:33:47.614 21985 INFO rally.task.runner [-] Task d33efd7d-5d4e-4fed-a85c-92fac1508a22 | ITER: 22 START
2019-06-22 09:33:47.615 21985 WARNING rally_openstack.scenarios.neutron.utils [-] Running this scenario without either the 'network' or 'existing_network' context is deprecated
2019-06-22 09:33:47.744 21942 INFO rally.task.runner [-] Task d33efd7d-5d4e-4fed-a85c-92fac1508a22 | ITER: 4 END: OK
2019-06-22 09:33:47.750 21942 INFO rally.task.runner [-] Task d33efd7d-5d4e-4fed-a85c-92fac1508a22 | ITER: 23 START
2019-06-22 09:33:47.750 21942 WARNING rally_openstack.scenarios.neutron.utils [-] Running this scenario without either the 'network' or 'existing_network' context is deprecated
2019-06-22 09:33:47.882 21940 INFO rally.task.runner [-] Task d33efd7d-5d4e-4fed-a85c-92fac1508a22 | ITER: 1 END: OK
2019-06-22 09:33:47.887 21940 INFO rally.task.runner [-] Task d33efd7d-5d4e-4fed-a85c-92fac1508a22 | ITER: 24 START
2019-06-22 09:33:47.888 21940 WARNING rally_openstack.scenarios.neutron.utils [-] Running this scenario without either the 'network' or 'existing_network' context is deprecated
2019-06-22 09:33:48.025 21941 INFO rally.task.runner [-] Task d33efd7d-5d4e-4fed-a85c-92fac1508a22 | ITER: 2 END: OK
2019-06-22 09:33:48.027 21973 INFO rally.task.runner [-] Task d33efd7d-5d4e-4fed-a85c-92fac1508a22 | ITER: 16 END: OK
2019-06-22 09:33:48.030 21941 INFO rally.task.runner [-] Task d33efd7d-5d4e-4fed-a85c-92fac1508a22 | ITER: 25 START
2019-06-22 09:33:48.031 21941 WARNING rally_openstack.scenarios.neutron.utils [-] Running this scenario without either the 'network' or 'existing_network' context is deprecated
2019-06-22 09:33:48.032 21973 INFO rally.task.runner [-] Task d33efd7d-5d4e-4fed-a85c-92fac1508a22 | ITER: 26 START
2019-06-22 09:33:48.033 21973 WARNING rally_openstack.scenarios.neutron.utils [-] Running this scenario without either the 'network' or 'existing_network' context is deprecated
2019-06-22 09:33:48.117 21981 INFO rally.task.runner [-] Task d33efd7d-5d4e-4fed-a85c-92fac1508a22 | ITER: 18 END: OK
2019-06-22 09:33:48.121 21981 INFO rally.task.runner [-] Task d33efd7d-5d4e-4fed-a85c-92fac1508a22 | ITER: 27 START
2019-06-22 09:33:48.122 21981 WARNING rally_openstack.scenarios.neutron.utils [-] Running this scenario without either the 'network' or 'existing_network' context is deprecated
2019-06-22 09:33:48.302 21977 INFO rally.task.runner [-] Task d33efd7d-5d4e-4fed-a85c-92fac1508a22 | ITER: 17 END: OK
2019-06-22 09:33:48.307 21977 INFO rally.task.runner [-] Task d33efd7d-5d4e-4fed-a85c-92fac1508a22 | ITER: 28 START
2019-06-22 09:33:48.307 21977 WARNING rally_openstack.scenarios.neutron.utils [-] Running this scenario without either the 'network' or 'existing_network' context is deprecated
2019-06-22 09:33:48.418 21941 INFO rally.task.runner [-] Task d33efd7d-5d4e-4fed-a85c-92fac1508a22 | ITER: 5 END: OK
2019-06-22 09:33:48.421 21941 INFO rally.task.runner [-] Task d33efd7d-5d4e-4fed-a85c-92fac1508a22 | ITER: 29 START
2019-06-22 09:33:48.421 21941 WARNING rally_openstack.scenarios.neutron.utils [-] Running this scenario without either the 'network' or 'existing_network' context is deprecated
2019-06-22 09:33:48.586 21943 INFO rally.task.runner [-] Task d33efd7d-5d4e-4fed-a85c-92fac1508a22 | ITER: 9 END: OK
2019-06-22 09:33:48.591 21943 INFO rally.task.runner [-] Task d33efd7d-5d4e-4fed-a85c-92fac1508a22 | ITER: 30 START
2019-06-22 09:33:48.592 21943 WARNING rally_openstack.scenarios.neutron.utils [-] Running this scenario without either the 'network' or 'existing_network' context is deprecated
2019-06-22 09:33:48.862 21957 INFO rally.task.runner [-] Task d33efd7d-5d4e-4fed-a85c-92fac1508a22 | ITER: 12 END: OK
2019-06-22 09:33:48.867 21957 INFO rally.task.runner [-] Task d33efd7d-5d4e-4fed-a85c-92fac1508a22 | ITER: 31 START
2019-06-22 09:33:48.867 21957 WARNING rally_openstack.scenarios.neutron.utils [-] Running this scenario without either the 'network' or 'existing_network' context is deprecated
2019-06-22 09:33:49.110 21960 INFO rally.task.runner [-] Task d33efd7d-5d4e-4fed-a85c-92fac1508a22 | ITER: 13 END: OK
2019-06-22 09:33:49.115 21960 INFO rally.task.runner [-] Task d33efd7d-5d4e-4fed-a85c-92fac1508a22 | ITER: 32 START
2019-06-22 09:33:49.116 21960 WARNING rally_openstack.scenarios.neutron.utils [-] Running this scenario without either the 'network' or 'existing_network' context is deprecated
2019-06-22 09:33:49.128 21948 INFO rally.task.runner [-] Task d33efd7d-5d4e-4fed-a85c-92fac1508a22 | ITER: 10 END: OK
2019-06-22 09:33:49.133 21948 INFO rally.task.runner [-] Task d33efd7d-5d4e-4fed-a85c-92fac1508a22 | ITER: 33 START
2019-06-22 09:33:49.134 21948 WARNING rally_openstack.scenarios.neutron.utils [-] Running this scenario without either the 'network' or 'existing_network' context is deprecated
2019-06-22 09:33:49.357 21970 INFO rally.task.runner [-] Task d33efd7d-5d4e-4fed-a85c-92fac1508a22 | ITER: 15 END: OK
2019-06-22 09:33:49.362 21970 INFO rally.task.runner [-] Task d33efd7d-5d4e-4fed-a85c-92fac1508a22 | ITER: 34 START
2019-06-22 09:33:49.363 21970 WARNING rally_openstack.scenarios.neutron.utils [-] Running this scenario without either the 'network' or 'existing_network' context is deprecated
2019-06-22 09:33:49.423 21940 INFO rally.task.runner [-] Task d33efd7d-5d4e-4fed-a85c-92fac1508a22 | ITER: 3 END: OK
2019-06-22 09:33:49.427 21940 INFO rally.task.runner [-] Task d33efd7d-5d4e-4fed-a85c-92fac1508a22 | ITER: 35 START
2019-06-22 09:33:49.428 21940 WARNING rally_openstack.scenarios.neutron.utils [-] Running this scenario without either the 'network' or 'existing_network' context is deprecated
2019-06-22 09:33:49.585 21952 INFO rally.task.runner [-] Task d33efd7d-5d4e-4fed-a85c-92fac1508a22 | ITER: 11 END: OK
2019-06-22 09:33:49.590 21952 INFO rally.task.runner [-] Task d33efd7d-5d4e-4fed-a85c-92fac1508a22 | ITER: 36 START
2019-06-22 09:33:49.591 21952 WARNING rally_openstack.scenarios.neutron.utils [-] Running this scenario without either the 'network' or 'existing_network' context is deprecated
2019-06-22 09:33:49.654 21942 INFO rally.task.runner [-] Task d33efd7d-5d4e-4fed-a85c-92fac1508a22 | ITER: 7 END: OK
2019-06-22 09:33:49.666 21942 INFO rally.task.runner [-] Task d33efd7d-5d4e-4fed-a85c-92fac1508a22 | ITER: 37 START
2019-06-22 09:33:49.667 21942 WARNING rally_openstack.scenarios.neutron.utils [-] Running this scenario without either the 'network' or 'existing_network' context is deprecated
2019-06-22 09:33:49.866 21943 INFO rally.task.runner [-] Task d33efd7d-5d4e-4fed-a85c-92fac1508a22 | ITER: 6 END: OK
2019-06-22 09:33:49.871 21943 INFO rally.task.runner [-] Task d33efd7d-5d4e-4fed-a85c-92fac1508a22 | ITER: 38 START
2019-06-22 09:33:49.871 21943 WARNING rally_openstack.scenarios.neutron.utils [-] Running this scenario without either the 'network' or 'existing_network' context is deprecated
2019-06-22 09:33:50.692 21984 INFO rally.task.runner [-] Task d33efd7d-5d4e-4fed-a85c-92fac1508a22 | ITER: 19 END: OK
2019-06-22 09:33:50.698 21984 INFO rally.task.runner [-] Task d33efd7d-5d4e-4fed-a85c-92fac1508a22 | ITER: 39 START
2019-06-22 09:33:50.698 21984 WARNING rally_openstack.scenarios.neutron.utils [-] Running this scenario without either the 'network' or 'existing_network' context is deprecated
2019-06-22 09:33:51.865 21969 INFO rally.task.runner [-] Task d33efd7d-5d4e-4fed-a85c-92fac1508a22 | ITER: 14 END: OK
2019-06-22 09:33:51.870 21969 INFO rally.task.runner [-] Task d33efd7d-5d4e-4fed-a85c-92fac1508a22 | ITER: 40 START
2019-06-22 09:33:51.871 21969 WARNING rally_openstack.scenarios.neutron.utils [-] Running this scenario without either the 'network' or 'existing_network' context is deprecated
2019-06-22 09:33:56.369 21973 INFO rally.task.runner [-] Task d33efd7d-5d4e-4fed-a85c-92fac1508a22 | ITER: 26 END: OK
2019-06-22 09:33:57.938 21940 INFO rally.task.runner [-] Task d33efd7d-5d4e-4fed-a85c-92fac1508a22 | ITER: 24 END: OK
2019-06-22 09:33:58.072 21942 INFO rally.task.runner [-] Task d33efd7d-5d4e-4fed-a85c-92fac1508a22 | ITER: 23 END: OK
2019-06-22 09:33:58.837 21957 INFO rally.task.runner [-] Task d33efd7d-5d4e-4fed-a85c-92fac1508a22 | ITER: 31 END: OK
2019-06-22 09:33:58.890 21952 INFO rally.task.runner [-] Task d33efd7d-5d4e-4fed-a85c-92fac1508a22 | ITER: 36 END: OK
2019-06-22 09:33:59.166 21943 INFO rally.task.runner [-] Task d33efd7d-5d4e-4fed-a85c-92fac1508a22 | ITER: 30 END: OK
2019-06-22 09:33:59.321 21984 INFO rally.task.runner [-] Task d33efd7d-5d4e-4fed-a85c-92fac1508a22 | ITER: 39 END: OK
2019-06-22 09:33:59.532 21977 INFO rally.task.runner [-] Task d33efd7d-5d4e-4fed-a85c-92fac1508a22 | ITER: 28 END: OK
2019-06-22 09:33:59.564 21985 INFO rally.task.runner [-] Task d33efd7d-5d4e-4fed-a85c-92fac1508a22 | ITER: 22 END: OK
2019-06-22 09:33:59.685 21981 INFO rally.task.runner [-] Task d33efd7d-5d4e-4fed-a85c-92fac1508a22 | ITER: 27 END: OK
2019-06-22 09:33:59.706 21941 INFO rally.task.runner [-] Task d33efd7d-5d4e-4fed-a85c-92fac1508a22 | ITER: 25 END: OK
2019-06-22 09:33:59.916 21944 INFO rally.task.runner [-] Task d33efd7d-5d4e-4fed-a85c-92fac1508a22 | ITER: 21 END: OK
2019-06-22 09:33:59.928 21942 INFO rally.task.runner [-] Task d33efd7d-5d4e-4fed-a85c-92fac1508a22 | ITER: 37 END: OK
2019-06-22 09:33:59.969 21943 INFO rally.task.runner [-] Task d33efd7d-5d4e-4fed-a85c-92fac1508a22 | ITER: 38 END: OK
2019-06-22 09:34:00.123 21941 INFO rally.task.runner [-] Task d33efd7d-5d4e-4fed-a85c-92fac1508a22 | ITER: 29 END: OK
2019-06-22 09:34:00.296 21940 INFO rally.task.runner [-] Task d33efd7d-5d4e-4fed-a85c-92fac1508a22 | ITER: 35 END: OK
2019-06-22 09:34:00.375 21948 INFO rally.task.runner [-] Task d33efd7d-5d4e-4fed-a85c-92fac1508a22 | ITER: 33 END: OK
2019-06-22 09:34:00.433 21970 INFO rally.task.runner [-] Task d33efd7d-5d4e-4fed-a85c-92fac1508a22 | ITER: 34 END: OK
2019-06-22 09:34:00.632 21969 INFO rally.task.runner [-] Task d33efd7d-5d4e-4fed-a85c-92fac1508a22 | ITER: 40 END: OK
2019-06-22 09:34:01.170 21960 INFO rally.task.runner [-] Task d33efd7d-5d4e-4fed-a85c-92fac1508a22 | ITER: 32 END: OK
2019-06-22 09:34:01.199 18064 INFO rally.task.context [-] Task d33efd7d-5d4e-4fed-a85c-92fac1508a22 | Context cleanup@openstack cleanup() started
2019-06-22 09:34:01.202 18064 RALLYDEBUG rally_openstack.cleanup.manager [-] Cleaning up neutron vip objects
2019-06-22 09:34:01.610 18064 RALLYDEBUG rally_openstack.cleanup.manager [-] Cleaning up neutron health_monitor objects
2019-06-22 09:34:02.011 18064 RALLYDEBUG rally_openstack.cleanup.manager [-] Cleaning up neutron pool objects
2019-06-22 09:34:02.441 18064 RALLYDEBUG rally_openstack.cleanup.manager [-] Cleaning up neutron loadbalancer objects
2019-06-22 09:34:02.864 18064 RALLYDEBUG rally_openstack.cleanup.manager [-] Cleaning up neutron floatingip objects
2019-06-22 09:34:03.311 18064 RALLYDEBUG rally_openstack.cleanup.manager [-] Cleaning up neutron port objects
2019-06-22 09:34:04.148 18064 RALLYDEBUG rally_openstack.cleanup.manager [-] Deleting neutron.port object s_rally_5f11ee2a_pgsupUfh (0452d0b6-e216-451c-8f61-2ca509190a48)
2019-06-22 09:34:04.151 18064 RALLYDEBUG rally_openstack.cleanup.manager [-] Deleting neutron.port object s_rally_5f11ee2a_fByI1RJv (10c838e7-f542-4bf0-ac18-8e802da09828)
2019-06-22 09:34:04.154 18064 RALLYDEBUG rally_openstack.cleanup.manager [-] Deleting neutron.port object s_rally_5f11ee2a_AIDmZhzw (0772b94c-c181-413a-bc20-87346dc646d8)
2019-06-22 09:34:04.155 18064 RALLYDEBUG rally_openstack.cleanup.manager [-] Deleting neutron.port object s_rally_5f11ee2a_yWZW2IWj (01cd3911-62d2-439e-9c17-88841187de4f)
2019-06-22 09:34:04.155 18064 RALLYDEBUG rally_openstack.cleanup.manager [-] Deleting neutron.port object s_rally_5f11ee2a_K1AP0lgr (054fc8d7-8d7d-4432-91b9-43aad21f4e63)
2019-06-22 09:34:04.156 18064 RALLYDEBUG rally_openstack.cleanup.manager [-] Deleting neutron.port object s_rally_5f11ee2a_UPuJCkFK (12511d4f-5225-4232-ab24-f2cbf669a767)
2019-06-22 09:34:04.172 18064 RALLYDEBUG rally_openstack.cleanup.manager [-] Deleting neutron.port object s_rally_5f11ee2a_67pIvng7 (12956466-62a2-487b-800f-7a0b783bbeeb)
2019-06-22 09:34:04.175 18064 RALLYDEBUG rally_openstack.cleanup.manager [-] Deleting neutron.port object s_rally_5f11ee2a_9AKV8Eve (129fe25d-b7f2-4812-b714-7513e3e4584a)
2019-06-22 09:34:04.176 18064 RALLYDEBUG rally_openstack.cleanup.manager [-] Deleting neutron.port object s_rally_5f11ee2a_0AHWeVZ9 (0f13803a-4cef-4de3-8a56-0e8906bc453a)
2019-06-22 09:34:04.182 18064 RALLYDEBUG rally_openstack.cleanup.manager [-] Deleting neutron.port object s_rally_5f11ee2a_z5Z7FRGq (128d268f-0cf4-4b6d-a8e8-2054762f23fe)
2019-06-22 09:34:04.183 18064 RALLYDEBUG rally_openstack.cleanup.manager [-] Deleting neutron.port object s_rally_5f11ee2a_PZYxD5DM (13251014-12f8-49f8-a56b-efeac28e426b)
2019-06-22 09:34:04.194 18064 RALLYDEBUG rally_openstack.cleanup.manager [-] Deleting neutron.port object s_rally_5f11ee2a_ayiIIKM2 (03ec7979-b5c9-4567-a0e6-f74cf059f641)
2019-06-22 09:34:04.196 18064 RALLYDEBUG rally_openstack.cleanup.manager [-] Deleting neutron.port object s_rally_5f11ee2a_j2zvf8d4 (1389ec62-f851-4c69-96af-c9866413fad3)
2019-06-22 09:34:04.196 18064 RALLYDEBUG rally_openstack.cleanup.manager [-] Deleting neutron.port object s_rally_5f11ee2a_2uILAcmq (01a33f90-1e61-4f67-8f45-704632cc7a4e)
2019-06-22 09:34:04.196 18064 RALLYDEBUG rally_openstack.cleanup.manager [-] Deleting neutron.port object s_rally_5f11ee2a_FsgKwaZ3 (0c48d7b3-db7e-44a9-95b7-c8aecc862ced)
2019-06-22 09:34:04.194 18064 RALLYDEBUG rally_openstack.cleanup.manager [-] Deleting neutron.port object s_rally_5f11ee2a_trwz0FiN (0881ecfa-e057-439d-8a92-80ef0c580f12)
2019-06-22 09:34:04.203 18064 RALLYDEBUG rally_openstack.cleanup.manager [-] Deleting neutron.port object s_rally_5f11ee2a_Z53SR5Zb (04930035-72ea-4991-a88a-020d0546f979)
2019-06-22 09:34:04.208 18064 RALLYDEBUG rally_openstack.cleanup.manager [-] Deleting neutron.port object s_rally_5f11ee2a_yosMZSgi (157940c9-a658-4aed-ac9e-9459551d1595)
2019-06-22 09:34:04.213 18064 RALLYDEBUG rally_openstack.cleanup.manager [-] Deleting neutron.port object s_rally_5f11ee2a_XKTlzj7g (0e077661-e8aa-4786-8d6d-ace171d3b739)
2019-06-22 09:34:04.215 18064 RALLYDEBUG rally_openstack.cleanup.manager [-] Deleting neutron.port object s_rally_5f11ee2a_0YpS0mfD (03f0126d-d901-4ea0-b8df-8a95dca7a36c)
2019-06-22 09:34:06.485 18064 RALLYDEBUG rally_openstack.cleanup.manager [-] Deleting neutron.port object s_rally_5f11ee2a_03fzAcBS (17692e0e-a51e-4333-8d7a-4677ca9df4fb)
2019-06-22 09:34:06.502 18064 RALLYDEBUG rally_openstack.cleanup.manager [-] Deleting neutron.port object s_rally_5f11ee2a_3jikzStR (177ad22c-ebd5-4a25-a9b6-f79558a3134b)
2019-06-22 09:34:06.709 18064 RALLYDEBUG rally_openstack.cleanup.manager [-] Deleting neutron.port object s_rally_5f11ee2a_qvYRXRlT (1886831b-46ea-46f9-80ae-c7b643b1090d)
2019-06-22 09:34:06.805 18064 RALLYDEBUG rally_openstack.cleanup.manager [-] Deleting neutron.port object s_rally_5f11ee2a_mMVQlnAF (1919b598-359c-4e3e-9879-12e0e442b16a)
2019-06-22 09:34:06.842 18064 RALLYDEBUG rally_openstack.cleanup.manager [-] Deleting neutron.port object s_rally_5f11ee2a_X18BbGYu (1ab2b4a0-1d29-4122-9b73-c4a4a28d0bdb)
2019-06-22 09:34:06.876 18064 RALLYDEBUG rally_openstack.cleanup.manager [-] Deleting neutron.port object s_rally_5f11ee2a_wbXRXUAx (1ac8f380-92d4-44ae-a467-4d9349bbef2a)
2019-06-22 09:34:06.879 18064 RALLYDEBUG rally_openstack.cleanup.manager [-] Deleting neutron.port object s_rally_5f11ee2a_Eg75kzex (1b7d60f8-3b71-41a1-9a53-d092234d8e82)
2019-06-22 09:34:06.893 18064 RALLYDEBUG rally_openstack.cleanup.manager [-] Deleting neutron.port object s_rally_5f11ee2a_Qj8CcZ8c (1c6dc0c3-9a5b-47fe-9ed3-9183493bf18f)
2019-06-22 09:34:06.931 18064 RALLYDEBUG rally_openstack.cleanup.manager [-] Deleting neutron.port object s_rally_5f11ee2a_AFVUhw0E (1ebd6533-6d37-451b-b85b-8a87b902b32e)
2019-06-22 09:34:06.938 18064 RALLYDEBUG rally_openstack.cleanup.manager [-] Deleting neutron.port object s_rally_5f11ee2a_yTeMjiND (1ecddef8-f1a6-41e6-a18c-61aa30066880)
2019-06-22 09:34:06.998 18064 RALLYDEBUG rally_openstack.cleanup.manager [-] Deleting neutron.port object s_rally_5f11ee2a_tTPZrDnW (1fd29900-dcf1-440b-af0d-ddfd88876179)
2019-06-22 09:34:07.071 18064 RALLYDEBUG rally_openstack.cleanup.manager [-] Deleting neutron.port object s_rally_5f11ee2a_smlnEAa9 (2013b71b-fa92-442c-9915-1673db339f31)
2019-06-22 09:34:07.072 18064 RALLYDEBUG rally_openstack.cleanup.manager [-] Deleting neutron.port object s_rally_5f11ee2a_kNfdxsMX (2029aee2-28b5-47c4-a922-da8e1ec857c5)
2019-06-22 09:34:07.296 18064 RALLYDEBUG rally_openstack.cleanup.manager [-] Deleting neutron.port object s_rally_5f11ee2a_uyapgr2J (240ea0b7-6f1d-4a81-8f42-657d718693db)
2019-06-22 09:34:07.298 18064 RALLYDEBUG rally_openstack.cleanup.manager [-] Deleting neutron.port object s_rally_5f11ee2a_ACbkgbHv (2737355c-1d9f-49a3-8c6a-d67c0d3ac1c8)
2019-06-22 09:34:07.333 18064 RALLYDEBUG rally_openstack.cleanup.manager [-] Deleting neutron.port object s_rally_5f11ee2a_DNEQvbZL (2a1c5821-681b-4c23-b88c-335eb0b975cc)
2019-06-22 09:34:07.346 18064 RALLYDEBUG rally_openstack.cleanup.manager [-] Deleting neutron.port object s_rally_5f11ee2a_jPqayHa2 (2afd47d5-159f-46a4-b612-242e74505937)
2019-06-22 09:34:07.376 18064 RALLYDEBUG rally_openstack.cleanup.manager [-] Deleting neutron.port object s_rally_5f11ee2a_c6qJgg9u (2b81e97f-baed-43df-a5ca-7a5362072cec)
2019-06-22 09:34:07.425 18064 RALLYDEBUG rally_openstack.cleanup.manager [-] Deleting neutron.port object s_rally_5f11ee2a_RZ7a0ig8 (2e2028b2-d0c8-44ec-9c92-cbbfef058d4c)
2019-06-22 09:34:07.503 18064 RALLYDEBUG rally_openstack.cleanup.manager [-] Deleting neutron.port object s_rally_5f11ee2a_XS48w5AZ (32d60bea-65a4-45b6-b124-509dc5393a60)
2019-06-22 09:34:08.338 18064 RALLYDEBUG rally_openstack.cleanup.manager [-] Deleting neutron.port object s_rally_5f11ee2a_qhjLo4Ru (32e4736a-83af-4e24-a720-ab1865c43917)
2019-06-22 09:34:08.358 18064 RALLYDEBUG rally_openstack.cleanup.manager [-] Deleting neutron.port object s_rally_5f11ee2a_mePcwjd8 (3333c725-6fe5-4d62-aca7-04b6cb4beaee)
2019-06-22 09:34:08.754 18064 RALLYDEBUG rally_openstack.cleanup.manager [-] Deleting neutron.port object s_rally_5f11ee2a_e6FKOVCd (33832700-830f-48e3-8d91-641c02aeed30)
2019-06-22 09:34:08.838 18064 RALLYDEBUG rally_openstack.cleanup.manager [-] Deleting neutron.port object s_rally_5f11ee2a_0XfcpjKN (350b5342-1e46-4e9d-a0a8-5aa6b4f692aa)
2019-06-22 09:34:08.991 18064 RALLYDEBUG rally_openstack.cleanup.manager [-] Deleting neutron.port object s_rally_5f11ee2a_8LDMiORY (352e6800-9b1e-4917-90ab-60de9d85c787)
2019-06-22 09:34:09.064 18064 RALLYDEBUG rally_openstack.cleanup.manager [-] Deleting neutron.port object s_rally_5f11ee2a_3QWYlUL0 (382858ca-8376-4bba-bff6-c3b0b8d9d5d9)
2019-06-22 09:34:09.083 18064 RALLYDEBUG rally_openstack.cleanup.manager [-] Deleting neutron.port object s_rally_5f11ee2a_ajhZfwCQ (3a3ec425-6111-4a59-8b2a-f80249c61c05)
2019-06-22 09:34:09.111 18064 RALLYDEBUG rally_openstack.cleanup.manager [-] Deleting neutron.port object s_rally_5f11ee2a_qh9kidT2 (3a89e932-964f-42b3-a693-89d4737776a7)
2019-06-22 09:34:09.306 18064 RALLYDEBUG rally_openstack.cleanup.manager [-] Deleting neutron.port object s_rally_5f11ee2a_zvjHYVRG (3ad40633-4bc3-4135-acb8-a2b0cb85b9e4)
2019-06-22 09:34:09.334 18064 RALLYDEBUG rally_openstack.cleanup.manager [-] Deleting neutron.port object s_rally_5f11ee2a_487crpKC (3ba72b2a-0a0a-40a3-8b4a-a137492b4db2)
2019-06-22 09:34:09.358 18064 RALLYDEBUG rally_openstack.cleanup.manager [-] Deleting neutron.port object s_rally_5f11ee2a_WoXkop1G (3bc957fb-fd9b-4d59-abd6-7258e436ad76)
2019-06-22 09:34:09.464 18064 RALLYDEBUG rally_openstack.cleanup.manager [-] Deleting neutron.port object s_rally_5f11ee2a_1omxQNIi (3c1d0e6b-c8bb-407b-9651-6680730e46d7)
2019-06-22 09:34:09.475 18064 RALLYDEBUG rally_openstack.cleanup.manager [-] Deleting neutron.port object s_rally_5f11ee2a_7Up9yAjE (3f86a512-dfe6-4253-94c0-0a465b6625a3)
2019-06-22 09:34:09.555 18064 RALLYDEBUG rally_openstack.cleanup.manager [-] Deleting neutron.port object s_rally_5f11ee2a_vRaeGOna (411938f6-421c-4458-9b17-a7491f7da217)
2019-06-22 09:34:09.589 18064 RALLYDEBUG rally_openstack.cleanup.manager [-] Deleting neutron.port object s_rally_5f11ee2a_jXN7fwdP (414879e9-513a-4ea1-9539-47d9e4978767)
2019-06-22 09:34:09.662 18064 RALLYDEBUG rally_openstack.cleanup.manager [-] Deleting neutron.port object s_rally_5f11ee2a_TxmVAaO9 (417a9d6f-ae48-493a-a589-d9261b590a12)
2019-06-22 09:34:09.677 18064 RALLYDEBUG rally_openstack.cleanup.manager [-] Deleting neutron.port object s_rally_5f11ee2a_Gqa3KEVs (42adcb74-c3f0-457a-b40d-949e26c39143)
2019-06-22 09:34:09.707 18064 RALLYDEBUG rally_openstack.cleanup.manager [-] Deleting neutron.port object s_rally_5f11ee2a_B0BY0wOn (432b70dc-388d-4198-a276-f5be16196f9f)
2019-06-22 09:34:09.714 18064 RALLYDEBUG rally_openstack.cleanup.manager [-] Deleting neutron.port object s_rally_5f11ee2a_GTyvi7LC (441ed822-5af4-44f5-bb1f-e9958960aa9b)
2019-06-22 09:34:09.797 18064 RALLYDEBUG rally_openstack.cleanup.manager [-] Deleting neutron.port object s_rally_5f11ee2a_ORmKcSV9 (4479852f-2c12-494a-b63e-f0043ace1cda)
2019-06-22 09:34:10.177 18064 RALLYDEBUG rally_openstack.cleanup.manager [-] Deleting neutron.port object s_rally_5f11ee2a_iM6m5D9j (452bd627-fc1b-47b7-9e17-cbc84db9d147)
2019-06-22 09:34:10.435 18064 RALLYDEBUG rally_openstack.cleanup.manager [-] Deleting neutron.port object s_rally_5f11ee2a_ewKqiMzx (457fe690-da79-4223-aba9-a2f539404ae9)
2019-06-22 09:34:10.615 18064 RALLYDEBUG rally_openstack.cleanup.manager [-] Deleting neutron.port object s_rally_5f11ee2a_Mjio7u6f (475d5a4e-5d5a-455d-9514-dd434ddaf681)
2019-06-22 09:34:10.806 18064 RALLYDEBUG rally_openstack.cleanup.manager [-] Deleting neutron.port object s_rally_5f11ee2a_uKPlR0D8 (484fc69d-a295-4a52-bf1a-3cda34ef8f9e)
2019-06-22 09:34:11.116 18064 RALLYDEBUG rally_openstack.cleanup.manager [-] Deleting neutron.port object s_rally_5f11ee2a_ocAujo9p (48b4b1e9-dd18-4e19-9aff-4568c03378c0)
2019-06-22 09:34:11.128 18064 RALLYDEBUG rally_openstack.cleanup.manager [-] Deleting neutron.port object s_rally_5f11ee2a_rQsPz853 (48e95cd4-b11e-43e5-a52e-1b174b2ba807)
2019-06-22 09:34:11.266 18064 RALLYDEBUG rally_openstack.cleanup.manager [-] Deleting neutron.port object s_rally_5f11ee2a_Wx5eg64E (4b304714-8976-482a-8884-197697a948f9)
2019-06-22 09:34:11.278 18064 RALLYDEBUG rally_openstack.cleanup.manager [-] Deleting neutron.port object s_rally_5f11ee2a_jvBmWLUe (4d0ca020-f8af-4f3c-8966-e1b1f42572a8)
2019-06-22 09:34:11.404 18064 RALLYDEBUG rally_openstack.cleanup.manager [-] Deleting neutron.port object s_rally_5f11ee2a_luzfV96b (51dab968-9be1-44ec-bc11-44815e933514)
