2019-06-22 09:20:50.157 18055 RALLYDEBUG rally.api [-] INFO logs from urllib3 and requests module are hide.
2019-06-22 09:20:50.157 18055 RALLYDEBUG rally.api [-] urllib3 insecure warnings are hidden.
2019-06-22 09:20:50.157 18055 RALLYDEBUG rally.api [-] ERROR log from boto module is hide.
2019-06-22 09:20:52.720 18057 RALLYDEBUG rally.api [-] INFO logs from urllib3 and requests module are hide.
2019-06-22 09:20:52.720 18057 RALLYDEBUG rally.api [-] urllib3 insecure warnings are hidden.
2019-06-22 09:20:52.720 18057 RALLYDEBUG rally.api [-] ERROR log from boto module is hide.
2019-06-22 09:20:54.263 18057 WARNING rally_openstack.platforms.existing [-] endpoint is deprecated and not used.
2019-06-22 09:20:55.346 18059 RALLYDEBUG rally.api [-] INFO logs from urllib3 and requests module are hide.
2019-06-22 09:20:55.346 18059 RALLYDEBUG rally.api [-] urllib3 insecure warnings are hidden.
2019-06-22 09:20:55.346 18059 RALLYDEBUG rally.api [-] ERROR log from boto module is hide.
2019-06-22 09:20:58.640 18062 RALLYDEBUG rally.api [-] INFO logs from urllib3 and requests module are hide.
2019-06-22 09:20:58.641 18062 RALLYDEBUG rally.api [-] urllib3 insecure warnings are hidden.
2019-06-22 09:20:58.641 18062 RALLYDEBUG rally.api [-] ERROR log from boto module is hide.
2019-06-22 09:21:00.201 18064 RALLYDEBUG rally.api [-] INFO logs from urllib3 and requests module are hide.
2019-06-22 09:21:00.201 18064 RALLYDEBUG rally.api [-] urllib3 insecure warnings are hidden.
2019-06-22 09:21:00.201 18064 RALLYDEBUG rally.api [-] ERROR log from boto module is hide.
2019-06-22 09:21:01.615 18064 INFO rally.common.plugin.discover [-] Loading plugins from directories /root/.rally/plugins/*
2019-06-22 09:21:01.616 18064 INFO rally.common.plugin.discover [-] Loaded module with plugins: /root/.rally/plugins/__init__.py
2019-06-22 09:21:01.619 18064 INFO rally.common.plugin.discover [-] Loaded module with plugins: /root/.rally/plugins/trunk_scenario.py
2019-06-22 09:21:01.864 18064 INFO rally.task.engine [-] Task d33efd7d-5d4e-4fed-a85c-92fac1508a22 | Starting: Task validation.
2019-06-22 09:21:01.913 18064 INFO rally.task.engine [-] Task d33efd7d-5d4e-4fed-a85c-92fac1508a22 | Starting: Task validation of syntax.
2019-06-22 09:21:02.164 18064 INFO rally.task.engine [-] Task d33efd7d-5d4e-4fed-a85c-92fac1508a22 | Completed: Task validation of syntax.
2019-06-22 09:21:02.164 18064 INFO rally.task.engine [-] Task d33efd7d-5d4e-4fed-a85c-92fac1508a22 | Starting: Task validation of required platforms.
2019-06-22 09:21:02.235 18064 INFO rally.task.engine [-] Task d33efd7d-5d4e-4fed-a85c-92fac1508a22 | Completed: Task validation of required platforms.
2019-06-22 09:21:02.236 18064 INFO rally.task.engine [-] Task d33efd7d-5d4e-4fed-a85c-92fac1508a22 | Starting: Task validation of semantic.
2019-06-22 09:21:02.236 18064 INFO rally.task.engine [-] Check health of the environment 'afbb29b7-a544-48c1-b133-4354eb0f55d3'.
2019-06-22 09:21:02.926 18064 INFO rally.task.engine [-] Platform existing@openstack (available: True): OK!
2019-06-22 09:21:02.939 18064 RALLYDEBUG rally_openstack.contexts.keystone.users [-] Creating 1 tenants using 20 threads
2019-06-22 09:21:03.832 18064 RALLYDEBUG rally_openstack.contexts.keystone.users [-] Creating 1 users using 20 threads
2019-06-22 09:21:05.258 18064 INFO rally.task.context [-] Task d33efd7d-5d4e-4fed-a85c-92fac1508a22 | Context users@openstack setup() finished in 2.32 sec
2019-06-22 09:21:09.902 18064 INFO rally.task.context [-] Task d33efd7d-5d4e-4fed-a85c-92fac1508a22 | Context users@openstack cleanup() started
2019-06-22 09:21:13.187 18064 INFO rally.task.context [-] Task d33efd7d-5d4e-4fed-a85c-92fac1508a22 | Context users@openstack cleanup() finished in 3.28 sec
2019-06-22 09:21:13.187 18064 INFO rally.task.engine [-] Task d33efd7d-5d4e-4fed-a85c-92fac1508a22 | Completed: Task validation of semantic.
2019-06-22 09:21:13.188 18064 INFO rally.task.engine [-] Task d33efd7d-5d4e-4fed-a85c-92fac1508a22 | Completed: Task validation.
2019-06-22 09:21:13.188 18064 INFO rally.api [-] Task d33efd7d-5d4e-4fed-a85c-92fac1508a22 input file is valid.
2019-06-22 09:21:13.188 18064 INFO rally.api [-] Run Task d33efd7d-5d4e-4fed-a85c-92fac1508a22 against Deployment afbb29b7-a544-48c1-b133-4354eb0f55d3
2019-06-22 09:21:13.189 18064 INFO rally.task.engine [-] Task d33efd7d-5d4e-4fed-a85c-92fac1508a22 | Starting: Running task.
2019-06-22 09:21:13.352 18064 INFO rally.task.engine [-] Running workload: position = 0 config = { "version": 2, "title": "A cropped version of a bigger task.", "description": "Auto-generated task from a single workload (uuid=987781be-657a-432e-95f6-f4a85a98e22a)", "subtasks": [ { "title": "NeutronNetworks.create_and_list_networks", "description": "Check performance of list_networks action and ensure > network quotas are not exceeded", "scenario": { "NeutronNetworks.create_and_list_networks": {} }, "contexts": { "users": { "tenants": 1, "users_per_tenant": 1 }, "quotas": { "neutron": { "network": 119 } } }, "runner": { "constant": { "times": 100, "concurrency": 20 } }, "hooks": [], "sla": { "max_avg_duration_per_atomic": { "neutron.list_networks": 15 }, "failure_rate": { "max": 0 } } } ] }
2019-06-22 09:21:13.374 18064 RALLYDEBUG rally_openstack.contexts.keystone.users [-] Creating 1 tenants using 20 threads
2019-06-22 09:21:14.311 18064 RALLYDEBUG rally_openstack.contexts.keystone.users [-] Creating 1 users using 20 threads
2019-06-22 09:21:15.717 18064 INFO rally.task.context [-] Task d33efd7d-5d4e-4fed-a85c-92fac1508a22 | Context users@openstack setup() finished in 2.34 sec
2019-06-22 09:21:16.229 18064 INFO rally.task.context [-] Task d33efd7d-5d4e-4fed-a85c-92fac1508a22 | Context quotas@openstack setup() finished in 0.51 sec
2019-06-22 09:21:16.229 18064 INFO rally.task.context [-] Task d33efd7d-5d4e-4fed-a85c-92fac1508a22 | Context cleanup@openstack setup() finished in 0.01 msec
2019-06-22 09:21:16.238 18064 RALLYDEBUG rally.task.runner [-] Starting the constant runner (task UUID: d33efd7d-5d4e-4fed-a85c-92fac1508a22). timeout: 0 concurrency: 20 concurrency_per_worker: 1 times: 100 concurrency_overhead: 4 processes_to_start: 16 max_cpu_used: 16
2019-06-22 09:21:16.252 18188 RALLYDEBUG rally.task.runner [-] Starting a worker. concurrency: 2 args: {} times: 100 method_name: run timeout: 0 duration: None cls:
2019-06-22 09:21:16.255 18189 RALLYDEBUG rally.task.runner [-] Starting a worker. concurrency: 2 args: {} times: 100 method_name: run timeout: 0 duration: None cls:
2019-06-22 09:21:16.258 18190 RALLYDEBUG rally.task.runner [-] Starting a worker. concurrency: 2 args: {} times: 100 method_name: run timeout: 0 duration: None cls:
2019-06-22 09:21:16.261 18191 RALLYDEBUG rally.task.runner [-] Starting a worker. concurrency: 2 args: {} times: 100 method_name: run timeout: 0 duration: None cls:
2019-06-22 09:21:16.261 18188 INFO rally.task.runner [-] Task d33efd7d-5d4e-4fed-a85c-92fac1508a22 | ITER: 1 START
2019-06-22 09:21:16.264 18194 RALLYDEBUG rally.task.runner [-] Starting a worker. concurrency: 1 args: {} times: 100 method_name: run timeout: 0 duration: None cls:
2019-06-22 09:21:16.265 18189 INFO rally.task.runner [-] Task d33efd7d-5d4e-4fed-a85c-92fac1508a22 | ITER: 2 START
2019-06-22 09:21:16.267 18197 RALLYDEBUG rally.task.runner [-] Starting a worker. concurrency: 1 args: {} times: 100 method_name: run timeout: 0 duration: None cls:
2019-06-22 09:21:16.270 18190 INFO rally.task.runner [-] Task d33efd7d-5d4e-4fed-a85c-92fac1508a22 | ITER: 4 START
2019-06-22 09:21:16.271 18201 RALLYDEBUG rally.task.runner [-] Starting a worker. concurrency: 1 args: {} times: 100 method_name: run timeout: 0 duration: None cls:
2019-06-22 09:21:16.272 18194 INFO rally.task.runner [-] Task d33efd7d-5d4e-4fed-a85c-92fac1508a22 | ITER: 8 START
2019-06-22 09:21:16.273 18191 INFO rally.task.runner [-] Task d33efd7d-5d4e-4fed-a85c-92fac1508a22 | ITER: 6 START
2019-06-22 09:21:16.273 18188 INFO rally.task.runner [-] Task d33efd7d-5d4e-4fed-a85c-92fac1508a22 | ITER: 3 START
2019-06-22 09:21:16.276 18207 RALLYDEBUG rally.task.runner [-] Starting a worker. concurrency: 1 args: {} times: 100 method_name: run timeout: 0 duration: None cls:
2019-06-22 09:21:16.278 18197 INFO rally.task.runner [-] Task d33efd7d-5d4e-4fed-a85c-92fac1508a22 | ITER: 10 START
2019-06-22 09:21:16.278 18189 INFO rally.task.runner [-] Task d33efd7d-5d4e-4fed-a85c-92fac1508a22 | ITER: 5 START
2019-06-22 09:21:16.279 18191 INFO rally.task.runner [-] Task d33efd7d-5d4e-4fed-a85c-92fac1508a22 | ITER: 9 START
2019-06-22 09:21:16.279 18190 INFO rally.task.runner [-] Task d33efd7d-5d4e-4fed-a85c-92fac1508a22 | ITER: 7 START
2019-06-22 09:21:16.279 18210 RALLYDEBUG rally.task.runner [-] Starting a worker. concurrency: 1 args: {} times: 100 method_name: run timeout: 0 duration: None cls:
2019-06-22 09:21:16.280 18201 INFO rally.task.runner [-] Task d33efd7d-5d4e-4fed-a85c-92fac1508a22 | ITER: 11 START
2019-06-22 09:21:16.286 18207 INFO rally.task.runner [-] Task d33efd7d-5d4e-4fed-a85c-92fac1508a22 | ITER: 12 START
2019-06-22 09:21:16.289 18210 INFO rally.task.runner [-] Task d33efd7d-5d4e-4fed-a85c-92fac1508a22 | ITER: 13 START
2019-06-22 09:21:16.288 18215 RALLYDEBUG rally.task.runner [-] Starting a worker. concurrency: 1 args: {} times: 100 method_name: run timeout: 0 duration: None cls:
2019-06-22 09:21:16.294 18220 RALLYDEBUG rally.task.runner [-] Starting a worker. concurrency: 1 args: {} times: 100 method_name: run timeout: 0 duration: None cls:
2019-06-22 09:21:16.298 18215 INFO rally.task.runner [-] Task d33efd7d-5d4e-4fed-a85c-92fac1508a22 | ITER: 14 START
2019-06-22 09:21:16.303 18220 INFO rally.task.runner [-] Task d33efd7d-5d4e-4fed-a85c-92fac1508a22 | ITER: 15 START
2019-06-22 09:21:16.304 18223 RALLYDEBUG rally.task.runner [-] Starting a worker. concurrency: 1 args: {} times: 100 method_name: run timeout: 0 duration: None cls:
2019-06-22 09:21:16.311 18223 INFO rally.task.runner [-] Task d33efd7d-5d4e-4fed-a85c-92fac1508a22 | ITER: 16 START
2019-06-22 09:21:16.311 18226 RALLYDEBUG rally.task.runner [-] Starting a worker. concurrency: 1 args: {} times: 100 method_name: run timeout: 0 duration: None cls:
2019-06-22 09:21:16.318 18226 INFO rally.task.runner [-] Task d33efd7d-5d4e-4fed-a85c-92fac1508a22 | ITER: 17 START
2019-06-22 09:21:16.318 18229 RALLYDEBUG rally.task.runner [-] Starting a worker. concurrency: 1 args: {} times: 100 method_name: run timeout: 0 duration: None cls:
2019-06-22 09:21:16.324 18232 RALLYDEBUG rally.task.runner [-] Starting a worker. concurrency: 1 args: {} times: 100 method_name: run timeout: 0 duration: None cls:
2019-06-22 09:21:16.325 18229 INFO rally.task.runner [-] Task d33efd7d-5d4e-4fed-a85c-92fac1508a22 | ITER: 18 START
2019-06-22 09:21:16.330 18232 INFO rally.task.runner [-] Task d33efd7d-5d4e-4fed-a85c-92fac1508a22 | ITER: 19 START
2019-06-22 09:21:16.330 18235 RALLYDEBUG rally.task.runner [-] Starting a worker. concurrency: 1 args: {} times: 100 method_name: run timeout: 0 duration: None cls:
2019-06-22 09:21:16.336 18235 INFO rally.task.runner [-] Task d33efd7d-5d4e-4fed-a85c-92fac1508a22 | ITER: 20 START
2019-06-22 09:21:17.336 18188 INFO rally.task.runner [-] Task d33efd7d-5d4e-4fed-a85c-92fac1508a22 | ITER: 1 END: OK
2019-06-22 09:21:17.341 18188 INFO rally.task.runner [-] Task d33efd7d-5d4e-4fed-a85c-92fac1508a22 | ITER: 21 START
2019-06-22 09:21:17.385 18188 INFO rally.task.runner [-] Task d33efd7d-5d4e-4fed-a85c-92fac1508a22 | ITER: 3 END: OK
2019-06-22 09:21:17.389 18188 INFO rally.task.runner [-] Task d33efd7d-5d4e-4fed-a85c-92fac1508a22 | ITER: 22 START
2019-06-22 09:21:17.400 18189 INFO rally.task.runner [-] Task d33efd7d-5d4e-4fed-a85c-92fac1508a22 | ITER: 5 END: OK
2019-06-22 09:21:17.404 18189 INFO rally.task.runner [-] Task d33efd7d-5d4e-4fed-a85c-92fac1508a22 | ITER: 23 START
2019-06-22 09:21:17.454 18197 INFO rally.task.runner [-] Task d33efd7d-5d4e-4fed-a85c-92fac1508a22 | ITER: 10 END: OK
2019-06-22 09:21:17.457 18197 INFO rally.task.runner [-] Task d33efd7d-5d4e-4fed-a85c-92fac1508a22 | ITER: 24 START
2019-06-22 09:21:17.532 18190 INFO rally.task.runner [-] Task d33efd7d-5d4e-4fed-a85c-92fac1508a22 | ITER: 4 END: OK
2019-06-22 09:21:17.536 18190 INFO rally.task.runner [-] Task d33efd7d-5d4e-4fed-a85c-92fac1508a22 | ITER: 25 START
2019-06-22 09:21:17.544 18201 INFO rally.task.runner [-] Task d33efd7d-5d4e-4fed-a85c-92fac1508a22 | ITER: 11 END: OK
2019-06-22 09:21:17.547 18201 INFO rally.task.runner [-] Task d33efd7d-5d4e-4fed-a85c-92fac1508a22 | ITER: 26 START
2019-06-22 09:21:17.548 18223 INFO rally.task.runner [-] Task d33efd7d-5d4e-4fed-a85c-92fac1508a22 | ITER: 16 END: OK
2019-06-22 09:21:17.551 18223 INFO rally.task.runner [-] Task d33efd7d-5d4e-4fed-a85c-92fac1508a22 | ITER: 27 START
2019-06-22 09:21:17.666 18235 INFO rally.task.runner [-] Task d33efd7d-5d4e-4fed-a85c-92fac1508a22 | ITER: 20 END: OK
2019-06-22 09:21:17.670 18235 INFO rally.task.runner [-] Task d33efd7d-5d4e-4fed-a85c-92fac1508a22 | ITER: 28 START
2019-06-22 09:21:17.693 18226 INFO rally.task.runner [-] Task d33efd7d-5d4e-4fed-a85c-92fac1508a22 | ITER: 17 END: OK
2019-06-22 09:21:17.696 18226 INFO rally.task.runner [-] Task d33efd7d-5d4e-4fed-a85c-92fac1508a22 | ITER: 29 START
2019-06-22 09:21:17.729 18189 INFO rally.task.runner [-] Task d33efd7d-5d4e-4fed-a85c-92fac1508a22 | ITER: 2 END: OK
2019-06-22 09:21:17.733 18189 INFO rally.task.runner [-] Task d33efd7d-5d4e-4fed-a85c-92fac1508a22 | ITER: 30 START
2019-06-22 09:21:17.769 18220 INFO rally.task.runner [-] Task d33efd7d-5d4e-4fed-a85c-92fac1508a22 | ITER: 15 END: OK
2019-06-22 09:21:17.772 18220 INFO rally.task.runner [-] Task d33efd7d-5d4e-4fed-a85c-92fac1508a22 | ITER: 31 START
2019-06-22 09:21:17.791 18232 INFO rally.task.runner [-] Task d33efd7d-5d4e-4fed-a85c-92fac1508a22 | ITER: 19 END: OK
2019-06-22 09:21:17.795 18232 INFO rally.task.runner [-] Task d33efd7d-5d4e-4fed-a85c-92fac1508a22 | ITER: 32 START
2019-06-22 09:21:17.799 18194 INFO rally.task.runner [-] Task d33efd7d-5d4e-4fed-a85c-92fac1508a22 | ITER: 8 END: OK
2019-06-22 09:21:17.803 18194 INFO rally.task.runner [-] Task d33efd7d-5d4e-4fed-a85c-92fac1508a22 | ITER: 33 START
2019-06-22 09:21:17.818 18210 INFO rally.task.runner [-] Task d33efd7d-5d4e-4fed-a85c-92fac1508a22 | ITER: 13 END: OK
2019-06-22 09:21:17.819 18191 INFO rally.task.runner [-] Task d33efd7d-5d4e-4fed-a85c-92fac1508a22 | ITER: 9 END: OK
2019-06-22 09:21:17.822 18210 INFO rally.task.runner [-] Task d33efd7d-5d4e-4fed-a85c-92fac1508a22 | ITER: 34 START
2019-06-22 09:21:17.823 18191 INFO rally.task.runner [-] Task d33efd7d-5d4e-4fed-a85c-92fac1508a22 | ITER: 35 START
2019-06-22 09:21:17.834 18190 INFO rally.task.runner [-] Task d33efd7d-5d4e-4fed-a85c-92fac1508a22 | ITER: 7 END: OK
2019-06-22 09:21:17.837 18190 INFO rally.task.runner [-] Task d33efd7d-5d4e-4fed-a85c-92fac1508a22 | ITER: 36 START
2019-06-22 09:21:17.864 18229 INFO rally.task.runner [-] Task d33efd7d-5d4e-4fed-a85c-92fac1508a22 | ITER: 18 END: OK
2019-06-22 09:21:17.868 18229 INFO rally.task.runner [-] Task d33efd7d-5d4e-4fed-a85c-92fac1508a22 | ITER: 37 START
2019-06-22 09:21:17.927 18207 INFO rally.task.runner [-] Task d33efd7d-5d4e-4fed-a85c-92fac1508a22 | ITER: 12 END: OK
2019-06-22 09:21:17.931 18207 INFO rally.task.runner [-] Task d33efd7d-5d4e-4fed-a85c-92fac1508a22 | ITER: 38 START
2019-06-22 09:21:17.984 18215 INFO rally.task.runner [-] Task d33efd7d-5d4e-4fed-a85c-92fac1508a22 | ITER: 14 END: OK
2019-06-22 09:21:17.988 18215 INFO rally.task.runner [-] Task d33efd7d-5d4e-4fed-a85c-92fac1508a22 | ITER: 39 START
2019-06-22 09:21:17.994 18191 INFO rally.task.runner [-] Task d33efd7d-5d4e-4fed-a85c-92fac1508a22 | ITER: 6 END: OK
2019-06-22 09:21:17.997 18191 INFO rally.task.runner [-] Task d33efd7d-5d4e-4fed-a85c-92fac1508a22 | ITER: 40 START
2019-06-22 09:21:18.178 18188 INFO rally.task.runner [-] Task d33efd7d-5d4e-4fed-a85c-92fac1508a22 | ITER: 22 END: OK
2019-06-22 09:21:18.181 18188 INFO rally.task.runner [-] Task d33efd7d-5d4e-4fed-a85c-92fac1508a22 | ITER: 41 START
2019-06-22 09:21:18.271 18189 INFO rally.task.runner [-] Task d33efd7d-5d4e-4fed-a85c-92fac1508a22 | ITER: 23 END: OK
2019-06-22 09:21:18.275 18189 INFO rally.task.runner [-] Task d33efd7d-5d4e-4fed-a85c-92fac1508a22 | ITER: 42 START
2019-06-22 09:21:18.338 18201 INFO rally.task.runner [-] Task d33efd7d-5d4e-4fed-a85c-92fac1508a22 | ITER: 26 END: OK
2019-06-22 09:21:18.342 18201 INFO rally.task.runner [-] Task d33efd7d-5d4e-4fed-a85c-92fac1508a22 | ITER: 43 START
2019-06-22 09:21:18.487 18197 INFO rally.task.runner [-] Task d33efd7d-5d4e-4fed-a85c-92fac1508a22 | ITER: 24 END: OK
2019-06-22 09:21:18.491 18197 INFO rally.task.runner [-] Task d33efd7d-5d4e-4fed-a85c-92fac1508a22 | ITER: 44 START
2019-06-22 09:21:18.515 18188 INFO rally.task.runner [-] Task d33efd7d-5d4e-4fed-a85c-92fac1508a22 | ITER: 21 END: OK
2019-06-22 09:21:18.519 18188 INFO rally.task.runner [-] Task d33efd7d-5d4e-4fed-a85c-92fac1508a22 | ITER: 45 START
2019-06-22 09:21:18.591 18190 INFO rally.task.runner [-] Task d33efd7d-5d4e-4fed-a85c-92fac1508a22 | ITER: 25 END: OK
2019-06-22 09:21:18.595 18190 INFO rally.task.runner [-] Task d33efd7d-5d4e-4fed-a85c-92fac1508a22 | ITER: 46 START
2019-06-22 09:21:18.616 18223 INFO rally.task.runner [-] Task d33efd7d-5d4e-4fed-a85c-92fac1508a22 | ITER: 27 END: OK
2019-06-22 09:21:18.620 18223 INFO rally.task.runner [-] Task d33efd7d-5d4e-4fed-a85c-92fac1508a22 | ITER: 47 START
2019-06-22 09:21:18.676 18232 INFO rally.task.runner [-] Task d33efd7d-5d4e-4fed-a85c-92fac1508a22 | ITER: 32 END: OK
2019-06-22 09:21:18.680 18232 INFO rally.task.runner [-] Task d33efd7d-5d4e-4fed-a85c-92fac1508a22 | ITER: 48 START
2019-06-22 09:21:18.872 18235 INFO rally.task.runner [-] Task d33efd7d-5d4e-4fed-a85c-92fac1508a22 | ITER: 28 END: OK
2019-06-22 09:21:18.876 18235 INFO rally.task.runner [-] Task d33efd7d-5d4e-4fed-a85c-92fac1508a22 | ITER: 49 START
2019-06-22 09:21:18.881 18210 INFO rally.task.runner [-] Task d33efd7d-5d4e-4fed-a85c-92fac1508a22 | ITER: 34 END: OK
2019-06-22 09:21:18.885 18210 INFO rally.task.runner [-] Task d33efd7d-5d4e-4fed-a85c-92fac1508a22 | ITER: 50 START
2019-06-22 09:21:19.243 18226 INFO rally.task.runner [-] Task d33efd7d-5d4e-4fed-a85c-92fac1508a22 | ITER: 29 END: OK
2019-06-22 09:21:19.247 18226 INFO rally.task.runner [-] Task d33efd7d-5d4e-4fed-a85c-92fac1508a22 | ITER: 51 START
2019-06-22 09:21:19.315 18189 INFO rally.task.runner [-] Task d33efd7d-5d4e-4fed-a85c-92fac1508a22 | ITER: 30 END: OK
2019-06-22 09:21:19.318 18189 INFO rally.task.runner [-] Task d33efd7d-5d4e-4fed-a85c-92fac1508a22 | ITER: 52 START
2019-06-22 09:21:19.465 18215 INFO rally.task.runner [-] Task d33efd7d-5d4e-4fed-a85c-92fac1508a22 | ITER: 39 END: OK
2019-06-22 09:21:19.469 18215 INFO rally.task.runner [-] Task d33efd7d-5d4e-4fed-a85c-92fac1508a22 | ITER: 53 START
2019-06-22 09:21:19.546 18229 INFO rally.task.runner [-] Task d33efd7d-5d4e-4fed-a85c-92fac1508a22 | ITER: 37 END: OK
2019-06-22 09:21:19.549 18229 INFO rally.task.runner [-] Task d33efd7d-5d4e-4fed-a85c-92fac1508a22 | ITER: 54 START
2019-06-22 09:21:19.582 18194 INFO rally.task.runner [-] Task d33efd7d-5d4e-4fed-a85c-92fac1508a22 | ITER: 33 END: OK
2019-06-22 09:21:19.586 18194 INFO rally.task.runner [-] Task d33efd7d-5d4e-4fed-a85c-92fac1508a22 | ITER: 55 START
2019-06-22 09:21:19.747 18188 INFO rally.task.runner [-] Task d33efd7d-5d4e-4fed-a85c-92fac1508a22 | ITER: 41 END: OK
2019-06-22 09:21:19.750 18188 INFO rally.task.runner [-] Task d33efd7d-5d4e-4fed-a85c-92fac1508a22 | ITER: 56 START
2019-06-22 09:21:19.800 18201 INFO rally.task.runner [-] Task d33efd7d-5d4e-4fed-a85c-92fac1508a22 | ITER: 43 END: OK
2019-06-22 09:21:19.804 18201 INFO rally.task.runner [-] Task d33efd7d-5d4e-4fed-a85c-92fac1508a22 | ITER: 57 START
2019-06-22 09:21:19.818 18207 INFO rally.task.runner [-] Task d33efd7d-5d4e-4fed-a85c-92fac1508a22 | ITER: 38 END: OK
2019-06-22 09:21:19.822 18207 INFO rally.task.runner [-] Task d33efd7d-5d4e-4fed-a85c-92fac1508a22 | ITER: 58 START
2019-06-22 09:21:19.884 18220 INFO rally.task.runner [-] Task d33efd7d-5d4e-4fed-a85c-92fac1508a22 | ITER: 31 END: OK
2019-06-22 09:21:19.888 18220 INFO rally.task.runner [-] Task d33efd7d-5d4e-4fed-a85c-92fac1508a22 | ITER: 59 START
2019-06-22 09:21:19.897 18235 INFO rally.task.runner [-] Task d33efd7d-5d4e-4fed-a85c-92fac1508a22 | ITER: 49 END: OK
2019-06-22 09:21:19.901 18235 INFO rally.task.runner [-] Task d33efd7d-5d4e-4fed-a85c-92fac1508a22 | ITER: 60 START
2019-06-22 09:21:20.109 18191 INFO rally.task.runner [-] Task d33efd7d-5d4e-4fed-a85c-92fac1508a22 | ITER: 35 END: OK
2019-06-22 09:21:20.113 18191 INFO rally.task.runner [-] Task d33efd7d-5d4e-4fed-a85c-92fac1508a22 | ITER: 61 START
2019-06-22 09:21:20.131 18190 INFO rally.task.runner [-] Task d33efd7d-5d4e-4fed-a85c-92fac1508a22 | ITER: 36 END: OK
2019-06-22 09:21:20.135 18190 INFO rally.task.runner [-] Task d33efd7d-5d4e-4fed-a85c-92fac1508a22 | ITER: 62 START
2019-06-22 09:21:20.395 18197 INFO rally.task.runner [-] Task d33efd7d-5d4e-4fed-a85c-92fac1508a22 | ITER: 44 END: OK
2019-06-22 09:21:20.399 18197 INFO rally.task.runner [-] Task d33efd7d-5d4e-4fed-a85c-92fac1508a22 | ITER: 63 START
2019-06-22 09:21:20.403 18190 INFO rally.task.runner [-] Task d33efd7d-5d4e-4fed-a85c-92fac1508a22 | ITER: 46 END: OK
2019-06-22 09:21:20.407 18190 INFO rally.task.runner [-] Task d33efd7d-5d4e-4fed-a85c-92fac1508a22 | ITER: 64 START
2019-06-22 09:21:20.506 18189 INFO rally.task.runner [-] Task d33efd7d-5d4e-4fed-a85c-92fac1508a22 | ITER: 42 END: OK
2019-06-22 09:21:20.509 18189 INFO rally.task.runner [-] Task d33efd7d-5d4e-4fed-a85c-92fac1508a22 | ITER: 65 START
2019-06-22 09:21:20.580 18188 INFO rally.task.runner [-] Task d33efd7d-5d4e-4fed-a85c-92fac1508a22 | ITER: 45 END: OK
2019-06-22 09:21:20.584 18188 INFO rally.task.runner [-] Task d33efd7d-5d4e-4fed-a85c-92fac1508a22 | ITER: 66 START
2019-06-22 09:21:20.608 18223 INFO rally.task.runner [-] Task d33efd7d-5d4e-4fed-a85c-92fac1508a22 | ITER: 47 END: OK
2019-06-22 09:21:20.611 18223 INFO rally.task.runner [-] Task d33efd7d-5d4e-4fed-a85c-92fac1508a22 | ITER: 67 START
2019-06-22 09:21:20.888 18220 INFO rally.task.runner [-] Task d33efd7d-5d4e-4fed-a85c-92fac1508a22 | ITER: 59 END: OK
2019-06-22 09:21:20.891 18220 INFO rally.task.runner [-] Task d33efd7d-5d4e-4fed-a85c-92fac1508a22 | ITER: 68 START
2019-06-22 09:21:20.946 18191 INFO rally.task.runner [-] Task d33efd7d-5d4e-4fed-a85c-92fac1508a22 | ITER: 40 END: OK
2019-06-22 09:21:20.950 18191 INFO rally.task.runner [-] Task d33efd7d-5d4e-4fed-a85c-92fac1508a22 | ITER: 69 START
2019-06-22 09:21:20.976 18189 INFO rally.task.runner [-] Task d33efd7d-5d4e-4fed-a85c-92fac1508a22 | ITER: 52 END: OK
2019-06-22 09:21:20.979 18189 INFO rally.task.runner [-] Task d33efd7d-5d4e-4fed-a85c-92fac1508a22 | ITER: 70 START
2019-06-22 09:21:20.989 18232 INFO rally.task.runner [-] Task d33efd7d-5d4e-4fed-a85c-92fac1508a22 | ITER: 48 END: OK
2019-06-22 09:21:20.992 18232 INFO rally.task.runner [-] Task d33efd7d-5d4e-4fed-a85c-92fac1508a22 | ITER: 71 START
2019-06-22 09:21:21.122 18210 INFO rally.task.runner [-] Task d33efd7d-5d4e-4fed-a85c-92fac1508a22 | ITER: 50 END: OK
2019-06-22 09:21:21.125 18210 INFO rally.task.runner [-] Task d33efd7d-5d4e-4fed-a85c-92fac1508a22 | ITER: 72 START
2019-06-22 09:21:21.181 18190 INFO rally.task.runner [-] Task d33efd7d-5d4e-4fed-a85c-92fac1508a22 | ITER: 64 END: OK
2019-06-22 09:21:21.185 18190 INFO rally.task.runner [-] Task d33efd7d-5d4e-4fed-a85c-92fac1508a22 | ITER: 73 START
2019-06-22 09:21:21.306 18215 INFO rally.task.runner [-] Task d33efd7d-5d4e-4fed-a85c-92fac1508a22 | ITER: 53 END: OK
2019-06-22 09:21:21.309 18215 INFO rally.task.runner [-] Task d33efd7d-5d4e-4fed-a85c-92fac1508a22 | ITER: 74 START
2019-06-22 09:21:21.419 18229 INFO rally.task.runner [-] Task d33efd7d-5d4e-4fed-a85c-92fac1508a22 | ITER: 54 END: OK
2019-06-22 09:21:21.423 18229 INFO rally.task.runner [-] Task d33efd7d-5d4e-4fed-a85c-92fac1508a22 | ITER: 75 START
2019-06-22 09:21:21.505 18188 INFO rally.task.runner [-] Task d33efd7d-5d4e-4fed-a85c-92fac1508a22 | ITER: 56 END: OK
2019-06-22 09:21:21.510 18188 INFO rally.task.runner [-] Task d33efd7d-5d4e-4fed-a85c-92fac1508a22 | ITER: 76 START
2019-06-22 09:21:21.603 18194 INFO rally.task.runner [-] Task d33efd7d-5d4e-4fed-a85c-92fac1508a22 | ITER: 55 END: OK
2019-06-22 09:21:21.607 18194 INFO rally.task.runner [-] Task d33efd7d-5d4e-4fed-a85c-92fac1508a22 | ITER: 77 START
2019-06-22 09:21:21.751 18201 INFO rally.task.runner [-] Task d33efd7d-5d4e-4fed-a85c-92fac1508a22 | ITER: 57 END: OK
2019-06-22 09:21:21.755 18201 INFO rally.task.runner [-] Task d33efd7d-5d4e-4fed-a85c-92fac1508a22 | ITER: 78 START
2019-06-22 09:21:21.821 18235 INFO rally.task.runner [-] Task d33efd7d-5d4e-4fed-a85c-92fac1508a22 | ITER: 60 END: OK
2019-06-22 09:21:21.825 18235 INFO rally.task.runner [-] Task d33efd7d-5d4e-4fed-a85c-92fac1508a22 | ITER: 79 START
2019-06-22 09:21:21.938 18226 INFO rally.task.runner [-] Task d33efd7d-5d4e-4fed-a85c-92fac1508a22 | ITER: 51 END: OK
2019-06-22 09:21:21.940 18188 INFO rally.task.runner [-] Task d33efd7d-5d4e-4fed-a85c-92fac1508a22 | ITER: 66 END: OK
2019-06-22 09:21:21.941 18226 INFO rally.task.runner [-] Task d33efd7d-5d4e-4fed-a85c-92fac1508a22 | ITER: 80 START
2019-06-22 09:21:21.944 18188 INFO rally.task.runner [-] Task d33efd7d-5d4e-4fed-a85c-92fac1508a22 | ITER: 81 START
2019-06-22 09:21:22.093 18190 INFO rally.task.runner [-] Task d33efd7d-5d4e-4fed-a85c-92fac1508a22 | ITER: 62 END: OK
2019-06-22 09:21:22.097 18190 INFO rally.task.runner [-] Task d33efd7d-5d4e-4fed-a85c-92fac1508a22 | ITER: 82 START
2019-06-22 09:21:22.169 18191 INFO rally.task.runner [-] Task d33efd7d-5d4e-4fed-a85c-92fac1508a22 | ITER: 61 END: OK
2019-06-22 09:21:22.172 18191 INFO rally.task.runner [-] Task d33efd7d-5d4e-4fed-a85c-92fac1508a22 | ITER: 83 START
2019-06-22 09:21:22.232 18191 INFO rally.task.runner [-] Task d33efd7d-5d4e-4fed-a85c-92fac1508a22 | ITER: 69 END: OK
2019-06-22 09:21:22.236 18191 INFO rally.task.runner [-] Task d33efd7d-5d4e-4fed-a85c-92fac1508a22 | ITER: 84 START
2019-06-22 09:21:22.261 18189 INFO rally.task.runner [-] Task d33efd7d-5d4e-4fed-a85c-92fac1508a22 | ITER: 70 END: OK
2019-06-22 09:21:22.264 18189 INFO rally.task.runner [-] Task d33efd7d-5d4e-4fed-a85c-92fac1508a22 | ITER: 85 START
2019-06-22 09:21:22.509 18223 INFO rally.task.runner [-] Task d33efd7d-5d4e-4fed-a85c-92fac1508a22 | ITER: 67 END: OK
2019-06-22 09:21:22.512 18207 INFO rally.task.runner [-] Task d33efd7d-5d4e-4fed-a85c-92fac1508a22 | ITER: 58 END: OK
2019-06-22 09:21:22.513 18223 INFO rally.task.runner [-] Task d33efd7d-5d4e-4fed-a85c-92fac1508a22 | ITER: 86 START
2019-06-22 09:21:22.516 18207 INFO rally.task.runner [-] Task d33efd7d-5d4e-4fed-a85c-92fac1508a22 | ITER: 87 START
2019-06-22 09:21:22.539 18189 INFO rally.task.runner [-] Task d33efd7d-5d4e-4fed-a85c-92fac1508a22 | ITER: 65 END: OK
2019-06-22 09:21:22.542 18189 INFO rally.task.runner [-] Task d33efd7d-5d4e-4fed-a85c-92fac1508a22 | ITER: 88 START
2019-06-22 09:21:22.646 18210 INFO rally.task.runner [-] Task d33efd7d-5d4e-4fed-a85c-92fac1508a22 | ITER: 72 END: OK
2019-06-22 09:21:22.650 18210 INFO rally.task.runner [-] Task d33efd7d-5d4e-4fed-a85c-92fac1508a22 | ITER: 89 START
2019-06-22 09:21:22.673 18197 INFO rally.task.runner [-] Task d33efd7d-5d4e-4fed-a85c-92fac1508a22 | ITER: 63 END: OK
2019-06-22 09:21:22.676 18197 INFO rally.task.runner [-] Task d33efd7d-5d4e-4fed-a85c-92fac1508a22 | ITER: 90 START
2019-06-22 09:21:22.766 18220 INFO rally.task.runner [-] Task d33efd7d-5d4e-4fed-a85c-92fac1508a22 | ITER: 68 END: OK
2019-06-22 09:21:22.770 18220 INFO rally.task.runner [-] Task d33efd7d-5d4e-4fed-a85c-92fac1508a22 | ITER: 91 START
2019-06-22 09:21:22.840 18232 INFO rally.task.runner [-] Task d33efd7d-5d4e-4fed-a85c-92fac1508a22 | ITER: 71 END: OK
2019-06-22 09:21:22.844 18232 INFO rally.task.runner [-] Task d33efd7d-5d4e-4fed-a85c-92fac1508a22 | ITER: 92 START
2019-06-22 09:21:22.965 18188 INFO rally.task.runner [-] Task d33efd7d-5d4e-4fed-a85c-92fac1508a22 | ITER: 81 END: OK
2019-06-22 09:21:22.969 18188 INFO rally.task.runner [-] Task d33efd7d-5d4e-4fed-a85c-92fac1508a22 | ITER: 93 START
2019-06-22 09:21:23.046 18229 INFO rally.task.runner [-] Task d33efd7d-5d4e-4fed-a85c-92fac1508a22 | ITER: 75 END: OK
2019-06-22 09:21:23.050 18229 INFO rally.task.runner [-] Task d33efd7d-5d4e-4fed-a85c-92fac1508a22 | ITER: 94 START
2019-06-22 09:21:23.269 18201 INFO rally.task.runner [-] Task d33efd7d-5d4e-4fed-a85c-92fac1508a22 | ITER: 78 END: OK
2019-06-22 09:21:23.273 18201 INFO rally.task.runner [-] Task d33efd7d-5d4e-4fed-a85c-92fac1508a22 | ITER: 95 START
2019-06-22 09:21:23.444 18190 INFO rally.task.runner [-] Task d33efd7d-5d4e-4fed-a85c-92fac1508a22 | ITER: 73 END: OK
2019-06-22 09:21:23.447 18190 INFO rally.task.runner [-] Task d33efd7d-5d4e-4fed-a85c-92fac1508a22 | ITER: 96 START
2019-06-22 09:21:23.455 18207 INFO rally.task.runner [-] Task d33efd7d-5d4e-4fed-a85c-92fac1508a22 | ITER: 87 END: OK
2019-06-22 09:21:23.458 18207 INFO rally.task.runner [-] Task d33efd7d-5d4e-4fed-a85c-92fac1508a22 | ITER: 97 START
2019-06-22 09:21:23.571 18235 INFO rally.task.runner [-] Task d33efd7d-5d4e-4fed-a85c-92fac1508a22 | ITER: 79 END: OK
2019-06-22 09:21:23.575 18235 INFO rally.task.runner [-] Task d33efd7d-5d4e-4fed-a85c-92fac1508a22 | ITER: 98 START
2019-06-22 09:21:23.602 18215 INFO rally.task.runner [-] Task d33efd7d-5d4e-4fed-a85c-92fac1508a22 | ITER: 74 END: OK
2019-06-22 09:21:23.605 18215 INFO rally.task.runner [-] Task d33efd7d-5d4e-4fed-a85c-92fac1508a22 | ITER: 99 START
2019-06-22 09:21:23.809 18191 INFO rally.task.runner [-] Task d33efd7d-5d4e-4fed-a85c-92fac1508a22 | ITER: 83 END: OK
2019-06-22 09:21:23.812 18191 INFO rally.task.runner [-] Task d33efd7d-5d4e-4fed-a85c-92fac1508a22 | ITER: 100 START
2019-06-22 09:21:23.924 18226 INFO rally.task.runner [-] Task d33efd7d-5d4e-4fed-a85c-92fac1508a22 | ITER: 80 END: OK
2019-06-22 09:21:23.983 18188 INFO rally.task.runner [-] Task d33efd7d-5d4e-4fed-a85c-92fac1508a22 | ITER: 76 END: OK
2019-06-22 09:21:24.089 18223 INFO rally.task.runner [-] Task d33efd7d-5d4e-4fed-a85c-92fac1508a22 | ITER: 86 END: OK
2019-06-22 09:21:24.131 18191 INFO rally.task.runner [-] Task d33efd7d-5d4e-4fed-a85c-92fac1508a22 | ITER: 84 END: OK
2019-06-22 09:21:24.138 18189 INFO rally.task.runner [-] Task d33efd7d-5d4e-4fed-a85c-92fac1508a22 | ITER: 85 END: OK
2019-06-22 09:21:24.213 18194 INFO rally.task.runner [-] Task d33efd7d-5d4e-4fed-a85c-92fac1508a22 | ITER: 77 END: OK
2019-06-22 09:21:24.270 18210 INFO rally.task.runner [-] Task d33efd7d-5d4e-4fed-a85c-92fac1508a22 | ITER: 89 END: OK
2019-06-22 09:21:24.398 18190 INFO rally.task.runner [-] Task d33efd7d-5d4e-4fed-a85c-92fac1508a22 | ITER: 82 END: OK
2019-06-22 09:21:24.442 18190 INFO rally.task.runner [-] Task d33efd7d-5d4e-4fed-a85c-92fac1508a22 | ITER: 96 END: OK
2019-06-22 09:21:24.812 18229 INFO rally.task.runner [-] Task d33efd7d-5d4e-4fed-a85c-92fac1508a22 | ITER: 94 END: OK
2019-06-22 09:21:24.824 18197 INFO rally.task.runner [-] Task d33efd7d-5d4e-4fed-a85c-92fac1508a22 | ITER: 90 END: OK
2019-06-22 09:21:24.953 18220 INFO rally.task.runner [-] Task d33efd7d-5d4e-4fed-a85c-92fac1508a22 | ITER: 91 END: OK
2019-06-22 09:21:25.158 18188 INFO rally.task.runner [-] Task d33efd7d-5d4e-4fed-a85c-92fac1508a22 | ITER: 93 END: OK
2019-06-22 09:21:25.160 18189 INFO rally.task.runner [-] Task d33efd7d-5d4e-4fed-a85c-92fac1508a22 | ITER: 88 END: OK
2019-06-22 09:21:25.249 18232 INFO rally.task.runner [-] Task d33efd7d-5d4e-4fed-a85c-92fac1508a22 | ITER: 92 END: OK
2019-06-22 09:21:25.315 18201 INFO rally.task.runner [-] Task d33efd7d-5d4e-4fed-a85c-92fac1508a22 | ITER: 95 END: OK
2019-06-22 09:21:25.436 18215 INFO rally.task.runner [-] Task d33efd7d-5d4e-4fed-a85c-92fac1508a22 | ITER: 99 END: OK
2019-06-22 09:21:25.453 18207 INFO rally.task.runner [-] Task d33efd7d-5d4e-4fed-a85c-92fac1508a22 | ITER: 97 END: OK
2019-06-22 09:21:25.749 18235 INFO rally.task.runner [-] Task d33efd7d-5d4e-4fed-a85c-92fac1508a22 | ITER: 98 END: OK
2019-06-22 09:21:25.916 18191 INFO rally.task.runner [-] Task d33efd7d-5d4e-4fed-a85c-92fac1508a22 | ITER: 100 END: OK
2019-06-22 09:21:25.938 18064 INFO rally.task.context [-] Task d33efd7d-5d4e-4fed-a85c-92fac1508a22 | Context cleanup@openstack cleanup() started
2019-06-22 09:21:25.941 18064 RALLYDEBUG rally_openstack.cleanup.manager [-] Cleaning up neutron vip objects
2019-06-22 09:21:26.330 18064 RALLYDEBUG rally_openstack.cleanup.manager [-] Cleaning up neutron health_monitor objects
2019-06-22 09:21:26.714 18064 RALLYDEBUG rally_openstack.cleanup.manager [-] Cleaning up neutron pool objects
2019-06-22 09:21:27.107 18064 RALLYDEBUG rally_openstack.cleanup.manager [-] Cleaning up neutron loadbalancer objects
2019-06-22 09:21:27.492 18064 RALLYDEBUG rally_openstack.cleanup.manager [-] Cleaning up neutron floatingip objects
2019-06-22 09:21:27.911 18064 RALLYDEBUG rally_openstack.cleanup.manager [-] Cleaning up neutron port objects
2019-06-22 09:21:28.340 18064 RALLYDEBUG rally_openstack.cleanup.manager [-] Cleaning up neutron subnet objects
2019-06-22 09:21:28.755 18064 RALLYDEBUG rally_openstack.cleanup.manager [-] Cleaning up neutron network objects
2019-06-22 09:21:29.443 18064 RALLYDEBUG rally_openstack.cleanup.manager [-] Deleting neutron.network object s_rally_987781be_LF2aLnRK (04aaa17c-2476-4c33-b448-50ff21269edd)
2019-06-22 09:21:29.453 18064 RALLYDEBUG rally_openstack.cleanup.manager [-] Deleting neutron.network object s_rally_987781be_tRCsA4bu (1e098f23-9ea9-4ac6-b311-18378a4b5654)
2019-06-22 09:21:29.463 18064 RALLYDEBUG rally_openstack.cleanup.manager [-] Deleting neutron.network object s_rally_987781be_9K8TTScY (0af70c7c-6b54-4144-a335-2922c0c6a687)
2019-06-22 09:21:29.466 18064 RALLYDEBUG rally_openstack.cleanup.manager [-] Deleting neutron.network object s_rally_987781be_G7kU7DBm (0605f1c3-fddc-4c2b-b43d-ade58f579b76)
2019-06-22 09:21:29.466 18064 RALLYDEBUG rally_openstack.cleanup.manager [-] Deleting neutron.network object s_rally_987781be_ArBg89c7 (1d45640e-2fc3-439f-8a79-639d10058331)
2019-06-22 09:21:29.468 18064 RALLYDEBUG rally_openstack.cleanup.manager [-] Deleting neutron.network object s_rally_987781be_Gic6kYdr (1718dfb5-4ffc-40f2-9335-4d9956cc6246)
2019-06-22 09:21:29.469 18064 RALLYDEBUG rally_openstack.cleanup.manager [-] Deleting neutron.network object s_rally_987781be_Z8XnPDz2 (04dac62f-57ae-41ba-a80c-6fb3b07f8021)
2019-06-22 09:21:29.471 18064 RALLYDEBUG rally_openstack.cleanup.manager [-] Deleting neutron.network object s_rally_987781be_k5KVeWag (08a55b89-8ac1-44c6-8c1c-ace411d2d9eb)
2019-06-22 09:21:29.481 18064 RALLYDEBUG rally_openstack.cleanup.manager [-] Deleting neutron.network object s_rally_987781be_CUF2RuQG (01c4d026-5e2f-4da0-b2ec-0f17a4e1b266)
2019-06-22 09:21:29.491 18064 RALLYDEBUG rally_openstack.cleanup.manager [-] Deleting neutron.network object s_rally_987781be_h93DzXaw (0975c0f0-e409-449c-ae73-35577fc650da)
2019-06-22 09:21:29.492 18064 RALLYDEBUG rally_openstack.cleanup.manager [-] Deleting neutron.network object s_rally_987781be_01OByQ31 (1f6a3d0e-5984-47d6-b7a2-35c1312d9f50)
2019-06-22 09:21:29.498 18064 RALLYDEBUG rally_openstack.cleanup.manager [-] Deleting neutron.network object s_rally_987781be_P8YJ3VBO (23dbae45-3123-46f0-bfed-bde39c58fc45)
2019-06-22 09:21:29.496 18064 RALLYDEBUG rally_openstack.cleanup.manager [-] Deleting neutron.network object s_rally_987781be_FBM4uh07 (22ab39ff-31c3-4ddf-b51c-dade3289b800)
2019-06-22 09:21:29.501 18064 RALLYDEBUG rally_openstack.cleanup.manager [-] Deleting neutron.network object s_rally_987781be_hFLd4g4K (1cf5f309-a447-4d1e-bb9c-1bc9784d9b34)
2019-06-22 09:21:29.502 18064 RALLYDEBUG rally_openstack.cleanup.manager [-] Deleting neutron.network object s_rally_987781be_5C9smj2M (1b52f567-8895-4ea7-b12a-8be543e54c13)
2019-06-22 09:21:29.516 18064 RALLYDEBUG rally_openstack.cleanup.manager [-] Deleting neutron.network object s_rally_987781be_Lq75m29t (1b493dac-db9a-42be-a79b-24774c1a642d)
2019-06-22 09:21:29.517 18064 RALLYDEBUG rally_openstack.cleanup.manager [-] Deleting neutron.network object s_rally_987781be_IJLNfvUI (197fa627-eab0-4e4b-9d1f-8d4d2464e7e6)
2019-06-22 09:21:29.519 18064 RALLYDEBUG rally_openstack.cleanup.manager [-] Deleting neutron.network object s_rally_987781be_Q8hHhPPd (01706cc7-ed0e-4b46-86f5-050b37d52759)
2019-06-22 09:21:29.543 18064 RALLYDEBUG rally_openstack.cleanup.manager [-] Deleting neutron.network object s_rally_987781be_LZOymU61 (02e92d03-adc0-47f6-adde-4da03084b1a4)
2019-06-22 09:21:29.547 18064 RALLYDEBUG rally_openstack.cleanup.manager [-] Deleting neutron.network object s_rally_987781be_XrCMaQkw (132a9af8-e5e8-4c68-8a8b-036b1200e1ea)
2019-06-22 09:21:31.757 18064 RALLYDEBUG rally_openstack.cleanup.manager [-] Deleting neutron.network object s_rally_987781be_T7Ga3Nt5 (2421b521-5c43-46c3-ba24-59247ae835b4)
2019-06-22 09:21:31.979 18064 RALLYDEBUG rally_openstack.cleanup.manager [-] Deleting neutron.network object s_rally_987781be_BCON80W8 (261e16a4-a516-4cee-919b-7f99dff3c395)
2019-06-22 09:21:32.012 18064 RALLYDEBUG rally_openstack.cleanup.manager [-] Deleting neutron.network object s_rally_987781be_QOorKvMv (27fffdf3-d2f5-4119-9f07-c8ebb48927a0)
2019-06-22 09:21:32.071 18064 RALLYDEBUG rally_openstack.cleanup.manager [-] Deleting neutron.network object s_rally_987781be_gi3EJ3r4 (2acf9409-86c7-4301-8ba3-19309f9571a3)
2019-06-22 09:21:32.098 18064 RALLYDEBUG rally_openstack.cleanup.manager [-] Deleting neutron.network object s_rally_987781be_yfixBOBP (2c3bc9c9-0f21-4f01-ae7a-6e374a96c65c)
2019-06-22 09:21:32.266 18064 RALLYDEBUG rally_openstack.cleanup.manager [-] Deleting neutron.network object s_rally_987781be_vwCEIV52 (2c92a10a-eb9c-445a-96d6-238195dbc64c)
2019-06-22 09:21:32.308 18064 RALLYDEBUG rally_openstack.cleanup.manager [-] Deleting neutron.network object s_rally_987781be_aAt1RsMQ (2e32dca8-f642-4379-a585-17484e36bdb3)
2019-06-22 09:21:32.352 18064 RALLYDEBUG rally_openstack.cleanup.manager [-] Deleting neutron.network object s_rally_987781be_27MZ0Le0 (3065b449-223a-4fd6-8aac-f9bbe6cebfbe)
2019-06-22 09:21:32.371 18064 RALLYDEBUG rally_openstack.cleanup.manager [-] Deleting neutron.network object s_rally_987781be_8mUHbNpR (3149efed-0b95-420d-bda5-b4ef26a7ecde)
2019-06-22 09:21:32.384 18064 RALLYDEBUG rally_openstack.cleanup.manager [-] Deleting neutron.network object s_rally_987781be_0XKvE7gc (337729d2-04d1-4421-a17c-fef6925582a8)
2019-06-22 09:21:32.461 18064 RALLYDEBUG rally_openstack.cleanup.manager [-] Deleting neutron.network object s_rally_987781be_3VR3vMA5 (34d0c717-ad12-443d-9528-d61838bdac95)
2019-06-22 09:21:32.520 18064 RALLYDEBUG rally_openstack.cleanup.manager [-] Deleting neutron.network object s_rally_987781be_3U2ABKVu (34fd3869-08cb-4528-8fa9-4d204fc34a35)
2019-06-22 09:21:32.585 18064 RALLYDEBUG rally_openstack.cleanup.manager [-] Deleting neutron.network object s_rally_987781be_82VHvZnP (367f8a5b-592e-46d7-91ed-d596b3d3ec3b)
2019-06-22 09:21:32.715 18064 RALLYDEBUG rally_openstack.cleanup.manager [-] Deleting neutron.network object s_rally_987781be_zM3V6eOR (37824b0f-7cac-4fde-907b-ae07f19afa62)
2019-06-22 09:21:32.743 18064 RALLYDEBUG rally_openstack.cleanup.manager [-] Deleting neutron.network object s_rally_987781be_9ZX2U4kr (3c21d431-4499-4574-89c5-9d284edf8d0e)
2019-06-22 09:21:32.746 18064 RALLYDEBUG rally_openstack.cleanup.manager [-] Deleting neutron.network object s_rally_987781be_qQhS24OC (3bdabdf7-8ed7-40d3-8aeb-52ef27e8af35)
2019-06-22 09:21:32.787 18064 RALLYDEBUG rally_openstack.cleanup.manager [-] Deleting neutron.network object s_rally_987781be_ft09GfdZ (40778700-19e5-42c7-a1f5-ccf58503ebdc)
2019-06-22 09:21:32.822 18064 RALLYDEBUG rally_openstack.cleanup.manager [-] Deleting neutron.network object s_rally_987781be_jMU54nGj (4397d8e9-62b6-4762-accc-3ed23ed0dbcd)
2019-06-22 09:21:33.347 18064 RALLYDEBUG rally_openstack.cleanup.manager [-] Deleting neutron.network object s_rally_987781be_WC8ez1Pa (445aba57-5c95-4f72-a1b0-41f55d68ec86)
2019-06-22 09:21:33.479 18064 RALLYDEBUG rally_openstack.cleanup.manager [-] Deleting neutron.network object s_rally_987781be_9MgufOkF (478591d0-e685-42b0-be15-7198110986a7)
2019-06-22 09:21:34.045 18064 RALLYDEBUG rally_openstack.cleanup.manager [-] Deleting neutron.network object s_rally_987781be_8ORpNIAr (4c212853-2141-49cd-9a49-6683ac1256dd)
2019-06-22 09:21:34.209 18064 RALLYDEBUG rally_openstack.cleanup.manager [-] Deleting neutron.network object s_rally_987781be_Vq1rshZ9 (4ccd41b7-9421-4844-913f-90af6cffae13)
2019-06-22 09:21:34.397 18064 RALLYDEBUG rally_openstack.cleanup.manager [-] Deleting neutron.network object s_rally_987781be_XltUqspe (4dc46a23-5394-4c47-9d9c-7d3c4b2af78a)
2019-06-22 09:21:34.463 18064 RALLYDEBUG rally_openstack.cleanup.manager [-] Deleting neutron.network object s_rally_987781be_a3aA3ckK (5593231c-1b8b-429a-b2a4-41fddb0cd896)
2019-06-22 09:21:34.525 18064 RALLYDEBUG rally_openstack.cleanup.manager [-] Deleting neutron.network object s_rally_987781be_w5II6H85 (58b2a084-f8f2-4d59-8c2a-053ebb6aa070)
2019-06-22 09:21:34.671 18064 RALLYDEBUG rally_openstack.cleanup.manager [-] Deleting neutron.network object s_rally_987781be_kYSBsw8x (5c145fee-afb9-491a-b2df-a54a49012cb5)
2019-06-22 09:21:34.879 18064 RALLYDEBUG rally_openstack.cleanup.manager [-] Deleting neutron.network object s_rally_987781be_xVocu4pA (5cc4afc8-4984-442d-9dd0-f26a78147bee)
2019-06-22 09:21:34.964 18064 RALLYDEBUG rally_openstack.cleanup.manager [-] Deleting neutron.network object s_rally_987781be_oWrJupPb (6063bcc8-619d-48f7-8bd6-5b12ca08b2c5)
2019-06-22 09:21:34.976 18064 RALLYDEBUG rally_openstack.cleanup.manager [-] Deleting neutron.network object s_rally_987781be_ug7SW96R (67341147-a2d8-42ca-9121-7c4e65bbd52a)
2019-06-22 09:21:35.029 18064 RALLYDEBUG rally_openstack.cleanup.manager [-] Deleting neutron.network object s_rally_987781be_P2YJoJCc (6adbca13-5d03-4a91-ae9d-f912188a21b6)
2019-06-22 09:21:35.111 18064 RALLYDEBUG rally_openstack.cleanup.manager [-] Deleting neutron.network object s_rally_987781be_tdsLwDK9 (6b0c9e16-b750-4726-9824-e20f8674b74c)
2019-06-22 09:21:35.132 18064 RALLYDEBUG rally_openstack.cleanup.manager [-] Deleting neutron.network object s_rally_987781be_I7OSwiHK (6d6be04b-b9cf-4bda-b17e-47771c59cae0)
2019-06-22 09:21:35.180 18064 RALLYDEBUG rally_openstack.cleanup.manager [-] Deleting neutron.network object s_rally_987781be_5i3UgFFd (721a60f5-7780-4aab-a207-8e57b4b76e0e)
2019-06-22 09:21:35.186 18064 RALLYDEBUG rally_openstack.cleanup.manager [-] Deleting neutron.network object s_rally_987781be_LMrLEMey (73301f2e-3a7e-4e50-ba74-090b667547fe)
2019-06-22 09:21:35.455 18064 RALLYDEBUG rally_openstack.cleanup.manager [-] Deleting neutron.network object s_rally_987781be_7kvR2UhH (751f2008-d10c-4c88-8c48-ac924093dac2)
2019-06-22 09:21:35.553 18064 RALLYDEBUG rally_openstack.cleanup.manager [-] Deleting neutron.network object s_rally_987781be_ltN7eZBZ (75385daf-1d9a-49d7-bea8-9ae92b7251a3)
2019-06-22 09:21:35.640 18064 RALLYDEBUG rally_openstack.cleanup.manager [-] Deleting neutron.network object s_rally_987781be_FNC5pJKO (78d12177-8405-4663-a945-0679e8880f91)
2019-06-22 09:21:35.802 18064 RALLYDEBUG rally_openstack.cleanup.manager [-] Deleting neutron.network object s_rally_987781be_8axsWxI5 (7e4bce4d-5552-4025-a632-63014b89de97)
2019-06-22 09:21:35.838 18064 RALLYDEBUG rally_openstack.cleanup.manager [-] Deleting neutron.network object s_rally_987781be_nkvCdWHl (835e4e96-ad32-4c60-851a-ac3b65abd879)
2019-06-22 09:21:36.045 18064 RALLYDEBUG rally_openstack.cleanup.manager [-] Deleting neutron.network object s_rally_987781be_HoGLeDEk (8a0153f6-5013-4132-8e63-c7a98b02f8b9)
2019-06-22 09:21:36.398 18064 RALLYDEBUG rally_openstack.cleanup.manager [-] Deleting neutron.network object s_rally_987781be_8PSlaYDe (8af5933a-f071-469d-8125-72587f04ecb7)
2019-06-22 09:21:36.527 18064 RALLYDEBUG rally_openstack.cleanup.manager [-] Deleting neutron.network object s_rally_987781be_DibGNcvu (8c31c81f-2444-4c24-8b58-55b0094b97cf)
2019-06-22 09:21:36.548 18064 RALLYDEBUG rally_openstack.cleanup.manager [-] Deleting neutron.network object s_rally_987781be_SpKcjn8F (8d0c5725-d7e0-41ca-b323-605d87b2728e)
2019-06-22 09:21:36.820 18064 RALLYDEBUG rally_openstack.cleanup.manager [-] Deleting neutron.network object s_rally_987781be_MdYsUz22 (8ffc21d0-7c3a-42ce-bb5d-a68827a5685b)
2019-06-22 09:21:37.091 18064 RALLYDEBUG rally_openstack.cleanup.manager [-] Deleting neutron.network object s_rally_987781be_YyF9xE78 (90fa4e1e-d08e-4393-9484-438380c97b59)
2019-06-22 09:21:37.224 18064 RALLYDEBUG rally_openstack.cleanup.manager [-] Deleting neutron.network object s_rally_987781be_WASPci0d (928e4392-efb9-4259-b79e-cd794a4618ca)
2019-06-22 09:21:37.415 18064 RALLYDEBUG rally_openstack.cleanup.manager [-] Deleting neutron.network object s_rally_987781be_LP4WT9qK (9a8a1728-d1ff-4244-8c0b-bf914ce2cb27)
2019-06-22 09:21:37.471 18064 RALLYDEBUG rally_openstack.cleanup.manager [-] Deleting neutron.network object s_rally_987781be_DMIMAY6b (9e2fb18d-e701-45dd-8c09-39d89fd28c03)
2019-06-22 09:21:37.502 18064 RALLYDEBUG rally_openstack.cleanup.manager [-] Deleting neutron.network object s_rally_987781be_TA2foyc7 (a0a0c180-aba1-4dd8-9bb0-ff7186246972)
2019-06-22 09:21:37.611 18064 RALLYDEBUG rally_openstack.cleanup.manager [-] Deleting neutron.network object s_rally_987781be_jXMmB6Sa (a2202614-831d-4820-84db-aa9fe6f0d6ce)
2019-06-22 09:21:37.724 18064 RALLYDEBUG rally_openstack.cleanup.manager [-] Deleting neutron.network object s_rally_987781be_VUHSTLJu (a3fc9782-3ee7-4d6e-b7b6-734b45cfd053)
2019-06-22 09:21:37.752 18064 RALLYDEBUG rally_openstack.cleanup.manager [-] Deleting neutron.network object s_rally_987781be_YUe9F3zP (a7684beb-7dac-471f-98c6-cf352e48fec7)
2019-06-22 09:21:37.885 18064 RALLYDEBUG rally_openstack.cleanup.manager [-] Deleting neutron.network object s_rally_987781be_b9Ldn5nG (ab8e6892-d5bc-4638-bc6f-a633c44c77bd)
2019-06-22 09:21:38.040 18064 RALLYDEBUG rally_openstack.cleanup.manager [-] Deleting neutron.network object s_rally_987781be_gxaQyuPV (ac76543f-f798-4b8a-b276-386eb06aea92)
2019-06-22 09:21:38.079 18064 RALLYDEBUG rally_openstack.cleanup.manager [-] Deleting neutron.network object s_rally_987781be_ezYeCed8 (add4c039-95fa-492f-b16e-8d371fdea7b6)
2019-06-22 09:21:38.227 18064 RALLYDEBUG rally_openstack.cleanup.manager [-] Deleting neutron.network object s_rally_987781be_AQkd05VG (b26a8b31-246d-4cf3-be0e-9f1c4bcdf2c8)
2019-06-22 09:21:38.280 18064 RALLYDEBUG rally_openstack.cleanup.manager [-] Deleting neutron.network object s_rally_987781be_W5Yh6eWx (b63fa991-1f4d-4909-8758-da5d75531408)
2019-06-22 09:21:38.309 18064 RALLYDEBUG rally_openstack.cleanup.manager [-] Deleting neutron.network object s_rally_987781be_u4oEwhBO (b7560c39-f3c3-4591-9ad3-7ef7c07b9e6c)
2019-06-22 09:21:38.389 18064 RALLYDEBUG rally_openstack.cleanup.manager [-] Deleting neutron.network object s_rally_987781be_GPb8QC1F (bac403c3-f387-4607-918d-39fa55644267)
2019-06-22 09:21:38.573 18064 RALLYDEBUG rally_openstack.cleanup.manager [-] Deleting neutron.network object s_rally_987781be_3vxnu0aX (bcb3e30b-f4ed-46f1-b332-bbfad23870c6)
2019-06-22 09:21:38.703 18064 RALLYDEBUG rally_openstack.cleanup.manager [-] Deleting neutron.network object s_rally_987781be_A3w4WfoF (be601065-01f8-4d39-8181-981ca3741064)
2019-06-22 09:21:38.734 18064 RALLYDEBUG rally_openstack.cleanup.manager [-] Deleting neutron.network object s_rally_987781be_dDcvjlEU (c7431637-e89a-45ea-a3b4-eac66e6e12ac)
2019-06-22 09:21:39.191 18064 RALLYDEBUG rally_openstack.cleanup.manager [-] Deleting neutron.network object s_rally_987781be_CL9d9LO5 (c7670d4c-906e-499d-b0ab-95707882e940)
2019-06-22 09:21:39.290 18064 RALLYDEBUG rally_openstack.cleanup.manager [-] Deleting neutron.network object s_rally_987781be_aC5vJEGj (d28e2978-e688-418e-9efc-6ec0ba74ae63)
2019-06-22 09:21:39.439 18064 RALLYDEBUG rally_openstack.cleanup.manager [-] Deleting neutron.network object s_rally_987781be_fnwj7CjD (d30ec1d1-4670-4c0c-8440-d3a2efa898a2)
2019-06-22 09:21:39.571 18064 RALLYDEBUG rally_openstack.cleanup.manager [-] Deleting neutron.network object s_rally_987781be_KTtaEdCI (d62cb06c-d34a-4b71-8a30-b8df0964db23)
2019-06-22 09:21:39.627 18064 RALLYDEBUG rally_openstack.cleanup.manager [-] Deleting neutron.network object s_rally_987781be_NIBhVqfn (dc2955c0-9237-486d-b7d8-92ca2bb30639)
2019-06-22 09:21:39.956 18064 RALLYDEBUG rally_openstack.cleanup.manager [-] Deleting neutron.network object s_rally_987781be_tYOgmIhX (e042a958-5e34-4963-b666-e0f725c03601)
2019-06-22 09:21:40.123 18064 RALLYDEBUG rally_openstack.cleanup.manager [-] Deleting neutron.network object s_rally_987781be_EeozBrqj (e1fe135d-dd39-4bc5-b5c2-b5c2ee0a137b)
2019-06-22 09:21:40.132 18064 RALLYDEBUG rally_openstack.cleanup.manager [-] Deleting neutron.network object s_rally_987781be_ijrDsXpf (e97dcfa6-d431-4f81-bc47-20d46f31c924)
2019-06-22 09:21:40.243 18064 RALLYDEBUG rally_openstack.cleanup.manager [-] Deleting neutron.network object s_rally_987781be_paGaPtJU (ec3d044d-766b-46e2-bca2-ae053223479b)
2019-06-22 09:21:40.257 18064 RALLYDEBUG rally_openstack.cleanup.manager [-] Deleting neutron.network object s_rally_987781be_FGOUcZKP (f0c2575f-e08f-4096-82b0-58ea662a7d43)
2019-06-22 09:21:40.504 18064 RALLYDEBUG rally_openstack.cleanup.manager [-] Deleting neutron.network object s_rally_987781be_ySnmfUmG (f3d50ebc-de97-4018-ba87-debcb95af6d4)
2019-06-22 09:21:40.763 18064 RALLYDEBUG rally_openstack.cleanup.manager [-] Deleting neutron.network object s_rally_987781be_0LwA4dE4 (f4395920-050e-4190-8048-3684ace698a4)
2019-06-22 09:21:40.786 18064 RALLYDEBUG rally_openstack.cleanup.manager [-] Deleting neutron.network object s_rally_987781be_0onrOiEs (f5b155c1-5b66-41ac-81f9-bf26bafded3d)
2019-06-22 09:21:40.999 18064 RALLYDEBUG rally_openstack.cleanup.manager [-] Deleting neutron.network object s_rally_987781be_kmsW9lEN (f813bba7-85d5-4ec4-888e-079fe9188e8f)
