2019-06-22 09:34:11.557 18064 RALLYDEBUG rally_openstack.cleanup.manager [-] Deleting neutron.port object s_rally_5f11ee2a_lh6F6SPE (51f0a9d2-d8ce-4574-85ed-c316110736cb)
2019-06-22 09:34:11.591 18064 RALLYDEBUG rally_openstack.cleanup.manager [-] Deleting neutron.port object s_rally_5f11ee2a_2yiHJV9J (53ffff1c-9089-4dc8-a4cf-0a9b04ff4f45)
2019-06-22 09:34:11.729 18064 RALLYDEBUG rally_openstack.cleanup.manager [-] Deleting neutron.port object s_rally_5f11ee2a_nF3JAZTI (54fecadc-1826-4a8f-a15a-c15964e8695a)
2019-06-22 09:34:11.748 18064 RALLYDEBUG rally_openstack.cleanup.manager [-] Deleting neutron.port object s_rally_5f11ee2a_fA50B8pA (567bcc41-6762-4589-a793-b731f6b4556d)
2019-06-22 09:34:11.833 18064 RALLYDEBUG rally_openstack.cleanup.manager [-] Deleting neutron.port object s_rally_5f11ee2a_VdPDtJtH (5a06fa80-6540-4624-8f9f-99d93f5b9f6f)
2019-06-22 09:34:11.875 18064 RALLYDEBUG rally_openstack.cleanup.manager [-] Deleting neutron.port object s_rally_5f11ee2a_o7IN1sWa (5a421a0d-07cc-4267-9e34-d36ac5e3da44)
2019-06-22 09:34:11.974 18064 RALLYDEBUG rally_openstack.cleanup.manager [-] Deleting neutron.port object s_rally_5f11ee2a_0H3OX73i (5a9a1293-c817-4e8f-9573-655dfcd99f6d)
2019-06-22 09:34:11.995 18064 RALLYDEBUG rally_openstack.cleanup.manager [-] Deleting neutron.port object s_rally_5f11ee2a_zGrPmRnZ (5acc3b8d-6c18-43b6-aab8-5071915d6348)
2019-06-22 09:34:12.028 18064 RALLYDEBUG rally_openstack.cleanup.manager [-] Deleting neutron.port object s_rally_5f11ee2a_EApmHqfm (5ad90b22-9488-4464-9299-e2b909d7e28f)
2019-06-22 09:34:12.098 18064 RALLYDEBUG rally_openstack.cleanup.manager [-] Deleting neutron.port object s_rally_5f11ee2a_IEjBLgSf (5ba350c6-b3d1-465c-8e56-73b8aea1c168)
2019-06-22 09:34:12.110 18064 RALLYDEBUG rally_openstack.cleanup.manager [-] Deleting neutron.port object s_rally_5f11ee2a_qmqJnE3C (5ffd9644-107f-4c20-98ea-0377e0435771)
2019-06-22 09:34:12.319 18064 RALLYDEBUG rally_openstack.cleanup.manager [-] Deleting neutron.port object s_rally_5f11ee2a_zYS8wLGz (6201a426-6b3b-4657-a77a-ca9e8657751b)
2019-06-22 09:34:12.352 18064 RALLYDEBUG rally_openstack.cleanup.manager [-] Deleting neutron.port object s_rally_5f11ee2a_LRNIzWZy (6a87cfce-ad42-46f1-80ae-ab6a949dc15e)
2019-06-22 09:34:12.562 18064 RALLYDEBUG rally_openstack.cleanup.manager [-] Deleting neutron.port object s_rally_5f11ee2a_UYC0vnZm (6b464831-4840-4b3b-a91d-7a3476d4d30b)
2019-06-22 09:34:12.680 18064 RALLYDEBUG rally_openstack.cleanup.manager [-] Deleting neutron.port object s_rally_5f11ee2a_O570YcLV (6b73e85a-0ef8-463b-ac97-da476af61f87)
2019-06-22 09:34:12.939 18064 RALLYDEBUG rally_openstack.cleanup.manager [-] Deleting neutron.port object s_rally_5f11ee2a_W930j820 (6dc956d3-8c7e-4222-9fb0-ee7994d4ac6c)
2019-06-22 09:34:12.958 18064 RALLYDEBUG rally_openstack.cleanup.manager [-] Deleting neutron.port object s_rally_5f11ee2a_e7qpuTNJ (6e9263d4-97ed-4aa8-a0a3-4e0d5e902802)
2019-06-22 09:34:13.206 18064 RALLYDEBUG rally_openstack.cleanup.manager [-] Deleting neutron.port object s_rally_5f11ee2a_d0uusHcN (6e9ee5ee-80a2-40e3-aee8-5a59399d95b1)
2019-06-22 09:34:13.309 18064 RALLYDEBUG rally_openstack.cleanup.manager [-] Deleting neutron.port object s_rally_5f11ee2a_eaBvau97 (6fed694a-5588-45a3-883f-63b610b90d30)
2019-06-22 09:34:13.413 18064 RALLYDEBUG rally_openstack.cleanup.manager [-] Deleting neutron.port object s_rally_5f11ee2a_yJweB3Ij (702c113b-a836-43bf-9e31-db2cc8684ce2)
2019-06-22 09:34:13.562 18064 RALLYDEBUG rally_openstack.cleanup.manager [-] Deleting neutron.port object s_rally_5f11ee2a_hkCaZ3gJ (71f6c2e8-4453-460b-a4c4-db38639c3720)
2019-06-22 09:34:13.727 18064 RALLYDEBUG rally_openstack.cleanup.manager [-] Deleting neutron.port object s_rally_5f11ee2a_HEezW7dM (747717da-df2f-4a3d-b652-ac2ad6f7c38c)
2019-06-22 09:34:13.964 18064 RALLYDEBUG rally_openstack.cleanup.manager [-] Deleting neutron.port object s_rally_5f11ee2a_W6aBI8Lb (748ed20e-eeab-4ae0-ae22-d2e9adab17fe)
2019-06-22 09:34:14.070 18064 RALLYDEBUG rally_openstack.cleanup.manager [-] Deleting neutron.port object s_rally_5f11ee2a_kYoJg1pQ (75ce1d3c-54dd-4baa-aaec-a2e7150510ff)
2019-06-22 09:34:14.172 18064 RALLYDEBUG rally_openstack.cleanup.manager [-] Deleting neutron.port object s_rally_5f11ee2a_yZS2K3WN (76cb3820-26f1-42c4-a278-8dd758851857)
2019-06-22 09:34:14.172 18064 RALLYDEBUG rally_openstack.cleanup.manager [-] Deleting neutron.port object s_rally_5f11ee2a_mCI85hTr (76d8b3c0-7632-4c8f-a1b3-eb4b1f25fc00)
2019-06-22 09:34:14.227 18064 RALLYDEBUG rally_openstack.cleanup.manager [-] Deleting neutron.port object s_rally_5f11ee2a_RTM7QF5Z (77661d62-683e-406e-903d-44a710948337)
2019-06-22 09:34:14.460 18064 RALLYDEBUG rally_openstack.cleanup.manager [-] Deleting neutron.port object s_rally_5f11ee2a_iY480ZMa (77cd7f7c-f691-4cbc-b36d-c89b77865d65)
2019-06-22 09:34:14.501 18064 RALLYDEBUG rally_openstack.cleanup.manager [-] Deleting neutron.port object s_rally_5f11ee2a_82Trqnoj (78caaa39-6c62-40b2-9978-7d562ffc4b73)
2019-06-22 09:34:14.834 18064 RALLYDEBUG rally_openstack.cleanup.manager [-] Deleting neutron.port object s_rally_5f11ee2a_jwpU1EaM (7931ca01-c6a0-437f-9aa5-aeb745b87fe8)
2019-06-22 09:34:14.857 18064 RALLYDEBUG rally_openstack.cleanup.manager [-] Deleting neutron.port object s_rally_5f11ee2a_CHAozJHL (79c6e1f1-0666-4c25-b39f-6c0b6bfe0e39)
2019-06-22 09:34:14.878 18064 RALLYDEBUG rally_openstack.cleanup.manager [-] Deleting neutron.port object s_rally_5f11ee2a_7QgYLD4V (7b4eb0ac-4375-4bae-84a8-0b9a07aceb1d)
2019-06-22 09:34:14.900 18064 RALLYDEBUG rally_openstack.cleanup.manager [-] Deleting neutron.port object s_rally_5f11ee2a_Tx63puF2 (7b974d87-f92f-4306-ab10-fd2c961823af)
2019-06-22 09:34:15.045 18064 RALLYDEBUG rally_openstack.cleanup.manager [-] Deleting neutron.port object s_rally_5f11ee2a_cBtvMt3Z (7ff4b45d-62a3-43ff-bdf0-32e26cdc0510)
2019-06-22 09:34:15.076 18064 RALLYDEBUG rally_openstack.cleanup.manager [-] Deleting neutron.port object s_rally_5f11ee2a_gf5XyJtp (82e8085d-406c-4a30-8d4e-d5ad38c584fa)
2019-06-22 09:34:15.282 18064 RALLYDEBUG rally_openstack.cleanup.manager [-] Deleting neutron.port object s_rally_5f11ee2a_GgdCX1lk (834afb40-c4fe-4501-94f8-a0b9d1c4f54a)
2019-06-22 09:34:15.313 18064 RALLYDEBUG rally_openstack.cleanup.manager [-] Deleting neutron.port object s_rally_5f11ee2a_D08F3aZB (83c1bfd8-ec5c-4ad7-b35c-51f398ea4cde)
2019-06-22 09:34:15.335 18064 RALLYDEBUG rally_openstack.cleanup.manager [-] Deleting neutron.port object s_rally_5f11ee2a_wPplrlZZ (84aaa523-7fc4-4eb8-8c31-6f5322cf33f2)
2019-06-22 09:34:15.428 18064 RALLYDEBUG rally_openstack.cleanup.manager [-] Deleting neutron.port object s_rally_5f11ee2a_ljyZid2o (856d972d-6600-481f-b503-e5fe57d41030)
2019-06-22 09:34:15.556 18064 RALLYDEBUG rally_openstack.cleanup.manager [-] Deleting neutron.port object s_rally_5f11ee2a_iOREcRCd (86c0b2bc-6ec2-4ef0-b606-4b0c93bf15be)
2019-06-22 09:34:15.788 18064 RALLYDEBUG rally_openstack.cleanup.manager [-] Deleting neutron.port object s_rally_5f11ee2a_qKDskCbL (88c11f06-2468-4bfb-b9e2-2c49e34841ee)
2019-06-22 09:34:15.916 18064 RALLYDEBUG rally_openstack.cleanup.manager [-] Deleting neutron.port object s_rally_5f11ee2a_eLMzpsLb (89098e13-0b8c-40de-a80e-6a1e2d6d23b2)
2019-06-22 09:34:16.106 18064 RALLYDEBUG rally_openstack.cleanup.manager [-] Deleting neutron.port object s_rally_5f11ee2a_zszFt83e (89758680-7305-42d0-bd71-98570c68ed80)
2019-06-22 09:34:16.132 18064 RALLYDEBUG rally_openstack.cleanup.manager [-] Deleting neutron.port object s_rally_5f11ee2a_NOMyK4zO (8a0ad394-0fab-4cc8-9d45-a8a0b56a88b1)
2019-06-22 09:34:16.355 18064 RALLYDEBUG rally_openstack.cleanup.manager [-] Deleting neutron.port object s_rally_5f11ee2a_2ATYIqf3 (8e16704b-bfe6-43a9-8c6f-fb8b4959276e)
2019-06-22 09:34:16.396 18064 RALLYDEBUG rally_openstack.cleanup.manager [-] Deleting neutron.port object s_rally_5f11ee2a_Sd8gKLm5 (8e19aac5-9d69-438e-aed3-14f64735c15e)
2019-06-22 09:34:16.451 18064 RALLYDEBUG rally_openstack.cleanup.manager [-] Deleting neutron.port object s_rally_5f11ee2a_q3SZqVpY (8e79e901-64ca-415c-9a94-c8cb029a2d1e)
2019-06-22 09:34:16.470 18064 RALLYDEBUG rally_openstack.cleanup.manager [-] Deleting neutron.port object s_rally_5f11ee2a_5iHgf9wu (911a69e0-c62c-43f9-aeff-bef85d33c24d)
2019-06-22 09:34:16.790 18064 RALLYDEBUG rally_openstack.cleanup.manager [-] Deleting neutron.port object s_rally_5f11ee2a_LRPOquTC (91415617-f84c-4639-8dff-81551984c52c)
2019-06-22 09:34:16.799 18064 RALLYDEBUG rally_openstack.cleanup.manager [-] Deleting neutron.port object s_rally_5f11ee2a_XpXZkwzN (94299b6f-f106-4f91-9688-e49643091c53)
2019-06-22 09:34:16.952 18064 RALLYDEBUG rally_openstack.cleanup.manager [-] Deleting neutron.port object s_rally_5f11ee2a_6Ciu2i39 (9454e690-ae14-4961-83d3-d848d1742c5d)
2019-06-22 09:34:17.045 18064 RALLYDEBUG rally_openstack.cleanup.manager [-] Deleting neutron.port object s_rally_5f11ee2a_3eEWdgXy (94a89c91-500e-418f-a4fa-ceadfaf8410a)
2019-06-22 09:34:17.077 18064 RALLYDEBUG rally_openstack.cleanup.manager [-] Deleting neutron.port object s_rally_5f11ee2a_gROk10F2 (95d7739d-4903-4474-96b5-aef877e57bfc)
2019-06-22 09:34:17.215 18064 RALLYDEBUG rally_openstack.cleanup.manager [-] Deleting neutron.port object s_rally_5f11ee2a_5cqJftda (970593a6-0507-43e7-a6ee-391736c6257f)
2019-06-22 09:34:17.384 18064 RALLYDEBUG rally_openstack.cleanup.manager [-] Deleting neutron.port object s_rally_5f11ee2a_k5qQTB1i (98baeb80-e2a6-46de-981d-65839f19da96)
2019-06-22 09:34:17.450 18064 RALLYDEBUG rally_openstack.cleanup.manager [-] Deleting neutron.port object s_rally_5f11ee2a_Mzj6HzCu (99f7ac49-f411-45c3-85e5-81dff766fba9)
2019-06-22 09:34:17.767 18064 RALLYDEBUG rally_openstack.cleanup.manager [-] Deleting neutron.port object s_rally_5f11ee2a_N7Jeoou0 (9b9d82e4-cbda-4b68-a696-e95f6884f8ba)
2019-06-22 09:34:17.898 18064 RALLYDEBUG rally_openstack.cleanup.manager [-] Deleting neutron.port object s_rally_5f11ee2a_vVQq9qAn (9d626d71-78f8-4798-bce3-54a00862c35c)
2019-06-22 09:34:17.924 18064 RALLYDEBUG rally_openstack.cleanup.manager [-] Deleting neutron.port object s_rally_5f11ee2a_upw23wgh (9d9a4a8a-5861-45ba-95d1-1b4d4b1ed6f3)
2019-06-22 09:34:18.269 18064 RALLYDEBUG rally_openstack.cleanup.manager [-] Deleting neutron.port object s_rally_5f11ee2a_08m0lst6 (9e672abf-6e8e-48dd-ba8e-045b690c843b)
2019-06-22 09:34:18.284 18064 RALLYDEBUG rally_openstack.cleanup.manager [-] Deleting neutron.port object s_rally_5f11ee2a_qQ8qub6d (9e717f90-b19e-4c1c-aaef-b37c9a611fc5)
2019-06-22 09:34:18.285 18064 RALLYDEBUG rally_openstack.cleanup.manager [-] Deleting neutron.port object s_rally_5f11ee2a_nSVFjiFq (9f52a343-6663-4b72-9a0b-c2f2e23afdc0)
2019-06-22 09:34:18.575 18064 RALLYDEBUG rally_openstack.cleanup.manager [-] Deleting neutron.port object s_rally_5f11ee2a_P6wghNG7 (a264e470-9f94-4f5b-be05-82b2623df445)
2019-06-22 09:34:18.617 18064 RALLYDEBUG rally_openstack.cleanup.manager [-] Deleting neutron.port object s_rally_5f11ee2a_Hhs0zJsF (a76d29ac-a145-4279-8405-907f8fd43f3f)
2019-06-22 09:34:18.618 18064 RALLYDEBUG rally_openstack.cleanup.manager [-] Deleting neutron.port object s_rally_5f11ee2a_1Xxgyz8d (a7c9b766-acbb-48a8-9e74-d50ae55720ee)
2019-06-22 09:34:18.625 18064 RALLYDEBUG rally_openstack.cleanup.manager [-] Deleting neutron.port object s_rally_5f11ee2a_nYhF2ESt (a841818a-b707-4d4d-b7e0-f6fac8a63b20)
2019-06-22 09:34:18.625 18064 RALLYDEBUG rally_openstack.cleanup.manager [-] Deleting neutron.port object s_rally_5f11ee2a_wj0i4ouN (a8732636-882e-4f5c-85fb-38b60fc827ba)
2019-06-22 09:34:18.805 18064 RALLYDEBUG rally_openstack.cleanup.manager [-] Deleting neutron.port object s_rally_5f11ee2a_Kh5fTKsi (a8bdc56b-86ca-4174-bf85-6f60b4ffe152)
2019-06-22 09:34:18.925 18064 RALLYDEBUG rally_openstack.cleanup.manager [-] Deleting neutron.port object s_rally_5f11ee2a_1g0x2esZ (ab211c0f-e9e5-4bd7-9518-d5301b88340d)
2019-06-22 09:34:19.155 18064 RALLYDEBUG rally_openstack.cleanup.manager [-] Deleting neutron.port object s_rally_5f11ee2a_3nWPjk9B (ac76e83b-acbe-4a13-a32c-e4c36187de97)
2019-06-22 09:34:19.245 18064 RALLYDEBUG rally_openstack.cleanup.manager [-] Deleting neutron.port object s_rally_5f11ee2a_wtRFzsYd (ad7a6d5e-9f77-4857-bcfb-95e446a0f5b4)
2019-06-22 09:34:19.347 18064 RALLYDEBUG rally_openstack.cleanup.manager [-] Deleting neutron.port object s_rally_5f11ee2a_vk5oiste (ae3b9b99-0cde-4926-9f8c-b1a50d0fd390)
2019-06-22 09:34:19.360 18064 RALLYDEBUG rally_openstack.cleanup.manager [-] Deleting neutron.port object s_rally_5f11ee2a_lufmpJnQ (ae83260d-e499-4db4-a030-57afbe17f307)
2019-06-22 09:34:19.609 18064 RALLYDEBUG rally_openstack.cleanup.manager [-] Deleting neutron.port object s_rally_5f11ee2a_xfAiSncW (b04e4427-0472-4b5a-abbf-0296929ee419)
2019-06-22 09:34:19.721 18064 RALLYDEBUG rally_openstack.cleanup.manager [-] Deleting neutron.port object s_rally_5f11ee2a_CX9pe8L6 (b04eacca-4e91-4a87-8b44-309495fd6067)
2019-06-22 09:34:19.782 18064 RALLYDEBUG rally_openstack.cleanup.manager [-] Deleting neutron.port object s_rally_5f11ee2a_vVwZZNf4 (b10a348a-2943-4896-b8e8-433a92caa566)
2019-06-22 09:34:19.846 18064 RALLYDEBUG rally_openstack.cleanup.manager [-] Deleting neutron.port object s_rally_5f11ee2a_Le45Mwk1 (b4a6a3e8-e4de-47dc-a6ff-1777cce863ec)
2019-06-22 09:34:19.874 18064 RALLYDEBUG rally_openstack.cleanup.manager [-] Deleting neutron.port object s_rally_5f11ee2a_efRPdvfx (b529c8e2-1c8b-4d42-9575-3af1c5a8985d)
2019-06-22 09:34:19.992 18064 RALLYDEBUG rally_openstack.cleanup.manager [-] Deleting neutron.port object s_rally_5f11ee2a_iLSogjjX (b6332e1b-95ef-488c-84fb-36f891acdcb5)
2019-06-22 09:34:20.201 18064 RALLYDEBUG rally_openstack.cleanup.manager [-] Deleting neutron.port object s_rally_5f11ee2a_lTX9oYBd (b8db98fd-1de1-48a9-bb6f-016e9b84e7cc)
2019-06-22 09:34:20.256 18064 RALLYDEBUG rally_openstack.cleanup.manager [-] Deleting neutron.port object s_rally_5f11ee2a_iNU0bVmH (b960e0cc-6b36-4d32-b59b-7670a0582120)
2019-06-22 09:34:20.448 18064 RALLYDEBUG rally_openstack.cleanup.manager [-] Deleting neutron.port object s_rally_5f11ee2a_tIzoWuK1 (bae7ffc2-33f8-4174-9de3-5e5d50f9c9c6)
2019-06-22 09:34:20.556 18064 RALLYDEBUG rally_openstack.cleanup.manager [-] Deleting neutron.port object s_rally_5f11ee2a_yK0IyJo8 (bb88c8cf-cd4d-4556-9256-8c4b505e6c44)
2019-06-22 09:34:20.582 18064 RALLYDEBUG rally_openstack.cleanup.manager [-] Deleting neutron.port object s_rally_5f11ee2a_qzloAUjb (bc3362b2-b551-459a-a444-42b305f178b3)
2019-06-22 09:34:20.678 18064 RALLYDEBUG rally_openstack.cleanup.manager [-] Deleting neutron.port object s_rally_5f11ee2a_TkjMakSn (bce2e07c-4e5d-4872-a70c-6d51b4af9e86)
2019-06-22 09:34:20.883 18064 RALLYDEBUG rally_openstack.cleanup.manager [-] Deleting neutron.port object s_rally_5f11ee2a_FO0rSx2z (bd1d1faa-be44-45a5-8089-fead628c0980)
2019-06-22 09:34:20.956 18064 RALLYDEBUG rally_openstack.cleanup.manager [-] Deleting neutron.port object s_rally_5f11ee2a_Czb2CMxS (be031821-bc14-400b-9cf5-6ea060a954d9)
2019-06-22 09:34:20.993 18064 RALLYDEBUG rally_openstack.cleanup.manager [-] Deleting neutron.port object s_rally_5f11ee2a_uhLwCqTe (bf7f675d-6d02-49a5-9512-55e5ba9ad891)
2019-06-22 09:34:21.158 18064 RALLYDEBUG rally_openstack.cleanup.manager [-] Deleting neutron.port object s_rally_5f11ee2a_rQNWT7JF (c11111f6-e7aa-45d9-903b-b4aa781f871b)
2019-06-22 09:34:21.189 18064 RALLYDEBUG rally_openstack.cleanup.manager [-] Deleting neutron.port object s_rally_5f11ee2a_hy6CVdIW (c1f69486-774b-4245-b028-e49efa35bbe2)
2019-06-22 09:34:21.236 18064 RALLYDEBUG rally_openstack.cleanup.manager [-] Deleting neutron.port object s_rally_5f11ee2a_mASLzICV (c282150f-c652-4d66-b643-8b6ca4313af2)
2019-06-22 09:34:21.625 18064 RALLYDEBUG rally_openstack.cleanup.manager [-] Deleting neutron.port object s_rally_5f11ee2a_szgmNzQb (c30b0280-4f6a-4f63-97aa-77e58a7caee8)
2019-06-22 09:34:21.758 18064 RALLYDEBUG rally_openstack.cleanup.manager [-] Deleting neutron.port object s_rally_5f11ee2a_6U9x47q1 (c44e5e43-8f23-43f9-aaaa-109c30d0b7aa)
2019-06-22 09:34:21.802 18064 RALLYDEBUG rally_openstack.cleanup.manager [-] Deleting neutron.port object s_rally_5f11ee2a_Wd76o0M6 (c49413a4-51c1-40c9-9c63-84fe85af4ef9)
2019-06-22 09:34:21.945 18064 RALLYDEBUG rally_openstack.cleanup.manager [-] Deleting neutron.port object s_rally_5f11ee2a_aRqU4Xfb (c503b4f5-c81f-4843-b79e-04611ac463b5)
2019-06-22 09:34:22.312 18064 RALLYDEBUG rally_openstack.cleanup.manager [-] Deleting neutron.port object s_rally_5f11ee2a_cZEDq7VW (c52b6ab2-e4cd-4241-8010-bd3c3179effb)
2019-06-22 09:34:22.336 18064 RALLYDEBUG rally_openstack.cleanup.manager [-] Deleting neutron.port object s_rally_5f11ee2a_qPtZ7Pne (c6a203f1-7831-4ad1-b66f-74003b83ca0d)
2019-06-22 09:34:22.355 18064 RALLYDEBUG rally_openstack.cleanup.manager [-] Deleting neutron.port object s_rally_5f11ee2a_fy7gsUnz (c82accde-a40c-4247-964f-b522b39fa8a0)
2019-06-22 09:34:22.367 18064 RALLYDEBUG rally_openstack.cleanup.manager [-] Deleting neutron.port object s_rally_5f11ee2a_rw7DPQYr (c845739d-3f69-4d6f-89a8-98e661b9e298)
2019-06-22 09:34:22.575 18064 RALLYDEBUG rally_openstack.cleanup.manager [-] Deleting neutron.port object s_rally_5f11ee2a_17S2tBGH (c8917863-88af-4ec8-bebe-d77aaf9c8c65)
2019-06-22 09:34:22.719 18064 RALLYDEBUG rally_openstack.cleanup.manager [-] Deleting neutron.port object s_rally_5f11ee2a_usGXOros (c9d3c3aa-347f-439b-8c24-ae204320a908)
2019-06-22 09:34:22.855 18064 RALLYDEBUG rally_openstack.cleanup.manager [-] Deleting neutron.port object s_rally_5f11ee2a_O1gDl0zc (c9e847ae-3930-4ad2-9ac0-32919491fa44)
2019-06-22 09:34:22.870 18064 RALLYDEBUG rally_openstack.cleanup.manager [-] Deleting neutron.port object s_rally_5f11ee2a_v8bQQs86 (cb3d3391-4b9f-4dad-99e7-8b2fc9ad25cf)
2019-06-22 09:34:22.932 18064 RALLYDEBUG rally_openstack.cleanup.manager [-] Deleting neutron.port object s_rally_5f11ee2a_rGSDKn8U (cb9e75fd-b816-4bf2-a13f-de19aea59919)
2019-06-22 09:34:23.059 18064 RALLYDEBUG rally_openstack.cleanup.manager [-] Deleting neutron.port object s_rally_5f11ee2a_DFAB9HlR (cbccebb3-2e0f-4fb0-8d26-91d2f1e23f9a)
2019-06-22 09:34:23.254 18064 RALLYDEBUG rally_openstack.cleanup.manager [-] Deleting neutron.port object s_rally_5f11ee2a_2iBklw3W (cc3681c0-2c3b-491d-a4eb-7ef0f33806eb)
2019-06-22 09:34:23.381 18064 RALLYDEBUG rally_openstack.cleanup.manager [-] Deleting neutron.port object s_rally_5f11ee2a_bVfyk2Jw (cf6300f6-7e98-44b5-8e18-c0298c84fc7b)
2019-06-22 09:34:23.384 18064 RALLYDEBUG rally_openstack.cleanup.manager [-] Deleting neutron.port object s_rally_5f11ee2a_zTW3YVa7 (d033593d-5ddb-4b86-9b66-22792a6ab133)
2019-06-22 09:34:23.507 18064 RALLYDEBUG rally_openstack.cleanup.manager [-] Deleting neutron.port object s_rally_5f11ee2a_GKpOi2Pl (d096ee93-680e-48d8-8cca-b50c9697d581)
2019-06-22 09:34:23.702 18064 RALLYDEBUG rally_openstack.cleanup.manager [-] Deleting neutron.port object s_rally_5f11ee2a_IW9wuld5 (d2c3b7cb-ff0a-4e44-9d01-3e0640c658b3)
2019-06-22 09:34:23.845 18064 RALLYDEBUG rally_openstack.cleanup.manager [-] Deleting neutron.port object s_rally_5f11ee2a_3JGajdlT (d3b8218b-a848-4f1b-af57-3d93b774f7fd)
2019-06-22 09:34:23.987 18064 RALLYDEBUG rally_openstack.cleanup.manager [-] Deleting neutron.port object s_rally_5f11ee2a_kutWgUN9 (daefa06d-dbc6-4062-8a3f-75c0b1b20b3e)
2019-06-22 09:34:24.035 18064 RALLYDEBUG rally_openstack.cleanup.manager [-] Deleting neutron.port object s_rally_5f11ee2a_dSlkiNdh (dd48c2fd-8b23-43c3-8036-315e6fe86952)
2019-06-22 09:34:24.319 18064 RALLYDEBUG rally_openstack.cleanup.manager [-] Deleting neutron.port object s_rally_5f11ee2a_9754inbh (e01c880f-7cc8-4c79-abb9-d8870b869a62)
2019-06-22 09:34:24.356 18064 RALLYDEBUG rally_openstack.cleanup.manager [-] Deleting neutron.port object s_rally_5f11ee2a_5hLwiXin (e112d55d-0ca0-4320-9c24-303096f82858)
2019-06-22 09:34:24.562 18064 RALLYDEBUG rally_openstack.cleanup.manager [-] Deleting neutron.port object s_rally_5f11ee2a_Sel6evbC (e26dcf32-dea6-4180-b6a8-24477be391c6)
2019-06-22 09:34:24.575 18064 RALLYDEBUG rally_openstack.cleanup.manager [-] Deleting neutron.port object s_rally_5f11ee2a_2BvQuTlY (e98b2c1e-266e-4a79-a206-499338ffd926)
2019-06-22 09:34:24.646 18064 RALLYDEBUG rally_openstack.cleanup.manager [-] Deleting neutron.port object s_rally_5f11ee2a_c2xmIDgd (e9baccf3-bb76-47cf-8213-14cd2f28562a)
2019-06-22 09:34:24.724 18064 RALLYDEBUG rally_openstack.cleanup.manager [-] Deleting neutron.port object s_rally_5f11ee2a_kf3DGvmm (ed5b8e8a-b070-4565-9478-c23c93bd1ded)
2019-06-22 09:34:24.760 18064 RALLYDEBUG rally_openstack.cleanup.manager [-] Deleting neutron.port object s_rally_5f11ee2a_LR3RdV3O (ed7cbd2e-4cac-4e5c-bdc8-364491ad06a7)
2019-06-22 09:34:24.814 18064 RALLYDEBUG rally_openstack.cleanup.manager [-] Deleting neutron.port object s_rally_5f11ee2a_XGWr7Xor (f0f42878-b150-46f4-897f-4e97e00162f8)
2019-06-22 09:34:24.837 18064 RALLYDEBUG rally_openstack.cleanup.manager [-] Deleting neutron.port object s_rally_5f11ee2a_mWoFuZ63 (f190367d-06e6-4c23-b839-c26fec928a61)
2019-06-22 09:34:24.949 18064 RALLYDEBUG rally_openstack.cleanup.manager [-] Deleting neutron.port object s_rally_5f11ee2a_qZ0ZmPAj (f36c5631-7c3b-4b88-9354-d79a76223104)
2019-06-22 09:34:25.022 18064 RALLYDEBUG rally_openstack.cleanup.manager [-] Deleting neutron.port object s_rally_5f11ee2a_TcPjqk3o (f8245506-940b-406c-b4fb-71cc6a35e177)
2019-06-22 09:34:25.045 18064 RALLYDEBUG rally_openstack.cleanup.manager [-] Deleting neutron.port object s_rally_5f11ee2a_hsDLFqRU (fa2b13af-a6d6-4b7c-9171-8aa00feb64f7)
2019-06-22 09:34:25.301 18064 RALLYDEBUG rally_openstack.cleanup.manager [-] Deleting neutron.port object s_rally_5f11ee2a_xewKi5mk (fb095d84-ab2b-44e2-a2ca-ee2efa058ed4)
2019-06-22 09:34:25.327 18064 RALLYDEBUG rally_openstack.cleanup.manager [-] Deleting neutron.port object s_rally_5f11ee2a_Ftz7GV7Z (fba0c1ea-1f3a-4fbe-8c2f-8a6cb2c33f78)
2019-06-22 09:34:25.561 18064 RALLYDEBUG rally_openstack.cleanup.manager [-] Deleting neutron.port object s_rally_5f11ee2a_qr28YiOJ (fe23f74d-d963-4fc4-9969-2b430bc04839)
2019-06-22 09:34:25.629 18064 RALLYDEBUG rally_openstack.cleanup.manager [-] Deleting neutron.port object s_rally_5f11ee2a_8XvUEnB1 (fe641027-e2f1-44c7-aee5-05e1cc900c2c)
2019-06-22 09:34:25.753 18064 RALLYDEBUG rally_openstack.cleanup.manager [-] Deleting neutron.port object s_rally_5f11ee2a_AKXJ5leM (ff531656-7273-46f7-984e-d3ffd06089be)
2019-06-22 09:34:25.762 18064 RALLYDEBUG rally_openstack.cleanup.manager [-] Deleting neutron.port object s_rally_5f11ee2a_yI1ttChz (ff9ee959-f5a5-4734-90d9-088a68f75fc9)
2019-06-22 09:34:28.076 18064 RALLYDEBUG rally_openstack.cleanup.manager [-] Cleaning up neutron subnet objects
2019-06-22 09:34:28.513 18064 RALLYDEBUG rally_openstack.cleanup.manager [-] Cleaning up neutron network objects
2019-06-22 09:34:29.061 18064 RALLYDEBUG rally_openstack.cleanup.manager [-] Deleting neutron.network object s_rally_5f11ee2a_6qEcpVm9 (0160099d-f6b4-4dba-9d22-9821cf09e218)
2019-06-22 09:34:29.074 18064 RALLYDEBUG rally_openstack.cleanup.manager [-] Deleting neutron.network object s_rally_5f11ee2a_WR24ohJG (0ed15589-89c0-4277-9bad-003ee4c11dd4)
2019-06-22 09:34:29.083 18064 RALLYDEBUG rally_openstack.cleanup.manager [-] Deleting neutron.network object s_rally_5f11ee2a_ROmiFYXL (216ba04a-1be5-4fb7-a776-563894180463)
2019-06-22 09:34:29.086 18064 RALLYDEBUG rally_openstack.cleanup.manager [-] Deleting neutron.network object s_rally_5f11ee2a_plzBHh4a (0f560ae4-0693-4b07-8914-b0c54477a29c)
2019-06-22 09:34:29.090 18064 RALLYDEBUG rally_openstack.cleanup.manager [-] Deleting neutron.network object s_rally_5f11ee2a_EogioDRp (2a9b313b-50bd-4fb7-9c85-987923496b4c)
2019-06-22 09:34:29.103 18064 RALLYDEBUG rally_openstack.cleanup.manager [-] Deleting neutron.network object s_rally_5f11ee2a_bHzTMx0e (2e05017b-f1df-47d4-ad8e-9ec621cb1135)
2019-06-22 09:34:29.116 18064 RALLYDEBUG rally_openstack.cleanup.manager [-] Deleting neutron.network object s_rally_5f11ee2a_yP1wfFXX (2e47fea2-457f-42e6-ab56-7ad1d1176700)
2019-06-22 09:34:29.147 18064 RALLYDEBUG rally_openstack.cleanup.manager [-] Deleting neutron.network object s_rally_5f11ee2a_z9NHNq2X (2f1072ed-d95a-493c-a8c0-7fa2cbc7836e)
2019-06-22 09:34:29.152 18064 RALLYDEBUG rally_openstack.cleanup.manager [-] Deleting neutron.network object s_rally_5f11ee2a_PjlZbqpT (2f3a80b7-a5a0-4001-9d78-2607895fdb35)
2019-06-22 09:34:29.198 18064 RALLYDEBUG rally_openstack.cleanup.manager [-] Deleting neutron.network object s_rally_5f11ee2a_eE16O8lr (333d38c3-b6e1-4fcf-ab3a-b459f7c8bd44)
2019-06-22 09:34:29.206 18064 RALLYDEBUG rally_openstack.cleanup.manager [-] Deleting neutron.network object s_rally_5f11ee2a_CLDSoT6r (3131d56a-a39c-4e4b-be01-63aa97eb94df)
2019-06-22 09:34:29.212 18064 RALLYDEBUG rally_openstack.cleanup.manager [-] Deleting neutron.network object s_rally_5f11ee2a_gw9JWGRC (3ceb6685-38b6-4624-8be6-8e41cbdbc03d)
2019-06-22 09:34:29.229 18064 RALLYDEBUG rally_openstack.cleanup.manager [-] Deleting neutron.network object s_rally_5f11ee2a_JkytSO7n (4c00ff94-de50-4e6c-a3c7-7988c6d58882)
2019-06-22 09:34:29.240 18064 RALLYDEBUG rally_openstack.cleanup.manager [-] Deleting neutron.network object s_rally_5f11ee2a_wKB8ADKQ (567b9901-4b6e-4193-a84f-64a523a603aa)
2019-06-22 09:34:29.246 18064 RALLYDEBUG rally_openstack.cleanup.manager [-] Deleting neutron.network object s_rally_5f11ee2a_EzkqBEdT (5e174311-7eca-4770-b3c8-4753ce162739)
2019-06-22 09:34:29.278 18064 RALLYDEBUG rally_openstack.cleanup.manager [-] Deleting neutron.network object s_rally_5f11ee2a_xf7R7ROx (6662f479-a93a-4748-bddb-ed410e1a57e4)
2019-06-22 09:34:29.290 18064 RALLYDEBUG rally_openstack.cleanup.manager [-] Deleting neutron.network object s_rally_5f11ee2a_GwVGLatO (76a959a9-13ac-4796-b8b1-22ef49607744)
2019-06-22 09:34:29.326 18064 RALLYDEBUG rally_openstack.cleanup.manager [-] Deleting neutron.network object s_rally_5f11ee2a_sUFA8w00 (624b1d1b-f51a-4d4e-8b51-be3a51ba26ec)
2019-06-22 09:34:29.342 18064 RALLYDEBUG rally_openstack.cleanup.manager [-] Deleting neutron.network object s_rally_5f11ee2a_FDwIGCvH (7ceb77b0-0280-4da7-aa87-69c6f56aebf3)
2019-06-22 09:34:29.346 18064 RALLYDEBUG rally_openstack.cleanup.manager [-] Deleting neutron.network object s_rally_5f11ee2a_PRIiE91R (76fc9fe5-2d24-4005-8ced-d29ba72ac85b)
2019-06-22 09:34:31.339 18064 RALLYDEBUG rally_openstack.cleanup.manager [-] Deleting neutron.network object s_rally_5f11ee2a_xNfkjkSA (7ebded84-bdbf-4bf0-94b4-748ef56652d0)
2019-06-22 09:34:31.855 18064 RALLYDEBUG rally_openstack.cleanup.manager [-] Deleting neutron.network object s_rally_5f11ee2a_aasoBRbb (7ebfd102-06dc-4376-9b17-864e0ae307e1)
2019-06-22 09:34:31.915 18064 RALLYDEBUG rally_openstack.cleanup.manager [-] Deleting neutron.network object s_rally_5f11ee2a_Ssx2BTgk (9ddd0909-1483-4f7d-8ec9-2718294d988c)
2019-06-22 09:34:31.934 18064 RALLYDEBUG rally_openstack.cleanup.manager [-] Deleting neutron.network object s_rally_5f11ee2a_td3AfBhj (9f86d064-7153-4ea4-8a52-c05081de11cb)
2019-06-22 09:34:31.958 18064 RALLYDEBUG rally_openstack.cleanup.manager [-] Deleting neutron.network object s_rally_5f11ee2a_KJdSVEnT (b6f8b022-207a-4c9b-b244-2968920759c4)
2019-06-22 09:34:32.095 18064 RALLYDEBUG rally_openstack.cleanup.manager [-] Deleting neutron.network object s_rally_5f11ee2a_6jrR2wfs (b960a974-eefc-49e4-bbc4-77dd4b85f342)
2019-06-22 09:34:32.195 18064 RALLYDEBUG rally_openstack.cleanup.manager [-] Deleting neutron.network object s_rally_5f11ee2a_Zz4ThxEi (bee97998-ef49-4c93-bef4-a30b783173f2)
2019-06-22 09:34:32.210 18064 RALLYDEBUG rally_openstack.cleanup.manager [-] Deleting neutron.network object s_rally_5f11ee2a_ZmkNNInI (c87386de-65d7-4a40-b29a-b3da4d24389a)
2019-06-22 09:34:32.281 18064 RALLYDEBUG rally_openstack.cleanup.manager [-] Deleting neutron.network object s_rally_5f11ee2a_gVIOw19r (c8d4227b-3882-4c30-a850-0588069e02af)
2019-06-22 09:34:32.284 18064 RALLYDEBUG rally_openstack.cleanup.manager [-] Deleting neutron.network object s_rally_5f11ee2a_yffHEPhf (cd6cc374-99e1-407c-adbf-8565f3827d72)
2019-06-22 09:34:32.380 18064 RALLYDEBUG rally_openstack.cleanup.manager [-] Deleting neutron.network object s_rally_5f11ee2a_wJ5FN8gq (d6171edf-8df3-40f7-95fc-1164a5005aa9)
2019-06-22 09:34:32.452 18064 RALLYDEBUG rally_openstack.cleanup.manager [-] Deleting neutron.network object s_rally_5f11ee2a_AbGOgJ4T (d93b25a0-cf8c-4961-aa2f-104486a99f0b)
2019-06-22 09:34:32.704 18064 RALLYDEBUG rally_openstack.cleanup.manager [-] Deleting neutron.network object s_rally_5f11ee2a_bY3znpog (dc82338c-0ba4-474e-a37f-d9a9f3bd2996)
2019-06-22 09:34:32.725 18064 RALLYDEBUG rally_openstack.cleanup.manager [-] Deleting neutron.network object s_rally_5f11ee2a_CxzRLk1q (df33b328-3371-4a3d-afd8-8911aca5b420)
2019-06-22 09:34:32.735 18064 RALLYDEBUG rally_openstack.cleanup.manager [-] Deleting neutron.network object s_rally_5f11ee2a_nGlUdY8g (dfd228a5-9c7f-4c32-a6cc-4b5db6061406)
2019-06-22 09:34:32.875 18064 RALLYDEBUG rally_openstack.cleanup.manager [-] Deleting neutron.network object s_rally_5f11ee2a_bkJaxays (eae5fcca-935d-40c5-b025-37fd4d5287a4)
2019-06-22 09:34:32.904 18064 RALLYDEBUG rally_openstack.cleanup.manager [-] Deleting neutron.network object s_rally_5f11ee2a_s63Ofxem (eb4e4155-7132-463c-b1c6-56adbd426fb9)
2019-06-22 09:34:33.240 18064 RALLYDEBUG rally_openstack.cleanup.manager [-] Deleting neutron.network object s_rally_5f11ee2a_oZhIG6HW (f24d4081-bc51-466b-b5bd-c1d42bae35e3)
2019-06-22 09:34:33.247 18064 RALLYDEBUG rally_openstack.cleanup.manager [-] Deleting neutron.network object s_rally_5f11ee2a_kD9sYoZu (fbb68a15-53bc-409e-b92e-5923e4074e84)
2019-06-22 09:34:33.296 18064 RALLYDEBUG rally_openstack.cleanup.manager [-] Deleting neutron.network object s_rally_5f11ee2a_1oJizD2o (ff0998cf-835f-48ae-b0ac-11452b9f975f)
2019-06-22 09:34:35.724 18064 RALLYDEBUG rally_openstack.cleanup.manager [-] Cleaning up neutron router objects
2019-06-22 09:34:36.177 18064 RALLYDEBUG rally_openstack.cleanup.manager [-] Cleaning up neutron security_group objects
2019-06-22 09:34:36.631 18064 INFO rally.task.context [-] Task d33efd7d-5d4e-4fed-a85c-92fac1508a22 | Context cleanup@openstack cleanup() finished in 35.43 sec
2019-06-22 09:34:36.631 18064 INFO rally.task.context [-] Task d33efd7d-5d4e-4fed-a85c-92fac1508a22 | Context quotas@openstack cleanup() started
2019-06-22 09:34:36.725 18064 INFO rally.task.context [-] Task d33efd7d-5d4e-4fed-a85c-92fac1508a22 | Context quotas@openstack cleanup() finished in 93.78 msec
2019-06-22 09:34:36.726 18064 INFO rally.task.context [-] Task d33efd7d-5d4e-4fed-a85c-92fac1508a22 | Context users@openstack cleanup() started
2019-06-22 09:34:39.499 18064 INFO rally.task.context [-] Task d33efd7d-5d4e-4fed-a85c-92fac1508a22 | Context users@openstack cleanup() finished in 2.77 sec
2019-06-22 09:34:41.263 18064 INFO rally.task.engine [-] Load duration is: 23.311183
2019-06-22 09:34:41.263 18064 INFO rally.task.engine [-] Full runner duration is: 23.370353
2019-06-22 09:34:41.263 18064 INFO rally.task.engine [-] Full duration is: 64.623936
2019-06-22 09:34:41.550 18064 INFO rally.task.engine [-] Running workload: position = 2 config = { "version": 2, "title": "A cropped version of a bigger task.", "description": "Auto-generated task from a single workload (uuid=e2ed2ba2-76e0-43b3-b9fb-a7b083dfd35c)", "subtasks": [ { "title": "NeutronNetworks.create_and_delete_ports", "description": "Create and delete a port.", "scenario": { "NeutronNetworks.create_and_delete_ports": { "network_create_args": {}, "port_create_args": {}, "ports_per_network": 5 } }, "contexts": { "users": { "tenants": 1, "users_per_tenant": 1 }, "quotas": { "neutron": { "network": -1, "port": -1 } } }, "runner": { "constant": { "times": 40, "concurrency": 20 } }, "hooks": [], "sla": { "failure_rate": { "max": 0 } } } ] }
2019-06-22 09:34:41.578 18064 RALLYDEBUG rally_openstack.contexts.keystone.users [-] Creating 1 tenants using 20 threads
2019-06-22 09:34:42.538 18064 RALLYDEBUG rally_openstack.contexts.keystone.users [-] Creating 1 users using 20 threads
2019-06-22 09:34:43.959 18064 INFO rally.task.context [-] Task d33efd7d-5d4e-4fed-a85c-92fac1508a22 | Context users@openstack setup() finished in 2.38 sec
2019-06-22 09:34:44.475 18064 INFO rally.task.context [-] Task d33efd7d-5d4e-4fed-a85c-92fac1508a22 | Context quotas@openstack setup() finished in 0.52 sec
2019-06-22 09:34:44.476 18064 INFO rally.task.context [-] Task d33efd7d-5d4e-4fed-a85c-92fac1508a22 | Context cleanup@openstack setup() finished in 0.01 msec
2019-06-22 09:34:44.484 18064 RALLYDEBUG rally.task.runner [-] Starting the constant runner (task UUID: d33efd7d-5d4e-4fed-a85c-92fac1508a22). timeout: 0 concurrency: 20 concurrency_per_worker: 1 times: 40 concurrency_overhead: 4 processes_to_start: 16 max_cpu_used: 16
2019-06-22 09:34:44.498 22310 RALLYDEBUG rally.task.runner [-] Starting a worker. concurrency: 2 args: {"network_create_args": {}, "port_create_args": {}, "ports_per_network": 5} times: 40 method_name: run timeout: 0 duration: None cls:
2019-06-22 09:34:44.502 22311 RALLYDEBUG rally.task.runner [-] Starting a worker. concurrency: 2 args: {"network_create_args": {}, "port_create_args": {}, "ports_per_network": 5} times: 40 method_name: run timeout: 0 duration: None cls:
2019-06-22 09:34:44.505 22312 RALLYDEBUG rally.task.runner [-] Starting a worker. concurrency: 2 args: {"network_create_args": {}, "port_create_args": {}, "ports_per_network": 5} times: 40 method_name: run timeout: 0 duration: None cls:
2019-06-22 09:34:44.505 22310 INFO rally.task.runner [-] Task d33efd7d-5d4e-4fed-a85c-92fac1508a22 | ITER: 1 START
2019-06-22 09:34:44.508 22310 WARNING rally_openstack.scenarios.neutron.utils [-] Running this scenario without either the 'network' or 'existing_network' context is deprecated
2019-06-22 09:34:44.508 22313 RALLYDEBUG rally.task.runner [-] Starting a worker. concurrency: 2 args: {"network_create_args": {}, "port_create_args": {}, "ports_per_network": 5} times: 40 method_name: run timeout: 0 duration: None cls:
2019-06-22 09:34:44.510 22311 INFO rally.task.runner [-] Task d33efd7d-5d4e-4fed-a85c-92fac1508a22 | ITER: 2 START
2019-06-22 09:34:44.511 22314 RALLYDEBUG rally.task.runner [-] Starting a worker. concurrency: 1 args: {"network_create_args": {}, "port_create_args": {}, "ports_per_network": 5} times: 40 method_name: run timeout: 0 duration: None cls:
2019-06-22 09:34:44.513 22311 WARNING rally_openstack.scenarios.neutron.utils [-] Running this scenario without either the 'network' or 'existing_network' context is deprecated
2019-06-22 09:34:44.514 22317 RALLYDEBUG rally.task.runner [-] Starting a worker. concurrency: 1 args: {"network_create_args": {}, "port_create_args": {}, "ports_per_network": 5} times: 40 method_name: run timeout: 0 duration: None cls:
2019-06-22 09:34:44.516 22313 INFO rally.task.runner [-] Task d33efd7d-5d4e-4fed-a85c-92fac1508a22 | ITER: 6 START
2019-06-22 09:34:44.516 22312 INFO rally.task.runner [-] Task d33efd7d-5d4e-4fed-a85c-92fac1508a22 | ITER: 4 START
2019-06-22 09:34:44.519 22314 INFO rally.task.runner [-] Task d33efd7d-5d4e-4fed-a85c-92fac1508a22 | ITER: 8 START
2019-06-22 09:34:44.519 22313 WARNING rally_openstack.scenarios.neutron.utils [-] Running this scenario without either the 'network' or 'existing_network' context is deprecated
2019-06-22 09:34:44.519 22312 INFO rally.task.runner [-] Task d33efd7d-5d4e-4fed-a85c-92fac1508a22 | ITER: 7 START
2019-06-22 09:34:44.521 22314 WARNING rally_openstack.scenarios.neutron.utils [-] Running this scenario without either the 'network' or 'existing_network' context is deprecated
2019-06-22 09:34:44.520 22321 RALLYDEBUG rally.task.runner [-] Starting a worker. concurrency: 1 args: {"network_create_args": {}, "port_create_args": {}, "ports_per_network": 5} times: 40 method_name: run timeout: 0 duration: None cls:
2019-06-22 09:34:44.520 22312 WARNING rally_openstack.scenarios.neutron.utils [-] Running this scenario without either the 'network' or 'existing_network' context is deprecated
2019-06-22 09:34:44.521 22317 INFO rally.task.runner [-] Task d33efd7d-5d4e-4fed-a85c-92fac1508a22 | ITER: 10 START
2019-06-22 09:34:44.521 22312 WARNING rally_openstack.scenarios.neutron.utils [-] Running this scenario without either the 'network' or 'existing_network' context is deprecated
2019-06-22 09:34:44.524 22317 WARNING rally_openstack.scenarios.neutron.utils [-] Running this scenario without either the 'network' or 'existing_network' context is deprecated
2019-06-22 09:34:44.524 22324 RALLYDEBUG rally.task.runner [-] Starting a worker. concurrency: 1 args: {"network_create_args": {}, "port_create_args": {}, "ports_per_network": 5} times: 40 method_name: run timeout: 0 duration: None cls:
2019-06-22 09:34:44.525 22330 RALLYDEBUG rally.task.runner [-] Starting a worker. concurrency: 1 args: {"network_create_args": {}, "port_create_args": {}, "ports_per_network": 5} times: 40 method_name: run timeout: 0 duration: None cls:
2019-06-22 09:34:44.527 22310 INFO rally.task.runner [-] Task d33efd7d-5d4e-4fed-a85c-92fac1508a22 | ITER: 3 START
2019-06-22 09:34:44.529 22311 INFO rally.task.runner [-] Task d33efd7d-5d4e-4fed-a85c-92fac1508a22 | ITER: 5 START
2019-06-22 09:34:44.530 22311 WARNING rally_openstack.scenarios.neutron.utils [-] Running this scenario without either the 'network' or 'existing_network' context is deprecated
2019-06-22 09:34:44.531 22321 INFO rally.task.runner [-] Task d33efd7d-5d4e-4fed-a85c-92fac1508a22 | ITER: 11 START
2019-06-22 09:34:44.529 22310 WARNING rally_openstack.scenarios.neutron.utils [-] Running this scenario without either the 'network' or 'existing_network' context is deprecated
2019-06-22 09:34:44.532 22324 INFO rally.task.runner [-] Task d33efd7d-5d4e-4fed-a85c-92fac1508a22 | ITER: 12 START
2019-06-22 09:34:44.532 22333 RALLYDEBUG rally.task.runner [-] Starting a worker. concurrency: 1 args: {"network_create_args": {}, "port_create_args": {}, "ports_per_network": 5} times: 40 method_name: run timeout: 0 duration: None cls:
2019-06-22 09:34:44.533 22321 WARNING rally_openstack.scenarios.neutron.utils [-] Running this scenario without either the 'network' or 'existing_network' context is deprecated
2019-06-22 09:34:44.534 22324 WARNING rally_openstack.scenarios.neutron.utils [-] Running this scenario without either the 'network' or 'existing_network' context is deprecated
2019-06-22 09:34:44.534 22330 INFO rally.task.runner [-] Task d33efd7d-5d4e-4fed-a85c-92fac1508a22 | ITER: 13 START
2019-06-22 09:34:44.534 22337 RALLYDEBUG rally.task.runner [-] Starting a worker. concurrency: 1 args: {"network_create_args": {}, "port_create_args": {}, "ports_per_network": 5} times: 40 method_name: run timeout: 0 duration: None cls:
2019-06-22 09:34:44.535 22313 INFO rally.task.runner [-] Task d33efd7d-5d4e-4fed-a85c-92fac1508a22 | ITER: 9 START
2019-06-22 09:34:44.536 22313 WARNING rally_openstack.scenarios.neutron.utils [-] Running this scenario without either the 'network' or 'existing_network' context is deprecated
2019-06-22 09:34:44.536 22330 WARNING rally_openstack.scenarios.neutron.utils [-] Running this scenario without either the 'network' or 'existing_network' context is deprecated
2019-06-22 09:34:44.540 22333 INFO rally.task.runner [-] Task d33efd7d-5d4e-4fed-a85c-92fac1508a22 | ITER: 14 START
2019-06-22 09:34:44.542 22333 WARNING rally_openstack.scenarios.neutron.utils [-] Running this scenario without either the 'network' or 'existing_network' context is deprecated
2019-06-22 09:34:44.547 22346 RALLYDEBUG rally.task.runner [-] Starting a worker. concurrency: 1 args: {"network_create_args": {}, "port_create_args": {}, "ports_per_network": 5} times: 40 method_name: run timeout: 0 duration: None cls:
2019-06-22 09:34:44.549 22337 INFO rally.task.runner [-] Task d33efd7d-5d4e-4fed-a85c-92fac1508a22 | ITER: 15 START
2019-06-22 09:34:44.551 22337 WARNING rally_openstack.scenarios.neutron.utils [-] Running this scenario without either the 'network' or 'existing_network' context is deprecated
2019-06-22 09:34:44.555 22346 INFO rally.task.runner [-] Task d33efd7d-5d4e-4fed-a85c-92fac1508a22 | ITER: 16 START
2019-06-22 09:34:44.555 22347 RALLYDEBUG rally.task.runner [-] Starting a worker. concurrency: 1 args: {"network_create_args": {}, "port_create_args": {}, "ports_per_network": 5} times: 40 method_name: run timeout: 0 duration: None cls:
2019-06-22 09:34:44.556 22346 WARNING rally_openstack.scenarios.neutron.utils [-] Running this scenario without either the 'network' or 'existing_network' context is deprecated
2019-06-22 09:34:44.563 22347 INFO rally.task.runner [-] Task d33efd7d-5d4e-4fed-a85c-92fac1508a22 | ITER: 17 START
2019-06-22 09:34:44.563 22351 RALLYDEBUG rally.task.runner [-] Starting a worker. concurrency: 1 args: {"network_create_args": {}, "port_create_args": {}, "ports_per_network": 5} times: 40 method_name: run timeout: 0 duration: None cls:
2019-06-22 09:34:44.565 22347 WARNING rally_openstack.scenarios.neutron.utils [-] Running this scenario without either the 'network' or 'existing_network' context is deprecated
2019-06-22 09:34:44.569 22354 RALLYDEBUG rally.task.runner [-] Starting a worker. concurrency: 1 args: {"network_create_args": {}, "port_create_args": {}, "ports_per_network": 5} times: 40 method_name: run timeout: 0 duration: None cls:
2019-06-22 09:34:44.571 22351 INFO rally.task.runner [-] Task d33efd7d-5d4e-4fed-a85c-92fac1508a22 | ITER: 18 START
2019-06-22 09:34:44.573 22351 WARNING rally_openstack.scenarios.neutron.utils [-] Running this scenario without either the 'network' or 'existing_network' context is deprecated
2019-06-22 09:34:44.574 22354 INFO rally.task.runner [-] Task d33efd7d-5d4e-4fed-a85c-92fac1508a22 | ITER: 19 START
2019-06-22 09:34:44.575 22354 WARNING rally_openstack.scenarios.neutron.utils [-] Running this scenario without either the 'network' or 'existing_network' context is deprecated
2019-06-22 09:34:44.577 22356 RALLYDEBUG rally.task.runner [-] Starting a worker. concurrency: 1 args: {"network_create_args": {}, "port_create_args": {}, "ports_per_network": 5} times: 40 method_name: run timeout: 0 duration: None cls:
2019-06-22 09:34:44.583 22356 INFO rally.task.runner [-] Task d33efd7d-5d4e-4fed-a85c-92fac1508a22 | ITER: 20 START
2019-06-22 09:34:44.585 22356 WARNING rally_openstack.scenarios.neutron.utils [-] Running this scenario without either the 'network' or 'existing_network' context is deprecated
2019-06-22 09:34:54.186 22354 INFO rally.task.runner [-] Task d33efd7d-5d4e-4fed-a85c-92fac1508a22 | ITER: 19 END: OK
2019-06-22 09:34:54.191 22354 INFO rally.task.runner [-] Task d33efd7d-5d4e-4fed-a85c-92fac1508a22 | ITER: 21 START
2019-06-22 09:34:54.192 22354 WARNING rally_openstack.scenarios.neutron.utils [-] Running this scenario without either the 'network' or 'existing_network' context is deprecated
2019-06-22 09:34:54.624 22313 INFO rally.task.runner [-] Task d33efd7d-5d4e-4fed-a85c-92fac1508a22 | ITER: 6 END: OK
2019-06-22 09:34:54.628 22313 INFO rally.task.runner [-] Task d33efd7d-5d4e-4fed-a85c-92fac1508a22 | ITER: 22 START
2019-06-22 09:34:54.629 22313 WARNING rally_openstack.scenarios.neutron.utils [-] Running this scenario without either the 'network' or 'existing_network' context is deprecated
2019-06-22 09:34:55.219 22310 INFO rally.task.runner [-] Task d33efd7d-5d4e-4fed-a85c-92fac1508a22 | ITER: 1 END: OK
2019-06-22 09:34:55.223 22310 INFO rally.task.runner [-] Task d33efd7d-5d4e-4fed-a85c-92fac1508a22 | ITER: 23 START
2019-06-22 09:34:55.224 22310 WARNING rally_openstack.scenarios.neutron.utils [-] Running this scenario without either the 'network' or 'existing_network' context is deprecated
2019-06-22 09:34:55.579 22330 INFO rally.task.runner [-] Task d33efd7d-5d4e-4fed-a85c-92fac1508a22 | ITER: 13 END: OK
2019-06-22 09:34:55.583 22330 INFO rally.task.runner [-] Task d33efd7d-5d4e-4fed-a85c-92fac1508a22 | ITER: 24 START
2019-06-22 09:34:55.584 22330 WARNING rally_openstack.scenarios.neutron.utils [-] Running this scenario without either the 'network' or 'existing_network' context is deprecated
2019-06-22 09:34:55.680 22351 INFO rally.task.runner [-] Task d33efd7d-5d4e-4fed-a85c-92fac1508a22 | ITER: 18 END: OK
2019-06-22 09:34:55.685 22351 INFO rally.task.runner [-] Task d33efd7d-5d4e-4fed-a85c-92fac1508a22 | ITER: 25 START
2019-06-22 09:34:55.686 22351 WARNING rally_openstack.scenarios.neutron.utils [-] Running this scenario without either the 'network' or 'existing_network' context is deprecated
2019-06-22 09:34:55.962 22312 INFO rally.task.runner [-] Task d33efd7d-5d4e-4fed-a85c-92fac1508a22 | ITER: 7 END: OK
2019-06-22 09:34:55.967 22312 INFO rally.task.runner [-] Task d33efd7d-5d4e-4fed-a85c-92fac1508a22 | ITER: 26 START
2019-06-22 09:34:55.968 22312 WARNING rally_openstack.scenarios.neutron.utils [-] Running this scenario without either the 'network' or 'existing_network' context is deprecated
2019-06-22 09:34:55.979 22311 INFO rally.task.runner [-] Task d33efd7d-5d4e-4fed-a85c-92fac1508a22 | ITER: 2 END: OK
2019-06-22 09:34:55.984 22311 INFO rally.task.runner [-] Task d33efd7d-5d4e-4fed-a85c-92fac1508a22 | ITER: 27 START
2019-06-22 09:34:55.985 22311 WARNING rally_openstack.scenarios.neutron.utils [-] Running this scenario without either the 'network' or 'existing_network' context is deprecated
2019-06-22 09:34:56.022 22314 INFO rally.task.runner [-] Task d33efd7d-5d4e-4fed-a85c-92fac1508a22 | ITER: 8 END: OK
2019-06-22 09:34:56.026 22314 INFO rally.task.runner [-] Task d33efd7d-5d4e-4fed-a85c-92fac1508a22 | ITER: 28 START
2019-06-22 09:34:56.027 22314 WARNING rally_openstack.scenarios.neutron.utils [-] Running this scenario without either the 'network' or 'existing_network' context is deprecated
2019-06-22 09:34:56.276 22311 INFO rally.task.runner [-] Task d33efd7d-5d4e-4fed-a85c-92fac1508a22 | ITER: 5 END: OK
2019-06-22 09:34:56.280 22311 INFO rally.task.runner [-] Task d33efd7d-5d4e-4fed-a85c-92fac1508a22 | ITER: 29 START
2019-06-22 09:34:56.281 22311 WARNING rally_openstack.scenarios.neutron.utils [-] Running this scenario without either the 'network' or 'existing_network' context is deprecated
2019-06-22 09:34:56.344 22347 INFO rally.task.runner [-] Task d33efd7d-5d4e-4fed-a85c-92fac1508a22 | ITER: 17 END: OK
2019-06-22 09:34:56.349 22347 INFO rally.task.runner [-] Task d33efd7d-5d4e-4fed-a85c-92fac1508a22 | ITER: 30 START
2019-06-22 09:34:56.350 22347 WARNING rally_openstack.scenarios.neutron.utils [-] Running this scenario without either the 'network' or 'existing_network' context is deprecated
2019-06-22 09:34:56.581 22310 INFO rally.task.runner [-] Task d33efd7d-5d4e-4fed-a85c-92fac1508a22 | ITER: 3 END: OK
2019-06-22 09:34:56.586 22310 INFO rally.task.runner [-] Task d33efd7d-5d4e-4fed-a85c-92fac1508a22 | ITER: 31 START
2019-06-22 09:34:56.586 22310 WARNING rally_openstack.scenarios.neutron.utils [-] Running this scenario without either the 'network' or 'existing_network' context is deprecated
2019-06-22 09:34:56.666 22321 INFO rally.task.runner [-] Task d33efd7d-5d4e-4fed-a85c-92fac1508a22 | ITER: 11 END: OK
2019-06-22 09:34:56.670 22321 INFO rally.task.runner [-] Task d33efd7d-5d4e-4fed-a85c-92fac1508a22 | ITER: 32 START
2019-06-22 09:34:56.671 22321 WARNING rally_openstack.scenarios.neutron.utils [-] Running this scenario without either the 'network' or 'existing_network' context is deprecated
2019-06-22 09:34:56.708 22324 INFO rally.task.runner [-] Task d33efd7d-5d4e-4fed-a85c-92fac1508a22 | ITER: 12 END: OK
2019-06-22 09:34:56.713 22324 INFO rally.task.runner [-] Task d33efd7d-5d4e-4fed-a85c-92fac1508a22 | ITER: 33 START
2019-06-22 09:34:56.713 22324 WARNING rally_openstack.scenarios.neutron.utils [-] Running this scenario without either the 'network' or 'existing_network' context is deprecated
2019-06-22 09:34:56.849 22346 INFO rally.task.runner [-] Task d33efd7d-5d4e-4fed-a85c-92fac1508a22 | ITER: 16 END: OK
2019-06-22 09:34:56.854 22346 INFO rally.task.runner [-] Task d33efd7d-5d4e-4fed-a85c-92fac1508a22 | ITER: 34 START
2019-06-22 09:34:56.854 22346 WARNING rally_openstack.scenarios.neutron.utils [-] Running this scenario without either the 'network' or 'existing_network' context is deprecated
2019-06-22 09:34:57.008 22356 INFO rally.task.runner [-] Task d33efd7d-5d4e-4fed-a85c-92fac1508a22 | ITER: 20 END: OK
2019-06-22 09:34:57.012 22356 INFO rally.task.runner [-] Task d33efd7d-5d4e-4fed-a85c-92fac1508a22 | ITER: 35 START
2019-06-22 09:34:57.013 22356 WARNING rally_openstack.scenarios.neutron.utils [-] Running this scenario without either the 'network' or 'existing_network' context is deprecated
2019-06-22 09:34:57.178 22313 INFO rally.task.runner [-] Task d33efd7d-5d4e-4fed-a85c-92fac1508a22 | ITER: 9 END: OK
2019-06-22 09:34:57.182 22313 INFO rally.task.runner [-] Task d33efd7d-5d4e-4fed-a85c-92fac1508a22 | ITER: 36 START
2019-06-22 09:34:57.183 22313 WARNING rally_openstack.scenarios.neutron.utils [-] Running this scenario without either the 'network' or 'existing_network' context is deprecated
2019-06-22 09:34:57.811 22317 INFO rally.task.runner [-] Task d33efd7d-5d4e-4fed-a85c-92fac1508a22 | ITER: 10 END: OK
2019-06-22 09:34:57.817 22317 INFO rally.task.runner [-] Task d33efd7d-5d4e-4fed-a85c-92fac1508a22 | ITER: 37 START
2019-06-22 09:34:57.817 22317 WARNING rally_openstack.scenarios.neutron.utils [-] Running this scenario without either the 'network' or 'existing_network' context is deprecated
2019-06-22 09:34:58.327 22312 INFO rally.task.runner [-] Task d33efd7d-5d4e-4fed-a85c-92fac1508a22 | ITER: 4 END: OK
2019-06-22 09:34:58.331 22312 INFO rally.task.runner [-] Task d33efd7d-5d4e-4fed-a85c-92fac1508a22 | ITER: 38 START
2019-06-22 09:34:58.332 22312 WARNING rally_openstack.scenarios.neutron.utils [-] Running this scenario without either the 'network' or 'existing_network' context is deprecated
2019-06-22 09:34:59.123 22333 INFO rally.task.runner [-] Task d33efd7d-5d4e-4fed-a85c-92fac1508a22 | ITER: 14 END: OK
2019-06-22 09:34:59.127 22333 INFO rally.task.runner [-] Task d33efd7d-5d4e-4fed-a85c-92fac1508a22 | ITER: 39 START
