2019-06-22 09:25:41.601 20162 WARNING rally_openstack.scenarios.neutron.utils [-] Running this scenario without either the 'network' or 'existing_network' context is deprecated
2019-06-22 09:25:41.602 20165 WARNING rally_openstack.scenarios.neutron.utils [-] Running this scenario without either the 'network' or 'existing_network' context is deprecated
2019-06-22 09:25:41.601 20171 RALLYDEBUG rally.task.runner [-] Starting a worker. concurrency: 1 args: {"network_create_args": {}, "subnet_create_args": {}, "subnet_cidr_start": "1.1.0.0/30", "subnets_per_network": 2} times: 40 method_name: run timeout: 0 duration: None cls:
2019-06-22 09:25:41.608 20171 INFO rally.task.runner [-] Task d33efd7d-5d4e-4fed-a85c-92fac1508a22 | ITER: 11 START
2019-06-22 09:25:41.608 20176 RALLYDEBUG rally.task.runner [-] Starting a worker. concurrency: 1 args: {"network_create_args": {}, "subnet_create_args": {}, "subnet_cidr_start": "1.1.0.0/30", "subnets_per_network": 2} times: 40 method_name: run timeout: 0 duration: None cls:
2019-06-22 09:25:41.610 20171 WARNING rally_openstack.scenarios.neutron.utils [-] Running this scenario without either the 'network' or 'existing_network' context is deprecated
2019-06-22 09:25:41.608 20158 WARNING rally_openstack.scenarios.neutron.utils [-] Running this scenario without either the 'network' or 'existing_network' context is deprecated
2019-06-22 09:25:41.611 20160 INFO rally.task.runner [-] Task d33efd7d-5d4e-4fed-a85c-92fac1508a22 | ITER: 6 START
2019-06-22 09:25:41.613 20181 RALLYDEBUG rally.task.runner [-] Starting a worker. concurrency: 1 args: {"network_create_args": {}, "subnet_create_args": {}, "subnet_cidr_start": "1.1.0.0/30", "subnets_per_network": 2} times: 40 method_name: run timeout: 0 duration: None cls:
2019-06-22 09:25:41.615 20160 WARNING rally_openstack.scenarios.neutron.utils [-] Running this scenario without either the 'network' or 'existing_network' context is deprecated
2019-06-22 09:25:41.616 20176 INFO rally.task.runner [-] Task d33efd7d-5d4e-4fed-a85c-92fac1508a22 | ITER: 12 START
2019-06-22 09:25:41.617 20176 WARNING rally_openstack.scenarios.neutron.utils [-] Running this scenario without either the 'network' or 'existing_network' context is deprecated
2019-06-22 09:25:41.620 20181 INFO rally.task.runner [-] Task d33efd7d-5d4e-4fed-a85c-92fac1508a22 | ITER: 13 START
2019-06-22 09:25:41.622 20161 INFO rally.task.runner [-] Task d33efd7d-5d4e-4fed-a85c-92fac1508a22 | ITER: 9 START
2019-06-22 09:25:41.623 20181 WARNING rally_openstack.scenarios.neutron.utils [-] Running this scenario without either the 'network' or 'existing_network' context is deprecated
2019-06-22 09:25:41.623 20161 WARNING rally_openstack.scenarios.neutron.utils [-] Running this scenario without either the 'network' or 'existing_network' context is deprecated
2019-06-22 09:25:41.622 20184 RALLYDEBUG rally.task.runner [-] Starting a worker. concurrency: 1 args: {"network_create_args": {}, "subnet_create_args": {}, "subnet_cidr_start": "1.1.0.0/30", "subnets_per_network": 2} times: 40 method_name: run timeout: 0 duration: None cls:
2019-06-22 09:25:41.628 20190 RALLYDEBUG rally.task.runner [-] Starting a worker. concurrency: 1 args: {"network_create_args": {}, "subnet_create_args": {}, "subnet_cidr_start": "1.1.0.0/30", "subnets_per_network": 2} times: 40 method_name: run timeout: 0 duration: None cls:
2019-06-22 09:25:41.629 20184 INFO rally.task.runner [-] Task d33efd7d-5d4e-4fed-a85c-92fac1508a22 | ITER: 14 START
2019-06-22 09:25:41.631 20184 WARNING rally_openstack.scenarios.neutron.utils [-] Running this scenario without either the 'network' or 'existing_network' context is deprecated
2019-06-22 09:25:41.633 20190 INFO rally.task.runner [-] Task d33efd7d-5d4e-4fed-a85c-92fac1508a22 | ITER: 15 START
2019-06-22 09:25:41.635 20190 WARNING rally_openstack.scenarios.neutron.utils [-] Running this scenario without either the 'network' or 'existing_network' context is deprecated
2019-06-22 09:25:41.642 20193 RALLYDEBUG rally.task.runner [-] Starting a worker. concurrency: 1 args: {"network_create_args": {}, "subnet_create_args": {}, "subnet_cidr_start": "1.1.0.0/30", "subnets_per_network": 2} times: 40 method_name: run timeout: 0 duration: None cls:
2019-06-22 09:25:41.643 20196 RALLYDEBUG rally.task.runner [-] Starting a worker. concurrency: 1 args: {"network_create_args": {}, "subnet_create_args": {}, "subnet_cidr_start": "1.1.0.0/30", "subnets_per_network": 2} times: 40 method_name: run timeout: 0 duration: None cls:
2019-06-22 09:25:41.649 20193 INFO rally.task.runner [-] Task d33efd7d-5d4e-4fed-a85c-92fac1508a22 | ITER: 16 START
2019-06-22 09:25:41.649 20196 INFO rally.task.runner [-] Task d33efd7d-5d4e-4fed-a85c-92fac1508a22 | ITER: 17 START
2019-06-22 09:25:41.650 20193 WARNING rally_openstack.scenarios.neutron.utils [-] Running this scenario without either the 'network' or 'existing_network' context is deprecated
2019-06-22 09:25:41.650 20197 RALLYDEBUG rally.task.runner [-] Starting a worker. concurrency: 1 args: {"network_create_args": {}, "subnet_create_args": {}, "subnet_cidr_start": "1.1.0.0/30", "subnets_per_network": 2} times: 40 method_name: run timeout: 0 duration: None cls:
2019-06-22 09:25:41.651 20196 WARNING rally_openstack.scenarios.neutron.utils [-] Running this scenario without either the 'network' or 'existing_network' context is deprecated
2019-06-22 09:25:41.656 20202 RALLYDEBUG rally.task.runner [-] Starting a worker. concurrency: 1 args: {"network_create_args": {}, "subnet_create_args": {}, "subnet_cidr_start": "1.1.0.0/30", "subnets_per_network": 2} times: 40 method_name: run timeout: 0 duration: None cls:
2019-06-22 09:25:41.657 20197 INFO rally.task.runner [-] Task d33efd7d-5d4e-4fed-a85c-92fac1508a22 | ITER: 18 START
2019-06-22 09:25:41.658 20197 WARNING rally_openstack.scenarios.neutron.utils [-] Running this scenario without either the 'network' or 'existing_network' context is deprecated
2019-06-22 09:25:41.661 20202 INFO rally.task.runner [-] Task d33efd7d-5d4e-4fed-a85c-92fac1508a22 | ITER: 19 START
2019-06-22 09:25:41.662 20202 WARNING rally_openstack.scenarios.neutron.utils [-] Running this scenario without either the 'network' or 'existing_network' context is deprecated
2019-06-22 09:25:41.663 20205 RALLYDEBUG rally.task.runner [-] Starting a worker. concurrency: 1 args: {"network_create_args": {}, "subnet_create_args": {}, "subnet_cidr_start": "1.1.0.0/30", "subnets_per_network": 2} times: 40 method_name: run timeout: 0 duration: None cls:
2019-06-22 09:25:41.667 20205 INFO rally.task.runner [-] Task d33efd7d-5d4e-4fed-a85c-92fac1508a22 | ITER: 20 START
2019-06-22 09:25:41.669 20205 WARNING rally_openstack.scenarios.neutron.utils [-] Running this scenario without either the 'network' or 'existing_network' context is deprecated
2019-06-22 09:25:42.466 20159 RALLYDEBUG rally_openstack.wrappers.network [-] CIDR generated: 1.1.4.96/30
2019-06-22 09:25:42.494 20162 RALLYDEBUG rally_openstack.wrappers.network [-] CIDR generated: 1.1.4.100/30
2019-06-22 09:25:42.567 20158 RALLYDEBUG rally_openstack.wrappers.network [-] CIDR generated: 1.1.4.104/30
2019-06-22 09:25:42.613 20158 RALLYDEBUG rally_openstack.wrappers.network [-] CIDR generated: 1.1.4.108/30
2019-06-22 09:25:42.682 20197 RALLYDEBUG rally_openstack.wrappers.network [-] CIDR generated: 1.1.4.112/30
2019-06-22 09:25:42.690 20181 RALLYDEBUG rally_openstack.wrappers.network [-] CIDR generated: 1.1.4.116/30
2019-06-22 09:25:42.703 20160 RALLYDEBUG rally_openstack.wrappers.network [-] CIDR generated: 1.1.4.120/30
2019-06-22 09:25:42.715 20171 RALLYDEBUG rally_openstack.wrappers.network [-] CIDR generated: 1.1.4.124/30
2019-06-22 09:25:42.741 20184 RALLYDEBUG rally_openstack.wrappers.network [-] CIDR generated: 1.1.4.128/30
2019-06-22 09:25:42.765 20161 RALLYDEBUG rally_openstack.wrappers.network [-] CIDR generated: 1.1.4.132/30
2019-06-22 09:25:42.773 20202 RALLYDEBUG rally_openstack.wrappers.network [-] CIDR generated: 1.1.4.136/30
2019-06-22 09:25:42.782 20190 RALLYDEBUG rally_openstack.wrappers.network [-] CIDR generated: 1.1.4.140/30
2019-06-22 09:25:42.800 20176 RALLYDEBUG rally_openstack.wrappers.network [-] CIDR generated: 1.1.4.144/30
2019-06-22 09:25:42.804 20165 RALLYDEBUG rally_openstack.wrappers.network [-] CIDR generated: 1.1.4.148/30
2019-06-22 09:25:42.809 20159 RALLYDEBUG rally_openstack.wrappers.network [-] CIDR generated: 1.1.4.152/30
2019-06-22 09:25:42.967 20161 RALLYDEBUG rally_openstack.wrappers.network [-] CIDR generated: 1.1.4.156/30
2019-06-22 09:25:43.032 20196 RALLYDEBUG rally_openstack.wrappers.network [-] CIDR generated: 1.1.4.160/30
2019-06-22 09:25:43.118 20160 RALLYDEBUG rally_openstack.wrappers.network [-] CIDR generated: 1.1.4.164/30
2019-06-22 09:25:43.237 20193 RALLYDEBUG rally_openstack.wrappers.network [-] CIDR generated: 1.1.4.168/30
2019-06-22 09:25:43.591 20205 RALLYDEBUG rally_openstack.wrappers.network [-] CIDR generated: 1.1.4.172/30
2019-06-22 09:25:43.691 20161 RALLYDEBUG rally_openstack.wrappers.network [-] CIDR generated: 1.1.4.176/30
2019-06-22 09:25:43.877 20181 RALLYDEBUG rally_openstack.wrappers.network [-] CIDR generated: 1.1.4.180/30
2019-06-22 09:25:43.934 20196 RALLYDEBUG rally_openstack.wrappers.network [-] CIDR generated: 1.1.4.184/30
2019-06-22 09:25:44.052 20162 RALLYDEBUG rally_openstack.wrappers.network [-] CIDR generated: 1.1.4.188/30
2019-06-22 09:25:44.135 20161 RALLYDEBUG rally_openstack.wrappers.network [-] CIDR generated: 1.1.4.192/30
2019-06-22 09:25:44.141 20165 RALLYDEBUG rally_openstack.wrappers.network [-] CIDR generated: 1.1.4.196/30
2019-06-22 09:25:44.452 20184 RALLYDEBUG rally_openstack.wrappers.network [-] CIDR generated: 1.1.4.200/30
2019-06-22 09:25:44.497 20190 RALLYDEBUG rally_openstack.wrappers.network [-] CIDR generated: 1.1.4.204/30
2019-06-22 09:25:44.894 20197 RALLYDEBUG rally_openstack.wrappers.network [-] CIDR generated: 1.1.4.208/30
2019-06-22 09:25:45.058 20202 RALLYDEBUG rally_openstack.wrappers.network [-] CIDR generated: 1.1.4.212/30
2019-06-22 09:25:45.161 20193 RALLYDEBUG rally_openstack.wrappers.network [-] CIDR generated: 1.1.4.216/30
2019-06-22 09:25:45.197 20158 RALLYDEBUG rally_openstack.wrappers.network [-] CIDR generated: 1.1.4.220/30
2019-06-22 09:25:45.214 20159 RALLYDEBUG rally_openstack.wrappers.network [-] CIDR generated: 1.1.4.224/30
2019-06-22 09:25:45.283 20176 RALLYDEBUG rally_openstack.wrappers.network [-] CIDR generated: 1.1.4.228/30
2019-06-22 09:25:45.300 20158 RALLYDEBUG rally_openstack.wrappers.network [-] CIDR generated: 1.1.4.232/30
2019-06-22 09:25:45.311 20159 RALLYDEBUG rally_openstack.wrappers.network [-] CIDR generated: 1.1.4.236/30
2019-06-22 09:25:45.353 20160 RALLYDEBUG rally_openstack.wrappers.network [-] CIDR generated: 1.1.4.240/30
2019-06-22 09:25:45.712 20160 RALLYDEBUG rally_openstack.wrappers.network [-] CIDR generated: 1.1.4.244/30
2019-06-22 09:25:45.948 20171 RALLYDEBUG rally_openstack.wrappers.network [-] CIDR generated: 1.1.4.248/30
2019-06-22 09:25:46.161 20205 RALLYDEBUG rally_openstack.wrappers.network [-] CIDR generated: 1.1.4.252/30
2019-06-22 09:25:48.139 20190 INFO rally.task.runner [-] Task d33efd7d-5d4e-4fed-a85c-92fac1508a22 | ITER: 15 END: OK
2019-06-22 09:25:48.144 20190 INFO rally.task.runner [-] Task d33efd7d-5d4e-4fed-a85c-92fac1508a22 | ITER: 21 START
2019-06-22 09:25:48.145 20190 WARNING rally_openstack.scenarios.neutron.utils [-] Running this scenario without either the 'network' or 'existing_network' context is deprecated
2019-06-22 09:25:48.502 20158 INFO rally.task.runner [-] Task d33efd7d-5d4e-4fed-a85c-92fac1508a22 | ITER: 1 END: OK
2019-06-22 09:25:48.507 20158 INFO rally.task.runner [-] Task d33efd7d-5d4e-4fed-a85c-92fac1508a22 | ITER: 22 START
2019-06-22 09:25:48.507 20158 WARNING rally_openstack.scenarios.neutron.utils [-] Running this scenario without either the 'network' or 'existing_network' context is deprecated
2019-06-22 09:25:48.538 20158 INFO rally.task.runner [-] Task d33efd7d-5d4e-4fed-a85c-92fac1508a22 | ITER: 3 END: OK
2019-06-22 09:25:48.542 20158 INFO rally.task.runner [-] Task d33efd7d-5d4e-4fed-a85c-92fac1508a22 | ITER: 23 START
2019-06-22 09:25:48.543 20158 WARNING rally_openstack.scenarios.neutron.utils [-] Running this scenario without either the 'network' or 'existing_network' context is deprecated
2019-06-22 09:25:48.973 20190 RALLYDEBUG rally_openstack.wrappers.network [-] CIDR generated: 1.1.5.0/30
2019-06-22 09:25:49.010 20196 INFO rally.task.runner [-] Task d33efd7d-5d4e-4fed-a85c-92fac1508a22 | ITER: 17 END: OK
2019-06-22 09:25:49.014 20196 INFO rally.task.runner [-] Task d33efd7d-5d4e-4fed-a85c-92fac1508a22 | ITER: 24 START
2019-06-22 09:25:49.015 20196 WARNING rally_openstack.scenarios.neutron.utils [-] Running this scenario without either the 'network' or 'existing_network' context is deprecated
2019-06-22 09:25:49.123 20181 INFO rally.task.runner [-] Task d33efd7d-5d4e-4fed-a85c-92fac1508a22 | ITER: 13 END: OK
2019-06-22 09:25:49.128 20181 INFO rally.task.runner [-] Task d33efd7d-5d4e-4fed-a85c-92fac1508a22 | ITER: 25 START
2019-06-22 09:25:49.128 20181 WARNING rally_openstack.scenarios.neutron.utils [-] Running this scenario without either the 'network' or 'existing_network' context is deprecated
2019-06-22 09:25:49.157 20158 RALLYDEBUG rally_openstack.wrappers.network [-] CIDR generated: 1.1.5.4/30
2019-06-22 09:25:49.307 20202 INFO rally.task.runner [-] Task d33efd7d-5d4e-4fed-a85c-92fac1508a22 | ITER: 19 END: OK
2019-06-22 09:25:49.312 20202 INFO rally.task.runner [-] Task d33efd7d-5d4e-4fed-a85c-92fac1508a22 | ITER: 26 START
2019-06-22 09:25:49.313 20202 WARNING rally_openstack.scenarios.neutron.utils [-] Running this scenario without either the 'network' or 'existing_network' context is deprecated
2019-06-22 09:25:49.477 20158 RALLYDEBUG rally_openstack.wrappers.network [-] CIDR generated: 1.1.5.8/30
2019-06-22 09:25:49.805 20162 INFO rally.task.runner [-] Task d33efd7d-5d4e-4fed-a85c-92fac1508a22 | ITER: 8 END: OK
2019-06-22 09:25:49.810 20162 INFO rally.task.runner [-] Task d33efd7d-5d4e-4fed-a85c-92fac1508a22 | ITER: 27 START
2019-06-22 09:25:49.811 20162 WARNING rally_openstack.scenarios.neutron.utils [-] Running this scenario without either the 'network' or 'existing_network' context is deprecated
2019-06-22 09:25:49.844 20196 RALLYDEBUG rally_openstack.wrappers.network [-] CIDR generated: 1.1.5.12/30
2019-06-22 09:25:49.932 20158 RALLYDEBUG rally_openstack.wrappers.network [-] CIDR generated: 1.1.5.16/30
2019-06-22 09:25:50.047 20181 RALLYDEBUG rally_openstack.wrappers.network [-] CIDR generated: 1.1.5.20/30
2019-06-22 09:25:50.199 20193 INFO rally.task.runner [-] Task d33efd7d-5d4e-4fed-a85c-92fac1508a22 | ITER: 16 END: OK
2019-06-22 09:25:50.203 20193 INFO rally.task.runner [-] Task d33efd7d-5d4e-4fed-a85c-92fac1508a22 | ITER: 28 START
2019-06-22 09:25:50.204 20193 WARNING rally_openstack.scenarios.neutron.utils [-] Running this scenario without either the 'network' or 'existing_network' context is deprecated
2019-06-22 09:25:50.317 20202 RALLYDEBUG rally_openstack.wrappers.network [-] CIDR generated: 1.1.5.24/30
2019-06-22 09:25:50.573 20162 RALLYDEBUG rally_openstack.wrappers.network [-] CIDR generated: 1.1.5.28/30
2019-06-22 09:25:50.615 20158 RALLYDEBUG rally_openstack.wrappers.network [-] CIDR generated: 1.1.5.32/30
2019-06-22 09:25:50.780 20161 INFO rally.task.runner [-] Task d33efd7d-5d4e-4fed-a85c-92fac1508a22 | ITER: 7 END: OK
2019-06-22 09:25:50.784 20161 INFO rally.task.runner [-] Task d33efd7d-5d4e-4fed-a85c-92fac1508a22 | ITER: 29 START
2019-06-22 09:25:50.785 20161 WARNING rally_openstack.scenarios.neutron.utils [-] Running this scenario without either the 'network' or 'existing_network' context is deprecated
2019-06-22 09:25:50.910 20193 RALLYDEBUG rally_openstack.wrappers.network [-] CIDR generated: 1.1.5.36/30
2019-06-22 09:25:51.313 20161 RALLYDEBUG rally_openstack.wrappers.network [-] CIDR generated: 1.1.5.40/30
2019-06-22 09:25:51.536 20181 RALLYDEBUG rally_openstack.wrappers.network [-] CIDR generated: 1.1.5.44/30
2019-06-22 09:25:51.583 20196 RALLYDEBUG rally_openstack.wrappers.network [-] CIDR generated: 1.1.5.48/30
2019-06-22 09:25:51.843 20160 INFO rally.task.runner [-] Task d33efd7d-5d4e-4fed-a85c-92fac1508a22 | ITER: 4 END: OK
2019-06-22 09:25:51.848 20160 INFO rally.task.runner [-] Task d33efd7d-5d4e-4fed-a85c-92fac1508a22 | ITER: 30 START
2019-06-22 09:25:51.848 20160 WARNING rally_openstack.scenarios.neutron.utils [-] Running this scenario without either the 'network' or 'existing_network' context is deprecated
2019-06-22 09:25:52.123 20197 INFO rally.task.runner [-] Task d33efd7d-5d4e-4fed-a85c-92fac1508a22 | ITER: 18 END: OK
2019-06-22 09:25:52.128 20197 INFO rally.task.runner [-] Task d33efd7d-5d4e-4fed-a85c-92fac1508a22 | ITER: 31 START
2019-06-22 09:25:52.128 20197 WARNING rally_openstack.scenarios.neutron.utils [-] Running this scenario without either the 'network' or 'existing_network' context is deprecated
2019-06-22 09:25:52.275 20184 INFO rally.task.runner [-] Task d33efd7d-5d4e-4fed-a85c-92fac1508a22 | ITER: 14 END: OK
2019-06-22 09:25:52.279 20184 INFO rally.task.runner [-] Task d33efd7d-5d4e-4fed-a85c-92fac1508a22 | ITER: 32 START
2019-06-22 09:25:52.280 20184 WARNING rally_openstack.scenarios.neutron.utils [-] Running this scenario without either the 'network' or 'existing_network' context is deprecated
2019-06-22 09:25:52.362 20176 INFO rally.task.runner [-] Task d33efd7d-5d4e-4fed-a85c-92fac1508a22 | ITER: 12 END: OK
2019-06-22 09:25:52.368 20176 INFO rally.task.runner [-] Task d33efd7d-5d4e-4fed-a85c-92fac1508a22 | ITER: 33 START
2019-06-22 09:25:52.368 20176 WARNING rally_openstack.scenarios.neutron.utils [-] Running this scenario without either the 'network' or 'existing_network' context is deprecated
2019-06-22 09:25:52.441 20160 RALLYDEBUG rally_openstack.wrappers.network [-] CIDR generated: 1.1.5.52/30
2019-06-22 09:25:52.894 20184 RALLYDEBUG rally_openstack.wrappers.network [-] CIDR generated: 1.1.5.56/30
2019-06-22 09:25:53.020 20197 RALLYDEBUG rally_openstack.wrappers.network [-] CIDR generated: 1.1.5.60/30
2019-06-22 09:25:53.469 20161 RALLYDEBUG rally_openstack.wrappers.network [-] CIDR generated: 1.1.5.64/30
2019-06-22 09:25:53.554 20160 RALLYDEBUG rally_openstack.wrappers.network [-] CIDR generated: 1.1.5.68/30
2019-06-22 09:25:53.630 20176 RALLYDEBUG rally_openstack.wrappers.network [-] CIDR generated: 1.1.5.72/30
2019-06-22 09:25:53.830 20165 INFO rally.task.runner [-] Task d33efd7d-5d4e-4fed-a85c-92fac1508a22 | ITER: 10 END: OK
2019-06-22 09:25:53.835 20165 INFO rally.task.runner [-] Task d33efd7d-5d4e-4fed-a85c-92fac1508a22 | ITER: 34 START
2019-06-22 09:25:53.836 20165 WARNING rally_openstack.scenarios.neutron.utils [-] Running this scenario without either the 'network' or 'existing_network' context is deprecated
2019-06-22 09:25:54.533 20160 INFO rally.task.runner [-] Task d33efd7d-5d4e-4fed-a85c-92fac1508a22 | ITER: 6 END: OK
2019-06-22 09:25:54.537 20160 INFO rally.task.runner [-] Task d33efd7d-5d4e-4fed-a85c-92fac1508a22 | ITER: 35 START
2019-06-22 09:25:54.537 20160 WARNING rally_openstack.scenarios.neutron.utils [-] Running this scenario without either the 'network' or 'existing_network' context is deprecated
2019-06-22 09:25:54.594 20161 INFO rally.task.runner [-] Task d33efd7d-5d4e-4fed-a85c-92fac1508a22 | ITER: 9 END: OK
2019-06-22 09:25:54.598 20161 INFO rally.task.runner [-] Task d33efd7d-5d4e-4fed-a85c-92fac1508a22 | ITER: 36 START
2019-06-22 09:25:54.599 20161 WARNING rally_openstack.scenarios.neutron.utils [-] Running this scenario without either the 'network' or 'existing_network' context is deprecated
2019-06-22 09:25:54.613 20202 RALLYDEBUG rally_openstack.wrappers.network [-] CIDR generated: 1.1.5.76/30
2019-06-22 09:25:54.755 20159 INFO rally.task.runner [-] Task d33efd7d-5d4e-4fed-a85c-92fac1508a22 | ITER: 2 END: OK
2019-06-22 09:25:54.761 20159 INFO rally.task.runner [-] Task d33efd7d-5d4e-4fed-a85c-92fac1508a22 | ITER: 37 START
2019-06-22 09:25:54.761 20159 WARNING rally_openstack.scenarios.neutron.utils [-] Running this scenario without either the 'network' or 'existing_network' context is deprecated
2019-06-22 09:25:54.829 20159 INFO rally.task.runner [-] Task d33efd7d-5d4e-4fed-a85c-92fac1508a22 | ITER: 5 END: OK
2019-06-22 09:25:54.832 20159 INFO rally.task.runner [-] Task d33efd7d-5d4e-4fed-a85c-92fac1508a22 | ITER: 38 START
2019-06-22 09:25:54.833 20159 WARNING rally_openstack.scenarios.neutron.utils [-] Running this scenario without either the 'network' or 'existing_network' context is deprecated
2019-06-22 09:25:55.208 20197 RALLYDEBUG rally_openstack.wrappers.network [-] CIDR generated: 1.1.5.80/30
2019-06-22 09:25:55.253 20161 RALLYDEBUG rally_openstack.wrappers.network [-] CIDR generated: 1.1.5.84/30
2019-06-22 09:25:55.357 20190 RALLYDEBUG rally_openstack.wrappers.network [-] CIDR generated: 1.1.5.88/30
2019-06-22 09:25:55.599 20160 RALLYDEBUG rally_openstack.wrappers.network [-] CIDR generated: 1.1.5.92/30
2019-06-22 09:25:55.696 20159 RALLYDEBUG rally_openstack.wrappers.network [-] CIDR generated: 1.1.5.96/30
2019-06-22 09:25:55.716 20165 RALLYDEBUG rally_openstack.wrappers.network [-] CIDR generated: 1.1.5.100/30
2019-06-22 09:25:55.720 20193 RALLYDEBUG rally_openstack.wrappers.network [-] CIDR generated: 1.1.5.104/30
2019-06-22 09:25:55.737 20196 INFO rally.task.runner [-] Task d33efd7d-5d4e-4fed-a85c-92fac1508a22 | ITER: 24 END: OK
2019-06-22 09:25:55.741 20196 INFO rally.task.runner [-] Task d33efd7d-5d4e-4fed-a85c-92fac1508a22 | ITER: 39 START
2019-06-22 09:25:55.741 20196 WARNING rally_openstack.scenarios.neutron.utils [-] Running this scenario without either the 'network' or 'existing_network' context is deprecated
2019-06-22 09:25:56.194 20162 RALLYDEBUG rally_openstack.wrappers.network [-] CIDR generated: 1.1.5.108/30
2019-06-22 09:25:56.455 20159 RALLYDEBUG rally_openstack.wrappers.network [-] CIDR generated: 1.1.5.112/30
2019-06-22 09:25:56.763 20176 RALLYDEBUG rally_openstack.wrappers.network [-] CIDR generated: 1.1.5.116/30
2019-06-22 09:25:56.816 20158 INFO rally.task.runner [-] Task d33efd7d-5d4e-4fed-a85c-92fac1508a22 | ITER: 22 END: OK
2019-06-22 09:25:56.821 20158 INFO rally.task.runner [-] Task d33efd7d-5d4e-4fed-a85c-92fac1508a22 | ITER: 40 START
2019-06-22 09:25:56.822 20158 WARNING rally_openstack.scenarios.neutron.utils [-] Running this scenario without either the 'network' or 'existing_network' context is deprecated
2019-06-22 09:25:56.938 20159 RALLYDEBUG rally_openstack.wrappers.network [-] CIDR generated: 1.1.5.120/30
2019-06-22 09:25:57.041 20196 RALLYDEBUG rally_openstack.wrappers.network [-] CIDR generated: 1.1.5.124/30
2019-06-22 09:25:57.090 20205 INFO rally.task.runner [-] Task d33efd7d-5d4e-4fed-a85c-92fac1508a22 | ITER: 20 END: OK
2019-06-22 09:25:57.356 20158 RALLYDEBUG rally_openstack.wrappers.network [-] CIDR generated: 1.1.5.128/30
2019-06-22 09:25:57.838 20184 RALLYDEBUG rally_openstack.wrappers.network [-] CIDR generated: 1.1.5.132/30
2019-06-22 09:25:57.863 20160 RALLYDEBUG rally_openstack.wrappers.network [-] CIDR generated: 1.1.5.136/30
2019-06-22 09:25:57.961 20165 RALLYDEBUG rally_openstack.wrappers.network [-] CIDR generated: 1.1.5.140/30
2019-06-22 09:25:58.048 20158 INFO rally.task.runner [-] Task d33efd7d-5d4e-4fed-a85c-92fac1508a22 | ITER: 23 END: OK
2019-06-22 09:25:58.076 20159 RALLYDEBUG rally_openstack.wrappers.network [-] CIDR generated: 1.1.5.144/30
2019-06-22 09:25:58.234 20161 RALLYDEBUG rally_openstack.wrappers.network [-] CIDR generated: 1.1.5.148/30
2019-06-22 09:25:58.620 20181 INFO rally.task.runner [-] Task d33efd7d-5d4e-4fed-a85c-92fac1508a22 | ITER: 25 END: OK
2019-06-22 09:25:58.831 20161 INFO rally.task.runner [-] Task d33efd7d-5d4e-4fed-a85c-92fac1508a22 | ITER: 29 END: OK
2019-06-22 09:25:59.403 20202 INFO rally.task.runner [-] Task d33efd7d-5d4e-4fed-a85c-92fac1508a22 | ITER: 26 END: OK
2019-06-22 09:25:59.747 20171 INFO rally.task.runner [-] Task d33efd7d-5d4e-4fed-a85c-92fac1508a22 | ITER: 11 END: OK
2019-06-22 09:25:59.842 20158 RALLYDEBUG rally_openstack.wrappers.network [-] CIDR generated: 1.1.5.152/30
2019-06-22 09:26:00.234 20196 RALLYDEBUG rally_openstack.wrappers.network [-] CIDR generated: 1.1.5.156/30
2019-06-22 09:26:00.810 20190 INFO rally.task.runner [-] Task d33efd7d-5d4e-4fed-a85c-92fac1508a22 | ITER: 21 END: OK
2019-06-22 09:26:00.842 20160 INFO rally.task.runner [-] Task d33efd7d-5d4e-4fed-a85c-92fac1508a22 | ITER: 30 END: OK
2019-06-22 09:26:01.057 20165 INFO rally.task.runner [-] Task d33efd7d-5d4e-4fed-a85c-92fac1508a22 | ITER: 34 END: OK
2019-06-22 09:26:01.372 20161 INFO rally.task.runner [-] Task d33efd7d-5d4e-4fed-a85c-92fac1508a22 | ITER: 36 END: OK
2019-06-22 09:26:01.541 20193 INFO rally.task.runner [-] Task d33efd7d-5d4e-4fed-a85c-92fac1508a22 | ITER: 28 END: OK
2019-06-22 09:26:01.588 20176 INFO rally.task.runner [-] Task d33efd7d-5d4e-4fed-a85c-92fac1508a22 | ITER: 33 END: OK
2019-06-22 09:26:01.841 20184 INFO rally.task.runner [-] Task d33efd7d-5d4e-4fed-a85c-92fac1508a22 | ITER: 32 END: OK
2019-06-22 09:26:02.180 20159 INFO rally.task.runner [-] Task d33efd7d-5d4e-4fed-a85c-92fac1508a22 | ITER: 37 END: OK
2019-06-22 09:26:02.187 20158 INFO rally.task.runner [-] Task d33efd7d-5d4e-4fed-a85c-92fac1508a22 | ITER: 40 END: OK
2019-06-22 09:26:02.216 20162 INFO rally.task.runner [-] Task d33efd7d-5d4e-4fed-a85c-92fac1508a22 | ITER: 27 END: OK
2019-06-22 09:26:02.614 20197 INFO rally.task.runner [-] Task d33efd7d-5d4e-4fed-a85c-92fac1508a22 | ITER: 31 END: OK
2019-06-22 09:26:03.271 20160 INFO rally.task.runner [-] Task d33efd7d-5d4e-4fed-a85c-92fac1508a22 | ITER: 35 END: OK
2019-06-22 09:26:03.593 20159 INFO rally.task.runner [-] Task d33efd7d-5d4e-4fed-a85c-92fac1508a22 | ITER: 38 END: OK
2019-06-22 09:26:03.695 20196 INFO rally.task.runner [-] Task d33efd7d-5d4e-4fed-a85c-92fac1508a22 | ITER: 39 END: OK
2019-06-22 09:26:03.725 18064 INFO rally.task.context [-] Task d33efd7d-5d4e-4fed-a85c-92fac1508a22 | Context cleanup@openstack cleanup() started
2019-06-22 09:26:03.728 18064 RALLYDEBUG rally_openstack.cleanup.manager [-] Cleaning up neutron vip objects
2019-06-22 09:26:04.122 18064 RALLYDEBUG rally_openstack.cleanup.manager [-] Cleaning up neutron health_monitor objects
2019-06-22 09:26:04.525 18064 RALLYDEBUG rally_openstack.cleanup.manager [-] Cleaning up neutron pool objects
2019-06-22 09:26:04.938 18064 RALLYDEBUG rally_openstack.cleanup.manager [-] Cleaning up neutron loadbalancer objects
2019-06-22 09:26:05.322 18064 RALLYDEBUG rally_openstack.cleanup.manager [-] Cleaning up neutron floatingip objects
2019-06-22 09:26:05.832 18064 RALLYDEBUG rally_openstack.cleanup.manager [-] Cleaning up neutron port objects
2019-06-22 09:26:06.374 18064 RALLYDEBUG rally_openstack.cleanup.manager [-] Cleaning up neutron subnet objects
2019-06-22 09:26:06.792 18064 RALLYDEBUG rally_openstack.cleanup.manager [-] Cleaning up neutron network objects
2019-06-22 09:26:07.339 18064 RALLYDEBUG rally_openstack.cleanup.manager [-] Deleting neutron.network object s_rally_db2cbdc1_YhYE3bto (07612870-9084-4d53-9b2a-d74a552157f3)
2019-06-22 09:26:07.342 18064 RALLYDEBUG rally_openstack.cleanup.manager [-] Deleting neutron.network object s_rally_db2cbdc1_Gu7AnugP (0a9b1007-af6e-4e81-9441-f26cc91bff13)
2019-06-22 09:26:07.355 18064 RALLYDEBUG rally_openstack.cleanup.manager [-] Deleting neutron.network object s_rally_db2cbdc1_kSrhaWS4 (0b7be855-7b62-4e63-9f5b-39315b80d851)
2019-06-22 09:26:07.368 18064 RALLYDEBUG rally_openstack.cleanup.manager [-] Deleting neutron.network object s_rally_db2cbdc1_fkfDifmm (11da50fc-c5b0-4fca-bc2c-67697176af17)
2019-06-22 09:26:07.369 18064 RALLYDEBUG rally_openstack.cleanup.manager [-] Deleting neutron.network object s_rally_db2cbdc1_qDBXcJF4 (1c70fdb4-2c74-4917-927a-40add7724726)
2019-06-22 09:26:07.380 18064 RALLYDEBUG rally_openstack.cleanup.manager [-] Deleting neutron.network object s_rally_db2cbdc1_xHEJKhG8 (29bade08-ec8c-4ed0-a26b-90db3d6ce7cb)
2019-06-22 09:26:07.384 18064 RALLYDEBUG rally_openstack.cleanup.manager [-] Deleting neutron.network object s_rally_db2cbdc1_HpbIEDfr (2ba517a7-67f6-4fe4-8884-b98e66e7771e)
2019-06-22 09:26:07.430 18064 RALLYDEBUG rally_openstack.cleanup.manager [-] Deleting neutron.network object s_rally_db2cbdc1_AQaE42w9 (2c9c10d4-964f-4673-89f0-95f843bbb369)
2019-06-22 09:26:07.444 18064 RALLYDEBUG rally_openstack.cleanup.manager [-] Deleting neutron.network object s_rally_db2cbdc1_XJIcRRRu (307ae472-13e1-4d24-832c-88b650351950)
2019-06-22 09:26:07.489 18064 RALLYDEBUG rally_openstack.cleanup.manager [-] Deleting neutron.network object s_rally_db2cbdc1_5pVFv8o0 (2fe65cac-ebfb-49a9-85d4-6d62de78798e)
2019-06-22 09:26:07.508 18064 RALLYDEBUG rally_openstack.cleanup.manager [-] Deleting neutron.network object s_rally_db2cbdc1_XO4Thmnv (381ab11d-f34f-4f84-aadd-117d3f400280)
2019-06-22 09:26:07.540 18064 RALLYDEBUG rally_openstack.cleanup.manager [-] Deleting neutron.network object s_rally_db2cbdc1_HqYiyhTk (5bd63e1f-192d-4bf5-9fd4-20fe698a9218)
2019-06-22 09:26:07.543 18064 RALLYDEBUG rally_openstack.cleanup.manager [-] Deleting neutron.network object s_rally_db2cbdc1_uZmteFAe (6a4ea1c3-4495-4ca3-a424-258fc96e60cd)
2019-06-22 09:26:07.554 18064 RALLYDEBUG rally_openstack.cleanup.manager [-] Deleting neutron.network object s_rally_db2cbdc1_VICwgUAh (5368f0fd-861c-4864-a4ff-bd50605f94ce)
2019-06-22 09:26:07.557 18064 RALLYDEBUG rally_openstack.cleanup.manager [-] Deleting neutron.network object s_rally_db2cbdc1_7BPufTTj (46e6d25f-019a-44ba-8f0c-be2df0f39ee1)
2019-06-22 09:26:07.576 18064 RALLYDEBUG rally_openstack.cleanup.manager [-] Deleting neutron.network object s_rally_db2cbdc1_Pcr4fb53 (3bfb43d3-6a99-4ad6-b389-bca5a921b80b)
2019-06-22 09:26:07.581 18064 RALLYDEBUG rally_openstack.cleanup.manager [-] Deleting neutron.network object s_rally_db2cbdc1_PiJbQgLL (6bd73147-4355-444b-9058-6eff3eea61a0)
2019-06-22 09:26:07.588 18064 RALLYDEBUG rally_openstack.cleanup.manager [-] Deleting neutron.network object s_rally_db2cbdc1_xLOoR8jd (591468b5-4c38-4486-96c2-0cbaa2c35e6e)
2019-06-22 09:26:07.595 18064 RALLYDEBUG rally_openstack.cleanup.manager [-] Deleting neutron.network object s_rally_db2cbdc1_4VT1YWjb (803b368b-8a96-4e3c-9778-dbe7a254e204)
2019-06-22 09:26:07.612 18064 RALLYDEBUG rally_openstack.cleanup.manager [-] Deleting neutron.network object s_rally_db2cbdc1_Cu2yuVAs (6bfc2d31-3d2d-46fa-988a-5a6dbce46ddd)
2019-06-22 09:26:09.745 18064 RALLYDEBUG rally_openstack.cleanup.manager [-] Deleting neutron.network object s_rally_db2cbdc1_JTdwychr (8a23fac0-6de3-4e7a-85f1-cfc902a0c825)
2019-06-22 09:26:09.820 18064 RALLYDEBUG rally_openstack.cleanup.manager [-] Deleting neutron.network object s_rally_db2cbdc1_01nViCqO (8a292df5-73c6-423d-a3ea-6ecc61f808ac)
2019-06-22 09:26:09.854 18064 RALLYDEBUG rally_openstack.cleanup.manager [-] Deleting neutron.network object s_rally_db2cbdc1_1hTftIeR (8eaaebf2-ca45-47ec-b04d-81521da57299)
2019-06-22 09:26:10.176 18064 RALLYDEBUG rally_openstack.cleanup.manager [-] Deleting neutron.network object s_rally_db2cbdc1_RK86f7ZS (a0e635db-3e92-474e-82b3-e0f65045180a)
2019-06-22 09:26:10.428 18064 RALLYDEBUG rally_openstack.cleanup.manager [-] Deleting neutron.network object s_rally_db2cbdc1_f3NIwEjw (a22504c3-ee50-4832-836f-741a800fc69a)
2019-06-22 09:26:10.700 18064 RALLYDEBUG rally_openstack.cleanup.manager [-] Deleting neutron.network object s_rally_db2cbdc1_tFdSiMIZ (a2c17f94-65c6-482c-b446-4635eb6d68be)
2019-06-22 09:26:10.703 18064 RALLYDEBUG rally_openstack.cleanup.manager [-] Deleting neutron.network object s_rally_db2cbdc1_KoJYwNxF (b367f78f-8ee3-4512-a2d6-4197aa97d746)
2019-06-22 09:26:10.819 18064 RALLYDEBUG rally_openstack.cleanup.manager [-] Deleting neutron.network object s_rally_db2cbdc1_liPzYp9q (b7b0187e-e005-433d-a631-b0efc6f11f25)
2019-06-22 09:26:10.843 18064 RALLYDEBUG rally_openstack.cleanup.manager [-] Deleting neutron.network object s_rally_db2cbdc1_A4Ce2Ksi (bbbb323e-122e-43a9-85bb-758eb600e270)
2019-06-22 09:26:10.864 18064 RALLYDEBUG rally_openstack.cleanup.manager [-] Deleting neutron.network object s_rally_db2cbdc1_SwjgOkEB (c4881b61-07da-4abd-8f4e-7d441212aef6)
2019-06-22 09:26:10.982 18064 RALLYDEBUG rally_openstack.cleanup.manager [-] Deleting neutron.network object s_rally_db2cbdc1_zNkPBC6Q (c7ac2035-bf9e-4669-bb0f-219242fb400c)
2019-06-22 09:26:10.989 18064 RALLYDEBUG rally_openstack.cleanup.manager [-] Deleting neutron.network object s_rally_db2cbdc1_KpDEpa9I (c80ed960-7d56-4e5d-969d-f8878ce0ef14)
2019-06-22 09:26:11.025 18064 RALLYDEBUG rally_openstack.cleanup.manager [-] Deleting neutron.network object s_rally_db2cbdc1_4jv8u9D2 (d140e979-fbae-4054-bcc7-d660c944bacf)
2019-06-22 09:26:11.030 18064 RALLYDEBUG rally_openstack.cleanup.manager [-] Deleting neutron.network object s_rally_db2cbdc1_nstBgaPF (de5cf21d-23ca-47ee-94b5-9380f5412c32)
2019-06-22 09:26:11.030 18064 RALLYDEBUG rally_openstack.cleanup.manager [-] Deleting neutron.network object s_rally_db2cbdc1_HEtfDJqE (da25ab79-2b3b-421c-832c-39673ee2a8a0)
2019-06-22 09:26:11.034 18064 RALLYDEBUG rally_openstack.cleanup.manager [-] Deleting neutron.network object s_rally_db2cbdc1_2Y4Ny3GH (eebced3b-e969-46ba-907d-c9fa2fa84182)
2019-06-22 09:26:11.114 18064 RALLYDEBUG rally_openstack.cleanup.manager [-] Deleting neutron.network object s_rally_db2cbdc1_KUzLwOUq (f209c0a9-a1c8-4abd-8c55-d3e6b741b312)
2019-06-22 09:26:11.137 18064 RALLYDEBUG rally_openstack.cleanup.manager [-] Deleting neutron.network object s_rally_db2cbdc1_KP0g0t45 (f35d4218-e27f-4e5b-9131-88868cc383fa)
2019-06-22 09:26:11.261 18064 RALLYDEBUG rally_openstack.cleanup.manager [-] Deleting neutron.network object s_rally_db2cbdc1_IVRuc4ui (f6f07f58-d2ab-43f1-8acb-b581ff2b1c55)
2019-06-22 09:26:11.446 18064 RALLYDEBUG rally_openstack.cleanup.manager [-] Deleting neutron.network object s_rally_db2cbdc1_YYspvdZ2 (fc3bfdeb-6923-47ed-84d3-393d804c8042)
2019-06-22 09:26:14.487 18064 RALLYDEBUG rally_openstack.cleanup.manager [-] Cleaning up neutron router objects
2019-06-22 09:26:14.934 18064 RALLYDEBUG rally_openstack.cleanup.manager [-] Cleaning up neutron security_group objects
2019-06-22 09:26:15.355 18064 INFO rally.task.context [-] Task d33efd7d-5d4e-4fed-a85c-92fac1508a22 | Context cleanup@openstack cleanup() finished in 11.63 sec
2019-06-22 09:26:15.356 18064 INFO rally.task.context [-] Task d33efd7d-5d4e-4fed-a85c-92fac1508a22 | Context quotas@openstack cleanup() started
2019-06-22 09:26:15.436 18064 INFO rally.task.context [-] Task d33efd7d-5d4e-4fed-a85c-92fac1508a22 | Context quotas@openstack cleanup() finished in 79.88 msec
2019-06-22 09:26:15.436 18064 INFO rally.task.context [-] Task d33efd7d-5d4e-4fed-a85c-92fac1508a22 | Context users@openstack cleanup() started
2019-06-22 09:26:18.090 18064 INFO rally.task.context [-] Task d33efd7d-5d4e-4fed-a85c-92fac1508a22 | Context users@openstack cleanup() finished in 2.65 sec
2019-06-22 09:26:18.815 18064 INFO rally.task.engine [-] Load duration is: 22.103773
2019-06-22 09:26:18.816 18064 INFO rally.task.engine [-] Full runner duration is: 22.160303
2019-06-22 09:26:18.816 18064 INFO rally.task.engine [-] Full duration is: 39.446072
2019-06-22 09:26:19.164 18064 INFO rally.task.engine [-] Running workload: position = 0 config = { "version": 2, "title": "A cropped version of a bigger task.", "description": "Auto-generated task from a single workload (uuid=f4cf6fc4-aefb-4d5b-a8ab-d2be4dc39d99)", "subtasks": [ { "title": "NeutronNetworks.create_and_list_routers", "description": "Create and a given number of routers and list all routers.", "scenario": { "NeutronNetworks.create_and_list_routers": { "network_create_args": null, "subnet_create_args": null, "subnet_cidr_start": "1.1.0.0/30", "subnets_per_network": 2, "router_create_args": null } }, "contexts": { "users": { "tenants": 1, "users_per_tenant": 1 }, "quotas": { "neutron": { "network": -1, "subnet": -1, "router": -1 } } }, "runner": { "constant": { "times": 40, "concurrency": 20 } }, "hooks": [], "sla": { "failure_rate": { "max": 0 } } } ] }
2019-06-22 09:26:19.192 18064 RALLYDEBUG rally_openstack.contexts.keystone.users [-] Creating 1 tenants using 20 threads
2019-06-22 09:26:20.125 18064 RALLYDEBUG rally_openstack.contexts.keystone.users [-] Creating 1 users using 20 threads
2019-06-22 09:26:21.519 18064 INFO rally.task.context [-] Task d33efd7d-5d4e-4fed-a85c-92fac1508a22 | Context users@openstack setup() finished in 2.33 sec
2019-06-22 09:26:22.020 18064 INFO rally.task.context [-] Task d33efd7d-5d4e-4fed-a85c-92fac1508a22 | Context quotas@openstack setup() finished in 0.50 sec
2019-06-22 09:26:22.021 18064 INFO rally.task.context [-] Task d33efd7d-5d4e-4fed-a85c-92fac1508a22 | Context cleanup@openstack setup() finished in 0.00 msec
2019-06-22 09:26:22.029 18064 RALLYDEBUG rally.task.runner [-] Starting the constant runner (task UUID: d33efd7d-5d4e-4fed-a85c-92fac1508a22). timeout: 0 concurrency: 20 concurrency_per_worker: 1 times: 40 concurrency_overhead: 4 processes_to_start: 16 max_cpu_used: 16
2019-06-22 09:26:22.043 20528 RALLYDEBUG rally.task.runner [-] Starting a worker. concurrency: 2 args: {"network_create_args": null, "subnet_create_args": null, "subnet_cidr_start": "1.1.0.0/30", "subnets_per_network": 2, "router_create_args": null} times: 40 method_name: run timeout: 0 duration: None cls:
2019-06-22 09:26:22.046 20529 RALLYDEBUG rally.task.runner [-] Starting a worker. concurrency: 2 args: {"network_create_args": null, "subnet_create_args": null, "subnet_cidr_start": "1.1.0.0/30", "subnets_per_network": 2, "router_create_args": null} times: 40 method_name: run timeout: 0 duration: None cls:
2019-06-22 09:26:22.050 20530 RALLYDEBUG rally.task.runner [-] Starting a worker. concurrency: 2 args: {"network_create_args": null, "subnet_create_args": null, "subnet_cidr_start": "1.1.0.0/30", "subnets_per_network": 2, "router_create_args": null} times: 40 method_name: run timeout: 0 duration: None cls:
2019-06-22 09:26:22.053 20531 RALLYDEBUG rally.task.runner [-] Starting a worker. concurrency: 2 args: {"network_create_args": null, "subnet_create_args": null, "subnet_cidr_start": "1.1.0.0/30", "subnets_per_network": 2, "router_create_args": null} times: 40 method_name: run timeout: 0 duration: None cls:
2019-06-22 09:26:22.054 20528 INFO rally.task.runner [-] Task d33efd7d-5d4e-4fed-a85c-92fac1508a22 | ITER: 1 START
2019-06-22 09:26:22.056 20532 RALLYDEBUG rally.task.runner [-] Starting a worker. concurrency: 1 args: {"network_create_args": null, "subnet_create_args": null, "subnet_cidr_start": "1.1.0.0/30", "subnets_per_network": 2, "router_create_args": null} times: 40 method_name: run timeout: 0 duration: None cls:
2019-06-22 09:26:22.057 20529 INFO rally.task.runner [-] Task d33efd7d-5d4e-4fed-a85c-92fac1508a22 | ITER: 2 START
2019-06-22 09:26:22.060 20530 INFO rally.task.runner [-] Task d33efd7d-5d4e-4fed-a85c-92fac1508a22 | ITER: 4 START
2019-06-22 09:26:22.060 20536 RALLYDEBUG rally.task.runner [-] Starting a worker. concurrency: 1 args: {"network_create_args": null, "subnet_create_args": null, "subnet_cidr_start": "1.1.0.0/30", "subnets_per_network": 2, "router_create_args": null} times: 40 method_name: run timeout: 0 duration: None cls:
2019-06-22 09:26:22.059 20529 INFO rally.task.runner [-] Task d33efd7d-5d4e-4fed-a85c-92fac1508a22 | ITER: 5 START
2019-06-22 09:26:22.062 20531 INFO rally.task.runner [-] Task d33efd7d-5d4e-4fed-a85c-92fac1508a22 | ITER: 6 START
2019-06-22 09:26:22.063 20530 INFO rally.task.runner [-] Task d33efd7d-5d4e-4fed-a85c-92fac1508a22 | ITER: 7 START
2019-06-22 09:26:22.063 20532 INFO rally.task.runner [-] Task d33efd7d-5d4e-4fed-a85c-92fac1508a22 | ITER: 8 START
2019-06-22 09:26:22.065 20541 RALLYDEBUG rally.task.runner [-] Starting a worker. concurrency: 1 args: {"network_create_args": null, "subnet_create_args": null, "subnet_cidr_start": "1.1.0.0/30", "subnets_per_network": 2, "router_create_args": null} times: 40 method_name: run timeout: 0 duration: None cls:
2019-06-22 09:26:22.055 20528 INFO rally.task.runner [-] Task d33efd7d-5d4e-4fed-a85c-92fac1508a22 | ITER: 3 START
2019-06-22 09:26:22.067 20536 INFO rally.task.runner [-] Task d33efd7d-5d4e-4fed-a85c-92fac1508a22 | ITER: 10 START
2019-06-22 09:26:22.067 20546 RALLYDEBUG rally.task.runner [-] Starting a worker. concurrency: 1 args: {"network_create_args": null, "subnet_create_args": null, "subnet_cidr_start": "1.1.0.0/30", "subnets_per_network": 2, "router_create_args": null} times: 40 method_name: run timeout: 0 duration: None cls:
2019-06-22 09:26:22.073 20541 INFO rally.task.runner [-] Task d33efd7d-5d4e-4fed-a85c-92fac1508a22 | ITER: 11 START
2019-06-22 09:26:22.074 20546 INFO rally.task.runner [-] Task d33efd7d-5d4e-4fed-a85c-92fac1508a22 | ITER: 12 START
2019-06-22 09:26:22.073 20549 RALLYDEBUG rally.task.runner [-] Starting a worker. concurrency: 1 args: {"network_create_args": null, "subnet_create_args": null, "subnet_cidr_start": "1.1.0.0/30", "subnets_per_network": 2, "router_create_args": null} times: 40 method_name: run timeout: 0 duration: None cls:
2019-06-22 09:26:22.077 20552 RALLYDEBUG rally.task.runner [-] Starting a worker. concurrency: 1 args: {"network_create_args": null, "subnet_create_args": null, "subnet_cidr_start": "1.1.0.0/30", "subnets_per_network": 2, "router_create_args": null} times: 40 method_name: run timeout: 0 duration: None cls:
2019-06-22 09:26:22.080 20531 INFO rally.task.runner [-] Task d33efd7d-5d4e-4fed-a85c-92fac1508a22 | ITER: 9 START
2019-06-22 09:26:22.080 20549 INFO rally.task.runner [-] Task d33efd7d-5d4e-4fed-a85c-92fac1508a22 | ITER: 13 START
2019-06-22 09:26:22.084 20552 INFO rally.task.runner [-] Task d33efd7d-5d4e-4fed-a85c-92fac1508a22 | ITER: 14 START
2019-06-22 09:26:22.089 20557 RALLYDEBUG rally.task.runner [-] Starting a worker. concurrency: 1 args: {"network_create_args": null, "subnet_create_args": null, "subnet_cidr_start": "1.1.0.0/30", "subnets_per_network": 2, "router_create_args": null} times: 40 method_name: run timeout: 0 duration: None cls:
2019-06-22 09:26:22.091 20561 RALLYDEBUG rally.task.runner [-] Starting a worker. concurrency: 1 args: {"network_create_args": null, "subnet_create_args": null, "subnet_cidr_start": "1.1.0.0/30", "subnets_per_network": 2, "router_create_args": null} times: 40 method_name: run timeout: 0 duration: None cls:
2019-06-22 09:26:22.094 20557 INFO rally.task.runner [-] Task d33efd7d-5d4e-4fed-a85c-92fac1508a22 | ITER: 15 START
2019-06-22 09:26:22.100 20561 INFO rally.task.runner [-] Task d33efd7d-5d4e-4fed-a85c-92fac1508a22 | ITER: 16 START
2019-06-22 09:26:22.127 20569 RALLYDEBUG rally.task.runner [-] Starting a worker. concurrency: 1 args: {"network_create_args": null, "subnet_create_args": null, "subnet_cidr_start": "1.1.0.0/30", "subnets_per_network": 2, "router_create_args": null} times: 40 method_name: run timeout: 0 duration: None cls:
2019-06-22 09:26:22.127 20570 RALLYDEBUG rally.task.runner [-] Starting a worker. concurrency: 1 args: {"network_create_args": null, "subnet_create_args": null, "subnet_cidr_start": "1.1.0.0/30", "subnets_per_network": 2, "router_create_args": null} times: 40 method_name: run timeout: 0 duration: None cls:
2019-06-22 09:26:22.127 20567 RALLYDEBUG rally.task.runner [-] Starting a worker. concurrency: 1 args: {"network_create_args": null, "subnet_create_args": null, "subnet_cidr_start": "1.1.0.0/30", "subnets_per_network": 2, "router_create_args": null} times: 40 method_name: run timeout: 0 duration: None cls:
2019-06-22 09:26:22.129 20571 RALLYDEBUG rally.task.runner [-] Starting a worker. concurrency: 1 args: {"network_create_args": null, "subnet_create_args": null, "subnet_cidr_start": "1.1.0.0/30", "subnets_per_network": 2, "router_create_args": null} times: 40 method_name: run timeout: 0 duration: None cls:
2019-06-22 09:26:22.139 20567 INFO rally.task.runner [-] Task d33efd7d-5d4e-4fed-a85c-92fac1508a22 | ITER: 19 START
2019-06-22 09:26:22.139 20569 INFO rally.task.runner [-] Task d33efd7d-5d4e-4fed-a85c-92fac1508a22 | ITER: 18 START
2019-06-22 09:26:22.139 20570 INFO rally.task.runner [-] Task d33efd7d-5d4e-4fed-a85c-92fac1508a22 | ITER: 17 START
2019-06-22 09:26:22.139 20571 INFO rally.task.runner [-] Task d33efd7d-5d4e-4fed-a85c-92fac1508a22 | ITER: 20 START
2019-06-22 09:26:22.996 20546 RALLYDEBUG rally_openstack.wrappers.network [-] CIDR generated: 1.1.5.160/30
2019-06-22 09:26:23.041 20528 RALLYDEBUG rally_openstack.wrappers.network [-] CIDR generated: 1.1.5.164/30
2019-06-22 09:26:23.077 20552 RALLYDEBUG rally_openstack.wrappers.network [-] CIDR generated: 1.1.5.168/30
2019-06-22 09:26:23.094 20532 RALLYDEBUG rally_openstack.wrappers.network [-] CIDR generated: 1.1.5.172/30
2019-06-22 09:26:23.165 20528 RALLYDEBUG rally_openstack.wrappers.network [-] CIDR generated: 1.1.5.176/30
2019-06-22 09:26:23.167 20536 RALLYDEBUG rally_openstack.wrappers.network [-] CIDR generated: 1.1.5.180/30
2019-06-22 09:26:23.172 20549 RALLYDEBUG rally_openstack.wrappers.network [-] CIDR generated: 1.1.5.184/30
2019-06-22 09:26:23.184 20571 RALLYDEBUG rally_openstack.wrappers.network [-] CIDR generated: 1.1.5.188/30
2019-06-22 09:26:23.197 20529 RALLYDEBUG rally_openstack.wrappers.network [-] CIDR generated: 1.1.5.192/30
2019-06-22 09:26:23.216 20531 RALLYDEBUG rally_openstack.wrappers.network [-] CIDR generated: 1.1.5.196/30
2019-06-22 09:26:23.228 20530 RALLYDEBUG rally_openstack.wrappers.network [-] CIDR generated: 1.1.5.200/30
2019-06-22 09:26:23.242 20531 RALLYDEBUG rally_openstack.wrappers.network [-] CIDR generated: 1.1.5.204/30
2019-06-22 09:26:23.243 20529 RALLYDEBUG rally_openstack.wrappers.network [-] CIDR generated: 1.1.5.208/30
2019-06-22 09:26:23.317 20541 RALLYDEBUG rally_openstack.wrappers.network [-] CIDR generated: 1.1.5.212/30
2019-06-22 09:26:23.326 20569 RALLYDEBUG rally_openstack.wrappers.network [-] CIDR generated: 1.1.5.216/30
2019-06-22 09:26:23.485 20570 RALLYDEBUG rally_openstack.wrappers.network [-] CIDR generated: 1.1.5.220/30
2019-06-22 09:26:23.524 20530 RALLYDEBUG rally_openstack.wrappers.network [-] CIDR generated: 1.1.5.224/30
2019-06-22 09:26:23.555 20567 RALLYDEBUG rally_openstack.wrappers.network [-] CIDR generated: 1.1.5.228/30
2019-06-22 09:26:23.620 20557 RALLYDEBUG rally_openstack.wrappers.network [-] CIDR generated: 1.1.5.232/30
2019-06-22 09:26:23.637 20561 RALLYDEBUG rally_openstack.wrappers.network [-] CIDR generated: 1.1.5.236/30
2019-06-22 09:26:23.971 20529 RALLYDEBUG rally_openstack.wrappers.network [-] CIDR generated: 1.1.5.240/30
2019-06-22 09:26:24.014 20536 RALLYDEBUG rally_openstack.wrappers.network [-] CIDR generated: 1.1.5.244/30
2019-06-22 09:26:24.188 20528 RALLYDEBUG rally_openstack.wrappers.network [-] CIDR generated: 1.1.5.248/30
2019-06-22 09:26:24.360 20567 RALLYDEBUG rally_openstack.wrappers.network [-] CIDR generated: 1.1.5.252/30
2019-06-22 09:26:24.437 20570 RALLYDEBUG rally_openstack.wrappers.network [-] CIDR generated: 1.1.6.0/30
2019-06-22 09:26:24.797 20532 RALLYDEBUG rally_openstack.wrappers.network [-] CIDR generated: 1.1.6.4/30
2019-06-22 09:26:24.900 20529 RALLYDEBUG rally_openstack.wrappers.network [-] CIDR generated: 1.1.6.8/30
2019-06-22 09:26:24.938 20530 RALLYDEBUG rally_openstack.wrappers.network [-] CIDR generated: 1.1.6.12/30
2019-06-22 09:26:24.952 20552 RALLYDEBUG rally_openstack.wrappers.network [-] CIDR generated: 1.1.6.16/30
2019-06-22 09:26:25.016 20557 RALLYDEBUG rally_openstack.wrappers.network [-] CIDR generated: 1.1.6.20/30
2019-06-22 09:26:25.281 20569 RALLYDEBUG rally_openstack.wrappers.network [-] CIDR generated: 1.1.6.24/30
2019-06-22 09:26:25.348 20531 RALLYDEBUG rally_openstack.wrappers.network [-] CIDR generated: 1.1.6.28/30
2019-06-22 09:26:25.499 20571 RALLYDEBUG rally_openstack.wrappers.network [-] CIDR generated: 1.1.6.32/30
2019-06-22 09:26:25.953 20541 RALLYDEBUG rally_openstack.wrappers.network [-] CIDR generated: 1.1.6.36/30
2019-06-22 09:26:26.911 20528 RALLYDEBUG rally_openstack.wrappers.network [-] CIDR generated: 1.1.6.40/30
2019-06-22 09:26:27.468 20530 RALLYDEBUG rally_openstack.wrappers.network [-] CIDR generated: 1.1.6.44/30
2019-06-22 09:26:27.503 20546 RALLYDEBUG rally_openstack.wrappers.network [-] CIDR generated: 1.1.6.48/30
2019-06-22 09:26:27.776 20549 RALLYDEBUG rally_openstack.wrappers.network [-] CIDR generated: 1.1.6.52/30
2019-06-22 09:26:27.987 20531 RALLYDEBUG rally_openstack.wrappers.network [-] CIDR generated: 1.1.6.56/30
2019-06-22 09:26:28.991 20561 RALLYDEBUG rally_openstack.wrappers.network [-] CIDR generated: 1.1.6.60/30
2019-06-22 09:26:32.457 20557 INFO rally.task.runner [-] Task d33efd7d-5d4e-4fed-a85c-92fac1508a22 | ITER: 15 END: OK
2019-06-22 09:26:32.461 20557 INFO rally.task.runner [-] Task d33efd7d-5d4e-4fed-a85c-92fac1508a22 | ITER: 21 START
2019-06-22 09:26:33.000 20557 RALLYDEBUG rally_openstack.wrappers.network [-] CIDR generated: 1.1.6.64/30
2019-06-22 09:26:33.807 20528 INFO rally.task.runner [-] Task d33efd7d-5d4e-4fed-a85c-92fac1508a22 | ITER: 1 END: OK
2019-06-22 09:26:33.810 20528 INFO rally.task.runner [-] Task d33efd7d-5d4e-4fed-a85c-92fac1508a22 | ITER: 22 START
2019-06-22 09:26:34.010 20570 INFO rally.task.runner [-] Task d33efd7d-5d4e-4fed-a85c-92fac1508a22 | ITER: 17 END: OK
2019-06-22 09:26:34.013 20570 INFO rally.task.runner [-] Task d33efd7d-5d4e-4fed-a85c-92fac1508a22 | ITER: 23 START
2019-06-22 09:26:34.287 20528 INFO rally.task.runner [-] Task d33efd7d-5d4e-4fed-a85c-92fac1508a22 | ITER: 3 END: OK
2019-06-22 09:26:34.290 20528 INFO rally.task.runner [-] Task d33efd7d-5d4e-4fed-a85c-92fac1508a22 | ITER: 24 START
2019-06-22 09:26:34.393 20528 RALLYDEBUG rally_openstack.wrappers.network [-] CIDR generated: 1.1.6.68/30
2019-06-22 09:26:34.720 20570 RALLYDEBUG rally_openstack.wrappers.network [-] CIDR generated: 1.1.6.72/30
2019-06-22 09:26:35.514 20528 RALLYDEBUG rally_openstack.wrappers.network [-] CIDR generated: 1.1.6.76/30
