2019-06-22 08:00:25.479 8 RALLYDEBUG rally.api [-] INFO logs from urllib3 and requests module are hide.
2019-06-22 08:00:25.479 8 RALLYDEBUG rally.api [-] urllib3 insecure warnings are hidden.
2019-06-22 08:00:25.479 8 RALLYDEBUG rally.api [-] ERROR log from boto module is hide.
2019-06-22 08:00:27.245 8 ERROR rally.cli.cliutils [-] Unexpected exception in CLI: DBRecordNotFound: Record for uuid or name is opnfv-rally not found in table envs
2019-06-22 08:00:27.245 8 ERROR rally.cli.cliutils
Traceback (most recent call last):
2019-06-22 08:00:27.245 8 ERROR rally.cli.cliutils
File "/usr/lib/python2.7/site-packages/rally/cli/cliutils.py", line 674, in run
2019-06-22 08:00:27.245 8 ERROR rally.cli.cliutils ret = fn(*fn_args, **fn_kwargs)
2019-06-22 08:00:27.245 8 ERROR rally.cli.cliutils File "", line 2, in destroy
2019-06-22 08:00:27.245 8 ERROR rally.cli.cliutils
File "/usr/lib/python2.7/site-packages/rally/cli/envutils.py", line 69, in default_from_global
2019-06-22 08:00:27.245 8 ERROR rally.cli.cliutils return f(*args, **kwargs)
2019-06-22 08:00:27.245 8 ERROR rally.cli.cliutils File "", line 2, in destroy
2019-06-22 08:00:27.245 8 ERROR rally.cli.cliutils
File "/usr/lib/python2.7/site-packages/rally/plugins/__init__.py", line 51, in ensure_plugins_are_loaded
2019-06-22 08:00:27.245 8 ERROR rally.cli.cliutils return f(*args, **kwargs)
2019-06-22 08:00:27.245 8 ERROR rally.cli.cliutils
File "/usr/lib/python2.7/site-packages/rally/cli/commands/deployment.py", line 140, in destroy
2019-06-22 08:00:27.245 8 ERROR rally.cli.cliutils api.deployment.destroy(deployment=deployment)
2019-06-22 08:00:27.245 8 ERROR rally.cli.cliutils
File "/usr/lib/python2.7/site-packages/rally/api.py", line 115, in destroy
2019-06-22 08:00:27.245 8 ERROR rally.cli.cliutils deploy = objects.Deployment.get(deployment)
2019-06-22 08:00:27.245 8 ERROR rally.cli.cliutils
File "/usr/lib/python2.7/site-packages/rally/common/objects/deploy.py", line 124, in get
2019-06-22 08:00:27.245 8 ERROR rally.cli.cliutils return Deployment(env_mgr.EnvManager.get(deploy))
2019-06-22 08:00:27.245 8 ERROR rally.cli.cliutils
File "/usr/lib/python2.7/site-packages/rally/env/env_mgr.py", line 212, in get
2019-06-22 08:00:27.245 8 ERROR rally.cli.cliutils return cls(db.env_get(uuid_or_name))
2019-06-22 08:00:27.245 8 ERROR rally.cli.cliutils
File "/usr/lib/python2.7/site-packages/rally/common/db/api.py", line 135, in wrapper
2019-06-22 08:00:27.245 8 ERROR rally.cli.cliutils result = f(session, *args, **kwargs)
2019-06-22 08:00:27.245 8 ERROR rally.cli.cliutils
File "/usr/lib/python2.7/site-packages/rally/common/db/api.py", line 521, in env_get
2019-06-22 08:00:27.245 8 ERROR rally.cli.cliutils criteria="uuid or name is %s" % uuid_or_name, table="envs")
2019-06-22 08:00:27.245 8 ERROR rally.cli.cliutils DBRecordNotFound: Record for uuid or name is opnfv-rally not found in table envs
2019-06-22 08:00:27.245 8 ERROR rally.cli.cliutils
2019-06-22 08:00:28.105 10 RALLYDEBUG rally.api [-] INFO logs from urllib3 and requests module are hide.
2019-06-22 08:00:28.105 10 RALLYDEBUG rally.api [-] urllib3 insecure warnings are hidden.
2019-06-22 08:00:28.106 10 RALLYDEBUG rally.api [-] ERROR log from boto module is hide.
2019-06-22 08:00:29.863 10 WARNING rally_openstack.platforms.existing [-] endpoint is deprecated and not used.
2019-06-22 08:00:30.948 12 RALLYDEBUG rally.api [-] INFO logs from urllib3 and requests module are hide.
2019-06-22 08:00:30.948 12 RALLYDEBUG rally.api [-] urllib3 insecure warnings are hidden.
2019-06-22 08:00:30.948 12 RALLYDEBUG rally.api [-] ERROR log from boto module is hide.
2019-06-22 08:00:34.246 15 RALLYDEBUG rally.api [-] INFO logs from urllib3 and requests module are hide.
2019-06-22 08:00:34.246 15 RALLYDEBUG rally.api [-] urllib3 insecure warnings are hidden.
2019-06-22 08:00:34.246 15 RALLYDEBUG rally.api [-] ERROR log from boto module is hide.
2019-06-22 08:00:35.396 17 RALLYDEBUG rally.api [-] INFO logs from urllib3 and requests module are hide.
2019-06-22 08:00:35.396 17 RALLYDEBUG rally.api [-] urllib3 insecure warnings are hidden.
2019-06-22 08:00:35.397 17 RALLYDEBUG rally.api [-] ERROR log from boto module is hide.
2019-06-22 08:00:37.023 17 INFO rally.task.engine [-] Task 69593a13-40c2-4f11-b60a-c7b9201f1beb | Starting: Task validation.
2019-06-22 08:00:37.073 17 INFO rally.task.engine [-] Task 69593a13-40c2-4f11-b60a-c7b9201f1beb | Starting: Task validation of syntax.
2019-06-22 08:00:37.161 17 INFO rally.task.engine [-] Task 69593a13-40c2-4f11-b60a-c7b9201f1beb | Completed: Task validation of syntax.
2019-06-22 08:00:37.161 17 INFO rally.task.engine [-] Task 69593a13-40c2-4f11-b60a-c7b9201f1beb | Starting: Task validation of required platforms.
2019-06-22 08:00:37.203 17 INFO rally.task.engine [-] Task 69593a13-40c2-4f11-b60a-c7b9201f1beb | Completed: Task validation of required platforms.
2019-06-22 08:00:37.203 17 INFO rally.task.engine [-] Task 69593a13-40c2-4f11-b60a-c7b9201f1beb | Starting: Task validation of semantic.
2019-06-22 08:00:37.203 17 INFO rally.task.engine [-] Check health of the environment '484e6f91-1f05-4b8d-a0e6-aa9401a93cc4'.
2019-06-22 08:00:37.814 17 INFO rally.task.engine [-] Platform existing@openstack (available: True): OK!
2019-06-22 08:00:37.832 17 RALLYDEBUG rally_openstack.contexts.keystone.users [-] Creating 1 tenants using 20 threads
2019-06-22 08:00:38.702 17 RALLYDEBUG rally_openstack.contexts.keystone.users [-] Creating 1 users using 20 threads
2019-06-22 08:00:40.125 17 INFO rally.task.context [-] Task 69593a13-40c2-4f11-b60a-c7b9201f1beb | Context users@openstack setup() finished in 2.29 sec
2019-06-22 08:00:40.184 17 INFO rally.task.context [-] Task 69593a13-40c2-4f11-b60a-c7b9201f1beb | Context users@openstack cleanup() started
2019-06-22 08:00:43.374 17 INFO rally.task.context [-] Task 69593a13-40c2-4f11-b60a-c7b9201f1beb | Context users@openstack cleanup() finished in 3.19 sec
2019-06-22 08:00:43.374 17 INFO rally.task.engine [-] Task 69593a13-40c2-4f11-b60a-c7b9201f1beb | Completed: Task validation of semantic.
2019-06-22 08:00:43.375 17 INFO rally.task.engine [-] Task 69593a13-40c2-4f11-b60a-c7b9201f1beb | Completed: Task validation.
2019-06-22 08:00:43.375 17 INFO rally.api [-] Task 69593a13-40c2-4f11-b60a-c7b9201f1beb input file is valid.
2019-06-22 08:00:43.375 17 INFO rally.api [-] Run Task 69593a13-40c2-4f11-b60a-c7b9201f1beb against Deployment 484e6f91-1f05-4b8d-a0e6-aa9401a93cc4
2019-06-22 08:00:43.376 17 INFO rally.task.engine [-] Task 69593a13-40c2-4f11-b60a-c7b9201f1beb | Starting: Running task.
2019-06-22 08:00:43.572 17 INFO rally.task.engine [-] Running workload: position = 0 config = { "version": 2, "title": "A cropped version of a bigger task.", "description": "Auto-generated task from a single workload (uuid=00b13cfd-8b09-4d90-ae7a-1bcb567d32dc)", "subtasks": [ { "title": "Authenticate.keystone", "description": "Check Keystone Client.", "scenario": { "Authenticate.keystone": {} }, "contexts": { "users": { "tenants": 3, "users_per_tenant": 2 } }, "runner": { "constant": { "concurrency": 4, "times": 10 } }, "hooks": [], "sla": { "failure_rate": { "max": 0 } } } ] }
2019-06-22 08:00:43.596 17 RALLYDEBUG rally_openstack.contexts.keystone.users [-] Creating 3 tenants using 20 threads
2019-06-22 08:00:44.600 17 RALLYDEBUG rally_openstack.contexts.keystone.users [-] Creating 6 users using 20 threads
2019-06-22 08:00:46.283 17 INFO rally.task.context [-] Task 69593a13-40c2-4f11-b60a-c7b9201f1beb | Context users@openstack setup() finished in 2.69 sec
2019-06-22 08:00:46.292 17 RALLYDEBUG rally.task.runner [-] Starting the constant runner (task UUID: 69593a13-40c2-4f11-b60a-c7b9201f1beb). timeout: 0 concurrency: 4 concurrency_per_worker: 1 times: 10 concurrency_overhead: 0 processes_to_start: 4 max_cpu_used: 16
2019-06-22 08:00:46.352 141 RALLYDEBUG rally.task.runner [-] Starting a worker. concurrency: 1 args: {} times: 10 method_name: run timeout: 0 duration: None cls:
2019-06-22 08:00:46.355 142 RALLYDEBUG rally.task.runner [-] Starting a worker. concurrency: 1 args: {} times: 10 method_name: run timeout: 0 duration: None cls:
2019-06-22 08:00:46.359 141 INFO rally.task.runner [-] Task 69593a13-40c2-4f11-b60a-c7b9201f1beb | ITER: 1 START
2019-06-22 08:00:46.358 143 RALLYDEBUG rally.task.runner [-] Starting a worker. concurrency: 1 args: {} times: 10 method_name: run timeout: 0 duration: None cls:
2019-06-22 08:00:46.362 142 INFO rally.task.runner [-] Task 69593a13-40c2-4f11-b60a-c7b9201f1beb | ITER: 2 START
2019-06-22 08:00:46.362 144 RALLYDEBUG rally.task.runner [-] Starting a worker. concurrency: 1 args: {} times: 10 method_name: run timeout: 0 duration: None cls:
2019-06-22 08:00:46.365 143 INFO rally.task.runner [-] Task 69593a13-40c2-4f11-b60a-c7b9201f1beb | ITER: 3 START
2019-06-22 08:00:46.369 144 INFO rally.task.runner [-] Task 69593a13-40c2-4f11-b60a-c7b9201f1beb | ITER: 4 START
2019-06-22 08:00:46.805 143 INFO rally.task.runner [-] Task 69593a13-40c2-4f11-b60a-c7b9201f1beb | ITER: 3 END: OK
2019-06-22 08:00:46.805 142 INFO rally.task.runner [-] Task 69593a13-40c2-4f11-b60a-c7b9201f1beb | ITER: 2 END: OK
2019-06-22 08:00:46.809 142 INFO rally.task.runner [-] Task 69593a13-40c2-4f11-b60a-c7b9201f1beb | ITER: 6 START
2019-06-22 08:00:46.810 143 INFO rally.task.runner [-] Task 69593a13-40c2-4f11-b60a-c7b9201f1beb | ITER: 5 START
2019-06-22 08:00:46.811 141 INFO rally.task.runner [-] Task 69593a13-40c2-4f11-b60a-c7b9201f1beb | ITER: 1 END: OK
2019-06-22 08:00:46.813 144 INFO rally.task.runner [-] Task 69593a13-40c2-4f11-b60a-c7b9201f1beb | ITER: 4 END: OK
2019-06-22 08:00:46.815 141 INFO rally.task.runner [-] Task 69593a13-40c2-4f11-b60a-c7b9201f1beb | ITER: 7 START
2019-06-22 08:00:46.818 144 INFO rally.task.runner [-] Task 69593a13-40c2-4f11-b60a-c7b9201f1beb | ITER: 8 START
2019-06-22 08:00:47.243 143 INFO rally.task.runner [-] Task 69593a13-40c2-4f11-b60a-c7b9201f1beb | ITER: 5 END: OK
2019-06-22 08:00:47.247 142 INFO rally.task.runner [-] Task 69593a13-40c2-4f11-b60a-c7b9201f1beb | ITER: 6 END: OK
2019-06-22 08:00:47.247 143 INFO rally.task.runner [-] Task 69593a13-40c2-4f11-b60a-c7b9201f1beb | ITER: 9 START
2019-06-22 08:00:47.250 144 INFO rally.task.runner [-] Task 69593a13-40c2-4f11-b60a-c7b9201f1beb | ITER: 8 END: OK
2019-06-22 08:00:47.251 142 INFO rally.task.runner [-] Task 69593a13-40c2-4f11-b60a-c7b9201f1beb | ITER: 10 START
2019-06-22 08:00:47.258 141 INFO rally.task.runner [-] Task 69593a13-40c2-4f11-b60a-c7b9201f1beb | ITER: 7 END: OK
2019-06-22 08:00:47.585 142 INFO rally.task.runner [-] Task 69593a13-40c2-4f11-b60a-c7b9201f1beb | ITER: 10 END: OK
2019-06-22 08:00:47.585 143 INFO rally.task.runner [-] Task 69593a13-40c2-4f11-b60a-c7b9201f1beb | ITER: 9 END: OK
2019-06-22 08:00:47.610 17 INFO rally.task.context [-] Task 69593a13-40c2-4f11-b60a-c7b9201f1beb | Context users@openstack cleanup() started
2019-06-22 08:00:52.803 17 INFO rally.task.context [-] Task 69593a13-40c2-4f11-b60a-c7b9201f1beb | Context users@openstack cleanup() finished in 5.19 sec
2019-06-22 08:00:53.664 17 INFO rally.task.engine [-] Load duration is: 1.225114
2019-06-22 08:00:53.665 17 INFO rally.task.engine [-] Full runner duration is: 1.317576
2019-06-22 08:00:53.665 17 INFO rally.task.engine [-] Full duration is: 9.209457
2019-06-22 08:00:53.934 17 INFO rally.task.engine [-] Running workload: position = 0 config = { "version": 2, "title": "A cropped version of a bigger task.", "description": "Auto-generated task from a single workload (uuid=a7c3d473-eff7-4355-b741-8d589e77aca9)", "subtasks": [ { "title": "Authenticate.validate_cinder", "description": "Check Cinder Client to ensure validation of token.", "scenario": { "Authenticate.validate_cinder": { "repetitions": 2 } }, "contexts": { "users": { "tenants": 3, "users_per_tenant": 2 } }, "runner": { "constant": { "concurrency": 4, "times": 10 } }, "hooks": [], "sla": { "failure_rate": { "max": 0 } } } ] }
2019-06-22 08:00:53.960 17 RALLYDEBUG rally_openstack.contexts.keystone.users [-] Creating 3 tenants using 20 threads
2019-06-22 08:00:55.094 17 RALLYDEBUG rally_openstack.contexts.keystone.users [-] Creating 6 users using 20 threads
2019-06-22 08:00:56.780 17 INFO rally.task.context [-] Task 69593a13-40c2-4f11-b60a-c7b9201f1beb | Context users@openstack setup() finished in 2.82 sec
2019-06-22 08:00:56.789 17 RALLYDEBUG rally.task.runner [-] Starting the constant runner (task UUID: 69593a13-40c2-4f11-b60a-c7b9201f1beb). timeout: 0 concurrency: 4 concurrency_per_worker: 1 times: 10 concurrency_overhead: 0 processes_to_start: 4 max_cpu_used: 16
2019-06-22 08:00:56.803 245 RALLYDEBUG rally.task.runner [-] Starting a worker. concurrency: 1 args: {"repetitions": 2} times: 10 method_name: run timeout: 0 duration: None cls:
2019-06-22 08:00:56.806 246 RALLYDEBUG rally.task.runner [-] Starting a worker. concurrency: 1 args: {"repetitions": 2} times: 10 method_name: run timeout: 0 duration: None cls:
2019-06-22 08:00:56.809 247 RALLYDEBUG rally.task.runner [-] Starting a worker. concurrency: 1 args: {"repetitions": 2} times: 10 method_name: run timeout: 0 duration: None cls:
2019-06-22 08:00:56.810 245 INFO rally.task.runner [-] Task 69593a13-40c2-4f11-b60a-c7b9201f1beb | ITER: 1 START
2019-06-22 08:00:56.812 248 RALLYDEBUG rally.task.runner [-] Starting a worker. concurrency: 1 args: {"repetitions": 2} times: 10 method_name: run timeout: 0 duration: None cls:
2019-06-22 08:00:56.814 246 INFO rally.task.runner [-] Task 69593a13-40c2-4f11-b60a-c7b9201f1beb | ITER: 2 START
2019-06-22 08:00:56.816 247 INFO rally.task.runner [-] Task 69593a13-40c2-4f11-b60a-c7b9201f1beb | ITER: 3 START
2019-06-22 08:00:56.819 248 INFO rally.task.runner [-] Task 69593a13-40c2-4f11-b60a-c7b9201f1beb | ITER: 4 START
2019-06-22 08:00:57.527 245 INFO rally.task.runner [-] Task 69593a13-40c2-4f11-b60a-c7b9201f1beb | ITER: 1 END: OK
2019-06-22 08:00:57.531 245 INFO rally.task.runner [-] Task 69593a13-40c2-4f11-b60a-c7b9201f1beb | ITER: 5 START
2019-06-22 08:00:57.564 248 INFO rally.task.runner [-] Task 69593a13-40c2-4f11-b60a-c7b9201f1beb | ITER: 4 END: OK
2019-06-22 08:00:57.569 248 INFO rally.task.runner [-] Task 69593a13-40c2-4f11-b60a-c7b9201f1beb | ITER: 6 START
2019-06-22 08:00:57.777 247 INFO rally.task.runner [-] Task 69593a13-40c2-4f11-b60a-c7b9201f1beb | ITER: 3 END: OK
2019-06-22 08:00:57.781 247 INFO rally.task.runner [-] Task 69593a13-40c2-4f11-b60a-c7b9201f1beb | ITER: 7 START
2019-06-22 08:00:57.848 246 INFO rally.task.runner [-] Task 69593a13-40c2-4f11-b60a-c7b9201f1beb | ITER: 2 END: OK
2019-06-22 08:00:57.853 246 INFO rally.task.runner [-] Task 69593a13-40c2-4f11-b60a-c7b9201f1beb | ITER: 8 START
2019-06-22 08:00:58.102 248 INFO rally.task.runner [-] Task 69593a13-40c2-4f11-b60a-c7b9201f1beb | ITER: 6 END: OK
2019-06-22 08:00:58.107 248 INFO rally.task.runner [-] Task 69593a13-40c2-4f11-b60a-c7b9201f1beb | ITER: 9 START
2019-06-22 08:00:58.216 247 INFO rally.task.runner [-] Task 69593a13-40c2-4f11-b60a-c7b9201f1beb | ITER: 7 END: OK
2019-06-22 08:00:58.220 247 INFO rally.task.runner [-] Task 69593a13-40c2-4f11-b60a-c7b9201f1beb | ITER: 10 START
2019-06-22 08:00:58.415 245 INFO rally.task.runner [-] Task 69593a13-40c2-4f11-b60a-c7b9201f1beb | ITER: 5 END: OK
2019-06-22 08:00:58.532 248 INFO rally.task.runner [-] Task 69593a13-40c2-4f11-b60a-c7b9201f1beb | ITER: 9 END: OK
2019-06-22 08:00:58.644 247 INFO rally.task.runner [-] Task 69593a13-40c2-4f11-b60a-c7b9201f1beb | ITER: 10 END: OK
2019-06-22 08:00:58.651 246 INFO rally.task.runner [-] Task 69593a13-40c2-4f11-b60a-c7b9201f1beb | ITER: 8 END: OK
2019-06-22 08:00:58.678 17 INFO rally.task.context [-] Task 69593a13-40c2-4f11-b60a-c7b9201f1beb | Context users@openstack cleanup() started
2019-06-22 08:01:04.256 17 INFO rally.task.context [-] Task 69593a13-40c2-4f11-b60a-c7b9201f1beb | Context users@openstack cleanup() finished in 5.58 sec
2019-06-22 08:01:06.043 17 INFO rally.task.engine [-] Load duration is: 1.839169
2019-06-22 08:01:06.043 17 INFO rally.task.engine [-] Full runner duration is: 1.889322
2019-06-22 08:01:06.044 17 INFO rally.task.engine [-] Full duration is: 10.299559
2019-06-22 08:01:06.380 17 INFO rally.task.engine [-] Running workload: position = 0 config = { "version": 2, "title": "A cropped version of a bigger task.", "description": "Auto-generated task from a single workload (uuid=11396e89-405c-4552-9003-567e53b10489)", "subtasks": [ { "title": "Authenticate.validate_glance", "description": "Check Glance Client to ensure validation of token.", "scenario": { "Authenticate.validate_glance": { "repetitions": 2 } }, "contexts": { "users": { "tenants": 3, "users_per_tenant": 2 } }, "runner": { "constant": { "concurrency": 4, "times": 10 } }, "hooks": [], "sla": { "failure_rate": { "max": 0 } } } ] }
2019-06-22 08:01:06.407 17 RALLYDEBUG rally_openstack.contexts.keystone.users [-] Creating 3 tenants using 20 threads
2019-06-22 08:01:07.515 17 RALLYDEBUG rally_openstack.contexts.keystone.users [-] Creating 6 users using 20 threads
2019-06-22 08:01:09.391 17 INFO rally.task.context [-] Task 69593a13-40c2-4f11-b60a-c7b9201f1beb | Context users@openstack setup() finished in 2.98 sec
2019-06-22 08:01:09.401 17 RALLYDEBUG rally.task.runner [-] Starting the constant runner (task UUID: 69593a13-40c2-4f11-b60a-c7b9201f1beb). timeout: 0 concurrency: 4 concurrency_per_worker: 1 times: 10 concurrency_overhead: 0 processes_to_start: 4 max_cpu_used: 16
2019-06-22 08:01:09.414 349 RALLYDEBUG rally.task.runner [-] Starting a worker. concurrency: 1 args: {"repetitions": 2} times: 10 method_name: run timeout: 0 duration: None cls:
2019-06-22 08:01:09.417 350 RALLYDEBUG rally.task.runner [-] Starting a worker. concurrency: 1 args: {"repetitions": 2} times: 10 method_name: run timeout: 0 duration: None cls:
2019-06-22 08:01:09.421 351 RALLYDEBUG rally.task.runner [-] Starting a worker. concurrency: 1 args: {"repetitions": 2} times: 10 method_name: run timeout: 0 duration: None cls:
2019-06-22 08:01:09.422 349 INFO rally.task.runner [-] Task 69593a13-40c2-4f11-b60a-c7b9201f1beb | ITER: 1 START
2019-06-22 08:01:09.424 352 RALLYDEBUG rally.task.runner [-] Starting a worker. concurrency: 1 args: {"repetitions": 2} times: 10 method_name: run timeout: 0 duration: None cls:
2019-06-22 08:01:09.425 350 INFO rally.task.runner [-] Task 69593a13-40c2-4f11-b60a-c7b9201f1beb | ITER: 2 START
2019-06-22 08:01:09.429 351 INFO rally.task.runner [-] Task 69593a13-40c2-4f11-b60a-c7b9201f1beb | ITER: 3 START
2019-06-22 08:01:09.431 352 INFO rally.task.runner [-] Task 69593a13-40c2-4f11-b60a-c7b9201f1beb | ITER: 4 START
2019-06-22 08:01:10.121 349 INFO rally.task.runner [-] Task 69593a13-40c2-4f11-b60a-c7b9201f1beb | ITER: 1 END: OK
2019-06-22 08:01:10.121 350 INFO rally.task.runner [-] Task 69593a13-40c2-4f11-b60a-c7b9201f1beb | ITER: 2 END: OK
2019-06-22 08:01:10.126 349 INFO rally.task.runner [-] Task 69593a13-40c2-4f11-b60a-c7b9201f1beb | ITER: 6 START
2019-06-22 08:01:10.127 350 INFO rally.task.runner [-] Task 69593a13-40c2-4f11-b60a-c7b9201f1beb | ITER: 5 START
2019-06-22 08:01:10.156 351 INFO rally.task.runner [-] Task 69593a13-40c2-4f11-b60a-c7b9201f1beb | ITER: 3 END: OK
2019-06-22 08:01:10.162 351 INFO rally.task.runner [-] Task 69593a13-40c2-4f11-b60a-c7b9201f1beb | ITER: 7 START
2019-06-22 08:01:10.228 352 INFO rally.task.runner [-] Task 69593a13-40c2-4f11-b60a-c7b9201f1beb | ITER: 4 END: OK
2019-06-22 08:01:10.234 352 INFO rally.task.runner [-] Task 69593a13-40c2-4f11-b60a-c7b9201f1beb | ITER: 8 START
2019-06-22 08:01:10.720 349 INFO rally.task.runner [-] Task 69593a13-40c2-4f11-b60a-c7b9201f1beb | ITER: 6 END: OK
2019-06-22 08:01:10.725 349 INFO rally.task.runner [-] Task 69593a13-40c2-4f11-b60a-c7b9201f1beb | ITER: 9 START
2019-06-22 08:01:10.737 350 INFO rally.task.runner [-] Task 69593a13-40c2-4f11-b60a-c7b9201f1beb | ITER: 5 END: OK
2019-06-22 08:01:10.741 350 INFO rally.task.runner [-] Task 69593a13-40c2-4f11-b60a-c7b9201f1beb | ITER: 10 START
2019-06-22 08:01:10.773 352 INFO rally.task.runner [-] Task 69593a13-40c2-4f11-b60a-c7b9201f1beb | ITER: 8 END: OK
2019-06-22 08:01:10.779 351 INFO rally.task.runner [-] Task 69593a13-40c2-4f11-b60a-c7b9201f1beb | ITER: 7 END: OK
2019-06-22 08:01:11.241 349 INFO rally.task.runner [-] Task 69593a13-40c2-4f11-b60a-c7b9201f1beb | ITER: 9 END: OK
2019-06-22 08:01:11.248 350 INFO rally.task.runner [-] Task 69593a13-40c2-4f11-b60a-c7b9201f1beb | ITER: 10 END: OK
2019-06-22 08:01:11.275 17 INFO rally.task.context [-] Task 69593a13-40c2-4f11-b60a-c7b9201f1beb | Context users@openstack cleanup() started
2019-06-22 08:01:16.829 17 INFO rally.task.context [-] Task 69593a13-40c2-4f11-b60a-c7b9201f1beb | Context users@openstack cleanup() finished in 5.55 sec
2019-06-22 08:01:18.478 17 INFO rally.task.engine [-] Load duration is: 1.824539
2019-06-22 08:01:18.478 17 INFO rally.task.engine [-] Full runner duration is: 1.875117
2019-06-22 08:01:18.479 17 INFO rally.task.engine [-] Full duration is: 10.425403
2019-06-22 08:01:19.000 17 INFO rally.task.engine [-] Running workload: position = 0 config = { "version": 2, "title": "A cropped version of a bigger task.", "description": "Auto-generated task from a single workload (uuid=0919f3da-35a0-4436-885e-9daf8b201767)", "subtasks": [ { "title": "Authenticate.validate_heat", "description": "Check Heat Client to ensure validation of token.", "scenario": { "Authenticate.validate_heat": { "repetitions": 2 } }, "contexts": { "users": { "tenants": 3, "users_per_tenant": 2 } }, "runner": { "constant": { "concurrency": 4, "times": 10 } }, "hooks": [], "sla": { "failure_rate": { "max": 0 } } } ] }
2019-06-22 08:01:19.025 17 RALLYDEBUG rally_openstack.contexts.keystone.users [-] Creating 3 tenants using 20 threads
2019-06-22 08:01:20.142 17 RALLYDEBUG rally_openstack.contexts.keystone.users [-] Creating 6 users using 20 threads
2019-06-22 08:01:21.895 17 INFO rally.task.context [-] Task 69593a13-40c2-4f11-b60a-c7b9201f1beb | Context users@openstack setup() finished in 2.87 sec
2019-06-22 08:01:21.904 17 RALLYDEBUG rally.task.runner [-] Starting the constant runner (task UUID: 69593a13-40c2-4f11-b60a-c7b9201f1beb). timeout: 0 concurrency: 4 concurrency_per_worker: 1 times: 10 concurrency_overhead: 0 processes_to_start: 4 max_cpu_used: 16
2019-06-22 08:01:21.920 453 RALLYDEBUG rally.task.runner [-] Starting a worker. concurrency: 1 args: {"repetitions": 2} times: 10 method_name: run timeout: 0 duration: None cls:
2019-06-22 08:01:21.924 454 RALLYDEBUG rally.task.runner [-] Starting a worker. concurrency: 1 args: {"repetitions": 2} times: 10 method_name: run timeout: 0 duration: None cls:
2019-06-22 08:01:21.928 453 INFO rally.task.runner [-] Task 69593a13-40c2-4f11-b60a-c7b9201f1beb | ITER: 1 START
2019-06-22 08:01:21.928 455 RALLYDEBUG rally.task.runner [-] Starting a worker. concurrency: 1 args: {"repetitions": 2} times: 10 method_name: run timeout: 0 duration: None cls:
2019-06-22 08:01:21.932 454 INFO rally.task.runner [-] Task 69593a13-40c2-4f11-b60a-c7b9201f1beb | ITER: 2 START
2019-06-22 08:01:21.932 456 RALLYDEBUG rally.task.runner [-] Starting a worker. concurrency: 1 args: {"repetitions": 2} times: 10 method_name: run timeout: 0 duration: None cls:
2019-06-22 08:01:21.935 455 INFO rally.task.runner [-] Task 69593a13-40c2-4f11-b60a-c7b9201f1beb | ITER: 3 START
2019-06-22 08:01:21.938 456 INFO rally.task.runner [-] Task 69593a13-40c2-4f11-b60a-c7b9201f1beb | ITER: 4 START
2019-06-22 08:01:23.546 454 INFO rally.task.runner [-] Task 69593a13-40c2-4f11-b60a-c7b9201f1beb | ITER: 2 END: OK
2019-06-22 08:01:23.551 454 INFO rally.task.runner [-] Task 69593a13-40c2-4f11-b60a-c7b9201f1beb | ITER: 5 START
2019-06-22 08:01:23.771 453 INFO rally.task.runner [-] Task 69593a13-40c2-4f11-b60a-c7b9201f1beb | ITER: 1 END: OK
2019-06-22 08:01:23.776 453 INFO rally.task.runner [-] Task 69593a13-40c2-4f11-b60a-c7b9201f1beb | ITER: 6 START
2019-06-22 08:01:23.943 455 INFO rally.task.runner [-] Task 69593a13-40c2-4f11-b60a-c7b9201f1beb | ITER: 3 END: OK
2019-06-22 08:01:23.948 455 INFO rally.task.runner [-] Task 69593a13-40c2-4f11-b60a-c7b9201f1beb | ITER: 7 START
2019-06-22 08:01:24.021 456 INFO rally.task.runner [-] Task 69593a13-40c2-4f11-b60a-c7b9201f1beb | ITER: 4 END: OK
2019-06-22 08:01:24.026 456 INFO rally.task.runner [-] Task 69593a13-40c2-4f11-b60a-c7b9201f1beb | ITER: 8 START
2019-06-22 08:01:24.875 453 INFO rally.task.runner [-] Task 69593a13-40c2-4f11-b60a-c7b9201f1beb | ITER: 6 END: OK
2019-06-22 08:01:24.879 453 INFO rally.task.runner [-] Task 69593a13-40c2-4f11-b60a-c7b9201f1beb | ITER: 9 START
2019-06-22 08:01:24.944 456 INFO rally.task.runner [-] Task 69593a13-40c2-4f11-b60a-c7b9201f1beb | ITER: 8 END: OK
2019-06-22 08:01:24.948 456 INFO rally.task.runner [-] Task 69593a13-40c2-4f11-b60a-c7b9201f1beb | ITER: 10 START
2019-06-22 08:01:24.953 455 INFO rally.task.runner [-] Task 69593a13-40c2-4f11-b60a-c7b9201f1beb | ITER: 7 END: OK
2019-06-22 08:01:25.009 454 INFO rally.task.runner [-] Task 69593a13-40c2-4f11-b60a-c7b9201f1beb | ITER: 5 END: OK
2019-06-22 08:01:25.349 453 INFO rally.task.runner [-] Task 69593a13-40c2-4f11-b60a-c7b9201f1beb | ITER: 9 END: OK
2019-06-22 08:01:25.407 456 INFO rally.task.runner [-] Task 69593a13-40c2-4f11-b60a-c7b9201f1beb | ITER: 10 END: OK
2019-06-22 08:01:25.433 17 INFO rally.task.context [-] Task 69593a13-40c2-4f11-b60a-c7b9201f1beb | Context users@openstack cleanup() started
2019-06-22 08:01:30.695 17 INFO rally.task.context [-] Task 69593a13-40c2-4f11-b60a-c7b9201f1beb | Context users@openstack cleanup() finished in 5.26 sec
2019-06-22 08:01:31.112 17 INFO rally.task.engine [-] Load duration is: 3.477259
2019-06-22 08:01:31.112 17 INFO rally.task.engine [-] Full runner duration is: 3.529286
2019-06-22 08:01:31.113 17 INFO rally.task.engine [-] Full duration is: 11.674983
2019-06-22 08:01:31.641 17 INFO rally.task.engine [-] Running workload: position = 0 config = { "version": 2, "title": "A cropped version of a bigger task.", "description": "Auto-generated task from a single workload (uuid=72845bbe-554d-4598-a44b-8b45c64adff3)", "subtasks": [ { "title": "Authenticate.validate_neutron", "description": "Check Neutron Client to ensure validation of token.", "scenario": { "Authenticate.validate_neutron": { "repetitions": 2 } }, "contexts": { "users": { "tenants": 3, "users_per_tenant": 2 } }, "runner": { "constant": { "concurrency": 4, "times": 10 } }, "hooks": [], "sla": { "failure_rate": { "max": 0 } } } ] }
2019-06-22 08:01:31.668 17 RALLYDEBUG rally_openstack.contexts.keystone.users [-] Creating 3 tenants using 20 threads
2019-06-22 08:01:32.815 17 RALLYDEBUG rally_openstack.contexts.keystone.users [-] Creating 6 users using 20 threads
2019-06-22 08:01:34.490 17 INFO rally.task.context [-] Task 69593a13-40c2-4f11-b60a-c7b9201f1beb | Context users@openstack setup() finished in 2.82 sec
2019-06-22 08:01:34.499 17 RALLYDEBUG rally.task.runner [-] Starting the constant runner (task UUID: 69593a13-40c2-4f11-b60a-c7b9201f1beb). timeout: 0 concurrency: 4 concurrency_per_worker: 1 times: 10 concurrency_overhead: 0 processes_to_start: 4 max_cpu_used: 16
2019-06-22 08:01:34.513 557 RALLYDEBUG rally.task.runner [-] Starting a worker. concurrency: 1 args: {"repetitions": 2} times: 10 method_name: run timeout: 0 duration: None cls:
2019-06-22 08:01:34.516 558 RALLYDEBUG rally.task.runner [-] Starting a worker. concurrency: 1 args: {"repetitions": 2} times: 10 method_name: run timeout: 0 duration: None cls:
2019-06-22 08:01:34.519 559 RALLYDEBUG rally.task.runner [-] Starting a worker. concurrency: 1 args: {"repetitions": 2} times: 10 method_name: run timeout: 0 duration: None cls:
2019-06-22 08:01:34.520 557 INFO rally.task.runner [-] Task 69593a13-40c2-4f11-b60a-c7b9201f1beb | ITER: 1 START
2019-06-22 08:01:34.522 560 RALLYDEBUG rally.task.runner [-] Starting a worker. concurrency: 1 args: {"repetitions": 2} times: 10 method_name: run timeout: 0 duration: None cls:
2019-06-22 08:01:34.523 558 INFO rally.task.runner [-] Task 69593a13-40c2-4f11-b60a-c7b9201f1beb | ITER: 2 START
2019-06-22 08:01:34.526 559 INFO rally.task.runner [-] Task 69593a13-40c2-4f11-b60a-c7b9201f1beb | ITER: 3 START
2019-06-22 08:01:34.529 560 INFO rally.task.runner [-] Task 69593a13-40c2-4f11-b60a-c7b9201f1beb | ITER: 4 START
2019-06-22 08:01:35.341 557 INFO rally.task.runner [-] Task 69593a13-40c2-4f11-b60a-c7b9201f1beb | ITER: 1 END: OK
2019-06-22 08:01:35.345 558 INFO rally.task.runner [-] Task 69593a13-40c2-4f11-b60a-c7b9201f1beb | ITER: 2 END: OK
2019-06-22 08:01:35.345 557 INFO rally.task.runner [-] Task 69593a13-40c2-4f11-b60a-c7b9201f1beb | ITER: 5 START
2019-06-22 08:01:35.350 558 INFO rally.task.runner [-] Task 69593a13-40c2-4f11-b60a-c7b9201f1beb | ITER: 6 START
2019-06-22 08:01:35.398 560 INFO rally.task.runner [-] Task 69593a13-40c2-4f11-b60a-c7b9201f1beb | ITER: 4 END: OK
2019-06-22 08:01:35.402 559 INFO rally.task.runner [-] Task 69593a13-40c2-4f11-b60a-c7b9201f1beb | ITER: 3 END: OK
2019-06-22 08:01:35.403 560 INFO rally.task.runner [-] Task 69593a13-40c2-4f11-b60a-c7b9201f1beb | ITER: 7 START
2019-06-22 08:01:35.406 559 INFO rally.task.runner [-] Task 69593a13-40c2-4f11-b60a-c7b9201f1beb | ITER: 8 START
2019-06-22 08:01:36.011 557 INFO rally.task.runner [-] Task 69593a13-40c2-4f11-b60a-c7b9201f1beb | ITER: 5 END: OK
2019-06-22 08:01:36.016 557 INFO rally.task.runner [-] Task 69593a13-40c2-4f11-b60a-c7b9201f1beb | ITER: 9 START
2019-06-22 08:01:36.033 559 INFO rally.task.runner [-] Task 69593a13-40c2-4f11-b60a-c7b9201f1beb | ITER: 8 END: OK
2019-06-22 08:01:36.038 559 INFO rally.task.runner [-] Task 69593a13-40c2-4f11-b60a-c7b9201f1beb | ITER: 10 START
2019-06-22 08:01:36.213 558 INFO rally.task.runner [-] Task 69593a13-40c2-4f11-b60a-c7b9201f1beb | ITER: 6 END: OK
2019-06-22 08:01:36.259 560 INFO rally.task.runner [-] Task 69593a13-40c2-4f11-b60a-c7b9201f1beb | ITER: 7 END: OK
2019-06-22 08:01:36.646 559 INFO rally.task.runner [-] Task 69593a13-40c2-4f11-b60a-c7b9201f1beb | ITER: 10 END: OK
2019-06-22 08:01:36.755 557 INFO rally.task.runner [-] Task 69593a13-40c2-4f11-b60a-c7b9201f1beb | ITER: 9 END: OK
2019-06-22 08:01:36.784 17 INFO rally.task.context [-] Task 69593a13-40c2-4f11-b60a-c7b9201f1beb | Context users@openstack cleanup() started
2019-06-22 08:01:42.052 17 INFO rally.task.context [-] Task 69593a13-40c2-4f11-b60a-c7b9201f1beb | Context users@openstack cleanup() finished in 5.27 sec
2019-06-22 08:01:43.739 17 INFO rally.task.engine [-] Load duration is: 2.232438
2019-06-22 08:01:43.740 17 INFO rally.task.engine [-] Full runner duration is: 2.283818
2019-06-22 08:01:43.740 17 INFO rally.task.engine [-] Full duration is: 10.388143
2019-06-22 08:01:44.247 17 INFO rally.task.engine [-] Running workload: position = 0 config = { "version": 2, "title": "A cropped version of a bigger task.", "description": "Auto-generated task from a single workload (uuid=664933dd-d66f-4672-aafd-a481f4e0c7e6)", "subtasks": [ { "title": "Authenticate.validate_nova", "description": "Check Nova Client to ensure validation of token.", "scenario": { "Authenticate.validate_nova": { "repetitions": 2 } }, "contexts": { "users": { "tenants": 3, "users_per_tenant": 2 } }, "runner": { "constant": { "concurrency": 4, "times": 10 } }, "hooks": [], "sla": { "failure_rate": { "max": 0 } } } ] }
2019-06-22 08:01:44.272 17 RALLYDEBUG rally_openstack.contexts.keystone.users [-] Creating 3 tenants using 20 threads
2019-06-22 08:01:45.415 17 RALLYDEBUG rally_openstack.contexts.keystone.users [-] Creating 6 users using 20 threads
2019-06-22 08:01:47.112 17 INFO rally.task.context [-] Task 69593a13-40c2-4f11-b60a-c7b9201f1beb | Context users@openstack setup() finished in 2.84 sec
2019-06-22 08:01:47.121 17 RALLYDEBUG rally.task.runner [-] Starting the constant runner (task UUID: 69593a13-40c2-4f11-b60a-c7b9201f1beb). timeout: 0 concurrency: 4 concurrency_per_worker: 1 times: 10 concurrency_overhead: 0 processes_to_start: 4 max_cpu_used: 16
2019-06-22 08:01:47.134 661 RALLYDEBUG rally.task.runner [-] Starting a worker. concurrency: 1 args: {"repetitions": 2} times: 10 method_name: run timeout: 0 duration: None cls:
2019-06-22 08:01:47.135 662 RALLYDEBUG rally.task.runner [-] Starting a worker. concurrency: 1 args: {"repetitions": 2} times: 10 method_name: run timeout: 0 duration: None cls:
2019-06-22 08:01:47.140 662 INFO rally.task.runner [-] Task 69593a13-40c2-4f11-b60a-c7b9201f1beb | ITER: 2 START
2019-06-22 08:01:47.140 663 RALLYDEBUG rally.task.runner [-] Starting a worker. concurrency: 1 args: {"repetitions": 2} times: 10 method_name: run timeout: 0 duration: None cls:
2019-06-22 08:01:47.142 661 INFO rally.task.runner [-] Task 69593a13-40c2-4f11-b60a-c7b9201f1beb | ITER: 1 START
2019-06-22 08:01:47.143 664 RALLYDEBUG rally.task.runner [-] Starting a worker. concurrency: 1 args: {"repetitions": 2} times: 10 method_name: run timeout: 0 duration: None cls:
2019-06-22 08:01:47.147 663 INFO rally.task.runner [-] Task 69593a13-40c2-4f11-b60a-c7b9201f1beb | ITER: 3 START
2019-06-22 08:01:47.150 664 INFO rally.task.runner [-] Task 69593a13-40c2-4f11-b60a-c7b9201f1beb | ITER: 4 START
2019-06-22 08:01:47.633 664 DEBUG novaclient.v2.client [-] REQ: curl -g -i --cacert "/etc/ssl/certs/mcp_os_cacert" -X GET http://10.167.4.35:8774/v2.1/flavors/detail -H "Accept: application/json" -H "User-Agent: python-novaclient" -H "X-Auth-Token: {SHA1}921e8299cd166296066f16c3bf8a0380b5c0e5d1" _http_log_request /usr/lib/python2.7/site-packages/keystoneauth1/session.py:448
2019-06-22 08:01:47.633 661 DEBUG novaclient.v2.client [-] REQ: curl -g -i --cacert "/etc/ssl/certs/mcp_os_cacert" -X GET http://10.167.4.35:8774/v2.1/flavors/detail -H "Accept: application/json" -H "User-Agent: python-novaclient" -H "X-Auth-Token: {SHA1}45abf6b7461982199369cd656aa281bae090b655" _http_log_request /usr/lib/python2.7/site-packages/keystoneauth1/session.py:448
2019-06-22 08:01:47.635 662 DEBUG novaclient.v2.client [-] REQ: curl -g -i --cacert "/etc/ssl/certs/mcp_os_cacert" -X GET http://10.167.4.35:8774/v2.1/flavors/detail -H "Accept: application/json" -H "User-Agent: python-novaclient" -H "X-Auth-Token: {SHA1}db60cd1a79ee904a91348c6bffae3a38ddf1aa84" _http_log_request /usr/lib/python2.7/site-packages/keystoneauth1/session.py:448
2019-06-22 08:01:47.638 663 DEBUG novaclient.v2.client [-] REQ: curl -g -i --cacert "/etc/ssl/certs/mcp_os_cacert" -X GET http://10.167.4.35:8774/v2.1/flavors/detail -H "Accept: application/json" -H "User-Agent: python-novaclient" -H "X-Auth-Token: {SHA1}185421ab9ceb85d26b4f2ad762a045bde40fc9f3" _http_log_request /usr/lib/python2.7/site-packages/keystoneauth1/session.py:448
2019-06-22 08:01:47.765 661 DEBUG novaclient.v2.client [-] RESP: [200] Connection: close Content-Length: 1014 Content-Type: application/json Date: Sat, 22 Jun 2019 08:01:47 GMT Openstack-Api-Version: compute 2.1 Vary: OpenStack-API-Version, X-OpenStack-Nova-API-Version X-Compute-Request-Id: req-bfe7e0e9-0756-4a78-94fe-84e5ebbab3be X-Openstack-Nova-Api-Version: 2.1 X-Openstack-Request-Id: req-bfe7e0e9-0756-4a78-94fe-84e5ebbab3be _http_log_response /usr/lib/python2.7/site-packages/keystoneauth1/session.py:479
2019-06-22 08:01:47.766 662 DEBUG novaclient.v2.client [-] RESP: [200] Connection: close Content-Length: 1014 Content-Type: application/json Date: Sat, 22 Jun 2019 08:01:47 GMT Openstack-Api-Version: compute 2.1 Vary: OpenStack-API-Version, X-OpenStack-Nova-API-Version X-Compute-Request-Id: req-9d858ad1-47f0-4915-8ea4-cf5c0e02e2f5 X-Openstack-Nova-Api-Version: 2.1 X-Openstack-Request-Id: req-9d858ad1-47f0-4915-8ea4-cf5c0e02e2f5 _http_log_response /usr/lib/python2.7/site-packages/keystoneauth1/session.py:479
2019-06-22 08:01:47.766 661 DEBUG novaclient.v2.client [-] RESP BODY: {"flavors": [{"name": "rally_full-flavor_2f3b771c-dce7-4522-b254-5f97d59c8292", "links": [{"href": "http://10.167.4.35:8774/v2.1/flavors/0c67ea6c-78f6-456d-bf91-184f21ee61fd", "rel": "self"}, {"href": "http://10.167.4.35:8774/flavors/0c67ea6c-78f6-456d-bf91-184f21ee61fd", "rel": "bookmark"}], "ram": 512, "OS-FLV-DISABLED:disabled": false, "vcpus": 1, "swap": "", "os-flavor-access:is_public": true, "rxtx_factor": 1.0, "OS-FLV-EXT-DATA:ephemeral": 0, "disk": 1, "id": "0c67ea6c-78f6-456d-bf91-184f21ee61fd"}, {"name": "rally_full-flavor_alt_2f3b771c-dce7-4522-b254-5f97d59c8292", "links": [{"href": "http://10.167.4.35:8774/v2.1/flavors/4ff4940f-e9d6-4eef-8bd9-85f97b9f3eee", "rel": "self"}, {"href": "http://10.167.4.35:8774/flavors/4ff4940f-e9d6-4eef-8bd9-85f97b9f3eee", "rel": "bookmark"}], "ram": 1024, "OS-FLV-DISABLED:disabled": false, "vcpus": 1, "swap": "", "os-flavor-access:is_public": true, "rxtx_factor": 1.0, "OS-FLV-EXT-DATA:ephemeral": 0, "disk": 1, "id": "4ff4940f-e9d6-4eef-8bd9-85f97b9f3eee"}]} _http_log_response /usr/lib/python2.7/site-packages/keystoneauth1/session.py:511
2019-06-22 08:01:47.767 661 DEBUG novaclient.v2.client [-] GET call to compute for http://10.167.4.35:8774/v2.1/flavors/detail used request id req-bfe7e0e9-0756-4a78-94fe-84e5ebbab3be request /usr/lib/python2.7/site-packages/keystoneauth1/session.py:844
2019-06-22 08:01:47.767 662 DEBUG novaclient.v2.client [-] RESP BODY: {"flavors": [{"name": "rally_full-flavor_2f3b771c-dce7-4522-b254-5f97d59c8292", "links": [{"href": "http://10.167.4.35:8774/v2.1/flavors/0c67ea6c-78f6-456d-bf91-184f21ee61fd", "rel": "self"}, {"href": "http://10.167.4.35:8774/flavors/0c67ea6c-78f6-456d-bf91-184f21ee61fd", "rel": "bookmark"}], "ram": 512, "OS-FLV-DISABLED:disabled": false, "vcpus": 1, "swap": "", "os-flavor-access:is_public": true, "rxtx_factor": 1.0, "OS-FLV-EXT-DATA:ephemeral": 0, "disk": 1, "id": "0c67ea6c-78f6-456d-bf91-184f21ee61fd"}, {"name": "rally_full-flavor_alt_2f3b771c-dce7-4522-b254-5f97d59c8292", "links": [{"href": "http://10.167.4.35:8774/v2.1/flavors/4ff4940f-e9d6-4eef-8bd9-85f97b9f3eee", "rel": "self"}, {"href": "http://10.167.4.35:8774/flavors/4ff4940f-e9d6-4eef-8bd9-85f97b9f3eee", "rel": "bookmark"}], "ram": 1024, "OS-FLV-DISABLED:disabled": false, "vcpus": 1, "swap": "", "os-flavor-access:is_public": true, "rxtx_factor": 1.0, "OS-FLV-EXT-DATA:ephemeral": 0, "disk": 1, "id": "4ff4940f-e9d6-4eef-8bd9-85f97b9f3eee"}]} _http_log_response /usr/lib/python2.7/site-packages/keystoneauth1/session.py:511
2019-06-22 08:01:47.767 662 DEBUG novaclient.v2.client [-] GET call to compute for http://10.167.4.35:8774/v2.1/flavors/detail used request id req-9d858ad1-47f0-4915-8ea4-cf5c0e02e2f5 request /usr/lib/python2.7/site-packages/keystoneauth1/session.py:844
2019-06-22 08:01:47.769 662 DEBUG novaclient.v2.client [-] REQ: curl -g -i --cacert "/etc/ssl/certs/mcp_os_cacert" -X GET http://10.167.4.35:8774/v2.1/flavors/detail -H "Accept: application/json" -H "User-Agent: python-novaclient" -H "X-Auth-Token: {SHA1}db60cd1a79ee904a91348c6bffae3a38ddf1aa84" _http_log_request /usr/lib/python2.7/site-packages/keystoneauth1/session.py:448
2019-06-22 08:01:47.770 663 DEBUG novaclient.v2.client [-] RESP: [200] Connection: close Content-Length: 1014 Content-Type: application/json Date: Sat, 22 Jun 2019 08:01:47 GMT Openstack-Api-Version: compute 2.1 Vary: OpenStack-API-Version, X-OpenStack-Nova-API-Version X-Compute-Request-Id: req-d85fd5d2-a44b-446b-ab99-c6758242beb1 X-Openstack-Nova-Api-Version: 2.1 X-Openstack-Request-Id: req-d85fd5d2-a44b-446b-ab99-c6758242beb1 _http_log_response /usr/lib/python2.7/site-packages/keystoneauth1/session.py:479
2019-06-22 08:01:47.770 661 DEBUG novaclient.v2.client [-] REQ: curl -g -i --cacert "/etc/ssl/certs/mcp_os_cacert" -X GET http://10.167.4.35:8774/v2.1/flavors/detail -H "Accept: application/json" -H "User-Agent: python-novaclient" -H "X-Auth-Token: {SHA1}45abf6b7461982199369cd656aa281bae090b655" _http_log_request /usr/lib/python2.7/site-packages/keystoneauth1/session.py:448
2019-06-22 08:01:47.771 663 DEBUG novaclient.v2.client [-] RESP BODY: {"flavors": [{"name": "rally_full-flavor_2f3b771c-dce7-4522-b254-5f97d59c8292", "links": [{"href": "http://10.167.4.35:8774/v2.1/flavors/0c67ea6c-78f6-456d-bf91-184f21ee61fd", "rel": "self"}, {"href": "http://10.167.4.35:8774/flavors/0c67ea6c-78f6-456d-bf91-184f21ee61fd", "rel": "bookmark"}], "ram": 512, "OS-FLV-DISABLED:disabled": false, "vcpus": 1, "swap": "", "os-flavor-access:is_public": true, "rxtx_factor": 1.0, "OS-FLV-EXT-DATA:ephemeral": 0, "disk": 1, "id": "0c67ea6c-78f6-456d-bf91-184f21ee61fd"}, {"name": "rally_full-flavor_alt_2f3b771c-dce7-4522-b254-5f97d59c8292", "links": [{"href": "http://10.167.4.35:8774/v2.1/flavors/4ff4940f-e9d6-4eef-8bd9-85f97b9f3eee", "rel": "self"}, {"href": "http://10.167.4.35:8774/flavors/4ff4940f-e9d6-4eef-8bd9-85f97b9f3eee", "rel": "bookmark"}], "ram": 1024, "OS-FLV-DISABLED:disabled": false, "vcpus": 1, "swap": "", "os-flavor-access:is_public": true, "rxtx_factor": 1.0, "OS-FLV-EXT-DATA:ephemeral": 0, "disk": 1, "id": "4ff4940f-e9d6-4eef-8bd9-85f97b9f3eee"}]} _http_log_response /usr/lib/python2.7/site-packages/keystoneauth1/session.py:511
2019-06-22 08:01:47.771 664 DEBUG novaclient.v2.client [-] RESP: [200] Connection: close Content-Length: 1014 Content-Type: application/json Date: Sat, 22 Jun 2019 08:01:47 GMT Openstack-Api-Version: compute 2.1 Vary: OpenStack-API-Version, X-OpenStack-Nova-API-Version X-Compute-Request-Id: req-bc35d2ed-6fec-4b7a-be83-3861e274acf1 X-Openstack-Nova-Api-Version: 2.1 X-Openstack-Request-Id: req-bc35d2ed-6fec-4b7a-be83-3861e274acf1 _http_log_response /usr/lib/python2.7/site-packages/keystoneauth1/session.py:479
2019-06-22 08:01:47.771 663 DEBUG novaclient.v2.client [-] GET call to compute for http://10.167.4.35:8774/v2.1/flavors/detail used request id req-d85fd5d2-a44b-446b-ab99-c6758242beb1 request /usr/lib/python2.7/site-packages/keystoneauth1/session.py:844
2019-06-22 08:01:47.772 664 DEBUG novaclient.v2.client [-] RESP BODY: {"flavors": [{"name": "rally_full-flavor_2f3b771c-dce7-4522-b254-5f97d59c8292", "links": [{"href": "http://10.167.4.35:8774/v2.1/flavors/0c67ea6c-78f6-456d-bf91-184f21ee61fd", "rel": "self"}, {"href": "http://10.167.4.35:8774/flavors/0c67ea6c-78f6-456d-bf91-184f21ee61fd", "rel": "bookmark"}], "ram": 512, "OS-FLV-DISABLED:disabled": false, "vcpus": 1, "swap": "", "os-flavor-access:is_public": true, "rxtx_factor": 1.0, "OS-FLV-EXT-DATA:ephemeral": 0, "disk": 1, "id": "0c67ea6c-78f6-456d-bf91-184f21ee61fd"}, {"name": "rally_full-flavor_alt_2f3b771c-dce7-4522-b254-5f97d59c8292", "links": [{"href": "http://10.167.4.35:8774/v2.1/flavors/4ff4940f-e9d6-4eef-8bd9-85f97b9f3eee", "rel": "self"}, {"href": "http://10.167.4.35:8774/flavors/4ff4940f-e9d6-4eef-8bd9-85f97b9f3eee", "rel": "bookmark"}], "ram": 1024, "OS-FLV-DISABLED:disabled": false, "vcpus": 1, "swap": "", "os-flavor-access:is_public": true, "rxtx_factor": 1.0, "OS-FLV-EXT-DATA:ephemeral": 0, "disk": 1, "id": "4ff4940f-e9d6-4eef-8bd9-85f97b9f3eee"}]} _http_log_response /usr/lib/python2.7/site-packages/keystoneauth1/session.py:511
2019-06-22 08:01:47.772 664 DEBUG novaclient.v2.client [-] GET call to compute for http://10.167.4.35:8774/v2.1/flavors/detail used request id req-bc35d2ed-6fec-4b7a-be83-3861e274acf1 request /usr/lib/python2.7/site-packages/keystoneauth1/session.py:844
2019-06-22 08:01:47.773 663 DEBUG novaclient.v2.client [-] REQ: curl -g -i --cacert "/etc/ssl/certs/mcp_os_cacert" -X GET http://10.167.4.35:8774/v2.1/flavors/detail -H "Accept: application/json" -H "User-Agent: python-novaclient" -H "X-Auth-Token: {SHA1}185421ab9ceb85d26b4f2ad762a045bde40fc9f3" _http_log_request /usr/lib/python2.7/site-packages/keystoneauth1/session.py:448
2019-06-22 08:01:47.774 664 DEBUG novaclient.v2.client [-] REQ: curl -g -i --cacert "/etc/ssl/certs/mcp_os_cacert" -X GET http://10.167.4.35:8774/v2.1/flavors/detail -H "Accept: application/json" -H "User-Agent: python-novaclient" -H "X-Auth-Token: {SHA1}921e8299cd166296066f16c3bf8a0380b5c0e5d1" _http_log_request /usr/lib/python2.7/site-packages/keystoneauth1/session.py:448
2019-06-22 08:01:47.790 662 DEBUG novaclient.v2.client [-] RESP: [200] Connection: close Content-Length: 1014 Content-Type: application/json Date: Sat, 22 Jun 2019 08:01:47 GMT Openstack-Api-Version: compute 2.1 Vary: OpenStack-API-Version, X-OpenStack-Nova-API-Version X-Compute-Request-Id: req-af4dcf6e-2ad1-4cf7-976a-7eb0e969264d X-Openstack-Nova-Api-Version: 2.1 X-Openstack-Request-Id: req-af4dcf6e-2ad1-4cf7-976a-7eb0e969264d _http_log_response /usr/lib/python2.7/site-packages/keystoneauth1/session.py:479
2019-06-22 08:01:47.791 662 DEBUG novaclient.v2.client [-] RESP BODY: {"flavors": [{"name": "rally_full-flavor_2f3b771c-dce7-4522-b254-5f97d59c8292", "links": [{"href": "http://10.167.4.35:8774/v2.1/flavors/0c67ea6c-78f6-456d-bf91-184f21ee61fd", "rel": "self"}, {"href": "http://10.167.4.35:8774/flavors/0c67ea6c-78f6-456d-bf91-184f21ee61fd", "rel": "bookmark"}], "ram": 512, "OS-FLV-DISABLED:disabled": false, "vcpus": 1, "swap": "", "os-flavor-access:is_public": true, "rxtx_factor": 1.0, "OS-FLV-EXT-DATA:ephemeral": 0, "disk": 1, "id": "0c67ea6c-78f6-456d-bf91-184f21ee61fd"}, {"name": "rally_full-flavor_alt_2f3b771c-dce7-4522-b254-5f97d59c8292", "links": [{"href": "http://10.167.4.35:8774/v2.1/flavors/4ff4940f-e9d6-4eef-8bd9-85f97b9f3eee", "rel": "self"}, {"href": "http://10.167.4.35:8774/flavors/4ff4940f-e9d6-4eef-8bd9-85f97b9f3eee", "rel": "bookmark"}], "ram": 1024, "OS-FLV-DISABLED:disabled": false, "vcpus": 1, "swap": "", "os-flavor-access:is_public": true, "rxtx_factor": 1.0, "OS-FLV-EXT-DATA:ephemeral": 0, "disk": 1, "id": "4ff4940f-e9d6-4eef-8bd9-85f97b9f3eee"}]} _http_log_response /usr/lib/python2.7/site-packages/keystoneauth1/session.py:511
2019-06-22 08:01:47.791 662 DEBUG novaclient.v2.client [-] GET call to compute for http://10.167.4.35:8774/v2.1/flavors/detail used request id req-af4dcf6e-2ad1-4cf7-976a-7eb0e969264d request /usr/lib/python2.7/site-packages/keystoneauth1/session.py:844
2019-06-22 08:01:47.793 662 INFO rally.task.runner [-] Task 69593a13-40c2-4f11-b60a-c7b9201f1beb | ITER: 2 END: OK
2019-06-22 08:01:47.797 662 INFO rally.task.runner [-] Task 69593a13-40c2-4f11-b60a-c7b9201f1beb | ITER: 5 START
2019-06-22 08:01:47.799 664 DEBUG novaclient.v2.client [-] RESP: [200] Connection: close Content-Length: 1014 Content-Type: application/json Date: Sat, 22 Jun 2019 08:01:47 GMT Openstack-Api-Version: compute 2.1 Vary: OpenStack-API-Version, X-OpenStack-Nova-API-Version X-Compute-Request-Id: req-b05ada36-9c91-44c1-b9cb-ac6fb8203b3a X-Openstack-Nova-Api-Version: 2.1 X-Openstack-Request-Id: req-b05ada36-9c91-44c1-b9cb-ac6fb8203b3a _http_log_response /usr/lib/python2.7/site-packages/keystoneauth1/session.py:479
2019-06-22 08:01:47.799 663 DEBUG novaclient.v2.client [-] RESP: [200] Connection: close Content-Length: 1014 Content-Type: application/json Date: Sat, 22 Jun 2019 08:01:47 GMT Openstack-Api-Version: compute 2.1 Vary: OpenStack-API-Version, X-OpenStack-Nova-API-Version X-Compute-Request-Id: req-6fcd5dae-a7c6-4d82-bbdc-41f2baeb716a X-Openstack-Nova-Api-Version: 2.1 X-Openstack-Request-Id: req-6fcd5dae-a7c6-4d82-bbdc-41f2baeb716a _http_log_response /usr/lib/python2.7/site-packages/keystoneauth1/session.py:479
2019-06-22 08:01:47.800 664 DEBUG novaclient.v2.client [-] RESP BODY: {"flavors": [{"name": "rally_full-flavor_2f3b771c-dce7-4522-b254-5f97d59c8292", "links": [{"href": "http://10.167.4.35:8774/v2.1/flavors/0c67ea6c-78f6-456d-bf91-184f21ee61fd", "rel": "self"}, {"href": "http://10.167.4.35:8774/flavors/0c67ea6c-78f6-456d-bf91-184f21ee61fd", "rel": "bookmark"}], "ram": 512, "OS-FLV-DISABLED:disabled": false, "vcpus": 1, "swap": "", "os-flavor-access:is_public": true, "rxtx_factor": 1.0, "OS-FLV-EXT-DATA:ephemeral": 0, "disk": 1, "id": "0c67ea6c-78f6-456d-bf91-184f21ee61fd"}, {"name": "rally_full-flavor_alt_2f3b771c-dce7-4522-b254-5f97d59c8292", "links": [{"href": "http://10.167.4.35:8774/v2.1/flavors/4ff4940f-e9d6-4eef-8bd9-85f97b9f3eee", "rel": "self"}, {"href": "http://10.167.4.35:8774/flavors/4ff4940f-e9d6-4eef-8bd9-85f97b9f3eee", "rel": "bookmark"}], "ram": 1024, "OS-FLV-DISABLED:disabled": false, "vcpus": 1, "swap": "", "os-flavor-access:is_public": true, "rxtx_factor": 1.0, "OS-FLV-EXT-DATA:ephemeral": 0, "disk": 1, "id": "4ff4940f-e9d6-4eef-8bd9-85f97b9f3eee"}]} _http_log_response /usr/lib/python2.7/site-packages/keystoneauth1/session.py:511
2019-06-22 08:01:47.800 663 DEBUG novaclient.v2.client [-] RESP BODY: {"flavors": [{"name": "rally_full-flavor_2f3b771c-dce7-4522-b254-5f97d59c8292", "links": [{"href": "http://10.167.4.35:8774/v2.1/flavors/0c67ea6c-78f6-456d-bf91-184f21ee61fd", "rel": "self"}, {"href": "http://10.167.4.35:8774/flavors/0c67ea6c-78f6-456d-bf91-184f21ee61fd", "rel": "bookmark"}], "ram": 512, "OS-FLV-DISABLED:disabled": false, "vcpus": 1, "swap": "", "os-flavor-access:is_public": true, "rxtx_factor": 1.0, "OS-FLV-EXT-DATA:ephemeral": 0, "disk": 1, "id": "0c67ea6c-78f6-456d-bf91-184f21ee61fd"}, {"name": "rally_full-flavor_alt_2f3b771c-dce7-4522-b254-5f97d59c8292", "links": [{"href": "http://10.167.4.35:8774/v2.1/flavors/4ff4940f-e9d6-4eef-8bd9-85f97b9f3eee", "rel": "self"}, {"href": "http://10.167.4.35:8774/flavors/4ff4940f-e9d6-4eef-8bd9-85f97b9f3eee", "rel": "bookmark"}], "ram": 1024, "OS-FLV-DISABLED:disabled": false, "vcpus": 1, "swap": "", "os-flavor-access:is_public": true, "rxtx_factor": 1.0, "OS-FLV-EXT-DATA:ephemeral": 0, "disk": 1, "id": "4ff4940f-e9d6-4eef-8bd9-85f97b9f3eee"}]} _http_log_response /usr/lib/python2.7/site-packages/keystoneauth1/session.py:511
2019-06-22 08:01:47.800 664 DEBUG novaclient.v2.client [-] GET call to compute for http://10.167.4.35:8774/v2.1/flavors/detail used request id req-b05ada36-9c91-44c1-b9cb-ac6fb8203b3a request /usr/lib/python2.7/site-packages/keystoneauth1/session.py:844
2019-06-22 08:01:47.800 663 DEBUG novaclient.v2.client [-] GET call to compute for http://10.167.4.35:8774/v2.1/flavors/detail used request id req-6fcd5dae-a7c6-4d82-bbdc-41f2baeb716a request /usr/lib/python2.7/site-packages/keystoneauth1/session.py:844
