2019-06-21 03:03:56.257 25731 RALLYDEBUG rally_openstack.cleanup.manager [-] Deleting neutron.port object s_rally_52158c5d_CEu5VDRn (db9cf2ac-b073-4fb8-acb4-39478a7af37b)
2019-06-21 03:03:56.316 25731 RALLYDEBUG rally_openstack.cleanup.manager [-] Deleting neutron.port object s_rally_52158c5d_tkAPF2Ln (dbf78a37-977b-45df-8a31-0fe598f0f270)
2019-06-21 03:03:56.388 25731 RALLYDEBUG rally_openstack.cleanup.manager [-] Deleting neutron.port object s_rally_52158c5d_2OSWYVXu (dd61fc00-1f6a-45cb-b917-202f30e9667e)
2019-06-21 03:03:56.441 25731 RALLYDEBUG rally_openstack.cleanup.manager [-] Deleting neutron.port object s_rally_52158c5d_gOjo4UKy (de51481c-53bf-44be-b383-2645f8872bb3)
2019-06-21 03:03:56.443 25731 RALLYDEBUG rally_openstack.cleanup.manager [-] Deleting neutron.port object s_rally_52158c5d_aSTdeYoG (de10cf92-c03b-4eb3-8493-91da86dac3d4)
2019-06-21 03:03:56.580 25731 RALLYDEBUG rally_openstack.cleanup.manager [-] Deleting neutron.port object s_rally_52158c5d_0AeBd2eX (dea456db-684c-49f6-b058-8b7ca30919b7)
2019-06-21 03:03:56.766 25731 RALLYDEBUG rally_openstack.cleanup.manager [-] Deleting neutron.port object s_rally_52158c5d_yBhpEUaB (debf896e-a565-40f8-89e0-d313882fc538)
2019-06-21 03:03:56.843 25731 RALLYDEBUG rally_openstack.cleanup.manager [-] Deleting neutron.port object s_rally_52158c5d_r7vwgeFo (df3e55f8-96e2-40cc-8366-ecc022df1547)
2019-06-21 03:03:56.953 25731 RALLYDEBUG rally_openstack.cleanup.manager [-] Deleting neutron.port object s_rally_52158c5d_PAjkA43o (df878e45-844d-4753-8e4a-dd8cf93134b7)
2019-06-21 03:03:57.053 25731 RALLYDEBUG rally_openstack.cleanup.manager [-] Deleting neutron.port object s_rally_52158c5d_iH2vwZzp (df9c5920-dd01-40bd-912d-e4250a1b8ce0)
2019-06-21 03:03:57.120 25731 RALLYDEBUG rally_openstack.cleanup.manager [-] Deleting neutron.port object s_rally_52158c5d_sUF5B6a2 (e04a8efc-242a-4e7b-b8fb-c5d82f72fcd7)
2019-06-21 03:03:57.258 25731 RALLYDEBUG rally_openstack.cleanup.manager [-] Deleting neutron.port object s_rally_52158c5d_DBfGHoSM (e1c679ee-fcef-4dfe-b80b-22b616fa5eb5)
2019-06-21 03:03:57.322 25731 RALLYDEBUG rally_openstack.cleanup.manager [-] Deleting neutron.port object s_rally_52158c5d_6kUZR7Fk (e1e30184-6151-476f-acf5-56a2a7044cb6)
2019-06-21 03:03:57.361 25731 RALLYDEBUG rally_openstack.cleanup.manager [-] Deleting neutron.port object s_rally_52158c5d_prnWlqfi (e26fe0c5-91df-44c3-9beb-3636068c7010)
2019-06-21 03:03:57.566 25731 RALLYDEBUG rally_openstack.cleanup.manager [-] Deleting neutron.port object s_rally_52158c5d_YUSafJNL (e39a6f00-f486-4267-9617-ea40b88df662)
2019-06-21 03:03:57.625 25731 RALLYDEBUG rally_openstack.cleanup.manager [-] Deleting neutron.port object s_rally_52158c5d_jYyloY6h (e3ac78c9-00ff-414f-bde3-f00acdda5639)
2019-06-21 03:03:57.732 25731 RALLYDEBUG rally_openstack.cleanup.manager [-] Deleting neutron.port object s_rally_52158c5d_cPw7EUbw (e3d932cd-b74e-4950-a978-63c2bfbbcad7)
2019-06-21 03:03:57.835 25731 RALLYDEBUG rally_openstack.cleanup.manager [-] Deleting neutron.port object s_rally_52158c5d_QrOXziaW (e4fe1281-5e2a-41de-bea8-f7ecf9106dcd)
2019-06-21 03:03:57.937 25731 RALLYDEBUG rally_openstack.cleanup.manager [-] Deleting neutron.port object s_rally_52158c5d_JdmlAh7c (e5f22b5f-edc7-4f92-b629-f38c1b9ba0a1)
2019-06-21 03:03:57.982 25731 RALLYDEBUG rally_openstack.cleanup.manager [-] Deleting neutron.port object s_rally_52158c5d_gQEvRD3E (e67e0df9-f9ae-46ad-82e7-97a6b085e90d)
2019-06-21 03:03:58.241 25731 RALLYDEBUG rally_openstack.cleanup.manager [-] Deleting neutron.port object s_rally_52158c5d_MgdKQNjK (e6acbfd0-b162-4bfc-bd82-5fe506ad632e)
2019-06-21 03:03:58.260 25731 RALLYDEBUG rally_openstack.cleanup.manager [-] Deleting neutron.port object s_rally_52158c5d_RWOv5lsc (e77e9a41-b5e0-4171-9bd8-30277cc057ee)
2019-06-21 03:03:58.516 25731 RALLYDEBUG rally_openstack.cleanup.manager [-] Deleting neutron.port object s_rally_52158c5d_kcq57UQZ (eb3795b7-d707-48f0-a0a9-9344783cc3f6)
2019-06-21 03:03:58.608 25731 RALLYDEBUG rally_openstack.cleanup.manager [-] Deleting neutron.port object s_rally_52158c5d_sURYNbGD (eb8d8de5-1f9e-4997-a75d-0b55010b8e52)
2019-06-21 03:03:58.674 25731 RALLYDEBUG rally_openstack.cleanup.manager [-] Deleting neutron.port object s_rally_52158c5d_8CNZbLQZ (ebebc221-c2c3-4baa-80d0-f2c281191ab1)
2019-06-21 03:03:58.754 25731 RALLYDEBUG rally_openstack.cleanup.manager [-] Deleting neutron.port object s_rally_52158c5d_0YGoaP4h (ec570c54-8a68-4fc7-a3a6-54cefa17147d)
2019-06-21 03:03:58.846 25731 RALLYDEBUG rally_openstack.cleanup.manager [-] Deleting neutron.port object s_rally_52158c5d_iFr7dsqF (ed92849d-74d9-47b8-ae66-deae628b95a9)
2019-06-21 03:03:58.960 25731 RALLYDEBUG rally_openstack.cleanup.manager [-] Deleting neutron.port object s_rally_52158c5d_rFKGtnd8 (eda0f2e2-1a71-4704-867a-625b5a9f0755)
2019-06-21 03:03:59.116 25731 RALLYDEBUG rally_openstack.cleanup.manager [-] Deleting neutron.port object s_rally_52158c5d_u8ILzm5s (efdbe058-fb5a-4810-808c-dd1141389ba7)
2019-06-21 03:03:59.278 25731 RALLYDEBUG rally_openstack.cleanup.manager [-] Deleting neutron.port object s_rally_52158c5d_7GyW7AHh (f01cddb4-fadb-4774-aa8f-b92542e63360)
2019-06-21 03:03:59.650 25731 RALLYDEBUG rally_openstack.cleanup.manager [-] Deleting neutron.port object s_rally_52158c5d_dNlMmzZI (f01d592a-c39d-4b22-9560-7d8020674f02)
2019-06-21 03:03:59.712 25731 RALLYDEBUG rally_openstack.cleanup.manager [-] Deleting neutron.port object s_rally_52158c5d_NXKHNEEc (f0f8982d-c411-474d-86a6-b8bef3c73743)
2019-06-21 03:03:59.741 25731 RALLYDEBUG rally_openstack.cleanup.manager [-] Deleting neutron.port object s_rally_52158c5d_f2hFJrgo (f140f099-1057-4cd5-a47c-91d1647e8b74)
2019-06-21 03:03:59.753 25731 RALLYDEBUG rally_openstack.cleanup.manager [-] Deleting neutron.port object s_rally_52158c5d_ptTxFVJ6 (f17980e0-19ce-4d39-9194-37bb1cb53fd9)
2019-06-21 03:04:00.055 25731 RALLYDEBUG rally_openstack.cleanup.manager [-] Deleting neutron.port object s_rally_52158c5d_dBDE28z7 (f2936510-f167-4ae3-b68e-1ad6e309237a)
2019-06-21 03:04:00.121 25731 RALLYDEBUG rally_openstack.cleanup.manager [-] Deleting neutron.port object s_rally_52158c5d_0epQOC8l (f2d2402b-790c-4d4a-adf2-c64c03842128)
2019-06-21 03:04:00.129 25731 RALLYDEBUG rally_openstack.cleanup.manager [-] Deleting neutron.port object s_rally_52158c5d_ebf6g8hR (f3969f96-7a81-4474-b3ad-e6dbb7d69112)
2019-06-21 03:04:00.315 25731 RALLYDEBUG rally_openstack.cleanup.manager [-] Deleting neutron.port object s_rally_52158c5d_fuxAk12d (f3f1667c-3a28-49c2-9e4b-f3aa8955aec2)
2019-06-21 03:04:00.324 25731 RALLYDEBUG rally_openstack.cleanup.manager [-] Deleting neutron.port object s_rally_52158c5d_WDYUTo4l (f414f80d-41a3-4355-9b5d-94ee2b750d09)
2019-06-21 03:04:00.483 25731 RALLYDEBUG rally_openstack.cleanup.manager [-] Deleting neutron.port object s_rally_52158c5d_h0ufNDBQ (f43c0478-c4fe-46ea-bd3b-03091b2b162c)
2019-06-21 03:04:00.626 25731 RALLYDEBUG rally_openstack.cleanup.manager [-] Deleting neutron.port object s_rally_52158c5d_lE0fXWFO (f5172992-1a77-4932-a2d2-0487ce7d31f9)
2019-06-21 03:04:00.750 25731 RALLYDEBUG rally_openstack.cleanup.manager [-] Deleting neutron.port object s_rally_52158c5d_mgn75iDK (f5573daf-d1b4-4300-8b08-783e2b9376d9)
2019-06-21 03:04:00.785 25731 RALLYDEBUG rally_openstack.cleanup.manager [-] Deleting neutron.port object s_rally_52158c5d_im973S3S (f6481101-2509-424f-b43f-1b9e3ea3c9f4)
2019-06-21 03:04:00.850 25731 RALLYDEBUG rally_openstack.cleanup.manager [-] Deleting neutron.port object s_rally_52158c5d_0XYJkg0u (f6bb383c-b4c5-4f18-94bf-2ccc178bae86)
2019-06-21 03:04:01.001 25731 RALLYDEBUG rally_openstack.cleanup.manager [-] Deleting neutron.port object s_rally_52158c5d_PGg96qYM (f79fd602-2fb6-49d2-8e38-ce3294cd887c)
2019-06-21 03:04:01.186 25731 RALLYDEBUG rally_openstack.cleanup.manager [-] Deleting neutron.port object s_rally_52158c5d_fn9IVsnw (f7f53cab-621b-4d0a-87bf-59a6dc1a21c7)
2019-06-21 03:04:01.275 25731 RALLYDEBUG rally_openstack.cleanup.manager [-] Deleting neutron.port object s_rally_52158c5d_NGfe36IG (f802e6b9-092e-491e-bce4-f5067a5b2ae3)
2019-06-21 03:04:01.379 25731 RALLYDEBUG rally_openstack.cleanup.manager [-] Deleting neutron.port object s_rally_52158c5d_qS8EGFIG (f82633e0-85c2-4ed8-8089-fe85ae88527c)
2019-06-21 03:04:01.676 25731 RALLYDEBUG rally_openstack.cleanup.manager [-] Deleting neutron.port object s_rally_52158c5d_ur2lm5za (f83a46b2-d6ba-400c-8cee-30c3f9f5038e)
2019-06-21 03:04:01.776 25731 RALLYDEBUG rally_openstack.cleanup.manager [-] Deleting neutron.port object s_rally_52158c5d_b5Fw41gc (f876e81a-8ec9-4818-8167-b21fe34cfffa)
2019-06-21 03:04:01.789 25731 RALLYDEBUG rally_openstack.cleanup.manager [-] Deleting neutron.port object s_rally_52158c5d_h5WoGlLM (f9ce7b66-75e8-461f-bf64-0985607a2cb6)
2019-06-21 03:04:01.797 25731 RALLYDEBUG rally_openstack.cleanup.manager [-] Deleting neutron.port object s_rally_52158c5d_dzAWu4mU (f8bf6aba-3777-4633-8e7f-3995d1787064)
2019-06-21 03:04:01.880 25731 RALLYDEBUG rally_openstack.cleanup.manager [-] Deleting neutron.port object s_rally_52158c5d_9VGZ4wmt (f9f5bc61-cf81-4d6c-b1e7-7bcbcc4c283b)
2019-06-21 03:04:01.977 25731 RALLYDEBUG rally_openstack.cleanup.manager [-] Deleting neutron.port object s_rally_52158c5d_sB3Ecfjy (fa371598-b337-4637-8a9d-56a830cc27bd)
2019-06-21 03:04:02.077 25731 RALLYDEBUG rally_openstack.cleanup.manager [-] Deleting neutron.port object s_rally_52158c5d_hAHzFwBF (fbd2f659-49b2-4cae-b3cc-b5aab61f0447)
2019-06-21 03:04:02.082 25731 RALLYDEBUG rally_openstack.cleanup.manager [-] Deleting neutron.port object s_rally_52158c5d_bwsEe0RR (fbee772c-6531-4b99-963f-93ad18fbd969)
2019-06-21 03:04:02.192 25731 RALLYDEBUG rally_openstack.cleanup.manager [-] Deleting neutron.port object s_rally_52158c5d_3n9uDOcj (fce4ed99-992a-48be-b137-509d319b742e)
2019-06-21 03:04:02.205 25731 RALLYDEBUG rally_openstack.cleanup.manager [-] Deleting neutron.port object s_rally_52158c5d_i38IuAhe (fce6c2b7-4b63-4b88-af23-382121369e02)
2019-06-21 03:04:02.234 25731 RALLYDEBUG rally_openstack.cleanup.manager [-] Deleting neutron.port object s_rally_52158c5d_TGtWDoNL (fd373186-1380-4743-8281-442c2c5d810d)
2019-06-21 03:04:02.474 25731 RALLYDEBUG rally_openstack.cleanup.manager [-] Deleting neutron.port object s_rally_52158c5d_U2OgYZoU (fd8613b5-b66c-4c93-81bb-c0ca28bcbedd)
2019-06-21 03:04:02.570 25731 RALLYDEBUG rally_openstack.cleanup.manager [-] Deleting neutron.port object s_rally_52158c5d_4i9IwogQ (ff09ff13-27b2-41db-a522-fae0ce8d2afe)
2019-06-21 03:04:02.677 25731 RALLYDEBUG rally_openstack.cleanup.manager [-] Deleting neutron.port object s_rally_52158c5d_U65p7HzN (fff32439-5413-47ce-b11f-069e91d052b4)
2019-06-21 03:04:04.750 25731 RALLYDEBUG rally_openstack.cleanup.manager [-] Cleaning up neutron subnet objects
2019-06-21 03:04:05.187 25731 RALLYDEBUG rally_openstack.cleanup.manager [-] Cleaning up neutron network objects
2019-06-21 03:04:05.683 25731 RALLYDEBUG rally_openstack.cleanup.manager [-] Deleting neutron.network object s_rally_52158c5d_JBXw8viv (2449a497-e63b-490e-8330-5533aae7d264)
2019-06-21 03:04:05.693 25731 RALLYDEBUG rally_openstack.cleanup.manager [-] Deleting neutron.network object s_rally_52158c5d_Fgi12s0v (47240275-d691-4af6-ada5-67d024fd57c2)
2019-06-21 03:04:05.708 25731 RALLYDEBUG rally_openstack.cleanup.manager [-] Deleting neutron.network object s_rally_52158c5d_lNcgkOon (8339c94e-319c-439d-90af-731cfb4d9e1a)
2019-06-21 03:04:05.709 25731 RALLYDEBUG rally_openstack.cleanup.manager [-] Deleting neutron.network object s_rally_52158c5d_Tuf8j4Zo (9657aa64-b62b-41dc-8746-e4608b1f8f95)
2019-06-21 03:04:05.722 25731 RALLYDEBUG rally_openstack.cleanup.manager [-] Deleting neutron.network object s_rally_52158c5d_fuZ95epn (9ebd0189-95e7-490b-8def-b37bb632771a)
2019-06-21 03:04:05.725 25731 RALLYDEBUG rally_openstack.cleanup.manager [-] Deleting neutron.network object s_rally_52158c5d_W6BD7GrU (cd48fbe3-5896-4f5a-b0a8-535d1037fad0)
2019-06-21 03:04:05.734 25731 RALLYDEBUG rally_openstack.cleanup.manager [-] Deleting neutron.network object s_rally_52158c5d_8uJm7UWM (dbdf449f-4490-4d79-91af-5d7d9f3e40ab)
2019-06-21 03:04:05.765 25731 RALLYDEBUG rally_openstack.cleanup.manager [-] Deleting neutron.network object s_rally_52158c5d_cTpF1RUf (fe6a95a2-bf4b-4804-9101-3dc3ed6dc50d)
2019-06-21 03:04:08.549 25731 RALLYDEBUG rally_openstack.cleanup.manager [-] Cleaning up neutron router objects
2019-06-21 03:04:08.999 25731 RALLYDEBUG rally_openstack.cleanup.manager [-] Cleaning up neutron security_group objects
2019-06-21 03:04:09.444 25731 INFO rally.task.context [-] Task 2a987809-b22e-48de-b456-1f1d6e6a60b6 | Context cleanup@openstack cleanup() finished in 51.64 sec
2019-06-21 03:04:09.445 25731 INFO rally.task.context [-] Task 2a987809-b22e-48de-b456-1f1d6e6a60b6 | Context quotas@openstack cleanup() started
2019-06-21 03:04:09.542 25731 INFO rally.task.context [-] Task 2a987809-b22e-48de-b456-1f1d6e6a60b6 | Context quotas@openstack cleanup() finished in 97.04 msec
2019-06-21 03:04:09.542 25731 INFO rally.task.context [-] Task 2a987809-b22e-48de-b456-1f1d6e6a60b6 | Context users@openstack cleanup() started
2019-06-21 03:04:12.413 25731 INFO rally.task.context [-] Task 2a987809-b22e-48de-b456-1f1d6e6a60b6 | Context users@openstack cleanup() finished in 2.87 sec
2019-06-21 03:04:14.256 25731 INFO rally.task.engine [-] Load duration is: 56.922385
2019-06-21 03:04:14.256 25731 INFO rally.task.engine [-] Full runner duration is: 56.970245
2019-06-21 03:04:14.257 25731 INFO rally.task.engine [-] Full duration is: 114.672434
2019-06-21 03:04:14.577 25731 INFO rally.task.engine [-] Running workload: position = 1 config = { "version": 2, "title": "A cropped version of a bigger task.", "description": "Auto-generated task from a single workload (uuid=d6883cad-542c-44aa-a4e1-3619719c8a2b)", "subtasks": [ { "title": "NeutronNetworks.create_and_update_ports", "description": "Create and update a given number of ports.", "scenario": { "NeutronNetworks.create_and_update_ports": { "network_create_args": {}, "port_create_args": {}, "ports_per_network": 5, "port_update_args": { "admin_state_up": false, "device_id": "dummy_id", "device_owner": "dummy_owner", "name": "_port_updated" } } }, "contexts": { "users": { "tenants": 1, "users_per_tenant": 1 }, "quotas": { "neutron": { "network": -1, "port": -1 } } }, "runner": { "constant": { "times": 40, "concurrency": 20 } }, "hooks": [], "sla": { "failure_rate": { "max": 0 } } } ] }
2019-06-21 03:04:14.604 25731 RALLYDEBUG rally_openstack.contexts.keystone.users [-] Creating 1 tenants using 20 threads
2019-06-21 03:04:15.585 25731 RALLYDEBUG rally_openstack.contexts.keystone.users [-] Creating 1 users using 20 threads
2019-06-21 03:04:17.065 25731 INFO rally.task.context [-] Task 2a987809-b22e-48de-b456-1f1d6e6a60b6 | Context users@openstack setup() finished in 2.46 sec
2019-06-21 03:04:17.648 25731 INFO rally.task.context [-] Task 2a987809-b22e-48de-b456-1f1d6e6a60b6 | Context quotas@openstack setup() finished in 0.58 sec
2019-06-21 03:04:17.649 25731 INFO rally.task.context [-] Task 2a987809-b22e-48de-b456-1f1d6e6a60b6 | Context cleanup@openstack setup() finished in 0.01 msec
2019-06-21 03:04:17.658 25731 RALLYDEBUG rally.task.runner [-] Starting the constant runner (task UUID: 2a987809-b22e-48de-b456-1f1d6e6a60b6). timeout: 0 concurrency: 20 concurrency_per_worker: 1 times: 40 concurrency_overhead: 4 processes_to_start: 16 max_cpu_used: 16
2019-06-21 03:04:17.673 29607 RALLYDEBUG rally.task.runner [-] Starting a worker. concurrency: 2 args: {"network_create_args": {}, "port_create_args": {}, "ports_per_network": 5, "port_update_args": {"admin_state_up": false, "device_id": "dummy_id", "device_owner": "dummy_owner", "name": "_port_updated"}} times: 40 method_name: run timeout: 0 duration: None cls:
2019-06-21 03:04:17.676 29608 RALLYDEBUG rally.task.runner [-] Starting a worker. concurrency: 2 args: {"network_create_args": {}, "port_create_args": {}, "ports_per_network": 5, "port_update_args": {"admin_state_up": false, "device_id": "dummy_id", "device_owner": "dummy_owner", "name": "_port_updated"}} times: 40 method_name: run timeout: 0 duration: None cls:
2019-06-21 03:04:17.679 29609 RALLYDEBUG rally.task.runner [-] Starting a worker. concurrency: 2 args: {"network_create_args": {}, "port_create_args": {}, "ports_per_network": 5, "port_update_args": {"admin_state_up": false, "device_id": "dummy_id", "device_owner": "dummy_owner", "name": "_port_updated"}} times: 40 method_name: run timeout: 0 duration: None cls:
2019-06-21 03:04:17.683 29610 RALLYDEBUG rally.task.runner [-] Starting a worker. concurrency: 2 args: {"network_create_args": {}, "port_create_args": {}, "ports_per_network": 5, "port_update_args": {"admin_state_up": false, "device_id": "dummy_id", "device_owner": "dummy_owner", "name": "_port_updated"}} times: 40 method_name: run timeout: 0 duration: None cls:
2019-06-21 03:04:17.683 29607 INFO rally.task.runner [-] Task 2a987809-b22e-48de-b456-1f1d6e6a60b6 | ITER: 1 START
2019-06-21 03:04:17.685 29612 RALLYDEBUG rally.task.runner [-] Starting a worker. concurrency: 1 args: {"network_create_args": {}, "port_create_args": {}, "ports_per_network": 5, "port_update_args": {"admin_state_up": false, "device_id": "dummy_id", "device_owner": "dummy_owner", "name": "_port_updated"}} times: 40 method_name: run timeout: 0 duration: None cls:
2019-06-21 03:04:17.685 29607 INFO rally.task.runner [-] Task 2a987809-b22e-48de-b456-1f1d6e6a60b6 | ITER: 3 START
2019-06-21 03:04:17.687 29607 WARNING rally_openstack.scenarios.neutron.utils [-] Running this scenario without either the 'network' or 'existing_network' context is deprecated
2019-06-21 03:04:17.688 29608 INFO rally.task.runner [-] Task 2a987809-b22e-48de-b456-1f1d6e6a60b6 | ITER: 2 START
2019-06-21 03:04:17.690 29609 INFO rally.task.runner [-] Task 2a987809-b22e-48de-b456-1f1d6e6a60b6 | ITER: 4 START
2019-06-21 03:04:17.690 29608 WARNING rally_openstack.scenarios.neutron.utils [-] Running this scenario without either the 'network' or 'existing_network' context is deprecated
2019-06-21 03:04:17.690 29614 RALLYDEBUG rally.task.runner [-] Starting a worker. concurrency: 1 args: {"network_create_args": {}, "port_create_args": {}, "ports_per_network": 5, "port_update_args": {"admin_state_up": false, "device_id": "dummy_id", "device_owner": "dummy_owner", "name": "_port_updated"}} times: 40 method_name: run timeout: 0 duration: None cls:
2019-06-21 03:04:17.692 29612 INFO rally.task.runner [-] Task 2a987809-b22e-48de-b456-1f1d6e6a60b6 | ITER: 8 START
2019-06-21 03:04:17.692 29609 WARNING rally_openstack.scenarios.neutron.utils [-] Running this scenario without either the 'network' or 'existing_network' context is deprecated
2019-06-21 03:04:17.693 29612 WARNING rally_openstack.scenarios.neutron.utils [-] Running this scenario without either the 'network' or 'existing_network' context is deprecated
2019-06-21 03:04:17.694 29610 INFO rally.task.runner [-] Task 2a987809-b22e-48de-b456-1f1d6e6a60b6 | ITER: 6 START
2019-06-21 03:04:17.695 29621 RALLYDEBUG rally.task.runner [-] Starting a worker. concurrency: 1 args: {"network_create_args": {}, "port_create_args": {}, "ports_per_network": 5, "port_update_args": {"admin_state_up": false, "device_id": "dummy_id", "device_owner": "dummy_owner", "name": "_port_updated"}} times: 40 method_name: run timeout: 0 duration: None cls:
2019-06-21 03:04:17.697 29614 INFO rally.task.runner [-] Task 2a987809-b22e-48de-b456-1f1d6e6a60b6 | ITER: 10 START
2019-06-21 03:04:17.698 29610 WARNING rally_openstack.scenarios.neutron.utils [-] Running this scenario without either the 'network' or 'existing_network' context is deprecated
2019-06-21 03:04:17.688 29607 WARNING rally_openstack.scenarios.neutron.utils [-] Running this scenario without either the 'network' or 'existing_network' context is deprecated
2019-06-21 03:04:17.699 29614 WARNING rally_openstack.scenarios.neutron.utils [-] Running this scenario without either the 'network' or 'existing_network' context is deprecated
2019-06-21 03:04:17.703 29621 INFO rally.task.runner [-] Task 2a987809-b22e-48de-b456-1f1d6e6a60b6 | ITER: 11 START
2019-06-21 03:04:17.704 29609 INFO rally.task.runner [-] Task 2a987809-b22e-48de-b456-1f1d6e6a60b6 | ITER: 7 START
2019-06-21 03:04:17.691 29608 INFO rally.task.runner [-] Task 2a987809-b22e-48de-b456-1f1d6e6a60b6 | ITER: 5 START
2019-06-21 03:04:17.705 29609 WARNING rally_openstack.scenarios.neutron.utils [-] Running this scenario without either the 'network' or 'existing_network' context is deprecated
2019-06-21 03:04:17.705 29621 WARNING rally_openstack.scenarios.neutron.utils [-] Running this scenario without either the 'network' or 'existing_network' context is deprecated
2019-06-21 03:04:17.705 29608 WARNING rally_openstack.scenarios.neutron.utils [-] Running this scenario without either the 'network' or 'existing_network' context is deprecated
2019-06-21 03:04:17.705 29629 RALLYDEBUG rally.task.runner [-] Starting a worker. concurrency: 1 args: {"network_create_args": {}, "port_create_args": {}, "ports_per_network": 5, "port_update_args": {"admin_state_up": false, "device_id": "dummy_id", "device_owner": "dummy_owner", "name": "_port_updated"}} times: 40 method_name: run timeout: 0 duration: None cls:
2019-06-21 03:04:17.700 29610 INFO rally.task.runner [-] Task 2a987809-b22e-48de-b456-1f1d6e6a60b6 | ITER: 9 START
2019-06-21 03:04:17.708 29632 RALLYDEBUG rally.task.runner [-] Starting a worker. concurrency: 1 args: {"network_create_args": {}, "port_create_args": {}, "ports_per_network": 5, "port_update_args": {"admin_state_up": false, "device_id": "dummy_id", "device_owner": "dummy_owner", "name": "_port_updated"}} times: 40 method_name: run timeout: 0 duration: None cls:
2019-06-21 03:04:17.710 29610 WARNING rally_openstack.scenarios.neutron.utils [-] Running this scenario without either the 'network' or 'existing_network' context is deprecated
2019-06-21 03:04:17.713 29634 RALLYDEBUG rally.task.runner [-] Starting a worker. concurrency: 1 args: {"network_create_args": {}, "port_create_args": {}, "ports_per_network": 5, "port_update_args": {"admin_state_up": false, "device_id": "dummy_id", "device_owner": "dummy_owner", "name": "_port_updated"}} times: 40 method_name: run timeout: 0 duration: None cls:
2019-06-21 03:04:17.714 29629 INFO rally.task.runner [-] Task 2a987809-b22e-48de-b456-1f1d6e6a60b6 | ITER: 12 START
2019-06-21 03:04:17.715 29632 INFO rally.task.runner [-] Task 2a987809-b22e-48de-b456-1f1d6e6a60b6 | ITER: 13 START
2019-06-21 03:04:17.716 29629 WARNING rally_openstack.scenarios.neutron.utils [-] Running this scenario without either the 'network' or 'existing_network' context is deprecated
2019-06-21 03:04:17.717 29632 WARNING rally_openstack.scenarios.neutron.utils [-] Running this scenario without either the 'network' or 'existing_network' context is deprecated
2019-06-21 03:04:17.720 29634 INFO rally.task.runner [-] Task 2a987809-b22e-48de-b456-1f1d6e6a60b6 | ITER: 14 START
2019-06-21 03:04:17.721 29634 WARNING rally_openstack.scenarios.neutron.utils [-] Running this scenario without either the 'network' or 'existing_network' context is deprecated
2019-06-21 03:04:17.725 29639 RALLYDEBUG rally.task.runner [-] Starting a worker. concurrency: 1 args: {"network_create_args": {}, "port_create_args": {}, "ports_per_network": 5, "port_update_args": {"admin_state_up": false, "device_id": "dummy_id", "device_owner": "dummy_owner", "name": "_port_updated"}} times: 40 method_name: run timeout: 0 duration: None cls:
2019-06-21 03:04:17.733 29639 INFO rally.task.runner [-] Task 2a987809-b22e-48de-b456-1f1d6e6a60b6 | ITER: 15 START
2019-06-21 03:04:17.733 29642 RALLYDEBUG rally.task.runner [-] Starting a worker. concurrency: 1 args: {"network_create_args": {}, "port_create_args": {}, "ports_per_network": 5, "port_update_args": {"admin_state_up": false, "device_id": "dummy_id", "device_owner": "dummy_owner", "name": "_port_updated"}} times: 40 method_name: run timeout: 0 duration: None cls:
2019-06-21 03:04:17.735 29639 WARNING rally_openstack.scenarios.neutron.utils [-] Running this scenario without either the 'network' or 'existing_network' context is deprecated
2019-06-21 03:04:17.737 29643 RALLYDEBUG rally.task.runner [-] Starting a worker. concurrency: 1 args: {"network_create_args": {}, "port_create_args": {}, "ports_per_network": 5, "port_update_args": {"admin_state_up": false, "device_id": "dummy_id", "device_owner": "dummy_owner", "name": "_port_updated"}} times: 40 method_name: run timeout: 0 duration: None cls:
2019-06-21 03:04:17.738 29642 INFO rally.task.runner [-] Task 2a987809-b22e-48de-b456-1f1d6e6a60b6 | ITER: 16 START
2019-06-21 03:04:17.740 29642 WARNING rally_openstack.scenarios.neutron.utils [-] Running this scenario without either the 'network' or 'existing_network' context is deprecated
2019-06-21 03:04:17.743 29643 INFO rally.task.runner [-] Task 2a987809-b22e-48de-b456-1f1d6e6a60b6 | ITER: 17 START
2019-06-21 03:04:17.744 29643 WARNING rally_openstack.scenarios.neutron.utils [-] Running this scenario without either the 'network' or 'existing_network' context is deprecated
2019-06-21 03:04:17.746 29648 RALLYDEBUG rally.task.runner [-] Starting a worker. concurrency: 1 args: {"network_create_args": {}, "port_create_args": {}, "ports_per_network": 5, "port_update_args": {"admin_state_up": false, "device_id": "dummy_id", "device_owner": "dummy_owner", "name": "_port_updated"}} times: 40 method_name: run timeout: 0 duration: None cls:
2019-06-21 03:04:17.753 29651 RALLYDEBUG rally.task.runner [-] Starting a worker. concurrency: 1 args: {"network_create_args": {}, "port_create_args": {}, "ports_per_network": 5, "port_update_args": {"admin_state_up": false, "device_id": "dummy_id", "device_owner": "dummy_owner", "name": "_port_updated"}} times: 40 method_name: run timeout: 0 duration: None cls:
2019-06-21 03:04:17.753 29648 INFO rally.task.runner [-] Task 2a987809-b22e-48de-b456-1f1d6e6a60b6 | ITER: 18 START
2019-06-21 03:04:17.755 29648 WARNING rally_openstack.scenarios.neutron.utils [-] Running this scenario without either the 'network' or 'existing_network' context is deprecated
2019-06-21 03:04:17.758 29651 INFO rally.task.runner [-] Task 2a987809-b22e-48de-b456-1f1d6e6a60b6 | ITER: 19 START
2019-06-21 03:04:17.757 29654 RALLYDEBUG rally.task.runner [-] Starting a worker. concurrency: 1 args: {"network_create_args": {}, "port_create_args": {}, "ports_per_network": 5, "port_update_args": {"admin_state_up": false, "device_id": "dummy_id", "device_owner": "dummy_owner", "name": "_port_updated"}} times: 40 method_name: run timeout: 0 duration: None cls:
2019-06-21 03:04:17.759 29651 WARNING rally_openstack.scenarios.neutron.utils [-] Running this scenario without either the 'network' or 'existing_network' context is deprecated
2019-06-21 03:04:17.763 29654 INFO rally.task.runner [-] Task 2a987809-b22e-48de-b456-1f1d6e6a60b6 | ITER: 20 START
2019-06-21 03:04:17.764 29654 WARNING rally_openstack.scenarios.neutron.utils [-] Running this scenario without either the 'network' or 'existing_network' context is deprecated
2019-06-21 03:04:26.086 29651 INFO rally.task.runner [-] Task 2a987809-b22e-48de-b456-1f1d6e6a60b6 | ITER: 19 END: OK
2019-06-21 03:04:26.091 29651 INFO rally.task.runner [-] Task 2a987809-b22e-48de-b456-1f1d6e6a60b6 | ITER: 21 START
2019-06-21 03:04:26.092 29651 WARNING rally_openstack.scenarios.neutron.utils [-] Running this scenario without either the 'network' or 'existing_network' context is deprecated
2019-06-21 03:04:26.534 29612 INFO rally.task.runner [-] Task 2a987809-b22e-48de-b456-1f1d6e6a60b6 | ITER: 8 END: OK
2019-06-21 03:04:26.539 29612 INFO rally.task.runner [-] Task 2a987809-b22e-48de-b456-1f1d6e6a60b6 | ITER: 22 START
2019-06-21 03:04:26.540 29612 WARNING rally_openstack.scenarios.neutron.utils [-] Running this scenario without either the 'network' or 'existing_network' context is deprecated
2019-06-21 03:04:26.570 29610 INFO rally.task.runner [-] Task 2a987809-b22e-48de-b456-1f1d6e6a60b6 | ITER: 9 END: OK
2019-06-21 03:04:26.574 29610 INFO rally.task.runner [-] Task 2a987809-b22e-48de-b456-1f1d6e6a60b6 | ITER: 23 START
2019-06-21 03:04:26.575 29610 WARNING rally_openstack.scenarios.neutron.utils [-] Running this scenario without either the 'network' or 'existing_network' context is deprecated
2019-06-21 03:04:26.746 29643 INFO rally.task.runner [-] Task 2a987809-b22e-48de-b456-1f1d6e6a60b6 | ITER: 17 END: OK
2019-06-21 03:04:26.751 29643 INFO rally.task.runner [-] Task 2a987809-b22e-48de-b456-1f1d6e6a60b6 | ITER: 24 START
2019-06-21 03:04:26.752 29643 WARNING rally_openstack.scenarios.neutron.utils [-] Running this scenario without either the 'network' or 'existing_network' context is deprecated
2019-06-21 03:04:27.194 29610 INFO rally.task.runner [-] Task 2a987809-b22e-48de-b456-1f1d6e6a60b6 | ITER: 6 END: OK
2019-06-21 03:04:27.199 29610 INFO rally.task.runner [-] Task 2a987809-b22e-48de-b456-1f1d6e6a60b6 | ITER: 25 START
2019-06-21 03:04:27.199 29610 WARNING rally_openstack.scenarios.neutron.utils [-] Running this scenario without either the 'network' or 'existing_network' context is deprecated
2019-06-21 03:04:27.213 29648 INFO rally.task.runner [-] Task 2a987809-b22e-48de-b456-1f1d6e6a60b6 | ITER: 18 END: OK
2019-06-21 03:04:27.218 29648 INFO rally.task.runner [-] Task 2a987809-b22e-48de-b456-1f1d6e6a60b6 | ITER: 26 START
2019-06-21 03:04:27.219 29648 WARNING rally_openstack.scenarios.neutron.utils [-] Running this scenario without either the 'network' or 'existing_network' context is deprecated
2019-06-21 03:04:27.231 29609 INFO rally.task.runner [-] Task 2a987809-b22e-48de-b456-1f1d6e6a60b6 | ITER: 7 END: OK
2019-06-21 03:04:27.236 29609 INFO rally.task.runner [-] Task 2a987809-b22e-48de-b456-1f1d6e6a60b6 | ITER: 27 START
2019-06-21 03:04:27.236 29609 WARNING rally_openstack.scenarios.neutron.utils [-] Running this scenario without either the 'network' or 'existing_network' context is deprecated
2019-06-21 03:04:27.256 29607 INFO rally.task.runner [-] Task 2a987809-b22e-48de-b456-1f1d6e6a60b6 | ITER: 3 END: OK
2019-06-21 03:04:27.261 29607 INFO rally.task.runner [-] Task 2a987809-b22e-48de-b456-1f1d6e6a60b6 | ITER: 28 START
2019-06-21 03:04:27.262 29607 WARNING rally_openstack.scenarios.neutron.utils [-] Running this scenario without either the 'network' or 'existing_network' context is deprecated
2019-06-21 03:04:27.389 29608 INFO rally.task.runner [-] Task 2a987809-b22e-48de-b456-1f1d6e6a60b6 | ITER: 5 END: OK
2019-06-21 03:04:27.394 29608 INFO rally.task.runner [-] Task 2a987809-b22e-48de-b456-1f1d6e6a60b6 | ITER: 29 START
2019-06-21 03:04:27.395 29608 WARNING rally_openstack.scenarios.neutron.utils [-] Running this scenario without either the 'network' or 'existing_network' context is deprecated
2019-06-21 03:04:27.779 29639 INFO rally.task.runner [-] Task 2a987809-b22e-48de-b456-1f1d6e6a60b6 | ITER: 15 END: OK
2019-06-21 03:04:27.784 29639 INFO rally.task.runner [-] Task 2a987809-b22e-48de-b456-1f1d6e6a60b6 | ITER: 30 START
2019-06-21 03:04:27.785 29639 WARNING rally_openstack.scenarios.neutron.utils [-] Running this scenario without either the 'network' or 'existing_network' context is deprecated
2019-06-21 03:04:27.823 29634 INFO rally.task.runner [-] Task 2a987809-b22e-48de-b456-1f1d6e6a60b6 | ITER: 14 END: OK
2019-06-21 03:04:27.828 29634 INFO rally.task.runner [-] Task 2a987809-b22e-48de-b456-1f1d6e6a60b6 | ITER: 31 START
2019-06-21 03:04:27.829 29634 WARNING rally_openstack.scenarios.neutron.utils [-] Running this scenario without either the 'network' or 'existing_network' context is deprecated
2019-06-21 03:04:27.853 29607 INFO rally.task.runner [-] Task 2a987809-b22e-48de-b456-1f1d6e6a60b6 | ITER: 1 END: OK
2019-06-21 03:04:27.857 29607 INFO rally.task.runner [-] Task 2a987809-b22e-48de-b456-1f1d6e6a60b6 | ITER: 32 START
2019-06-21 03:04:27.858 29609 INFO rally.task.runner [-] Task 2a987809-b22e-48de-b456-1f1d6e6a60b6 | ITER: 4 END: OK
2019-06-21 03:04:27.858 29607 WARNING rally_openstack.scenarios.neutron.utils [-] Running this scenario without either the 'network' or 'existing_network' context is deprecated
2019-06-21 03:04:27.862 29609 INFO rally.task.runner [-] Task 2a987809-b22e-48de-b456-1f1d6e6a60b6 | ITER: 33 START
2019-06-21 03:04:27.863 29609 WARNING rally_openstack.scenarios.neutron.utils [-] Running this scenario without either the 'network' or 'existing_network' context is deprecated
2019-06-21 03:04:27.892 29654 INFO rally.task.runner [-] Task 2a987809-b22e-48de-b456-1f1d6e6a60b6 | ITER: 20 END: OK
2019-06-21 03:04:27.897 29654 INFO rally.task.runner [-] Task 2a987809-b22e-48de-b456-1f1d6e6a60b6 | ITER: 34 START
2019-06-21 03:04:27.897 29654 WARNING rally_openstack.scenarios.neutron.utils [-] Running this scenario without either the 'network' or 'existing_network' context is deprecated
2019-06-21 03:04:28.326 29629 INFO rally.task.runner [-] Task 2a987809-b22e-48de-b456-1f1d6e6a60b6 | ITER: 12 END: OK
2019-06-21 03:04:28.332 29629 INFO rally.task.runner [-] Task 2a987809-b22e-48de-b456-1f1d6e6a60b6 | ITER: 35 START
2019-06-21 03:04:28.332 29629 WARNING rally_openstack.scenarios.neutron.utils [-] Running this scenario without either the 'network' or 'existing_network' context is deprecated
2019-06-21 03:04:28.538 29632 INFO rally.task.runner [-] Task 2a987809-b22e-48de-b456-1f1d6e6a60b6 | ITER: 13 END: OK
2019-06-21 03:04:28.540 29614 INFO rally.task.runner [-] Task 2a987809-b22e-48de-b456-1f1d6e6a60b6 | ITER: 10 END: OK
2019-06-21 03:04:28.543 29632 INFO rally.task.runner [-] Task 2a987809-b22e-48de-b456-1f1d6e6a60b6 | ITER: 36 START
2019-06-21 03:04:28.544 29632 WARNING rally_openstack.scenarios.neutron.utils [-] Running this scenario without either the 'network' or 'existing_network' context is deprecated
2019-06-21 03:04:28.544 29614 INFO rally.task.runner [-] Task 2a987809-b22e-48de-b456-1f1d6e6a60b6 | ITER: 37 START
2019-06-21 03:04:28.545 29614 WARNING rally_openstack.scenarios.neutron.utils [-] Running this scenario without either the 'network' or 'existing_network' context is deprecated
2019-06-21 03:04:29.619 29608 INFO rally.task.runner [-] Task 2a987809-b22e-48de-b456-1f1d6e6a60b6 | ITER: 2 END: OK
2019-06-21 03:04:29.623 29608 INFO rally.task.runner [-] Task 2a987809-b22e-48de-b456-1f1d6e6a60b6 | ITER: 38 START
2019-06-21 03:04:29.624 29608 WARNING rally_openstack.scenarios.neutron.utils [-] Running this scenario without either the 'network' or 'existing_network' context is deprecated
2019-06-21 03:04:30.108 29642 INFO rally.task.runner [-] Task 2a987809-b22e-48de-b456-1f1d6e6a60b6 | ITER: 16 END: OK
2019-06-21 03:04:30.114 29642 INFO rally.task.runner [-] Task 2a987809-b22e-48de-b456-1f1d6e6a60b6 | ITER: 39 START
2019-06-21 03:04:30.115 29642 WARNING rally_openstack.scenarios.neutron.utils [-] Running this scenario without either the 'network' or 'existing_network' context is deprecated
2019-06-21 03:04:30.128 29621 INFO rally.task.runner [-] Task 2a987809-b22e-48de-b456-1f1d6e6a60b6 | ITER: 11 END: OK
2019-06-21 03:04:30.133 29621 INFO rally.task.runner [-] Task 2a987809-b22e-48de-b456-1f1d6e6a60b6 | ITER: 40 START
2019-06-21 03:04:30.134 29621 WARNING rally_openstack.scenarios.neutron.utils [-] Running this scenario without either the 'network' or 'existing_network' context is deprecated
2019-06-21 03:04:33.983 29610 INFO rally.task.runner [-] Task 2a987809-b22e-48de-b456-1f1d6e6a60b6 | ITER: 25 END: OK
2019-06-21 03:04:35.413 29610 INFO rally.task.runner [-] Task 2a987809-b22e-48de-b456-1f1d6e6a60b6 | ITER: 23 END: OK
2019-06-21 03:04:35.643 29651 INFO rally.task.runner [-] Task 2a987809-b22e-48de-b456-1f1d6e6a60b6 | ITER: 21 END: OK
2019-06-21 03:04:36.052 29643 INFO rally.task.runner [-] Task 2a987809-b22e-48de-b456-1f1d6e6a60b6 | ITER: 24 END: OK
2019-06-21 03:04:36.533 29607 INFO rally.task.runner [-] Task 2a987809-b22e-48de-b456-1f1d6e6a60b6 | ITER: 28 END: OK
2019-06-21 03:04:36.742 29607 INFO rally.task.runner [-] Task 2a987809-b22e-48de-b456-1f1d6e6a60b6 | ITER: 32 END: OK
2019-06-21 03:04:36.836 29609 INFO rally.task.runner [-] Task 2a987809-b22e-48de-b456-1f1d6e6a60b6 | ITER: 27 END: OK
2019-06-21 03:04:37.069 29608 INFO rally.task.runner [-] Task 2a987809-b22e-48de-b456-1f1d6e6a60b6 | ITER: 29 END: OK
2019-06-21 03:04:37.315 29629 INFO rally.task.runner [-] Task 2a987809-b22e-48de-b456-1f1d6e6a60b6 | ITER: 35 END: OK
2019-06-21 03:04:37.369 29648 INFO rally.task.runner [-] Task 2a987809-b22e-48de-b456-1f1d6e6a60b6 | ITER: 26 END: OK
2019-06-21 03:04:37.372 29609 INFO rally.task.runner [-] Task 2a987809-b22e-48de-b456-1f1d6e6a60b6 | ITER: 33 END: OK
2019-06-21 03:04:37.475 29654 INFO rally.task.runner [-] Task 2a987809-b22e-48de-b456-1f1d6e6a60b6 | ITER: 34 END: OK
2019-06-21 03:04:37.506 29614 INFO rally.task.runner [-] Task 2a987809-b22e-48de-b456-1f1d6e6a60b6 | ITER: 37 END: OK
2019-06-21 03:04:38.007 29608 INFO rally.task.runner [-] Task 2a987809-b22e-48de-b456-1f1d6e6a60b6 | ITER: 38 END: OK
2019-06-21 03:04:38.478 29639 INFO rally.task.runner [-] Task 2a987809-b22e-48de-b456-1f1d6e6a60b6 | ITER: 30 END: OK
2019-06-21 03:04:38.515 29612 INFO rally.task.runner [-] Task 2a987809-b22e-48de-b456-1f1d6e6a60b6 | ITER: 22 END: OK
2019-06-21 03:04:38.757 29632 INFO rally.task.runner [-] Task 2a987809-b22e-48de-b456-1f1d6e6a60b6 | ITER: 36 END: OK
2019-06-21 03:04:38.858 29634 INFO rally.task.runner [-] Task 2a987809-b22e-48de-b456-1f1d6e6a60b6 | ITER: 31 END: OK
2019-06-21 03:04:38.874 29621 INFO rally.task.runner [-] Task 2a987809-b22e-48de-b456-1f1d6e6a60b6 | ITER: 40 END: OK
2019-06-21 03:04:39.278 29642 INFO rally.task.runner [-] Task 2a987809-b22e-48de-b456-1f1d6e6a60b6 | ITER: 39 END: OK
2019-06-21 03:04:39.303 25731 INFO rally.task.context [-] Task 2a987809-b22e-48de-b456-1f1d6e6a60b6 | Context cleanup@openstack cleanup() started
2019-06-21 03:04:39.306 25731 RALLYDEBUG rally_openstack.cleanup.manager [-] Cleaning up neutron vip objects
2019-06-21 03:04:39.711 25731 RALLYDEBUG rally_openstack.cleanup.manager [-] Cleaning up neutron health_monitor objects
2019-06-21 03:04:40.112 25731 RALLYDEBUG rally_openstack.cleanup.manager [-] Cleaning up neutron pool objects
2019-06-21 03:04:40.523 25731 RALLYDEBUG rally_openstack.cleanup.manager [-] Cleaning up neutron loadbalancer objects
2019-06-21 03:04:40.932 25731 RALLYDEBUG rally_openstack.cleanup.manager [-] Cleaning up neutron floatingip objects
2019-06-21 03:04:41.381 25731 RALLYDEBUG rally_openstack.cleanup.manager [-] Cleaning up neutron port objects
2019-06-21 03:04:42.205 25731 RALLYDEBUG rally_openstack.cleanup.manager [-] Deleting neutron.port object s_rally_d6883cad_8VLB1OXx (04989360-6bf1-423c-be7f-4952f274b572)
2019-06-21 03:04:42.211 25731 RALLYDEBUG rally_openstack.cleanup.manager [-] Deleting neutron.port object s_rally_d6883cad_mARQxL3I (093c1b5c-5736-4d7c-b8d4-81f0abb4d84d)
2019-06-21 03:04:42.219 25731 RALLYDEBUG rally_openstack.cleanup.manager [-] Deleting neutron.port object s_rally_d6883cad_RQAzswQC (195604e0-707b-403c-aa0a-6ab90c4a10f5)
2019-06-21 03:04:42.222 25731 RALLYDEBUG rally_openstack.cleanup.manager [-] Deleting neutron.port object s_rally_d6883cad_qBpNHAyf (1539f010-5d20-46da-a9c2-bd5f0b5b461e)
2019-06-21 03:04:42.227 25731 RALLYDEBUG rally_openstack.cleanup.manager [-] Deleting neutron.port object s_rally_d6883cad_54fScRjp (0cf77bec-b735-4164-8996-6abef825fa65)
2019-06-21 03:04:42.229 25731 RALLYDEBUG rally_openstack.cleanup.manager [-] Deleting neutron.port object s_rally_d6883cad_9IY4nBbp (1593871e-e967-407a-a688-6b0d8c8d708d)
2019-06-21 03:04:42.237 25731 RALLYDEBUG rally_openstack.cleanup.manager [-] Deleting neutron.port object s_rally_d6883cad_8xiT0XxN (1cfa31ef-121c-4fa1-9ab6-777cc5b40a0c)
2019-06-21 03:04:42.241 25731 RALLYDEBUG rally_openstack.cleanup.manager [-] Deleting neutron.port object s_rally_d6883cad_iG0xp98O (01ca55ac-62e2-4b00-821e-c40765947f59)
2019-06-21 03:04:42.246 25731 RALLYDEBUG rally_openstack.cleanup.manager [-] Deleting neutron.port object s_rally_d6883cad_GEmdybFv (1b1891b8-04a1-4af2-bada-87ad06071683)
2019-06-21 03:04:42.256 25731 RALLYDEBUG rally_openstack.cleanup.manager [-] Deleting neutron.port object s_rally_d6883cad_S3VlOJhM (161c3800-b6cb-4e3e-abb1-199fb31337fe)
2019-06-21 03:04:42.257 25731 RALLYDEBUG rally_openstack.cleanup.manager [-] Deleting neutron.port object s_rally_d6883cad_WArVbH7Q (06f8d570-5edf-4900-b44a-63a51d11cea4)
2019-06-21 03:04:42.268 25731 RALLYDEBUG rally_openstack.cleanup.manager [-] Deleting neutron.port object s_rally_d6883cad_S5w6C7bX (06e5ec47-5eb7-4a97-b2ac-2ffb2a521d96)
2019-06-21 03:04:42.272 25731 RALLYDEBUG rally_openstack.cleanup.manager [-] Deleting neutron.port object s_rally_d6883cad_ezAqt6Ix (16825b4b-258e-401e-8b95-792907923fe0)
2019-06-21 03:04:42.276 25731 RALLYDEBUG rally_openstack.cleanup.manager [-] Deleting neutron.port object s_rally_d6883cad_6FiFPt2z (11f2362d-1994-4250-aaaf-188ccd77d41a)
2019-06-21 03:04:42.288 25731 RALLYDEBUG rally_openstack.cleanup.manager [-] Deleting neutron.port object s_rally_d6883cad_EKAjd8V0 (1a2f1d1d-f1ff-42a5-bc58-75d85c42fed6)
2019-06-21 03:04:42.289 25731 RALLYDEBUG rally_openstack.cleanup.manager [-] Deleting neutron.port object s_rally_d6883cad_lG8lGf84 (15ed87d1-40e3-4cf7-8085-76eee915c88d)
2019-06-21 03:04:42.303 25731 RALLYDEBUG rally_openstack.cleanup.manager [-] Deleting neutron.port object s_rally_d6883cad_RUqNcEKr (1f13c58f-b60e-412d-8752-ce9f23a7caa0)
2019-06-21 03:04:42.304 25731 RALLYDEBUG rally_openstack.cleanup.manager [-] Deleting neutron.port object s_rally_d6883cad_gNJYJHtk (105b60c3-d8d5-49ed-86a4-7b3d1a1f8137)
2019-06-21 03:04:42.314 25731 RALLYDEBUG rally_openstack.cleanup.manager [-] Deleting neutron.port object s_rally_d6883cad_2yFG2LLT (1e7b1ef8-a294-4fa9-a51a-54a5ff247407)
2019-06-21 03:04:42.345 25731 RALLYDEBUG rally_openstack.cleanup.manager [-] Deleting neutron.port object s_rally_d6883cad_eGGTLGSa (1f760003-7d2c-4ad8-9657-27c2a5852fdc)
2019-06-21 03:04:44.400 25731 RALLYDEBUG rally_openstack.cleanup.manager [-] Deleting neutron.port object s_rally_d6883cad_SLyJqwCE (1f9569a3-1d37-4753-8b48-a2902a3eab0c)
2019-06-21 03:04:44.576 25731 RALLYDEBUG rally_openstack.cleanup.manager [-] Deleting neutron.port object s_rally_d6883cad_7TdREiE6 (22016ab1-362c-4d56-ab2a-7211b79c2f66)
2019-06-21 03:04:44.642 25731 RALLYDEBUG rally_openstack.cleanup.manager [-] Deleting neutron.port object s_rally_d6883cad_LyrwSJHh (221f6d17-950f-4c90-8683-47fd2827da5e)
2019-06-21 03:04:44.698 25731 RALLYDEBUG rally_openstack.cleanup.manager [-] Deleting neutron.port object s_rally_d6883cad_XvBufizw (23d20f26-d658-4b5d-b241-7299bce74e17)
2019-06-21 03:04:44.711 25731 RALLYDEBUG rally_openstack.cleanup.manager [-] Deleting neutron.port object s_rally_d6883cad_XSqlrQc2 (26d5a8e4-a614-4702-8d48-805b0442c245)
2019-06-21 03:04:44.711 25731 RALLYDEBUG rally_openstack.cleanup.manager [-] Deleting neutron.port object s_rally_d6883cad_M38wwmd8 (26470d9e-e03a-4a9a-9b96-b631b32c8c79)
2019-06-21 03:04:44.734 25731 RALLYDEBUG rally_openstack.cleanup.manager [-] Deleting neutron.port object s_rally_d6883cad_gIWl79nj (2b929c14-7617-4fc8-979b-30969edeed2f)
2019-06-21 03:04:44.776 25731 RALLYDEBUG rally_openstack.cleanup.manager [-] Deleting neutron.port object s_rally_d6883cad_tTzEca50 (2bc391a6-a113-483f-9ede-201972b19869)
2019-06-21 03:04:44.796 25731 RALLYDEBUG rally_openstack.cleanup.manager [-] Deleting neutron.port object s_rally_d6883cad_EQuEwFAY (2d0f3a98-3b55-496d-899b-af046e136521)
2019-06-21 03:04:44.827 25731 RALLYDEBUG rally_openstack.cleanup.manager [-] Deleting neutron.port object s_rally_d6883cad_hLgD8KjR (2d1a70e6-3fca-49b0-8a79-f77db448eb74)
2019-06-21 03:04:45.090 25731 RALLYDEBUG rally_openstack.cleanup.manager [-] Deleting neutron.port object s_rally_d6883cad_O0HzDeR3 (2d9d5350-ba8d-4805-a6c4-e05fce1ccad9)
2019-06-21 03:04:45.147 25731 RALLYDEBUG rally_openstack.cleanup.manager [-] Deleting neutron.port object s_rally_d6883cad_Z1ombnbe (2f68af0b-e7d0-4d84-9bf9-204ff3a0d494)
2019-06-21 03:04:45.199 25731 RALLYDEBUG rally_openstack.cleanup.manager [-] Deleting neutron.port object s_rally_d6883cad_n8Gim1b0 (2f6df876-93cf-4b5e-b561-4b280256b76d)
2019-06-21 03:04:45.226 25731 RALLYDEBUG rally_openstack.cleanup.manager [-] Deleting neutron.port object s_rally_d6883cad_RKAS30iF (2feb0cf0-6fd7-4027-9a60-e69fa7bc707a)
2019-06-21 03:04:45.253 25731 RALLYDEBUG rally_openstack.cleanup.manager [-] Deleting neutron.port object s_rally_d6883cad_zJWjekD3 (3116d9c3-47d0-4bfe-b14d-677c0fa4e00b)
2019-06-21 03:04:45.288 25731 RALLYDEBUG rally_openstack.cleanup.manager [-] Deleting neutron.port object s_rally_d6883cad_A4C8bBJL (31b0f33a-1322-4641-8f2a-fb941d1ed3d8)
2019-06-21 03:04:45.381 25731 RALLYDEBUG rally_openstack.cleanup.manager [-] Deleting neutron.port object s_rally_d6883cad_vuIhp76X (336b88ae-f474-4f3c-8a16-d64606bb93d3)
2019-06-21 03:04:45.476 25731 RALLYDEBUG rally_openstack.cleanup.manager [-] Deleting neutron.port object s_rally_d6883cad_XDVIYEZt (33aa2d90-c6a8-4d40-9c7d-6dfa3217b77d)
2019-06-21 03:04:45.504 25731 RALLYDEBUG rally_openstack.cleanup.manager [-] Deleting neutron.port object s_rally_d6883cad_3eOwQzJT (3743322b-d154-41d5-8dcb-9d47353e84c2)
2019-06-21 03:04:45.525 25731 RALLYDEBUG rally_openstack.cleanup.manager [-] Deleting neutron.port object s_rally_d6883cad_h09DaZCE (37770415-3a91-40f7-a588-d4c0f6ec5a4f)
2019-06-21 03:04:46.282 25731 RALLYDEBUG rally_openstack.cleanup.manager [-] Deleting neutron.port object s_rally_d6883cad_eOjyaAbW (381c5625-997f-456b-84f7-8304b992427c)
2019-06-21 03:04:46.394 25731 RALLYDEBUG rally_openstack.cleanup.manager [-] Deleting neutron.port object s_rally_d6883cad_VxS7zxI7 (386f92f2-4fa9-4f2f-a230-290d16733869)
2019-06-21 03:04:46.611 25731 RALLYDEBUG rally_openstack.cleanup.manager [-] Deleting neutron.port object s_rally_d6883cad_wzjXzo7o (3a279da2-acc9-49bf-b3fc-405a2b15b723)
2019-06-21 03:04:46.807 25731 RALLYDEBUG rally_openstack.cleanup.manager [-] Deleting neutron.port object s_rally_d6883cad_YJSqVEng (3ac9e892-9872-4e21-9574-65f16f3d0f8c)
2019-06-21 03:04:46.985 25731 RALLYDEBUG rally_openstack.cleanup.manager [-] Deleting neutron.port object s_rally_d6883cad_HYn1lcsK (3ad03d1a-5313-4a5d-90a5-3cabf831ee0f)
2019-06-21 03:04:47.118 25731 RALLYDEBUG rally_openstack.cleanup.manager [-] Deleting neutron.port object s_rally_d6883cad_A9s9jECa (3c0a4729-6fc2-4cf5-ae59-519be2778e81)
2019-06-21 03:04:47.171 25731 RALLYDEBUG rally_openstack.cleanup.manager [-] Deleting neutron.port object s_rally_d6883cad_qR4xD384 (3d29855b-9cab-40f5-9657-c29089a84692)
2019-06-21 03:04:47.220 25731 RALLYDEBUG rally_openstack.cleanup.manager [-] Deleting neutron.port object s_rally_d6883cad_CAAwaqFz (3f81b769-4208-4ed9-988a-b3e81e009882)
2019-06-21 03:04:47.223 25731 RALLYDEBUG rally_openstack.cleanup.manager [-] Deleting neutron.port object s_rally_d6883cad_3vhgXatq (40ce4799-4a44-4b96-b2bd-b729413056ce)
2019-06-21 03:04:47.229 25731 RALLYDEBUG rally_openstack.cleanup.manager [-] Deleting neutron.port object s_rally_d6883cad_73ujkyzj (3fc9214e-d6c9-4127-9d86-879034b32898)
2019-06-21 03:04:47.229 25731 RALLYDEBUG rally_openstack.cleanup.manager [-] Deleting neutron.port object s_rally_d6883cad_jMXkVNjp (46a20185-53bf-4e74-9aba-ff3962840ae5)
2019-06-21 03:04:47.237 25731 RALLYDEBUG rally_openstack.cleanup.manager [-] Deleting neutron.port object s_rally_d6883cad_zFGG42BP (46b34f6b-1589-4640-b588-d321b3eb3b36)
2019-06-21 03:04:47.526 25731 RALLYDEBUG rally_openstack.cleanup.manager [-] Deleting neutron.port object s_rally_d6883cad_63WgU34J (489e0048-e4d2-47f6-a21b-e938c455dbcf)
2019-06-21 03:04:47.538 25731 RALLYDEBUG rally_openstack.cleanup.manager [-] Deleting neutron.port object s_rally_d6883cad_GBpbifwY (48a41dbe-7912-451a-a080-c8e4f0e035b7)
2019-06-21 03:04:47.620 25731 RALLYDEBUG rally_openstack.cleanup.manager [-] Deleting neutron.port object s_rally_d6883cad_7lglEGvW (48bb0e11-6fc1-49ec-b903-b54f7a800304)
2019-06-21 03:04:47.795 25731 RALLYDEBUG rally_openstack.cleanup.manager [-] Deleting neutron.port object s_rally_d6883cad_cGuQjNE9 (4909384f-30c2-4b97-b853-a278165e8666)
2019-06-21 03:04:47.825 25731 RALLYDEBUG rally_openstack.cleanup.manager [-] Deleting neutron.port object s_rally_d6883cad_JiilYine (49aaae9c-933b-4d7e-89dc-9e3b2b7c9f28)
2019-06-21 03:04:47.933 25731 RALLYDEBUG rally_openstack.cleanup.manager [-] Deleting neutron.port object s_rally_d6883cad_2y3E4Ihd (4a30a216-62fe-4ec8-9db7-0acbf366e4bd)
2019-06-21 03:04:48.003 25731 RALLYDEBUG rally_openstack.cleanup.manager [-] Deleting neutron.port object s_rally_d6883cad_4e8I8c7d (4a5ef134-8e4c-4d24-9226-3e0e2dd5de7b)
2019-06-21 03:04:48.074 25731 RALLYDEBUG rally_openstack.cleanup.manager [-] Deleting neutron.port object s_rally_d6883cad_1LfVmtxr (4b05f855-cdb2-4c6d-9cb5-4014cfe22a0f)
2019-06-21 03:04:48.183 25731 RALLYDEBUG rally_openstack.cleanup.manager [-] Deleting neutron.port object s_rally_d6883cad_hlIQLAGG (4bef221f-c94d-46e0-ae8d-be46d36b2dad)
2019-06-21 03:04:48.514 25731 RALLYDEBUG rally_openstack.cleanup.manager [-] Deleting neutron.port object s_rally_d6883cad_qm6TlS0V (4c053d2b-e068-4ea1-8051-6656192b9918)
2019-06-21 03:04:48.700 25731 RALLYDEBUG rally_openstack.cleanup.manager [-] Deleting neutron.port object s_rally_d6883cad_tPFYX8o4 (4d8f6f97-a59a-4ff9-bbf6-4b5df21238ac)
2019-06-21 03:04:48.771 25731 RALLYDEBUG rally_openstack.cleanup.manager [-] Deleting neutron.port object s_rally_d6883cad_ghUDHpFt (4eec4a7e-1a74-43c8-8f6b-f18718358490)
2019-06-21 03:04:49.013 25731 RALLYDEBUG rally_openstack.cleanup.manager [-] Deleting neutron.port object s_rally_d6883cad_0OLXWLZ9 (4fb95bec-366c-4440-9a75-8837e63b42f0)
2019-06-21 03:04:49.087 25731 RALLYDEBUG rally_openstack.cleanup.manager [-] Deleting neutron.port object s_rally_d6883cad_AtCrkXrQ (508efd56-e0ef-4974-be6f-231a7d108b84)
2019-06-21 03:04:49.123 25731 RALLYDEBUG rally_openstack.cleanup.manager [-] Deleting neutron.port object s_rally_d6883cad_FRVj3Wex (50c57f7e-76ae-494e-b304-881389b7830f)
