2019-06-21 03:05:33.684 29978 INFO rally.task.runner [-] Task 2a987809-b22e-48de-b456-1f1d6e6a60b6 | ITER: 5 END: OK
2019-06-21 03:05:33.688 29978 INFO rally.task.runner [-] Task 2a987809-b22e-48de-b456-1f1d6e6a60b6 | ITER: 39 START
2019-06-21 03:05:33.688 29978 WARNING rally_openstack.scenarios.neutron.utils [-] Running this scenario without either the 'network' or 'existing_network' context is deprecated
2019-06-21 03:05:34.738 30024 INFO rally.task.runner [-] Task 2a987809-b22e-48de-b456-1f1d6e6a60b6 | ITER: 20 END: OK
2019-06-21 03:05:34.743 30024 INFO rally.task.runner [-] Task 2a987809-b22e-48de-b456-1f1d6e6a60b6 | ITER: 40 START
2019-06-21 03:05:34.744 30024 WARNING rally_openstack.scenarios.neutron.utils [-] Running this scenario without either the 'network' or 'existing_network' context is deprecated
2019-06-21 03:05:38.799 29980 INFO rally.task.runner [-] Task 2a987809-b22e-48de-b456-1f1d6e6a60b6 | ITER: 21 END: OK
2019-06-21 03:05:38.960 29986 INFO rally.task.runner [-] Task 2a987809-b22e-48de-b456-1f1d6e6a60b6 | ITER: 35 END: OK
2019-06-21 03:05:39.240 29980 INFO rally.task.runner [-] Task 2a987809-b22e-48de-b456-1f1d6e6a60b6 | ITER: 25 END: OK
2019-06-21 03:05:39.420 29979 INFO rally.task.runner [-] Task 2a987809-b22e-48de-b456-1f1d6e6a60b6 | ITER: 30 END: OK
2019-06-21 03:05:39.795 29979 INFO rally.task.runner [-] Task 2a987809-b22e-48de-b456-1f1d6e6a60b6 | ITER: 22 END: OK
2019-06-21 03:05:40.419 30015 INFO rally.task.runner [-] Task 2a987809-b22e-48de-b456-1f1d6e6a60b6 | ITER: 34 END: OK
2019-06-21 03:05:40.487 30007 INFO rally.task.runner [-] Task 2a987809-b22e-48de-b456-1f1d6e6a60b6 | ITER: 28 END: OK
2019-06-21 03:05:41.679 29977 INFO rally.task.runner [-] Task 2a987809-b22e-48de-b456-1f1d6e6a60b6 | ITER: 23 END: OK
2019-06-21 03:05:41.964 29990 INFO rally.task.runner [-] Task 2a987809-b22e-48de-b456-1f1d6e6a60b6 | ITER: 37 END: OK
2019-06-21 03:05:42.046 30012 INFO rally.task.runner [-] Task 2a987809-b22e-48de-b456-1f1d6e6a60b6 | ITER: 32 END: OK
2019-06-21 03:05:42.080 30018 INFO rally.task.runner [-] Task 2a987809-b22e-48de-b456-1f1d6e6a60b6 | ITER: 24 END: OK
2019-06-21 03:05:42.124 30003 INFO rally.task.runner [-] Task 2a987809-b22e-48de-b456-1f1d6e6a60b6 | ITER: 33 END: OK
2019-06-21 03:05:42.151 29983 INFO rally.task.runner [-] Task 2a987809-b22e-48de-b456-1f1d6e6a60b6 | ITER: 27 END: OK
2019-06-21 03:05:42.162 29998 INFO rally.task.runner [-] Task 2a987809-b22e-48de-b456-1f1d6e6a60b6 | ITER: 36 END: OK
2019-06-21 03:05:42.252 29978 INFO rally.task.runner [-] Task 2a987809-b22e-48de-b456-1f1d6e6a60b6 | ITER: 39 END: OK
2019-06-21 03:05:42.656 30024 INFO rally.task.runner [-] Task 2a987809-b22e-48de-b456-1f1d6e6a60b6 | ITER: 40 END: OK
2019-06-21 03:05:42.847 29994 INFO rally.task.runner [-] Task 2a987809-b22e-48de-b456-1f1d6e6a60b6 | ITER: 26 END: OK
2019-06-21 03:05:42.871 29977 INFO rally.task.runner [-] Task 2a987809-b22e-48de-b456-1f1d6e6a60b6 | ITER: 29 END: OK
2019-06-21 03:05:42.902 29978 INFO rally.task.runner [-] Task 2a987809-b22e-48de-b456-1f1d6e6a60b6 | ITER: 31 END: OK
2019-06-21 03:05:43.338 30021 INFO rally.task.runner [-] Task 2a987809-b22e-48de-b456-1f1d6e6a60b6 | ITER: 38 END: OK
2019-06-21 03:05:43.369 25731 INFO rally.task.context [-] Task 2a987809-b22e-48de-b456-1f1d6e6a60b6 | Context cleanup@openstack cleanup() started
2019-06-21 03:05:43.372 25731 RALLYDEBUG rally_openstack.cleanup.manager [-] Cleaning up neutron vip objects
2019-06-21 03:05:43.788 25731 RALLYDEBUG rally_openstack.cleanup.manager [-] Cleaning up neutron health_monitor objects
2019-06-21 03:05:44.190 25731 RALLYDEBUG rally_openstack.cleanup.manager [-] Cleaning up neutron pool objects
2019-06-21 03:05:44.586 25731 RALLYDEBUG rally_openstack.cleanup.manager [-] Cleaning up neutron loadbalancer objects
2019-06-21 03:05:44.984 25731 RALLYDEBUG rally_openstack.cleanup.manager [-] Cleaning up neutron floatingip objects
2019-06-21 03:05:45.428 25731 RALLYDEBUG rally_openstack.cleanup.manager [-] Cleaning up neutron port objects
2019-06-21 03:05:45.872 25731 RALLYDEBUG rally_openstack.cleanup.manager [-] Cleaning up neutron subnet objects
2019-06-21 03:05:46.310 25731 RALLYDEBUG rally_openstack.cleanup.manager [-] Cleaning up neutron network objects
2019-06-21 03:05:46.971 25731 RALLYDEBUG rally_openstack.cleanup.manager [-] Deleting neutron.network object s_rally_117f3def_hvrVyAgs (12f00b11-a5f5-4c04-ba81-cf4277354212)
2019-06-21 03:05:46.973 25731 RALLYDEBUG rally_openstack.cleanup.manager [-] Deleting neutron.network object s_rally_117f3def_ib5nPnVL (0d55d6fc-ac1d-44cd-ae41-0eaf205a684b)
2019-06-21 03:05:46.979 25731 RALLYDEBUG rally_openstack.cleanup.manager [-] Deleting neutron.network object s_rally_117f3def_eYkJFbs4 (2efa9c33-c494-4356-b2e4-00c798a89681)
2019-06-21 03:05:46.981 25731 RALLYDEBUG rally_openstack.cleanup.manager [-] Deleting neutron.network object s_rally_117f3def_UIS4vabh (53c6add5-708d-41a6-9013-52477093b3e1)
2019-06-21 03:05:46.985 25731 RALLYDEBUG rally_openstack.cleanup.manager [-] Deleting neutron.network object s_rally_117f3def_Ol4D8AIu (411634f0-f0f9-464f-b117-eac75df3fe4e)
2019-06-21 03:05:46.996 25731 RALLYDEBUG rally_openstack.cleanup.manager [-] Deleting neutron.network object s_rally_117f3def_mK4M2O06 (5446e680-da4b-47d5-8375-f16a2dceb2aa)
2019-06-21 03:05:46.999 25731 RALLYDEBUG rally_openstack.cleanup.manager [-] Deleting neutron.network object s_rally_117f3def_DSEMhBQC (790c7ddc-561a-4f51-906d-fc99080ef354)
2019-06-21 03:05:47.001 25731 RALLYDEBUG rally_openstack.cleanup.manager [-] Deleting neutron.network object s_rally_117f3def_eXZ3odpi (735b5768-02a6-4580-973d-30247f7aac90)
2019-06-21 03:05:47.005 25731 RALLYDEBUG rally_openstack.cleanup.manager [-] Deleting neutron.network object s_rally_117f3def_noaBfqxe (637aae5f-1db3-45a2-88e4-d423d6f5dea3)
2019-06-21 03:05:47.014 25731 RALLYDEBUG rally_openstack.cleanup.manager [-] Deleting neutron.network object s_rally_117f3def_jtvC26xb (6ec5b3ea-d0be-4d23-94f5-51165d02d2ae)
2019-06-21 03:05:47.000 25731 RALLYDEBUG rally_openstack.cleanup.manager [-] Deleting neutron.network object s_rally_117f3def_2YwMWxa0 (6b56553d-aeb9-44dd-b76f-c38b54ba2338)
2019-06-21 03:05:47.039 25731 RALLYDEBUG rally_openstack.cleanup.manager [-] Deleting neutron.network object s_rally_117f3def_xXWe4MYt (86ac1804-30a2-4137-a0cd-a0d471a2d8c1)
2019-06-21 03:05:47.051 25731 RALLYDEBUG rally_openstack.cleanup.manager [-] Deleting neutron.network object s_rally_117f3def_SQqKImDG (89e66906-38a4-406c-8011-5576367d3fb6)
2019-06-21 03:05:47.070 25731 RALLYDEBUG rally_openstack.cleanup.manager [-] Deleting neutron.network object s_rally_117f3def_aMoozX16 (2db99934-c093-4d6e-a416-4ce56d83c2b1)
2019-06-21 03:05:47.080 25731 RALLYDEBUG rally_openstack.cleanup.manager [-] Deleting neutron.network object s_rally_117f3def_UwjHtnUC (74c62d5e-2048-4b8e-bf63-011a863030d5)
2019-06-21 03:05:47.077 25731 RALLYDEBUG rally_openstack.cleanup.manager [-] Deleting neutron.network object s_rally_117f3def_Yi2LKrex (2ba97a5c-557c-4232-9467-87942b75ef29)
2019-06-21 03:05:47.086 25731 RALLYDEBUG rally_openstack.cleanup.manager [-] Deleting neutron.network object s_rally_117f3def_EDGitJNo (9aab02be-d172-4607-a109-10658f3ec645)
2019-06-21 03:05:47.086 25731 RALLYDEBUG rally_openstack.cleanup.manager [-] Deleting neutron.network object s_rally_117f3def_pcEtR4OX (8a7f20cb-ca85-42c0-8e89-51acc19e9c41)
2019-06-21 03:05:47.096 25731 RALLYDEBUG rally_openstack.cleanup.manager [-] Deleting neutron.network object s_rally_117f3def_OpO1wtUk (7ad0f5a7-42cd-4724-a7e8-14c1e8e87818)
2019-06-21 03:05:47.120 25731 RALLYDEBUG rally_openstack.cleanup.manager [-] Deleting neutron.network object s_rally_117f3def_zbpR5pfm (8b15a7a8-a14c-4852-8dff-8f09ebb56371)
2019-06-21 03:05:49.586 25731 RALLYDEBUG rally_openstack.cleanup.manager [-] Deleting neutron.network object s_rally_117f3def_embPxHg5 (a174d38f-02ea-4c50-9ca7-7c0b19274f9d)
2019-06-21 03:05:49.618 25731 RALLYDEBUG rally_openstack.cleanup.manager [-] Deleting neutron.network object s_rally_117f3def_LaqfYNUQ (a7aae14a-133e-4496-b6f4-0a05ec25fd28)
2019-06-21 03:05:49.653 25731 RALLYDEBUG rally_openstack.cleanup.manager [-] Deleting neutron.network object s_rally_117f3def_cK5AsRWa (a8283282-a6c2-4059-b750-1567247b4f82)
2019-06-21 03:05:49.694 25731 RALLYDEBUG rally_openstack.cleanup.manager [-] Deleting neutron.network object s_rally_117f3def_KrVN4EWL (b3bb1c0c-1bc2-4401-8d7b-477c0825d5bb)
2019-06-21 03:05:49.833 25731 RALLYDEBUG rally_openstack.cleanup.manager [-] Deleting neutron.network object s_rally_117f3def_0AQSzChe (b3d54e8f-39ef-4307-850d-d661d215b0e6)
2019-06-21 03:05:49.859 25731 RALLYDEBUG rally_openstack.cleanup.manager [-] Deleting neutron.network object s_rally_117f3def_8sBmYHV4 (b499301d-4551-44e2-b86b-80e88330c3ea)
2019-06-21 03:05:49.935 25731 RALLYDEBUG rally_openstack.cleanup.manager [-] Deleting neutron.network object s_rally_117f3def_ARPm3gGo (b66cfaad-5e4a-4d99-a691-fa4dc91a33b5)
2019-06-21 03:05:49.992 25731 RALLYDEBUG rally_openstack.cleanup.manager [-] Deleting neutron.network object s_rally_117f3def_KbOzMYod (b7ea1ab2-3ee5-4a3c-8d13-3a4703b7574a)
2019-06-21 03:05:50.003 25731 RALLYDEBUG rally_openstack.cleanup.manager [-] Deleting neutron.network object s_rally_117f3def_E2x2UE3X (b98714ca-e2d1-49f4-9199-17efcab16bfa)
2019-06-21 03:05:50.114 25731 RALLYDEBUG rally_openstack.cleanup.manager [-] Deleting neutron.network object s_rally_117f3def_RQJbFYGh (c61f3139-c862-43f1-9a78-ec99b3abcf88)
2019-06-21 03:05:50.258 25731 RALLYDEBUG rally_openstack.cleanup.manager [-] Deleting neutron.network object s_rally_117f3def_qFRwMHTS (cb1bb34a-568b-4f64-80a2-455c3cc3a663)
2019-06-21 03:05:50.258 25731 RALLYDEBUG rally_openstack.cleanup.manager [-] Deleting neutron.network object s_rally_117f3def_FSdQMqp5 (c8c2f80a-0a19-4715-ace0-089675c2f12c)
2019-06-21 03:05:50.272 25731 RALLYDEBUG rally_openstack.cleanup.manager [-] Deleting neutron.network object s_rally_117f3def_qnInjqwL (d02b85d4-216f-4010-b85a-8adbc97a6995)
2019-06-21 03:05:50.311 25731 RALLYDEBUG rally_openstack.cleanup.manager [-] Deleting neutron.network object s_rally_117f3def_x2Sh7WEK (d631afa6-4927-41bb-8d71-3491e9d11609)
2019-06-21 03:05:50.328 25731 RALLYDEBUG rally_openstack.cleanup.manager [-] Deleting neutron.network object s_rally_117f3def_eGSrBB0m (de71526a-99c5-4360-8a31-e7fac23a0b57)
2019-06-21 03:05:50.396 25731 RALLYDEBUG rally_openstack.cleanup.manager [-] Deleting neutron.network object s_rally_117f3def_kmQivWBW (e192fb07-62c4-4fde-ae80-0d9a6d6ce990)
2019-06-21 03:05:50.419 25731 RALLYDEBUG rally_openstack.cleanup.manager [-] Deleting neutron.network object s_rally_117f3def_FNjOUWNR (e8f7f312-aee9-4ac2-a155-fd4530a7e630)
2019-06-21 03:05:50.844 25731 RALLYDEBUG rally_openstack.cleanup.manager [-] Deleting neutron.network object s_rally_117f3def_TEGpH56v (e9b020da-4ae2-439b-a762-357fed1e0f0c)
2019-06-21 03:05:51.042 25731 RALLYDEBUG rally_openstack.cleanup.manager [-] Deleting neutron.network object s_rally_117f3def_KJDp24SY (fc6561e7-be72-4119-816b-9361603c6539)
2019-06-21 03:05:51.077 25731 RALLYDEBUG rally_openstack.cleanup.manager [-] Deleting neutron.network object s_rally_117f3def_VnTlW5xc (fc6eb5a8-ead8-404b-86ec-a90d975e2bc8)
2019-06-21 03:05:53.432 25731 RALLYDEBUG rally_openstack.cleanup.manager [-] Cleaning up neutron router objects
2019-06-21 03:05:54.010 25731 RALLYDEBUG rally_openstack.cleanup.manager [-] Cleaning up neutron security_group objects
2019-06-21 03:05:54.453 25731 INFO rally.task.context [-] Task 2a987809-b22e-48de-b456-1f1d6e6a60b6 | Context cleanup@openstack cleanup() finished in 11.08 sec
2019-06-21 03:05:54.453 25731 INFO rally.task.context [-] Task 2a987809-b22e-48de-b456-1f1d6e6a60b6 | Context quotas@openstack cleanup() started
2019-06-21 03:05:54.549 25731 INFO rally.task.context [-] Task 2a987809-b22e-48de-b456-1f1d6e6a60b6 | Context quotas@openstack cleanup() finished in 95.85 msec
2019-06-21 03:05:54.550 25731 INFO rally.task.context [-] Task 2a987809-b22e-48de-b456-1f1d6e6a60b6 | Context users@openstack cleanup() started
2019-06-21 03:05:57.494 25731 INFO rally.task.context [-] Task 2a987809-b22e-48de-b456-1f1d6e6a60b6 | Context users@openstack cleanup() finished in 2.94 sec
2019-06-21 03:05:57.580 25731 INFO rally.task.engine [-] Load duration is: 22.894076
2019-06-21 03:05:57.581 25731 INFO rally.task.engine [-] Full runner duration is: 22.952444
2019-06-21 03:05:57.581 25731 INFO rally.task.engine [-] Full duration is: 40.216534
2019-06-21 03:05:58.046 25731 INFO rally.task.engine [-] Running workload: position = 0 config = { "version": 2, "title": "A cropped version of a bigger task.", "description": "Auto-generated task from a single workload (uuid=fdecd4fd-47ea-4cac-a544-2a610bbb62fd)", "subtasks": [ { "title": "Quotas.neutron_update", "description": "Update quotas for neutron.", "scenario": { "Quotas.neutron_update": { "max_quota": 1024 } }, "contexts": { "users": { "tenants": 20, "users_per_tenant": 1 } }, "runner": { "constant": { "times": 40, "concurrency": 20 } }, "hooks": [], "sla": { "failure_rate": { "max": 0 } } } ] }
2019-06-21 03:05:58.073 25731 RALLYDEBUG rally_openstack.contexts.keystone.users [-] Creating 20 tenants using 20 threads
2019-06-21 03:06:00.395 25731 RALLYDEBUG rally_openstack.contexts.keystone.users [-] Creating 20 users using 20 threads
2019-06-21 03:06:03.443 25731 INFO rally.task.context [-] Task 2a987809-b22e-48de-b456-1f1d6e6a60b6 | Context users@openstack setup() finished in 5.37 sec
2019-06-21 03:06:03.444 25731 INFO rally.task.context [-] Task 2a987809-b22e-48de-b456-1f1d6e6a60b6 | Context admin_cleanup@openstack setup() finished in 0.01 msec
2019-06-21 03:06:03.453 25731 RALLYDEBUG rally.task.runner [-] Starting the constant runner (task UUID: 2a987809-b22e-48de-b456-1f1d6e6a60b6). timeout: 0 concurrency: 20 concurrency_per_worker: 1 times: 40 concurrency_overhead: 4 processes_to_start: 16 max_cpu_used: 16
2019-06-21 03:06:03.467 30347 RALLYDEBUG rally.task.runner [-] Starting a worker. concurrency: 2 args: {"max_quota": 1024} times: 40 method_name: run timeout: 0 duration: None cls:
2019-06-21 03:06:03.470 30348 RALLYDEBUG rally.task.runner [-] Starting a worker. concurrency: 2 args: {"max_quota": 1024} times: 40 method_name: run timeout: 0 duration: None cls:
2019-06-21 03:06:03.473 30349 RALLYDEBUG rally.task.runner [-] Starting a worker. concurrency: 2 args: {"max_quota": 1024} times: 40 method_name: run timeout: 0 duration: None cls:
2019-06-21 03:06:03.478 30350 RALLYDEBUG rally.task.runner [-] Starting a worker. concurrency: 2 args: {"max_quota": 1024} times: 40 method_name: run timeout: 0 duration: None cls:
2019-06-21 03:06:03.482 30351 RALLYDEBUG rally.task.runner [-] Starting a worker. concurrency: 1 args: {"max_quota": 1024} times: 40 method_name: run timeout: 0 duration: None cls:
2019-06-21 03:06:03.484 30352 RALLYDEBUG rally.task.runner [-] Starting a worker. concurrency: 1 args: {"max_quota": 1024} times: 40 method_name: run timeout: 0 duration: None cls:
2019-06-21 03:06:03.485 30347 INFO rally.task.runner [-] Task 2a987809-b22e-48de-b456-1f1d6e6a60b6 | ITER: 1 START
2019-06-21 03:06:03.486 30348 INFO rally.task.runner [-] Task 2a987809-b22e-48de-b456-1f1d6e6a60b6 | ITER: 2 START
2019-06-21 03:06:03.487 30353 RALLYDEBUG rally.task.runner [-] Starting a worker. concurrency: 1 args: {"max_quota": 1024} times: 40 method_name: run timeout: 0 duration: None cls:
2019-06-21 03:06:03.489 30356 RALLYDEBUG rally.task.runner [-] Starting a worker. concurrency: 1 args: {"max_quota": 1024} times: 40 method_name: run timeout: 0 duration: None cls:
2019-06-21 03:06:03.493 30349 INFO rally.task.runner [-] Task 2a987809-b22e-48de-b456-1f1d6e6a60b6 | ITER: 3 START
2019-06-21 03:06:03.494 30350 INFO rally.task.runner [-] Task 2a987809-b22e-48de-b456-1f1d6e6a60b6 | ITER: 5 START
2019-06-21 03:06:03.494 30358 RALLYDEBUG rally.task.runner [-] Starting a worker. concurrency: 1 args: {"max_quota": 1024} times: 40 method_name: run timeout: 0 duration: None cls:
2019-06-21 03:06:03.498 30369 RALLYDEBUG rally.task.runner [-] Starting a worker. concurrency: 1 args: {"max_quota": 1024} times: 40 method_name: run timeout: 0 duration: None cls:
2019-06-21 03:06:03.498 30361 RALLYDEBUG rally.task.runner [-] Starting a worker. concurrency: 1 args: {"max_quota": 1024} times: 40 method_name: run timeout: 0 duration: None cls:
2019-06-21 03:06:03.499 30356 INFO rally.task.runner [-] Task 2a987809-b22e-48de-b456-1f1d6e6a60b6 | ITER: 11 START
2019-06-21 03:06:03.499 30347 INFO rally.task.runner [-] Task 2a987809-b22e-48de-b456-1f1d6e6a60b6 | ITER: 4 START
2019-06-21 03:06:03.500 30353 INFO rally.task.runner [-] Task 2a987809-b22e-48de-b456-1f1d6e6a60b6 | ITER: 10 START
2019-06-21 03:06:03.500 30362 RALLYDEBUG rally.task.runner [-] Starting a worker. concurrency: 1 args: {"max_quota": 1024} times: 40 method_name: run timeout: 0 duration: None cls:
2019-06-21 03:06:03.501 30351 INFO rally.task.runner [-] Task 2a987809-b22e-48de-b456-1f1d6e6a60b6 | ITER: 8 START
2019-06-21 03:06:03.504 30349 INFO rally.task.runner [-] Task 2a987809-b22e-48de-b456-1f1d6e6a60b6 | ITER: 7 START
2019-06-21 03:06:03.505 30348 INFO rally.task.runner [-] Task 2a987809-b22e-48de-b456-1f1d6e6a60b6 | ITER: 6 START
2019-06-21 03:06:03.506 30352 INFO rally.task.runner [-] Task 2a987809-b22e-48de-b456-1f1d6e6a60b6 | ITER: 9 START
2019-06-21 03:06:03.508 30358 INFO rally.task.runner [-] Task 2a987809-b22e-48de-b456-1f1d6e6a60b6 | ITER: 13 START
2019-06-21 03:06:03.510 30377 RALLYDEBUG rally.task.runner [-] Starting a worker. concurrency: 1 args: {"max_quota": 1024} times: 40 method_name: run timeout: 0 duration: None cls:
2019-06-21 03:06:03.513 30361 INFO rally.task.runner [-] Task 2a987809-b22e-48de-b456-1f1d6e6a60b6 | ITER: 15 START
2019-06-21 03:06:03.514 30369 INFO rally.task.runner [-] Task 2a987809-b22e-48de-b456-1f1d6e6a60b6 | ITER: 14 START
2019-06-21 03:06:03.519 30350 INFO rally.task.runner [-] Task 2a987809-b22e-48de-b456-1f1d6e6a60b6 | ITER: 12 START
2019-06-21 03:06:03.520 30383 RALLYDEBUG rally.task.runner [-] Starting a worker. concurrency: 1 args: {"max_quota": 1024} times: 40 method_name: run timeout: 0 duration: None cls:
2019-06-21 03:06:03.524 30377 INFO rally.task.runner [-] Task 2a987809-b22e-48de-b456-1f1d6e6a60b6 | ITER: 17 START
2019-06-21 03:06:03.532 30362 INFO rally.task.runner [-] Task 2a987809-b22e-48de-b456-1f1d6e6a60b6 | ITER: 16 START
2019-06-21 03:06:03.536 30388 RALLYDEBUG rally.task.runner [-] Starting a worker. concurrency: 1 args: {"max_quota": 1024} times: 40 method_name: run timeout: 0 duration: None cls:
2019-06-21 03:06:03.537 30389 RALLYDEBUG rally.task.runner [-] Starting a worker. concurrency: 1 args: {"max_quota": 1024} times: 40 method_name: run timeout: 0 duration: None cls:
2019-06-21 03:06:03.537 30383 INFO rally.task.runner [-] Task 2a987809-b22e-48de-b456-1f1d6e6a60b6 | ITER: 18 START
2019-06-21 03:06:03.546 30388 INFO rally.task.runner [-] Task 2a987809-b22e-48de-b456-1f1d6e6a60b6 | ITER: 19 START
2019-06-21 03:06:03.547 30389 INFO rally.task.runner [-] Task 2a987809-b22e-48de-b456-1f1d6e6a60b6 | ITER: 20 START
2019-06-21 03:06:04.032 30361 INFO rally.task.runner [-] Task 2a987809-b22e-48de-b456-1f1d6e6a60b6 | ITER: 15 END: OK
2019-06-21 03:06:04.033 30351 INFO rally.task.runner [-] Task 2a987809-b22e-48de-b456-1f1d6e6a60b6 | ITER: 8 END: OK
2019-06-21 03:06:04.039 30361 INFO rally.task.runner [-] Task 2a987809-b22e-48de-b456-1f1d6e6a60b6 | ITER: 21 START
2019-06-21 03:06:04.040 30351 INFO rally.task.runner [-] Task 2a987809-b22e-48de-b456-1f1d6e6a60b6 | ITER: 22 START
2019-06-21 03:06:04.054 30356 INFO rally.task.runner [-] Task 2a987809-b22e-48de-b456-1f1d6e6a60b6 | ITER: 11 END: OK
2019-06-21 03:06:04.057 30356 INFO rally.task.runner [-] Task 2a987809-b22e-48de-b456-1f1d6e6a60b6 | ITER: 23 START
2019-06-21 03:06:04.196 30347 INFO rally.task.runner [-] Task 2a987809-b22e-48de-b456-1f1d6e6a60b6 | ITER: 1 END: OK
2019-06-21 03:06:04.196 30353 INFO rally.task.runner [-] Task 2a987809-b22e-48de-b456-1f1d6e6a60b6 | ITER: 10 END: OK
2019-06-21 03:06:04.203 30347 INFO rally.task.runner [-] Task 2a987809-b22e-48de-b456-1f1d6e6a60b6 | ITER: 24 START
2019-06-21 03:06:04.204 30352 INFO rally.task.runner [-] Task 2a987809-b22e-48de-b456-1f1d6e6a60b6 | ITER: 9 END: OK
2019-06-21 03:06:04.204 30353 INFO rally.task.runner [-] Task 2a987809-b22e-48de-b456-1f1d6e6a60b6 | ITER: 25 START
2019-06-21 03:06:04.209 30352 INFO rally.task.runner [-] Task 2a987809-b22e-48de-b456-1f1d6e6a60b6 | ITER: 26 START
2019-06-21 03:06:04.257 30349 INFO rally.task.runner [-] Task 2a987809-b22e-48de-b456-1f1d6e6a60b6 | ITER: 3 END: OK
2019-06-21 03:06:04.264 30349 INFO rally.task.runner [-] Task 2a987809-b22e-48de-b456-1f1d6e6a60b6 | ITER: 27 START
2019-06-21 03:06:04.298 30347 INFO rally.task.runner [-] Task 2a987809-b22e-48de-b456-1f1d6e6a60b6 | ITER: 4 END: OK
2019-06-21 03:06:04.302 30383 INFO rally.task.runner [-] Task 2a987809-b22e-48de-b456-1f1d6e6a60b6 | ITER: 18 END: OK
2019-06-21 03:06:04.302 30348 INFO rally.task.runner [-] Task 2a987809-b22e-48de-b456-1f1d6e6a60b6 | ITER: 6 END: OK
2019-06-21 03:06:04.305 30347 INFO rally.task.runner [-] Task 2a987809-b22e-48de-b456-1f1d6e6a60b6 | ITER: 28 START
2019-06-21 03:06:04.307 30383 INFO rally.task.runner [-] Task 2a987809-b22e-48de-b456-1f1d6e6a60b6 | ITER: 29 START
2019-06-21 03:06:04.309 30362 INFO rally.task.runner [-] Task 2a987809-b22e-48de-b456-1f1d6e6a60b6 | ITER: 16 END: OK
2019-06-21 03:06:04.317 30348 INFO rally.task.runner [-] Task 2a987809-b22e-48de-b456-1f1d6e6a60b6 | ITER: 30 START
2019-06-21 03:06:04.318 30362 INFO rally.task.runner [-] Task 2a987809-b22e-48de-b456-1f1d6e6a60b6 | ITER: 31 START
2019-06-21 03:06:04.359 30389 INFO rally.task.runner [-] Task 2a987809-b22e-48de-b456-1f1d6e6a60b6 | ITER: 20 END: OK
2019-06-21 03:06:04.366 30389 INFO rally.task.runner [-] Task 2a987809-b22e-48de-b456-1f1d6e6a60b6 | ITER: 32 START
2019-06-21 03:06:04.382 30388 INFO rally.task.runner [-] Task 2a987809-b22e-48de-b456-1f1d6e6a60b6 | ITER: 19 END: OK
2019-06-21 03:06:04.389 30388 INFO rally.task.runner [-] Task 2a987809-b22e-48de-b456-1f1d6e6a60b6 | ITER: 33 START
2019-06-21 03:06:04.435 30349 INFO rally.task.runner [-] Task 2a987809-b22e-48de-b456-1f1d6e6a60b6 | ITER: 7 END: OK
2019-06-21 03:06:04.438 30350 INFO rally.task.runner [-] Task 2a987809-b22e-48de-b456-1f1d6e6a60b6 | ITER: 5 END: OK
2019-06-21 03:06:04.438 30349 INFO rally.task.runner [-] Task 2a987809-b22e-48de-b456-1f1d6e6a60b6 | ITER: 34 START
2019-06-21 03:06:04.441 30358 INFO rally.task.runner [-] Task 2a987809-b22e-48de-b456-1f1d6e6a60b6 | ITER: 13 END: OK
2019-06-21 03:06:04.442 30350 INFO rally.task.runner [-] Task 2a987809-b22e-48de-b456-1f1d6e6a60b6 | ITER: 35 START
2019-06-21 03:06:04.445 30358 INFO rally.task.runner [-] Task 2a987809-b22e-48de-b456-1f1d6e6a60b6 | ITER: 36 START
2019-06-21 03:06:04.486 30348 INFO rally.task.runner [-] Task 2a987809-b22e-48de-b456-1f1d6e6a60b6 | ITER: 2 END: OK
2019-06-21 03:06:04.494 30348 INFO rally.task.runner [-] Task 2a987809-b22e-48de-b456-1f1d6e6a60b6 | ITER: 37 START
2019-06-21 03:06:04.496 30369 INFO rally.task.runner [-] Task 2a987809-b22e-48de-b456-1f1d6e6a60b6 | ITER: 14 END: OK
2019-06-21 03:06:04.500 30369 INFO rally.task.runner [-] Task 2a987809-b22e-48de-b456-1f1d6e6a60b6 | ITER: 38 START
2019-06-21 03:06:04.512 30350 INFO rally.task.runner [-] Task 2a987809-b22e-48de-b456-1f1d6e6a60b6 | ITER: 12 END: OK
2019-06-21 03:06:04.515 30350 INFO rally.task.runner [-] Task 2a987809-b22e-48de-b456-1f1d6e6a60b6 | ITER: 39 START
2019-06-21 03:06:04.598 30361 INFO rally.task.runner [-] Task 2a987809-b22e-48de-b456-1f1d6e6a60b6 | ITER: 21 END: OK
2019-06-21 03:06:04.602 30361 INFO rally.task.runner [-] Task 2a987809-b22e-48de-b456-1f1d6e6a60b6 | ITER: 40 START
2019-06-21 03:06:04.684 30352 INFO rally.task.runner [-] Task 2a987809-b22e-48de-b456-1f1d6e6a60b6 | ITER: 26 END: OK
2019-06-21 03:06:04.767 30353 INFO rally.task.runner [-] Task 2a987809-b22e-48de-b456-1f1d6e6a60b6 | ITER: 25 END: OK
2019-06-21 03:06:04.793 30377 INFO rally.task.runner [-] Task 2a987809-b22e-48de-b456-1f1d6e6a60b6 | ITER: 17 END: OK
2019-06-21 03:06:04.840 30347 INFO rally.task.runner [-] Task 2a987809-b22e-48de-b456-1f1d6e6a60b6 | ITER: 24 END: OK
2019-06-21 03:06:04.840 30347 INFO rally.task.runner [-] Task 2a987809-b22e-48de-b456-1f1d6e6a60b6 | ITER: 28 END: OK
2019-06-21 03:06:04.850 30351 INFO rally.task.runner [-] Task 2a987809-b22e-48de-b456-1f1d6e6a60b6 | ITER: 22 END: OK
2019-06-21 03:06:04.912 30356 INFO rally.task.runner [-] Task 2a987809-b22e-48de-b456-1f1d6e6a60b6 | ITER: 23 END: OK
2019-06-21 03:06:04.919 30383 INFO rally.task.runner [-] Task 2a987809-b22e-48de-b456-1f1d6e6a60b6 | ITER: 29 END: OK
2019-06-21 03:06:04.922 30348 INFO rally.task.runner [-] Task 2a987809-b22e-48de-b456-1f1d6e6a60b6 | ITER: 30 END: OK
2019-06-21 03:06:04.923 30349 INFO rally.task.runner [-] Task 2a987809-b22e-48de-b456-1f1d6e6a60b6 | ITER: 27 END: OK
2019-06-21 03:06:04.982 30389 INFO rally.task.runner [-] Task 2a987809-b22e-48de-b456-1f1d6e6a60b6 | ITER: 32 END: OK
2019-06-21 03:06:05.007 30362 INFO rally.task.runner [-] Task 2a987809-b22e-48de-b456-1f1d6e6a60b6 | ITER: 31 END: OK
2019-06-21 03:06:05.104 30349 INFO rally.task.runner [-] Task 2a987809-b22e-48de-b456-1f1d6e6a60b6 | ITER: 34 END: OK
2019-06-21 03:06:05.111 30350 INFO rally.task.runner [-] Task 2a987809-b22e-48de-b456-1f1d6e6a60b6 | ITER: 39 END: OK
2019-06-21 03:06:05.142 30361 INFO rally.task.runner [-] Task 2a987809-b22e-48de-b456-1f1d6e6a60b6 | ITER: 40 END: OK
2019-06-21 03:06:05.161 30348 INFO rally.task.runner [-] Task 2a987809-b22e-48de-b456-1f1d6e6a60b6 | ITER: 37 END: OK
2019-06-21 03:06:05.208 30388 INFO rally.task.runner [-] Task 2a987809-b22e-48de-b456-1f1d6e6a60b6 | ITER: 33 END: OK
2019-06-21 03:06:05.239 30358 INFO rally.task.runner [-] Task 2a987809-b22e-48de-b456-1f1d6e6a60b6 | ITER: 36 END: OK
2019-06-21 03:06:05.265 30369 INFO rally.task.runner [-] Task 2a987809-b22e-48de-b456-1f1d6e6a60b6 | ITER: 38 END: OK
2019-06-21 03:06:05.292 30350 INFO rally.task.runner [-] Task 2a987809-b22e-48de-b456-1f1d6e6a60b6 | ITER: 35 END: OK
2019-06-21 03:06:05.316 25731 INFO rally.task.context [-] Task 2a987809-b22e-48de-b456-1f1d6e6a60b6 | Context admin_cleanup@openstack cleanup() started
2019-06-21 03:06:05.319 25731 RALLYDEBUG rally_openstack.cleanup.manager [-] Cleaning up neutron quota objects
2019-06-21 03:06:07.007 25731 INFO rally.task.context [-] Task 2a987809-b22e-48de-b456-1f1d6e6a60b6 | Context admin_cleanup@openstack cleanup() finished in 1.69 sec
2019-06-21 03:06:07.007 25731 INFO rally.task.context [-] Task 2a987809-b22e-48de-b456-1f1d6e6a60b6 | Context users@openstack cleanup() started
2019-06-21 03:06:28.025 25731 INFO rally.task.context [-] Task 2a987809-b22e-48de-b456-1f1d6e6a60b6 | Context users@openstack cleanup() finished in 21.02 sec
2019-06-21 03:06:28.314 25731 INFO rally.task.engine [-] Load duration is: 1.804321
2019-06-21 03:06:28.315 25731 INFO rally.task.engine [-] Full runner duration is: 1.863823
2019-06-21 03:06:28.315 25731 INFO rally.task.engine [-] Full duration is: 29.956355
2019-06-21 03:06:28.745 25731 INFO rally.task.engine [-] Running workload: position = 0 config = { "version": 2, "title": "A cropped version of a bigger task.", "description": "Auto-generated task from a single workload (uuid=6f2bdb48-51b0-4ea0-a9a7-4d84e1681b62)", "subtasks": [ { "title": "NeutronTrunks.create_and_list_trunk_subports", "description": "", "scenario": { "NeutronTrunks.create_and_list_trunk_subports": { "subport_count": 125 } }, "contexts": { "users": { "tenants": 1, "users_per_tenant": 1 }, "quotas": { "neutron": { "network": -1, "port": 1000 } } }, "runner": { "constant": { "times": 4, "concurrency": 4 } }, "hooks": [], "sla": { "failure_rate": { "max": 0 } } } ] }
2019-06-21 03:06:28.773 25731 RALLYDEBUG rally_openstack.contexts.keystone.users [-] Creating 1 tenants using 20 threads
2019-06-21 03:06:29.751 25731 RALLYDEBUG rally_openstack.contexts.keystone.users [-] Creating 1 users using 20 threads
2019-06-21 03:06:31.296 25731 INFO rally.task.context [-] Task 2a987809-b22e-48de-b456-1f1d6e6a60b6 | Context users@openstack setup() finished in 2.52 sec
2019-06-21 03:06:31.894 25731 INFO rally.task.context [-] Task 2a987809-b22e-48de-b456-1f1d6e6a60b6 | Context quotas@openstack setup() finished in 0.60 sec
2019-06-21 03:06:31.894 25731 INFO rally.task.context [-] Task 2a987809-b22e-48de-b456-1f1d6e6a60b6 | Context cleanup@openstack setup() finished in 0.01 msec
2019-06-21 03:06:31.903 25731 RALLYDEBUG rally.task.runner [-] Starting the constant runner (task UUID: 2a987809-b22e-48de-b456-1f1d6e6a60b6). timeout: 0 concurrency: 4 concurrency_per_worker: 1 times: 4 concurrency_overhead: 0 processes_to_start: 4 max_cpu_used: 16
2019-06-21 03:06:31.919 30537 RALLYDEBUG rally.task.runner [-] Starting a worker. concurrency: 1 args: {"subport_count": 125} times: 4 method_name: run timeout: 0 duration: None cls:
2019-06-21 03:06:31.922 30538 RALLYDEBUG rally.task.runner [-] Starting a worker. concurrency: 1 args: {"subport_count": 125} times: 4 method_name: run timeout: 0 duration: None cls:
2019-06-21 03:06:31.925 30537 INFO rally.task.runner [-] Task 2a987809-b22e-48de-b456-1f1d6e6a60b6 | ITER: 1 START
2019-06-21 03:06:31.925 30539 RALLYDEBUG rally.task.runner [-] Starting a worker. concurrency: 1 args: {"subport_count": 125} times: 4 method_name: run timeout: 0 duration: None cls:
2019-06-21 03:06:31.928 30538 INFO rally.task.runner [-] Task 2a987809-b22e-48de-b456-1f1d6e6a60b6 | ITER: 2 START
2019-06-21 03:06:31.928 30540 RALLYDEBUG rally.task.runner [-] Starting a worker. concurrency: 1 args: {"subport_count": 125} times: 4 method_name: run timeout: 0 duration: None cls:
2019-06-21 03:06:31.931 30539 INFO rally.task.runner [-] Task 2a987809-b22e-48de-b456-1f1d6e6a60b6 | ITER: 3 START
2019-06-21 03:06:31.935 30540 INFO rally.task.runner [-] Task 2a987809-b22e-48de-b456-1f1d6e6a60b6 | ITER: 4 START
2019-06-21 03:08:14.697 30540 WARNING rally.task.atomic [-] 'optional_action_timer' is deprecated since rally v0.10.0.Please use action_timer instead, we have improved atomic actions, now do not need to explicitly close original action.
2019-06-21 03:08:14.731 30540 WARNING rally.task.atomic [-] 'optional_action_timer' is deprecated since rally v0.10.0.Please use action_timer instead, we have improved atomic actions, now do not need to explicitly close original action.
2019-06-21 03:08:15.210 30540 INFO rally.task.runner [-] Task 2a987809-b22e-48de-b456-1f1d6e6a60b6 | ITER: 4 END: OK
2019-06-21 03:08:17.238 30539 WARNING rally.task.atomic [-] 'optional_action_timer' is deprecated since rally v0.10.0.Please use action_timer instead, we have improved atomic actions, now do not need to explicitly close original action.
2019-06-21 03:08:17.282 30539 WARNING rally.task.atomic [-] 'optional_action_timer' is deprecated since rally v0.10.0.Please use action_timer instead, we have improved atomic actions, now do not need to explicitly close original action.
2019-06-21 03:08:18.112 30539 INFO rally.task.runner [-] Task 2a987809-b22e-48de-b456-1f1d6e6a60b6 | ITER: 3 END: OK
2019-06-21 03:08:18.442 30538 WARNING rally.task.atomic [-] 'optional_action_timer' is deprecated since rally v0.10.0.Please use action_timer instead, we have improved atomic actions, now do not need to explicitly close original action.
2019-06-21 03:08:18.485 30538 WARNING rally.task.atomic [-] 'optional_action_timer' is deprecated since rally v0.10.0.Please use action_timer instead, we have improved atomic actions, now do not need to explicitly close original action.
2019-06-21 03:08:19.057 30538 INFO rally.task.runner [-] Task 2a987809-b22e-48de-b456-1f1d6e6a60b6 | ITER: 2 END: OK
2019-06-21 03:08:21.144 30537 WARNING rally.task.atomic [-] 'optional_action_timer' is deprecated since rally v0.10.0.Please use action_timer instead, we have improved atomic actions, now do not need to explicitly close original action.
2019-06-21 03:08:21.191 30537 WARNING rally.task.atomic [-] 'optional_action_timer' is deprecated since rally v0.10.0.Please use action_timer instead, we have improved atomic actions, now do not need to explicitly close original action.
2019-06-21 03:08:21.793 30537 INFO rally.task.runner [-] Task 2a987809-b22e-48de-b456-1f1d6e6a60b6 | ITER: 1 END: OK
2019-06-21 03:08:21.826 25731 INFO rally.task.context [-] Task 2a987809-b22e-48de-b456-1f1d6e6a60b6 | Context cleanup@openstack cleanup() started
2019-06-21 03:08:21.829 25731 RALLYDEBUG rally_openstack.cleanup.manager [-] Cleaning up neutron vip objects
2019-06-21 03:08:22.257 25731 RALLYDEBUG rally_openstack.cleanup.manager [-] Cleaning up neutron health_monitor objects
2019-06-21 03:08:22.674 25731 RALLYDEBUG rally_openstack.cleanup.manager [-] Cleaning up neutron pool objects
2019-06-21 03:08:23.107 25731 RALLYDEBUG rally_openstack.cleanup.manager [-] Cleaning up neutron loadbalancer objects
2019-06-21 03:08:23.516 25731 RALLYDEBUG rally_openstack.cleanup.manager [-] Cleaning up neutron floatingip objects
2019-06-21 03:08:23.968 25731 RALLYDEBUG rally_openstack.cleanup.manager [-] Cleaning up neutron port objects
2019-06-21 03:08:25.612 25731 RALLYDEBUG rally_openstack.cleanup.manager [-] Deleting neutron.port object s_rally_6f2bdb48_y2vATEGM (000c94bf-d6b8-4d39-b969-cb6e75b11b07)
2019-06-21 03:08:25.613 25731 RALLYDEBUG rally_openstack.cleanup.manager [-] Deleting neutron.port object s_rally_6f2bdb48_P8mVBuXd (049c7089-6e70-4a1b-b50e-998992bf3211)
2019-06-21 03:08:25.614 25731 RALLYDEBUG rally_openstack.cleanup.manager [-] Deleting neutron.port object s_rally_6f2bdb48_k9r77b1Q (082729a9-7de3-40aa-bbfe-690c86fc3b4e)
2019-06-21 03:08:25.616 25731 RALLYDEBUG rally_openstack.cleanup.manager [-] Deleting neutron.port object s_rally_6f2bdb48_MSxSU1IK (08fd58fc-72fb-4f19-9fa0-a4ace7d5ee9a)
2019-06-21 03:08:25.620 25731 RALLYDEBUG rally_openstack.cleanup.manager [-] Deleting neutron.port object s_rally_6f2bdb48_aE3R3n5B (0970b4f3-549d-4b4f-b2d3-e7bed0c3ac3b)
2019-06-21 03:08:25.638 25731 RALLYDEBUG rally_openstack.cleanup.manager [-] Deleting neutron.port object s_rally_6f2bdb48_9po1ZI6w (0877cb86-01fb-4d93-bf9c-f2c25070ca05)
2019-06-21 03:08:25.639 25731 RALLYDEBUG rally_openstack.cleanup.manager [-] Deleting neutron.port object s_rally_6f2bdb48_NUEkvBYl (09e97639-74a6-4162-a5b3-59c8a1ba129e)
2019-06-21 03:08:25.652 25731 RALLYDEBUG rally_openstack.cleanup.manager [-] Deleting neutron.port object s_rally_6f2bdb48_aK6uLXIS (03c1a1bb-f19b-4e01-ab3f-7bdf3514a3f7)
2019-06-21 03:08:25.652 25731 RALLYDEBUG rally_openstack.cleanup.manager [-] Deleting neutron.port object s_rally_6f2bdb48_XQzy6Nry (02617a75-5f84-4053-aeba-af0c5868b62b)
2019-06-21 03:08:25.660 25731 RALLYDEBUG rally_openstack.cleanup.manager [-] Deleting neutron.port object s_rally_6f2bdb48_J96Z9HrH (0232acfb-7ded-4865-9dd6-e767c30162e4)
2019-06-21 03:08:25.661 25731 RALLYDEBUG rally_openstack.cleanup.manager [-] Deleting neutron.port object s_rally_6f2bdb48_YE7OiY0A (0604616d-879b-4556-a69c-44918aeb3018)
2019-06-21 03:08:25.665 25731 RALLYDEBUG rally_openstack.cleanup.manager [-] Deleting neutron.port object s_rally_6f2bdb48_mln3lDIj (0296d754-4e0f-4862-adc4-92ae7b2f8094)
2019-06-21 03:08:25.671 25731 RALLYDEBUG rally_openstack.cleanup.manager [-] Deleting neutron.port object s_rally_6f2bdb48_xLXTVHzG (0185793a-d354-49f4-8066-1a6780f782e2)
2019-06-21 03:08:25.676 25731 RALLYDEBUG rally_openstack.cleanup.manager [-] Deleting neutron.port object s_rally_6f2bdb48_27zKSNcw (01329793-7be0-428f-bf36-2cef15e6b650)
2019-06-21 03:08:25.677 25731 RALLYDEBUG rally_openstack.cleanup.manager [-] Deleting neutron.port object s_rally_6f2bdb48_dOjzhJjT (018c0215-0152-4f93-ac18-11b196e66cf7)
2019-06-21 03:08:25.678 25731 RALLYDEBUG rally_openstack.cleanup.manager [-] Deleting neutron.port object s_rally_6f2bdb48_h59FCQcg (01db43c6-5095-486b-9dc7-3daf2aadb561)
2019-06-21 03:08:25.688 25731 RALLYDEBUG rally_openstack.cleanup.manager [-] Deleting neutron.port object s_rally_6f2bdb48_EsmQhjcy (036a7736-151d-4972-ba55-65e48ad05aca)
2019-06-21 03:08:25.684 25731 RALLYDEBUG rally_openstack.cleanup.manager [-] Deleting neutron.port object s_rally_6f2bdb48_jniSH5tT (00da5789-e6d9-45a9-befb-f703b0a840f1)
2019-06-21 03:08:25.690 25731 RALLYDEBUG rally_openstack.cleanup.manager [-] Deleting neutron.port object s_rally_6f2bdb48_f2mNOfjQ (05bb3e74-5f3c-4467-844d-210a362c8be6)
2019-06-21 03:08:25.749 25731 RALLYDEBUG rally_openstack.cleanup.manager [-] Deleting neutron.port object s_rally_6f2bdb48_Xzg1PkaA (01695cf9-0fe2-4da3-8168-2f1aa6d80075)
2019-06-21 03:08:27.895 25731 RALLYDEBUG rally_openstack.cleanup.manager [-] Deleting neutron.port object s_rally_6f2bdb48_diwUgSdw (0a0855e9-8064-41fd-8938-ddaf8bfd2bf1)
2019-06-21 03:08:27.911 25731 RALLYDEBUG rally_openstack.cleanup.manager [-] Deleting neutron.port object s_rally_6f2bdb48_QpW5YrmK (0b04a364-6925-4df7-84cf-e83bbb262f17)
2019-06-21 03:08:27.967 25731 RALLYDEBUG rally_openstack.cleanup.manager [-] Deleting neutron.port object s_rally_6f2bdb48_5ijGbmQA (0bafad4f-3033-4a99-8ea7-911192fd262c)
2019-06-21 03:08:28.051 25731 RALLYDEBUG rally_openstack.cleanup.manager [-] Deleting neutron.port object s_rally_6f2bdb48_Ed9ZsLGP (0bd654f2-1bea-4a9f-951d-34c9034a2cec)
2019-06-21 03:08:28.114 25731 RALLYDEBUG rally_openstack.cleanup.manager [-] Deleting neutron.port object s_rally_6f2bdb48_CimOxbXi (0c09df57-40f1-42b3-bef9-bb908b87c761)
2019-06-21 03:08:28.158 25731 RALLYDEBUG rally_openstack.cleanup.manager [-] Deleting neutron.port object s_rally_6f2bdb48_CgPXqgHm (0c0a49e3-e025-419b-bc94-0ec04aed3b93)
2019-06-21 03:08:28.398 25731 RALLYDEBUG rally_openstack.cleanup.manager [-] Deleting neutron.port object s_rally_6f2bdb48_j3Nm00gh (0d0d18e0-da8f-43b2-91a8-daf8c6331231)
2019-06-21 03:08:28.457 25731 RALLYDEBUG rally_openstack.cleanup.manager [-] Deleting neutron.port object s_rally_6f2bdb48_Ic21NzW2 (0e6bd686-0796-4b52-a14f-6d0b4cae793b)
2019-06-21 03:08:28.489 25731 RALLYDEBUG rally_openstack.cleanup.manager [-] Deleting neutron.port object s_rally_6f2bdb48_kWYPaiKk (0e70cb91-a53e-467d-b72f-b324e9601eaa)
2019-06-21 03:08:28.554 25731 RALLYDEBUG rally_openstack.cleanup.manager [-] Deleting neutron.port object s_rally_6f2bdb48_c1WiiEZ5 (0ed81c93-c9f9-4316-834f-7a8da1e15c92)
2019-06-21 03:08:28.640 25731 RALLYDEBUG rally_openstack.cleanup.manager [-] Deleting neutron.port object s_rally_6f2bdb48_Bj4fRWKN (0f77b762-c6c1-4368-8465-504435467d6b)
2019-06-21 03:08:28.764 25731 RALLYDEBUG rally_openstack.cleanup.manager [-] Deleting neutron.port object s_rally_6f2bdb48_sJcRaA9A (0ffd9b24-6861-491e-8eed-43ce49b888c8)
2019-06-21 03:08:28.791 25731 RALLYDEBUG rally_openstack.cleanup.manager [-] Deleting neutron.port object s_rally_6f2bdb48_Q9fVK9SR (1070f640-c9f0-49ba-884e-273d7265a73c)
2019-06-21 03:08:28.799 25731 RALLYDEBUG rally_openstack.cleanup.manager [-] Deleting neutron.port object s_rally_6f2bdb48_6fzoKzjp (1093f8c3-709f-47b1-873a-9ef8bbcd5a11)
2019-06-21 03:08:28.874 25731 RALLYDEBUG rally_openstack.cleanup.manager [-] Deleting neutron.port object s_rally_6f2bdb48_FTaTfZUD (10baf5d6-ee55-4756-b64e-02a0f200d3cf)
2019-06-21 03:08:28.949 25731 RALLYDEBUG rally_openstack.cleanup.manager [-] Deleting neutron.port object s_rally_6f2bdb48_tegZ10Yp (10c7df39-7617-472d-80d8-6d9ee340e5fe)
2019-06-21 03:08:28.949 25731 RALLYDEBUG rally_openstack.cleanup.manager [-] Deleting neutron.port object s_rally_6f2bdb48_W9nelCG5 (111a5e00-676a-4218-b4f0-2ed0570c4d77)
2019-06-21 03:08:29.060 25731 RALLYDEBUG rally_openstack.cleanup.manager [-] Deleting neutron.port object s_rally_6f2bdb48_i6IGpy1w (1156dd99-fea9-4a31-830f-a3272c1a6a21)
2019-06-21 03:08:29.077 25731 RALLYDEBUG rally_openstack.cleanup.manager [-] Deleting neutron.port object s_rally_6f2bdb48_fFzazrrg (116254da-845f-43c0-92a3-9b6c12fce2ff)
2019-06-21 03:08:29.127 25731 RALLYDEBUG rally_openstack.cleanup.manager [-] Deleting neutron.port object s_rally_6f2bdb48_snmDIQNo (11de6ab2-76bf-4f32-991b-b72e90aed24c)
2019-06-21 03:08:29.854 25731 RALLYDEBUG rally_openstack.cleanup.manager [-] Deleting neutron.port object s_rally_6f2bdb48_duhqfp03 (128ba7b4-dcd9-49fa-9204-56ef9165b385)
2019-06-21 03:08:30.003 25731 RALLYDEBUG rally_openstack.cleanup.manager [-] Deleting neutron.port object s_rally_6f2bdb48_Q6p6ILva (13254722-be94-419d-921d-13d1eb56a731)
2019-06-21 03:08:30.152 25731 RALLYDEBUG rally_openstack.cleanup.manager [-] Deleting neutron.port object s_rally_6f2bdb48_U0aOUU6H (1352f859-ede7-4666-bdd0-f9930d858589)
2019-06-21 03:08:30.182 25731 RALLYDEBUG rally_openstack.cleanup.manager [-] Deleting neutron.port object s_rally_6f2bdb48_xKITuNRK (13e79cce-eb3f-4de9-bb79-5db0616cdfa9)
2019-06-21 03:08:30.245 25731 RALLYDEBUG rally_openstack.cleanup.manager [-] Deleting neutron.port object s_rally_6f2bdb48_xmJ4m8Ww (1412f64f-291a-4be8-9039-10fa314f3b02)
2019-06-21 03:08:30.416 25731 RALLYDEBUG rally_openstack.cleanup.manager [-] Deleting neutron.port object s_rally_6f2bdb48_LBMv1w1R (1425e547-4a43-4b88-a15e-d7ddac5612e6)
2019-06-21 03:08:30.416 25731 RALLYDEBUG rally_openstack.cleanup.manager [-] Deleting neutron.port object s_rally_6f2bdb48_udS7kp4M (14eda696-7aee-4f0e-bf23-d6fab9fecb0b)
2019-06-21 03:08:30.469 25731 RALLYDEBUG rally_openstack.cleanup.manager [-] Deleting neutron.port object s_rally_6f2bdb48_9YFk7pOC (14f6e84c-866b-43b4-9848-b24b4b110b90)
2019-06-21 03:08:30.739 25731 RALLYDEBUG rally_openstack.cleanup.manager [-] Deleting neutron.port object s_rally_6f2bdb48_juLLTuCA (1509f621-a0a6-4b47-9052-fa56779191b2)
2019-06-21 03:08:30.884 25731 RALLYDEBUG rally_openstack.cleanup.manager [-] Deleting neutron.port object s_rally_6f2bdb48_UGG3Olx5 (15e4c8b5-8314-43c2-9194-11ca49795f5f)
2019-06-21 03:08:30.925 25731 RALLYDEBUG rally_openstack.cleanup.manager [-] Deleting neutron.port object s_rally_6f2bdb48_N9vkXXz4 (160a3e2d-3060-4a8d-a9be-6c29e41b0a6f)
2019-06-21 03:08:31.066 25731 RALLYDEBUG rally_openstack.cleanup.manager [-] Deleting neutron.port object s_rally_6f2bdb48_HQdLiD9J (16546621-a379-4933-9d88-7f15d7fd8ab5)
2019-06-21 03:08:31.301 25731 RALLYDEBUG rally_openstack.cleanup.manager [-] Deleting neutron.port object s_rally_6f2bdb48_rDiBmYRw (16a0894c-15f1-4c1a-8dc6-9731c08446de)
2019-06-21 03:08:31.345 25731 RALLYDEBUG rally_openstack.cleanup.manager [-] Deleting neutron.port object s_rally_6f2bdb48_CYW4MbqE (16c55830-e9bc-4493-a727-75560c56d293)
2019-06-21 03:08:31.375 25731 RALLYDEBUG rally_openstack.cleanup.manager [-] Deleting neutron.port object s_rally_6f2bdb48_QhHoDgDn (17c92239-c631-453a-8dd7-7a5d4f3a9b65)
2019-06-21 03:08:31.378 25731 RALLYDEBUG rally_openstack.cleanup.manager [-] Deleting neutron.port object s_rally_6f2bdb48_cfSW1aIl (18ce1899-5f5a-4ff8-9c16-db21e6900f5a)
2019-06-21 03:08:31.486 25731 RALLYDEBUG rally_openstack.cleanup.manager [-] Deleting neutron.port object s_rally_6f2bdb48_x9lvick9 (1a1faf7c-d2bf-421e-9702-0cbaa4e7f106)
2019-06-21 03:08:31.508 25731 RALLYDEBUG rally_openstack.cleanup.manager [-] Deleting neutron.port object s_rally_6f2bdb48_cflDZu86 (1a1fc30b-139d-4322-b3a3-5ee43956c6fe)
2019-06-21 03:08:31.511 25731 RALLYDEBUG rally_openstack.cleanup.manager [-] Deleting neutron.port object s_rally_6f2bdb48_cBRc928q (1af8c5ff-6f10-41e4-b967-716e7c555dea)
2019-06-21 03:08:31.592 25731 RALLYDEBUG rally_openstack.cleanup.manager [-] Deleting neutron.port object s_rally_6f2bdb48_X72a8qff (1b6b06d5-f36c-4bd1-afcb-e84c2ee8d9ee)
2019-06-21 03:08:31.972 25731 RALLYDEBUG rally_openstack.cleanup.manager [-] Deleting neutron.port object s_rally_6f2bdb48_9APt6Snf (1b96a4a4-d08c-4765-a63e-5a6eb5b23f96)
2019-06-21 03:08:32.145 25731 RALLYDEBUG rally_openstack.cleanup.manager [-] Deleting neutron.port object s_rally_6f2bdb48_t8cyhNwH (1c868d61-072f-466e-a3c0-e8b6384297f3)
2019-06-21 03:08:32.333 25731 RALLYDEBUG rally_openstack.cleanup.manager [-] Deleting neutron.port object s_rally_6f2bdb48_woAnXkST (1cdb301b-798f-4a63-aebb-44bc71f6c854)
2019-06-21 03:08:32.455 25731 RALLYDEBUG rally_openstack.cleanup.manager [-] Deleting neutron.port object s_rally_6f2bdb48_vWY0gXp9 (1eda58a9-afa3-48f7-9796-f817895c519c)
2019-06-21 03:08:32.632 25731 RALLYDEBUG rally_openstack.cleanup.manager [-] Deleting neutron.port object s_rally_6f2bdb48_H1iWWSJw (1f5c5c4f-90d7-4ebf-8b51-a467b7897b3b)
2019-06-21 03:08:32.667 25731 RALLYDEBUG rally_openstack.cleanup.manager [-] Deleting neutron.port object s_rally_6f2bdb48_H3COGfyA (202f75ac-3871-41ac-9cd6-813049023d87)
2019-06-21 03:08:32.721 25731 RALLYDEBUG rally_openstack.cleanup.manager [-] Deleting neutron.port object s_rally_6f2bdb48_efMUe46T (2046d466-eb83-4439-ae2e-634412f2d76f)
2019-06-21 03:08:32.742 25731 RALLYDEBUG rally_openstack.cleanup.manager [-] Deleting neutron.port object s_rally_6f2bdb48_ztsgmSFP (208f2408-9d36-4980-8954-cc44dd5f6ecb)
2019-06-21 03:08:32.903 25731 RALLYDEBUG rally_openstack.cleanup.manager [-] Deleting neutron.port object s_rally_6f2bdb48_qmJcudTS (20bd7fbe-152e-41cf-b921-aa16c3c8316e)
2019-06-21 03:08:32.985 25731 RALLYDEBUG rally_openstack.cleanup.manager [-] Deleting neutron.port object s_rally_6f2bdb48_hjHyneAY (21b7ab74-c952-47ee-b10f-296f2e15ea1f)
2019-06-21 03:08:33.056 25731 RALLYDEBUG rally_openstack.cleanup.manager [-] Deleting neutron.port object s_rally_6f2bdb48_sbObP2oW (21d09dce-bfbe-4b0e-bfc7-203c222c1f67)
2019-06-21 03:08:33.455 25731 RALLYDEBUG rally_openstack.cleanup.manager [-] Deleting neutron.port object s_rally_6f2bdb48_t0TsLGGm (2242ba5c-7bf6-4185-a5ab-dbd43a5106b7)
2019-06-21 03:08:33.507 25731 RALLYDEBUG rally_openstack.cleanup.manager [-] Deleting neutron.port object s_rally_6f2bdb48_lS8FdmXP (22b30442-2703-461d-8dbe-f978bdb91804)
2019-06-21 03:08:33.558 25731 RALLYDEBUG rally_openstack.cleanup.manager [-] Deleting neutron.port object s_rally_6f2bdb48_sI5V6Sup (231711cf-fa1f-4221-b5bc-d12a390b6ed6)
2019-06-21 03:08:33.607 25731 RALLYDEBUG rally_openstack.cleanup.manager [-] Deleting neutron.port object s_rally_6f2bdb48_m0pCwCgt (23b471e6-fe58-4804-b322-fd62f70eae24)
2019-06-21 03:08:33.642 25731 RALLYDEBUG rally_openstack.cleanup.manager [-] Deleting neutron.port object s_rally_6f2bdb48_z6dgbiKA (23c45f7c-0343-47b2-b1e7-87aab254db6e)
2019-06-21 03:08:33.669 25731 RALLYDEBUG rally_openstack.cleanup.manager [-] Deleting neutron.port object s_rally_6f2bdb48_4eWAiv0B (2451d6e8-188c-4820-bf92-a2537941a9f5)
2019-06-21 03:08:33.709 25731 RALLYDEBUG rally_openstack.cleanup.manager [-] Deleting neutron.port object s_rally_6f2bdb48_1LzVI0bc (24ac0080-39a1-4426-a72f-44598016b717)
2019-06-21 03:08:33.891 25731 RALLYDEBUG rally_openstack.cleanup.manager [-] Deleting neutron.port object s_rally_6f2bdb48_UgKSobHI (24e22ec5-8e68-480b-850f-d6350d8f1ece)
2019-06-21 03:08:34.103 25731 RALLYDEBUG rally_openstack.cleanup.manager [-] Deleting neutron.port object s_rally_6f2bdb48_UVG5TbPB (24f542dc-48d1-4caa-bdb9-e2c4dfcf20cd)
2019-06-21 03:08:34.110 25731 RALLYDEBUG rally_openstack.cleanup.manager [-] Deleting neutron.port object s_rally_6f2bdb48_wQRfu3zt (25043d2d-54ce-4439-a8e1-3ab6bb158ed9)
2019-06-21 03:08:34.135 25731 RALLYDEBUG rally_openstack.cleanup.manager [-] Deleting neutron.port object s_rally_6f2bdb48_B068OZFN (25a0369d-b48f-4e5f-a228-7e6af58e1a81)
2019-06-21 03:08:34.366 25731 RALLYDEBUG rally_openstack.cleanup.manager [-] Deleting neutron.port object s_rally_6f2bdb48_7Hsm1Yke (269a8c24-3ec5-4d16-9101-7f5caf5c5b4e)
2019-06-21 03:08:34.568 25731 RALLYDEBUG rally_openstack.cleanup.manager [-] Deleting neutron.port object s_rally_6f2bdb48_QRwZ8pce (270dcbf6-14a5-425a-a719-25de3b98e1a2)
2019-06-21 03:08:34.768 25731 RALLYDEBUG rally_openstack.cleanup.manager [-] Deleting neutron.port object s_rally_6f2bdb48_BwoD8q69 (2721b62c-47e1-414b-9ade-820d6a26814a)
2019-06-21 03:08:34.821 25731 RALLYDEBUG rally_openstack.cleanup.manager [-] Deleting neutron.port object s_rally_6f2bdb48_kNVu7ovy (274ec300-8c52-4e3b-98ee-0a0b69e8add1)
2019-06-21 03:08:34.946 25731 RALLYDEBUG rally_openstack.cleanup.manager [-] Deleting neutron.port object s_rally_6f2bdb48_a2ISUHeb (276f72e0-34b8-4141-af0d-4ab5e5629eee)
2019-06-21 03:08:35.250 25731 RALLYDEBUG rally_openstack.cleanup.manager [-] Deleting neutron.port object s_rally_6f2bdb48_fDO3kKUI (28a73c87-9d26-4afe-b216-3255e7fdb09b)
2019-06-21 03:08:35.373 25731 RALLYDEBUG rally_openstack.cleanup.manager [-] Deleting neutron.port object s_rally_6f2bdb48_XGXZEDV6 (2920d64c-cf68-484c-bcdd-11d90cd4d2f8)
2019-06-21 03:08:35.437 25731 RALLYDEBUG rally_openstack.cleanup.manager [-] Deleting neutron.port object s_rally_6f2bdb48_CjWTq0mc (2970edd2-32b7-46ad-936a-5c52ee12cfe8)
2019-06-21 03:08:35.607 25731 RALLYDEBUG rally_openstack.cleanup.manager [-] Deleting neutron.port object s_rally_6f2bdb48_5thSSALk (2a81d258-7f48-4f7a-b1a4-043bce22ae29)
2019-06-21 03:08:35.612 25731 RALLYDEBUG rally_openstack.cleanup.manager [-] Deleting neutron.port object s_rally_6f2bdb48_oodqD0Vl (2a9702f5-7d03-4bf0-844f-59ce91a98f45)
2019-06-21 03:08:35.958 25731 RALLYDEBUG rally_openstack.cleanup.manager [-] Deleting neutron.port object s_rally_6f2bdb48_FAqWiw23 (2b0c1786-e10b-4af2-a204-cc8bd59aaf77)
2019-06-21 03:08:35.977 25731 RALLYDEBUG rally_openstack.cleanup.manager [-] Deleting neutron.port object s_rally_6f2bdb48_BuGjQzaL (2b0f3a77-ed4d-4d37-83c8-e9bd4c0a373f)
2019-06-21 03:08:36.035 25731 RALLYDEBUG rally_openstack.cleanup.manager [-] Deleting neutron.port object s_rally_6f2bdb48_m3636cXO (2b18563f-d033-4230-a575-aa7beb87795f)
2019-06-21 03:08:36.089 25731 RALLYDEBUG rally_openstack.cleanup.manager [-] Deleting neutron.port object s_rally_6f2bdb48_2vnJkOm8 (2bd3377c-3473-4837-93e8-2e809baf21bc)
2019-06-21 03:08:36.283 25731 RALLYDEBUG rally_openstack.cleanup.manager [-] Deleting neutron.port object s_rally_6f2bdb48_M8e9eCGB (2be3c686-3148-4afc-a0a0-8bbf24ccd3d7)
2019-06-21 03:08:36.443 25731 RALLYDEBUG rally_openstack.cleanup.manager [-] Deleting neutron.port object s_rally_6f2bdb48_qgf10K4M (2bf241ff-3c9b-4485-9b25-0a7429c5c7cf)
