2019-06-21 03:04:49.143 25731 RALLYDEBUG rally_openstack.cleanup.manager [-] Deleting neutron.port object s_rally_d6883cad_NELsQdwB (53cdcc5d-5118-4ecc-a492-f137f245b873)
2019-06-21 03:04:49.158 25731 RALLYDEBUG rally_openstack.cleanup.manager [-] Deleting neutron.port object s_rally_d6883cad_L0bbgwFi (55aceec3-cf8b-4553-8f60-f43e2be08bd0)
2019-06-21 03:04:49.256 25731 RALLYDEBUG rally_openstack.cleanup.manager [-] Deleting neutron.port object s_rally_d6883cad_e2pPh7zC (5652c47b-e036-435b-86f7-d57a6a6f9ce5)
2019-06-21 03:04:49.514 25731 RALLYDEBUG rally_openstack.cleanup.manager [-] Deleting neutron.port object s_rally_d6883cad_TjJwB4uO (57118927-900f-4360-b88b-130d0f822987)
2019-06-21 03:04:49.519 25731 RALLYDEBUG rally_openstack.cleanup.manager [-] Deleting neutron.port object s_rally_d6883cad_lE8RPmfk (578f25e6-1de8-440a-a2fb-33fc3a8f9b2e)
2019-06-21 03:04:49.655 25731 RALLYDEBUG rally_openstack.cleanup.manager [-] Deleting neutron.port object s_rally_d6883cad_n3EuI30H (59ad0819-bdb7-4cbe-a8ed-d3f54b521427)
2019-06-21 03:04:49.656 25731 RALLYDEBUG rally_openstack.cleanup.manager [-] Deleting neutron.port object s_rally_d6883cad_Tyap3JOQ (5fe45bb2-c7e1-4719-b55f-99f9b5076bce)
2019-06-21 03:04:49.768 25731 RALLYDEBUG rally_openstack.cleanup.manager [-] Deleting neutron.port object s_rally_d6883cad_RrMFgkG0 (602f3fc9-4af6-4a87-9f64-779c5215a190)
2019-06-21 03:04:49.793 25731 RALLYDEBUG rally_openstack.cleanup.manager [-] Deleting neutron.port object s_rally_d6883cad_bOZ7Vbf3 (615f885b-49ed-4f20-b33f-46324a319ef7)
2019-06-21 03:04:49.904 25731 RALLYDEBUG rally_openstack.cleanup.manager [-] Deleting neutron.port object s_rally_d6883cad_wybCbpVi (638a067f-7848-46bf-84ad-bdca0ac5260b)
2019-06-21 03:04:49.931 25731 RALLYDEBUG rally_openstack.cleanup.manager [-] Deleting neutron.port object s_rally_d6883cad_6gEfCHMC (6435b540-59ee-430f-b49e-667a83f3c6bf)
2019-06-21 03:04:49.945 25731 RALLYDEBUG rally_openstack.cleanup.manager [-] Deleting neutron.port object s_rally_d6883cad_bKz6mX8S (66ec3c5c-eb16-4e8e-a7a3-3395ebf787b9)
2019-06-21 03:04:50.096 25731 RALLYDEBUG rally_openstack.cleanup.manager [-] Deleting neutron.port object s_rally_d6883cad_pTXZFNKg (671abbae-e795-4d66-9528-752ae24fdfde)
2019-06-21 03:04:50.256 25731 RALLYDEBUG rally_openstack.cleanup.manager [-] Deleting neutron.port object s_rally_d6883cad_X8D5a7Y2 (68b98f02-a988-4c84-8cac-77fcee257626)
2019-06-21 03:04:50.341 25731 RALLYDEBUG rally_openstack.cleanup.manager [-] Deleting neutron.port object s_rally_d6883cad_QiYmkk7S (68e0412c-f224-44f5-959b-b54d4c270a14)
2019-06-21 03:04:50.500 25731 RALLYDEBUG rally_openstack.cleanup.manager [-] Deleting neutron.port object s_rally_d6883cad_7GgP1tk8 (69d12176-fefa-48e4-ab0e-1fa46d7cf439)
2019-06-21 03:04:50.575 25731 RALLYDEBUG rally_openstack.cleanup.manager [-] Deleting neutron.port object s_rally_d6883cad_1sOSYHQ0 (6a2f5f49-572d-4748-aa35-1b289a735a50)
2019-06-21 03:04:50.804 25731 RALLYDEBUG rally_openstack.cleanup.manager [-] Deleting neutron.port object s_rally_d6883cad_2vSFJkHw (6a8d4d3a-ee24-4c7e-9e5d-efe47871d302)
2019-06-21 03:04:50.961 25731 RALLYDEBUG rally_openstack.cleanup.manager [-] Deleting neutron.port object s_rally_d6883cad_3cq7uxDP (6b90da68-3b00-48c8-8c54-d7e30f144629)
2019-06-21 03:04:51.069 25731 RALLYDEBUG rally_openstack.cleanup.manager [-] Deleting neutron.port object s_rally_d6883cad_x2qVtoxh (6bcb8cac-a12a-45f7-b3bc-0968d1087cd8)
2019-06-21 03:04:51.329 25731 RALLYDEBUG rally_openstack.cleanup.manager [-] Deleting neutron.port object s_rally_d6883cad_xOQAeYqf (6c5e8f23-69a2-49f5-a36e-92550954cf31)
2019-06-21 03:04:51.364 25731 RALLYDEBUG rally_openstack.cleanup.manager [-] Deleting neutron.port object s_rally_d6883cad_9wk98T2c (6e68d95c-9356-4211-9311-7f02e753491f)
2019-06-21 03:04:51.417 25731 RALLYDEBUG rally_openstack.cleanup.manager [-] Deleting neutron.port object s_rally_d6883cad_ODu7U83Y (710ec14f-5434-44a6-ac0e-d4f71a58ac0a)
2019-06-21 03:04:51.523 25731 RALLYDEBUG rally_openstack.cleanup.manager [-] Deleting neutron.port object s_rally_d6883cad_qzaGRNqH (71643138-8c58-460f-9de5-7eafe9b62508)
2019-06-21 03:04:51.525 25731 RALLYDEBUG rally_openstack.cleanup.manager [-] Deleting neutron.port object s_rally_d6883cad_sToWsACd (718d42ab-2c93-4f5f-a705-c640f30a81ce)
2019-06-21 03:04:51.704 25731 RALLYDEBUG rally_openstack.cleanup.manager [-] Deleting neutron.port object s_rally_d6883cad_rtY5cDVc (71b64d66-6af5-4425-8dc0-40deb9983a65)
2019-06-21 03:04:51.737 25731 RALLYDEBUG rally_openstack.cleanup.manager [-] Deleting neutron.port object s_rally_d6883cad_JbHaGIYT (72369f30-c53c-4c72-bcbf-a0604aa69229)
2019-06-21 03:04:51.799 25731 RALLYDEBUG rally_openstack.cleanup.manager [-] Deleting neutron.port object s_rally_d6883cad_wQjJ2Ez2 (729a9839-1a29-486a-85e7-573e79187819)
2019-06-21 03:04:51.876 25731 RALLYDEBUG rally_openstack.cleanup.manager [-] Deleting neutron.port object s_rally_d6883cad_y6ptoStG (7483f52c-c7fc-49f0-a751-061d9147dbe1)
2019-06-21 03:04:51.970 25731 RALLYDEBUG rally_openstack.cleanup.manager [-] Deleting neutron.port object s_rally_d6883cad_ytg7a9Io (7521021c-e647-4ef2-8dfa-c8e0154783c2)
2019-06-21 03:04:51.986 25731 RALLYDEBUG rally_openstack.cleanup.manager [-] Deleting neutron.port object s_rally_d6883cad_0yOfjhcv (75ecdc50-efe6-45ee-8996-888526ed4ee0)
2019-06-21 03:04:52.196 25731 RALLYDEBUG rally_openstack.cleanup.manager [-] Deleting neutron.port object s_rally_d6883cad_rhk9yEaM (761357a6-2eb9-4d96-83d4-77511a756a0f)
2019-06-21 03:04:52.327 25731 RALLYDEBUG rally_openstack.cleanup.manager [-] Deleting neutron.port object s_rally_d6883cad_2FGULMu6 (7661bb0d-9abd-41cf-aaea-047f62988366)
2019-06-21 03:04:52.356 25731 RALLYDEBUG rally_openstack.cleanup.manager [-] Deleting neutron.port object s_rally_d6883cad_ZfiEQURw (78f2e103-b8c0-4acd-a364-2bb4e23657ab)
2019-06-21 03:04:52.581 25731 RALLYDEBUG rally_openstack.cleanup.manager [-] Deleting neutron.port object s_rally_d6883cad_ETxUlEhV (794cda39-d4b2-4675-8531-a413e3e8c082)
2019-06-21 03:04:52.627 25731 RALLYDEBUG rally_openstack.cleanup.manager [-] Deleting neutron.port object s_rally_d6883cad_XTBX6ncT (7aac8333-86a1-440c-99d5-b2dd80355e06)
2019-06-21 03:04:52.740 25731 RALLYDEBUG rally_openstack.cleanup.manager [-] Deleting neutron.port object s_rally_d6883cad_m1O7jpjP (7acc65f2-a285-415e-a720-c7740c82ff70)
2019-06-21 03:04:52.905 25731 RALLYDEBUG rally_openstack.cleanup.manager [-] Deleting neutron.port object s_rally_d6883cad_oXPvQKIT (7bc65119-3ed2-41ad-804b-75031fa6c0b8)
2019-06-21 03:04:53.044 25731 RALLYDEBUG rally_openstack.cleanup.manager [-] Deleting neutron.port object s_rally_d6883cad_cyZE6X7I (7bdf187f-48f4-481f-a5de-fd2ccc176ec2)
2019-06-21 03:04:53.345 25731 RALLYDEBUG rally_openstack.cleanup.manager [-] Deleting neutron.port object s_rally_d6883cad_25dBjNLz (7c244da8-6d58-4265-88af-ae9868029b04)
2019-06-21 03:04:53.373 25731 RALLYDEBUG rally_openstack.cleanup.manager [-] Deleting neutron.port object s_rally_d6883cad_kFb93RBz (7d71fd75-44ea-4164-a91e-e93c3820c91e)
2019-06-21 03:04:53.505 25731 RALLYDEBUG rally_openstack.cleanup.manager [-] Deleting neutron.port object s_rally_d6883cad_iDTrtqDv (7ededec5-b4b7-42d1-8184-8e0e9049f85e)
2019-06-21 03:04:53.560 25731 RALLYDEBUG rally_openstack.cleanup.manager [-] Deleting neutron.port object s_rally_d6883cad_zfPhdZCm (7f1f79b9-6e1a-421b-ba60-7cf6b07eea42)
2019-06-21 03:04:53.613 25731 RALLYDEBUG rally_openstack.cleanup.manager [-] Deleting neutron.port object s_rally_d6883cad_acM69DCj (7f330bac-17d7-4f1c-8f56-f825543bba9a)
2019-06-21 03:04:53.653 25731 RALLYDEBUG rally_openstack.cleanup.manager [-] Deleting neutron.port object s_rally_d6883cad_doj1OyS3 (7f491a26-b404-4fb3-a613-cd7738141c1a)
2019-06-21 03:04:53.775 25731 RALLYDEBUG rally_openstack.cleanup.manager [-] Deleting neutron.port object s_rally_d6883cad_E9D6SdfG (814dbd2f-3aaa-4811-a133-ada900feb395)
2019-06-21 03:04:53.829 25731 RALLYDEBUG rally_openstack.cleanup.manager [-] Deleting neutron.port object s_rally_d6883cad_DbfBxr6p (817c173d-625b-4ea2-8202-e1ae0c196bf9)
2019-06-21 03:04:53.951 25731 RALLYDEBUG rally_openstack.cleanup.manager [-] Deleting neutron.port object s_rally_d6883cad_mkArqf8X (8194863c-1219-4d29-99c6-870d86101261)
2019-06-21 03:04:54.195 25731 RALLYDEBUG rally_openstack.cleanup.manager [-] Deleting neutron.port object s_rally_d6883cad_ryUyChsy (83b7b2fb-eb4c-4a51-8b0f-2b80bddbe29b)
2019-06-21 03:04:54.210 25731 RALLYDEBUG rally_openstack.cleanup.manager [-] Deleting neutron.port object s_rally_d6883cad_K0LsBIW2 (844c9b4d-e147-4135-9722-2829c44219cb)
2019-06-21 03:04:54.283 25731 RALLYDEBUG rally_openstack.cleanup.manager [-] Deleting neutron.port object s_rally_d6883cad_J2CQOBCq (847ec20a-2148-4965-8f8b-525085c6cb33)
2019-06-21 03:04:54.302 25731 RALLYDEBUG rally_openstack.cleanup.manager [-] Deleting neutron.port object s_rally_d6883cad_xL6E3VFW (8b556921-4cfa-4d9b-a87e-b573c95fdcfa)
2019-06-21 03:04:54.432 25731 RALLYDEBUG rally_openstack.cleanup.manager [-] Deleting neutron.port object s_rally_d6883cad_nNa8Q2Dg (8be53541-6f25-4ca6-9677-747f7377acb3)
2019-06-21 03:04:54.530 25731 RALLYDEBUG rally_openstack.cleanup.manager [-] Deleting neutron.port object s_rally_d6883cad_WYmlyHyP (8e586ad2-6796-4fce-82a2-9a3bbb9f59b0)
2019-06-21 03:04:54.730 25731 RALLYDEBUG rally_openstack.cleanup.manager [-] Deleting neutron.port object s_rally_d6883cad_k1CN4Rev (8f114d65-818d-4031-a9fa-21cba0fbf1c9)
2019-06-21 03:04:54.780 25731 RALLYDEBUG rally_openstack.cleanup.manager [-] Deleting neutron.port object s_rally_d6883cad_dwSbMOVZ (9143857c-f2eb-436f-9e2b-e40728da63fd)
2019-06-21 03:04:55.026 25731 RALLYDEBUG rally_openstack.cleanup.manager [-] Deleting neutron.port object s_rally_d6883cad_JJEgAU9V (91d1ed65-e52d-4979-8e99-8c4b243880cb)
2019-06-21 03:04:55.129 25731 RALLYDEBUG rally_openstack.cleanup.manager [-] Deleting neutron.port object s_rally_d6883cad_Uh1Nj2HR (920a1757-6fa3-411c-91db-d40dbf2713e8)
2019-06-21 03:04:55.219 25731 RALLYDEBUG rally_openstack.cleanup.manager [-] Deleting neutron.port object s_rally_d6883cad_dUox6UV6 (94b089c6-d0a6-406f-8a60-f08b3df25eb4)
2019-06-21 03:04:55.258 25731 RALLYDEBUG rally_openstack.cleanup.manager [-] Deleting neutron.port object s_rally_d6883cad_kVhd8lLT (98bb8b9b-8b53-4a61-b92c-21f3b8d687cf)
2019-06-21 03:04:55.333 25731 RALLYDEBUG rally_openstack.cleanup.manager [-] Deleting neutron.port object s_rally_d6883cad_6hg795B7 (9ab2834e-320b-4128-9608-fff24e7f9e3c)
2019-06-21 03:04:55.539 25731 RALLYDEBUG rally_openstack.cleanup.manager [-] Deleting neutron.port object s_rally_d6883cad_J7Erz16X (9cd6b962-a985-4e48-ac87-8148933b3b62)
2019-06-21 03:04:55.565 25731 RALLYDEBUG rally_openstack.cleanup.manager [-] Deleting neutron.port object s_rally_d6883cad_FSQp28XH (9faef78f-81be-4473-bdeb-36d47343481b)
2019-06-21 03:04:55.923 25731 RALLYDEBUG rally_openstack.cleanup.manager [-] Deleting neutron.port object s_rally_d6883cad_7vEMT1ZL (a159ddff-845f-4e43-94f2-6cfec00a639b)
2019-06-21 03:04:55.944 25731 RALLYDEBUG rally_openstack.cleanup.manager [-] Deleting neutron.port object s_rally_d6883cad_gIAjYfXW (a1c7de32-a822-4417-9dda-ede451293725)
2019-06-21 03:04:56.000 25731 RALLYDEBUG rally_openstack.cleanup.manager [-] Deleting neutron.port object s_rally_d6883cad_oYFJJTVe (a250399f-250d-46e1-8ef6-e403efe92232)
2019-06-21 03:04:56.003 25731 RALLYDEBUG rally_openstack.cleanup.manager [-] Deleting neutron.port object s_rally_d6883cad_SgEfod5r (a2a95c3a-f262-4ba6-b9fc-7e22083983dd)
2019-06-21 03:04:56.010 25731 RALLYDEBUG rally_openstack.cleanup.manager [-] Deleting neutron.port object s_rally_d6883cad_3w2QwYQq (a62839a8-8469-4794-bef4-5ad40c7b8c1d)
2019-06-21 03:04:56.152 25731 RALLYDEBUG rally_openstack.cleanup.manager [-] Deleting neutron.port object s_rally_d6883cad_a7Gavewm (a97156a7-11ec-45f1-ac2c-7988dd2c9bef)
2019-06-21 03:04:56.247 25731 RALLYDEBUG rally_openstack.cleanup.manager [-] Deleting neutron.port object s_rally_d6883cad_FrAtm5xw (ab7cc2fe-6566-4f09-89d2-1997fb19d75c)
2019-06-21 03:04:56.482 25731 RALLYDEBUG rally_openstack.cleanup.manager [-] Deleting neutron.port object s_rally_d6883cad_Cpm2hkdU (ace96352-de88-4f80-9468-4ec054f20ab5)
2019-06-21 03:04:56.500 25731 RALLYDEBUG rally_openstack.cleanup.manager [-] Deleting neutron.port object s_rally_d6883cad_KjvUVSvf (adaec591-9fbc-4ebe-889d-ad67542c4ff0)
2019-06-21 03:04:56.520 25731 RALLYDEBUG rally_openstack.cleanup.manager [-] Deleting neutron.port object s_rally_d6883cad_dFbVkIWW (ae27df91-7fc4-45ca-969d-76f47ccc0fc2)
2019-06-21 03:04:56.578 25731 RALLYDEBUG rally_openstack.cleanup.manager [-] Deleting neutron.port object s_rally_d6883cad_j8xUxa8w (afe52765-3eeb-4a47-8a9e-94d568edbb0b)
2019-06-21 03:04:56.756 25731 RALLYDEBUG rally_openstack.cleanup.manager [-] Deleting neutron.port object s_rally_d6883cad_rZpB7l9n (b034ebcb-4e2e-4eec-b41b-fc8d070d4e8a)
2019-06-21 03:04:56.838 25731 RALLYDEBUG rally_openstack.cleanup.manager [-] Deleting neutron.port object s_rally_d6883cad_LvuIJCdF (b0ecbd95-0216-4daf-853d-af0a8f070125)
2019-06-21 03:04:57.106 25731 RALLYDEBUG rally_openstack.cleanup.manager [-] Deleting neutron.port object s_rally_d6883cad_IJRi7ntZ (b5471aa5-9e2d-4b38-875b-25e0acddbcd2)
2019-06-21 03:04:57.181 25731 RALLYDEBUG rally_openstack.cleanup.manager [-] Deleting neutron.port object s_rally_d6883cad_bT468kZ4 (b6b6b61b-f092-43af-b9d2-126b8c52b2c1)
2019-06-21 03:04:57.189 25731 RALLYDEBUG rally_openstack.cleanup.manager [-] Deleting neutron.port object s_rally_d6883cad_EJlHypNg (bc200758-23e0-4b8b-91f4-5eec496295ef)
2019-06-21 03:04:57.254 25731 RALLYDEBUG rally_openstack.cleanup.manager [-] Deleting neutron.port object s_rally_d6883cad_iXUlkeiv (bc2ec60d-b7fc-4149-a768-c966e38e8775)
2019-06-21 03:04:57.257 25731 RALLYDEBUG rally_openstack.cleanup.manager [-] Deleting neutron.port object s_rally_d6883cad_dE3kG4lH (bc44dd51-c230-4195-b94e-9fb2c09c5c03)
2019-06-21 03:04:57.384 25731 RALLYDEBUG rally_openstack.cleanup.manager [-] Deleting neutron.port object s_rally_d6883cad_J9gzXy9I (bc72411e-f75d-4817-ad55-91585d959b5f)
2019-06-21 03:04:57.457 25731 RALLYDEBUG rally_openstack.cleanup.manager [-] Deleting neutron.port object s_rally_d6883cad_YxR2WGMq (bd966424-ffff-4ab0-9a57-a02e7a8cdfdc)
2019-06-21 03:04:57.799 25731 RALLYDEBUG rally_openstack.cleanup.manager [-] Deleting neutron.port object s_rally_d6883cad_wD9FsyM0 (bddc8391-06e7-406b-90d6-0c512b8ff370)
2019-06-21 03:04:57.837 25731 RALLYDEBUG rally_openstack.cleanup.manager [-] Deleting neutron.port object s_rally_d6883cad_NO8nwgvB (be215e79-2deb-42a8-be15-61e0ce599d82)
2019-06-21 03:04:57.867 25731 RALLYDEBUG rally_openstack.cleanup.manager [-] Deleting neutron.port object s_rally_d6883cad_fbTu8DHB (bfe9623a-8a3e-43c5-82ed-eca54dc76adf)
2019-06-21 03:04:58.006 25731 RALLYDEBUG rally_openstack.cleanup.manager [-] Deleting neutron.port object s_rally_d6883cad_dmB20N3B (c0eb58d7-b998-4f1f-860c-2959f956f880)
2019-06-21 03:04:58.244 25731 RALLYDEBUG rally_openstack.cleanup.manager [-] Deleting neutron.port object s_rally_d6883cad_BiYOdvGo (c2df4039-1a6a-42aa-af41-212598dd8fbd)
2019-06-21 03:04:58.304 25731 RALLYDEBUG rally_openstack.cleanup.manager [-] Deleting neutron.port object s_rally_d6883cad_cGEgYPeC (c530432a-57b7-484a-bd5c-0492c59d0510)
2019-06-21 03:04:58.334 25731 RALLYDEBUG rally_openstack.cleanup.manager [-] Deleting neutron.port object s_rally_d6883cad_a1FHmPUY (c5817a30-a6d7-462e-a003-0d066b27deee)
2019-06-21 03:04:58.334 25731 RALLYDEBUG rally_openstack.cleanup.manager [-] Deleting neutron.port object s_rally_d6883cad_RphGXoXs (c7871433-a274-4d9c-894f-35c49916938d)
2019-06-21 03:04:58.393 25731 RALLYDEBUG rally_openstack.cleanup.manager [-] Deleting neutron.port object s_rally_d6883cad_wO3vd0ha (c866a28b-55bd-454a-a4f5-5bb392aa5b72)
2019-06-21 03:04:58.486 25731 RALLYDEBUG rally_openstack.cleanup.manager [-] Deleting neutron.port object s_rally_d6883cad_j3UABqrh (c8a6b037-5c10-4454-8aeb-452ec3050f75)
2019-06-21 03:04:58.588 25731 RALLYDEBUG rally_openstack.cleanup.manager [-] Deleting neutron.port object s_rally_d6883cad_Bpy5ycDT (cb5557f1-dfbf-404a-b9ad-38707dff6f03)
2019-06-21 03:04:58.729 25731 RALLYDEBUG rally_openstack.cleanup.manager [-] Deleting neutron.port object s_rally_d6883cad_EbQEtxWC (cba81c39-e56f-48dd-9b4e-92d6a0d8b300)
2019-06-21 03:04:58.979 25731 RALLYDEBUG rally_openstack.cleanup.manager [-] Deleting neutron.port object s_rally_d6883cad_m2Aw3Od9 (cc4cb510-1732-4ec8-90b8-ef5c58d3b5a7)
2019-06-21 03:04:59.028 25731 RALLYDEBUG rally_openstack.cleanup.manager [-] Deleting neutron.port object s_rally_d6883cad_efutaqIo (cdbca7af-4194-422c-af56-2b70f03b969e)
2019-06-21 03:04:59.047 25731 RALLYDEBUG rally_openstack.cleanup.manager [-] Deleting neutron.port object s_rally_d6883cad_GSjeoOc5 (ce9728ee-5b26-482b-a5e1-3bf54bc86589)
2019-06-21 03:04:59.197 25731 RALLYDEBUG rally_openstack.cleanup.manager [-] Deleting neutron.port object s_rally_d6883cad_sCoNGx0y (d07868a2-a5a3-4585-aa21-7f0afd481ba4)
2019-06-21 03:04:59.198 25731 RALLYDEBUG rally_openstack.cleanup.manager [-] Deleting neutron.port object s_rally_d6883cad_EYAfryvn (d1993998-9efe-4a36-acd5-f6511f1d49b7)
2019-06-21 03:04:59.219 25731 RALLYDEBUG rally_openstack.cleanup.manager [-] Deleting neutron.port object s_rally_d6883cad_KfMjtZ3L (d214ff09-e83e-44b5-b8d7-028f1b8edcdb)
2019-06-21 03:04:59.334 25731 RALLYDEBUG rally_openstack.cleanup.manager [-] Deleting neutron.port object s_rally_d6883cad_WqjkOqGG (d2546b22-383d-4417-8998-8fe52aa4d293)
2019-06-21 03:04:59.620 25731 RALLYDEBUG rally_openstack.cleanup.manager [-] Deleting neutron.port object s_rally_d6883cad_itoDVqvh (d275af92-a3bb-4acd-8dbe-4158a03ff2f3)
2019-06-21 03:04:59.637 25731 RALLYDEBUG rally_openstack.cleanup.manager [-] Deleting neutron.port object s_rally_d6883cad_hKuLqljY (d2b0e352-34d7-4b93-b9be-4f8da20fe74f)
2019-06-21 03:04:59.718 25731 RALLYDEBUG rally_openstack.cleanup.manager [-] Deleting neutron.port object s_rally_d6883cad_c0mv8UfT (d6397d6d-7830-44ec-8965-ccb9b09334b4)
2019-06-21 03:05:00.091 25731 RALLYDEBUG rally_openstack.cleanup.manager [-] Deleting neutron.port object s_rally_d6883cad_rbv0wD22 (da6cbd11-5bf8-48ac-85be-2130d679bdfe)
2019-06-21 03:05:00.161 25731 RALLYDEBUG rally_openstack.cleanup.manager [-] Deleting neutron.port object s_rally_d6883cad_ZwjMVQp3 (db2198d7-ad00-474a-bb75-a538020bf197)
2019-06-21 03:05:00.225 25731 RALLYDEBUG rally_openstack.cleanup.manager [-] Deleting neutron.port object s_rally_d6883cad_W4WYxoYR (db69af45-4842-4000-8d9b-820c7261fd35)
2019-06-21 03:05:00.274 25731 RALLYDEBUG rally_openstack.cleanup.manager [-] Deleting neutron.port object s_rally_d6883cad_RDPgeUlU (db717562-2ce9-433b-9cbd-b42b629ecc1a)
2019-06-21 03:05:00.314 25731 RALLYDEBUG rally_openstack.cleanup.manager [-] Deleting neutron.port object s_rally_d6883cad_1xlsE1Iv (dbba6073-c51a-4c49-9cfe-17daa7b372a4)
2019-06-21 03:05:00.389 25731 RALLYDEBUG rally_openstack.cleanup.manager [-] Deleting neutron.port object s_rally_d6883cad_WhX0be5Q (dc720276-96d2-4b62-b491-2ebe98a7032c)
2019-06-21 03:05:00.501 25731 RALLYDEBUG rally_openstack.cleanup.manager [-] Deleting neutron.port object s_rally_d6883cad_Lh2IGTmi (e26720fc-ed9c-456c-bca7-affcd7717dd9)
2019-06-21 03:05:00.516 25731 RALLYDEBUG rally_openstack.cleanup.manager [-] Deleting neutron.port object s_rally_d6883cad_NcT9pQHg (e3f3cc63-53fd-4e64-aa47-2e3906bbefa3)
2019-06-21 03:05:00.673 25731 RALLYDEBUG rally_openstack.cleanup.manager [-] Deleting neutron.port object s_rally_d6883cad_iUmCDNy4 (e4c8354f-685e-485d-97df-dee402438695)
2019-06-21 03:05:00.979 25731 RALLYDEBUG rally_openstack.cleanup.manager [-] Deleting neutron.port object s_rally_d6883cad_e1rRhll5 (e5666739-f276-4ec7-9b67-e34e406ba938)
2019-06-21 03:05:01.025 25731 RALLYDEBUG rally_openstack.cleanup.manager [-] Deleting neutron.port object s_rally_d6883cad_3y3vIkH2 (e6537eb3-7828-46b2-8e43-5f56de9fa500)
2019-06-21 03:05:01.040 25731 RALLYDEBUG rally_openstack.cleanup.manager [-] Deleting neutron.port object s_rally_d6883cad_DGLpeKmY (e6deb3c6-e572-4408-bfb4-4d15ecedf326)
2019-06-21 03:05:01.105 25731 RALLYDEBUG rally_openstack.cleanup.manager [-] Deleting neutron.port object s_rally_d6883cad_vXOrl0Ad (e83ac721-904b-410a-8796-a490040ee37f)
2019-06-21 03:05:01.182 25731 RALLYDEBUG rally_openstack.cleanup.manager [-] Deleting neutron.port object s_rally_d6883cad_mIRotblK (e8e4f8c1-e8e1-4edc-8f42-d48dc0c50105)
2019-06-21 03:05:01.334 25731 RALLYDEBUG rally_openstack.cleanup.manager [-] Deleting neutron.port object s_rally_d6883cad_JzsJPzVa (ec2019fe-9d2e-4361-b6fd-eba22fb60ab1)
2019-06-21 03:05:01.593 25731 RALLYDEBUG rally_openstack.cleanup.manager [-] Deleting neutron.port object s_rally_d6883cad_sJPgSR8v (ee927693-985c-43e0-8ac1-57689860c40d)
2019-06-21 03:05:01.666 25731 RALLYDEBUG rally_openstack.cleanup.manager [-] Deleting neutron.port object s_rally_d6883cad_dyxIOT5c (eea2b0cd-4c2c-425e-9bcc-af4c69fc120f)
2019-06-21 03:05:01.682 25731 RALLYDEBUG rally_openstack.cleanup.manager [-] Deleting neutron.port object s_rally_d6883cad_sBQQg57l (efd524b1-9ef2-44da-a301-f91622793f64)
2019-06-21 03:05:01.709 25731 RALLYDEBUG rally_openstack.cleanup.manager [-] Deleting neutron.port object s_rally_d6883cad_RbTXs1Sc (f1691865-aa89-4790-80df-20f4ca02a4b2)
2019-06-21 03:05:01.736 25731 RALLYDEBUG rally_openstack.cleanup.manager [-] Deleting neutron.port object s_rally_d6883cad_1gSrnHoq (f49f5b1d-6fde-4195-976c-7c8610562bdc)
2019-06-21 03:05:02.065 25731 RALLYDEBUG rally_openstack.cleanup.manager [-] Deleting neutron.port object s_rally_d6883cad_3w16oVRb (f4b1f727-09d1-4ccc-ad3c-cedc5e6a2d5c)
2019-06-21 03:05:02.073 25731 RALLYDEBUG rally_openstack.cleanup.manager [-] Deleting neutron.port object s_rally_d6883cad_GmkU4A7N (f877f49f-14ff-48f0-ac5c-f66e87556285)
2019-06-21 03:05:02.186 25731 RALLYDEBUG rally_openstack.cleanup.manager [-] Deleting neutron.port object s_rally_d6883cad_TJSDczqN (f90d29d6-d8f7-4bbe-ab52-459288aed074)
2019-06-21 03:05:02.366 25731 RALLYDEBUG rally_openstack.cleanup.manager [-] Deleting neutron.port object s_rally_d6883cad_UsA9AurS (fb043adb-c318-4d07-8f43-eb0db8f040b0)
2019-06-21 03:05:02.371 25731 RALLYDEBUG rally_openstack.cleanup.manager [-] Deleting neutron.port object s_rally_d6883cad_NZEZpKSX (fd32bfeb-c4dd-4524-83ce-da80ac08b601)
2019-06-21 03:05:02.380 25731 RALLYDEBUG rally_openstack.cleanup.manager [-] Deleting neutron.port object s_rally_d6883cad_YvNhQYOo (fd355f90-3b43-46e3-89c8-9e1497f4097a)
2019-06-21 03:05:02.716 25731 RALLYDEBUG rally_openstack.cleanup.manager [-] Deleting neutron.port object s_rally_d6883cad_YTJcgnpM (fe07c0b6-9e2d-4554-a999-cd172f61c75c)
2019-06-21 03:05:02.832 25731 RALLYDEBUG rally_openstack.cleanup.manager [-] Deleting neutron.port object s_rally_d6883cad_xCuV1dlZ (fe2b036f-8cb7-483b-80a1-5692442aed8f)
2019-06-21 03:05:04.620 25731 RALLYDEBUG rally_openstack.cleanup.manager [-] Cleaning up neutron subnet objects
2019-06-21 03:05:05.058 25731 RALLYDEBUG rally_openstack.cleanup.manager [-] Cleaning up neutron network objects
2019-06-21 03:05:05.663 25731 RALLYDEBUG rally_openstack.cleanup.manager [-] Deleting neutron.network object s_rally_d6883cad_jvzvYuTV (176b26ef-40f1-4829-a0ba-e6d6ebc16e32)
2019-06-21 03:05:05.671 25731 RALLYDEBUG rally_openstack.cleanup.manager [-] Deleting neutron.network object s_rally_d6883cad_qeCgKp4F (1a3a4fc6-f7e5-4eed-af22-273d628cd494)
2019-06-21 03:05:05.684 25731 RALLYDEBUG rally_openstack.cleanup.manager [-] Deleting neutron.network object s_rally_d6883cad_M8acv6yU (200e4673-4f46-41ee-b797-8c9595b633cd)
2019-06-21 03:05:05.692 25731 RALLYDEBUG rally_openstack.cleanup.manager [-] Deleting neutron.network object s_rally_d6883cad_MibEai7F (2279d4a3-3f68-4e17-94ff-46781e76b251)
2019-06-21 03:05:05.697 25731 RALLYDEBUG rally_openstack.cleanup.manager [-] Deleting neutron.network object s_rally_d6883cad_sYURpMd3 (38e4779b-fef1-4eaf-b049-288eaa02b173)
2019-06-21 03:05:05.698 25731 RALLYDEBUG rally_openstack.cleanup.manager [-] Deleting neutron.network object s_rally_d6883cad_RIIX2E6r (31c20c65-7da3-4995-b495-03f6dfb21953)
2019-06-21 03:05:05.709 25731 RALLYDEBUG rally_openstack.cleanup.manager [-] Deleting neutron.network object s_rally_d6883cad_4HRcsKoh (3bfc6b15-9911-42f6-90fb-0df2c9c1bd04)
2019-06-21 03:05:05.720 25731 RALLYDEBUG rally_openstack.cleanup.manager [-] Deleting neutron.network object s_rally_d6883cad_NHE8HgMw (3e0961f1-114c-43a4-8f36-2dbc07dfdfb9)
2019-06-21 03:05:05.740 25731 RALLYDEBUG rally_openstack.cleanup.manager [-] Deleting neutron.network object s_rally_d6883cad_vzOS5Ow1 (4738e9c7-9ffb-4006-b3f9-9b790802671b)
2019-06-21 03:05:05.742 25731 RALLYDEBUG rally_openstack.cleanup.manager [-] Deleting neutron.network object s_rally_d6883cad_l6MiLnfE (63664b01-cdc5-4d9e-ac4b-6dacb8e9cc3c)
2019-06-21 03:05:05.756 25731 RALLYDEBUG rally_openstack.cleanup.manager [-] Deleting neutron.network object s_rally_d6883cad_yf9Lsos5 (656fef41-5fe1-40a8-b720-70549449eefe)
2019-06-21 03:05:05.814 25731 RALLYDEBUG rally_openstack.cleanup.manager [-] Deleting neutron.network object s_rally_d6883cad_EoqjsQFt (67261189-9f9f-4c38-9a16-fdf39fca36d3)
2019-06-21 03:05:05.847 25731 RALLYDEBUG rally_openstack.cleanup.manager [-] Deleting neutron.network object s_rally_d6883cad_FWiPmjZ6 (68e637a9-6afa-4633-8534-31d50f468865)
2019-06-21 03:05:05.861 25731 RALLYDEBUG rally_openstack.cleanup.manager [-] Deleting neutron.network object s_rally_d6883cad_OjSwfvg8 (71143bcd-7391-44ab-8294-e171de96a568)
2019-06-21 03:05:05.878 25731 RALLYDEBUG rally_openstack.cleanup.manager [-] Deleting neutron.network object s_rally_d6883cad_cluXgSJx (7da20bf2-ad29-4e00-9cbc-165c4eb7968f)
2019-06-21 03:05:05.910 25731 RALLYDEBUG rally_openstack.cleanup.manager [-] Deleting neutron.network object s_rally_d6883cad_9YmiDAwd (8c3c8816-e046-4ae7-9183-a5c01e57c1bd)
2019-06-21 03:05:05.906 25731 RALLYDEBUG rally_openstack.cleanup.manager [-] Deleting neutron.network object s_rally_d6883cad_CNmhNIvW (690c98f7-0105-489a-b982-d8e6e38e888e)
2019-06-21 03:05:05.913 25731 RALLYDEBUG rally_openstack.cleanup.manager [-] Deleting neutron.network object s_rally_d6883cad_ULl7kaZZ (8a36687e-7a60-4dd7-bfb5-49c37edada09)
2019-06-21 03:05:05.919 25731 RALLYDEBUG rally_openstack.cleanup.manager [-] Deleting neutron.network object s_rally_d6883cad_V5HtcS7I (7c593c5b-3001-405b-ae8c-ca0205258545)
2019-06-21 03:05:05.924 25731 RALLYDEBUG rally_openstack.cleanup.manager [-] Deleting neutron.network object s_rally_d6883cad_EMvpIt7F (83353d96-6339-4621-a35f-30f33c9400c5)
2019-06-21 03:05:08.244 25731 RALLYDEBUG rally_openstack.cleanup.manager [-] Deleting neutron.network object s_rally_d6883cad_7Wek98Ay (8e601a61-ce27-4ab9-95e5-2b3a7a1b07c8)
2019-06-21 03:05:08.324 25731 RALLYDEBUG rally_openstack.cleanup.manager [-] Deleting neutron.network object s_rally_d6883cad_q3VwgH4L (991f1eea-0ef1-441f-b0ca-121fe5dd5791)
2019-06-21 03:05:08.438 25731 RALLYDEBUG rally_openstack.cleanup.manager [-] Deleting neutron.network object s_rally_d6883cad_ZHUThjRc (9f8d44d4-51f5-4fee-b86f-c719c876b43a)
2019-06-21 03:05:08.655 25731 RALLYDEBUG rally_openstack.cleanup.manager [-] Deleting neutron.network object s_rally_d6883cad_DqXvKJPO (a2be9bb7-0d96-4b93-8a19-a3fab27193f5)
2019-06-21 03:05:08.691 25731 RALLYDEBUG rally_openstack.cleanup.manager [-] Deleting neutron.network object s_rally_d6883cad_i1ZDixid (a8d2498a-0f18-466c-b9a3-f6f6d99b4899)
2019-06-21 03:05:08.707 25731 RALLYDEBUG rally_openstack.cleanup.manager [-] Deleting neutron.network object s_rally_d6883cad_IyLNeFFR (abe978b3-8e0a-4155-bf19-49964d9f14ce)
2019-06-21 03:05:08.730 25731 RALLYDEBUG rally_openstack.cleanup.manager [-] Deleting neutron.network object s_rally_d6883cad_HxsMwXqA (ac107a57-b354-4864-950f-9bd204a53647)
2019-06-21 03:05:08.757 25731 RALLYDEBUG rally_openstack.cleanup.manager [-] Deleting neutron.network object s_rally_d6883cad_iRXKLTFp (b1ec3d6c-f42d-4015-a7a7-92b416a8e5b8)
2019-06-21 03:05:08.831 25731 RALLYDEBUG rally_openstack.cleanup.manager [-] Deleting neutron.network object s_rally_d6883cad_ZxFMISFa (ba7b62f8-fc4c-4fcc-9482-ee4a3b265405)
2019-06-21 03:05:08.843 25731 RALLYDEBUG rally_openstack.cleanup.manager [-] Deleting neutron.network object s_rally_d6883cad_h0Hbxmrd (bdf06e73-804c-454c-b475-3749f5b4d8d4)
2019-06-21 03:05:08.944 25731 RALLYDEBUG rally_openstack.cleanup.manager [-] Deleting neutron.network object s_rally_d6883cad_Mdez9zDn (c7aa9047-6c15-4121-a8a7-6a3bc02bdbd7)
2019-06-21 03:05:08.952 25731 RALLYDEBUG rally_openstack.cleanup.manager [-] Deleting neutron.network object s_rally_d6883cad_YgufUyhN (c8b7bea7-af62-4814-b3ca-01bac390c6d9)
2019-06-21 03:05:08.997 25731 RALLYDEBUG rally_openstack.cleanup.manager [-] Deleting neutron.network object s_rally_d6883cad_YcKPG8jm (d62a1906-8541-4cbb-a331-9c50dd9c1cbf)
2019-06-21 03:05:09.011 25731 RALLYDEBUG rally_openstack.cleanup.manager [-] Deleting neutron.network object s_rally_d6883cad_D4o6Jtfx (d6b6b63f-3982-47ce-b614-40749ac8c687)
2019-06-21 03:05:09.113 25731 RALLYDEBUG rally_openstack.cleanup.manager [-] Deleting neutron.network object s_rally_d6883cad_lhfoqOBC (d6bcbbf8-291a-4f9b-b70b-0fa482f2edc2)
2019-06-21 03:05:09.118 25731 RALLYDEBUG rally_openstack.cleanup.manager [-] Deleting neutron.network object s_rally_d6883cad_X1YJ4SYY (dee1ff53-ff94-471f-8469-b096829bcb44)
2019-06-21 03:05:09.173 25731 RALLYDEBUG rally_openstack.cleanup.manager [-] Deleting neutron.network object s_rally_d6883cad_CrfqswZ6 (e9569936-f525-42a3-ae97-0d9d4fa37c33)
2019-06-21 03:05:09.395 25731 RALLYDEBUG rally_openstack.cleanup.manager [-] Deleting neutron.network object s_rally_d6883cad_LsWhxlRp (f2738e24-37b5-4b6a-bb95-54ba58b7c1bd)
2019-06-21 03:05:09.531 25731 RALLYDEBUG rally_openstack.cleanup.manager [-] Deleting neutron.network object s_rally_d6883cad_xswmINUx (f6f3bf20-9621-4c1b-a8b6-0933161a7de3)
2019-06-21 03:05:09.538 25731 RALLYDEBUG rally_openstack.cleanup.manager [-] Deleting neutron.network object s_rally_d6883cad_QbP6h4EL (f98a89a9-82af-4f24-90ed-234a68aad731)
2019-06-21 03:05:12.305 25731 RALLYDEBUG rally_openstack.cleanup.manager [-] Cleaning up neutron router objects
2019-06-21 03:05:12.774 25731 RALLYDEBUG rally_openstack.cleanup.manager [-] Cleaning up neutron security_group objects
2019-06-21 03:05:13.226 25731 INFO rally.task.context [-] Task 2a987809-b22e-48de-b456-1f1d6e6a60b6 | Context cleanup@openstack cleanup() finished in 33.92 sec
2019-06-21 03:05:13.227 25731 INFO rally.task.context [-] Task 2a987809-b22e-48de-b456-1f1d6e6a60b6 | Context quotas@openstack cleanup() started
2019-06-21 03:05:13.317 25731 INFO rally.task.context [-] Task 2a987809-b22e-48de-b456-1f1d6e6a60b6 | Context quotas@openstack cleanup() finished in 90.37 msec
2019-06-21 03:05:13.317 25731 INFO rally.task.context [-] Task 2a987809-b22e-48de-b456-1f1d6e6a60b6 | Context users@openstack cleanup() started
2019-06-21 03:05:16.154 25731 INFO rally.task.context [-] Task 2a987809-b22e-48de-b456-1f1d6e6a60b6 | Context users@openstack cleanup() finished in 2.84 sec
2019-06-21 03:05:16.902 25731 INFO rally.task.engine [-] Load duration is: 21.591551
2019-06-21 03:05:16.902 25731 INFO rally.task.engine [-] Full runner duration is: 21.64514
2019-06-21 03:05:16.903 25731 INFO rally.task.engine [-] Full duration is: 61.556535
2019-06-21 03:05:17.255 25731 INFO rally.task.engine [-] Running workload: position = 2 config = { "version": 2, "title": "A cropped version of a bigger task.", "description": "Auto-generated task from a single workload (uuid=117f3def-8d60-43bd-b511-75ae0f869e74)", "subtasks": [ { "title": "NeutronNetworks.create_and_delete_ports", "description": "Create and delete a port.", "scenario": { "NeutronNetworks.create_and_delete_ports": { "network_create_args": {}, "port_create_args": {}, "ports_per_network": 5 } }, "contexts": { "users": { "tenants": 1, "users_per_tenant": 1 }, "quotas": { "neutron": { "network": -1, "port": -1 } } }, "runner": { "constant": { "times": 40, "concurrency": 20 } }, "hooks": [], "sla": { "failure_rate": { "max": 0 } } } ] }
2019-06-21 03:05:17.282 25731 RALLYDEBUG rally_openstack.contexts.keystone.users [-] Creating 1 tenants using 20 threads
2019-06-21 03:05:18.448 25731 RALLYDEBUG rally_openstack.contexts.keystone.users [-] Creating 1 users using 20 threads
2019-06-21 03:05:19.916 25731 INFO rally.task.context [-] Task 2a987809-b22e-48de-b456-1f1d6e6a60b6 | Context users@openstack setup() finished in 2.63 sec
2019-06-21 03:05:20.407 25731 INFO rally.task.context [-] Task 2a987809-b22e-48de-b456-1f1d6e6a60b6 | Context quotas@openstack setup() finished in 0.49 sec
2019-06-21 03:05:20.407 25731 INFO rally.task.context [-] Task 2a987809-b22e-48de-b456-1f1d6e6a60b6 | Context cleanup@openstack setup() finished in 0.01 msec
2019-06-21 03:05:20.416 25731 RALLYDEBUG rally.task.runner [-] Starting the constant runner (task UUID: 2a987809-b22e-48de-b456-1f1d6e6a60b6). timeout: 0 concurrency: 20 concurrency_per_worker: 1 times: 40 concurrency_overhead: 4 processes_to_start: 16 max_cpu_used: 16
2019-06-21 03:05:20.431 29977 RALLYDEBUG rally.task.runner [-] Starting a worker. concurrency: 2 args: {"network_create_args": {}, "port_create_args": {}, "ports_per_network": 5} times: 40 method_name: run timeout: 0 duration: None cls:
2019-06-21 03:05:20.434 29978 RALLYDEBUG rally.task.runner [-] Starting a worker. concurrency: 2 args: {"network_create_args": {}, "port_create_args": {}, "ports_per_network": 5} times: 40 method_name: run timeout: 0 duration: None cls:
2019-06-21 03:05:20.437 29979 RALLYDEBUG rally.task.runner [-] Starting a worker. concurrency: 2 args: {"network_create_args": {}, "port_create_args": {}, "ports_per_network": 5} times: 40 method_name: run timeout: 0 duration: None cls:
2019-06-21 03:05:20.441 29980 RALLYDEBUG rally.task.runner [-] Starting a worker. concurrency: 2 args: {"network_create_args": {}, "port_create_args": {}, "ports_per_network": 5} times: 40 method_name: run timeout: 0 duration: None cls:
2019-06-21 03:05:20.442 29978 INFO rally.task.runner [-] Task 2a987809-b22e-48de-b456-1f1d6e6a60b6 | ITER: 3 START
2019-06-21 03:05:20.443 29977 INFO rally.task.runner [-] Task 2a987809-b22e-48de-b456-1f1d6e6a60b6 | ITER: 2 START
2019-06-21 03:05:20.441 29977 INFO rally.task.runner [-] Task 2a987809-b22e-48de-b456-1f1d6e6a60b6 | ITER: 1 START
2019-06-21 03:05:20.445 29978 WARNING rally_openstack.scenarios.neutron.utils [-] Running this scenario without either the 'network' or 'existing_network' context is deprecated
2019-06-21 03:05:20.444 29983 RALLYDEBUG rally.task.runner [-] Starting a worker. concurrency: 1 args: {"network_create_args": {}, "port_create_args": {}, "ports_per_network": 5} times: 40 method_name: run timeout: 0 duration: None cls:
2019-06-21 03:05:20.445 29977 WARNING rally_openstack.scenarios.neutron.utils [-] Running this scenario without either the 'network' or 'existing_network' context is deprecated
2019-06-21 03:05:20.446 29979 INFO rally.task.runner [-] Task 2a987809-b22e-48de-b456-1f1d6e6a60b6 | ITER: 4 START
2019-06-21 03:05:20.448 29979 INFO rally.task.runner [-] Task 2a987809-b22e-48de-b456-1f1d6e6a60b6 | ITER: 6 START
2019-06-21 03:05:20.450 29983 INFO rally.task.runner [-] Task 2a987809-b22e-48de-b456-1f1d6e6a60b6 | ITER: 8 START
2019-06-21 03:05:20.449 29979 WARNING rally_openstack.scenarios.neutron.utils [-] Running this scenario without either the 'network' or 'existing_network' context is deprecated
2019-06-21 03:05:20.450 29986 RALLYDEBUG rally.task.runner [-] Starting a worker. concurrency: 1 args: {"network_create_args": {}, "port_create_args": {}, "ports_per_network": 5} times: 40 method_name: run timeout: 0 duration: None cls:
2019-06-21 03:05:20.452 29980 INFO rally.task.runner [-] Task 2a987809-b22e-48de-b456-1f1d6e6a60b6 | ITER: 7 START
2019-06-21 03:05:20.451 29990 RALLYDEBUG rally.task.runner [-] Starting a worker. concurrency: 1 args: {"network_create_args": {}, "port_create_args": {}, "ports_per_network": 5} times: 40 method_name: run timeout: 0 duration: None cls:
2019-06-21 03:05:20.452 29983 WARNING rally_openstack.scenarios.neutron.utils [-] Running this scenario without either the 'network' or 'existing_network' context is deprecated
2019-06-21 03:05:20.453 29980 WARNING rally_openstack.scenarios.neutron.utils [-] Running this scenario without either the 'network' or 'existing_network' context is deprecated
2019-06-21 03:05:20.445 29977 WARNING rally_openstack.scenarios.neutron.utils [-] Running this scenario without either the 'network' or 'existing_network' context is deprecated
2019-06-21 03:05:20.457 29994 RALLYDEBUG rally.task.runner [-] Starting a worker. concurrency: 1 args: {"network_create_args": {}, "port_create_args": {}, "ports_per_network": 5} times: 40 method_name: run timeout: 0 duration: None cls:
2019-06-21 03:05:20.459 29990 INFO rally.task.runner [-] Task 2a987809-b22e-48de-b456-1f1d6e6a60b6 | ITER: 11 START
2019-06-21 03:05:20.460 29986 INFO rally.task.runner [-] Task 2a987809-b22e-48de-b456-1f1d6e6a60b6 | ITER: 10 START
2019-06-21 03:05:20.450 29979 WARNING rally_openstack.scenarios.neutron.utils [-] Running this scenario without either the 'network' or 'existing_network' context is deprecated
2019-06-21 03:05:20.460 29998 RALLYDEBUG rally.task.runner [-] Starting a worker. concurrency: 1 args: {"network_create_args": {}, "port_create_args": {}, "ports_per_network": 5} times: 40 method_name: run timeout: 0 duration: None cls:
2019-06-21 03:05:20.462 29986 WARNING rally_openstack.scenarios.neutron.utils [-] Running this scenario without either the 'network' or 'existing_network' context is deprecated
2019-06-21 03:05:20.462 29978 INFO rally.task.runner [-] Task 2a987809-b22e-48de-b456-1f1d6e6a60b6 | ITER: 5 START
2019-06-21 03:05:20.463 29978 WARNING rally_openstack.scenarios.neutron.utils [-] Running this scenario without either the 'network' or 'existing_network' context is deprecated
2019-06-21 03:05:20.455 29980 INFO rally.task.runner [-] Task 2a987809-b22e-48de-b456-1f1d6e6a60b6 | ITER: 9 START
2019-06-21 03:05:20.464 30003 RALLYDEBUG rally.task.runner [-] Starting a worker. concurrency: 1 args: {"network_create_args": {}, "port_create_args": {}, "ports_per_network": 5} times: 40 method_name: run timeout: 0 duration: None cls:
2019-06-21 03:05:20.463 29990 WARNING rally_openstack.scenarios.neutron.utils [-] Running this scenario without either the 'network' or 'existing_network' context is deprecated
2019-06-21 03:05:20.467 29998 INFO rally.task.runner [-] Task 2a987809-b22e-48de-b456-1f1d6e6a60b6 | ITER: 13 START
2019-06-21 03:05:20.467 29994 INFO rally.task.runner [-] Task 2a987809-b22e-48de-b456-1f1d6e6a60b6 | ITER: 12 START
2019-06-21 03:05:20.465 29980 WARNING rally_openstack.scenarios.neutron.utils [-] Running this scenario without either the 'network' or 'existing_network' context is deprecated
2019-06-21 03:05:20.468 29998 WARNING rally_openstack.scenarios.neutron.utils [-] Running this scenario without either the 'network' or 'existing_network' context is deprecated
2019-06-21 03:05:20.469 29994 WARNING rally_openstack.scenarios.neutron.utils [-] Running this scenario without either the 'network' or 'existing_network' context is deprecated
2019-06-21 03:05:20.471 30003 INFO rally.task.runner [-] Task 2a987809-b22e-48de-b456-1f1d6e6a60b6 | ITER: 14 START
2019-06-21 03:05:20.472 30007 RALLYDEBUG rally.task.runner [-] Starting a worker. concurrency: 1 args: {"network_create_args": {}, "port_create_args": {}, "ports_per_network": 5} times: 40 method_name: run timeout: 0 duration: None cls:
2019-06-21 03:05:20.474 30003 WARNING rally_openstack.scenarios.neutron.utils [-] Running this scenario without either the 'network' or 'existing_network' context is deprecated
2019-06-21 03:05:20.478 30007 INFO rally.task.runner [-] Task 2a987809-b22e-48de-b456-1f1d6e6a60b6 | ITER: 15 START
2019-06-21 03:05:20.480 30007 WARNING rally_openstack.scenarios.neutron.utils [-] Running this scenario without either the 'network' or 'existing_network' context is deprecated
2019-06-21 03:05:20.482 30012 RALLYDEBUG rally.task.runner [-] Starting a worker. concurrency: 1 args: {"network_create_args": {}, "port_create_args": {}, "ports_per_network": 5} times: 40 method_name: run timeout: 0 duration: None cls:
2019-06-21 03:05:20.488 30012 INFO rally.task.runner [-] Task 2a987809-b22e-48de-b456-1f1d6e6a60b6 | ITER: 16 START
2019-06-21 03:05:20.490 30012 WARNING rally_openstack.scenarios.neutron.utils [-] Running this scenario without either the 'network' or 'existing_network' context is deprecated
2019-06-21 03:05:20.490 30015 RALLYDEBUG rally.task.runner [-] Starting a worker. concurrency: 1 args: {"network_create_args": {}, "port_create_args": {}, "ports_per_network": 5} times: 40 method_name: run timeout: 0 duration: None cls:
2019-06-21 03:05:20.496 30015 INFO rally.task.runner [-] Task 2a987809-b22e-48de-b456-1f1d6e6a60b6 | ITER: 17 START
2019-06-21 03:05:20.498 30015 WARNING rally_openstack.scenarios.neutron.utils [-] Running this scenario without either the 'network' or 'existing_network' context is deprecated
2019-06-21 03:05:20.499 30018 RALLYDEBUG rally.task.runner [-] Starting a worker. concurrency: 1 args: {"network_create_args": {}, "port_create_args": {}, "ports_per_network": 5} times: 40 method_name: run timeout: 0 duration: None cls:
2019-06-21 03:05:20.504 30018 INFO rally.task.runner [-] Task 2a987809-b22e-48de-b456-1f1d6e6a60b6 | ITER: 18 START
2019-06-21 03:05:20.506 30018 WARNING rally_openstack.scenarios.neutron.utils [-] Running this scenario without either the 'network' or 'existing_network' context is deprecated
2019-06-21 03:05:20.506 30021 RALLYDEBUG rally.task.runner [-] Starting a worker. concurrency: 1 args: {"network_create_args": {}, "port_create_args": {}, "ports_per_network": 5} times: 40 method_name: run timeout: 0 duration: None cls:
2019-06-21 03:05:20.511 30021 INFO rally.task.runner [-] Task 2a987809-b22e-48de-b456-1f1d6e6a60b6 | ITER: 19 START
2019-06-21 03:05:20.512 30021 WARNING rally_openstack.scenarios.neutron.utils [-] Running this scenario without either the 'network' or 'existing_network' context is deprecated
2019-06-21 03:05:20.513 30024 RALLYDEBUG rally.task.runner [-] Starting a worker. concurrency: 1 args: {"network_create_args": {}, "port_create_args": {}, "ports_per_network": 5} times: 40 method_name: run timeout: 0 duration: None cls:
2019-06-21 03:05:20.518 30024 INFO rally.task.runner [-] Task 2a987809-b22e-48de-b456-1f1d6e6a60b6 | ITER: 20 START
2019-06-21 03:05:20.519 30024 WARNING rally_openstack.scenarios.neutron.utils [-] Running this scenario without either the 'network' or 'existing_network' context is deprecated
2019-06-21 03:05:29.508 29980 INFO rally.task.runner [-] Task 2a987809-b22e-48de-b456-1f1d6e6a60b6 | ITER: 9 END: OK
2019-06-21 03:05:29.513 29980 INFO rally.task.runner [-] Task 2a987809-b22e-48de-b456-1f1d6e6a60b6 | ITER: 21 START
2019-06-21 03:05:29.513 29980 WARNING rally_openstack.scenarios.neutron.utils [-] Running this scenario without either the 'network' or 'existing_network' context is deprecated
2019-06-21 03:05:29.601 29979 INFO rally.task.runner [-] Task 2a987809-b22e-48de-b456-1f1d6e6a60b6 | ITER: 4 END: OK
2019-06-21 03:05:29.606 29979 INFO rally.task.runner [-] Task 2a987809-b22e-48de-b456-1f1d6e6a60b6 | ITER: 22 START
2019-06-21 03:05:29.606 29979 WARNING rally_openstack.scenarios.neutron.utils [-] Running this scenario without either the 'network' or 'existing_network' context is deprecated
2019-06-21 03:05:29.607 29977 INFO rally.task.runner [-] Task 2a987809-b22e-48de-b456-1f1d6e6a60b6 | ITER: 2 END: OK
2019-06-21 03:05:29.611 29977 INFO rally.task.runner [-] Task 2a987809-b22e-48de-b456-1f1d6e6a60b6 | ITER: 23 START
2019-06-21 03:05:29.612 29977 WARNING rally_openstack.scenarios.neutron.utils [-] Running this scenario without either the 'network' or 'existing_network' context is deprecated
2019-06-21 03:05:30.102 30018 INFO rally.task.runner [-] Task 2a987809-b22e-48de-b456-1f1d6e6a60b6 | ITER: 18 END: OK
2019-06-21 03:05:30.106 30018 INFO rally.task.runner [-] Task 2a987809-b22e-48de-b456-1f1d6e6a60b6 | ITER: 24 START
2019-06-21 03:05:30.107 30018 WARNING rally_openstack.scenarios.neutron.utils [-] Running this scenario without either the 'network' or 'existing_network' context is deprecated
2019-06-21 03:05:30.211 29980 INFO rally.task.runner [-] Task 2a987809-b22e-48de-b456-1f1d6e6a60b6 | ITER: 7 END: OK
2019-06-21 03:05:30.215 29980 INFO rally.task.runner [-] Task 2a987809-b22e-48de-b456-1f1d6e6a60b6 | ITER: 25 START
2019-06-21 03:05:30.216 29980 WARNING rally_openstack.scenarios.neutron.utils [-] Running this scenario without either the 'network' or 'existing_network' context is deprecated
2019-06-21 03:05:30.317 29994 INFO rally.task.runner [-] Task 2a987809-b22e-48de-b456-1f1d6e6a60b6 | ITER: 12 END: OK
2019-06-21 03:05:30.323 29994 INFO rally.task.runner [-] Task 2a987809-b22e-48de-b456-1f1d6e6a60b6 | ITER: 26 START
2019-06-21 03:05:30.323 29994 WARNING rally_openstack.scenarios.neutron.utils [-] Running this scenario without either the 'network' or 'existing_network' context is deprecated
2019-06-21 03:05:30.769 29983 INFO rally.task.runner [-] Task 2a987809-b22e-48de-b456-1f1d6e6a60b6 | ITER: 8 END: OK
2019-06-21 03:05:30.774 29983 INFO rally.task.runner [-] Task 2a987809-b22e-48de-b456-1f1d6e6a60b6 | ITER: 27 START
2019-06-21 03:05:30.775 29983 WARNING rally_openstack.scenarios.neutron.utils [-] Running this scenario without either the 'network' or 'existing_network' context is deprecated
2019-06-21 03:05:30.871 30007 INFO rally.task.runner [-] Task 2a987809-b22e-48de-b456-1f1d6e6a60b6 | ITER: 15 END: OK
2019-06-21 03:05:30.876 30007 INFO rally.task.runner [-] Task 2a987809-b22e-48de-b456-1f1d6e6a60b6 | ITER: 28 START
2019-06-21 03:05:30.876 29977 INFO rally.task.runner [-] Task 2a987809-b22e-48de-b456-1f1d6e6a60b6 | ITER: 1 END: OK
2019-06-21 03:05:30.877 30007 WARNING rally_openstack.scenarios.neutron.utils [-] Running this scenario without either the 'network' or 'existing_network' context is deprecated
2019-06-21 03:05:30.881 29977 INFO rally.task.runner [-] Task 2a987809-b22e-48de-b456-1f1d6e6a60b6 | ITER: 29 START
2019-06-21 03:05:30.882 29977 WARNING rally_openstack.scenarios.neutron.utils [-] Running this scenario without either the 'network' or 'existing_network' context is deprecated
2019-06-21 03:05:31.022 29979 INFO rally.task.runner [-] Task 2a987809-b22e-48de-b456-1f1d6e6a60b6 | ITER: 6 END: OK
2019-06-21 03:05:31.027 29979 INFO rally.task.runner [-] Task 2a987809-b22e-48de-b456-1f1d6e6a60b6 | ITER: 30 START
2019-06-21 03:05:31.028 29979 WARNING rally_openstack.scenarios.neutron.utils [-] Running this scenario without either the 'network' or 'existing_network' context is deprecated
2019-06-21 03:05:31.556 29978 INFO rally.task.runner [-] Task 2a987809-b22e-48de-b456-1f1d6e6a60b6 | ITER: 3 END: OK
2019-06-21 03:05:31.562 29978 INFO rally.task.runner [-] Task 2a987809-b22e-48de-b456-1f1d6e6a60b6 | ITER: 31 START
2019-06-21 03:05:31.562 29978 WARNING rally_openstack.scenarios.neutron.utils [-] Running this scenario without either the 'network' or 'existing_network' context is deprecated
2019-06-21 03:05:31.761 30012 INFO rally.task.runner [-] Task 2a987809-b22e-48de-b456-1f1d6e6a60b6 | ITER: 16 END: OK
2019-06-21 03:05:31.765 30012 INFO rally.task.runner [-] Task 2a987809-b22e-48de-b456-1f1d6e6a60b6 | ITER: 32 START
2019-06-21 03:05:31.766 30012 WARNING rally_openstack.scenarios.neutron.utils [-] Running this scenario without either the 'network' or 'existing_network' context is deprecated
2019-06-21 03:05:31.974 30003 INFO rally.task.runner [-] Task 2a987809-b22e-48de-b456-1f1d6e6a60b6 | ITER: 14 END: OK
2019-06-21 03:05:31.979 30003 INFO rally.task.runner [-] Task 2a987809-b22e-48de-b456-1f1d6e6a60b6 | ITER: 33 START
2019-06-21 03:05:31.980 30003 WARNING rally_openstack.scenarios.neutron.utils [-] Running this scenario without either the 'network' or 'existing_network' context is deprecated
2019-06-21 03:05:31.993 30015 INFO rally.task.runner [-] Task 2a987809-b22e-48de-b456-1f1d6e6a60b6 | ITER: 17 END: OK
2019-06-21 03:05:31.997 30015 INFO rally.task.runner [-] Task 2a987809-b22e-48de-b456-1f1d6e6a60b6 | ITER: 34 START
2019-06-21 03:05:31.998 30015 WARNING rally_openstack.scenarios.neutron.utils [-] Running this scenario without either the 'network' or 'existing_network' context is deprecated
2019-06-21 03:05:32.087 29986 INFO rally.task.runner [-] Task 2a987809-b22e-48de-b456-1f1d6e6a60b6 | ITER: 10 END: OK
2019-06-21 03:05:32.092 29986 INFO rally.task.runner [-] Task 2a987809-b22e-48de-b456-1f1d6e6a60b6 | ITER: 35 START
2019-06-21 03:05:32.093 29986 WARNING rally_openstack.scenarios.neutron.utils [-] Running this scenario without either the 'network' or 'existing_network' context is deprecated
2019-06-21 03:05:32.481 29998 INFO rally.task.runner [-] Task 2a987809-b22e-48de-b456-1f1d6e6a60b6 | ITER: 13 END: OK
2019-06-21 03:05:32.487 29998 INFO rally.task.runner [-] Task 2a987809-b22e-48de-b456-1f1d6e6a60b6 | ITER: 36 START
2019-06-21 03:05:32.487 29998 WARNING rally_openstack.scenarios.neutron.utils [-] Running this scenario without either the 'network' or 'existing_network' context is deprecated
2019-06-21 03:05:32.770 29990 INFO rally.task.runner [-] Task 2a987809-b22e-48de-b456-1f1d6e6a60b6 | ITER: 11 END: OK
2019-06-21 03:05:32.775 29990 INFO rally.task.runner [-] Task 2a987809-b22e-48de-b456-1f1d6e6a60b6 | ITER: 37 START
2019-06-21 03:05:32.776 29990 WARNING rally_openstack.scenarios.neutron.utils [-] Running this scenario without either the 'network' or 'existing_network' context is deprecated
2019-06-21 03:05:33.512 30021 INFO rally.task.runner [-] Task 2a987809-b22e-48de-b456-1f1d6e6a60b6 | ITER: 19 END: OK
2019-06-21 03:05:33.517 30021 INFO rally.task.runner [-] Task 2a987809-b22e-48de-b456-1f1d6e6a60b6 | ITER: 38 START
2019-06-21 03:05:33.517 30021 WARNING rally_openstack.scenarios.neutron.utils [-] Running this scenario without either the 'network' or 'existing_network' context is deprecated
