2019-06-21 02:50:43.486 25722 RALLYDEBUG rally.api [-] INFO logs from urllib3 and requests module are hide.
2019-06-21 02:50:43.486 25722 RALLYDEBUG rally.api [-] urllib3 insecure warnings are hidden.
2019-06-21 02:50:43.486 25722 RALLYDEBUG rally.api [-] ERROR log from boto module is hide.
2019-06-21 02:50:46.036 25724 RALLYDEBUG rally.api [-] INFO logs from urllib3 and requests module are hide.
2019-06-21 02:50:46.036 25724 RALLYDEBUG rally.api [-] urllib3 insecure warnings are hidden.
2019-06-21 02:50:46.036 25724 RALLYDEBUG rally.api [-] ERROR log from boto module is hide.
2019-06-21 02:50:47.569 25724 WARNING rally_openstack.platforms.existing [-] endpoint is deprecated and not used.
2019-06-21 02:50:48.694 25726 RALLYDEBUG rally.api [-] INFO logs from urllib3 and requests module are hide.
2019-06-21 02:50:48.695 25726 RALLYDEBUG rally.api [-] urllib3 insecure warnings are hidden.
2019-06-21 02:50:48.695 25726 RALLYDEBUG rally.api [-] ERROR log from boto module is hide.
2019-06-21 02:50:52.004 25729 RALLYDEBUG rally.api [-] INFO logs from urllib3 and requests module are hide.
2019-06-21 02:50:52.004 25729 RALLYDEBUG rally.api [-] urllib3 insecure warnings are hidden.
2019-06-21 02:50:52.004 25729 RALLYDEBUG rally.api [-] ERROR log from boto module is hide.
2019-06-21 02:50:53.564 25731 RALLYDEBUG rally.api [-] INFO logs from urllib3 and requests module are hide.
2019-06-21 02:50:53.565 25731 RALLYDEBUG rally.api [-] urllib3 insecure warnings are hidden.
2019-06-21 02:50:53.565 25731 RALLYDEBUG rally.api [-] ERROR log from boto module is hide.
2019-06-21 02:50:54.977 25731 INFO rally.common.plugin.discover [-] Loading plugins from directories /root/.rally/plugins/*
2019-06-21 02:50:54.978 25731 INFO rally.common.plugin.discover [-] Loaded module with plugins: /root/.rally/plugins/__init__.py
2019-06-21 02:50:54.981 25731 INFO rally.common.plugin.discover [-] Loaded module with plugins: /root/.rally/plugins/trunk_scenario.py
2019-06-21 02:50:55.211 25731 INFO rally.task.engine [-] Task 2a987809-b22e-48de-b456-1f1d6e6a60b6 | Starting: Task validation.
2019-06-21 02:50:55.272 25731 INFO rally.task.engine [-] Task 2a987809-b22e-48de-b456-1f1d6e6a60b6 | Starting: Task validation of syntax.
2019-06-21 02:50:55.508 25731 INFO rally.task.engine [-] Task 2a987809-b22e-48de-b456-1f1d6e6a60b6 | Completed: Task validation of syntax.
2019-06-21 02:50:55.508 25731 INFO rally.task.engine [-] Task 2a987809-b22e-48de-b456-1f1d6e6a60b6 | Starting: Task validation of required platforms.
2019-06-21 02:50:55.579 25731 INFO rally.task.engine [-] Task 2a987809-b22e-48de-b456-1f1d6e6a60b6 | Completed: Task validation of required platforms.
2019-06-21 02:50:55.579 25731 INFO rally.task.engine [-] Task 2a987809-b22e-48de-b456-1f1d6e6a60b6 | Starting: Task validation of semantic.
2019-06-21 02:50:55.579 25731 INFO rally.task.engine [-] Check health of the environment '4b5a3611-8c2e-4210-82b0-d1094fa9acc7'.
2019-06-21 02:50:56.173 25731 INFO rally.task.engine [-] Platform existing@openstack (available: True): OK!
2019-06-21 02:50:56.193 25731 RALLYDEBUG rally_openstack.contexts.keystone.users [-] Creating 1 tenants using 20 threads
2019-06-21 02:50:57.099 25731 RALLYDEBUG rally_openstack.contexts.keystone.users [-] Creating 1 users using 20 threads
2019-06-21 02:50:58.584 25731 INFO rally.task.context [-] Task 2a987809-b22e-48de-b456-1f1d6e6a60b6 | Context users@openstack setup() finished in 2.39 sec
2019-06-21 02:51:03.247 25731 INFO rally.task.context [-] Task 2a987809-b22e-48de-b456-1f1d6e6a60b6 | Context users@openstack cleanup() started
2019-06-21 02:51:06.365 25731 INFO rally.task.context [-] Task 2a987809-b22e-48de-b456-1f1d6e6a60b6 | Context users@openstack cleanup() finished in 3.12 sec
2019-06-21 02:51:06.366 25731 INFO rally.task.engine [-] Task 2a987809-b22e-48de-b456-1f1d6e6a60b6 | Completed: Task validation of semantic.
2019-06-21 02:51:06.366 25731 INFO rally.task.engine [-] Task 2a987809-b22e-48de-b456-1f1d6e6a60b6 | Completed: Task validation.
2019-06-21 02:51:06.367 25731 INFO rally.api [-] Task 2a987809-b22e-48de-b456-1f1d6e6a60b6 input file is valid.
2019-06-21 02:51:06.367 25731 INFO rally.api [-] Run Task 2a987809-b22e-48de-b456-1f1d6e6a60b6 against Deployment 4b5a3611-8c2e-4210-82b0-d1094fa9acc7
2019-06-21 02:51:06.367 25731 INFO rally.task.engine [-] Task 2a987809-b22e-48de-b456-1f1d6e6a60b6 | Starting: Running task.
2019-06-21 02:51:06.590 25731 INFO rally.task.engine [-] Running workload: position = 0 config = { "version": 2, "title": "A cropped version of a bigger task.", "description": "Auto-generated task from a single workload (uuid=767eff4b-1787-4cd1-a038-f590ffaa8d44)", "subtasks": [ { "title": "NeutronNetworks.create_and_list_networks", "description": "Check performance of list_networks action and ensure > network quotas are not exceeded", "scenario": { "NeutronNetworks.create_and_list_networks": {} }, "contexts": { "users": { "tenants": 1, "users_per_tenant": 1 }, "quotas": { "neutron": { "network": 119 } } }, "runner": { "constant": { "times": 100, "concurrency": 20 } }, "hooks": [], "sla": { "max_avg_duration_per_atomic": { "neutron.list_networks": 15 }, "failure_rate": { "max": 0 } } } ] }
2019-06-21 02:51:06.615 25731 RALLYDEBUG rally_openstack.contexts.keystone.users [-] Creating 1 tenants using 20 threads
2019-06-21 02:51:07.571 25731 RALLYDEBUG rally_openstack.contexts.keystone.users [-] Creating 1 users using 20 threads
2019-06-21 02:51:09.015 25731 INFO rally.task.context [-] Task 2a987809-b22e-48de-b456-1f1d6e6a60b6 | Context users@openstack setup() finished in 2.40 sec
2019-06-21 02:51:09.587 25731 INFO rally.task.context [-] Task 2a987809-b22e-48de-b456-1f1d6e6a60b6 | Context quotas@openstack setup() finished in 0.57 sec
2019-06-21 02:51:09.587 25731 INFO rally.task.context [-] Task 2a987809-b22e-48de-b456-1f1d6e6a60b6 | Context cleanup@openstack setup() finished in 0.01 msec
2019-06-21 02:51:09.596 25731 RALLYDEBUG rally.task.runner [-] Starting the constant runner (task UUID: 2a987809-b22e-48de-b456-1f1d6e6a60b6). timeout: 0 concurrency: 20 concurrency_per_worker: 1 times: 100 concurrency_overhead: 4 processes_to_start: 16 max_cpu_used: 16
2019-06-21 02:51:09.610 25855 RALLYDEBUG rally.task.runner [-] Starting a worker. concurrency: 2 args: {} times: 100 method_name: run timeout: 0 duration: None cls:
2019-06-21 02:51:09.613 25856 RALLYDEBUG rally.task.runner [-] Starting a worker. concurrency: 2 args: {} times: 100 method_name: run timeout: 0 duration: None cls:
2019-06-21 02:51:09.616 25857 RALLYDEBUG rally.task.runner [-] Starting a worker. concurrency: 2 args: {} times: 100 method_name: run timeout: 0 duration: None cls:
2019-06-21 02:51:09.619 25858 RALLYDEBUG rally.task.runner [-] Starting a worker. concurrency: 2 args: {} times: 100 method_name: run timeout: 0 duration: None cls:
2019-06-21 02:51:09.621 25855 INFO rally.task.runner [-] Task 2a987809-b22e-48de-b456-1f1d6e6a60b6 | ITER: 1 START
2019-06-21 02:51:09.622 25861 RALLYDEBUG rally.task.runner [-] Starting a worker. concurrency: 1 args: {} times: 100 method_name: run timeout: 0 duration: None cls:
2019-06-21 02:51:09.624 25856 INFO rally.task.runner [-] Task 2a987809-b22e-48de-b456-1f1d6e6a60b6 | ITER: 3 START
2019-06-21 02:51:09.626 25864 RALLYDEBUG rally.task.runner [-] Starting a worker. concurrency: 1 args: {} times: 100 method_name: run timeout: 0 duration: None cls:
2019-06-21 02:51:09.629 25857 INFO rally.task.runner [-] Task 2a987809-b22e-48de-b456-1f1d6e6a60b6 | ITER: 4 START
2019-06-21 02:51:09.629 25869 RALLYDEBUG rally.task.runner [-] Starting a worker. concurrency: 1 args: {} times: 100 method_name: run timeout: 0 duration: None cls:
2019-06-21 02:51:09.631 25858 INFO rally.task.runner [-] Task 2a987809-b22e-48de-b456-1f1d6e6a60b6 | ITER: 6 START
2019-06-21 02:51:09.628 25861 INFO rally.task.runner [-] Task 2a987809-b22e-48de-b456-1f1d6e6a60b6 | ITER: 9 START
2019-06-21 02:51:09.633 25855 INFO rally.task.runner [-] Task 2a987809-b22e-48de-b456-1f1d6e6a60b6 | ITER: 2 START
2019-06-21 02:51:09.633 25873 RALLYDEBUG rally.task.runner [-] Starting a worker. concurrency: 1 args: {} times: 100 method_name: run timeout: 0 duration: None cls:
2019-06-21 02:51:09.633 25856 INFO rally.task.runner [-] Task 2a987809-b22e-48de-b456-1f1d6e6a60b6 | ITER: 5 START
2019-06-21 02:51:09.636 25864 INFO rally.task.runner [-] Task 2a987809-b22e-48de-b456-1f1d6e6a60b6 | ITER: 10 START
2019-06-21 02:51:09.635 25858 INFO rally.task.runner [-] Task 2a987809-b22e-48de-b456-1f1d6e6a60b6 | ITER: 8 START
2019-06-21 02:51:09.639 25869 INFO rally.task.runner [-] Task 2a987809-b22e-48de-b456-1f1d6e6a60b6 | ITER: 11 START
2019-06-21 02:51:09.638 25878 RALLYDEBUG rally.task.runner [-] Starting a worker. concurrency: 1 args: {} times: 100 method_name: run timeout: 0 duration: None cls:
2019-06-21 02:51:09.636 25857 INFO rally.task.runner [-] Task 2a987809-b22e-48de-b456-1f1d6e6a60b6 | ITER: 7 START
2019-06-21 02:51:09.642 25873 INFO rally.task.runner [-] Task 2a987809-b22e-48de-b456-1f1d6e6a60b6 | ITER: 12 START
2019-06-21 02:51:09.647 25878 INFO rally.task.runner [-] Task 2a987809-b22e-48de-b456-1f1d6e6a60b6 | ITER: 13 START
2019-06-21 02:51:09.646 25884 RALLYDEBUG rally.task.runner [-] Starting a worker. concurrency: 1 args: {} times: 100 method_name: run timeout: 0 duration: None cls:
2019-06-21 02:51:09.654 25887 RALLYDEBUG rally.task.runner [-] Starting a worker. concurrency: 1 args: {} times: 100 method_name: run timeout: 0 duration: None cls:
2019-06-21 02:51:09.655 25884 INFO rally.task.runner [-] Task 2a987809-b22e-48de-b456-1f1d6e6a60b6 | ITER: 14 START
2019-06-21 02:51:09.662 25890 RALLYDEBUG rally.task.runner [-] Starting a worker. concurrency: 1 args: {} times: 100 method_name: run timeout: 0 duration: None cls:
2019-06-21 02:51:09.663 25887 INFO rally.task.runner [-] Task 2a987809-b22e-48de-b456-1f1d6e6a60b6 | ITER: 15 START
2019-06-21 02:51:09.669 25893 RALLYDEBUG rally.task.runner [-] Starting a worker. concurrency: 1 args: {} times: 100 method_name: run timeout: 0 duration: None cls:
2019-06-21 02:51:09.670 25890 INFO rally.task.runner [-] Task 2a987809-b22e-48de-b456-1f1d6e6a60b6 | ITER: 16 START
2019-06-21 02:51:09.676 25896 RALLYDEBUG rally.task.runner [-] Starting a worker. concurrency: 1 args: {} times: 100 method_name: run timeout: 0 duration: None cls:
2019-06-21 02:51:09.678 25893 INFO rally.task.runner [-] Task 2a987809-b22e-48de-b456-1f1d6e6a60b6 | ITER: 17 START
2019-06-21 02:51:09.681 25897 RALLYDEBUG rally.task.runner [-] Starting a worker. concurrency: 1 args: {} times: 100 method_name: run timeout: 0 duration: None cls:
2019-06-21 02:51:09.683 25896 INFO rally.task.runner [-] Task 2a987809-b22e-48de-b456-1f1d6e6a60b6 | ITER: 18 START
2019-06-21 02:51:09.686 25900 RALLYDEBUG rally.task.runner [-] Starting a worker. concurrency: 1 args: {} times: 100 method_name: run timeout: 0 duration: None cls:
2019-06-21 02:51:09.689 25897 INFO rally.task.runner [-] Task 2a987809-b22e-48de-b456-1f1d6e6a60b6 | ITER: 19 START
2019-06-21 02:51:09.692 25900 INFO rally.task.runner [-] Task 2a987809-b22e-48de-b456-1f1d6e6a60b6 | ITER: 20 START
2019-06-21 02:51:10.676 25873 INFO rally.task.runner [-] Task 2a987809-b22e-48de-b456-1f1d6e6a60b6 | ITER: 12 END: OK
2019-06-21 02:51:10.679 25873 INFO rally.task.runner [-] Task 2a987809-b22e-48de-b456-1f1d6e6a60b6 | ITER: 21 START
2019-06-21 02:51:10.839 25855 INFO rally.task.runner [-] Task 2a987809-b22e-48de-b456-1f1d6e6a60b6 | ITER: 1 END: OK
2019-06-21 02:51:10.844 25855 INFO rally.task.runner [-] Task 2a987809-b22e-48de-b456-1f1d6e6a60b6 | ITER: 22 START
2019-06-21 02:51:10.901 25861 INFO rally.task.runner [-] Task 2a987809-b22e-48de-b456-1f1d6e6a60b6 | ITER: 9 END: OK
2019-06-21 02:51:10.905 25861 INFO rally.task.runner [-] Task 2a987809-b22e-48de-b456-1f1d6e6a60b6 | ITER: 23 START
2019-06-21 02:51:10.951 25855 INFO rally.task.runner [-] Task 2a987809-b22e-48de-b456-1f1d6e6a60b6 | ITER: 2 END: OK
2019-06-21 02:51:10.955 25855 INFO rally.task.runner [-] Task 2a987809-b22e-48de-b456-1f1d6e6a60b6 | ITER: 24 START
2019-06-21 02:51:10.961 25857 INFO rally.task.runner [-] Task 2a987809-b22e-48de-b456-1f1d6e6a60b6 | ITER: 7 END: OK
2019-06-21 02:51:10.965 25857 INFO rally.task.runner [-] Task 2a987809-b22e-48de-b456-1f1d6e6a60b6 | ITER: 25 START
2019-06-21 02:51:11.026 25884 INFO rally.task.runner [-] Task 2a987809-b22e-48de-b456-1f1d6e6a60b6 | ITER: 14 END: OK
2019-06-21 02:51:11.030 25884 INFO rally.task.runner [-] Task 2a987809-b22e-48de-b456-1f1d6e6a60b6 | ITER: 26 START
2019-06-21 02:51:11.220 25869 INFO rally.task.runner [-] Task 2a987809-b22e-48de-b456-1f1d6e6a60b6 | ITER: 11 END: OK
2019-06-21 02:51:11.224 25869 INFO rally.task.runner [-] Task 2a987809-b22e-48de-b456-1f1d6e6a60b6 | ITER: 27 START
2019-06-21 02:51:11.422 25858 INFO rally.task.runner [-] Task 2a987809-b22e-48de-b456-1f1d6e6a60b6 | ITER: 6 END: OK
2019-06-21 02:51:11.427 25858 INFO rally.task.runner [-] Task 2a987809-b22e-48de-b456-1f1d6e6a60b6 | ITER: 28 START
2019-06-21 02:51:11.440 25893 INFO rally.task.runner [-] Task 2a987809-b22e-48de-b456-1f1d6e6a60b6 | ITER: 17 END: OK
2019-06-21 02:51:11.444 25893 INFO rally.task.runner [-] Task 2a987809-b22e-48de-b456-1f1d6e6a60b6 | ITER: 29 START
2019-06-21 02:51:11.449 25890 INFO rally.task.runner [-] Task 2a987809-b22e-48de-b456-1f1d6e6a60b6 | ITER: 16 END: OK
2019-06-21 02:51:11.452 25890 INFO rally.task.runner [-] Task 2a987809-b22e-48de-b456-1f1d6e6a60b6 | ITER: 30 START
2019-06-21 02:51:11.473 25878 INFO rally.task.runner [-] Task 2a987809-b22e-48de-b456-1f1d6e6a60b6 | ITER: 13 END: OK
2019-06-21 02:51:11.474 25896 INFO rally.task.runner [-] Task 2a987809-b22e-48de-b456-1f1d6e6a60b6 | ITER: 18 END: OK
2019-06-21 02:51:11.476 25878 INFO rally.task.runner [-] Task 2a987809-b22e-48de-b456-1f1d6e6a60b6 | ITER: 31 START
2019-06-21 02:51:11.477 25896 INFO rally.task.runner [-] Task 2a987809-b22e-48de-b456-1f1d6e6a60b6 | ITER: 32 START
2019-06-21 02:51:11.702 25900 INFO rally.task.runner [-] Task 2a987809-b22e-48de-b456-1f1d6e6a60b6 | ITER: 20 END: OK
2019-06-21 02:51:11.707 25900 INFO rally.task.runner [-] Task 2a987809-b22e-48de-b456-1f1d6e6a60b6 | ITER: 33 START
2019-06-21 02:51:11.732 25873 INFO rally.task.runner [-] Task 2a987809-b22e-48de-b456-1f1d6e6a60b6 | ITER: 21 END: OK
2019-06-21 02:51:11.735 25873 INFO rally.task.runner [-] Task 2a987809-b22e-48de-b456-1f1d6e6a60b6 | ITER: 34 START
2019-06-21 02:51:11.817 25897 INFO rally.task.runner [-] Task 2a987809-b22e-48de-b456-1f1d6e6a60b6 | ITER: 19 END: OK
2019-06-21 02:51:11.822 25897 INFO rally.task.runner [-] Task 2a987809-b22e-48de-b456-1f1d6e6a60b6 | ITER: 35 START
2019-06-21 02:51:11.891 25855 INFO rally.task.runner [-] Task 2a987809-b22e-48de-b456-1f1d6e6a60b6 | ITER: 24 END: OK
2019-06-21 02:51:11.894 25855 INFO rally.task.runner [-] Task 2a987809-b22e-48de-b456-1f1d6e6a60b6 | ITER: 36 START
2019-06-21 02:51:12.058 25857 INFO rally.task.runner [-] Task 2a987809-b22e-48de-b456-1f1d6e6a60b6 | ITER: 4 END: OK
2019-06-21 02:51:12.062 25857 INFO rally.task.runner [-] Task 2a987809-b22e-48de-b456-1f1d6e6a60b6 | ITER: 37 START
2019-06-21 02:51:12.092 25856 INFO rally.task.runner [-] Task 2a987809-b22e-48de-b456-1f1d6e6a60b6 | ITER: 3 END: OK
2019-06-21 02:51:12.096 25856 INFO rally.task.runner [-] Task 2a987809-b22e-48de-b456-1f1d6e6a60b6 | ITER: 38 START
2019-06-21 02:51:12.124 25864 INFO rally.task.runner [-] Task 2a987809-b22e-48de-b456-1f1d6e6a60b6 | ITER: 10 END: OK
2019-06-21 02:51:12.128 25864 INFO rally.task.runner [-] Task 2a987809-b22e-48de-b456-1f1d6e6a60b6 | ITER: 39 START
2019-06-21 02:51:12.202 25858 INFO rally.task.runner [-] Task 2a987809-b22e-48de-b456-1f1d6e6a60b6 | ITER: 8 END: OK
2019-06-21 02:51:12.205 25858 INFO rally.task.runner [-] Task 2a987809-b22e-48de-b456-1f1d6e6a60b6 | ITER: 40 START
2019-06-21 02:51:12.613 25855 INFO rally.task.runner [-] Task 2a987809-b22e-48de-b456-1f1d6e6a60b6 | ITER: 22 END: OK
2019-06-21 02:51:12.617 25855 INFO rally.task.runner [-] Task 2a987809-b22e-48de-b456-1f1d6e6a60b6 | ITER: 41 START
2019-06-21 02:51:12.709 25887 INFO rally.task.runner [-] Task 2a987809-b22e-48de-b456-1f1d6e6a60b6 | ITER: 15 END: OK
2019-06-21 02:51:12.714 25887 INFO rally.task.runner [-] Task 2a987809-b22e-48de-b456-1f1d6e6a60b6 | ITER: 42 START
2019-06-21 02:51:12.814 25878 INFO rally.task.runner [-] Task 2a987809-b22e-48de-b456-1f1d6e6a60b6 | ITER: 31 END: OK
2019-06-21 02:51:12.817 25878 INFO rally.task.runner [-] Task 2a987809-b22e-48de-b456-1f1d6e6a60b6 | ITER: 43 START
2019-06-21 02:51:12.828 25857 INFO rally.task.runner [-] Task 2a987809-b22e-48de-b456-1f1d6e6a60b6 | ITER: 25 END: OK
2019-06-21 02:51:12.831 25857 INFO rally.task.runner [-] Task 2a987809-b22e-48de-b456-1f1d6e6a60b6 | ITER: 44 START
2019-06-21 02:51:12.873 25890 INFO rally.task.runner [-] Task 2a987809-b22e-48de-b456-1f1d6e6a60b6 | ITER: 30 END: OK
2019-06-21 02:51:12.876 25890 INFO rally.task.runner [-] Task 2a987809-b22e-48de-b456-1f1d6e6a60b6 | ITER: 45 START
2019-06-21 02:51:12.885 25869 INFO rally.task.runner [-] Task 2a987809-b22e-48de-b456-1f1d6e6a60b6 | ITER: 27 END: OK
2019-06-21 02:51:12.889 25873 INFO rally.task.runner [-] Task 2a987809-b22e-48de-b456-1f1d6e6a60b6 | ITER: 34 END: OK
2019-06-21 02:51:12.889 25869 INFO rally.task.runner [-] Task 2a987809-b22e-48de-b456-1f1d6e6a60b6 | ITER: 46 START
2019-06-21 02:51:12.893 25873 INFO rally.task.runner [-] Task 2a987809-b22e-48de-b456-1f1d6e6a60b6 | ITER: 47 START
2019-06-21 02:51:12.896 25897 INFO rally.task.runner [-] Task 2a987809-b22e-48de-b456-1f1d6e6a60b6 | ITER: 35 END: OK
2019-06-21 02:51:12.900 25897 INFO rally.task.runner [-] Task 2a987809-b22e-48de-b456-1f1d6e6a60b6 | ITER: 48 START
2019-06-21 02:51:12.923 25858 INFO rally.task.runner [-] Task 2a987809-b22e-48de-b456-1f1d6e6a60b6 | ITER: 28 END: OK
2019-06-21 02:51:12.925 25884 INFO rally.task.runner [-] Task 2a987809-b22e-48de-b456-1f1d6e6a60b6 | ITER: 26 END: OK
2019-06-21 02:51:12.927 25858 INFO rally.task.runner [-] Task 2a987809-b22e-48de-b456-1f1d6e6a60b6 | ITER: 49 START
2019-06-21 02:51:12.928 25884 INFO rally.task.runner [-] Task 2a987809-b22e-48de-b456-1f1d6e6a60b6 | ITER: 50 START
2019-06-21 02:51:12.932 25856 INFO rally.task.runner [-] Task 2a987809-b22e-48de-b456-1f1d6e6a60b6 | ITER: 5 END: OK
2019-06-21 02:51:12.935 25856 INFO rally.task.runner [-] Task 2a987809-b22e-48de-b456-1f1d6e6a60b6 | ITER: 51 START
2019-06-21 02:51:12.966 25893 INFO rally.task.runner [-] Task 2a987809-b22e-48de-b456-1f1d6e6a60b6 | ITER: 29 END: OK
2019-06-21 02:51:12.969 25893 INFO rally.task.runner [-] Task 2a987809-b22e-48de-b456-1f1d6e6a60b6 | ITER: 52 START
2019-06-21 02:51:12.979 25900 INFO rally.task.runner [-] Task 2a987809-b22e-48de-b456-1f1d6e6a60b6 | ITER: 33 END: OK
2019-06-21 02:51:12.982 25900 INFO rally.task.runner [-] Task 2a987809-b22e-48de-b456-1f1d6e6a60b6 | ITER: 53 START
2019-06-21 02:51:13.036 25861 INFO rally.task.runner [-] Task 2a987809-b22e-48de-b456-1f1d6e6a60b6 | ITER: 23 END: OK
2019-06-21 02:51:13.039 25861 INFO rally.task.runner [-] Task 2a987809-b22e-48de-b456-1f1d6e6a60b6 | ITER: 54 START
2019-06-21 02:51:13.109 25896 INFO rally.task.runner [-] Task 2a987809-b22e-48de-b456-1f1d6e6a60b6 | ITER: 32 END: OK
2019-06-21 02:51:13.112 25896 INFO rally.task.runner [-] Task 2a987809-b22e-48de-b456-1f1d6e6a60b6 | ITER: 55 START
2019-06-21 02:51:13.228 25856 INFO rally.task.runner [-] Task 2a987809-b22e-48de-b456-1f1d6e6a60b6 | ITER: 38 END: OK
2019-06-21 02:51:13.232 25856 INFO rally.task.runner [-] Task 2a987809-b22e-48de-b456-1f1d6e6a60b6 | ITER: 56 START
2019-06-21 02:51:13.240 25855 INFO rally.task.runner [-] Task 2a987809-b22e-48de-b456-1f1d6e6a60b6 | ITER: 36 END: OK
2019-06-21 02:51:13.243 25855 INFO rally.task.runner [-] Task 2a987809-b22e-48de-b456-1f1d6e6a60b6 | ITER: 57 START
2019-06-21 02:51:13.369 25857 INFO rally.task.runner [-] Task 2a987809-b22e-48de-b456-1f1d6e6a60b6 | ITER: 37 END: OK
2019-06-21 02:51:13.377 25857 INFO rally.task.runner [-] Task 2a987809-b22e-48de-b456-1f1d6e6a60b6 | ITER: 58 START
2019-06-21 02:51:13.415 25864 INFO rally.task.runner [-] Task 2a987809-b22e-48de-b456-1f1d6e6a60b6 | ITER: 39 END: OK
2019-06-21 02:51:13.419 25864 INFO rally.task.runner [-] Task 2a987809-b22e-48de-b456-1f1d6e6a60b6 | ITER: 59 START
2019-06-21 02:51:13.547 25858 INFO rally.task.runner [-] Task 2a987809-b22e-48de-b456-1f1d6e6a60b6 | ITER: 40 END: OK
2019-06-21 02:51:13.551 25858 INFO rally.task.runner [-] Task 2a987809-b22e-48de-b456-1f1d6e6a60b6 | ITER: 60 START
2019-06-21 02:51:13.780 25890 INFO rally.task.runner [-] Task 2a987809-b22e-48de-b456-1f1d6e6a60b6 | ITER: 45 END: OK
2019-06-21 02:51:13.784 25890 INFO rally.task.runner [-] Task 2a987809-b22e-48de-b456-1f1d6e6a60b6 | ITER: 61 START
2019-06-21 02:51:13.795 25856 INFO rally.task.runner [-] Task 2a987809-b22e-48de-b456-1f1d6e6a60b6 | ITER: 51 END: OK
2019-06-21 02:51:13.799 25856 INFO rally.task.runner [-] Task 2a987809-b22e-48de-b456-1f1d6e6a60b6 | ITER: 62 START
2019-06-21 02:51:13.854 25878 INFO rally.task.runner [-] Task 2a987809-b22e-48de-b456-1f1d6e6a60b6 | ITER: 43 END: OK
2019-06-21 02:51:13.857 25878 INFO rally.task.runner [-] Task 2a987809-b22e-48de-b456-1f1d6e6a60b6 | ITER: 63 START
2019-06-21 02:51:13.885 25887 INFO rally.task.runner [-] Task 2a987809-b22e-48de-b456-1f1d6e6a60b6 | ITER: 42 END: OK
2019-06-21 02:51:13.888 25887 INFO rally.task.runner [-] Task 2a987809-b22e-48de-b456-1f1d6e6a60b6 | ITER: 64 START
2019-06-21 02:51:13.894 25857 INFO rally.task.runner [-] Task 2a987809-b22e-48de-b456-1f1d6e6a60b6 | ITER: 44 END: OK
2019-06-21 02:51:13.897 25857 INFO rally.task.runner [-] Task 2a987809-b22e-48de-b456-1f1d6e6a60b6 | ITER: 65 START
2019-06-21 02:51:14.068 25873 INFO rally.task.runner [-] Task 2a987809-b22e-48de-b456-1f1d6e6a60b6 | ITER: 47 END: OK
2019-06-21 02:51:14.071 25873 INFO rally.task.runner [-] Task 2a987809-b22e-48de-b456-1f1d6e6a60b6 | ITER: 66 START
2019-06-21 02:51:14.089 25855 INFO rally.task.runner [-] Task 2a987809-b22e-48de-b456-1f1d6e6a60b6 | ITER: 41 END: OK
2019-06-21 02:51:14.092 25855 INFO rally.task.runner [-] Task 2a987809-b22e-48de-b456-1f1d6e6a60b6 | ITER: 67 START
2019-06-21 02:51:14.228 25893 INFO rally.task.runner [-] Task 2a987809-b22e-48de-b456-1f1d6e6a60b6 | ITER: 52 END: OK
2019-06-21 02:51:14.231 25893 INFO rally.task.runner [-] Task 2a987809-b22e-48de-b456-1f1d6e6a60b6 | ITER: 68 START
2019-06-21 02:51:14.365 25855 INFO rally.task.runner [-] Task 2a987809-b22e-48de-b456-1f1d6e6a60b6 | ITER: 57 END: OK
2019-06-21 02:51:14.366 25861 INFO rally.task.runner [-] Task 2a987809-b22e-48de-b456-1f1d6e6a60b6 | ITER: 54 END: OK
2019-06-21 02:51:14.369 25855 INFO rally.task.runner [-] Task 2a987809-b22e-48de-b456-1f1d6e6a60b6 | ITER: 69 START
2019-06-21 02:51:14.370 25861 INFO rally.task.runner [-] Task 2a987809-b22e-48de-b456-1f1d6e6a60b6 | ITER: 70 START
2019-06-21 02:51:14.463 25897 INFO rally.task.runner [-] Task 2a987809-b22e-48de-b456-1f1d6e6a60b6 | ITER: 48 END: OK
2019-06-21 02:51:14.466 25897 INFO rally.task.runner [-] Task 2a987809-b22e-48de-b456-1f1d6e6a60b6 | ITER: 71 START
2019-06-21 02:51:14.532 25900 INFO rally.task.runner [-] Task 2a987809-b22e-48de-b456-1f1d6e6a60b6 | ITER: 53 END: OK
2019-06-21 02:51:14.536 25900 INFO rally.task.runner [-] Task 2a987809-b22e-48de-b456-1f1d6e6a60b6 | ITER: 72 START
2019-06-21 02:51:14.622 25858 INFO rally.task.runner [-] Task 2a987809-b22e-48de-b456-1f1d6e6a60b6 | ITER: 49 END: OK
2019-06-21 02:51:14.625 25858 INFO rally.task.runner [-] Task 2a987809-b22e-48de-b456-1f1d6e6a60b6 | ITER: 73 START
2019-06-21 02:51:15.029 25884 INFO rally.task.runner [-] Task 2a987809-b22e-48de-b456-1f1d6e6a60b6 | ITER: 50 END: OK
2019-06-21 02:51:15.033 25884 INFO rally.task.runner [-] Task 2a987809-b22e-48de-b456-1f1d6e6a60b6 | ITER: 74 START
2019-06-21 02:51:15.057 25857 INFO rally.task.runner [-] Task 2a987809-b22e-48de-b456-1f1d6e6a60b6 | ITER: 58 END: OK
2019-06-21 02:51:15.060 25857 INFO rally.task.runner [-] Task 2a987809-b22e-48de-b456-1f1d6e6a60b6 | ITER: 75 START
2019-06-21 02:51:15.200 25869 INFO rally.task.runner [-] Task 2a987809-b22e-48de-b456-1f1d6e6a60b6 | ITER: 46 END: OK
2019-06-21 02:51:15.204 25869 INFO rally.task.runner [-] Task 2a987809-b22e-48de-b456-1f1d6e6a60b6 | ITER: 76 START
2019-06-21 02:51:15.325 25856 INFO rally.task.runner [-] Task 2a987809-b22e-48de-b456-1f1d6e6a60b6 | ITER: 56 END: OK
2019-06-21 02:51:15.329 25856 INFO rally.task.runner [-] Task 2a987809-b22e-48de-b456-1f1d6e6a60b6 | ITER: 77 START
2019-06-21 02:51:15.349 25864 INFO rally.task.runner [-] Task 2a987809-b22e-48de-b456-1f1d6e6a60b6 | ITER: 59 END: OK
2019-06-21 02:51:15.352 25864 INFO rally.task.runner [-] Task 2a987809-b22e-48de-b456-1f1d6e6a60b6 | ITER: 78 START
2019-06-21 02:51:15.443 25896 INFO rally.task.runner [-] Task 2a987809-b22e-48de-b456-1f1d6e6a60b6 | ITER: 55 END: OK
2019-06-21 02:51:15.447 25896 INFO rally.task.runner [-] Task 2a987809-b22e-48de-b456-1f1d6e6a60b6 | ITER: 79 START
2019-06-21 02:51:15.469 25856 INFO rally.task.runner [-] Task 2a987809-b22e-48de-b456-1f1d6e6a60b6 | ITER: 62 END: OK
2019-06-21 02:51:15.472 25856 INFO rally.task.runner [-] Task 2a987809-b22e-48de-b456-1f1d6e6a60b6 | ITER: 80 START
2019-06-21 02:51:15.473 25858 INFO rally.task.runner [-] Task 2a987809-b22e-48de-b456-1f1d6e6a60b6 | ITER: 60 END: OK
2019-06-21 02:51:15.474 25890 INFO rally.task.runner [-] Task 2a987809-b22e-48de-b456-1f1d6e6a60b6 | ITER: 61 END: OK
2019-06-21 02:51:15.477 25858 INFO rally.task.runner [-] Task 2a987809-b22e-48de-b456-1f1d6e6a60b6 | ITER: 81 START
2019-06-21 02:51:15.478 25890 INFO rally.task.runner [-] Task 2a987809-b22e-48de-b456-1f1d6e6a60b6 | ITER: 82 START
2019-06-21 02:51:15.708 25887 INFO rally.task.runner [-] Task 2a987809-b22e-48de-b456-1f1d6e6a60b6 | ITER: 64 END: OK
2019-06-21 02:51:15.712 25887 INFO rally.task.runner [-] Task 2a987809-b22e-48de-b456-1f1d6e6a60b6 | ITER: 83 START
2019-06-21 02:51:15.873 25861 INFO rally.task.runner [-] Task 2a987809-b22e-48de-b456-1f1d6e6a60b6 | ITER: 70 END: OK
2019-06-21 02:51:15.875 25873 INFO rally.task.runner [-] Task 2a987809-b22e-48de-b456-1f1d6e6a60b6 | ITER: 66 END: OK
2019-06-21 02:51:15.877 25861 INFO rally.task.runner [-] Task 2a987809-b22e-48de-b456-1f1d6e6a60b6 | ITER: 84 START
2019-06-21 02:51:15.878 25873 INFO rally.task.runner [-] Task 2a987809-b22e-48de-b456-1f1d6e6a60b6 | ITER: 85 START
2019-06-21 02:51:15.894 25855 INFO rally.task.runner [-] Task 2a987809-b22e-48de-b456-1f1d6e6a60b6 | ITER: 67 END: OK
2019-06-21 02:51:15.898 25855 INFO rally.task.runner [-] Task 2a987809-b22e-48de-b456-1f1d6e6a60b6 | ITER: 86 START
2019-06-21 02:51:15.930 25878 INFO rally.task.runner [-] Task 2a987809-b22e-48de-b456-1f1d6e6a60b6 | ITER: 63 END: OK
2019-06-21 02:51:15.934 25878 INFO rally.task.runner [-] Task 2a987809-b22e-48de-b456-1f1d6e6a60b6 | ITER: 87 START
2019-06-21 02:51:15.977 25893 INFO rally.task.runner [-] Task 2a987809-b22e-48de-b456-1f1d6e6a60b6 | ITER: 68 END: OK
2019-06-21 02:51:15.981 25893 INFO rally.task.runner [-] Task 2a987809-b22e-48de-b456-1f1d6e6a60b6 | ITER: 88 START
2019-06-21 02:51:16.027 25857 INFO rally.task.runner [-] Task 2a987809-b22e-48de-b456-1f1d6e6a60b6 | ITER: 65 END: OK
2019-06-21 02:51:16.031 25857 INFO rally.task.runner [-] Task 2a987809-b22e-48de-b456-1f1d6e6a60b6 | ITER: 89 START
2019-06-21 02:51:16.130 25897 INFO rally.task.runner [-] Task 2a987809-b22e-48de-b456-1f1d6e6a60b6 | ITER: 71 END: OK
2019-06-21 02:51:16.130 25900 INFO rally.task.runner [-] Task 2a987809-b22e-48de-b456-1f1d6e6a60b6 | ITER: 72 END: OK
2019-06-21 02:51:16.134 25897 INFO rally.task.runner [-] Task 2a987809-b22e-48de-b456-1f1d6e6a60b6 | ITER: 91 START
2019-06-21 02:51:16.134 25900 INFO rally.task.runner [-] Task 2a987809-b22e-48de-b456-1f1d6e6a60b6 | ITER: 90 START
2019-06-21 02:51:16.337 25858 INFO rally.task.runner [-] Task 2a987809-b22e-48de-b456-1f1d6e6a60b6 | ITER: 73 END: OK
2019-06-21 02:51:16.340 25858 INFO rally.task.runner [-] Task 2a987809-b22e-48de-b456-1f1d6e6a60b6 | ITER: 92 START
2019-06-21 02:51:16.460 25858 INFO rally.task.runner [-] Task 2a987809-b22e-48de-b456-1f1d6e6a60b6 | ITER: 81 END: OK
2019-06-21 02:51:16.463 25858 INFO rally.task.runner [-] Task 2a987809-b22e-48de-b456-1f1d6e6a60b6 | ITER: 93 START
2019-06-21 02:51:16.625 25855 INFO rally.task.runner [-] Task 2a987809-b22e-48de-b456-1f1d6e6a60b6 | ITER: 69 END: OK
2019-06-21 02:51:16.629 25855 INFO rally.task.runner [-] Task 2a987809-b22e-48de-b456-1f1d6e6a60b6 | ITER: 94 START
2019-06-21 02:51:16.713 25884 INFO rally.task.runner [-] Task 2a987809-b22e-48de-b456-1f1d6e6a60b6 | ITER: 74 END: OK
2019-06-21 02:51:16.717 25884 INFO rally.task.runner [-] Task 2a987809-b22e-48de-b456-1f1d6e6a60b6 | ITER: 95 START
2019-06-21 02:51:16.848 25857 INFO rally.task.runner [-] Task 2a987809-b22e-48de-b456-1f1d6e6a60b6 | ITER: 75 END: OK
2019-06-21 02:51:16.852 25857 INFO rally.task.runner [-] Task 2a987809-b22e-48de-b456-1f1d6e6a60b6 | ITER: 96 START
2019-06-21 02:51:16.862 25873 INFO rally.task.runner [-] Task 2a987809-b22e-48de-b456-1f1d6e6a60b6 | ITER: 85 END: OK
2019-06-21 02:51:16.866 25873 INFO rally.task.runner [-] Task 2a987809-b22e-48de-b456-1f1d6e6a60b6 | ITER: 97 START
2019-06-21 02:51:16.870 25869 INFO rally.task.runner [-] Task 2a987809-b22e-48de-b456-1f1d6e6a60b6 | ITER: 76 END: OK
2019-06-21 02:51:16.873 25869 INFO rally.task.runner [-] Task 2a987809-b22e-48de-b456-1f1d6e6a60b6 | ITER: 98 START
2019-06-21 02:51:16.966 25900 INFO rally.task.runner [-] Task 2a987809-b22e-48de-b456-1f1d6e6a60b6 | ITER: 90 END: OK
2019-06-21 02:51:16.970 25900 INFO rally.task.runner [-] Task 2a987809-b22e-48de-b456-1f1d6e6a60b6 | ITER: 99 START
2019-06-21 02:51:17.265 25896 INFO rally.task.runner [-] Task 2a987809-b22e-48de-b456-1f1d6e6a60b6 | ITER: 79 END: OK
2019-06-21 02:51:17.269 25896 INFO rally.task.runner [-] Task 2a987809-b22e-48de-b456-1f1d6e6a60b6 | ITER: 100 START
2019-06-21 02:51:17.406 25861 INFO rally.task.runner [-] Task 2a987809-b22e-48de-b456-1f1d6e6a60b6 | ITER: 84 END: OK
2019-06-21 02:51:17.440 25887 INFO rally.task.runner [-] Task 2a987809-b22e-48de-b456-1f1d6e6a60b6 | ITER: 83 END: OK
2019-06-21 02:51:17.529 25856 INFO rally.task.runner [-] Task 2a987809-b22e-48de-b456-1f1d6e6a60b6 | ITER: 80 END: OK
2019-06-21 02:51:17.772 25893 INFO rally.task.runner [-] Task 2a987809-b22e-48de-b456-1f1d6e6a60b6 | ITER: 88 END: OK
2019-06-21 02:51:17.774 25890 INFO rally.task.runner [-] Task 2a987809-b22e-48de-b456-1f1d6e6a60b6 | ITER: 82 END: OK
2019-06-21 02:51:17.867 25878 INFO rally.task.runner [-] Task 2a987809-b22e-48de-b456-1f1d6e6a60b6 | ITER: 87 END: OK
2019-06-21 02:51:17.888 25897 INFO rally.task.runner [-] Task 2a987809-b22e-48de-b456-1f1d6e6a60b6 | ITER: 91 END: OK
2019-06-21 02:51:17.950 25856 INFO rally.task.runner [-] Task 2a987809-b22e-48de-b456-1f1d6e6a60b6 | ITER: 77 END: OK
2019-06-21 02:51:17.953 25864 INFO rally.task.runner [-] Task 2a987809-b22e-48de-b456-1f1d6e6a60b6 | ITER: 78 END: OK
2019-06-21 02:51:18.000 25857 INFO rally.task.runner [-] Task 2a987809-b22e-48de-b456-1f1d6e6a60b6 | ITER: 89 END: OK
2019-06-21 02:51:18.015 25855 INFO rally.task.runner [-] Task 2a987809-b22e-48de-b456-1f1d6e6a60b6 | ITER: 94 END: OK
2019-06-21 02:51:18.077 25873 INFO rally.task.runner [-] Task 2a987809-b22e-48de-b456-1f1d6e6a60b6 | ITER: 97 END: OK
2019-06-21 02:51:18.095 25858 INFO rally.task.runner [-] Task 2a987809-b22e-48de-b456-1f1d6e6a60b6 | ITER: 92 END: OK
2019-06-21 02:51:18.162 25858 INFO rally.task.runner [-] Task 2a987809-b22e-48de-b456-1f1d6e6a60b6 | ITER: 93 END: OK
2019-06-21 02:51:18.234 25884 INFO rally.task.runner [-] Task 2a987809-b22e-48de-b456-1f1d6e6a60b6 | ITER: 95 END: OK
2019-06-21 02:51:18.253 25855 INFO rally.task.runner [-] Task 2a987809-b22e-48de-b456-1f1d6e6a60b6 | ITER: 86 END: OK
2019-06-21 02:51:18.287 25857 INFO rally.task.runner [-] Task 2a987809-b22e-48de-b456-1f1d6e6a60b6 | ITER: 96 END: OK
2019-06-21 02:51:18.394 25869 INFO rally.task.runner [-] Task 2a987809-b22e-48de-b456-1f1d6e6a60b6 | ITER: 98 END: OK
2019-06-21 02:51:18.404 25896 INFO rally.task.runner [-] Task 2a987809-b22e-48de-b456-1f1d6e6a60b6 | ITER: 100 END: OK
2019-06-21 02:51:18.453 25900 INFO rally.task.runner [-] Task 2a987809-b22e-48de-b456-1f1d6e6a60b6 | ITER: 99 END: OK
2019-06-21 02:51:18.475 25731 INFO rally.task.context [-] Task 2a987809-b22e-48de-b456-1f1d6e6a60b6 | Context cleanup@openstack cleanup() started
2019-06-21 02:51:18.478 25731 RALLYDEBUG rally_openstack.cleanup.manager [-] Cleaning up neutron vip objects
2019-06-21 02:51:18.872 25731 RALLYDEBUG rally_openstack.cleanup.manager [-] Cleaning up neutron health_monitor objects
2019-06-21 02:51:19.276 25731 RALLYDEBUG rally_openstack.cleanup.manager [-] Cleaning up neutron pool objects
2019-06-21 02:51:19.690 25731 RALLYDEBUG rally_openstack.cleanup.manager [-] Cleaning up neutron loadbalancer objects
2019-06-21 02:51:20.087 25731 RALLYDEBUG rally_openstack.cleanup.manager [-] Cleaning up neutron floatingip objects
2019-06-21 02:51:20.529 25731 RALLYDEBUG rally_openstack.cleanup.manager [-] Cleaning up neutron port objects
2019-06-21 02:51:20.953 25731 RALLYDEBUG rally_openstack.cleanup.manager [-] Cleaning up neutron subnet objects
2019-06-21 02:51:21.376 25731 RALLYDEBUG rally_openstack.cleanup.manager [-] Cleaning up neutron network objects
2019-06-21 02:51:22.337 25731 RALLYDEBUG rally_openstack.cleanup.manager [-] Deleting neutron.network object s_rally_767eff4b_7vOSmxFJ (08d8e345-074c-4079-a2ca-8f90eb613d27)
2019-06-21 02:51:22.339 25731 RALLYDEBUG rally_openstack.cleanup.manager [-] Deleting neutron.network object s_rally_767eff4b_52PEGZ14 (258834d7-9c09-4a7c-823d-39aeb84fc72e)
2019-06-21 02:51:22.340 25731 RALLYDEBUG rally_openstack.cleanup.manager [-] Deleting neutron.network object s_rally_767eff4b_EzUdR5Z6 (0f363ce4-8663-4ff4-a342-45231e7c6483)
2019-06-21 02:51:22.340 25731 RALLYDEBUG rally_openstack.cleanup.manager [-] Deleting neutron.network object s_rally_767eff4b_F5C3W2UL (13b6b057-7b9a-4b04-9880-3649a2b4a717)
2019-06-21 02:51:22.349 25731 RALLYDEBUG rally_openstack.cleanup.manager [-] Deleting neutron.network object s_rally_767eff4b_M8CDItw4 (0333be6f-60f6-45da-8b9d-291b5e0f901c)
2019-06-21 02:51:22.351 25731 RALLYDEBUG rally_openstack.cleanup.manager [-] Deleting neutron.network object s_rally_767eff4b_ap8cUY6D (0cbe397c-024f-4dba-a523-953c1ec27655)
2019-06-21 02:51:22.357 25731 RALLYDEBUG rally_openstack.cleanup.manager [-] Deleting neutron.network object s_rally_767eff4b_ZVdAneO7 (29ae5af7-9a9d-488c-a99c-2b00d52269f2)
2019-06-21 02:51:22.358 25731 RALLYDEBUG rally_openstack.cleanup.manager [-] Deleting neutron.network object s_rally_767eff4b_SSeMqJO2 (2834358c-7cd7-4e95-aed0-a37dc05579ff)
2019-06-21 02:51:22.362 25731 RALLYDEBUG rally_openstack.cleanup.manager [-] Deleting neutron.network object s_rally_767eff4b_N0ncH7s1 (107d6642-9a14-43eb-ac17-58e25fd2d107)
2019-06-21 02:51:22.368 25731 RALLYDEBUG rally_openstack.cleanup.manager [-] Deleting neutron.network object s_rally_767eff4b_oEkd2TrR (0e600c67-d9d6-41a2-8910-a28f5ae410d2)
2019-06-21 02:51:22.370 25731 RALLYDEBUG rally_openstack.cleanup.manager [-] Deleting neutron.network object s_rally_767eff4b_YjgbmKol (0e831a58-eff7-4265-b020-709efa6974ae)
2019-06-21 02:51:22.377 25731 RALLYDEBUG rally_openstack.cleanup.manager [-] Deleting neutron.network object s_rally_767eff4b_Z0nPn95Y (01669972-e443-4b15-b533-ebdad2cd65e1)
2019-06-21 02:51:22.390 25731 RALLYDEBUG rally_openstack.cleanup.manager [-] Deleting neutron.network object s_rally_767eff4b_Sg7Q3n8Q (0646e0c8-b965-4533-b6c9-db29804a2573)
2019-06-21 02:51:22.400 25731 RALLYDEBUG rally_openstack.cleanup.manager [-] Deleting neutron.network object s_rally_767eff4b_0ASOvqN8 (1cfed0d4-c829-4d31-b2c4-9137b1561cf0)
2019-06-21 02:51:22.408 25731 RALLYDEBUG rally_openstack.cleanup.manager [-] Deleting neutron.network object s_rally_767eff4b_GTHDok5C (1d7631a3-9bf8-4c1a-8cec-17058e40cbe2)
2019-06-21 02:51:22.419 25731 RALLYDEBUG rally_openstack.cleanup.manager [-] Deleting neutron.network object s_rally_767eff4b_ZI4rNyv5 (08ca9f11-df56-4625-8242-eed964363f7e)
2019-06-21 02:51:22.419 25731 RALLYDEBUG rally_openstack.cleanup.manager [-] Deleting neutron.network object s_rally_767eff4b_n9WDrA2z (283584cd-b8d1-43fd-8813-3bc94e99b2ec)
2019-06-21 02:51:22.430 25731 RALLYDEBUG rally_openstack.cleanup.manager [-] Deleting neutron.network object s_rally_767eff4b_CYlnlCnW (0a2eb9cb-4e12-499d-b53e-71832a04a076)
2019-06-21 02:51:22.457 25731 RALLYDEBUG rally_openstack.cleanup.manager [-] Deleting neutron.network object s_rally_767eff4b_EiWopn11 (27f88b8b-33d3-4bb1-a842-98167a167f5d)
2019-06-21 02:51:22.478 25731 RALLYDEBUG rally_openstack.cleanup.manager [-] Deleting neutron.network object s_rally_767eff4b_H2EvCqlE (270e38d6-3ef6-45b4-a01e-55a037b42d6f)
2019-06-21 02:51:24.418 25731 RALLYDEBUG rally_openstack.cleanup.manager [-] Deleting neutron.network object s_rally_767eff4b_48DL8aNh (2b6c54bb-f442-4a3b-ae06-c3b95e2f8d55)
2019-06-21 02:51:24.653 25731 RALLYDEBUG rally_openstack.cleanup.manager [-] Deleting neutron.network object s_rally_767eff4b_FNVvV9P0 (366ba6fa-0797-4503-8e3b-495d82c1f3b2)
2019-06-21 02:51:24.668 25731 RALLYDEBUG rally_openstack.cleanup.manager [-] Deleting neutron.network object s_rally_767eff4b_R5R5zod5 (37441ff7-b08b-4a27-a53a-a7bfb5940f1a)
2019-06-21 02:51:24.943 25731 RALLYDEBUG rally_openstack.cleanup.manager [-] Deleting neutron.network object s_rally_767eff4b_1rl8uIKe (3d11da06-5aee-49ae-8156-f342630377d6)
2019-06-21 02:51:25.037 25731 RALLYDEBUG rally_openstack.cleanup.manager [-] Deleting neutron.network object s_rally_767eff4b_PyWas7YJ (41255fdc-e564-4552-9258-bb405e05e77a)
2019-06-21 02:51:25.039 25731 RALLYDEBUG rally_openstack.cleanup.manager [-] Deleting neutron.network object s_rally_767eff4b_Kbr9YJaQ (41a696d3-9ea5-4ed3-92d9-a2df121a2439)
2019-06-21 02:51:25.050 25731 RALLYDEBUG rally_openstack.cleanup.manager [-] Deleting neutron.network object s_rally_767eff4b_vtCtdRtI (421f8558-7786-4011-8494-95ffed344371)
2019-06-21 02:51:25.078 25731 RALLYDEBUG rally_openstack.cleanup.manager [-] Deleting neutron.network object s_rally_767eff4b_gV9pfozq (43888096-aa89-456a-936f-e35c77b30c62)
2019-06-21 02:51:25.257 25731 RALLYDEBUG rally_openstack.cleanup.manager [-] Deleting neutron.network object s_rally_767eff4b_um6gqnCX (468e1e90-430c-4ea6-8a52-7beca9d5f504)
2019-06-21 02:51:25.418 25731 RALLYDEBUG rally_openstack.cleanup.manager [-] Deleting neutron.network object s_rally_767eff4b_okWN9Epx (48a3e762-f554-4471-8abc-228d3c9057a4)
2019-06-21 02:51:25.506 25731 RALLYDEBUG rally_openstack.cleanup.manager [-] Deleting neutron.network object s_rally_767eff4b_8BjnfHmo (4af211b6-c34d-4759-bc01-a9f708397b1c)
2019-06-21 02:51:25.573 25731 RALLYDEBUG rally_openstack.cleanup.manager [-] Deleting neutron.network object s_rally_767eff4b_SPmjUiqr (4c809342-2116-4e7c-8f06-6b1ab21b46d5)
2019-06-21 02:51:26.115 25731 RALLYDEBUG rally_openstack.cleanup.manager [-] Deleting neutron.network object s_rally_767eff4b_AqMDzdRn (4ce2d37b-2b65-4fa2-9688-67ff9ce9a0f5)
2019-06-21 02:51:26.184 25731 RALLYDEBUG rally_openstack.cleanup.manager [-] Deleting neutron.network object s_rally_767eff4b_ogUF6ilI (503d6d0d-8f14-4d83-8742-38ca6686a809)
2019-06-21 02:51:26.184 25731 RALLYDEBUG rally_openstack.cleanup.manager [-] Deleting neutron.network object s_rally_767eff4b_0UollCeV (4e77f973-867b-4690-89cd-2aa10b752059)
2019-06-21 02:51:26.232 25731 RALLYDEBUG rally_openstack.cleanup.manager [-] Deleting neutron.network object s_rally_767eff4b_SXpURm3Y (5118b9f3-60e4-42fd-8f0a-a1316e9724cb)
2019-06-21 02:51:26.299 25731 RALLYDEBUG rally_openstack.cleanup.manager [-] Deleting neutron.network object s_rally_767eff4b_1eEuQW52 (594c0e07-3a1a-47f7-84b3-0b1e2e84f0e6)
2019-06-21 02:51:26.357 25731 RALLYDEBUG rally_openstack.cleanup.manager [-] Deleting neutron.network object s_rally_767eff4b_VvFaOmKx (59c69617-73b1-4f38-b26c-490378804b8a)
2019-06-21 02:51:26.377 25731 RALLYDEBUG rally_openstack.cleanup.manager [-] Deleting neutron.network object s_rally_767eff4b_A3gPQZNB (5ce06682-7f15-410e-968c-2886fd57e2ee)
2019-06-21 02:51:26.536 25731 RALLYDEBUG rally_openstack.cleanup.manager [-] Deleting neutron.network object s_rally_767eff4b_nrDV7Ggz (5ed9b4d7-2606-4057-ad08-d20a58800353)
2019-06-21 02:51:26.667 25731 RALLYDEBUG rally_openstack.cleanup.manager [-] Deleting neutron.network object s_rally_767eff4b_yh9bX8A3 (5f119ffb-e238-43be-be54-e76de50682d8)
2019-06-21 02:51:26.769 25731 RALLYDEBUG rally_openstack.cleanup.manager [-] Deleting neutron.network object s_rally_767eff4b_ehiSt8hM (5f56ffd4-2c8c-44f3-b3e4-15b02b850337)
2019-06-21 02:51:26.860 25731 RALLYDEBUG rally_openstack.cleanup.manager [-] Deleting neutron.network object s_rally_767eff4b_30mH2NVW (62296715-6ec3-4d09-8d19-9241430d1475)
2019-06-21 02:51:27.073 25731 RALLYDEBUG rally_openstack.cleanup.manager [-] Deleting neutron.network object s_rally_767eff4b_g0lnIPR4 (62f0667d-123a-4a65-bc1b-7f73a41c62e6)
2019-06-21 02:51:27.082 25731 RALLYDEBUG rally_openstack.cleanup.manager [-] Deleting neutron.network object s_rally_767eff4b_HOUBohgq (63365301-4f5f-405a-89df-ab8303576773)
2019-06-21 02:51:27.321 25731 RALLYDEBUG rally_openstack.cleanup.manager [-] Deleting neutron.network object s_rally_767eff4b_BrtV3uv6 (661ded5a-188d-4424-9742-6d4489696994)
2019-06-21 02:51:27.336 25731 RALLYDEBUG rally_openstack.cleanup.manager [-] Deleting neutron.network object s_rally_767eff4b_4sgq1gzp (66604004-ad44-4473-b396-b810a9e026b7)
2019-06-21 02:51:27.359 25731 RALLYDEBUG rally_openstack.cleanup.manager [-] Deleting neutron.network object s_rally_767eff4b_VmJpgqYd (6b5e8987-a84a-41bc-b529-b268b4736bd3)
2019-06-21 02:51:27.422 25731 RALLYDEBUG rally_openstack.cleanup.manager [-] Deleting neutron.network object s_rally_767eff4b_IDK8JrUW (6b9b419f-4f9c-482e-8efc-1616e10ad685)
2019-06-21 02:51:27.508 25731 RALLYDEBUG rally_openstack.cleanup.manager [-] Deleting neutron.network object s_rally_767eff4b_cSz6rP8p (70a6452b-a5b3-4531-89ab-6f981408e412)
2019-06-21 02:51:27.537 25731 RALLYDEBUG rally_openstack.cleanup.manager [-] Deleting neutron.network object s_rally_767eff4b_EN77GihF (70b78e7d-6bbb-458d-9aeb-bcd345f8703d)
2019-06-21 02:51:27.882 25731 RALLYDEBUG rally_openstack.cleanup.manager [-] Deleting neutron.network object s_rally_767eff4b_giqnKFNN (71572e62-7064-46ad-9409-d6388f7ee527)
2019-06-21 02:51:28.343 25731 RALLYDEBUG rally_openstack.cleanup.manager [-] Deleting neutron.network object s_rally_767eff4b_I75ACINk (71c95ec5-af38-42d8-b2e7-7dd5b26ace01)
2019-06-21 02:51:28.409 25731 RALLYDEBUG rally_openstack.cleanup.manager [-] Deleting neutron.network object s_rally_767eff4b_Lln1JDWV (7259ee01-8738-4449-afd9-afb2b0d77613)
2019-06-21 02:51:28.698 25731 RALLYDEBUG rally_openstack.cleanup.manager [-] Deleting neutron.network object s_rally_767eff4b_x8xzaBQK (74540832-a86b-416c-95c8-654079213ba1)
2019-06-21 02:51:28.887 25731 RALLYDEBUG rally_openstack.cleanup.manager [-] Deleting neutron.network object s_rally_767eff4b_uXJlYz8K (74c5b6cb-c355-45e7-a5a1-90e677087381)
2019-06-21 02:51:29.091 25731 RALLYDEBUG rally_openstack.cleanup.manager [-] Deleting neutron.network object s_rally_767eff4b_ty5Kzrk1 (75e7b9f7-32cb-4412-a3d5-f95a010f9c17)
2019-06-21 02:51:29.195 25731 RALLYDEBUG rally_openstack.cleanup.manager [-] Deleting neutron.network object s_rally_767eff4b_eQHmXpBq (783b01b1-8152-435d-9d1a-73d6272770bd)
2019-06-21 02:51:29.207 25731 RALLYDEBUG rally_openstack.cleanup.manager [-] Deleting neutron.network object s_rally_767eff4b_7oiXCt0Y (7b19889f-fbbf-4e63-b9d3-9887960e4e1f)
2019-06-21 02:51:29.245 25731 RALLYDEBUG rally_openstack.cleanup.manager [-] Deleting neutron.network object s_rally_767eff4b_sKLRcQxw (8359f2db-cf6c-4a9b-88c0-01414f039e03)
2019-06-21 02:51:29.280 25731 RALLYDEBUG rally_openstack.cleanup.manager [-] Deleting neutron.network object s_rally_767eff4b_0Brllgp9 (85616cf0-e790-4f9c-99e1-e57d328af047)
2019-06-21 02:51:29.347 25731 RALLYDEBUG rally_openstack.cleanup.manager [-] Deleting neutron.network object s_rally_767eff4b_orJQc11h (889ad7fd-a7a7-4b07-8a13-1dc5cc615238)
2019-06-21 02:51:29.401 25731 RALLYDEBUG rally_openstack.cleanup.manager [-] Deleting neutron.network object s_rally_767eff4b_oKNgbH1v (90e8d3a1-0821-4335-96b5-3fe9d7d68d34)
2019-06-21 02:51:29.455 25731 RALLYDEBUG rally_openstack.cleanup.manager [-] Deleting neutron.network object s_rally_767eff4b_lmEDmQPx (9581ed82-a175-4f8e-b5f5-364054c9ee80)
2019-06-21 02:51:29.485 25731 RALLYDEBUG rally_openstack.cleanup.manager [-] Deleting neutron.network object s_rally_767eff4b_OVWFp1TY (963430c8-8fda-4a47-b0a5-f10e27685880)
2019-06-21 02:51:29.510 25731 RALLYDEBUG rally_openstack.cleanup.manager [-] Deleting neutron.network object s_rally_767eff4b_vsvWcLWR (9755b113-4b10-425b-a0bf-ae9df516e82b)
2019-06-21 02:51:29.635 25731 RALLYDEBUG rally_openstack.cleanup.manager [-] Deleting neutron.network object s_rally_767eff4b_d0GkbAOL (9a7fb7f0-9742-43af-91d0-2614364cf486)
2019-06-21 02:51:29.653 25731 RALLYDEBUG rally_openstack.cleanup.manager [-] Deleting neutron.network object s_rally_767eff4b_4j7wSIfz (9bc5aa85-1b2e-4c17-8c8d-125fe9e01f43)
2019-06-21 02:51:29.980 25731 RALLYDEBUG rally_openstack.cleanup.manager [-] Deleting neutron.network object s_rally_767eff4b_zpVHGaeD (9dba2ff8-8222-48d4-8c24-ddfbb80d9a17)
2019-06-21 02:51:30.064 25731 RALLYDEBUG rally_openstack.cleanup.manager [-] Deleting neutron.network object s_rally_767eff4b_WiHdBapO (a375ce99-8586-44df-80d4-7c3095c97173)
2019-06-21 02:51:30.241 25731 RALLYDEBUG rally_openstack.cleanup.manager [-] Deleting neutron.network object s_rally_767eff4b_4z9ttSTI (a3db7894-656a-441a-849f-1c9620093041)
2019-06-21 02:51:30.318 25731 RALLYDEBUG rally_openstack.cleanup.manager [-] Deleting neutron.network object s_rally_767eff4b_PChu3SUf (a4c448f6-3f93-4569-88cc-705df3441cc8)
2019-06-21 02:51:30.326 25731 RALLYDEBUG rally_openstack.cleanup.manager [-] Deleting neutron.network object s_rally_767eff4b_kWrWkTnx (a89eb4e2-3c08-4916-9d67-e42c83f0f569)
2019-06-21 02:51:30.828 25731 RALLYDEBUG rally_openstack.cleanup.manager [-] Deleting neutron.network object s_rally_767eff4b_2YOkSJ4V (b039c6ad-8a17-4f33-809a-2a31ee49e323)
2019-06-21 02:51:30.875 25731 RALLYDEBUG rally_openstack.cleanup.manager [-] Deleting neutron.network object s_rally_767eff4b_aX70yJKG (b65bb98c-ee60-4674-bdea-743dd0f849e9)
2019-06-21 02:51:30.876 25731 RALLYDEBUG rally_openstack.cleanup.manager [-] Deleting neutron.network object s_rally_767eff4b_7z9Molbv (b0d62e64-fcc3-48b2-ac2b-c9c76af15cdf)
2019-06-21 02:51:31.200 25731 RALLYDEBUG rally_openstack.cleanup.manager [-] Deleting neutron.network object s_rally_767eff4b_MjxD62dw (b8812629-b7be-44b9-804b-c278a61e2871)
2019-06-21 02:51:31.336 25731 RALLYDEBUG rally_openstack.cleanup.manager [-] Deleting neutron.network object s_rally_767eff4b_Hwb0nFJx (c8c02a95-abf7-49f9-aac3-94ca8ce06563)
2019-06-21 02:51:31.399 25731 RALLYDEBUG rally_openstack.cleanup.manager [-] Deleting neutron.network object s_rally_767eff4b_m93BYzYZ (c8d60657-555f-4d04-b224-ef85a0bf0808)
2019-06-21 02:51:31.633 25731 RALLYDEBUG rally_openstack.cleanup.manager [-] Deleting neutron.network object s_rally_767eff4b_hghSgWsa (cad29bfd-c84d-4e31-8c0d-16f9a62ae470)
2019-06-21 02:51:31.673 25731 RALLYDEBUG rally_openstack.cleanup.manager [-] Deleting neutron.network object s_rally_767eff4b_YecSojmr (cb336040-3770-4353-9f80-6f751ced15eb)
2019-06-21 02:51:31.794 25731 RALLYDEBUG rally_openstack.cleanup.manager [-] Deleting neutron.network object s_rally_767eff4b_XMaRP4kx (cde9589c-88d0-42dd-8ce4-6cc3946d61ac)
2019-06-21 02:51:31.840 25731 RALLYDEBUG rally_openstack.cleanup.manager [-] Deleting neutron.network object s_rally_767eff4b_5rP5nRVt (d1d503ad-fb02-4b72-8468-9fe595eb4c7b)
2019-06-21 02:51:31.919 25731 RALLYDEBUG rally_openstack.cleanup.manager [-] Deleting neutron.network object s_rally_767eff4b_fN9Qa8Mw (d1f4c64f-f286-46db-a7ed-f24a7701091a)
2019-06-21 02:51:32.032 25731 RALLYDEBUG rally_openstack.cleanup.manager [-] Deleting neutron.network object s_rally_767eff4b_MiKeYEd9 (d294a6bc-8f2e-4e16-bcbc-fabe6069455b)
2019-06-21 02:51:32.357 25731 RALLYDEBUG rally_openstack.cleanup.manager [-] Deleting neutron.network object s_rally_767eff4b_oqjez3UQ (d38e69f1-b1d3-4374-b9a6-ad11988c4940)
2019-06-21 02:51:32.405 25731 RALLYDEBUG rally_openstack.cleanup.manager [-] Deleting neutron.network object s_rally_767eff4b_a1ssSpVR (d5e65e30-7c88-4f04-af70-02c24b4aa0b9)
2019-06-21 02:51:32.526 25731 RALLYDEBUG rally_openstack.cleanup.manager [-] Deleting neutron.network object s_rally_767eff4b_QLnYdrs7 (d903bc15-d9f0-4e96-b76b-8ba1e132da07)
2019-06-21 02:51:32.550 25731 RALLYDEBUG rally_openstack.cleanup.manager [-] Deleting neutron.network object s_rally_767eff4b_ACoB2nqe (df6cb08e-bb04-40cb-ab49-67ce6b3a6112)
2019-06-21 02:51:32.588 25731 RALLYDEBUG rally_openstack.cleanup.manager [-] Deleting neutron.network object s_rally_767eff4b_84IIGbbi (dfc1c455-6b7b-4280-8a95-76210042d908)
2019-06-21 02:51:32.809 25731 RALLYDEBUG rally_openstack.cleanup.manager [-] Deleting neutron.network object s_rally_767eff4b_OdgneZ8i (e14b1dac-ec81-4928-a783-e6a405e1349f)
2019-06-21 02:51:33.024 25731 RALLYDEBUG rally_openstack.cleanup.manager [-] Deleting neutron.network object s_rally_767eff4b_RrW4YsUv (e59f116d-21b9-4119-a259-3747568fbac7)
2019-06-21 02:51:33.060 25731 RALLYDEBUG rally_openstack.cleanup.manager [-] Deleting neutron.network object s_rally_767eff4b_VWhmqRCv (e5bb582e-63f9-41db-8e7d-374280a73af6)
2019-06-21 02:51:33.162 25731 RALLYDEBUG rally_openstack.cleanup.manager [-] Deleting neutron.network object s_rally_767eff4b_yUgb3tAy (e94523a1-55a0-4be7-81aa-6e0ff2502701)
2019-06-21 02:51:33.200 25731 RALLYDEBUG rally_openstack.cleanup.manager [-] Deleting neutron.network object s_rally_767eff4b_RjfeGDos (ea24ca03-26c0-4118-9bea-84e394a2a812)
2019-06-21 02:51:33.327 25731 RALLYDEBUG rally_openstack.cleanup.manager [-] Deleting neutron.network object s_rally_767eff4b_d8VfylVu (eb576c21-364d-4c93-bbf4-b6504688ed91)
