2019-06-21 02:55:37.079 27837 RALLYDEBUG rally.task.runner [-] Starting a worker. concurrency: 1 args: {"network_create_args": {}, "subnet_create_args": {}, "subnet_cidr_start": "1.1.0.0/30", "subnets_per_network": 2} times: 40 method_name: run timeout: 0 duration: None cls:
2019-06-21 02:55:37.080 27828 INFO rally.task.runner [-] Task 2a987809-b22e-48de-b456-1f1d6e6a60b6 | ITER: 9 START
2019-06-21 02:55:37.082 27833 WARNING rally_openstack.scenarios.neutron.utils [-] Running this scenario without either the 'network' or 'existing_network' context is deprecated
2019-06-21 02:55:37.082 27828 WARNING rally_openstack.scenarios.neutron.utils [-] Running this scenario without either the 'network' or 'existing_network' context is deprecated
2019-06-21 02:55:37.081 27842 RALLYDEBUG rally.task.runner [-] Starting a worker. concurrency: 1 args: {"network_create_args": {}, "subnet_create_args": {}, "subnet_cidr_start": "1.1.0.0/30", "subnets_per_network": 2} times: 40 method_name: run timeout: 0 duration: None cls:
2019-06-21 02:55:37.088 27842 INFO rally.task.runner [-] Task 2a987809-b22e-48de-b456-1f1d6e6a60b6 | ITER: 12 START
2019-06-21 02:55:37.087 27846 RALLYDEBUG rally.task.runner [-] Starting a worker. concurrency: 1 args: {"network_create_args": {}, "subnet_create_args": {}, "subnet_cidr_start": "1.1.0.0/30", "subnets_per_network": 2} times: 40 method_name: run timeout: 0 duration: None cls:
2019-06-21 02:55:37.088 27825 INFO rally.task.runner [-] Task 2a987809-b22e-48de-b456-1f1d6e6a60b6 | ITER: 3 START
2019-06-21 02:55:37.088 27837 INFO rally.task.runner [-] Task 2a987809-b22e-48de-b456-1f1d6e6a60b6 | ITER: 11 START
2019-06-21 02:55:37.085 27826 INFO rally.task.runner [-] Task 2a987809-b22e-48de-b456-1f1d6e6a60b6 | ITER: 5 START
2019-06-21 02:55:37.084 27828 WARNING rally_openstack.scenarios.neutron.utils [-] Running this scenario without either the 'network' or 'existing_network' context is deprecated
2019-06-21 02:55:37.089 27825 WARNING rally_openstack.scenarios.neutron.utils [-] Running this scenario without either the 'network' or 'existing_network' context is deprecated
2019-06-21 02:55:37.089 27842 WARNING rally_openstack.scenarios.neutron.utils [-] Running this scenario without either the 'network' or 'existing_network' context is deprecated
2019-06-21 02:55:37.090 27837 WARNING rally_openstack.scenarios.neutron.utils [-] Running this scenario without either the 'network' or 'existing_network' context is deprecated
2019-06-21 02:55:37.089 27826 WARNING rally_openstack.scenarios.neutron.utils [-] Running this scenario without either the 'network' or 'existing_network' context is deprecated
2019-06-21 02:55:37.090 27850 RALLYDEBUG rally.task.runner [-] Starting a worker. concurrency: 1 args: {"network_create_args": {}, "subnet_create_args": {}, "subnet_cidr_start": "1.1.0.0/30", "subnets_per_network": 2} times: 40 method_name: run timeout: 0 duration: None cls:
2019-06-21 02:55:37.094 27846 INFO rally.task.runner [-] Task 2a987809-b22e-48de-b456-1f1d6e6a60b6 | ITER: 13 START
2019-06-21 02:55:37.097 27846 WARNING rally_openstack.scenarios.neutron.utils [-] Running this scenario without either the 'network' or 'existing_network' context is deprecated
2019-06-21 02:55:37.097 27850 INFO rally.task.runner [-] Task 2a987809-b22e-48de-b456-1f1d6e6a60b6 | ITER: 14 START
2019-06-21 02:55:37.099 27850 WARNING rally_openstack.scenarios.neutron.utils [-] Running this scenario without either the 'network' or 'existing_network' context is deprecated
2019-06-21 02:55:37.101 27855 RALLYDEBUG rally.task.runner [-] Starting a worker. concurrency: 1 args: {"network_create_args": {}, "subnet_create_args": {}, "subnet_cidr_start": "1.1.0.0/30", "subnets_per_network": 2} times: 40 method_name: run timeout: 0 duration: None cls:
2019-06-21 02:55:37.108 27860 RALLYDEBUG rally.task.runner [-] Starting a worker. concurrency: 1 args: {"network_create_args": {}, "subnet_create_args": {}, "subnet_cidr_start": "1.1.0.0/30", "subnets_per_network": 2} times: 40 method_name: run timeout: 0 duration: None cls:
2019-06-21 02:55:37.109 27855 INFO rally.task.runner [-] Task 2a987809-b22e-48de-b456-1f1d6e6a60b6 | ITER: 15 START
2019-06-21 02:55:37.111 27855 WARNING rally_openstack.scenarios.neutron.utils [-] Running this scenario without either the 'network' or 'existing_network' context is deprecated
2019-06-21 02:55:37.112 27861 RALLYDEBUG rally.task.runner [-] Starting a worker. concurrency: 1 args: {"network_create_args": {}, "subnet_create_args": {}, "subnet_cidr_start": "1.1.0.0/30", "subnets_per_network": 2} times: 40 method_name: run timeout: 0 duration: None cls:
2019-06-21 02:55:37.115 27860 INFO rally.task.runner [-] Task 2a987809-b22e-48de-b456-1f1d6e6a60b6 | ITER: 16 START
2019-06-21 02:55:37.117 27860 WARNING rally_openstack.scenarios.neutron.utils [-] Running this scenario without either the 'network' or 'existing_network' context is deprecated
2019-06-21 02:55:37.119 27861 INFO rally.task.runner [-] Task 2a987809-b22e-48de-b456-1f1d6e6a60b6 | ITER: 17 START
2019-06-21 02:55:37.120 27861 WARNING rally_openstack.scenarios.neutron.utils [-] Running this scenario without either the 'network' or 'existing_network' context is deprecated
2019-06-21 02:55:37.125 27864 RALLYDEBUG rally.task.runner [-] Starting a worker. concurrency: 1 args: {"network_create_args": {}, "subnet_create_args": {}, "subnet_cidr_start": "1.1.0.0/30", "subnets_per_network": 2} times: 40 method_name: run timeout: 0 duration: None cls:
2019-06-21 02:55:37.132 27864 INFO rally.task.runner [-] Task 2a987809-b22e-48de-b456-1f1d6e6a60b6 | ITER: 18 START
2019-06-21 02:55:37.131 27869 RALLYDEBUG rally.task.runner [-] Starting a worker. concurrency: 1 args: {"network_create_args": {}, "subnet_create_args": {}, "subnet_cidr_start": "1.1.0.0/30", "subnets_per_network": 2} times: 40 method_name: run timeout: 0 duration: None cls:
2019-06-21 02:55:37.133 27864 WARNING rally_openstack.scenarios.neutron.utils [-] Running this scenario without either the 'network' or 'existing_network' context is deprecated
2019-06-21 02:55:37.136 27871 RALLYDEBUG rally.task.runner [-] Starting a worker. concurrency: 1 args: {"network_create_args": {}, "subnet_create_args": {}, "subnet_cidr_start": "1.1.0.0/30", "subnets_per_network": 2} times: 40 method_name: run timeout: 0 duration: None cls:
2019-06-21 02:55:37.137 27869 INFO rally.task.runner [-] Task 2a987809-b22e-48de-b456-1f1d6e6a60b6 | ITER: 19 START
2019-06-21 02:55:37.138 27869 WARNING rally_openstack.scenarios.neutron.utils [-] Running this scenario without either the 'network' or 'existing_network' context is deprecated
2019-06-21 02:55:37.141 27871 INFO rally.task.runner [-] Task 2a987809-b22e-48de-b456-1f1d6e6a60b6 | ITER: 20 START
2019-06-21 02:55:37.142 27871 WARNING rally_openstack.scenarios.neutron.utils [-] Running this scenario without either the 'network' or 'existing_network' context is deprecated
2019-06-21 02:55:37.833 27829 RALLYDEBUG rally_openstack.wrappers.network [-] CIDR generated: 1.1.4.96/30
2019-06-21 02:55:37.856 27827 RALLYDEBUG rally_openstack.wrappers.network [-] CIDR generated: 1.1.4.100/30
2019-06-21 02:55:37.861 27861 RALLYDEBUG rally_openstack.wrappers.network [-] CIDR generated: 1.1.4.104/30
2019-06-21 02:55:37.926 27826 RALLYDEBUG rally_openstack.wrappers.network [-] CIDR generated: 1.1.4.108/30
2019-06-21 02:55:37.956 27837 RALLYDEBUG rally_openstack.wrappers.network [-] CIDR generated: 1.1.4.112/30
2019-06-21 02:55:37.956 27825 RALLYDEBUG rally_openstack.wrappers.network [-] CIDR generated: 1.1.4.116/30
2019-06-21 02:55:37.993 27828 RALLYDEBUG rally_openstack.wrappers.network [-] CIDR generated: 1.1.4.120/30
2019-06-21 02:55:38.104 27842 RALLYDEBUG rally_openstack.wrappers.network [-] CIDR generated: 1.1.4.124/30
2019-06-21 02:55:38.197 27833 RALLYDEBUG rally_openstack.wrappers.network [-] CIDR generated: 1.1.4.128/30
2019-06-21 02:55:38.325 27827 RALLYDEBUG rally_openstack.wrappers.network [-] CIDR generated: 1.1.4.132/30
2019-06-21 02:55:38.328 27826 RALLYDEBUG rally_openstack.wrappers.network [-] CIDR generated: 1.1.4.136/30
2019-06-21 02:55:38.338 27846 RALLYDEBUG rally_openstack.wrappers.network [-] CIDR generated: 1.1.4.140/30
2019-06-21 02:55:38.381 27864 RALLYDEBUG rally_openstack.wrappers.network [-] CIDR generated: 1.1.4.144/30
2019-06-21 02:55:38.402 27825 RALLYDEBUG rally_openstack.wrappers.network [-] CIDR generated: 1.1.4.148/30
2019-06-21 02:55:38.692 27827 RALLYDEBUG rally_openstack.wrappers.network [-] CIDR generated: 1.1.4.152/30
2019-06-21 02:55:38.746 27855 RALLYDEBUG rally_openstack.wrappers.network [-] CIDR generated: 1.1.4.156/30
2019-06-21 02:55:38.875 27850 RALLYDEBUG rally_openstack.wrappers.network [-] CIDR generated: 1.1.4.160/30
2019-06-21 02:55:38.900 27869 RALLYDEBUG rally_openstack.wrappers.network [-] CIDR generated: 1.1.4.164/30
2019-06-21 02:55:38.954 27826 RALLYDEBUG rally_openstack.wrappers.network [-] CIDR generated: 1.1.4.168/30
2019-06-21 02:55:39.059 27829 RALLYDEBUG rally_openstack.wrappers.network [-] CIDR generated: 1.1.4.172/30
2019-06-21 02:55:39.085 27828 RALLYDEBUG rally_openstack.wrappers.network [-] CIDR generated: 1.1.4.176/30
2019-06-21 02:55:39.100 27860 RALLYDEBUG rally_openstack.wrappers.network [-] CIDR generated: 1.1.4.180/30
2019-06-21 02:55:39.419 27871 RALLYDEBUG rally_openstack.wrappers.network [-] CIDR generated: 1.1.4.184/30
2019-06-21 02:55:39.478 27861 RALLYDEBUG rally_openstack.wrappers.network [-] CIDR generated: 1.1.4.188/30
2019-06-21 02:55:39.663 27833 RALLYDEBUG rally_openstack.wrappers.network [-] CIDR generated: 1.1.4.192/30
2019-06-21 02:55:39.783 27825 RALLYDEBUG rally_openstack.wrappers.network [-] CIDR generated: 1.1.4.196/30
2019-06-21 02:55:40.096 27869 RALLYDEBUG rally_openstack.wrappers.network [-] CIDR generated: 1.1.4.200/30
2019-06-21 02:55:40.134 27864 RALLYDEBUG rally_openstack.wrappers.network [-] CIDR generated: 1.1.4.204/30
2019-06-21 02:55:40.157 27842 RALLYDEBUG rally_openstack.wrappers.network [-] CIDR generated: 1.1.4.208/30
2019-06-21 02:55:40.220 27827 RALLYDEBUG rally_openstack.wrappers.network [-] CIDR generated: 1.1.4.212/30
2019-06-21 02:55:40.244 27846 RALLYDEBUG rally_openstack.wrappers.network [-] CIDR generated: 1.1.4.216/30
2019-06-21 02:55:40.316 27837 RALLYDEBUG rally_openstack.wrappers.network [-] CIDR generated: 1.1.4.220/30
2019-06-21 02:55:40.415 27828 RALLYDEBUG rally_openstack.wrappers.network [-] CIDR generated: 1.1.4.224/30
2019-06-21 02:55:40.545 27828 RALLYDEBUG rally_openstack.wrappers.network [-] CIDR generated: 1.1.4.228/30
2019-06-21 02:55:40.648 27825 RALLYDEBUG rally_openstack.wrappers.network [-] CIDR generated: 1.1.4.232/30
2019-06-21 02:55:40.756 27826 RALLYDEBUG rally_openstack.wrappers.network [-] CIDR generated: 1.1.4.236/30
2019-06-21 02:55:41.425 27850 RALLYDEBUG rally_openstack.wrappers.network [-] CIDR generated: 1.1.4.240/30
2019-06-21 02:55:41.864 27861 INFO rally.task.runner [-] Task 2a987809-b22e-48de-b456-1f1d6e6a60b6 | ITER: 17 END: OK
2019-06-21 02:55:41.869 27861 INFO rally.task.runner [-] Task 2a987809-b22e-48de-b456-1f1d6e6a60b6 | ITER: 21 START
2019-06-21 02:55:41.870 27861 WARNING rally_openstack.scenarios.neutron.utils [-] Running this scenario without either the 'network' or 'existing_network' context is deprecated
2019-06-21 02:55:42.508 27855 RALLYDEBUG rally_openstack.wrappers.network [-] CIDR generated: 1.1.4.244/30
2019-06-21 02:55:42.651 27871 RALLYDEBUG rally_openstack.wrappers.network [-] CIDR generated: 1.1.4.248/30
2019-06-21 02:55:42.835 27861 RALLYDEBUG rally_openstack.wrappers.network [-] CIDR generated: 1.1.4.252/30
2019-06-21 02:55:43.082 27837 INFO rally.task.runner [-] Task 2a987809-b22e-48de-b456-1f1d6e6a60b6 | ITER: 11 END: OK
2019-06-21 02:55:43.086 27837 INFO rally.task.runner [-] Task 2a987809-b22e-48de-b456-1f1d6e6a60b6 | ITER: 22 START
2019-06-21 02:55:43.087 27837 WARNING rally_openstack.scenarios.neutron.utils [-] Running this scenario without either the 'network' or 'existing_network' context is deprecated
2019-06-21 02:55:43.404 27860 RALLYDEBUG rally_openstack.wrappers.network [-] CIDR generated: 1.1.5.0/30
2019-06-21 02:55:44.006 27837 RALLYDEBUG rally_openstack.wrappers.network [-] CIDR generated: 1.1.5.4/30
2019-06-21 02:55:44.051 27825 INFO rally.task.runner [-] Task 2a987809-b22e-48de-b456-1f1d6e6a60b6 | ITER: 1 END: OK
2019-06-21 02:55:44.055 27825 INFO rally.task.runner [-] Task 2a987809-b22e-48de-b456-1f1d6e6a60b6 | ITER: 23 START
2019-06-21 02:55:44.055 27825 WARNING rally_openstack.scenarios.neutron.utils [-] Running this scenario without either the 'network' or 'existing_network' context is deprecated
2019-06-21 02:55:44.583 27855 INFO rally.task.runner [-] Task 2a987809-b22e-48de-b456-1f1d6e6a60b6 | ITER: 15 END: OK
2019-06-21 02:55:44.588 27855 INFO rally.task.runner [-] Task 2a987809-b22e-48de-b456-1f1d6e6a60b6 | ITER: 24 START
2019-06-21 02:55:44.588 27855 WARNING rally_openstack.scenarios.neutron.utils [-] Running this scenario without either the 'network' or 'existing_network' context is deprecated
2019-06-21 02:55:44.633 27827 INFO rally.task.runner [-] Task 2a987809-b22e-48de-b456-1f1d6e6a60b6 | ITER: 4 END: OK
2019-06-21 02:55:44.637 27827 INFO rally.task.runner [-] Task 2a987809-b22e-48de-b456-1f1d6e6a60b6 | ITER: 25 START
2019-06-21 02:55:44.638 27827 WARNING rally_openstack.scenarios.neutron.utils [-] Running this scenario without either the 'network' or 'existing_network' context is deprecated
2019-06-21 02:55:44.799 27825 RALLYDEBUG rally_openstack.wrappers.network [-] CIDR generated: 1.1.5.8/30
2019-06-21 02:55:45.190 27846 INFO rally.task.runner [-] Task 2a987809-b22e-48de-b456-1f1d6e6a60b6 | ITER: 13 END: OK
2019-06-21 02:55:45.195 27846 INFO rally.task.runner [-] Task 2a987809-b22e-48de-b456-1f1d6e6a60b6 | ITER: 26 START
2019-06-21 02:55:45.196 27846 WARNING rally_openstack.scenarios.neutron.utils [-] Running this scenario without either the 'network' or 'existing_network' context is deprecated
2019-06-21 02:55:45.265 27827 RALLYDEBUG rally_openstack.wrappers.network [-] CIDR generated: 1.1.5.12/30
2019-06-21 02:55:45.349 27828 INFO rally.task.runner [-] Task 2a987809-b22e-48de-b456-1f1d6e6a60b6 | ITER: 6 END: OK
2019-06-21 02:55:45.353 27828 INFO rally.task.runner [-] Task 2a987809-b22e-48de-b456-1f1d6e6a60b6 | ITER: 27 START
2019-06-21 02:55:45.354 27828 WARNING rally_openstack.scenarios.neutron.utils [-] Running this scenario without either the 'network' or 'existing_network' context is deprecated
2019-06-21 02:55:45.527 27826 INFO rally.task.runner [-] Task 2a987809-b22e-48de-b456-1f1d6e6a60b6 | ITER: 5 END: OK
2019-06-21 02:55:45.533 27826 INFO rally.task.runner [-] Task 2a987809-b22e-48de-b456-1f1d6e6a60b6 | ITER: 28 START
2019-06-21 02:55:45.534 27826 WARNING rally_openstack.scenarios.neutron.utils [-] Running this scenario without either the 'network' or 'existing_network' context is deprecated
2019-06-21 02:55:45.545 27828 INFO rally.task.runner [-] Task 2a987809-b22e-48de-b456-1f1d6e6a60b6 | ITER: 9 END: OK
2019-06-21 02:55:45.549 27861 RALLYDEBUG rally_openstack.wrappers.network [-] CIDR generated: 1.1.5.16/30
2019-06-21 02:55:45.549 27828 INFO rally.task.runner [-] Task 2a987809-b22e-48de-b456-1f1d6e6a60b6 | ITER: 29 START
2019-06-21 02:55:45.550 27828 WARNING rally_openstack.scenarios.neutron.utils [-] Running this scenario without either the 'network' or 'existing_network' context is deprecated
2019-06-21 02:55:45.721 27825 RALLYDEBUG rally_openstack.wrappers.network [-] CIDR generated: 1.1.5.20/30
2019-06-21 02:55:45.805 27842 INFO rally.task.runner [-] Task 2a987809-b22e-48de-b456-1f1d6e6a60b6 | ITER: 12 END: OK
2019-06-21 02:55:45.810 27842 INFO rally.task.runner [-] Task 2a987809-b22e-48de-b456-1f1d6e6a60b6 | ITER: 30 START
2019-06-21 02:55:45.811 27842 WARNING rally_openstack.scenarios.neutron.utils [-] Running this scenario without either the 'network' or 'existing_network' context is deprecated
2019-06-21 02:55:46.098 27846 RALLYDEBUG rally_openstack.wrappers.network [-] CIDR generated: 1.1.5.24/30
2019-06-21 02:55:46.403 27826 RALLYDEBUG rally_openstack.wrappers.network [-] CIDR generated: 1.1.5.28/30
2019-06-21 02:55:46.434 27828 RALLYDEBUG rally_openstack.wrappers.network [-] CIDR generated: 1.1.5.32/30
2019-06-21 02:55:46.587 27827 RALLYDEBUG rally_openstack.wrappers.network [-] CIDR generated: 1.1.5.36/30
2019-06-21 02:55:46.634 27842 RALLYDEBUG rally_openstack.wrappers.network [-] CIDR generated: 1.1.5.40/30
2019-06-21 02:55:46.943 27850 INFO rally.task.runner [-] Task 2a987809-b22e-48de-b456-1f1d6e6a60b6 | ITER: 14 END: OK
2019-06-21 02:55:46.947 27850 INFO rally.task.runner [-] Task 2a987809-b22e-48de-b456-1f1d6e6a60b6 | ITER: 31 START
2019-06-21 02:55:46.948 27850 WARNING rally_openstack.scenarios.neutron.utils [-] Running this scenario without either the 'network' or 'existing_network' context is deprecated
2019-06-21 02:55:47.059 27855 RALLYDEBUG rally_openstack.wrappers.network [-] CIDR generated: 1.1.5.44/30
2019-06-21 02:55:47.059 27829 INFO rally.task.runner [-] Task 2a987809-b22e-48de-b456-1f1d6e6a60b6 | ITER: 8 END: OK
2019-06-21 02:55:47.064 27829 INFO rally.task.runner [-] Task 2a987809-b22e-48de-b456-1f1d6e6a60b6 | ITER: 32 START
2019-06-21 02:55:47.064 27829 WARNING rally_openstack.scenarios.neutron.utils [-] Running this scenario without either the 'network' or 'existing_network' context is deprecated
2019-06-21 02:55:47.186 27846 RALLYDEBUG rally_openstack.wrappers.network [-] CIDR generated: 1.1.5.48/30
2019-06-21 02:55:47.598 27828 RALLYDEBUG rally_openstack.wrappers.network [-] CIDR generated: 1.1.5.52/30
2019-06-21 02:55:47.639 27850 RALLYDEBUG rally_openstack.wrappers.network [-] CIDR generated: 1.1.5.56/30
2019-06-21 02:55:47.644 27869 INFO rally.task.runner [-] Task 2a987809-b22e-48de-b456-1f1d6e6a60b6 | ITER: 19 END: OK
2019-06-21 02:55:47.649 27869 INFO rally.task.runner [-] Task 2a987809-b22e-48de-b456-1f1d6e6a60b6 | ITER: 33 START
2019-06-21 02:55:47.649 27869 WARNING rally_openstack.scenarios.neutron.utils [-] Running this scenario without either the 'network' or 'existing_network' context is deprecated
2019-06-21 02:55:47.717 27828 RALLYDEBUG rally_openstack.wrappers.network [-] CIDR generated: 1.1.5.60/30
2019-06-21 02:55:48.126 27826 INFO rally.task.runner [-] Task 2a987809-b22e-48de-b456-1f1d6e6a60b6 | ITER: 2 END: OK
2019-06-21 02:55:48.130 27826 INFO rally.task.runner [-] Task 2a987809-b22e-48de-b456-1f1d6e6a60b6 | ITER: 34 START
2019-06-21 02:55:48.131 27826 WARNING rally_openstack.scenarios.neutron.utils [-] Running this scenario without either the 'network' or 'existing_network' context is deprecated
2019-06-21 02:55:48.152 27864 INFO rally.task.runner [-] Task 2a987809-b22e-48de-b456-1f1d6e6a60b6 | ITER: 18 END: OK
2019-06-21 02:55:48.156 27864 INFO rally.task.runner [-] Task 2a987809-b22e-48de-b456-1f1d6e6a60b6 | ITER: 35 START
2019-06-21 02:55:48.157 27864 WARNING rally_openstack.scenarios.neutron.utils [-] Running this scenario without either the 'network' or 'existing_network' context is deprecated
2019-06-21 02:55:48.327 27869 RALLYDEBUG rally_openstack.wrappers.network [-] CIDR generated: 1.1.5.64/30
2019-06-21 02:55:48.333 27829 RALLYDEBUG rally_openstack.wrappers.network [-] CIDR generated: 1.1.5.68/30
2019-06-21 02:55:48.373 27833 INFO rally.task.runner [-] Task 2a987809-b22e-48de-b456-1f1d6e6a60b6 | ITER: 10 END: OK
2019-06-21 02:55:48.378 27833 INFO rally.task.runner [-] Task 2a987809-b22e-48de-b456-1f1d6e6a60b6 | ITER: 36 START
2019-06-21 02:55:48.379 27833 WARNING rally_openstack.scenarios.neutron.utils [-] Running this scenario without either the 'network' or 'existing_network' context is deprecated
2019-06-21 02:55:48.384 27826 RALLYDEBUG rally_openstack.wrappers.network [-] CIDR generated: 1.1.5.72/30
2019-06-21 02:55:48.551 27827 INFO rally.task.runner [-] Task 2a987809-b22e-48de-b456-1f1d6e6a60b6 | ITER: 7 END: OK
2019-06-21 02:55:48.557 27827 INFO rally.task.runner [-] Task 2a987809-b22e-48de-b456-1f1d6e6a60b6 | ITER: 37 START
2019-06-21 02:55:48.558 27827 WARNING rally_openstack.scenarios.neutron.utils [-] Running this scenario without either the 'network' or 'existing_network' context is deprecated
2019-06-21 02:55:48.712 27855 RALLYDEBUG rally_openstack.wrappers.network [-] CIDR generated: 1.1.5.76/30
2019-06-21 02:55:48.782 27826 RALLYDEBUG rally_openstack.wrappers.network [-] CIDR generated: 1.1.5.80/30
2019-06-21 02:55:49.022 27864 RALLYDEBUG rally_openstack.wrappers.network [-] CIDR generated: 1.1.5.84/30
2019-06-21 02:55:49.339 27827 RALLYDEBUG rally_openstack.wrappers.network [-] CIDR generated: 1.1.5.88/30
2019-06-21 02:55:49.409 27850 RALLYDEBUG rally_openstack.wrappers.network [-] CIDR generated: 1.1.5.92/30
2019-06-21 02:55:49.566 27829 RALLYDEBUG rally_openstack.wrappers.network [-] CIDR generated: 1.1.5.96/30
2019-06-21 02:55:49.770 27826 RALLYDEBUG rally_openstack.wrappers.network [-] CIDR generated: 1.1.5.100/30
2019-06-21 02:55:49.789 27864 RALLYDEBUG rally_openstack.wrappers.network [-] CIDR generated: 1.1.5.104/30
2019-06-21 02:55:50.661 27842 RALLYDEBUG rally_openstack.wrappers.network [-] CIDR generated: 1.1.5.108/30
2019-06-21 02:55:50.941 27828 RALLYDEBUG rally_openstack.wrappers.network [-] CIDR generated: 1.1.5.112/30
2019-06-21 02:55:51.112 27837 RALLYDEBUG rally_openstack.wrappers.network [-] CIDR generated: 1.1.5.116/30
2019-06-21 02:55:51.331 27860 INFO rally.task.runner [-] Task 2a987809-b22e-48de-b456-1f1d6e6a60b6 | ITER: 16 END: OK
2019-06-21 02:55:51.335 27860 INFO rally.task.runner [-] Task 2a987809-b22e-48de-b456-1f1d6e6a60b6 | ITER: 38 START
2019-06-21 02:55:51.336 27860 WARNING rally_openstack.scenarios.neutron.utils [-] Running this scenario without either the 'network' or 'existing_network' context is deprecated
2019-06-21 02:55:51.385 27833 RALLYDEBUG rally_openstack.wrappers.network [-] CIDR generated: 1.1.5.120/30
2019-06-21 02:55:51.997 27825 INFO rally.task.runner [-] Task 2a987809-b22e-48de-b456-1f1d6e6a60b6 | ITER: 3 END: OK
2019-06-21 02:55:52.002 27825 INFO rally.task.runner [-] Task 2a987809-b22e-48de-b456-1f1d6e6a60b6 | ITER: 39 START
2019-06-21 02:55:52.002 27825 WARNING rally_openstack.scenarios.neutron.utils [-] Running this scenario without either the 'network' or 'existing_network' context is deprecated
2019-06-21 02:55:52.371 27833 RALLYDEBUG rally_openstack.wrappers.network [-] CIDR generated: 1.1.5.124/30
2019-06-21 02:55:52.493 27860 RALLYDEBUG rally_openstack.wrappers.network [-] CIDR generated: 1.1.5.128/30
2019-06-21 02:55:52.565 27825 RALLYDEBUG rally_openstack.wrappers.network [-] CIDR generated: 1.1.5.132/30
2019-06-21 02:55:53.119 27864 INFO rally.task.runner [-] Task 2a987809-b22e-48de-b456-1f1d6e6a60b6 | ITER: 35 END: OK
2019-06-21 02:55:53.123 27864 INFO rally.task.runner [-] Task 2a987809-b22e-48de-b456-1f1d6e6a60b6 | ITER: 40 START
2019-06-21 02:55:53.123 27864 WARNING rally_openstack.scenarios.neutron.utils [-] Running this scenario without either the 'network' or 'existing_network' context is deprecated
2019-06-21 02:55:53.450 27850 INFO rally.task.runner [-] Task 2a987809-b22e-48de-b456-1f1d6e6a60b6 | ITER: 31 END: OK
2019-06-21 02:55:53.493 27826 INFO rally.task.runner [-] Task 2a987809-b22e-48de-b456-1f1d6e6a60b6 | ITER: 28 END: OK
2019-06-21 02:55:53.566 27825 RALLYDEBUG rally_openstack.wrappers.network [-] CIDR generated: 1.1.5.136/30
2019-06-21 02:55:53.696 27864 RALLYDEBUG rally_openstack.wrappers.network [-] CIDR generated: 1.1.5.140/30
2019-06-21 02:55:53.723 27846 INFO rally.task.runner [-] Task 2a987809-b22e-48de-b456-1f1d6e6a60b6 | ITER: 26 END: OK
2019-06-21 02:55:53.731 27860 RALLYDEBUG rally_openstack.wrappers.network [-] CIDR generated: 1.1.5.144/30
2019-06-21 02:55:53.826 27825 INFO rally.task.runner [-] Task 2a987809-b22e-48de-b456-1f1d6e6a60b6 | ITER: 23 END: OK
2019-06-21 02:55:54.361 27864 RALLYDEBUG rally_openstack.wrappers.network [-] CIDR generated: 1.1.5.148/30
2019-06-21 02:55:54.828 27861 INFO rally.task.runner [-] Task 2a987809-b22e-48de-b456-1f1d6e6a60b6 | ITER: 21 END: OK
2019-06-21 02:55:54.990 27837 INFO rally.task.runner [-] Task 2a987809-b22e-48de-b456-1f1d6e6a60b6 | ITER: 22 END: OK
2019-06-21 02:55:55.042 27869 RALLYDEBUG rally_openstack.wrappers.network [-] CIDR generated: 1.1.5.152/30
2019-06-21 02:55:55.180 27871 INFO rally.task.runner [-] Task 2a987809-b22e-48de-b456-1f1d6e6a60b6 | ITER: 20 END: OK
2019-06-21 02:55:55.781 27827 RALLYDEBUG rally_openstack.wrappers.network [-] CIDR generated: 1.1.5.156/30
2019-06-21 02:55:56.333 27828 INFO rally.task.runner [-] Task 2a987809-b22e-48de-b456-1f1d6e6a60b6 | ITER: 29 END: OK
2019-06-21 02:55:57.292 27826 INFO rally.task.runner [-] Task 2a987809-b22e-48de-b456-1f1d6e6a60b6 | ITER: 34 END: OK
2019-06-21 02:55:57.755 27842 INFO rally.task.runner [-] Task 2a987809-b22e-48de-b456-1f1d6e6a60b6 | ITER: 30 END: OK
2019-06-21 02:55:57.890 27869 INFO rally.task.runner [-] Task 2a987809-b22e-48de-b456-1f1d6e6a60b6 | ITER: 33 END: OK
2019-06-21 02:55:58.340 27827 INFO rally.task.runner [-] Task 2a987809-b22e-48de-b456-1f1d6e6a60b6 | ITER: 37 END: OK
2019-06-21 02:55:58.751 27860 INFO rally.task.runner [-] Task 2a987809-b22e-48de-b456-1f1d6e6a60b6 | ITER: 38 END: OK
2019-06-21 02:55:58.797 27828 INFO rally.task.runner [-] Task 2a987809-b22e-48de-b456-1f1d6e6a60b6 | ITER: 27 END: OK
2019-06-21 02:55:58.884 27825 INFO rally.task.runner [-] Task 2a987809-b22e-48de-b456-1f1d6e6a60b6 | ITER: 39 END: OK
2019-06-21 02:55:58.897 27827 INFO rally.task.runner [-] Task 2a987809-b22e-48de-b456-1f1d6e6a60b6 | ITER: 25 END: OK
2019-06-21 02:55:59.303 27829 INFO rally.task.runner [-] Task 2a987809-b22e-48de-b456-1f1d6e6a60b6 | ITER: 32 END: OK
2019-06-21 02:55:59.339 27855 INFO rally.task.runner [-] Task 2a987809-b22e-48de-b456-1f1d6e6a60b6 | ITER: 24 END: OK
2019-06-21 02:56:00.195 27833 INFO rally.task.runner [-] Task 2a987809-b22e-48de-b456-1f1d6e6a60b6 | ITER: 36 END: OK
2019-06-21 02:56:00.310 27864 INFO rally.task.runner [-] Task 2a987809-b22e-48de-b456-1f1d6e6a60b6 | ITER: 40 END: OK
2019-06-21 02:56:00.331 25731 INFO rally.task.context [-] Task 2a987809-b22e-48de-b456-1f1d6e6a60b6 | Context cleanup@openstack cleanup() started
2019-06-21 02:56:00.334 25731 RALLYDEBUG rally_openstack.cleanup.manager [-] Cleaning up neutron vip objects
2019-06-21 02:56:00.732 25731 RALLYDEBUG rally_openstack.cleanup.manager [-] Cleaning up neutron health_monitor objects
2019-06-21 02:56:01.125 25731 RALLYDEBUG rally_openstack.cleanup.manager [-] Cleaning up neutron pool objects
2019-06-21 02:56:01.511 25731 RALLYDEBUG rally_openstack.cleanup.manager [-] Cleaning up neutron loadbalancer objects
2019-06-21 02:56:01.911 25731 RALLYDEBUG rally_openstack.cleanup.manager [-] Cleaning up neutron floatingip objects
2019-06-21 02:56:02.343 25731 RALLYDEBUG rally_openstack.cleanup.manager [-] Cleaning up neutron port objects
2019-06-21 02:56:02.936 25731 RALLYDEBUG rally_openstack.cleanup.manager [-] Cleaning up neutron subnet objects
2019-06-21 02:56:03.376 25731 RALLYDEBUG rally_openstack.cleanup.manager [-] Cleaning up neutron network objects
2019-06-21 02:56:03.939 25731 RALLYDEBUG rally_openstack.cleanup.manager [-] Deleting neutron.network object s_rally_168c4485_yr39fx7H (0512db7c-1b5e-4ffc-973d-9e34e5fa2e66)
2019-06-21 02:56:03.952 25731 RALLYDEBUG rally_openstack.cleanup.manager [-] Deleting neutron.network object s_rally_168c4485_YPsIO3CS (0cdc9a15-1495-42c1-be38-284ff4b42c03)
2019-06-21 02:56:03.956 25731 RALLYDEBUG rally_openstack.cleanup.manager [-] Deleting neutron.network object s_rally_168c4485_k4vZTyeD (09607bb0-858b-4c0a-b857-66113f00e43d)
2019-06-21 02:56:03.965 25731 RALLYDEBUG rally_openstack.cleanup.manager [-] Deleting neutron.network object s_rally_168c4485_NTB1nFFj (11b38e33-5d9a-4e01-8de5-028c650748d0)
2019-06-21 02:56:03.967 25731 RALLYDEBUG rally_openstack.cleanup.manager [-] Deleting neutron.network object s_rally_168c4485_ubTyQ6ys (17af8c31-480e-4f59-af07-dd61e44fd1b9)
2019-06-21 02:56:03.981 25731 RALLYDEBUG rally_openstack.cleanup.manager [-] Deleting neutron.network object s_rally_168c4485_wiqpCC79 (195743ae-6901-466e-9b7f-4c876bce9554)
2019-06-21 02:56:03.983 25731 RALLYDEBUG rally_openstack.cleanup.manager [-] Deleting neutron.network object s_rally_168c4485_KhEjkkMD (1c9c6be4-5142-42e1-aa27-880830e9b9db)
2019-06-21 02:56:04.003 25731 RALLYDEBUG rally_openstack.cleanup.manager [-] Deleting neutron.network object s_rally_168c4485_sfVOCc7v (21cc452a-b3fe-4761-816c-0905ac4b1a78)
2019-06-21 02:56:04.034 25731 RALLYDEBUG rally_openstack.cleanup.manager [-] Deleting neutron.network object s_rally_168c4485_35fzx3bD (33445f80-48d7-49bd-b930-e69c95ccd6bd)
2019-06-21 02:56:04.038 25731 RALLYDEBUG rally_openstack.cleanup.manager [-] Deleting neutron.network object s_rally_168c4485_2c2LvOsD (381a2782-20ef-460c-9fe4-a2837198b4b6)
2019-06-21 02:56:04.054 25731 RALLYDEBUG rally_openstack.cleanup.manager [-] Deleting neutron.network object s_rally_168c4485_fR6A6AhL (36bd99b1-d3b9-4bb5-ad8b-90e69575f96f)
2019-06-21 02:56:04.061 25731 RALLYDEBUG rally_openstack.cleanup.manager [-] Deleting neutron.network object s_rally_168c4485_ZXsqKY5z (3f8005c1-dbd8-4525-a275-efe37f3eddd1)
2019-06-21 02:56:04.075 25731 RALLYDEBUG rally_openstack.cleanup.manager [-] Deleting neutron.network object s_rally_168c4485_qNvAUW6E (4f42abd5-a273-4514-9f63-12e8040d61d6)
2019-06-21 02:56:04.108 25731 RALLYDEBUG rally_openstack.cleanup.manager [-] Deleting neutron.network object s_rally_168c4485_IXgU5sPT (494a3256-c56f-42c4-92e5-c5b7d69fde33)
2019-06-21 02:56:04.208 25731 RALLYDEBUG rally_openstack.cleanup.manager [-] Deleting neutron.network object s_rally_168c4485_o7pzYb0q (6f084244-ed11-4dbc-943a-ec1361b0a9c8)
2019-06-21 02:56:04.218 25731 RALLYDEBUG rally_openstack.cleanup.manager [-] Deleting neutron.network object s_rally_168c4485_r0AaDl6g (8a4854ac-b3d3-40d4-bcb1-fe411e7c28a7)
2019-06-21 02:56:04.220 25731 RALLYDEBUG rally_openstack.cleanup.manager [-] Deleting neutron.network object s_rally_168c4485_etWJv6Qy (6f8c4ef2-16a3-42e2-be0f-4e3441475958)
2019-06-21 02:56:04.229 25731 RALLYDEBUG rally_openstack.cleanup.manager [-] Deleting neutron.network object s_rally_168c4485_5MzoDy1s (87e4eebb-1780-474b-a3a9-24b00940e6bf)
2019-06-21 02:56:04.234 25731 RALLYDEBUG rally_openstack.cleanup.manager [-] Deleting neutron.network object s_rally_168c4485_DKAuFRSL (72351096-5b2d-4941-8566-5a835c062a8f)
2019-06-21 02:56:04.240 25731 RALLYDEBUG rally_openstack.cleanup.manager [-] Deleting neutron.network object s_rally_168c4485_6iSqDviF (8810341d-8871-49c0-967f-b200c0654dcb)
2019-06-21 02:56:06.292 25731 RALLYDEBUG rally_openstack.cleanup.manager [-] Deleting neutron.network object s_rally_168c4485_AHO3Af7j (8eeaddc8-8a4e-431c-964d-ac793ea7fe4d)
2019-06-21 02:56:06.353 25731 RALLYDEBUG rally_openstack.cleanup.manager [-] Deleting neutron.network object s_rally_168c4485_ziEXxPdX (939144d3-3dca-497c-ab50-e234f0d25869)
2019-06-21 02:56:06.576 25731 RALLYDEBUG rally_openstack.cleanup.manager [-] Deleting neutron.network object s_rally_168c4485_3FRPMmwZ (964d30ae-fec2-4d87-af99-dacb65b0ad90)
2019-06-21 02:56:06.682 25731 RALLYDEBUG rally_openstack.cleanup.manager [-] Deleting neutron.network object s_rally_168c4485_zq4gN3Y6 (9b9767ef-e769-4625-86ca-7b9d97eb1a2c)
2019-06-21 02:56:06.719 25731 RALLYDEBUG rally_openstack.cleanup.manager [-] Deleting neutron.network object s_rally_168c4485_8AeheA1y (9ed435b2-4fc3-4ae8-bc8f-4d256f054f0c)
2019-06-21 02:56:06.784 25731 RALLYDEBUG rally_openstack.cleanup.manager [-] Deleting neutron.network object s_rally_168c4485_LAsb4sYJ (bb5787af-f211-4494-874c-a27ea9718f9c)
2019-06-21 02:56:06.973 25731 RALLYDEBUG rally_openstack.cleanup.manager [-] Deleting neutron.network object s_rally_168c4485_Khjfyvbv (bcbd059b-0745-4170-89ad-e23e0f746eb4)
2019-06-21 02:56:06.993 25731 RALLYDEBUG rally_openstack.cleanup.manager [-] Deleting neutron.network object s_rally_168c4485_yzWwDaz7 (c80f6aff-a39f-4e1f-b448-c1ffa47cdd3f)
2019-06-21 02:56:07.058 25731 RALLYDEBUG rally_openstack.cleanup.manager [-] Deleting neutron.network object s_rally_168c4485_eFvsQshZ (d0871b77-ab75-4318-8d60-6cafcf2f280c)
2019-06-21 02:56:07.337 25731 RALLYDEBUG rally_openstack.cleanup.manager [-] Deleting neutron.network object s_rally_168c4485_MtW7twYB (d2446ba9-6602-4261-8f32-1b63f565db6d)
2019-06-21 02:56:07.351 25731 RALLYDEBUG rally_openstack.cleanup.manager [-] Deleting neutron.network object s_rally_168c4485_gYV9BjTx (d3c16059-b4aa-43a4-81af-ac36b47a0168)
2019-06-21 02:56:07.359 25731 RALLYDEBUG rally_openstack.cleanup.manager [-] Deleting neutron.network object s_rally_168c4485_9ErMv0Zm (d6f881de-e13d-450b-ba51-8673e176b5b9)
2019-06-21 02:56:07.387 25731 RALLYDEBUG rally_openstack.cleanup.manager [-] Deleting neutron.network object s_rally_168c4485_lr8ZCGbc (d97d3b65-fc85-4ac7-bad4-ccf6dcfcb11c)
2019-06-21 02:56:07.508 25731 RALLYDEBUG rally_openstack.cleanup.manager [-] Deleting neutron.network object s_rally_168c4485_VN61YbPV (e0a5382e-7f80-4a78-9da5-7e2ac5c6b22f)
2019-06-21 02:56:07.809 25731 RALLYDEBUG rally_openstack.cleanup.manager [-] Deleting neutron.network object s_rally_168c4485_S9UJkosR (e114bddc-bb18-4a36-b9af-1fba44d11726)
2019-06-21 02:56:07.816 25731 RALLYDEBUG rally_openstack.cleanup.manager [-] Deleting neutron.network object s_rally_168c4485_pn3H43G0 (e7248571-2a70-445e-be08-dcef26e1debe)
2019-06-21 02:56:07.973 25731 RALLYDEBUG rally_openstack.cleanup.manager [-] Deleting neutron.network object s_rally_168c4485_CbjnEpIo (e73d6afa-4fac-4bc0-9494-50d2abef94c2)
2019-06-21 02:56:08.243 25731 RALLYDEBUG rally_openstack.cleanup.manager [-] Deleting neutron.network object s_rally_168c4485_JWSzObTw (ebc65a47-5cd7-4f54-8d46-41a0b540aa2e)
2019-06-21 02:56:08.663 25731 RALLYDEBUG rally_openstack.cleanup.manager [-] Deleting neutron.network object s_rally_168c4485_A99d3QoB (f6e9d4c9-1b99-49dd-94d0-64cca487213e)
2019-06-21 02:56:08.697 25731 RALLYDEBUG rally_openstack.cleanup.manager [-] Deleting neutron.network object s_rally_168c4485_mcfYoPN3 (ff7f7423-1721-474a-a8c2-177d5532dfcf)
2019-06-21 02:56:10.985 25731 RALLYDEBUG rally_openstack.cleanup.manager [-] Cleaning up neutron router objects
2019-06-21 02:56:11.445 25731 RALLYDEBUG rally_openstack.cleanup.manager [-] Cleaning up neutron security_group objects
2019-06-21 02:56:11.909 25731 INFO rally.task.context [-] Task 2a987809-b22e-48de-b456-1f1d6e6a60b6 | Context cleanup@openstack cleanup() finished in 11.58 sec
2019-06-21 02:56:11.910 25731 INFO rally.task.context [-] Task 2a987809-b22e-48de-b456-1f1d6e6a60b6 | Context quotas@openstack cleanup() started
2019-06-21 02:56:12.000 25731 INFO rally.task.context [-] Task 2a987809-b22e-48de-b456-1f1d6e6a60b6 | Context quotas@openstack cleanup() finished in 89.72 msec
2019-06-21 02:56:12.000 25731 INFO rally.task.context [-] Task 2a987809-b22e-48de-b456-1f1d6e6a60b6 | Context users@openstack cleanup() started
2019-06-21 02:56:14.850 25731 INFO rally.task.context [-] Task 2a987809-b22e-48de-b456-1f1d6e6a60b6 | Context users@openstack cleanup() finished in 2.85 sec
2019-06-21 02:56:16.237 25731 INFO rally.task.engine [-] Load duration is: 23.244554
2019-06-21 02:56:16.238 25731 INFO rally.task.engine [-] Full runner duration is: 23.289207
2019-06-21 02:56:16.238 25731 INFO rally.task.engine [-] Full duration is: 40.858269
2019-06-21 02:56:16.634 25731 INFO rally.task.engine [-] Running workload: position = 0 config = { "version": 2, "title": "A cropped version of a bigger task.", "description": "Auto-generated task from a single workload (uuid=bc47bc84-ff81-45c6-ba6b-28054129aad7)", "subtasks": [ { "title": "NeutronNetworks.create_and_list_routers", "description": "Create and a given number of routers and list all routers.", "scenario": { "NeutronNetworks.create_and_list_routers": { "network_create_args": null, "subnet_create_args": null, "subnet_cidr_start": "1.1.0.0/30", "subnets_per_network": 2, "router_create_args": null } }, "contexts": { "users": { "tenants": 1, "users_per_tenant": 1 }, "quotas": { "neutron": { "network": -1, "subnet": -1, "router": -1 } } }, "runner": { "constant": { "times": 40, "concurrency": 20 } }, "hooks": [], "sla": { "failure_rate": { "max": 0 } } } ] }
2019-06-21 02:56:16.658 25731 RALLYDEBUG rally_openstack.contexts.keystone.users [-] Creating 1 tenants using 20 threads
2019-06-21 02:56:17.659 25731 RALLYDEBUG rally_openstack.contexts.keystone.users [-] Creating 1 users using 20 threads
2019-06-21 02:56:19.175 25731 INFO rally.task.context [-] Task 2a987809-b22e-48de-b456-1f1d6e6a60b6 | Context users@openstack setup() finished in 2.52 sec
2019-06-21 02:56:19.753 25731 INFO rally.task.context [-] Task 2a987809-b22e-48de-b456-1f1d6e6a60b6 | Context quotas@openstack setup() finished in 0.58 sec
2019-06-21 02:56:19.753 25731 INFO rally.task.context [-] Task 2a987809-b22e-48de-b456-1f1d6e6a60b6 | Context cleanup@openstack setup() finished in 0.01 msec
2019-06-21 02:56:19.763 25731 RALLYDEBUG rally.task.runner [-] Starting the constant runner (task UUID: 2a987809-b22e-48de-b456-1f1d6e6a60b6). timeout: 0 concurrency: 20 concurrency_per_worker: 1 times: 40 concurrency_overhead: 4 processes_to_start: 16 max_cpu_used: 16
2019-06-21 02:56:19.777 28195 RALLYDEBUG rally.task.runner [-] Starting a worker. concurrency: 2 args: {"network_create_args": null, "subnet_create_args": null, "subnet_cidr_start": "1.1.0.0/30", "subnets_per_network": 2, "router_create_args": null} times: 40 method_name: run timeout: 0 duration: None cls:
2019-06-21 02:56:19.780 28196 RALLYDEBUG rally.task.runner [-] Starting a worker. concurrency: 2 args: {"network_create_args": null, "subnet_create_args": null, "subnet_cidr_start": "1.1.0.0/30", "subnets_per_network": 2, "router_create_args": null} times: 40 method_name: run timeout: 0 duration: None cls:
2019-06-21 02:56:19.784 28197 RALLYDEBUG rally.task.runner [-] Starting a worker. concurrency: 2 args: {"network_create_args": null, "subnet_create_args": null, "subnet_cidr_start": "1.1.0.0/30", "subnets_per_network": 2, "router_create_args": null} times: 40 method_name: run timeout: 0 duration: None cls:
2019-06-21 02:56:19.785 28195 INFO rally.task.runner [-] Task 2a987809-b22e-48de-b456-1f1d6e6a60b6 | ITER: 1 START
2019-06-21 02:56:19.787 28198 RALLYDEBUG rally.task.runner [-] Starting a worker. concurrency: 2 args: {"network_create_args": null, "subnet_create_args": null, "subnet_cidr_start": "1.1.0.0/30", "subnets_per_network": 2, "router_create_args": null} times: 40 method_name: run timeout: 0 duration: None cls:
2019-06-21 02:56:19.790 28199 RALLYDEBUG rally.task.runner [-] Starting a worker. concurrency: 1 args: {"network_create_args": null, "subnet_create_args": null, "subnet_cidr_start": "1.1.0.0/30", "subnets_per_network": 2, "router_create_args": null} times: 40 method_name: run timeout: 0 duration: None cls:
2019-06-21 02:56:19.792 28196 INFO rally.task.runner [-] Task 2a987809-b22e-48de-b456-1f1d6e6a60b6 | ITER: 2 START
2019-06-21 02:56:19.795 28198 INFO rally.task.runner [-] Task 2a987809-b22e-48de-b456-1f1d6e6a60b6 | ITER: 6 START
2019-06-21 02:56:19.795 28204 RALLYDEBUG rally.task.runner [-] Starting a worker. concurrency: 1 args: {"network_create_args": null, "subnet_create_args": null, "subnet_cidr_start": "1.1.0.0/30", "subnets_per_network": 2, "router_create_args": null} times: 40 method_name: run timeout: 0 duration: None cls:
2019-06-21 02:56:19.797 28199 INFO rally.task.runner [-] Task 2a987809-b22e-48de-b456-1f1d6e6a60b6 | ITER: 8 START
2019-06-21 02:56:19.796 28197 INFO rally.task.runner [-] Task 2a987809-b22e-48de-b456-1f1d6e6a60b6 | ITER: 4 START
2019-06-21 02:56:19.799 28207 RALLYDEBUG rally.task.runner [-] Starting a worker. concurrency: 1 args: {"network_create_args": null, "subnet_create_args": null, "subnet_cidr_start": "1.1.0.0/30", "subnets_per_network": 2, "router_create_args": null} times: 40 method_name: run timeout: 0 duration: None cls:
2019-06-21 02:56:19.793 28196 INFO rally.task.runner [-] Task 2a987809-b22e-48de-b456-1f1d6e6a60b6 | ITER: 5 START
2019-06-21 02:56:19.802 28197 INFO rally.task.runner [-] Task 2a987809-b22e-48de-b456-1f1d6e6a60b6 | ITER: 7 START
2019-06-21 02:56:19.802 28204 INFO rally.task.runner [-] Task 2a987809-b22e-48de-b456-1f1d6e6a60b6 | ITER: 10 START
2019-06-21 02:56:19.804 28195 INFO rally.task.runner [-] Task 2a987809-b22e-48de-b456-1f1d6e6a60b6 | ITER: 3 START
2019-06-21 02:56:19.804 28211 RALLYDEBUG rally.task.runner [-] Starting a worker. concurrency: 1 args: {"network_create_args": null, "subnet_create_args": null, "subnet_cidr_start": "1.1.0.0/30", "subnets_per_network": 2, "router_create_args": null} times: 40 method_name: run timeout: 0 duration: None cls:
2019-06-21 02:56:19.806 28215 RALLYDEBUG rally.task.runner [-] Starting a worker. concurrency: 1 args: {"network_create_args": null, "subnet_create_args": null, "subnet_cidr_start": "1.1.0.0/30", "subnets_per_network": 2, "router_create_args": null} times: 40 method_name: run timeout: 0 duration: None cls:
2019-06-21 02:56:19.807 28207 INFO rally.task.runner [-] Task 2a987809-b22e-48de-b456-1f1d6e6a60b6 | ITER: 11 START
2019-06-21 02:56:19.810 28211 INFO rally.task.runner [-] Task 2a987809-b22e-48de-b456-1f1d6e6a60b6 | ITER: 12 START
2019-06-21 02:56:19.810 28219 RALLYDEBUG rally.task.runner [-] Starting a worker. concurrency: 1 args: {"network_create_args": null, "subnet_create_args": null, "subnet_cidr_start": "1.1.0.0/30", "subnets_per_network": 2, "router_create_args": null} times: 40 method_name: run timeout: 0 duration: None cls:
2019-06-21 02:56:19.813 28198 INFO rally.task.runner [-] Task 2a987809-b22e-48de-b456-1f1d6e6a60b6 | ITER: 9 START
2019-06-21 02:56:19.815 28215 INFO rally.task.runner [-] Task 2a987809-b22e-48de-b456-1f1d6e6a60b6 | ITER: 13 START
2019-06-21 02:56:19.816 28219 INFO rally.task.runner [-] Task 2a987809-b22e-48de-b456-1f1d6e6a60b6 | ITER: 14 START
2019-06-21 02:56:19.816 28222 RALLYDEBUG rally.task.runner [-] Starting a worker. concurrency: 1 args: {"network_create_args": null, "subnet_create_args": null, "subnet_cidr_start": "1.1.0.0/30", "subnets_per_network": 2, "router_create_args": null} times: 40 method_name: run timeout: 0 duration: None cls:
2019-06-21 02:56:19.823 28222 INFO rally.task.runner [-] Task 2a987809-b22e-48de-b456-1f1d6e6a60b6 | ITER: 15 START
2019-06-21 02:56:19.832 28232 RALLYDEBUG rally.task.runner [-] Starting a worker. concurrency: 1 args: {"network_create_args": null, "subnet_create_args": null, "subnet_cidr_start": "1.1.0.0/30", "subnets_per_network": 2, "router_create_args": null} times: 40 method_name: run timeout: 0 duration: None cls:
2019-06-21 02:56:19.840 28232 INFO rally.task.runner [-] Task 2a987809-b22e-48de-b456-1f1d6e6a60b6 | ITER: 16 START
2019-06-21 02:56:19.840 28233 RALLYDEBUG rally.task.runner [-] Starting a worker. concurrency: 1 args: {"network_create_args": null, "subnet_create_args": null, "subnet_cidr_start": "1.1.0.0/30", "subnets_per_network": 2, "router_create_args": null} times: 40 method_name: run timeout: 0 duration: None cls:
2019-06-21 02:56:19.847 28233 INFO rally.task.runner [-] Task 2a987809-b22e-48de-b456-1f1d6e6a60b6 | ITER: 17 START
2019-06-21 02:56:19.849 28236 RALLYDEBUG rally.task.runner [-] Starting a worker. concurrency: 1 args: {"network_create_args": null, "subnet_create_args": null, "subnet_cidr_start": "1.1.0.0/30", "subnets_per_network": 2, "router_create_args": null} times: 40 method_name: run timeout: 0 duration: None cls:
2019-06-21 02:56:19.854 28236 INFO rally.task.runner [-] Task 2a987809-b22e-48de-b456-1f1d6e6a60b6 | ITER: 18 START
2019-06-21 02:56:19.854 28239 RALLYDEBUG rally.task.runner [-] Starting a worker. concurrency: 1 args: {"network_create_args": null, "subnet_create_args": null, "subnet_cidr_start": "1.1.0.0/30", "subnets_per_network": 2, "router_create_args": null} times: 40 method_name: run timeout: 0 duration: None cls:
2019-06-21 02:56:19.858 28240 RALLYDEBUG rally.task.runner [-] Starting a worker. concurrency: 1 args: {"network_create_args": null, "subnet_create_args": null, "subnet_cidr_start": "1.1.0.0/30", "subnets_per_network": 2, "router_create_args": null} times: 40 method_name: run timeout: 0 duration: None cls:
2019-06-21 02:56:19.859 28239 INFO rally.task.runner [-] Task 2a987809-b22e-48de-b456-1f1d6e6a60b6 | ITER: 19 START
2019-06-21 02:56:19.863 28240 INFO rally.task.runner [-] Task 2a987809-b22e-48de-b456-1f1d6e6a60b6 | ITER: 20 START
2019-06-21 02:56:20.602 28215 RALLYDEBUG rally_openstack.wrappers.network [-] CIDR generated: 1.1.5.160/30
2019-06-21 02:56:20.630 28211 RALLYDEBUG rally_openstack.wrappers.network [-] CIDR generated: 1.1.5.164/30
2019-06-21 02:56:20.634 28204 RALLYDEBUG rally_openstack.wrappers.network [-] CIDR generated: 1.1.5.168/30
2019-06-21 02:56:20.647 28198 RALLYDEBUG rally_openstack.wrappers.network [-] CIDR generated: 1.1.5.172/30
2019-06-21 02:56:20.656 28199 RALLYDEBUG rally_openstack.wrappers.network [-] CIDR generated: 1.1.5.176/30
2019-06-21 02:56:20.657 28195 RALLYDEBUG rally_openstack.wrappers.network [-] CIDR generated: 1.1.5.180/30
2019-06-21 02:56:20.707 28219 RALLYDEBUG rally_openstack.wrappers.network [-] CIDR generated: 1.1.5.184/30
2019-06-21 02:56:20.760 28207 RALLYDEBUG rally_openstack.wrappers.network [-] CIDR generated: 1.1.5.188/30
2019-06-21 02:56:20.761 28197 RALLYDEBUG rally_openstack.wrappers.network [-] CIDR generated: 1.1.5.192/30
2019-06-21 02:56:20.801 28196 RALLYDEBUG rally_openstack.wrappers.network [-] CIDR generated: 1.1.5.196/30
2019-06-21 02:56:20.828 28222 RALLYDEBUG rally_openstack.wrappers.network [-] CIDR generated: 1.1.5.200/30
2019-06-21 02:56:20.854 28195 RALLYDEBUG rally_openstack.wrappers.network [-] CIDR generated: 1.1.5.204/30
2019-06-21 02:56:20.859 28196 RALLYDEBUG rally_openstack.wrappers.network [-] CIDR generated: 1.1.5.208/30
2019-06-21 02:56:20.863 28197 RALLYDEBUG rally_openstack.wrappers.network [-] CIDR generated: 1.1.5.212/30
2019-06-21 02:56:21.109 28233 RALLYDEBUG rally_openstack.wrappers.network [-] CIDR generated: 1.1.5.216/30
2019-06-21 02:56:21.114 28239 RALLYDEBUG rally_openstack.wrappers.network [-] CIDR generated: 1.1.5.220/30
2019-06-21 02:56:21.121 28240 RALLYDEBUG rally_openstack.wrappers.network [-] CIDR generated: 1.1.5.224/30
2019-06-21 02:56:21.274 28236 RALLYDEBUG rally_openstack.wrappers.network [-] CIDR generated: 1.1.5.228/30
2019-06-21 02:56:21.297 28232 RALLYDEBUG rally_openstack.wrappers.network [-] CIDR generated: 1.1.5.232/30
2019-06-21 02:56:21.589 28198 RALLYDEBUG rally_openstack.wrappers.network [-] CIDR generated: 1.1.5.236/30
2019-06-21 02:56:21.591 28197 RALLYDEBUG rally_openstack.wrappers.network [-] CIDR generated: 1.1.5.240/30
2019-06-21 02:56:21.625 28215 RALLYDEBUG rally_openstack.wrappers.network [-] CIDR generated: 1.1.5.244/30
2019-06-21 02:56:21.727 28196 RALLYDEBUG rally_openstack.wrappers.network [-] CIDR generated: 1.1.5.248/30
2019-06-21 02:56:22.007 28233 RALLYDEBUG rally_openstack.wrappers.network [-] CIDR generated: 1.1.5.252/30
2019-06-21 02:56:22.383 28196 RALLYDEBUG rally_openstack.wrappers.network [-] CIDR generated: 1.1.6.0/30
2019-06-21 02:56:22.428 28207 RALLYDEBUG rally_openstack.wrappers.network [-] CIDR generated: 1.1.6.4/30
2019-06-21 02:56:22.440 28204 RALLYDEBUG rally_openstack.wrappers.network [-] CIDR generated: 1.1.6.8/30
2019-06-21 02:56:22.530 28195 RALLYDEBUG rally_openstack.wrappers.network [-] CIDR generated: 1.1.6.12/30
2019-06-21 02:56:22.634 28198 RALLYDEBUG rally_openstack.wrappers.network [-] CIDR generated: 1.1.6.16/30
2019-06-21 02:56:23.319 28219 RALLYDEBUG rally_openstack.wrappers.network [-] CIDR generated: 1.1.6.20/30
2019-06-21 02:56:23.364 28197 RALLYDEBUG rally_openstack.wrappers.network [-] CIDR generated: 1.1.6.24/30
2019-06-21 02:56:23.400 28199 RALLYDEBUG rally_openstack.wrappers.network [-] CIDR generated: 1.1.6.28/30
2019-06-21 02:56:23.437 28195 RALLYDEBUG rally_openstack.wrappers.network [-] CIDR generated: 1.1.6.32/30
2019-06-21 02:56:23.440 28211 RALLYDEBUG rally_openstack.wrappers.network [-] CIDR generated: 1.1.6.36/30
2019-06-21 02:56:23.464 28222 RALLYDEBUG rally_openstack.wrappers.network [-] CIDR generated: 1.1.6.40/30
2019-06-21 02:56:23.695 28240 RALLYDEBUG rally_openstack.wrappers.network [-] CIDR generated: 1.1.6.44/30
2019-06-21 02:56:23.836 28232 RALLYDEBUG rally_openstack.wrappers.network [-] CIDR generated: 1.1.6.48/30
2019-06-21 02:56:23.866 28239 RALLYDEBUG rally_openstack.wrappers.network [-] CIDR generated: 1.1.6.52/30
2019-06-21 02:56:23.939 28198 RALLYDEBUG rally_openstack.wrappers.network [-] CIDR generated: 1.1.6.56/30
2019-06-21 02:56:24.144 28236 RALLYDEBUG rally_openstack.wrappers.network [-] CIDR generated: 1.1.6.60/30
2019-06-21 02:56:31.150 28197 INFO rally.task.runner [-] Task 2a987809-b22e-48de-b456-1f1d6e6a60b6 | ITER: 4 END: OK
2019-06-21 02:56:31.154 28197 INFO rally.task.runner [-] Task 2a987809-b22e-48de-b456-1f1d6e6a60b6 | ITER: 21 START
2019-06-21 02:56:31.909 28197 RALLYDEBUG rally_openstack.wrappers.network [-] CIDR generated: 1.1.6.64/30
2019-06-21 02:56:32.344 28207 INFO rally.task.runner [-] Task 2a987809-b22e-48de-b456-1f1d6e6a60b6 | ITER: 11 END: OK
2019-06-21 02:56:32.348 28207 INFO rally.task.runner [-] Task 2a987809-b22e-48de-b456-1f1d6e6a60b6 | ITER: 22 START
2019-06-21 02:56:32.959 28207 RALLYDEBUG rally_openstack.wrappers.network [-] CIDR generated: 1.1.6.68/30
2019-06-21 02:56:33.992 28207 RALLYDEBUG rally_openstack.wrappers.network [-] CIDR generated: 1.1.6.72/30
2019-06-21 02:56:34.330 28232 INFO rally.task.runner [-] Task 2a987809-b22e-48de-b456-1f1d6e6a60b6 | ITER: 16 END: OK
2019-06-21 02:56:34.334 28232 INFO rally.task.runner [-] Task 2a987809-b22e-48de-b456-1f1d6e6a60b6 | ITER: 23 START
2019-06-21 02:56:34.867 28232 RALLYDEBUG rally_openstack.wrappers.network [-] CIDR generated: 1.1.6.76/30
2019-06-21 02:56:35.824 28232 RALLYDEBUG rally_openstack.wrappers.network [-] CIDR generated: 1.1.6.80/30
