2019-06-21 00:47:55.085 8 RALLYDEBUG rally.api [-] INFO logs from urllib3 and requests module are hide.
2019-06-21 00:47:55.085 8 RALLYDEBUG rally.api [-] urllib3 insecure warnings are hidden.
2019-06-21 00:47:55.085 8 RALLYDEBUG rally.api [-] ERROR log from boto module is hide.
2019-06-21 00:47:56.597 8 ERROR rally.cli.cliutils [-] Unexpected exception in CLI: DBRecordNotFound: Record for uuid or name is opnfv-rally not found in table envs
2019-06-21 00:47:56.597 8 ERROR rally.cli.cliutils
Traceback (most recent call last):
2019-06-21 00:47:56.597 8 ERROR rally.cli.cliutils
File "/usr/lib/python2.7/site-packages/rally/cli/cliutils.py", line 674, in run
2019-06-21 00:47:56.597 8 ERROR rally.cli.cliutils ret = fn(*fn_args, **fn_kwargs)
2019-06-21 00:47:56.597 8 ERROR rally.cli.cliutils File "", line 2, in destroy
2019-06-21 00:47:56.597 8 ERROR rally.cli.cliutils
File "/usr/lib/python2.7/site-packages/rally/cli/envutils.py", line 69, in default_from_global
2019-06-21 00:47:56.597 8 ERROR rally.cli.cliutils return f(*args, **kwargs)
2019-06-21 00:47:56.597 8 ERROR rally.cli.cliutils File "", line 2, in destroy
2019-06-21 00:47:56.597 8 ERROR rally.cli.cliutils
File "/usr/lib/python2.7/site-packages/rally/plugins/__init__.py", line 51, in ensure_plugins_are_loaded
2019-06-21 00:47:56.597 8 ERROR rally.cli.cliutils return f(*args, **kwargs)
2019-06-21 00:47:56.597 8 ERROR rally.cli.cliutils
File "/usr/lib/python2.7/site-packages/rally/cli/commands/deployment.py", line 140, in destroy
2019-06-21 00:47:56.597 8 ERROR rally.cli.cliutils api.deployment.destroy(deployment=deployment)
2019-06-21 00:47:56.597 8 ERROR rally.cli.cliutils
File "/usr/lib/python2.7/site-packages/rally/api.py", line 115, in destroy
2019-06-21 00:47:56.597 8 ERROR rally.cli.cliutils deploy = objects.Deployment.get(deployment)
2019-06-21 00:47:56.597 8 ERROR rally.cli.cliutils
File "/usr/lib/python2.7/site-packages/rally/common/objects/deploy.py", line 124, in get
2019-06-21 00:47:56.597 8 ERROR rally.cli.cliutils return Deployment(env_mgr.EnvManager.get(deploy))
2019-06-21 00:47:56.597 8 ERROR rally.cli.cliutils
File "/usr/lib/python2.7/site-packages/rally/env/env_mgr.py", line 212, in get
2019-06-21 00:47:56.597 8 ERROR rally.cli.cliutils return cls(db.env_get(uuid_or_name))
2019-06-21 00:47:56.597 8 ERROR rally.cli.cliutils
File "/usr/lib/python2.7/site-packages/rally/common/db/api.py", line 135, in wrapper
2019-06-21 00:47:56.597 8 ERROR rally.cli.cliutils result = f(session, *args, **kwargs)
2019-06-21 00:47:56.597 8 ERROR rally.cli.cliutils
File "/usr/lib/python2.7/site-packages/rally/common/db/api.py", line 521, in env_get
2019-06-21 00:47:56.597 8 ERROR rally.cli.cliutils criteria="uuid or name is %s" % uuid_or_name, table="envs")
2019-06-21 00:47:56.597 8 ERROR rally.cli.cliutils DBRecordNotFound: Record for uuid or name is opnfv-rally not found in table envs
2019-06-21 00:47:56.597 8 ERROR rally.cli.cliutils
2019-06-21 00:47:57.419 10 RALLYDEBUG rally.api [-] INFO logs from urllib3 and requests module are hide.
2019-06-21 00:47:57.419 10 RALLYDEBUG rally.api [-] urllib3 insecure warnings are hidden.
2019-06-21 00:47:57.419 10 RALLYDEBUG rally.api [-] ERROR log from boto module is hide.
2019-06-21 00:47:58.950 10 WARNING rally_openstack.platforms.existing [-] endpoint is deprecated and not used.
2019-06-21 00:47:59.981 12 RALLYDEBUG rally.api [-] INFO logs from urllib3 and requests module are hide.
2019-06-21 00:47:59.982 12 RALLYDEBUG rally.api [-] urllib3 insecure warnings are hidden.
2019-06-21 00:47:59.982 12 RALLYDEBUG rally.api [-] ERROR log from boto module is hide.
2019-06-21 00:48:03.052 15 RALLYDEBUG rally.api [-] INFO logs from urllib3 and requests module are hide.
2019-06-21 00:48:03.052 15 RALLYDEBUG rally.api [-] urllib3 insecure warnings are hidden.
2019-06-21 00:48:03.052 15 RALLYDEBUG rally.api [-] ERROR log from boto module is hide.
2019-06-21 00:48:04.289 17 RALLYDEBUG rally.api [-] INFO logs from urllib3 and requests module are hide.
2019-06-21 00:48:04.289 17 RALLYDEBUG rally.api [-] urllib3 insecure warnings are hidden.
2019-06-21 00:48:04.289 17 RALLYDEBUG rally.api [-] ERROR log from boto module is hide.
2019-06-21 00:48:05.902 17 INFO rally.task.engine [-] Task a887e588-e051-4392-8b85-4e3b2396525d | Starting: Task validation.
2019-06-21 00:48:05.984 17 INFO rally.task.engine [-] Task a887e588-e051-4392-8b85-4e3b2396525d | Starting: Task validation of syntax.
2019-06-21 00:48:06.075 17 INFO rally.task.engine [-] Task a887e588-e051-4392-8b85-4e3b2396525d | Completed: Task validation of syntax.
2019-06-21 00:48:06.076 17 INFO rally.task.engine [-] Task a887e588-e051-4392-8b85-4e3b2396525d | Starting: Task validation of required platforms.
2019-06-21 00:48:06.118 17 INFO rally.task.engine [-] Task a887e588-e051-4392-8b85-4e3b2396525d | Completed: Task validation of required platforms.
2019-06-21 00:48:06.118 17 INFO rally.task.engine [-] Task a887e588-e051-4392-8b85-4e3b2396525d | Starting: Task validation of semantic.
2019-06-21 00:48:06.119 17 INFO rally.task.engine [-] Check health of the environment '96bb1d84-c155-4ae0-863b-cee7eb61cf03'.
2019-06-21 00:48:06.711 17 INFO rally.task.engine [-] Platform existing@openstack (available: True): OK!
2019-06-21 00:48:06.729 17 RALLYDEBUG rally_openstack.contexts.keystone.users [-] Creating 1 tenants using 20 threads
2019-06-21 00:48:07.661 17 RALLYDEBUG rally_openstack.contexts.keystone.users [-] Creating 1 users using 20 threads
2019-06-21 00:48:09.135 17 INFO rally.task.context [-] Task a887e588-e051-4392-8b85-4e3b2396525d | Context users@openstack setup() finished in 2.41 sec
2019-06-21 00:48:09.193 17 INFO rally.task.context [-] Task a887e588-e051-4392-8b85-4e3b2396525d | Context users@openstack cleanup() started
2019-06-21 00:48:12.314 17 INFO rally.task.context [-] Task a887e588-e051-4392-8b85-4e3b2396525d | Context users@openstack cleanup() finished in 3.12 sec
2019-06-21 00:48:12.315 17 INFO rally.task.engine [-] Task a887e588-e051-4392-8b85-4e3b2396525d | Completed: Task validation of semantic.
2019-06-21 00:48:12.315 17 INFO rally.task.engine [-] Task a887e588-e051-4392-8b85-4e3b2396525d | Completed: Task validation.
2019-06-21 00:48:12.316 17 INFO rally.api [-] Task a887e588-e051-4392-8b85-4e3b2396525d input file is valid.
2019-06-21 00:48:12.316 17 INFO rally.api [-] Run Task a887e588-e051-4392-8b85-4e3b2396525d against Deployment 96bb1d84-c155-4ae0-863b-cee7eb61cf03
2019-06-21 00:48:12.316 17 INFO rally.task.engine [-] Task a887e588-e051-4392-8b85-4e3b2396525d | Starting: Running task.
2019-06-21 00:48:12.578 17 INFO rally.task.engine [-] Running workload: position = 0 config = { "version": 2, "title": "A cropped version of a bigger task.", "description": "Auto-generated task from a single workload (uuid=27ff8f7d-90ae-4c60-b857-4b3267e5a9fa)", "subtasks": [ { "title": "Authenticate.keystone", "description": "Check Keystone Client.", "scenario": { "Authenticate.keystone": {} }, "contexts": { "users": { "tenants": 3, "users_per_tenant": 2 } }, "runner": { "constant": { "concurrency": 4, "times": 10 } }, "hooks": [], "sla": { "failure_rate": { "max": 0 } } } ] }
2019-06-21 00:48:12.602 17 RALLYDEBUG rally_openstack.contexts.keystone.users [-] Creating 3 tenants using 20 threads
2019-06-21 00:48:13.770 17 RALLYDEBUG rally_openstack.contexts.keystone.users [-] Creating 6 users using 20 threads
2019-06-21 00:48:15.399 17 INFO rally.task.context [-] Task a887e588-e051-4392-8b85-4e3b2396525d | Context users@openstack setup() finished in 2.80 sec
2019-06-21 00:48:15.408 17 RALLYDEBUG rally.task.runner [-] Starting the constant runner (task UUID: a887e588-e051-4392-8b85-4e3b2396525d). timeout: 0 concurrency: 4 concurrency_per_worker: 1 times: 10 concurrency_overhead: 0 processes_to_start: 4 max_cpu_used: 16
2019-06-21 00:48:15.474 141 RALLYDEBUG rally.task.runner [-] Starting a worker. concurrency: 1 args: {} times: 10 method_name: run timeout: 0 duration: None cls:
2019-06-21 00:48:15.478 142 RALLYDEBUG rally.task.runner [-] Starting a worker. concurrency: 1 args: {} times: 10 method_name: run timeout: 0 duration: None cls:
2019-06-21 00:48:15.481 141 INFO rally.task.runner [-] Task a887e588-e051-4392-8b85-4e3b2396525d | ITER: 1 START
2019-06-21 00:48:15.481 143 RALLYDEBUG rally.task.runner [-] Starting a worker. concurrency: 1 args: {} times: 10 method_name: run timeout: 0 duration: None cls:
2019-06-21 00:48:15.485 142 INFO rally.task.runner [-] Task a887e588-e051-4392-8b85-4e3b2396525d | ITER: 2 START
2019-06-21 00:48:15.484 144 RALLYDEBUG rally.task.runner [-] Starting a worker. concurrency: 1 args: {} times: 10 method_name: run timeout: 0 duration: None cls:
2019-06-21 00:48:15.488 143 INFO rally.task.runner [-] Task a887e588-e051-4392-8b85-4e3b2396525d | ITER: 3 START
2019-06-21 00:48:15.491 144 INFO rally.task.runner [-] Task a887e588-e051-4392-8b85-4e3b2396525d | ITER: 4 START
2019-06-21 00:48:15.928 141 INFO rally.task.runner [-] Task a887e588-e051-4392-8b85-4e3b2396525d | ITER: 1 END: OK
2019-06-21 00:48:15.933 141 INFO rally.task.runner [-] Task a887e588-e051-4392-8b85-4e3b2396525d | ITER: 5 START
2019-06-21 00:48:15.963 144 INFO rally.task.runner [-] Task a887e588-e051-4392-8b85-4e3b2396525d | ITER: 4 END: OK
2019-06-21 00:48:15.963 143 INFO rally.task.runner [-] Task a887e588-e051-4392-8b85-4e3b2396525d | ITER: 3 END: OK
2019-06-21 00:48:15.967 143 INFO rally.task.runner [-] Task a887e588-e051-4392-8b85-4e3b2396525d | ITER: 7 START
2019-06-21 00:48:15.968 142 INFO rally.task.runner [-] Task a887e588-e051-4392-8b85-4e3b2396525d | ITER: 2 END: OK
2019-06-21 00:48:15.968 144 INFO rally.task.runner [-] Task a887e588-e051-4392-8b85-4e3b2396525d | ITER: 6 START
2019-06-21 00:48:15.974 142 INFO rally.task.runner [-] Task a887e588-e051-4392-8b85-4e3b2396525d | ITER: 8 START
2019-06-21 00:48:16.305 143 INFO rally.task.runner [-] Task a887e588-e051-4392-8b85-4e3b2396525d | ITER: 7 END: OK
2019-06-21 00:48:16.306 142 INFO rally.task.runner [-] Task a887e588-e051-4392-8b85-4e3b2396525d | ITER: 8 END: OK
2019-06-21 00:48:16.309 143 INFO rally.task.runner [-] Task a887e588-e051-4392-8b85-4e3b2396525d | ITER: 9 START
2019-06-21 00:48:16.310 142 INFO rally.task.runner [-] Task a887e588-e051-4392-8b85-4e3b2396525d | ITER: 10 START
2019-06-21 00:48:16.360 141 INFO rally.task.runner [-] Task a887e588-e051-4392-8b85-4e3b2396525d | ITER: 5 END: OK
2019-06-21 00:48:16.391 144 INFO rally.task.runner [-] Task a887e588-e051-4392-8b85-4e3b2396525d | ITER: 6 END: OK
2019-06-21 00:48:16.646 142 INFO rally.task.runner [-] Task a887e588-e051-4392-8b85-4e3b2396525d | ITER: 10 END: OK
2019-06-21 00:48:16.650 143 INFO rally.task.runner [-] Task a887e588-e051-4392-8b85-4e3b2396525d | ITER: 9 END: OK
2019-06-21 00:48:16.673 17 INFO rally.task.context [-] Task a887e588-e051-4392-8b85-4e3b2396525d | Context users@openstack cleanup() started
2019-06-21 00:48:21.627 17 INFO rally.task.context [-] Task a887e588-e051-4392-8b85-4e3b2396525d | Context users@openstack cleanup() finished in 4.95 sec
2019-06-21 00:48:22.671 17 INFO rally.task.engine [-] Load duration is: 1.166812
2019-06-21 00:48:22.671 17 INFO rally.task.engine [-] Full runner duration is: 1.264842
2019-06-21 00:48:22.672 17 INFO rally.task.engine [-] Full duration is: 9.029135
2019-06-21 00:48:23.003 17 INFO rally.task.engine [-] Running workload: position = 0 config = { "version": 2, "title": "A cropped version of a bigger task.", "description": "Auto-generated task from a single workload (uuid=1305a5ea-4ae2-48a3-a421-bac320a14262)", "subtasks": [ { "title": "Authenticate.validate_cinder", "description": "Check Cinder Client to ensure validation of token.", "scenario": { "Authenticate.validate_cinder": { "repetitions": 2 } }, "contexts": { "users": { "tenants": 3, "users_per_tenant": 2 } }, "runner": { "constant": { "concurrency": 4, "times": 10 } }, "hooks": [], "sla": { "failure_rate": { "max": 0 } } } ] }
2019-06-21 00:48:23.028 17 RALLYDEBUG rally_openstack.contexts.keystone.users [-] Creating 3 tenants using 20 threads
2019-06-21 00:48:24.117 17 RALLYDEBUG rally_openstack.contexts.keystone.users [-] Creating 6 users using 20 threads
2019-06-21 00:48:25.805 17 INFO rally.task.context [-] Task a887e588-e051-4392-8b85-4e3b2396525d | Context users@openstack setup() finished in 2.78 sec
2019-06-21 00:48:25.814 17 RALLYDEBUG rally.task.runner [-] Starting the constant runner (task UUID: a887e588-e051-4392-8b85-4e3b2396525d). timeout: 0 concurrency: 4 concurrency_per_worker: 1 times: 10 concurrency_overhead: 0 processes_to_start: 4 max_cpu_used: 16
2019-06-21 00:48:25.827 245 RALLYDEBUG rally.task.runner [-] Starting a worker. concurrency: 1 args: {"repetitions": 2} times: 10 method_name: run timeout: 0 duration: None cls:
2019-06-21 00:48:25.830 246 RALLYDEBUG rally.task.runner [-] Starting a worker. concurrency: 1 args: {"repetitions": 2} times: 10 method_name: run timeout: 0 duration: None cls:
2019-06-21 00:48:25.833 247 RALLYDEBUG rally.task.runner [-] Starting a worker. concurrency: 1 args: {"repetitions": 2} times: 10 method_name: run timeout: 0 duration: None cls:
2019-06-21 00:48:25.834 245 INFO rally.task.runner [-] Task a887e588-e051-4392-8b85-4e3b2396525d | ITER: 1 START
2019-06-21 00:48:25.836 248 RALLYDEBUG rally.task.runner [-] Starting a worker. concurrency: 1 args: {"repetitions": 2} times: 10 method_name: run timeout: 0 duration: None cls:
2019-06-21 00:48:25.838 246 INFO rally.task.runner [-] Task a887e588-e051-4392-8b85-4e3b2396525d | ITER: 2 START
2019-06-21 00:48:25.840 247 INFO rally.task.runner [-] Task a887e588-e051-4392-8b85-4e3b2396525d | ITER: 3 START
2019-06-21 00:48:25.843 248 INFO rally.task.runner [-] Task a887e588-e051-4392-8b85-4e3b2396525d | ITER: 4 START
2019-06-21 00:48:26.476 246 INFO rally.task.runner [-] Task a887e588-e051-4392-8b85-4e3b2396525d | ITER: 2 END: OK
2019-06-21 00:48:26.480 246 INFO rally.task.runner [-] Task a887e588-e051-4392-8b85-4e3b2396525d | ITER: 5 START
2019-06-21 00:48:26.480 247 INFO rally.task.runner [-] Task a887e588-e051-4392-8b85-4e3b2396525d | ITER: 3 END: OK
2019-06-21 00:48:26.485 247 INFO rally.task.runner [-] Task a887e588-e051-4392-8b85-4e3b2396525d | ITER: 6 START
2019-06-21 00:48:26.696 245 INFO rally.task.runner [-] Task a887e588-e051-4392-8b85-4e3b2396525d | ITER: 1 END: OK
2019-06-21 00:48:26.701 245 INFO rally.task.runner [-] Task a887e588-e051-4392-8b85-4e3b2396525d | ITER: 7 START
2019-06-21 00:48:26.758 248 INFO rally.task.runner [-] Task a887e588-e051-4392-8b85-4e3b2396525d | ITER: 4 END: OK
2019-06-21 00:48:26.763 248 INFO rally.task.runner [-] Task a887e588-e051-4392-8b85-4e3b2396525d | ITER: 8 START
2019-06-21 00:48:26.905 247 INFO rally.task.runner [-] Task a887e588-e051-4392-8b85-4e3b2396525d | ITER: 6 END: OK
2019-06-21 00:48:26.909 247 INFO rally.task.runner [-] Task a887e588-e051-4392-8b85-4e3b2396525d | ITER: 9 START
2019-06-21 00:48:26.920 246 INFO rally.task.runner [-] Task a887e588-e051-4392-8b85-4e3b2396525d | ITER: 5 END: OK
2019-06-21 00:48:26.924 246 INFO rally.task.runner [-] Task a887e588-e051-4392-8b85-4e3b2396525d | ITER: 10 START
2019-06-21 00:48:27.261 245 INFO rally.task.runner [-] Task a887e588-e051-4392-8b85-4e3b2396525d | ITER: 7 END: OK
2019-06-21 00:48:27.290 248 INFO rally.task.runner [-] Task a887e588-e051-4392-8b85-4e3b2396525d | ITER: 8 END: OK
2019-06-21 00:48:27.347 246 INFO rally.task.runner [-] Task a887e588-e051-4392-8b85-4e3b2396525d | ITER: 10 END: OK
2019-06-21 00:48:27.350 247 INFO rally.task.runner [-] Task a887e588-e051-4392-8b85-4e3b2396525d | ITER: 9 END: OK
2019-06-21 00:48:27.375 17 INFO rally.task.context [-] Task a887e588-e051-4392-8b85-4e3b2396525d | Context users@openstack cleanup() started
2019-06-21 00:48:32.035 17 INFO rally.task.context [-] Task a887e588-e051-4392-8b85-4e3b2396525d | Context users@openstack cleanup() finished in 4.66 sec
2019-06-21 00:48:33.101 17 INFO rally.task.engine [-] Load duration is: 1.513396
2019-06-21 00:48:33.102 17 INFO rally.task.engine [-] Full runner duration is: 1.561841
2019-06-21 00:48:33.102 17 INFO rally.task.engine [-] Full duration is: 9.010744
2019-06-21 00:48:33.495 17 INFO rally.task.engine [-] Running workload: position = 0 config = { "version": 2, "title": "A cropped version of a bigger task.", "description": "Auto-generated task from a single workload (uuid=25639c04-49e6-4d7b-aaeb-b9665c299cfb)", "subtasks": [ { "title": "Authenticate.validate_glance", "description": "Check Glance Client to ensure validation of token.", "scenario": { "Authenticate.validate_glance": { "repetitions": 2 } }, "contexts": { "users": { "tenants": 3, "users_per_tenant": 2 } }, "runner": { "constant": { "concurrency": 4, "times": 10 } }, "hooks": [], "sla": { "failure_rate": { "max": 0 } } } ] }
2019-06-21 00:48:33.520 17 RALLYDEBUG rally_openstack.contexts.keystone.users [-] Creating 3 tenants using 20 threads
2019-06-21 00:48:34.508 17 RALLYDEBUG rally_openstack.contexts.keystone.users [-] Creating 6 users using 20 threads
2019-06-21 00:48:36.341 17 INFO rally.task.context [-] Task a887e588-e051-4392-8b85-4e3b2396525d | Context users@openstack setup() finished in 2.82 sec
2019-06-21 00:48:36.350 17 RALLYDEBUG rally.task.runner [-] Starting the constant runner (task UUID: a887e588-e051-4392-8b85-4e3b2396525d). timeout: 0 concurrency: 4 concurrency_per_worker: 1 times: 10 concurrency_overhead: 0 processes_to_start: 4 max_cpu_used: 16
2019-06-21 00:48:36.363 349 RALLYDEBUG rally.task.runner [-] Starting a worker. concurrency: 1 args: {"repetitions": 2} times: 10 method_name: run timeout: 0 duration: None cls:
2019-06-21 00:48:36.366 350 RALLYDEBUG rally.task.runner [-] Starting a worker. concurrency: 1 args: {"repetitions": 2} times: 10 method_name: run timeout: 0 duration: None cls:
2019-06-21 00:48:36.369 351 RALLYDEBUG rally.task.runner [-] Starting a worker. concurrency: 1 args: {"repetitions": 2} times: 10 method_name: run timeout: 0 duration: None cls:
2019-06-21 00:48:36.371 349 INFO rally.task.runner [-] Task a887e588-e051-4392-8b85-4e3b2396525d | ITER: 1 START
2019-06-21 00:48:36.371 352 RALLYDEBUG rally.task.runner [-] Starting a worker. concurrency: 1 args: {"repetitions": 2} times: 10 method_name: run timeout: 0 duration: None cls:
2019-06-21 00:48:36.374 350 INFO rally.task.runner [-] Task a887e588-e051-4392-8b85-4e3b2396525d | ITER: 2 START
2019-06-21 00:48:36.376 351 INFO rally.task.runner [-] Task a887e588-e051-4392-8b85-4e3b2396525d | ITER: 3 START
2019-06-21 00:48:36.377 352 INFO rally.task.runner [-] Task a887e588-e051-4392-8b85-4e3b2396525d | ITER: 4 START
2019-06-21 00:48:37.058 350 INFO rally.task.runner [-] Task a887e588-e051-4392-8b85-4e3b2396525d | ITER: 2 END: OK
2019-06-21 00:48:37.063 350 INFO rally.task.runner [-] Task a887e588-e051-4392-8b85-4e3b2396525d | ITER: 5 START
2019-06-21 00:48:37.139 352 INFO rally.task.runner [-] Task a887e588-e051-4392-8b85-4e3b2396525d | ITER: 4 END: OK
2019-06-21 00:48:37.143 352 INFO rally.task.runner [-] Task a887e588-e051-4392-8b85-4e3b2396525d | ITER: 6 START
2019-06-21 00:48:37.183 349 INFO rally.task.runner [-] Task a887e588-e051-4392-8b85-4e3b2396525d | ITER: 1 END: OK
2019-06-21 00:48:37.188 351 INFO rally.task.runner [-] Task a887e588-e051-4392-8b85-4e3b2396525d | ITER: 3 END: OK
2019-06-21 00:48:37.189 349 INFO rally.task.runner [-] Task a887e588-e051-4392-8b85-4e3b2396525d | ITER: 7 START
2019-06-21 00:48:37.193 351 INFO rally.task.runner [-] Task a887e588-e051-4392-8b85-4e3b2396525d | ITER: 8 START
2019-06-21 00:48:37.698 350 INFO rally.task.runner [-] Task a887e588-e051-4392-8b85-4e3b2396525d | ITER: 5 END: OK
2019-06-21 00:48:37.702 350 INFO rally.task.runner [-] Task a887e588-e051-4392-8b85-4e3b2396525d | ITER: 9 START
2019-06-21 00:48:37.732 352 INFO rally.task.runner [-] Task a887e588-e051-4392-8b85-4e3b2396525d | ITER: 6 END: OK
2019-06-21 00:48:37.736 352 INFO rally.task.runner [-] Task a887e588-e051-4392-8b85-4e3b2396525d | ITER: 10 START
2019-06-21 00:48:37.788 351 INFO rally.task.runner [-] Task a887e588-e051-4392-8b85-4e3b2396525d | ITER: 8 END: OK
2019-06-21 00:48:37.840 349 INFO rally.task.runner [-] Task a887e588-e051-4392-8b85-4e3b2396525d | ITER: 7 END: OK
2019-06-21 00:48:38.297 350 INFO rally.task.runner [-] Task a887e588-e051-4392-8b85-4e3b2396525d | ITER: 9 END: OK
2019-06-21 00:48:38.326 352 INFO rally.task.runner [-] Task a887e588-e051-4392-8b85-4e3b2396525d | ITER: 10 END: OK
2019-06-21 00:48:38.348 17 INFO rally.task.context [-] Task a887e588-e051-4392-8b85-4e3b2396525d | Context users@openstack cleanup() started
2019-06-21 00:48:43.004 17 INFO rally.task.context [-] Task a887e588-e051-4392-8b85-4e3b2396525d | Context users@openstack cleanup() finished in 4.66 sec
2019-06-21 00:48:43.622 17 INFO rally.task.engine [-] Load duration is: 1.953295
2019-06-21 00:48:43.622 17 INFO rally.task.engine [-] Full runner duration is: 1.99855
2019-06-21 00:48:43.622 17 INFO rally.task.engine [-] Full duration is: 9.48833
2019-06-21 00:48:44.314 17 INFO rally.task.engine [-] Running workload: position = 0 config = { "version": 2, "title": "A cropped version of a bigger task.", "description": "Auto-generated task from a single workload (uuid=8d2a07b2-87db-40df-98fe-141edf82007a)", "subtasks": [ { "title": "Authenticate.validate_heat", "description": "Check Heat Client to ensure validation of token.", "scenario": { "Authenticate.validate_heat": { "repetitions": 2 } }, "contexts": { "users": { "tenants": 3, "users_per_tenant": 2 } }, "runner": { "constant": { "concurrency": 4, "times": 10 } }, "hooks": [], "sla": { "failure_rate": { "max": 0 } } } ] }
2019-06-21 00:48:44.340 17 RALLYDEBUG rally_openstack.contexts.keystone.users [-] Creating 3 tenants using 20 threads
2019-06-21 00:48:45.501 17 RALLYDEBUG rally_openstack.contexts.keystone.users [-] Creating 6 users using 20 threads
2019-06-21 00:48:47.158 17 INFO rally.task.context [-] Task a887e588-e051-4392-8b85-4e3b2396525d | Context users@openstack setup() finished in 2.82 sec
2019-06-21 00:48:47.167 17 RALLYDEBUG rally.task.runner [-] Starting the constant runner (task UUID: a887e588-e051-4392-8b85-4e3b2396525d). timeout: 0 concurrency: 4 concurrency_per_worker: 1 times: 10 concurrency_overhead: 0 processes_to_start: 4 max_cpu_used: 16
2019-06-21 00:48:47.181 453 RALLYDEBUG rally.task.runner [-] Starting a worker. concurrency: 1 args: {"repetitions": 2} times: 10 method_name: run timeout: 0 duration: None cls:
2019-06-21 00:48:47.183 454 RALLYDEBUG rally.task.runner [-] Starting a worker. concurrency: 1 args: {"repetitions": 2} times: 10 method_name: run timeout: 0 duration: None cls:
2019-06-21 00:48:47.187 455 RALLYDEBUG rally.task.runner [-] Starting a worker. concurrency: 1 args: {"repetitions": 2} times: 10 method_name: run timeout: 0 duration: None cls:
2019-06-21 00:48:47.188 453 INFO rally.task.runner [-] Task a887e588-e051-4392-8b85-4e3b2396525d | ITER: 1 START
2019-06-21 00:48:47.191 454 INFO rally.task.runner [-] Task a887e588-e051-4392-8b85-4e3b2396525d | ITER: 2 START
2019-06-21 00:48:47.190 456 RALLYDEBUG rally.task.runner [-] Starting a worker. concurrency: 1 args: {"repetitions": 2} times: 10 method_name: run timeout: 0 duration: None cls:
2019-06-21 00:48:47.194 455 INFO rally.task.runner [-] Task a887e588-e051-4392-8b85-4e3b2396525d | ITER: 3 START
2019-06-21 00:48:47.198 456 INFO rally.task.runner [-] Task a887e588-e051-4392-8b85-4e3b2396525d | ITER: 4 START
2019-06-21 00:48:48.184 455 INFO rally.task.runner [-] Task a887e588-e051-4392-8b85-4e3b2396525d | ITER: 3 END: OK
2019-06-21 00:48:48.189 455 INFO rally.task.runner [-] Task a887e588-e051-4392-8b85-4e3b2396525d | ITER: 5 START
2019-06-21 00:48:48.193 453 INFO rally.task.runner [-] Task a887e588-e051-4392-8b85-4e3b2396525d | ITER: 1 END: OK
2019-06-21 00:48:48.197 453 INFO rally.task.runner [-] Task a887e588-e051-4392-8b85-4e3b2396525d | ITER: 6 START
2019-06-21 00:48:48.238 454 INFO rally.task.runner [-] Task a887e588-e051-4392-8b85-4e3b2396525d | ITER: 2 END: OK
2019-06-21 00:48:48.243 454 INFO rally.task.runner [-] Task a887e588-e051-4392-8b85-4e3b2396525d | ITER: 7 START
2019-06-21 00:48:48.536 456 INFO rally.task.runner [-] Task a887e588-e051-4392-8b85-4e3b2396525d | ITER: 4 END: OK
2019-06-21 00:48:48.540 456 INFO rally.task.runner [-] Task a887e588-e051-4392-8b85-4e3b2396525d | ITER: 8 START
2019-06-21 00:48:48.877 453 INFO rally.task.runner [-] Task a887e588-e051-4392-8b85-4e3b2396525d | ITER: 6 END: OK
2019-06-21 00:48:48.880 453 INFO rally.task.runner [-] Task a887e588-e051-4392-8b85-4e3b2396525d | ITER: 9 START
2019-06-21 00:48:48.922 455 INFO rally.task.runner [-] Task a887e588-e051-4392-8b85-4e3b2396525d | ITER: 5 END: OK
2019-06-21 00:48:48.927 455 INFO rally.task.runner [-] Task a887e588-e051-4392-8b85-4e3b2396525d | ITER: 10 START
2019-06-21 00:48:49.289 456 INFO rally.task.runner [-] Task a887e588-e051-4392-8b85-4e3b2396525d | ITER: 8 END: OK
2019-06-21 00:48:49.348 454 INFO rally.task.runner [-] Task a887e588-e051-4392-8b85-4e3b2396525d | ITER: 7 END: OK
2019-06-21 00:48:49.386 455 INFO rally.task.runner [-] Task a887e588-e051-4392-8b85-4e3b2396525d | ITER: 10 END: OK
2019-06-21 00:48:49.598 453 INFO rally.task.runner [-] Task a887e588-e051-4392-8b85-4e3b2396525d | ITER: 9 END: OK
2019-06-21 00:48:49.627 17 INFO rally.task.context [-] Task a887e588-e051-4392-8b85-4e3b2396525d | Context users@openstack cleanup() started
2019-06-21 00:48:54.712 17 INFO rally.task.context [-] Task a887e588-e051-4392-8b85-4e3b2396525d | Context users@openstack cleanup() finished in 5.09 sec
2019-06-21 00:48:56.413 17 INFO rally.task.engine [-] Load duration is: 2.407737
2019-06-21 00:48:56.413 17 INFO rally.task.engine [-] Full runner duration is: 2.459866
2019-06-21 00:48:56.413 17 INFO rally.task.engine [-] Full duration is: 10.376156
2019-06-21 00:48:56.985 17 INFO rally.task.engine [-] Running workload: position = 0 config = { "version": 2, "title": "A cropped version of a bigger task.", "description": "Auto-generated task from a single workload (uuid=ef1c823d-9581-4337-8361-3b426e6d1fdc)", "subtasks": [ { "title": "Authenticate.validate_neutron", "description": "Check Neutron Client to ensure validation of token.", "scenario": { "Authenticate.validate_neutron": { "repetitions": 2 } }, "contexts": { "users": { "tenants": 3, "users_per_tenant": 2 } }, "runner": { "constant": { "concurrency": 4, "times": 10 } }, "hooks": [], "sla": { "failure_rate": { "max": 0 } } } ] }
2019-06-21 00:48:57.011 17 RALLYDEBUG rally_openstack.contexts.keystone.users [-] Creating 3 tenants using 20 threads
2019-06-21 00:48:58.173 17 RALLYDEBUG rally_openstack.contexts.keystone.users [-] Creating 6 users using 20 threads
2019-06-21 00:48:59.862 17 INFO rally.task.context [-] Task a887e588-e051-4392-8b85-4e3b2396525d | Context users@openstack setup() finished in 2.85 sec
2019-06-21 00:48:59.872 17 RALLYDEBUG rally.task.runner [-] Starting the constant runner (task UUID: a887e588-e051-4392-8b85-4e3b2396525d). timeout: 0 concurrency: 4 concurrency_per_worker: 1 times: 10 concurrency_overhead: 0 processes_to_start: 4 max_cpu_used: 16
2019-06-21 00:48:59.885 557 RALLYDEBUG rally.task.runner [-] Starting a worker. concurrency: 1 args: {"repetitions": 2} times: 10 method_name: run timeout: 0 duration: None cls:
2019-06-21 00:48:59.888 558 RALLYDEBUG rally.task.runner [-] Starting a worker. concurrency: 1 args: {"repetitions": 2} times: 10 method_name: run timeout: 0 duration: None cls:
2019-06-21 00:48:59.891 559 RALLYDEBUG rally.task.runner [-] Starting a worker. concurrency: 1 args: {"repetitions": 2} times: 10 method_name: run timeout: 0 duration: None cls:
2019-06-21 00:48:59.893 557 INFO rally.task.runner [-] Task a887e588-e051-4392-8b85-4e3b2396525d | ITER: 1 START
2019-06-21 00:48:59.892 560 RALLYDEBUG rally.task.runner [-] Starting a worker. concurrency: 1 args: {"repetitions": 2} times: 10 method_name: run timeout: 0 duration: None cls:
2019-06-21 00:48:59.895 558 INFO rally.task.runner [-] Task a887e588-e051-4392-8b85-4e3b2396525d | ITER: 2 START
2019-06-21 00:48:59.898 560 INFO rally.task.runner [-] Task a887e588-e051-4392-8b85-4e3b2396525d | ITER: 4 START
2019-06-21 00:48:59.899 559 INFO rally.task.runner [-] Task a887e588-e051-4392-8b85-4e3b2396525d | ITER: 3 START
2019-06-21 00:49:00.669 559 INFO rally.task.runner [-] Task a887e588-e051-4392-8b85-4e3b2396525d | ITER: 3 END: OK
2019-06-21 00:49:00.673 559 INFO rally.task.runner [-] Task a887e588-e051-4392-8b85-4e3b2396525d | ITER: 5 START
2019-06-21 00:49:00.777 560 INFO rally.task.runner [-] Task a887e588-e051-4392-8b85-4e3b2396525d | ITER: 4 END: OK
2019-06-21 00:49:00.780 560 INFO rally.task.runner [-] Task a887e588-e051-4392-8b85-4e3b2396525d | ITER: 6 START
2019-06-21 00:49:00.941 557 INFO rally.task.runner [-] Task a887e588-e051-4392-8b85-4e3b2396525d | ITER: 1 END: OK
2019-06-21 00:49:00.946 557 INFO rally.task.runner [-] Task a887e588-e051-4392-8b85-4e3b2396525d | ITER: 7 START
2019-06-21 00:49:01.011 558 INFO rally.task.runner [-] Task a887e588-e051-4392-8b85-4e3b2396525d | ITER: 2 END: OK
2019-06-21 00:49:01.015 558 INFO rally.task.runner [-] Task a887e588-e051-4392-8b85-4e3b2396525d | ITER: 8 START
2019-06-21 00:49:01.425 560 INFO rally.task.runner [-] Task a887e588-e051-4392-8b85-4e3b2396525d | ITER: 6 END: OK
2019-06-21 00:49:01.428 560 INFO rally.task.runner [-] Task a887e588-e051-4392-8b85-4e3b2396525d | ITER: 9 START
2019-06-21 00:49:01.806 559 INFO rally.task.runner [-] Task a887e588-e051-4392-8b85-4e3b2396525d | ITER: 5 END: OK
2019-06-21 00:49:01.810 559 INFO rally.task.runner [-] Task a887e588-e051-4392-8b85-4e3b2396525d | ITER: 10 START
2019-06-21 00:49:01.816 558 INFO rally.task.runner [-] Task a887e588-e051-4392-8b85-4e3b2396525d | ITER: 8 END: OK
2019-06-21 00:49:01.964 557 INFO rally.task.runner [-] Task a887e588-e051-4392-8b85-4e3b2396525d | ITER: 7 END: OK
2019-06-21 00:49:02.073 560 INFO rally.task.runner [-] Task a887e588-e051-4392-8b85-4e3b2396525d | ITER: 9 END: OK
2019-06-21 00:49:02.476 559 INFO rally.task.runner [-] Task a887e588-e051-4392-8b85-4e3b2396525d | ITER: 10 END: OK
2019-06-21 00:49:02.497 17 INFO rally.task.context [-] Task a887e588-e051-4392-8b85-4e3b2396525d | Context users@openstack cleanup() started
2019-06-21 00:49:07.170 17 INFO rally.task.context [-] Task a887e588-e051-4392-8b85-4e3b2396525d | Context users@openstack cleanup() finished in 4.67 sec
2019-06-21 00:49:09.139 17 INFO rally.task.engine [-] Load duration is: 2.581106
2019-06-21 00:49:09.139 17 INFO rally.task.engine [-] Full runner duration is: 2.626006
2019-06-21 00:49:09.140 17 INFO rally.task.engine [-] Full duration is: 10.163133
2019-06-21 00:49:09.740 17 INFO rally.task.engine [-] Running workload: position = 0 config = { "version": 2, "title": "A cropped version of a bigger task.", "description": "Auto-generated task from a single workload (uuid=8fd8a873-ec4e-4fce-a268-70280ab8bdce)", "subtasks": [ { "title": "Authenticate.validate_nova", "description": "Check Nova Client to ensure validation of token.", "scenario": { "Authenticate.validate_nova": { "repetitions": 2 } }, "contexts": { "users": { "tenants": 3, "users_per_tenant": 2 } }, "runner": { "constant": { "concurrency": 4, "times": 10 } }, "hooks": [], "sla": { "failure_rate": { "max": 0 } } } ] }
2019-06-21 00:49:09.767 17 RALLYDEBUG rally_openstack.contexts.keystone.users [-] Creating 3 tenants using 20 threads
2019-06-21 00:49:10.888 17 RALLYDEBUG rally_openstack.contexts.keystone.users [-] Creating 6 users using 20 threads
2019-06-21 00:49:12.623 17 INFO rally.task.context [-] Task a887e588-e051-4392-8b85-4e3b2396525d | Context users@openstack setup() finished in 2.86 sec
2019-06-21 00:49:12.632 17 RALLYDEBUG rally.task.runner [-] Starting the constant runner (task UUID: a887e588-e051-4392-8b85-4e3b2396525d). timeout: 0 concurrency: 4 concurrency_per_worker: 1 times: 10 concurrency_overhead: 0 processes_to_start: 4 max_cpu_used: 16
2019-06-21 00:49:12.646 661 RALLYDEBUG rally.task.runner [-] Starting a worker. concurrency: 1 args: {"repetitions": 2} times: 10 method_name: run timeout: 0 duration: None cls:
2019-06-21 00:49:12.649 662 RALLYDEBUG rally.task.runner [-] Starting a worker. concurrency: 1 args: {"repetitions": 2} times: 10 method_name: run timeout: 0 duration: None cls:
2019-06-21 00:49:12.651 663 RALLYDEBUG rally.task.runner [-] Starting a worker. concurrency: 1 args: {"repetitions": 2} times: 10 method_name: run timeout: 0 duration: None cls:
2019-06-21 00:49:12.654 661 INFO rally.task.runner [-] Task a887e588-e051-4392-8b85-4e3b2396525d | ITER: 1 START
2019-06-21 00:49:12.654 664 RALLYDEBUG rally.task.runner [-] Starting a worker. concurrency: 1 args: {"repetitions": 2} times: 10 method_name: run timeout: 0 duration: None cls:
2019-06-21 00:49:12.656 662 INFO rally.task.runner [-] Task a887e588-e051-4392-8b85-4e3b2396525d | ITER: 2 START
2019-06-21 00:49:12.659 663 INFO rally.task.runner [-] Task a887e588-e051-4392-8b85-4e3b2396525d | ITER: 3 START
2019-06-21 00:49:12.662 664 INFO rally.task.runner [-] Task a887e588-e051-4392-8b85-4e3b2396525d | ITER: 4 START
2019-06-21 00:49:13.148 663 DEBUG novaclient.v2.client [-] REQ: curl -g -i --cacert "/etc/ssl/certs/mcp_os_cacert" -X GET http://10.167.4.35:8774/v2.1/flavors/detail -H "Accept: application/json" -H "User-Agent: python-novaclient" -H "X-Auth-Token: {SHA1}4d93c9c999f259fbcd7d539760cd17be23d19ef1" _http_log_request /usr/lib/python2.7/site-packages/keystoneauth1/session.py:448
2019-06-21 00:49:13.148 662 DEBUG novaclient.v2.client [-] REQ: curl -g -i --cacert "/etc/ssl/certs/mcp_os_cacert" -X GET http://10.167.4.35:8774/v2.1/flavors/detail -H "Accept: application/json" -H "User-Agent: python-novaclient" -H "X-Auth-Token: {SHA1}48fe0949faa0cce825b0182de93200b6135651fa" _http_log_request /usr/lib/python2.7/site-packages/keystoneauth1/session.py:448
2019-06-21 00:49:13.149 664 DEBUG novaclient.v2.client [-] REQ: curl -g -i --cacert "/etc/ssl/certs/mcp_os_cacert" -X GET http://10.167.4.35:8774/v2.1/flavors/detail -H "Accept: application/json" -H "User-Agent: python-novaclient" -H "X-Auth-Token: {SHA1}d14b475b386c1624a07fcfbd65ea0832e8b886ab" _http_log_request /usr/lib/python2.7/site-packages/keystoneauth1/session.py:448
2019-06-21 00:49:13.149 661 DEBUG novaclient.v2.client [-] REQ: curl -g -i --cacert "/etc/ssl/certs/mcp_os_cacert" -X GET http://10.167.4.35:8774/v2.1/flavors/detail -H "Accept: application/json" -H "User-Agent: python-novaclient" -H "X-Auth-Token: {SHA1}3f702e23234daae85ca09621751d0b05f9ed2e72" _http_log_request /usr/lib/python2.7/site-packages/keystoneauth1/session.py:448
2019-06-21 00:49:13.273 663 DEBUG novaclient.v2.client [-] RESP: [200] Connection: close Content-Length: 1014 Content-Type: application/json Date: Fri, 21 Jun 2019 00:49:13 GMT Openstack-Api-Version: compute 2.1 Vary: OpenStack-API-Version, X-OpenStack-Nova-API-Version X-Compute-Request-Id: req-10dc7dc8-6f63-45b9-a598-3b6e55e29981 X-Openstack-Nova-Api-Version: 2.1 X-Openstack-Request-Id: req-10dc7dc8-6f63-45b9-a598-3b6e55e29981 _http_log_response /usr/lib/python2.7/site-packages/keystoneauth1/session.py:479
2019-06-21 00:49:13.274 663 DEBUG novaclient.v2.client [-] RESP BODY: {"flavors": [{"name": "rally_full-flavor_c2c43da9-e423-43d9-b34f-e9c41a2f5904", "links": [{"href": "http://10.167.4.35:8774/v2.1/flavors/6099970d-5924-4d44-b5b6-7cbe14ab68c9", "rel": "self"}, {"href": "http://10.167.4.35:8774/flavors/6099970d-5924-4d44-b5b6-7cbe14ab68c9", "rel": "bookmark"}], "ram": 512, "OS-FLV-DISABLED:disabled": false, "vcpus": 1, "swap": "", "os-flavor-access:is_public": true, "rxtx_factor": 1.0, "OS-FLV-EXT-DATA:ephemeral": 0, "disk": 1, "id": "6099970d-5924-4d44-b5b6-7cbe14ab68c9"}, {"name": "rally_full-flavor_alt_c2c43da9-e423-43d9-b34f-e9c41a2f5904", "links": [{"href": "http://10.167.4.35:8774/v2.1/flavors/bfdf285a-ec81-4cb3-8fab-9ce1ad39c5f1", "rel": "self"}, {"href": "http://10.167.4.35:8774/flavors/bfdf285a-ec81-4cb3-8fab-9ce1ad39c5f1", "rel": "bookmark"}], "ram": 1024, "OS-FLV-DISABLED:disabled": false, "vcpus": 1, "swap": "", "os-flavor-access:is_public": true, "rxtx_factor": 1.0, "OS-FLV-EXT-DATA:ephemeral": 0, "disk": 1, "id": "bfdf285a-ec81-4cb3-8fab-9ce1ad39c5f1"}]} _http_log_response /usr/lib/python2.7/site-packages/keystoneauth1/session.py:511
2019-06-21 00:49:13.275 663 DEBUG novaclient.v2.client [-] GET call to compute for http://10.167.4.35:8774/v2.1/flavors/detail used request id req-10dc7dc8-6f63-45b9-a598-3b6e55e29981 request /usr/lib/python2.7/site-packages/keystoneauth1/session.py:844
2019-06-21 00:49:13.277 664 DEBUG novaclient.v2.client [-] RESP: [200] Connection: close Content-Length: 1014 Content-Type: application/json Date: Fri, 21 Jun 2019 00:49:13 GMT Openstack-Api-Version: compute 2.1 Vary: OpenStack-API-Version, X-OpenStack-Nova-API-Version X-Compute-Request-Id: req-978630ab-8fd9-4be7-b73f-af6b87d55bb8 X-Openstack-Nova-Api-Version: 2.1 X-Openstack-Request-Id: req-978630ab-8fd9-4be7-b73f-af6b87d55bb8 _http_log_response /usr/lib/python2.7/site-packages/keystoneauth1/session.py:479
2019-06-21 00:49:13.277 663 DEBUG novaclient.v2.client [-] REQ: curl -g -i --cacert "/etc/ssl/certs/mcp_os_cacert" -X GET http://10.167.4.35:8774/v2.1/flavors/detail -H "Accept: application/json" -H "User-Agent: python-novaclient" -H "X-Auth-Token: {SHA1}4d93c9c999f259fbcd7d539760cd17be23d19ef1" _http_log_request /usr/lib/python2.7/site-packages/keystoneauth1/session.py:448
2019-06-21 00:49:13.278 664 DEBUG novaclient.v2.client [-] RESP BODY: {"flavors": [{"name": "rally_full-flavor_c2c43da9-e423-43d9-b34f-e9c41a2f5904", "links": [{"href": "http://10.167.4.35:8774/v2.1/flavors/6099970d-5924-4d44-b5b6-7cbe14ab68c9", "rel": "self"}, {"href": "http://10.167.4.35:8774/flavors/6099970d-5924-4d44-b5b6-7cbe14ab68c9", "rel": "bookmark"}], "ram": 512, "OS-FLV-DISABLED:disabled": false, "vcpus": 1, "swap": "", "os-flavor-access:is_public": true, "rxtx_factor": 1.0, "OS-FLV-EXT-DATA:ephemeral": 0, "disk": 1, "id": "6099970d-5924-4d44-b5b6-7cbe14ab68c9"}, {"name": "rally_full-flavor_alt_c2c43da9-e423-43d9-b34f-e9c41a2f5904", "links": [{"href": "http://10.167.4.35:8774/v2.1/flavors/bfdf285a-ec81-4cb3-8fab-9ce1ad39c5f1", "rel": "self"}, {"href": "http://10.167.4.35:8774/flavors/bfdf285a-ec81-4cb3-8fab-9ce1ad39c5f1", "rel": "bookmark"}], "ram": 1024, "OS-FLV-DISABLED:disabled": false, "vcpus": 1, "swap": "", "os-flavor-access:is_public": true, "rxtx_factor": 1.0, "OS-FLV-EXT-DATA:ephemeral": 0, "disk": 1, "id": "bfdf285a-ec81-4cb3-8fab-9ce1ad39c5f1"}]} _http_log_response /usr/lib/python2.7/site-packages/keystoneauth1/session.py:511
2019-06-21 00:49:13.278 661 DEBUG novaclient.v2.client [-] RESP: [200] Connection: close Content-Length: 1014 Content-Type: application/json Date: Fri, 21 Jun 2019 00:49:13 GMT Openstack-Api-Version: compute 2.1 Vary: OpenStack-API-Version, X-OpenStack-Nova-API-Version X-Compute-Request-Id: req-f7693490-7b09-4228-8c8c-c2985ff86b0d X-Openstack-Nova-Api-Version: 2.1 X-Openstack-Request-Id: req-f7693490-7b09-4228-8c8c-c2985ff86b0d _http_log_response /usr/lib/python2.7/site-packages/keystoneauth1/session.py:479
2019-06-21 00:49:13.278 664 DEBUG novaclient.v2.client [-] GET call to compute for http://10.167.4.35:8774/v2.1/flavors/detail used request id req-978630ab-8fd9-4be7-b73f-af6b87d55bb8 request /usr/lib/python2.7/site-packages/keystoneauth1/session.py:844
2019-06-21 00:49:13.279 661 DEBUG novaclient.v2.client [-] RESP BODY: {"flavors": [{"name": "rally_full-flavor_c2c43da9-e423-43d9-b34f-e9c41a2f5904", "links": [{"href": "http://10.167.4.35:8774/v2.1/flavors/6099970d-5924-4d44-b5b6-7cbe14ab68c9", "rel": "self"}, {"href": "http://10.167.4.35:8774/flavors/6099970d-5924-4d44-b5b6-7cbe14ab68c9", "rel": "bookmark"}], "ram": 512, "OS-FLV-DISABLED:disabled": false, "vcpus": 1, "swap": "", "os-flavor-access:is_public": true, "rxtx_factor": 1.0, "OS-FLV-EXT-DATA:ephemeral": 0, "disk": 1, "id": "6099970d-5924-4d44-b5b6-7cbe14ab68c9"}, {"name": "rally_full-flavor_alt_c2c43da9-e423-43d9-b34f-e9c41a2f5904", "links": [{"href": "http://10.167.4.35:8774/v2.1/flavors/bfdf285a-ec81-4cb3-8fab-9ce1ad39c5f1", "rel": "self"}, {"href": "http://10.167.4.35:8774/flavors/bfdf285a-ec81-4cb3-8fab-9ce1ad39c5f1", "rel": "bookmark"}], "ram": 1024, "OS-FLV-DISABLED:disabled": false, "vcpus": 1, "swap": "", "os-flavor-access:is_public": true, "rxtx_factor": 1.0, "OS-FLV-EXT-DATA:ephemeral": 0, "disk": 1, "id": "bfdf285a-ec81-4cb3-8fab-9ce1ad39c5f1"}]} _http_log_response /usr/lib/python2.7/site-packages/keystoneauth1/session.py:511
2019-06-21 00:49:13.279 661 DEBUG novaclient.v2.client [-] GET call to compute for http://10.167.4.35:8774/v2.1/flavors/detail used request id req-f7693490-7b09-4228-8c8c-c2985ff86b0d request /usr/lib/python2.7/site-packages/keystoneauth1/session.py:844
2019-06-21 00:49:13.280 664 DEBUG novaclient.v2.client [-] REQ: curl -g -i --cacert "/etc/ssl/certs/mcp_os_cacert" -X GET http://10.167.4.35:8774/v2.1/flavors/detail -H "Accept: application/json" -H "User-Agent: python-novaclient" -H "X-Auth-Token: {SHA1}d14b475b386c1624a07fcfbd65ea0832e8b886ab" _http_log_request /usr/lib/python2.7/site-packages/keystoneauth1/session.py:448
2019-06-21 00:49:13.281 661 DEBUG novaclient.v2.client [-] REQ: curl -g -i --cacert "/etc/ssl/certs/mcp_os_cacert" -X GET http://10.167.4.35:8774/v2.1/flavors/detail -H "Accept: application/json" -H "User-Agent: python-novaclient" -H "X-Auth-Token: {SHA1}3f702e23234daae85ca09621751d0b05f9ed2e72" _http_log_request /usr/lib/python2.7/site-packages/keystoneauth1/session.py:448
2019-06-21 00:49:13.290 662 DEBUG novaclient.v2.client [-] RESP: [200] Connection: close Content-Length: 1014 Content-Type: application/json Date: Fri, 21 Jun 2019 00:49:13 GMT Openstack-Api-Version: compute 2.1 Vary: OpenStack-API-Version, X-OpenStack-Nova-API-Version X-Compute-Request-Id: req-8c88ed77-7d41-4e1f-9b38-13b5f4de6187 X-Openstack-Nova-Api-Version: 2.1 X-Openstack-Request-Id: req-8c88ed77-7d41-4e1f-9b38-13b5f4de6187 _http_log_response /usr/lib/python2.7/site-packages/keystoneauth1/session.py:479
2019-06-21 00:49:13.291 662 DEBUG novaclient.v2.client [-] RESP BODY: {"flavors": [{"name": "rally_full-flavor_c2c43da9-e423-43d9-b34f-e9c41a2f5904", "links": [{"href": "http://10.167.4.35:8774/v2.1/flavors/6099970d-5924-4d44-b5b6-7cbe14ab68c9", "rel": "self"}, {"href": "http://10.167.4.35:8774/flavors/6099970d-5924-4d44-b5b6-7cbe14ab68c9", "rel": "bookmark"}], "ram": 512, "OS-FLV-DISABLED:disabled": false, "vcpus": 1, "swap": "", "os-flavor-access:is_public": true, "rxtx_factor": 1.0, "OS-FLV-EXT-DATA:ephemeral": 0, "disk": 1, "id": "6099970d-5924-4d44-b5b6-7cbe14ab68c9"}, {"name": "rally_full-flavor_alt_c2c43da9-e423-43d9-b34f-e9c41a2f5904", "links": [{"href": "http://10.167.4.35:8774/v2.1/flavors/bfdf285a-ec81-4cb3-8fab-9ce1ad39c5f1", "rel": "self"}, {"href": "http://10.167.4.35:8774/flavors/bfdf285a-ec81-4cb3-8fab-9ce1ad39c5f1", "rel": "bookmark"}], "ram": 1024, "OS-FLV-DISABLED:disabled": false, "vcpus": 1, "swap": "", "os-flavor-access:is_public": true, "rxtx_factor": 1.0, "OS-FLV-EXT-DATA:ephemeral": 0, "disk": 1, "id": "bfdf285a-ec81-4cb3-8fab-9ce1ad39c5f1"}]} _http_log_response /usr/lib/python2.7/site-packages/keystoneauth1/session.py:511
2019-06-21 00:49:13.292 662 DEBUG novaclient.v2.client [-] GET call to compute for http://10.167.4.35:8774/v2.1/flavors/detail used request id req-8c88ed77-7d41-4e1f-9b38-13b5f4de6187 request /usr/lib/python2.7/site-packages/keystoneauth1/session.py:844
2019-06-21 00:49:13.293 662 DEBUG novaclient.v2.client [-] REQ: curl -g -i --cacert "/etc/ssl/certs/mcp_os_cacert" -X GET http://10.167.4.35:8774/v2.1/flavors/detail -H "Accept: application/json" -H "User-Agent: python-novaclient" -H "X-Auth-Token: {SHA1}48fe0949faa0cce825b0182de93200b6135651fa" _http_log_request /usr/lib/python2.7/site-packages/keystoneauth1/session.py:448
2019-06-21 00:49:13.301 661 DEBUG novaclient.v2.client [-] RESP: [200] Connection: close Content-Length: 1014 Content-Type: application/json Date: Fri, 21 Jun 2019 00:49:13 GMT Openstack-Api-Version: compute 2.1 Vary: OpenStack-API-Version, X-OpenStack-Nova-API-Version X-Compute-Request-Id: req-5ee6785f-0f9d-4268-9733-2db04cd7460b X-Openstack-Nova-Api-Version: 2.1 X-Openstack-Request-Id: req-5ee6785f-0f9d-4268-9733-2db04cd7460b _http_log_response /usr/lib/python2.7/site-packages/keystoneauth1/session.py:479
2019-06-21 00:49:13.301 663 DEBUG novaclient.v2.client [-] RESP: [200] Connection: close Content-Length: 1014 Content-Type: application/json Date: Fri, 21 Jun 2019 00:49:13 GMT Openstack-Api-Version: compute 2.1 Vary: OpenStack-API-Version, X-OpenStack-Nova-API-Version X-Compute-Request-Id: req-1fac7011-126c-4eda-b2ea-7f1f517c143b X-Openstack-Nova-Api-Version: 2.1 X-Openstack-Request-Id: req-1fac7011-126c-4eda-b2ea-7f1f517c143b _http_log_response /usr/lib/python2.7/site-packages/keystoneauth1/session.py:479
2019-06-21 00:49:13.302 661 DEBUG novaclient.v2.client [-] RESP BODY: {"flavors": [{"name": "rally_full-flavor_c2c43da9-e423-43d9-b34f-e9c41a2f5904", "links": [{"href": "http://10.167.4.35:8774/v2.1/flavors/6099970d-5924-4d44-b5b6-7cbe14ab68c9", "rel": "self"}, {"href": "http://10.167.4.35:8774/flavors/6099970d-5924-4d44-b5b6-7cbe14ab68c9", "rel": "bookmark"}], "ram": 512, "OS-FLV-DISABLED:disabled": false, "vcpus": 1, "swap": "", "os-flavor-access:is_public": true, "rxtx_factor": 1.0, "OS-FLV-EXT-DATA:ephemeral": 0, "disk": 1, "id": "6099970d-5924-4d44-b5b6-7cbe14ab68c9"}, {"name": "rally_full-flavor_alt_c2c43da9-e423-43d9-b34f-e9c41a2f5904", "links": [{"href": "http://10.167.4.35:8774/v2.1/flavors/bfdf285a-ec81-4cb3-8fab-9ce1ad39c5f1", "rel": "self"}, {"href": "http://10.167.4.35:8774/flavors/bfdf285a-ec81-4cb3-8fab-9ce1ad39c5f1", "rel": "bookmark"}], "ram": 1024, "OS-FLV-DISABLED:disabled": false, "vcpus": 1, "swap": "", "os-flavor-access:is_public": true, "rxtx_factor": 1.0, "OS-FLV-EXT-DATA:ephemeral": 0, "disk": 1, "id": "bfdf285a-ec81-4cb3-8fab-9ce1ad39c5f1"}]} _http_log_response /usr/lib/python2.7/site-packages/keystoneauth1/session.py:511
2019-06-21 00:49:13.302 663 DEBUG novaclient.v2.client [-] RESP BODY: {"flavors": [{"name": "rally_full-flavor_c2c43da9-e423-43d9-b34f-e9c41a2f5904", "links": [{"href": "http://10.167.4.35:8774/v2.1/flavors/6099970d-5924-4d44-b5b6-7cbe14ab68c9", "rel": "self"}, {"href": "http://10.167.4.35:8774/flavors/6099970d-5924-4d44-b5b6-7cbe14ab68c9", "rel": "bookmark"}], "ram": 512, "OS-FLV-DISABLED:disabled": false, "vcpus": 1, "swap": "", "os-flavor-access:is_public": true, "rxtx_factor": 1.0, "OS-FLV-EXT-DATA:ephemeral": 0, "disk": 1, "id": "6099970d-5924-4d44-b5b6-7cbe14ab68c9"}, {"name": "rally_full-flavor_alt_c2c43da9-e423-43d9-b34f-e9c41a2f5904", "links": [{"href": "http://10.167.4.35:8774/v2.1/flavors/bfdf285a-ec81-4cb3-8fab-9ce1ad39c5f1", "rel": "self"}, {"href": "http://10.167.4.35:8774/flavors/bfdf285a-ec81-4cb3-8fab-9ce1ad39c5f1", "rel": "bookmark"}], "ram": 1024, "OS-FLV-DISABLED:disabled": false, "vcpus": 1, "swap": "", "os-flavor-access:is_public": true, "rxtx_factor": 1.0, "OS-FLV-EXT-DATA:ephemeral": 0, "disk": 1, "id": "bfdf285a-ec81-4cb3-8fab-9ce1ad39c5f1"}]} _http_log_response /usr/lib/python2.7/site-packages/keystoneauth1/session.py:511
2019-06-21 00:49:13.302 664 DEBUG novaclient.v2.client [-] RESP: [200] Connection: close Content-Length: 1014 Content-Type: application/json Date: Fri, 21 Jun 2019 00:49:13 GMT Openstack-Api-Version: compute 2.1 Vary: OpenStack-API-Version, X-OpenStack-Nova-API-Version X-Compute-Request-Id: req-f5d55c58-c3fb-4efa-ab52-947869910835 X-Openstack-Nova-Api-Version: 2.1 X-Openstack-Request-Id: req-f5d55c58-c3fb-4efa-ab52-947869910835 _http_log_response /usr/lib/python2.7/site-packages/keystoneauth1/session.py:479
2019-06-21 00:49:13.302 661 DEBUG novaclient.v2.client [-] GET call to compute for http://10.167.4.35:8774/v2.1/flavors/detail used request id req-5ee6785f-0f9d-4268-9733-2db04cd7460b request /usr/lib/python2.7/site-packages/keystoneauth1/session.py:844
2019-06-21 00:49:13.302 663 DEBUG novaclient.v2.client [-] GET call to compute for http://10.167.4.35:8774/v2.1/flavors/detail used request id req-1fac7011-126c-4eda-b2ea-7f1f517c143b request /usr/lib/python2.7/site-packages/keystoneauth1/session.py:844
2019-06-21 00:49:13.303 664 DEBUG novaclient.v2.client [-] RESP BODY: {"flavors": [{"name": "rally_full-flavor_c2c43da9-e423-43d9-b34f-e9c41a2f5904", "links": [{"href": "http://10.167.4.35:8774/v2.1/flavors/6099970d-5924-4d44-b5b6-7cbe14ab68c9", "rel": "self"}, {"href": "http://10.167.4.35:8774/flavors/6099970d-5924-4d44-b5b6-7cbe14ab68c9", "rel": "bookmark"}], "ram": 512, "OS-FLV-DISABLED:disabled": false, "vcpus": 1, "swap": "", "os-flavor-access:is_public": true, "rxtx_factor": 1.0, "OS-FLV-EXT-DATA:ephemeral": 0, "disk": 1, "id": "6099970d-5924-4d44-b5b6-7cbe14ab68c9"}, {"name": "rally_full-flavor_alt_c2c43da9-e423-43d9-b34f-e9c41a2f5904", "links": [{"href": "http://10.167.4.35:8774/v2.1/flavors/bfdf285a-ec81-4cb3-8fab-9ce1ad39c5f1", "rel": "self"}, {"href": "http://10.167.4.35:8774/flavors/bfdf285a-ec81-4cb3-8fab-9ce1ad39c5f1", "rel": "bookmark"}], "ram": 1024, "OS-FLV-DISABLED:disabled": false, "vcpus": 1, "swap": "", "os-flavor-access:is_public": true, "rxtx_factor": 1.0, "OS-FLV-EXT-DATA:ephemeral": 0, "disk": 1, "id": "bfdf285a-ec81-4cb3-8fab-9ce1ad39c5f1"}]} _http_log_response /usr/lib/python2.7/site-packages/keystoneauth1/session.py:511
2019-06-21 00:49:13.303 664 DEBUG novaclient.v2.client [-] GET call to compute for http://10.167.4.35:8774/v2.1/flavors/detail used request id req-f5d55c58-c3fb-4efa-ab52-947869910835 request /usr/lib/python2.7/site-packages/keystoneauth1/session.py:844
2019-06-21 00:49:13.303 661 INFO rally.task.runner [-] Task a887e588-e051-4392-8b85-4e3b2396525d | ITER: 1 END: OK
2019-06-21 00:49:13.303 663 INFO rally.task.runner [-] Task a887e588-e051-4392-8b85-4e3b2396525d | ITER: 3 END: OK
2019-06-21 00:49:13.304 664 INFO rally.task.runner [-] Task a887e588-e051-4392-8b85-4e3b2396525d | ITER: 4 END: OK
