2019-06-18 09:50:45.344 21662 RALLYDEBUG rally_openstack.cleanup.manager [-] Deleting neutron.port object s_rally_a3ca1a0e_gzZf9BHd (56d06f80-607c-4c97-b4a3-12297df27f76)
2019-06-18 09:50:45.639 21662 RALLYDEBUG rally_openstack.cleanup.manager [-] Deleting neutron.port object s_rally_a3ca1a0e_gGzMAFHn (5728de04-3bcc-4e2e-ae6b-0ff51fb8b147)
2019-06-18 09:50:45.662 21662 RALLYDEBUG rally_openstack.cleanup.manager [-] Deleting neutron.port object s_rally_a3ca1a0e_D1QtlXlX (59843731-b648-4cf8-bcb5-6435475ec632)
2019-06-18 09:50:45.671 21662 RALLYDEBUG rally_openstack.cleanup.manager [-] Deleting neutron.port object s_rally_a3ca1a0e_tubAajM2 (5b5f0d77-cf01-4041-a18b-beb3f4fb1b0c)
2019-06-18 09:50:45.718 21662 RALLYDEBUG rally_openstack.cleanup.manager [-] Deleting neutron.port object s_rally_a3ca1a0e_sfERL3rE (5c0c42f1-f5e8-4b2d-9fd5-c3266b95b05c)
2019-06-18 09:50:45.912 21662 RALLYDEBUG rally_openstack.cleanup.manager [-] Deleting neutron.port object s_rally_a3ca1a0e_o1vCgKfW (60027e01-0cb9-4f31-9660-66e438ced715)
2019-06-18 09:50:45.928 21662 RALLYDEBUG rally_openstack.cleanup.manager [-] Deleting neutron.port object s_rally_a3ca1a0e_OV1N6944 (60eeb02a-b245-4149-9d51-2cf0356de692)
2019-06-18 09:50:46.253 21662 RALLYDEBUG rally_openstack.cleanup.manager [-] Deleting neutron.port object s_rally_a3ca1a0e_8vnUU60Z (6122fe8b-705a-4c88-ba51-f48131f84981)
2019-06-18 09:50:46.298 21662 RALLYDEBUG rally_openstack.cleanup.manager [-] Deleting neutron.port object s_rally_a3ca1a0e_WlMCNkcO (621688cb-48fd-4b1c-979b-a706f36de7af)
2019-06-18 09:50:46.327 21662 RALLYDEBUG rally_openstack.cleanup.manager [-] Deleting neutron.port object s_rally_a3ca1a0e_N8ehuM7q (62d2e6b0-8f62-46b8-a0e5-6643a4059d68)
2019-06-18 09:50:46.375 21662 RALLYDEBUG rally_openstack.cleanup.manager [-] Deleting neutron.port object s_rally_a3ca1a0e_QI7YHa8u (6322e20c-5d87-4e80-b632-442e821f6b9a)
2019-06-18 09:50:46.437 21662 RALLYDEBUG rally_openstack.cleanup.manager [-] Deleting neutron.port object s_rally_a3ca1a0e_1Uxx4ry9 (64956b16-1eea-4b8b-b067-0658d755316f)
2019-06-18 09:50:46.759 21662 RALLYDEBUG rally_openstack.cleanup.manager [-] Deleting neutron.port object s_rally_a3ca1a0e_znTnijYO (64c8bca5-6848-4c2d-9865-8e31e942356f)
2019-06-18 09:50:46.911 21662 RALLYDEBUG rally_openstack.cleanup.manager [-] Deleting neutron.port object s_rally_a3ca1a0e_Mme3av9j (655696f4-2038-4c0d-8088-7e7a0f031b15)
2019-06-18 09:50:46.997 21662 RALLYDEBUG rally_openstack.cleanup.manager [-] Deleting neutron.port object s_rally_a3ca1a0e_ucT4s2lf (6651aca5-53d1-483b-b8a9-f79836ddd557)
2019-06-18 09:50:46.998 21662 RALLYDEBUG rally_openstack.cleanup.manager [-] Deleting neutron.port object s_rally_a3ca1a0e_DwCzzpgE (6b12b6c1-602b-462e-b872-ec1fcf93b564)
2019-06-18 09:50:47.051 21662 RALLYDEBUG rally_openstack.cleanup.manager [-] Deleting neutron.port object s_rally_a3ca1a0e_r3Vmxwj3 (6b2aadbb-5b50-45e0-b729-a1c80c19990f)
2019-06-18 09:50:47.052 21662 RALLYDEBUG rally_openstack.cleanup.manager [-] Deleting neutron.port object s_rally_a3ca1a0e_SGWi8YdC (6b191065-daa2-4224-bdde-5b7efa90b593)
2019-06-18 09:50:47.136 21662 RALLYDEBUG rally_openstack.cleanup.manager [-] Deleting neutron.port object s_rally_a3ca1a0e_Aaz2yL2z (6b8e125b-45d1-403f-969b-0038a52232b3)
2019-06-18 09:50:47.476 21662 RALLYDEBUG rally_openstack.cleanup.manager [-] Deleting neutron.port object s_rally_a3ca1a0e_FshNgNJW (6c8601ec-bcac-4262-90bf-4234716594db)
2019-06-18 09:50:47.564 21662 RALLYDEBUG rally_openstack.cleanup.manager [-] Deleting neutron.port object s_rally_a3ca1a0e_LyPCaDGd (70fd0382-297e-455a-857b-b9891fc7126c)
2019-06-18 09:50:47.758 21662 RALLYDEBUG rally_openstack.cleanup.manager [-] Deleting neutron.port object s_rally_a3ca1a0e_36RtwXkA (717ea7d5-fc81-440c-9f28-4c73e10ff4ba)
2019-06-18 09:50:47.818 21662 RALLYDEBUG rally_openstack.cleanup.manager [-] Deleting neutron.port object s_rally_a3ca1a0e_EhAOp2Dp (71f83f1e-af79-4afc-bf78-8fe406cc37ea)
2019-06-18 09:50:47.846 21662 RALLYDEBUG rally_openstack.cleanup.manager [-] Deleting neutron.port object s_rally_a3ca1a0e_VszSnJFt (7285a59f-fc44-4f16-8714-cf05f11d4c51)
2019-06-18 09:50:47.926 21662 RALLYDEBUG rally_openstack.cleanup.manager [-] Deleting neutron.port object s_rally_a3ca1a0e_aUePoZ0V (7318a739-eab3-475a-8f7c-22a7ec4abee5)
2019-06-18 09:50:48.066 21662 RALLYDEBUG rally_openstack.cleanup.manager [-] Deleting neutron.port object s_rally_a3ca1a0e_0dJQDIIJ (7489dcf4-99db-476e-9a1b-5e1b986c809d)
2019-06-18 09:50:48.121 21662 RALLYDEBUG rally_openstack.cleanup.manager [-] Deleting neutron.port object s_rally_a3ca1a0e_6T5xXdbL (7554c33d-2635-47e1-a93a-e5f64fd140cb)
2019-06-18 09:50:48.345 21662 RALLYDEBUG rally_openstack.cleanup.manager [-] Deleting neutron.port object s_rally_a3ca1a0e_tzhCi6Gd (77fa2125-287d-4034-8b33-06e5ce7f649b)
2019-06-18 09:50:48.436 21662 RALLYDEBUG rally_openstack.cleanup.manager [-] Deleting neutron.port object s_rally_a3ca1a0e_2i75M5pw (78803b0a-3c88-4285-af5a-13c381fa1f5c)
2019-06-18 09:50:48.829 21662 RALLYDEBUG rally_openstack.cleanup.manager [-] Deleting neutron.port object s_rally_a3ca1a0e_vUjw6xWl (790f031a-7fb8-4a11-91f2-deda06ed159a)
2019-06-18 09:50:48.856 21662 RALLYDEBUG rally_openstack.cleanup.manager [-] Deleting neutron.port object s_rally_a3ca1a0e_FZxiCIhT (7a57cbef-3676-442d-a212-9188c1757e17)
2019-06-18 09:50:48.867 21662 RALLYDEBUG rally_openstack.cleanup.manager [-] Deleting neutron.port object s_rally_a3ca1a0e_E6L5U4BQ (7bba4f0d-5e81-4ab5-bf7e-890e3997111a)
2019-06-18 09:50:48.881 21662 RALLYDEBUG rally_openstack.cleanup.manager [-] Deleting neutron.port object s_rally_a3ca1a0e_Mx9ZZ8Lb (7d54e633-0b56-46ac-80e6-aa570725211e)
2019-06-18 09:50:48.882 21662 RALLYDEBUG rally_openstack.cleanup.manager [-] Deleting neutron.port object s_rally_a3ca1a0e_X0hWNQbq (7cfb2cd5-f4eb-4daa-9e8d-591adaf6ccee)
2019-06-18 09:50:48.891 21662 RALLYDEBUG rally_openstack.cleanup.manager [-] Deleting neutron.port object s_rally_a3ca1a0e_lEL8dcje (7ebb1f7b-eccf-48bd-b402-ca458001380d)
2019-06-18 09:50:49.066 21662 RALLYDEBUG rally_openstack.cleanup.manager [-] Deleting neutron.port object s_rally_a3ca1a0e_GhwoKxdJ (7f659c59-6aa8-4191-827f-aec951fe8c9f)
2019-06-18 09:50:49.090 21662 RALLYDEBUG rally_openstack.cleanup.manager [-] Deleting neutron.port object s_rally_a3ca1a0e_eIVKaFjy (80bb961a-2927-4444-ad69-7931b70bd445)
2019-06-18 09:50:49.300 21662 RALLYDEBUG rally_openstack.cleanup.manager [-] Deleting neutron.port object s_rally_a3ca1a0e_xgkpTTbx (822dfc48-f5df-4a39-a724-07b8754b6181)
2019-06-18 09:50:49.414 21662 RALLYDEBUG rally_openstack.cleanup.manager [-] Deleting neutron.port object s_rally_a3ca1a0e_gwERMrZZ (824e675a-5238-4c66-af5e-6c664c58f22e)
2019-06-18 09:50:49.480 21662 RALLYDEBUG rally_openstack.cleanup.manager [-] Deleting neutron.port object s_rally_a3ca1a0e_bppcGSVS (827e0c38-cc5f-45a9-ad29-3e20451d7905)
2019-06-18 09:50:49.653 21662 RALLYDEBUG rally_openstack.cleanup.manager [-] Deleting neutron.port object s_rally_a3ca1a0e_xJPEOqQ8 (85308028-c5cf-49b8-bb08-7815631bdd04)
2019-06-18 09:50:49.878 21662 RALLYDEBUG rally_openstack.cleanup.manager [-] Deleting neutron.port object s_rally_a3ca1a0e_4LHyZn7e (86390768-523f-4006-8461-315170402469)
2019-06-18 09:50:50.042 21662 RALLYDEBUG rally_openstack.cleanup.manager [-] Deleting neutron.port object s_rally_a3ca1a0e_51NZh2R5 (864720be-86a0-4c88-925b-414f47cd0afb)
2019-06-18 09:50:50.226 21662 RALLYDEBUG rally_openstack.cleanup.manager [-] Deleting neutron.port object s_rally_a3ca1a0e_eYGjxP5O (87b8a46e-1b6f-48ca-9434-f6d74a7bb6ee)
2019-06-18 09:50:50.370 21662 RALLYDEBUG rally_openstack.cleanup.manager [-] Deleting neutron.port object s_rally_a3ca1a0e_ZXE2gOL4 (88bbb4e7-3bfb-4c44-9a9e-1ed6ec6b6931)
2019-06-18 09:50:50.583 21662 RALLYDEBUG rally_openstack.cleanup.manager [-] Deleting neutron.port object s_rally_a3ca1a0e_wuI5AM6E (896826a6-c5c2-4e93-8e62-cbf8d3ae922e)
2019-06-18 09:50:50.623 21662 RALLYDEBUG rally_openstack.cleanup.manager [-] Deleting neutron.port object s_rally_a3ca1a0e_M75JWP7j (8b0355d9-e5ea-4dce-b957-f28a039437b1)
2019-06-18 09:50:50.718 21662 RALLYDEBUG rally_openstack.cleanup.manager [-] Deleting neutron.port object s_rally_a3ca1a0e_VZSKW0T9 (8cb419e5-96bb-41c7-8790-04abed8237b6)
2019-06-18 09:50:50.762 21662 RALLYDEBUG rally_openstack.cleanup.manager [-] Deleting neutron.port object s_rally_a3ca1a0e_iwM7urbe (8ee96c75-243a-45b2-aa5d-f6bd3424d7c6)
2019-06-18 09:50:50.856 21662 RALLYDEBUG rally_openstack.cleanup.manager [-] Deleting neutron.port object s_rally_a3ca1a0e_VBphzZeS (9136feb3-d14e-468d-94e3-4d4eebfc196d)
2019-06-18 09:50:50.871 21662 RALLYDEBUG rally_openstack.cleanup.manager [-] Deleting neutron.port object s_rally_a3ca1a0e_rwtE6pjD (914c82a9-9e86-466d-8d25-c2bd4d655a18)
2019-06-18 09:50:51.067 21662 RALLYDEBUG rally_openstack.cleanup.manager [-] Deleting neutron.port object s_rally_a3ca1a0e_G1rfZpyl (942046af-8592-4481-b120-12efdf307fd8)
2019-06-18 09:50:51.070 21662 RALLYDEBUG rally_openstack.cleanup.manager [-] Deleting neutron.port object s_rally_a3ca1a0e_fCHHVxft (9470402e-05f4-4ca8-9ca9-3d59c57dd4d2)
2019-06-18 09:50:51.193 21662 RALLYDEBUG rally_openstack.cleanup.manager [-] Deleting neutron.port object s_rally_a3ca1a0e_414N1kAd (94cac4bf-e687-492c-9584-39104b61d283)
2019-06-18 09:50:51.430 21662 RALLYDEBUG rally_openstack.cleanup.manager [-] Deleting neutron.port object s_rally_a3ca1a0e_OAbmsfUz (94cecdf1-ff66-464d-ad1c-05e0c3c7ae37)
2019-06-18 09:50:51.459 21662 RALLYDEBUG rally_openstack.cleanup.manager [-] Deleting neutron.port object s_rally_a3ca1a0e_pH767RoO (97153137-b28a-4df2-b603-cc9abcb65eae)
2019-06-18 09:50:51.474 21662 RALLYDEBUG rally_openstack.cleanup.manager [-] Deleting neutron.port object s_rally_a3ca1a0e_1ohKWYAg (989556d7-0a7d-4e37-9921-faa3ba019091)
2019-06-18 09:50:51.620 21662 RALLYDEBUG rally_openstack.cleanup.manager [-] Deleting neutron.port object s_rally_a3ca1a0e_Gx1QOy7h (9dafc425-1b25-425b-847f-659552b07f98)
2019-06-18 09:50:51.662 21662 RALLYDEBUG rally_openstack.cleanup.manager [-] Deleting neutron.port object s_rally_a3ca1a0e_BSla9EwG (9ee45024-0fac-4bfa-b558-6f08b38e69b0)
2019-06-18 09:50:51.675 21662 RALLYDEBUG rally_openstack.cleanup.manager [-] Deleting neutron.port object s_rally_a3ca1a0e_3tyfXB0K (9fc3e54a-b5a4-4f34-a44f-2a1e46783ee1)
2019-06-18 09:50:51.896 21662 RALLYDEBUG rally_openstack.cleanup.manager [-] Deleting neutron.port object s_rally_a3ca1a0e_RADGQ3hJ (a0932b50-86a0-4a3f-a14e-f973a03adc48)
2019-06-18 09:50:51.986 21662 RALLYDEBUG rally_openstack.cleanup.manager [-] Deleting neutron.port object s_rally_a3ca1a0e_K4qJJ6Zc (a115089f-1c36-45b2-85d0-b76fe7a79b95)
2019-06-18 09:50:52.159 21662 RALLYDEBUG rally_openstack.cleanup.manager [-] Deleting neutron.port object s_rally_a3ca1a0e_jpESjVHp (a1fe9fe5-dfd9-4d8f-b151-c48b7d5f4bc2)
2019-06-18 09:50:52.167 21662 RALLYDEBUG rally_openstack.cleanup.manager [-] Deleting neutron.port object s_rally_a3ca1a0e_awNREapb (a2ccdbcc-08b7-451e-84f7-14092a6e4b43)
2019-06-18 09:50:52.379 21662 RALLYDEBUG rally_openstack.cleanup.manager [-] Deleting neutron.port object s_rally_a3ca1a0e_IhCr1w21 (a2ed6828-ac7f-46cf-b165-c708b0ecb432)
2019-06-18 09:50:52.672 21662 RALLYDEBUG rally_openstack.cleanup.manager [-] Deleting neutron.port object s_rally_a3ca1a0e_HC1owBuZ (a433c6d4-7333-4e9f-bb3f-e3d8dcc4f1c9)
2019-06-18 09:50:52.672 21662 RALLYDEBUG rally_openstack.cleanup.manager [-] Deleting neutron.port object s_rally_a3ca1a0e_Z3bwK09F (a39d33ed-6bc1-4075-acdc-acbef1d88850)
2019-06-18 09:50:52.673 21662 RALLYDEBUG rally_openstack.cleanup.manager [-] Deleting neutron.port object s_rally_a3ca1a0e_Of0wyqtb (a629c76a-142b-4821-9bb1-33c4e8260d18)
2019-06-18 09:50:52.700 21662 RALLYDEBUG rally_openstack.cleanup.manager [-] Deleting neutron.port object s_rally_a3ca1a0e_NPZkSQv1 (a88c8914-5e10-43af-8abe-4819fa0835d8)
2019-06-18 09:50:52.737 21662 RALLYDEBUG rally_openstack.cleanup.manager [-] Deleting neutron.port object s_rally_a3ca1a0e_96iuVAlL (aa0af506-c143-4259-ae94-3b90b4b47d73)
2019-06-18 09:50:53.031 21662 RALLYDEBUG rally_openstack.cleanup.manager [-] Deleting neutron.port object s_rally_a3ca1a0e_hVKnXJp9 (abfb9a9c-1828-4022-8f35-61224c45fe9c)
2019-06-18 09:50:53.067 21662 RALLYDEBUG rally_openstack.cleanup.manager [-] Deleting neutron.port object s_rally_a3ca1a0e_RZOrZBuh (acaf78c9-a242-4982-81ff-46b5c96f9df0)
2019-06-18 09:50:53.116 21662 RALLYDEBUG rally_openstack.cleanup.manager [-] Deleting neutron.port object s_rally_a3ca1a0e_Dkihk1Om (ad0511e0-980f-440e-a9b8-ea6fbf7aa55f)
2019-06-18 09:50:53.271 21662 RALLYDEBUG rally_openstack.cleanup.manager [-] Deleting neutron.port object s_rally_a3ca1a0e_niYTwdA4 (af827e39-cdba-4189-ad0c-c17977588641)
2019-06-18 09:50:53.327 21662 RALLYDEBUG rally_openstack.cleanup.manager [-] Deleting neutron.port object s_rally_a3ca1a0e_rRDe0bWp (afd5d045-a010-433d-b564-6d7d298df982)
2019-06-18 09:50:53.497 21662 RALLYDEBUG rally_openstack.cleanup.manager [-] Deleting neutron.port object s_rally_a3ca1a0e_s3EjX27K (b06bfadd-e6f3-4725-a462-e3b4ed74a0c9)
2019-06-18 09:50:53.581 21662 RALLYDEBUG rally_openstack.cleanup.manager [-] Deleting neutron.port object s_rally_a3ca1a0e_bDoeLUtJ (b2e81277-c519-4964-976f-c4d2ef94c526)
2019-06-18 09:50:53.689 21662 RALLYDEBUG rally_openstack.cleanup.manager [-] Deleting neutron.port object s_rally_a3ca1a0e_tz4kDC0D (b47f4f3b-670f-414c-9526-fe33cc2c6fff)
2019-06-18 09:50:53.749 21662 RALLYDEBUG rally_openstack.cleanup.manager [-] Deleting neutron.port object s_rally_a3ca1a0e_58pSmr96 (b5c01402-37e3-4053-825f-6de644910f73)
2019-06-18 09:50:53.789 21662 RALLYDEBUG rally_openstack.cleanup.manager [-] Deleting neutron.port object s_rally_a3ca1a0e_fnPeD3mL (b5d80268-9825-41e7-b608-23e638140fef)
2019-06-18 09:50:53.869 21662 RALLYDEBUG rally_openstack.cleanup.manager [-] Deleting neutron.port object s_rally_a3ca1a0e_bkVap7eG (b71c4e35-34d7-46aa-a89f-0ee06bed0858)
2019-06-18 09:50:54.092 21662 RALLYDEBUG rally_openstack.cleanup.manager [-] Deleting neutron.port object s_rally_a3ca1a0e_Oy1CoMHO (b9563464-640c-48b7-8de8-d74d4e321694)
2019-06-18 09:50:54.226 21662 RALLYDEBUG rally_openstack.cleanup.manager [-] Deleting neutron.port object s_rally_a3ca1a0e_SyP4JyEz (bae1c79d-78e2-4ee0-af17-cf399a8e034d)
2019-06-18 09:50:54.352 21662 RALLYDEBUG rally_openstack.cleanup.manager [-] Deleting neutron.port object s_rally_a3ca1a0e_VX8lzhgE (bb057907-1ff6-4a7c-a176-7d77b9e9599b)
2019-06-18 09:50:54.386 21662 RALLYDEBUG rally_openstack.cleanup.manager [-] Deleting neutron.port object s_rally_a3ca1a0e_0h61kb6p (bc7fdba6-7a03-4d5b-9533-b8f7a3fe7aad)
2019-06-18 09:50:54.903 21662 RALLYDEBUG rally_openstack.cleanup.manager [-] Deleting neutron.port object s_rally_a3ca1a0e_9XL61NiG (bc98e889-9b06-41ef-9f16-cbbcac576cad)
2019-06-18 09:50:54.969 21662 RALLYDEBUG rally_openstack.cleanup.manager [-] Deleting neutron.port object s_rally_a3ca1a0e_0yLX8lZT (bcff8cea-c8dc-47f9-80d2-f4b4de23b991)
2019-06-18 09:50:55.008 21662 RALLYDEBUG rally_openstack.cleanup.manager [-] Deleting neutron.port object s_rally_a3ca1a0e_c4E3VWqu (be2d9bdc-25ea-4ba1-a8bd-e85d8caeaa01)
2019-06-18 09:50:55.008 21662 RALLYDEBUG rally_openstack.cleanup.manager [-] Deleting neutron.port object s_rally_a3ca1a0e_tA1bGYMh (c01e8669-75d1-4d6f-9ad7-ae1b897276e6)
2019-06-18 09:50:55.163 21662 RALLYDEBUG rally_openstack.cleanup.manager [-] Deleting neutron.port object s_rally_a3ca1a0e_oTTltjRp (c021b59f-afc9-4fe6-bcd2-3a4e334ea2f8)
2019-06-18 09:50:55.259 21662 RALLYDEBUG rally_openstack.cleanup.manager [-] Deleting neutron.port object s_rally_a3ca1a0e_x3oHBN5Y (c031ecd9-f66f-4717-874a-4c1c5a598fa4)
2019-06-18 09:50:55.299 21662 RALLYDEBUG rally_openstack.cleanup.manager [-] Deleting neutron.port object s_rally_a3ca1a0e_p1XWGL8J (c05c6884-4c8f-46d3-8ae9-7055c149864d)
2019-06-18 09:50:55.376 21662 RALLYDEBUG rally_openstack.cleanup.manager [-] Deleting neutron.port object s_rally_a3ca1a0e_5Ecj6v5a (c078e161-c8fc-4144-9444-d2d1cbaac504)
2019-06-18 09:50:55.382 21662 RALLYDEBUG rally_openstack.cleanup.manager [-] Deleting neutron.port object s_rally_a3ca1a0e_X3VKQEhc (c27e0503-0831-4ea3-9b8a-04f482bb4a5b)
2019-06-18 09:50:55.419 21662 RALLYDEBUG rally_openstack.cleanup.manager [-] Deleting neutron.port object s_rally_a3ca1a0e_8JQQcLQt (c718b86e-dc4c-40ee-bc26-2299023c5f58)
2019-06-18 09:50:55.823 21662 RALLYDEBUG rally_openstack.cleanup.manager [-] Deleting neutron.port object s_rally_a3ca1a0e_rMVp0nAK (c79c9000-cf93-4798-8053-9d3f11c12031)
2019-06-18 09:50:55.844 21662 RALLYDEBUG rally_openstack.cleanup.manager [-] Deleting neutron.port object s_rally_a3ca1a0e_vn6HWkBN (cbb7c17f-196b-420f-9843-9d26c7d33041)
2019-06-18 09:50:55.975 21662 RALLYDEBUG rally_openstack.cleanup.manager [-] Deleting neutron.port object s_rally_a3ca1a0e_gfYLl6nx (cd101c63-c0bf-46ed-a9ed-f8b079304adc)
2019-06-18 09:50:56.218 21662 RALLYDEBUG rally_openstack.cleanup.manager [-] Deleting neutron.port object s_rally_a3ca1a0e_IMhR0vEb (ce072020-cd9e-4a5b-b32d-4b1b9caa205c)
2019-06-18 09:50:56.315 21662 RALLYDEBUG rally_openstack.cleanup.manager [-] Deleting neutron.port object s_rally_a3ca1a0e_6ReuXArb (ce09fc33-977e-4029-85c4-7aad4ab8acdb)
2019-06-18 09:50:56.330 21662 RALLYDEBUG rally_openstack.cleanup.manager [-] Deleting neutron.port object s_rally_a3ca1a0e_poemMvH3 (ce3a5f95-eaeb-45e8-b8e7-267345ba3313)
2019-06-18 09:50:56.435 21662 RALLYDEBUG rally_openstack.cleanup.manager [-] Deleting neutron.port object s_rally_a3ca1a0e_D8h2Kq1Y (cee61dbe-454a-457d-bb3c-b3b711a9ea9d)
2019-06-18 09:50:56.503 21662 RALLYDEBUG rally_openstack.cleanup.manager [-] Deleting neutron.port object s_rally_a3ca1a0e_Vu4z382j (d0fc33e8-e876-4a9c-9071-b304eeae52bf)
2019-06-18 09:50:56.627 21662 RALLYDEBUG rally_openstack.cleanup.manager [-] Deleting neutron.port object s_rally_a3ca1a0e_2VfrSYAo (d13e3865-6a0d-4415-b656-da2f9f79b2d6)
2019-06-18 09:50:56.797 21662 RALLYDEBUG rally_openstack.cleanup.manager [-] Deleting neutron.port object s_rally_a3ca1a0e_VDEb0JXr (d49e5988-4442-4483-afbf-ba3e6b99cde5)
2019-06-18 09:50:56.868 21662 RALLYDEBUG rally_openstack.cleanup.manager [-] Deleting neutron.port object s_rally_a3ca1a0e_CN3cKasK (d60149f8-a459-4c09-a9c7-86591501646f)
2019-06-18 09:50:56.951 21662 RALLYDEBUG rally_openstack.cleanup.manager [-] Deleting neutron.port object s_rally_a3ca1a0e_97gaSj5X (d72a745a-7f4c-4bb8-a312-a12bf892afe3)
2019-06-18 09:50:57.140 21662 RALLYDEBUG rally_openstack.cleanup.manager [-] Deleting neutron.port object s_rally_a3ca1a0e_WS4lEo4U (d759ac5a-ba2f-4473-b8ea-ed8875fbbf72)
2019-06-18 09:50:57.385 21662 RALLYDEBUG rally_openstack.cleanup.manager [-] Deleting neutron.port object s_rally_a3ca1a0e_DcbmCjbo (dc4fe678-40a9-4173-8b43-f9207466897c)
2019-06-18 09:50:57.536 21662 RALLYDEBUG rally_openstack.cleanup.manager [-] Deleting neutron.port object s_rally_a3ca1a0e_JY2xALLA (de18532b-7a48-4451-be21-8511a0692d96)
2019-06-18 09:50:57.587 21662 RALLYDEBUG rally_openstack.cleanup.manager [-] Deleting neutron.port object s_rally_a3ca1a0e_KYZHQvvU (de3391b2-65d6-4cc5-82e4-c229dc471ecd)
2019-06-18 09:50:57.595 21662 RALLYDEBUG rally_openstack.cleanup.manager [-] Deleting neutron.port object s_rally_a3ca1a0e_zUtgDMSe (de875028-1bdc-4e51-ae51-88f1be156744)
2019-06-18 09:50:57.603 21662 RALLYDEBUG rally_openstack.cleanup.manager [-] Deleting neutron.port object s_rally_a3ca1a0e_xzJqU5Ib (e049bc8d-36de-49a4-9e08-e7b85fb70a38)
2019-06-18 09:50:57.614 21662 RALLYDEBUG rally_openstack.cleanup.manager [-] Deleting neutron.port object s_rally_a3ca1a0e_hSPrMEJe (e4f09ef7-3a2c-4ad9-9e7d-a2234b0dc439)
2019-06-18 09:50:57.873 21662 RALLYDEBUG rally_openstack.cleanup.manager [-] Deleting neutron.port object s_rally_a3ca1a0e_UyTC9kfU (e616c067-2741-4b26-8f39-62ffae7d1b1d)
2019-06-18 09:50:57.881 21662 RALLYDEBUG rally_openstack.cleanup.manager [-] Deleting neutron.port object s_rally_a3ca1a0e_2hAE1hVd (e6a7b48e-a8b7-479f-b6fe-44a8c703a9fa)
2019-06-18 09:50:58.062 21662 RALLYDEBUG rally_openstack.cleanup.manager [-] Deleting neutron.port object s_rally_a3ca1a0e_ASGAhikp (ea246c4d-4066-4add-a032-5f8a109a763e)
2019-06-18 09:50:58.100 21662 RALLYDEBUG rally_openstack.cleanup.manager [-] Deleting neutron.port object s_rally_a3ca1a0e_kD71GeLP (eab52d29-b199-452d-9122-b5d1e29b4ce9)
2019-06-18 09:50:58.222 21662 RALLYDEBUG rally_openstack.cleanup.manager [-] Deleting neutron.port object s_rally_a3ca1a0e_lai1VpJr (ec705a0a-f08f-44b8-bd20-8a2fd2a132f0)
2019-06-18 09:50:58.240 21662 RALLYDEBUG rally_openstack.cleanup.manager [-] Deleting neutron.port object s_rally_a3ca1a0e_EdG5swj8 (ed857e4f-8b5d-4abc-9a70-54b134dc2742)
2019-06-18 09:50:58.342 21662 RALLYDEBUG rally_openstack.cleanup.manager [-] Deleting neutron.port object s_rally_a3ca1a0e_po854fCE (ee1322d0-40e9-48c0-90f6-dce4e31b3a3f)
2019-06-18 09:50:58.400 21662 RALLYDEBUG rally_openstack.cleanup.manager [-] Deleting neutron.port object s_rally_a3ca1a0e_vtmcoYFA (f0e202bb-6903-4169-8c55-f24ceb9a195d)
2019-06-18 09:50:58.550 21662 RALLYDEBUG rally_openstack.cleanup.manager [-] Deleting neutron.port object s_rally_a3ca1a0e_4JL4B7za (f3378212-ee6c-437a-b221-a4645385b3cf)
2019-06-18 09:50:58.766 21662 RALLYDEBUG rally_openstack.cleanup.manager [-] Deleting neutron.port object s_rally_a3ca1a0e_FZUgF5Xc (f3a825c3-bf97-436c-aeda-506b13d21141)
2019-06-18 09:50:58.965 21662 RALLYDEBUG rally_openstack.cleanup.manager [-] Deleting neutron.port object s_rally_a3ca1a0e_xG4lh9Rl (f4b6ef38-2954-48a9-875b-2ad01a2a772d)
2019-06-18 09:50:59.053 21662 RALLYDEBUG rally_openstack.cleanup.manager [-] Deleting neutron.port object s_rally_a3ca1a0e_bicR9E8t (f9a1240b-d06e-4a9a-99d5-ae8ca238f76b)
2019-06-18 09:50:59.129 21662 RALLYDEBUG rally_openstack.cleanup.manager [-] Deleting neutron.port object s_rally_a3ca1a0e_bU9i3Cl8 (fac04163-03a5-4aa0-b51f-9a85ce7b018f)
2019-06-18 09:50:59.176 21662 RALLYDEBUG rally_openstack.cleanup.manager [-] Deleting neutron.port object s_rally_a3ca1a0e_nxpPkKxl (fac05561-5f4c-4b97-80ee-2401cffd3b1a)
2019-06-18 09:50:59.557 21662 RALLYDEBUG rally_openstack.cleanup.manager [-] Deleting neutron.port object s_rally_a3ca1a0e_ix22xJk6 (fc51b62a-4c40-4ab7-b829-3e8d4433a0b4)
2019-06-18 09:50:59.751 21662 RALLYDEBUG rally_openstack.cleanup.manager [-] Deleting neutron.port object s_rally_a3ca1a0e_qcpnpK5N (fe3b9b7a-ce69-4328-a1a9-8161eb28c421)
2019-06-18 09:50:59.759 21662 RALLYDEBUG rally_openstack.cleanup.manager [-] Deleting neutron.port object s_rally_a3ca1a0e_nR1KdSfb (feba3be7-c193-48ad-82b5-895ba5549e85)
2019-06-18 09:51:01.589 21662 RALLYDEBUG rally_openstack.cleanup.manager [-] Cleaning up neutron subnet objects
2019-06-18 09:51:02.014 21662 RALLYDEBUG rally_openstack.cleanup.manager [-] Cleaning up neutron network objects
2019-06-18 09:51:02.584 21662 RALLYDEBUG rally_openstack.cleanup.manager [-] Deleting neutron.network object s_rally_a3ca1a0e_NHbuzU6U (0a3ba511-c193-49c4-a6db-5b793c87ca02)
2019-06-18 09:51:02.592 21662 RALLYDEBUG rally_openstack.cleanup.manager [-] Deleting neutron.network object s_rally_a3ca1a0e_mmUSCvQY (0ff7a49b-30f4-49e1-8126-d8813ae33396)
2019-06-18 09:51:02.598 21662 RALLYDEBUG rally_openstack.cleanup.manager [-] Deleting neutron.network object s_rally_a3ca1a0e_I697AbcU (107c0ce4-b719-46da-bee1-5d2898db46ea)
2019-06-18 09:51:02.609 21662 RALLYDEBUG rally_openstack.cleanup.manager [-] Deleting neutron.network object s_rally_a3ca1a0e_6yOFUxQF (296633a3-6fa3-4d91-89bd-1a68ce592a10)
2019-06-18 09:51:02.621 21662 RALLYDEBUG rally_openstack.cleanup.manager [-] Deleting neutron.network object s_rally_a3ca1a0e_5KMcpbQE (280180c5-8aaf-4a3f-9fca-4cdfa8804fdb)
2019-06-18 09:51:02.621 21662 RALLYDEBUG rally_openstack.cleanup.manager [-] Deleting neutron.network object s_rally_a3ca1a0e_blXFyrbe (2ca718cb-2184-4896-a0a9-3beafd837117)
2019-06-18 09:51:02.628 21662 RALLYDEBUG rally_openstack.cleanup.manager [-] Deleting neutron.network object s_rally_a3ca1a0e_MTZaTnHM (2d33390b-7076-49cf-a0a2-b82d4ef0bf43)
2019-06-18 09:51:02.637 21662 RALLYDEBUG rally_openstack.cleanup.manager [-] Deleting neutron.network object s_rally_a3ca1a0e_Puow6588 (3ef9a0b8-e131-4c5b-801a-b1ecdf5ea6bc)
2019-06-18 09:51:02.656 21662 RALLYDEBUG rally_openstack.cleanup.manager [-] Deleting neutron.network object s_rally_a3ca1a0e_EEfdNrPB (4081264b-285a-40e8-a6ab-023e361e6ff9)
2019-06-18 09:51:02.670 21662 RALLYDEBUG rally_openstack.cleanup.manager [-] Deleting neutron.network object s_rally_a3ca1a0e_xxkIcX27 (475433c9-8dbf-4e0b-8d35-b36404893e0b)
2019-06-18 09:51:02.675 21662 RALLYDEBUG rally_openstack.cleanup.manager [-] Deleting neutron.network object s_rally_a3ca1a0e_SsYhJjJE (46437798-8734-4f8e-b85d-e7792098617c)
2019-06-18 09:51:02.752 21662 RALLYDEBUG rally_openstack.cleanup.manager [-] Deleting neutron.network object s_rally_a3ca1a0e_i3OZpS41 (47927880-24ff-4892-a7dd-82820943c37d)
2019-06-18 09:51:02.760 21662 RALLYDEBUG rally_openstack.cleanup.manager [-] Deleting neutron.network object s_rally_a3ca1a0e_tefoIBDI (4d13cb64-ed2a-4b0d-82cb-ba7a132c970e)
2019-06-18 09:51:02.795 21662 RALLYDEBUG rally_openstack.cleanup.manager [-] Deleting neutron.network object s_rally_a3ca1a0e_tO65jdxw (592faac4-182f-46a6-8717-1e80ba73fab1)
2019-06-18 09:51:02.797 21662 RALLYDEBUG rally_openstack.cleanup.manager [-] Deleting neutron.network object s_rally_a3ca1a0e_wH8mer9M (57cc6ece-a64b-477f-9c91-21b4a6f18d51)
2019-06-18 09:51:02.812 21662 RALLYDEBUG rally_openstack.cleanup.manager [-] Deleting neutron.network object s_rally_a3ca1a0e_8wl9DGgt (6bc36eac-87cc-4bbe-991d-d7043c5bd26d)
2019-06-18 09:51:02.818 21662 RALLYDEBUG rally_openstack.cleanup.manager [-] Deleting neutron.network object s_rally_a3ca1a0e_bUSLZua5 (723a5bd1-aeb4-4e7c-813e-1f0b19d5788e)
2019-06-18 09:51:02.834 21662 RALLYDEBUG rally_openstack.cleanup.manager [-] Deleting neutron.network object s_rally_a3ca1a0e_hGsnUEjI (790c5470-9c54-450a-9eb3-c1adc615da33)
2019-06-18 09:51:02.852 21662 RALLYDEBUG rally_openstack.cleanup.manager [-] Deleting neutron.network object s_rally_a3ca1a0e_uZHF9RAV (70c8d4b5-2901-42fa-87d4-dc6cf4a49d4a)
2019-06-18 09:51:02.865 21662 RALLYDEBUG rally_openstack.cleanup.manager [-] Deleting neutron.network object s_rally_a3ca1a0e_4ERRZqKa (7d29da9e-fa87-44c8-8ec5-3d6030aa9a39)
2019-06-18 09:51:05.125 21662 RALLYDEBUG rally_openstack.cleanup.manager [-] Deleting neutron.network object s_rally_a3ca1a0e_jBGGZ8NL (8925314b-fed7-4277-83c1-43949fce0b11)
2019-06-18 09:51:05.241 21662 RALLYDEBUG rally_openstack.cleanup.manager [-] Deleting neutron.network object s_rally_a3ca1a0e_R7JHw6AH (8e87261a-6753-4dc5-bbb0-c531ae95c72a)
2019-06-18 09:51:05.346 21662 RALLYDEBUG rally_openstack.cleanup.manager [-] Deleting neutron.network object s_rally_a3ca1a0e_Z3oe8xVE (966aba07-8255-42b4-ad99-b075e3b39113)
2019-06-18 09:51:05.378 21662 RALLYDEBUG rally_openstack.cleanup.manager [-] Deleting neutron.network object s_rally_a3ca1a0e_1hXiV72U (97155088-1d93-4f88-a814-52e0558e3a34)
2019-06-18 09:51:05.437 21662 RALLYDEBUG rally_openstack.cleanup.manager [-] Deleting neutron.network object s_rally_a3ca1a0e_NtRbchw7 (99d9a41b-0b43-4fae-ada9-995ea6263910)
2019-06-18 09:51:05.445 21662 RALLYDEBUG rally_openstack.cleanup.manager [-] Deleting neutron.network object s_rally_a3ca1a0e_kh6eZaIC (a940fb12-2ad0-4f81-bf7f-a69b1c1d74b8)
2019-06-18 09:51:05.492 21662 RALLYDEBUG rally_openstack.cleanup.manager [-] Deleting neutron.network object s_rally_a3ca1a0e_KWpAQZXv (af6e99b3-bd55-425b-a2d3-ac4a020a36cd)
2019-06-18 09:51:05.553 21662 RALLYDEBUG rally_openstack.cleanup.manager [-] Deleting neutron.network object s_rally_a3ca1a0e_7tRgAbQ0 (ba433842-f178-45d1-9e04-3f868f0edf41)
2019-06-18 09:51:05.858 21662 RALLYDEBUG rally_openstack.cleanup.manager [-] Deleting neutron.network object s_rally_a3ca1a0e_cH5mAszc (baaca650-ad5e-4c1e-aff9-c86c48ed7d19)
2019-06-18 09:51:05.917 21662 RALLYDEBUG rally_openstack.cleanup.manager [-] Deleting neutron.network object s_rally_a3ca1a0e_hJQqjrHf (c3910636-a6d3-442e-be57-2770906f5fdc)
2019-06-18 09:51:05.937 21662 RALLYDEBUG rally_openstack.cleanup.manager [-] Deleting neutron.network object s_rally_a3ca1a0e_3JWg54qY (c505456e-56c9-42b9-b965-e42f6447743f)
2019-06-18 09:51:05.954 21662 RALLYDEBUG rally_openstack.cleanup.manager [-] Deleting neutron.network object s_rally_a3ca1a0e_ufoQMdes (c620bd4d-3be8-45ca-a6fe-a753ff75c901)
2019-06-18 09:51:06.057 21662 RALLYDEBUG rally_openstack.cleanup.manager [-] Deleting neutron.network object s_rally_a3ca1a0e_PynGm8vt (c7aa1d68-866c-4514-a620-466f234103c8)
2019-06-18 09:51:06.066 21662 RALLYDEBUG rally_openstack.cleanup.manager [-] Deleting neutron.network object s_rally_a3ca1a0e_HlOLjgjL (cc6ae5ef-e283-4f3f-9e42-4a6c31496944)
2019-06-18 09:51:06.234 21662 RALLYDEBUG rally_openstack.cleanup.manager [-] Deleting neutron.network object s_rally_a3ca1a0e_5jxLTbcH (cdc4776e-746b-4194-af95-9568efece902)
2019-06-18 09:51:06.242 21662 RALLYDEBUG rally_openstack.cleanup.manager [-] Deleting neutron.network object s_rally_a3ca1a0e_WkwZALRJ (cdfdf68b-8a96-4e92-a799-4f1c0bcd893d)
2019-06-18 09:51:06.313 21662 RALLYDEBUG rally_openstack.cleanup.manager [-] Deleting neutron.network object s_rally_a3ca1a0e_P48ZCldc (db7e386a-d488-420f-b182-ce63dd98fa8c)
2019-06-18 09:51:06.572 21662 RALLYDEBUG rally_openstack.cleanup.manager [-] Deleting neutron.network object s_rally_a3ca1a0e_JwrbTGyr (dd45d75d-5af7-4b5b-852e-ede489d26edf)
2019-06-18 09:51:06.912 21662 RALLYDEBUG rally_openstack.cleanup.manager [-] Deleting neutron.network object s_rally_a3ca1a0e_kCX5g11b (e8cfc29c-2aab-4cd4-9a62-376fb0494fe1)
2019-06-18 09:51:07.041 21662 RALLYDEBUG rally_openstack.cleanup.manager [-] Deleting neutron.network object s_rally_a3ca1a0e_wd498x47 (f1474023-dd8c-4cd7-b150-3d199f3435c4)
2019-06-18 09:51:09.444 21662 RALLYDEBUG rally_openstack.cleanup.manager [-] Cleaning up neutron router objects
2019-06-18 09:51:09.886 21662 RALLYDEBUG rally_openstack.cleanup.manager [-] Cleaning up neutron security_group objects
2019-06-18 09:51:10.309 21662 INFO rally.task.context [-] Task 49487797-7e81-4501-b2bd-9771e2d84e29 | Context cleanup@openstack cleanup() finished in 35.09 sec
2019-06-18 09:51:10.309 21662 INFO rally.task.context [-] Task 49487797-7e81-4501-b2bd-9771e2d84e29 | Context quotas@openstack cleanup() started
2019-06-18 09:51:10.396 21662 INFO rally.task.context [-] Task 49487797-7e81-4501-b2bd-9771e2d84e29 | Context quotas@openstack cleanup() finished in 86.81 msec
2019-06-18 09:51:10.397 21662 INFO rally.task.context [-] Task 49487797-7e81-4501-b2bd-9771e2d84e29 | Context users@openstack cleanup() started
2019-06-18 09:51:13.185 21662 INFO rally.task.context [-] Task 49487797-7e81-4501-b2bd-9771e2d84e29 | Context users@openstack cleanup() finished in 2.79 sec
2019-06-18 09:51:14.824 21662 INFO rally.task.engine [-] Load duration is: 23.661521
2019-06-18 09:51:14.825 21662 INFO rally.task.engine [-] Full runner duration is: 23.711727
2019-06-18 09:51:14.826 21662 INFO rally.task.engine [-] Full duration is: 64.729094
2019-06-18 09:51:15.082 21662 INFO rally.task.engine [-] Running workload: position = 2 config = { "version": 2, "title": "A cropped version of a bigger task.", "description": "Auto-generated task from a single workload (uuid=909fd341-5788-46ae-96d3-5bf7e4ce537f)", "subtasks": [ { "title": "NeutronNetworks.create_and_delete_ports", "description": "Create and delete a port.", "scenario": { "NeutronNetworks.create_and_delete_ports": { "network_create_args": {}, "port_create_args": {}, "ports_per_network": 5 } }, "contexts": { "users": { "tenants": 1, "users_per_tenant": 1 }, "quotas": { "neutron": { "network": -1, "port": -1 } } }, "runner": { "constant": { "times": 40, "concurrency": 20 } }, "hooks": [], "sla": { "failure_rate": { "max": 0 } } } ] }
2019-06-18 09:51:15.109 21662 RALLYDEBUG rally_openstack.contexts.keystone.users [-] Creating 1 tenants using 20 threads
2019-06-18 09:51:16.051 21662 RALLYDEBUG rally_openstack.contexts.keystone.users [-] Creating 1 users using 20 threads
2019-06-18 09:51:17.468 21662 INFO rally.task.context [-] Task 49487797-7e81-4501-b2bd-9771e2d84e29 | Context users@openstack setup() finished in 2.36 sec
2019-06-18 09:51:18.048 21662 INFO rally.task.context [-] Task 49487797-7e81-4501-b2bd-9771e2d84e29 | Context quotas@openstack setup() finished in 0.58 sec
2019-06-18 09:51:18.049 21662 INFO rally.task.context [-] Task 49487797-7e81-4501-b2bd-9771e2d84e29 | Context cleanup@openstack setup() finished in 0.01 msec
2019-06-18 09:51:18.058 21662 RALLYDEBUG rally.task.runner [-] Starting the constant runner (task UUID: 49487797-7e81-4501-b2bd-9771e2d84e29). timeout: 0 concurrency: 20 concurrency_per_worker: 1 times: 40 concurrency_overhead: 4 processes_to_start: 16 max_cpu_used: 16
2019-06-18 09:51:18.072 25908 RALLYDEBUG rally.task.runner [-] Starting a worker. concurrency: 2 args: {"network_create_args": {}, "port_create_args": {}, "ports_per_network": 5} times: 40 method_name: run timeout: 0 duration: None cls:
2019-06-18 09:51:18.075 25909 RALLYDEBUG rally.task.runner [-] Starting a worker. concurrency: 2 args: {"network_create_args": {}, "port_create_args": {}, "ports_per_network": 5} times: 40 method_name: run timeout: 0 duration: None cls:
2019-06-18 09:51:18.078 25910 RALLYDEBUG rally.task.runner [-] Starting a worker. concurrency: 2 args: {"network_create_args": {}, "port_create_args": {}, "ports_per_network": 5} times: 40 method_name: run timeout: 0 duration: None cls:
2019-06-18 09:51:18.082 25911 RALLYDEBUG rally.task.runner [-] Starting a worker. concurrency: 2 args: {"network_create_args": {}, "port_create_args": {}, "ports_per_network": 5} times: 40 method_name: run timeout: 0 duration: None cls:
2019-06-18 09:51:18.083 25909 INFO rally.task.runner [-] Task 49487797-7e81-4501-b2bd-9771e2d84e29 | ITER: 2 START
2019-06-18 09:51:18.082 25908 INFO rally.task.runner [-] Task 49487797-7e81-4501-b2bd-9771e2d84e29 | ITER: 1 START
2019-06-18 09:51:18.084 25913 RALLYDEBUG rally.task.runner [-] Starting a worker. concurrency: 1 args: {"network_create_args": {}, "port_create_args": {}, "ports_per_network": 5} times: 40 method_name: run timeout: 0 duration: None cls:
2019-06-18 09:51:18.086 25909 WARNING rally_openstack.scenarios.neutron.utils [-] Running this scenario without either the 'network' or 'existing_network' context is deprecated
2019-06-18 09:51:18.086 25910 INFO rally.task.runner [-] Task 49487797-7e81-4501-b2bd-9771e2d84e29 | ITER: 4 START
2019-06-18 09:51:18.084 25908 INFO rally.task.runner [-] Task 49487797-7e81-4501-b2bd-9771e2d84e29 | ITER: 3 START
2019-06-18 09:51:18.086 25908 WARNING rally_openstack.scenarios.neutron.utils [-] Running this scenario without either the 'network' or 'existing_network' context is deprecated
2019-06-18 09:51:18.088 25910 WARNING rally_openstack.scenarios.neutron.utils [-] Running this scenario without either the 'network' or 'existing_network' context is deprecated
2019-06-18 09:51:18.087 25916 RALLYDEBUG rally.task.runner [-] Starting a worker. concurrency: 1 args: {"network_create_args": {}, "port_create_args": {}, "ports_per_network": 5} times: 40 method_name: run timeout: 0 duration: None cls:
2019-06-18 09:51:18.090 25911 INFO rally.task.runner [-] Task 49487797-7e81-4501-b2bd-9771e2d84e29 | ITER: 6 START
2019-06-18 09:51:18.090 25913 INFO rally.task.runner [-] Task 49487797-7e81-4501-b2bd-9771e2d84e29 | ITER: 8 START
2019-06-18 09:51:18.092 25913 WARNING rally_openstack.scenarios.neutron.utils [-] Running this scenario without either the 'network' or 'existing_network' context is deprecated
2019-06-18 09:51:18.093 25911 WARNING rally_openstack.scenarios.neutron.utils [-] Running this scenario without either the 'network' or 'existing_network' context is deprecated
2019-06-18 09:51:18.094 25920 RALLYDEBUG rally.task.runner [-] Starting a worker. concurrency: 1 args: {"network_create_args": {}, "port_create_args": {}, "ports_per_network": 5} times: 40 method_name: run timeout: 0 duration: None cls:
2019-06-18 09:51:18.096 25916 INFO rally.task.runner [-] Task 49487797-7e81-4501-b2bd-9771e2d84e29 | ITER: 10 START
2019-06-18 09:51:18.088 25908 WARNING rally_openstack.scenarios.neutron.utils [-] Running this scenario without either the 'network' or 'existing_network' context is deprecated
2019-06-18 09:51:18.097 25916 WARNING rally_openstack.scenarios.neutron.utils [-] Running this scenario without either the 'network' or 'existing_network' context is deprecated
2019-06-18 09:51:18.097 25924 RALLYDEBUG rally.task.runner [-] Starting a worker. concurrency: 1 args: {"network_create_args": {}, "port_create_args": {}, "ports_per_network": 5} times: 40 method_name: run timeout: 0 duration: None cls:
2019-06-18 09:51:18.100 25928 RALLYDEBUG rally.task.runner [-] Starting a worker. concurrency: 1 args: {"network_create_args": {}, "port_create_args": {}, "ports_per_network": 5} times: 40 method_name: run timeout: 0 duration: None cls:
2019-06-18 09:51:18.100 25909 INFO rally.task.runner [-] Task 49487797-7e81-4501-b2bd-9771e2d84e29 | ITER: 5 START
2019-06-18 09:51:18.103 25920 INFO rally.task.runner [-] Task 49487797-7e81-4501-b2bd-9771e2d84e29 | ITER: 11 START
2019-06-18 09:51:18.102 25909 WARNING rally_openstack.scenarios.neutron.utils [-] Running this scenario without either the 'network' or 'existing_network' context is deprecated
2019-06-18 09:51:18.103 25910 INFO rally.task.runner [-] Task 49487797-7e81-4501-b2bd-9771e2d84e29 | ITER: 7 START
2019-06-18 09:51:18.103 25924 INFO rally.task.runner [-] Task 49487797-7e81-4501-b2bd-9771e2d84e29 | ITER: 12 START
2019-06-18 09:51:18.105 25920 WARNING rally_openstack.scenarios.neutron.utils [-] Running this scenario without either the 'network' or 'existing_network' context is deprecated
2019-06-18 09:51:18.104 25910 WARNING rally_openstack.scenarios.neutron.utils [-] Running this scenario without either the 'network' or 'existing_network' context is deprecated
2019-06-18 09:51:18.104 25932 RALLYDEBUG rally.task.runner [-] Starting a worker. concurrency: 1 args: {"network_create_args": {}, "port_create_args": {}, "ports_per_network": 5} times: 40 method_name: run timeout: 0 duration: None cls:
2019-06-18 09:51:18.105 25924 WARNING rally_openstack.scenarios.neutron.utils [-] Running this scenario without either the 'network' or 'existing_network' context is deprecated
2019-06-18 09:51:18.104 25911 INFO rally.task.runner [-] Task 49487797-7e81-4501-b2bd-9771e2d84e29 | ITER: 9 START
2019-06-18 09:51:18.106 25928 INFO rally.task.runner [-] Task 49487797-7e81-4501-b2bd-9771e2d84e29 | ITER: 13 START
2019-06-18 09:51:18.108 25928 WARNING rally_openstack.scenarios.neutron.utils [-] Running this scenario without either the 'network' or 'existing_network' context is deprecated
2019-06-18 09:51:18.108 25911 WARNING rally_openstack.scenarios.neutron.utils [-] Running this scenario without either the 'network' or 'existing_network' context is deprecated
2019-06-18 09:51:18.111 25932 INFO rally.task.runner [-] Task 49487797-7e81-4501-b2bd-9771e2d84e29 | ITER: 14 START
2019-06-18 09:51:18.113 25932 WARNING rally_openstack.scenarios.neutron.utils [-] Running this scenario without either the 'network' or 'existing_network' context is deprecated
2019-06-18 09:51:18.118 25939 RALLYDEBUG rally.task.runner [-] Starting a worker. concurrency: 1 args: {"network_create_args": {}, "port_create_args": {}, "ports_per_network": 5} times: 40 method_name: run timeout: 0 duration: None cls:
2019-06-18 09:51:18.125 25939 INFO rally.task.runner [-] Task 49487797-7e81-4501-b2bd-9771e2d84e29 | ITER: 15 START
2019-06-18 09:51:18.125 25943 RALLYDEBUG rally.task.runner [-] Starting a worker. concurrency: 1 args: {"network_create_args": {}, "port_create_args": {}, "ports_per_network": 5} times: 40 method_name: run timeout: 0 duration: None cls:
2019-06-18 09:51:18.127 25939 WARNING rally_openstack.scenarios.neutron.utils [-] Running this scenario without either the 'network' or 'existing_network' context is deprecated
2019-06-18 09:51:18.132 25943 INFO rally.task.runner [-] Task 49487797-7e81-4501-b2bd-9771e2d84e29 | ITER: 16 START
2019-06-18 09:51:18.134 25943 WARNING rally_openstack.scenarios.neutron.utils [-] Running this scenario without either the 'network' or 'existing_network' context is deprecated
2019-06-18 09:51:18.135 25946 RALLYDEBUG rally.task.runner [-] Starting a worker. concurrency: 1 args: {"network_create_args": {}, "port_create_args": {}, "ports_per_network": 5} times: 40 method_name: run timeout: 0 duration: None cls:
2019-06-18 09:51:18.139 25949 RALLYDEBUG rally.task.runner [-] Starting a worker. concurrency: 1 args: {"network_create_args": {}, "port_create_args": {}, "ports_per_network": 5} times: 40 method_name: run timeout: 0 duration: None cls:
2019-06-18 09:51:18.142 25946 INFO rally.task.runner [-] Task 49487797-7e81-4501-b2bd-9771e2d84e29 | ITER: 17 START
2019-06-18 09:51:18.144 25946 WARNING rally_openstack.scenarios.neutron.utils [-] Running this scenario without either the 'network' or 'existing_network' context is deprecated
2019-06-18 09:51:18.145 25949 INFO rally.task.runner [-] Task 49487797-7e81-4501-b2bd-9771e2d84e29 | ITER: 18 START
2019-06-18 09:51:18.147 25949 WARNING rally_openstack.scenarios.neutron.utils [-] Running this scenario without either the 'network' or 'existing_network' context is deprecated
2019-06-18 09:51:18.147 25950 RALLYDEBUG rally.task.runner [-] Starting a worker. concurrency: 1 args: {"network_create_args": {}, "port_create_args": {}, "ports_per_network": 5} times: 40 method_name: run timeout: 0 duration: None cls:
2019-06-18 09:51:18.150 25954 RALLYDEBUG rally.task.runner [-] Starting a worker. concurrency: 1 args: {"network_create_args": {}, "port_create_args": {}, "ports_per_network": 5} times: 40 method_name: run timeout: 0 duration: None cls:
2019-06-18 09:51:18.152 25950 INFO rally.task.runner [-] Task 49487797-7e81-4501-b2bd-9771e2d84e29 | ITER: 19 START
2019-06-18 09:51:18.153 25950 WARNING rally_openstack.scenarios.neutron.utils [-] Running this scenario without either the 'network' or 'existing_network' context is deprecated
2019-06-18 09:51:18.155 25954 INFO rally.task.runner [-] Task 49487797-7e81-4501-b2bd-9771e2d84e29 | ITER: 20 START
2019-06-18 09:51:18.156 25954 WARNING rally_openstack.scenarios.neutron.utils [-] Running this scenario without either the 'network' or 'existing_network' context is deprecated
2019-06-18 09:51:27.480 25920 INFO rally.task.runner [-] Task 49487797-7e81-4501-b2bd-9771e2d84e29 | ITER: 11 END: OK
2019-06-18 09:51:27.484 25920 INFO rally.task.runner [-] Task 49487797-7e81-4501-b2bd-9771e2d84e29 | ITER: 21 START
2019-06-18 09:51:27.484 25920 WARNING rally_openstack.scenarios.neutron.utils [-] Running this scenario without either the 'network' or 'existing_network' context is deprecated
2019-06-18 09:51:28.316 25946 INFO rally.task.runner [-] Task 49487797-7e81-4501-b2bd-9771e2d84e29 | ITER: 17 END: OK
2019-06-18 09:51:28.321 25946 INFO rally.task.runner [-] Task 49487797-7e81-4501-b2bd-9771e2d84e29 | ITER: 22 START
2019-06-18 09:51:28.322 25946 WARNING rally_openstack.scenarios.neutron.utils [-] Running this scenario without either the 'network' or 'existing_network' context is deprecated
2019-06-18 09:51:28.577 25943 INFO rally.task.runner [-] Task 49487797-7e81-4501-b2bd-9771e2d84e29 | ITER: 16 END: OK
2019-06-18 09:51:28.581 25943 INFO rally.task.runner [-] Task 49487797-7e81-4501-b2bd-9771e2d84e29 | ITER: 23 START
2019-06-18 09:51:28.582 25943 WARNING rally_openstack.scenarios.neutron.utils [-] Running this scenario without either the 'network' or 'existing_network' context is deprecated
2019-06-18 09:51:28.807 25910 INFO rally.task.runner [-] Task 49487797-7e81-4501-b2bd-9771e2d84e29 | ITER: 7 END: OK
2019-06-18 09:51:28.813 25910 INFO rally.task.runner [-] Task 49487797-7e81-4501-b2bd-9771e2d84e29 | ITER: 24 START
2019-06-18 09:51:28.813 25910 WARNING rally_openstack.scenarios.neutron.utils [-] Running this scenario without either the 'network' or 'existing_network' context is deprecated
2019-06-18 09:51:28.867 25928 INFO rally.task.runner [-] Task 49487797-7e81-4501-b2bd-9771e2d84e29 | ITER: 13 END: OK
2019-06-18 09:51:28.871 25928 INFO rally.task.runner [-] Task 49487797-7e81-4501-b2bd-9771e2d84e29 | ITER: 25 START
2019-06-18 09:51:28.872 25916 INFO rally.task.runner [-] Task 49487797-7e81-4501-b2bd-9771e2d84e29 | ITER: 10 END: OK
2019-06-18 09:51:28.872 25928 WARNING rally_openstack.scenarios.neutron.utils [-] Running this scenario without either the 'network' or 'existing_network' context is deprecated
2019-06-18 09:51:28.876 25916 INFO rally.task.runner [-] Task 49487797-7e81-4501-b2bd-9771e2d84e29 | ITER: 26 START
2019-06-18 09:51:28.877 25916 WARNING rally_openstack.scenarios.neutron.utils [-] Running this scenario without either the 'network' or 'existing_network' context is deprecated
2019-06-18 09:51:29.066 25909 INFO rally.task.runner [-] Task 49487797-7e81-4501-b2bd-9771e2d84e29 | ITER: 2 END: OK
2019-06-18 09:51:29.072 25909 INFO rally.task.runner [-] Task 49487797-7e81-4501-b2bd-9771e2d84e29 | ITER: 27 START
2019-06-18 09:51:29.073 25909 WARNING rally_openstack.scenarios.neutron.utils [-] Running this scenario without either the 'network' or 'existing_network' context is deprecated
2019-06-18 09:51:29.508 25911 INFO rally.task.runner [-] Task 49487797-7e81-4501-b2bd-9771e2d84e29 | ITER: 6 END: OK
2019-06-18 09:51:29.513 25911 INFO rally.task.runner [-] Task 49487797-7e81-4501-b2bd-9771e2d84e29 | ITER: 28 START
2019-06-18 09:51:29.513 25911 WARNING rally_openstack.scenarios.neutron.utils [-] Running this scenario without either the 'network' or 'existing_network' context is deprecated
2019-06-18 09:51:29.692 25932 INFO rally.task.runner [-] Task 49487797-7e81-4501-b2bd-9771e2d84e29 | ITER: 14 END: OK
2019-06-18 09:51:29.697 25932 INFO rally.task.runner [-] Task 49487797-7e81-4501-b2bd-9771e2d84e29 | ITER: 29 START
2019-06-18 09:51:29.698 25932 WARNING rally_openstack.scenarios.neutron.utils [-] Running this scenario without either the 'network' or 'existing_network' context is deprecated
2019-06-18 09:51:29.705 25908 INFO rally.task.runner [-] Task 49487797-7e81-4501-b2bd-9771e2d84e29 | ITER: 3 END: OK
2019-06-18 09:51:29.709 25908 INFO rally.task.runner [-] Task 49487797-7e81-4501-b2bd-9771e2d84e29 | ITER: 30 START
2019-06-18 09:51:29.710 25908 WARNING rally_openstack.scenarios.neutron.utils [-] Running this scenario without either the 'network' or 'existing_network' context is deprecated
2019-06-18 09:51:29.878 25939 INFO rally.task.runner [-] Task 49487797-7e81-4501-b2bd-9771e2d84e29 | ITER: 15 END: OK
2019-06-18 09:51:29.883 25939 INFO rally.task.runner [-] Task 49487797-7e81-4501-b2bd-9771e2d84e29 | ITER: 31 START
2019-06-18 09:51:29.884 25939 WARNING rally_openstack.scenarios.neutron.utils [-] Running this scenario without either the 'network' or 'existing_network' context is deprecated
2019-06-18 09:51:30.253 25954 INFO rally.task.runner [-] Task 49487797-7e81-4501-b2bd-9771e2d84e29 | ITER: 20 END: OK
2019-06-18 09:51:30.258 25954 INFO rally.task.runner [-] Task 49487797-7e81-4501-b2bd-9771e2d84e29 | ITER: 32 START
2019-06-18 09:51:30.259 25954 WARNING rally_openstack.scenarios.neutron.utils [-] Running this scenario without either the 'network' or 'existing_network' context is deprecated
2019-06-18 09:51:30.670 25910 INFO rally.task.runner [-] Task 49487797-7e81-4501-b2bd-9771e2d84e29 | ITER: 4 END: OK
2019-06-18 09:51:30.675 25910 INFO rally.task.runner [-] Task 49487797-7e81-4501-b2bd-9771e2d84e29 | ITER: 33 START
2019-06-18 09:51:30.676 25910 WARNING rally_openstack.scenarios.neutron.utils [-] Running this scenario without either the 'network' or 'existing_network' context is deprecated
2019-06-18 09:51:30.850 25913 INFO rally.task.runner [-] Task 49487797-7e81-4501-b2bd-9771e2d84e29 | ITER: 8 END: OK
2019-06-18 09:51:30.855 25913 INFO rally.task.runner [-] Task 49487797-7e81-4501-b2bd-9771e2d84e29 | ITER: 34 START
2019-06-18 09:51:30.856 25913 WARNING rally_openstack.scenarios.neutron.utils [-] Running this scenario without either the 'network' or 'existing_network' context is deprecated
2019-06-18 09:51:31.803 25909 INFO rally.task.runner [-] Task 49487797-7e81-4501-b2bd-9771e2d84e29 | ITER: 5 END: OK
2019-06-18 09:51:31.806 25909 INFO rally.task.runner [-] Task 49487797-7e81-4501-b2bd-9771e2d84e29 | ITER: 35 START
2019-06-18 09:51:31.807 25909 WARNING rally_openstack.scenarios.neutron.utils [-] Running this scenario without either the 'network' or 'existing_network' context is deprecated
2019-06-18 09:51:32.084 25908 INFO rally.task.runner [-] Task 49487797-7e81-4501-b2bd-9771e2d84e29 | ITER: 1 END: OK
2019-06-18 09:51:32.088 25908 INFO rally.task.runner [-] Task 49487797-7e81-4501-b2bd-9771e2d84e29 | ITER: 36 START
2019-06-18 09:51:32.088 25908 WARNING rally_openstack.scenarios.neutron.utils [-] Running this scenario without either the 'network' or 'existing_network' context is deprecated
2019-06-18 09:51:33.096 25950 INFO rally.task.runner [-] Task 49487797-7e81-4501-b2bd-9771e2d84e29 | ITER: 19 END: OK
2019-06-18 09:51:33.100 25950 INFO rally.task.runner [-] Task 49487797-7e81-4501-b2bd-9771e2d84e29 | ITER: 37 START
2019-06-18 09:51:33.100 25950 WARNING rally_openstack.scenarios.neutron.utils [-] Running this scenario without either the 'network' or 'existing_network' context is deprecated
2019-06-18 09:51:33.378 25911 INFO rally.task.runner [-] Task 49487797-7e81-4501-b2bd-9771e2d84e29 | ITER: 9 END: OK
2019-06-18 09:51:33.382 25911 INFO rally.task.runner [-] Task 49487797-7e81-4501-b2bd-9771e2d84e29 | ITER: 38 START
2019-06-18 09:51:33.382 25911 WARNING rally_openstack.scenarios.neutron.utils [-] Running this scenario without either the 'network' or 'existing_network' context is deprecated
2019-06-18 09:51:33.725 25949 INFO rally.task.runner [-] Task 49487797-7e81-4501-b2bd-9771e2d84e29 | ITER: 18 END: OK
2019-06-18 09:51:33.728 25949 INFO rally.task.runner [-] Task 49487797-7e81-4501-b2bd-9771e2d84e29 | ITER: 39 START
