2019-06-18 09:51:33.729 25949 WARNING rally_openstack.scenarios.neutron.utils [-] Running this scenario without either the 'network' or 'existing_network' context is deprecated
2019-06-18 09:51:34.361 25924 INFO rally.task.runner [-] Task 49487797-7e81-4501-b2bd-9771e2d84e29 | ITER: 12 END: OK
2019-06-18 09:51:34.365 25924 INFO rally.task.runner [-] Task 49487797-7e81-4501-b2bd-9771e2d84e29 | ITER: 40 START
2019-06-18 09:51:34.366 25924 WARNING rally_openstack.scenarios.neutron.utils [-] Running this scenario without either the 'network' or 'existing_network' context is deprecated
2019-06-18 09:51:37.822 25916 INFO rally.task.runner [-] Task 49487797-7e81-4501-b2bd-9771e2d84e29 | ITER: 26 END: OK
2019-06-18 09:51:39.107 25943 INFO rally.task.runner [-] Task 49487797-7e81-4501-b2bd-9771e2d84e29 | ITER: 23 END: OK
2019-06-18 09:51:39.392 25909 INFO rally.task.runner [-] Task 49487797-7e81-4501-b2bd-9771e2d84e29 | ITER: 27 END: OK
2019-06-18 09:51:39.891 25946 INFO rally.task.runner [-] Task 49487797-7e81-4501-b2bd-9771e2d84e29 | ITER: 22 END: OK
2019-06-18 09:51:39.937 25920 INFO rally.task.runner [-] Task 49487797-7e81-4501-b2bd-9771e2d84e29 | ITER: 21 END: OK
2019-06-18 09:51:40.314 25910 INFO rally.task.runner [-] Task 49487797-7e81-4501-b2bd-9771e2d84e29 | ITER: 24 END: OK
2019-06-18 09:51:40.326 25908 INFO rally.task.runner [-] Task 49487797-7e81-4501-b2bd-9771e2d84e29 | ITER: 30 END: OK
2019-06-18 09:51:40.629 25928 INFO rally.task.runner [-] Task 49487797-7e81-4501-b2bd-9771e2d84e29 | ITER: 25 END: OK
2019-06-18 09:51:40.802 25932 INFO rally.task.runner [-] Task 49487797-7e81-4501-b2bd-9771e2d84e29 | ITER: 29 END: OK
2019-06-18 09:51:41.051 25911 INFO rally.task.runner [-] Task 49487797-7e81-4501-b2bd-9771e2d84e29 | ITER: 28 END: OK
2019-06-18 09:51:41.382 25954 INFO rally.task.runner [-] Task 49487797-7e81-4501-b2bd-9771e2d84e29 | ITER: 32 END: OK
2019-06-18 09:51:42.173 25911 INFO rally.task.runner [-] Task 49487797-7e81-4501-b2bd-9771e2d84e29 | ITER: 38 END: OK
2019-06-18 09:51:42.392 25939 INFO rally.task.runner [-] Task 49487797-7e81-4501-b2bd-9771e2d84e29 | ITER: 31 END: OK
2019-06-18 09:51:42.523 25910 INFO rally.task.runner [-] Task 49487797-7e81-4501-b2bd-9771e2d84e29 | ITER: 33 END: OK
2019-06-18 09:51:42.645 25913 INFO rally.task.runner [-] Task 49487797-7e81-4501-b2bd-9771e2d84e29 | ITER: 34 END: OK
2019-06-18 09:51:43.026 25909 INFO rally.task.runner [-] Task 49487797-7e81-4501-b2bd-9771e2d84e29 | ITER: 35 END: OK
2019-06-18 09:51:43.161 25950 INFO rally.task.runner [-] Task 49487797-7e81-4501-b2bd-9771e2d84e29 | ITER: 37 END: OK
2019-06-18 09:51:43.344 25949 INFO rally.task.runner [-] Task 49487797-7e81-4501-b2bd-9771e2d84e29 | ITER: 39 END: OK
2019-06-18 09:51:43.484 25924 INFO rally.task.runner [-] Task 49487797-7e81-4501-b2bd-9771e2d84e29 | ITER: 40 END: OK
2019-06-18 09:51:43.843 25908 INFO rally.task.runner [-] Task 49487797-7e81-4501-b2bd-9771e2d84e29 | ITER: 36 END: OK
2019-06-18 09:51:43.871 21662 INFO rally.task.context [-] Task 49487797-7e81-4501-b2bd-9771e2d84e29 | Context cleanup@openstack cleanup() started
2019-06-18 09:51:43.874 21662 RALLYDEBUG rally_openstack.cleanup.manager [-] Cleaning up neutron vip objects
2019-06-18 09:51:44.373 21662 RALLYDEBUG rally_openstack.cleanup.manager [-] Cleaning up neutron health_monitor objects
2019-06-18 09:51:44.771 21662 RALLYDEBUG rally_openstack.cleanup.manager [-] Cleaning up neutron pool objects
2019-06-18 09:51:45.179 21662 RALLYDEBUG rally_openstack.cleanup.manager [-] Cleaning up neutron loadbalancer objects
2019-06-18 09:51:45.586 21662 RALLYDEBUG rally_openstack.cleanup.manager [-] Cleaning up neutron floatingip objects
2019-06-18 09:51:46.036 21662 RALLYDEBUG rally_openstack.cleanup.manager [-] Cleaning up neutron port objects
2019-06-18 09:51:46.492 21662 RALLYDEBUG rally_openstack.cleanup.manager [-] Cleaning up neutron subnet objects
2019-06-18 09:51:46.921 21662 RALLYDEBUG rally_openstack.cleanup.manager [-] Cleaning up neutron network objects
2019-06-18 09:51:47.633 21662 RALLYDEBUG rally_openstack.cleanup.manager [-] Deleting neutron.network object s_rally_909fd341_BvS6KzrN (586f0b22-dec4-4495-915b-6d07af5d30f9)
2019-06-18 09:51:47.635 21662 RALLYDEBUG rally_openstack.cleanup.manager [-] Deleting neutron.network object s_rally_909fd341_G2ZNNLEz (5f0ff4f2-61e3-4716-8867-1d19c3eeb267)
2019-06-18 09:51:47.635 21662 RALLYDEBUG rally_openstack.cleanup.manager [-] Deleting neutron.network object s_rally_909fd341_o6PWYNI1 (6513fc2e-af0c-4e0d-a1ca-ed4621ce8ec1)
2019-06-18 09:51:47.638 21662 RALLYDEBUG rally_openstack.cleanup.manager [-] Deleting neutron.network object s_rally_909fd341_e4t0ULdp (178a1b15-3e6c-4056-8004-e8681737a37c)
2019-06-18 09:51:47.638 21662 RALLYDEBUG rally_openstack.cleanup.manager [-] Deleting neutron.network object s_rally_909fd341_Leu4N7C3 (735a6e48-db9a-44c4-9800-8edb13774076)
2019-06-18 09:51:47.643 21662 RALLYDEBUG rally_openstack.cleanup.manager [-] Deleting neutron.network object s_rally_909fd341_WVKSiaWH (5bdf6035-c6b8-4734-b4f6-a71144ed353f)
2019-06-18 09:51:47.643 21662 RALLYDEBUG rally_openstack.cleanup.manager [-] Deleting neutron.network object s_rally_909fd341_MKuxKkBs (29eb52a8-88f0-4b82-9f4a-4a7fe1dbb04c)
2019-06-18 09:51:47.643 21662 RALLYDEBUG rally_openstack.cleanup.manager [-] Deleting neutron.network object s_rally_909fd341_lEdPbGAa (761c1e68-4a66-4eac-8365-f72926c7edf7)
2019-06-18 09:51:47.646 21662 RALLYDEBUG rally_openstack.cleanup.manager [-] Deleting neutron.network object s_rally_909fd341_FTe47s62 (84458e64-4930-4524-aeeb-13f658e73bf1)
2019-06-18 09:51:47.646 21662 RALLYDEBUG rally_openstack.cleanup.manager [-] Deleting neutron.network object s_rally_909fd341_uzplfXoG (87a7ff61-1d75-4c9a-ad31-a7468df26237)
2019-06-18 09:51:47.647 21662 RALLYDEBUG rally_openstack.cleanup.manager [-] Deleting neutron.network object s_rally_909fd341_KfMOHmoc (83b65b4b-da6b-427f-9523-2c22c5fac797)
2019-06-18 09:51:47.648 21662 RALLYDEBUG rally_openstack.cleanup.manager [-] Deleting neutron.network object s_rally_909fd341_iJ2qaed8 (3bfa4d2f-a965-4328-a29e-a863646a9390)
2019-06-18 09:51:47.649 21662 RALLYDEBUG rally_openstack.cleanup.manager [-] Deleting neutron.network object s_rally_909fd341_44a7Eis6 (10d8efe6-2e10-462d-8c6e-8597117efa57)
2019-06-18 09:51:47.650 21662 RALLYDEBUG rally_openstack.cleanup.manager [-] Deleting neutron.network object s_rally_909fd341_tpsAWhZ2 (3eedc612-8020-46f7-a4e5-62e646fd4483)
2019-06-18 09:51:47.650 21662 RALLYDEBUG rally_openstack.cleanup.manager [-] Deleting neutron.network object s_rally_909fd341_IS97HrgV (7776c3c6-903a-461d-9822-5f5c3ba28b8b)
2019-06-18 09:51:47.651 21662 RALLYDEBUG rally_openstack.cleanup.manager [-] Deleting neutron.network object s_rally_909fd341_oqTz01If (13f6cdd1-9f0e-464c-bb4a-bb72905c9b1e)
2019-06-18 09:51:47.653 21662 RALLYDEBUG rally_openstack.cleanup.manager [-] Deleting neutron.network object s_rally_909fd341_bvdWxOWw (863016fc-b395-4ba5-8425-cd75c6660aad)
2019-06-18 09:51:47.653 21662 RALLYDEBUG rally_openstack.cleanup.manager [-] Deleting neutron.network object s_rally_909fd341_CycnnFH8 (83fe619f-4c8a-429b-92d2-b9b1e73688d0)
2019-06-18 09:51:47.675 21662 RALLYDEBUG rally_openstack.cleanup.manager [-] Deleting neutron.network object s_rally_909fd341_3t7lX9Zv (64338d65-424a-4981-9f8c-747a6551c352)
2019-06-18 09:51:47.713 21662 RALLYDEBUG rally_openstack.cleanup.manager [-] Deleting neutron.network object s_rally_909fd341_ABWBf1N5 (2a3a789b-fb00-420f-a0db-2da0e4623e8e)
2019-06-18 09:51:49.785 21662 RALLYDEBUG rally_openstack.cleanup.manager [-] Deleting neutron.network object s_rally_909fd341_Mdko5d6s (8a3ed9bf-32ae-4225-a2d5-c7666e360010)
2019-06-18 09:51:50.065 21662 RALLYDEBUG rally_openstack.cleanup.manager [-] Deleting neutron.network object s_rally_909fd341_K6KwKiVu (8cb5abe7-2c85-4b5b-a949-928e16133a84)
2019-06-18 09:51:50.198 21662 RALLYDEBUG rally_openstack.cleanup.manager [-] Deleting neutron.network object s_rally_909fd341_DrL41ekX (8ff9334e-c85e-4cb1-a510-29c52954fe0a)
2019-06-18 09:51:50.296 21662 RALLYDEBUG rally_openstack.cleanup.manager [-] Deleting neutron.network object s_rally_909fd341_mIqf9u0H (9ab84f45-012b-4207-90a4-0e95832f3446)
2019-06-18 09:51:50.312 21662 RALLYDEBUG rally_openstack.cleanup.manager [-] Deleting neutron.network object s_rally_909fd341_U5DhZKbw (9ba17696-91f4-4cf7-bb6c-fac1c2f9a4e0)
2019-06-18 09:51:50.431 21662 RALLYDEBUG rally_openstack.cleanup.manager [-] Deleting neutron.network object s_rally_909fd341_AQAPoy6b (9fce90e6-40a7-4e02-8bbc-4988901b2f0f)
2019-06-18 09:51:50.476 21662 RALLYDEBUG rally_openstack.cleanup.manager [-] Deleting neutron.network object s_rally_909fd341_TARoVKeW (9ff95080-1629-4910-b939-5f19cc95909a)
2019-06-18 09:51:50.633 21662 RALLYDEBUG rally_openstack.cleanup.manager [-] Deleting neutron.network object s_rally_909fd341_OawRl9iF (b05c6bf2-af42-46a8-923a-28a82bed5c03)
2019-06-18 09:51:50.692 21662 RALLYDEBUG rally_openstack.cleanup.manager [-] Deleting neutron.network object s_rally_909fd341_nIZIuTFv (c40f80a3-0021-44ad-8754-f3f574b3d9d2)
2019-06-18 09:51:50.711 21662 RALLYDEBUG rally_openstack.cleanup.manager [-] Deleting neutron.network object s_rally_909fd341_wYCaRtlA (c502c57e-f87c-47d8-b5e6-81e6e302941b)
2019-06-18 09:51:50.842 21662 RALLYDEBUG rally_openstack.cleanup.manager [-] Deleting neutron.network object s_rally_909fd341_XGquAIxD (c573768a-132a-4267-8d35-136139b842c5)
2019-06-18 09:51:50.872 21662 RALLYDEBUG rally_openstack.cleanup.manager [-] Deleting neutron.network object s_rally_909fd341_uOOaDmQM (c65f6750-06a1-4e0e-ae57-8775537be905)
2019-06-18 09:51:50.908 21662 RALLYDEBUG rally_openstack.cleanup.manager [-] Deleting neutron.network object s_rally_909fd341_jtvFzEdP (cb3c7434-9d1d-4a7c-8930-2f37d3b92cdf)
2019-06-18 09:51:51.008 21662 RALLYDEBUG rally_openstack.cleanup.manager [-] Deleting neutron.network object s_rally_909fd341_c9Q3RH2A (d6401ab5-3e64-4908-b1df-7e8a41317f6e)
2019-06-18 09:51:51.051 21662 RALLYDEBUG rally_openstack.cleanup.manager [-] Deleting neutron.network object s_rally_909fd341_Ie3uieU9 (da823416-cbd0-4358-8188-fcc9b3410f08)
2019-06-18 09:51:51.145 21662 RALLYDEBUG rally_openstack.cleanup.manager [-] Deleting neutron.network object s_rally_909fd341_nAfoItSL (daa936f9-dbf5-4e89-a8ec-c245675575c6)
2019-06-18 09:51:51.168 21662 RALLYDEBUG rally_openstack.cleanup.manager [-] Deleting neutron.network object s_rally_909fd341_CeZbt0Cu (ed7ada33-42c4-41b9-b360-df2ff31e3f93)
2019-06-18 09:51:51.236 21662 RALLYDEBUG rally_openstack.cleanup.manager [-] Deleting neutron.network object s_rally_909fd341_7aT5WAQ6 (edb63df8-2684-4fad-bda0-81f2750120b2)
2019-06-18 09:51:51.819 21662 RALLYDEBUG rally_openstack.cleanup.manager [-] Deleting neutron.network object s_rally_909fd341_XkJZhyK3 (edc2e28b-b0be-479f-b28d-2472354c5c8f)
2019-06-18 09:51:51.988 21662 RALLYDEBUG rally_openstack.cleanup.manager [-] Deleting neutron.network object s_rally_909fd341_F9MyQsOH (f7ceb999-3333-44f5-8ebf-53cac6786056)
2019-06-18 09:51:54.355 21662 RALLYDEBUG rally_openstack.cleanup.manager [-] Cleaning up neutron router objects
2019-06-18 09:51:54.809 21662 RALLYDEBUG rally_openstack.cleanup.manager [-] Cleaning up neutron security_group objects
2019-06-18 09:51:55.252 21662 INFO rally.task.context [-] Task 49487797-7e81-4501-b2bd-9771e2d84e29 | Context cleanup@openstack cleanup() finished in 11.38 sec
2019-06-18 09:51:55.252 21662 INFO rally.task.context [-] Task 49487797-7e81-4501-b2bd-9771e2d84e29 | Context quotas@openstack cleanup() started
2019-06-18 09:51:55.344 21662 INFO rally.task.context [-] Task 49487797-7e81-4501-b2bd-9771e2d84e29 | Context quotas@openstack cleanup() finished in 91.69 msec
2019-06-18 09:51:55.345 21662 INFO rally.task.context [-] Task 49487797-7e81-4501-b2bd-9771e2d84e29 | Context users@openstack cleanup() started
2019-06-18 09:51:58.217 21662 INFO rally.task.context [-] Task 49487797-7e81-4501-b2bd-9771e2d84e29 | Context users@openstack cleanup() finished in 2.87 sec
2019-06-18 09:51:59.284 21662 INFO rally.task.engine [-] Load duration is: 25.757144
2019-06-18 09:51:59.284 21662 INFO rally.task.engine [-] Full runner duration is: 25.814196
2019-06-18 09:51:59.284 21662 INFO rally.task.engine [-] Full duration is: 43.11382
2019-06-18 09:51:59.708 21662 INFO rally.task.engine [-] Running workload: position = 0 config = { "version": 2, "title": "A cropped version of a bigger task.", "description": "Auto-generated task from a single workload (uuid=3eff0d21-16cb-4275-85ae-dbb6d1a4c1db)", "subtasks": [ { "title": "Quotas.neutron_update", "description": "Update quotas for neutron.", "scenario": { "Quotas.neutron_update": { "max_quota": 1024 } }, "contexts": { "users": { "tenants": 20, "users_per_tenant": 1 } }, "runner": { "constant": { "times": 40, "concurrency": 20 } }, "hooks": [], "sla": { "failure_rate": { "max": 0 } } } ] }
2019-06-18 09:51:59.734 21662 RALLYDEBUG rally_openstack.contexts.keystone.users [-] Creating 20 tenants using 20 threads
2019-06-18 09:52:02.269 21662 RALLYDEBUG rally_openstack.contexts.keystone.users [-] Creating 20 users using 20 threads
2019-06-18 09:52:05.232 21662 INFO rally.task.context [-] Task 49487797-7e81-4501-b2bd-9771e2d84e29 | Context users@openstack setup() finished in 5.50 sec
2019-06-18 09:52:05.232 21662 INFO rally.task.context [-] Task 49487797-7e81-4501-b2bd-9771e2d84e29 | Context admin_cleanup@openstack setup() finished in 0.00 msec
2019-06-18 09:52:05.240 21662 RALLYDEBUG rally.task.runner [-] Starting the constant runner (task UUID: 49487797-7e81-4501-b2bd-9771e2d84e29). timeout: 0 concurrency: 20 concurrency_per_worker: 1 times: 40 concurrency_overhead: 4 processes_to_start: 16 max_cpu_used: 16
2019-06-18 09:52:05.255 26278 RALLYDEBUG rally.task.runner [-] Starting a worker. concurrency: 2 args: {"max_quota": 1024} times: 40 method_name: run timeout: 0 duration: None cls:
2019-06-18 09:52:05.258 26279 RALLYDEBUG rally.task.runner [-] Starting a worker. concurrency: 2 args: {"max_quota": 1024} times: 40 method_name: run timeout: 0 duration: None cls:
2019-06-18 09:52:05.262 26280 RALLYDEBUG rally.task.runner [-] Starting a worker. concurrency: 2 args: {"max_quota": 1024} times: 40 method_name: run timeout: 0 duration: None cls:
2019-06-18 09:52:05.264 26281 RALLYDEBUG rally.task.runner [-] Starting a worker. concurrency: 2 args: {"max_quota": 1024} times: 40 method_name: run timeout: 0 duration: None cls:
2019-06-18 09:52:05.268 26282 RALLYDEBUG rally.task.runner [-] Starting a worker. concurrency: 1 args: {"max_quota": 1024} times: 40 method_name: run timeout: 0 duration: None cls:
2019-06-18 09:52:05.269 26279 INFO rally.task.runner [-] Task 49487797-7e81-4501-b2bd-9771e2d84e29 | ITER: 2 START
2019-06-18 09:52:05.272 26280 INFO rally.task.runner [-] Task 49487797-7e81-4501-b2bd-9771e2d84e29 | ITER: 3 START
2019-06-18 09:52:05.272 26283 RALLYDEBUG rally.task.runner [-] Starting a worker. concurrency: 1 args: {"max_quota": 1024} times: 40 method_name: run timeout: 0 duration: None cls:
2019-06-18 09:52:05.275 26278 INFO rally.task.runner [-] Task 49487797-7e81-4501-b2bd-9771e2d84e29 | ITER: 1 START
2019-06-18 09:52:05.275 26281 INFO rally.task.runner [-] Task 49487797-7e81-4501-b2bd-9771e2d84e29 | ITER: 5 START
2019-06-18 09:52:05.276 26286 RALLYDEBUG rally.task.runner [-] Starting a worker. concurrency: 1 args: {"max_quota": 1024} times: 40 method_name: run timeout: 0 duration: None cls:
2019-06-18 09:52:05.282 26278 INFO rally.task.runner [-] Task 49487797-7e81-4501-b2bd-9771e2d84e29 | ITER: 4 START
2019-06-18 09:52:05.284 26294 RALLYDEBUG rally.task.runner [-] Starting a worker. concurrency: 1 args: {"max_quota": 1024} times: 40 method_name: run timeout: 0 duration: None cls:
2019-06-18 09:52:05.289 26286 INFO rally.task.runner [-] Task 49487797-7e81-4501-b2bd-9771e2d84e29 | ITER: 11 START
2019-06-18 09:52:05.291 26283 INFO rally.task.runner [-] Task 49487797-7e81-4501-b2bd-9771e2d84e29 | ITER: 10 START
2019-06-18 09:52:05.290 26282 INFO rally.task.runner [-] Task 49487797-7e81-4501-b2bd-9771e2d84e29 | ITER: 7 START
2019-06-18 09:52:05.292 26295 RALLYDEBUG rally.task.runner [-] Starting a worker. concurrency: 1 args: {"max_quota": 1024} times: 40 method_name: run timeout: 0 duration: None cls:
2019-06-18 09:52:05.294 26280 INFO rally.task.runner [-] Task 49487797-7e81-4501-b2bd-9771e2d84e29 | ITER: 8 START
2019-06-18 09:52:05.296 26294 INFO rally.task.runner [-] Task 49487797-7e81-4501-b2bd-9771e2d84e29 | ITER: 12 START
2019-06-18 09:52:05.297 26281 INFO rally.task.runner [-] Task 49487797-7e81-4501-b2bd-9771e2d84e29 | ITER: 9 START
2019-06-18 09:52:05.297 26301 RALLYDEBUG rally.task.runner [-] Starting a worker. concurrency: 1 args: {"max_quota": 1024} times: 40 method_name: run timeout: 0 duration: None cls:
2019-06-18 09:52:05.302 26305 RALLYDEBUG rally.task.runner [-] Starting a worker. concurrency: 1 args: {"max_quota": 1024} times: 40 method_name: run timeout: 0 duration: None cls:
2019-06-18 09:52:05.302 26279 INFO rally.task.runner [-] Task 49487797-7e81-4501-b2bd-9771e2d84e29 | ITER: 6 START
2019-06-18 09:52:05.305 26295 INFO rally.task.runner [-] Task 49487797-7e81-4501-b2bd-9771e2d84e29 | ITER: 13 START
2019-06-18 09:52:05.307 26301 INFO rally.task.runner [-] Task 49487797-7e81-4501-b2bd-9771e2d84e29 | ITER: 14 START
2019-06-18 09:52:05.309 26309 RALLYDEBUG rally.task.runner [-] Starting a worker. concurrency: 1 args: {"max_quota": 1024} times: 40 method_name: run timeout: 0 duration: None cls:
2019-06-18 09:52:05.314 26305 INFO rally.task.runner [-] Task 49487797-7e81-4501-b2bd-9771e2d84e29 | ITER: 15 START
2019-06-18 09:52:05.319 26314 RALLYDEBUG rally.task.runner [-] Starting a worker. concurrency: 1 args: {"max_quota": 1024} times: 40 method_name: run timeout: 0 duration: None cls:
2019-06-18 09:52:05.321 26309 INFO rally.task.runner [-] Task 49487797-7e81-4501-b2bd-9771e2d84e29 | ITER: 16 START
2019-06-18 09:52:05.326 26317 RALLYDEBUG rally.task.runner [-] Starting a worker. concurrency: 1 args: {"max_quota": 1024} times: 40 method_name: run timeout: 0 duration: None cls:
2019-06-18 09:52:05.328 26314 INFO rally.task.runner [-] Task 49487797-7e81-4501-b2bd-9771e2d84e29 | ITER: 17 START
2019-06-18 09:52:05.334 26320 RALLYDEBUG rally.task.runner [-] Starting a worker. concurrency: 1 args: {"max_quota": 1024} times: 40 method_name: run timeout: 0 duration: None cls:
2019-06-18 09:52:05.335 26317 INFO rally.task.runner [-] Task 49487797-7e81-4501-b2bd-9771e2d84e29 | ITER: 18 START
2019-06-18 09:52:05.339 26323 RALLYDEBUG rally.task.runner [-] Starting a worker. concurrency: 1 args: {"max_quota": 1024} times: 40 method_name: run timeout: 0 duration: None cls:
2019-06-18 09:52:05.344 26320 INFO rally.task.runner [-] Task 49487797-7e81-4501-b2bd-9771e2d84e29 | ITER: 19 START
2019-06-18 09:52:05.346 26323 INFO rally.task.runner [-] Task 49487797-7e81-4501-b2bd-9771e2d84e29 | ITER: 20 START
2019-06-18 09:52:05.834 26279 INFO rally.task.runner [-] Task 49487797-7e81-4501-b2bd-9771e2d84e29 | ITER: 2 END: OK
2019-06-18 09:52:05.844 26279 INFO rally.task.runner [-] Task 49487797-7e81-4501-b2bd-9771e2d84e29 | ITER: 6 END: OK
2019-06-18 09:52:05.848 26279 INFO rally.task.runner [-] Task 49487797-7e81-4501-b2bd-9771e2d84e29 | ITER: 21 START
2019-06-18 09:52:05.867 26279 INFO rally.task.runner [-] Task 49487797-7e81-4501-b2bd-9771e2d84e29 | ITER: 22 START
2019-06-18 09:52:05.877 26283 INFO rally.task.runner [-] Task 49487797-7e81-4501-b2bd-9771e2d84e29 | ITER: 10 END: OK
2019-06-18 09:52:05.884 26283 INFO rally.task.runner [-] Task 49487797-7e81-4501-b2bd-9771e2d84e29 | ITER: 23 START
2019-06-18 09:52:05.949 26294 INFO rally.task.runner [-] Task 49487797-7e81-4501-b2bd-9771e2d84e29 | ITER: 12 END: OK
2019-06-18 09:52:05.956 26294 INFO rally.task.runner [-] Task 49487797-7e81-4501-b2bd-9771e2d84e29 | ITER: 24 START
2019-06-18 09:52:05.969 26278 INFO rally.task.runner [-] Task 49487797-7e81-4501-b2bd-9771e2d84e29 | ITER: 4 END: OK
2019-06-18 09:52:05.977 26278 INFO rally.task.runner [-] Task 49487797-7e81-4501-b2bd-9771e2d84e29 | ITER: 25 START
2019-06-18 09:52:05.984 26295 INFO rally.task.runner [-] Task 49487797-7e81-4501-b2bd-9771e2d84e29 | ITER: 13 END: OK
2019-06-18 09:52:05.991 26295 INFO rally.task.runner [-] Task 49487797-7e81-4501-b2bd-9771e2d84e29 | ITER: 26 START
2019-06-18 09:52:06.004 26278 INFO rally.task.runner [-] Task 49487797-7e81-4501-b2bd-9771e2d84e29 | ITER: 1 END: OK
2019-06-18 09:52:06.011 26278 INFO rally.task.runner [-] Task 49487797-7e81-4501-b2bd-9771e2d84e29 | ITER: 27 START
2019-06-18 09:52:06.014 26286 INFO rally.task.runner [-] Task 49487797-7e81-4501-b2bd-9771e2d84e29 | ITER: 11 END: OK
2019-06-18 09:52:06.021 26286 INFO rally.task.runner [-] Task 49487797-7e81-4501-b2bd-9771e2d84e29 | ITER: 28 START
2019-06-18 09:52:06.023 26305 INFO rally.task.runner [-] Task 49487797-7e81-4501-b2bd-9771e2d84e29 | ITER: 15 END: OK
2019-06-18 09:52:06.030 26305 INFO rally.task.runner [-] Task 49487797-7e81-4501-b2bd-9771e2d84e29 | ITER: 29 START
2019-06-18 09:52:06.036 26301 INFO rally.task.runner [-] Task 49487797-7e81-4501-b2bd-9771e2d84e29 | ITER: 14 END: OK
2019-06-18 09:52:06.042 26301 INFO rally.task.runner [-] Task 49487797-7e81-4501-b2bd-9771e2d84e29 | ITER: 30 START
2019-06-18 09:52:06.049 26317 INFO rally.task.runner [-] Task 49487797-7e81-4501-b2bd-9771e2d84e29 | ITER: 18 END: OK
2019-06-18 09:52:06.055 26317 INFO rally.task.runner [-] Task 49487797-7e81-4501-b2bd-9771e2d84e29 | ITER: 31 START
2019-06-18 09:52:06.055 26282 INFO rally.task.runner [-] Task 49487797-7e81-4501-b2bd-9771e2d84e29 | ITER: 7 END: OK
2019-06-18 09:52:06.061 26282 INFO rally.task.runner [-] Task 49487797-7e81-4501-b2bd-9771e2d84e29 | ITER: 32 START
2019-06-18 09:52:06.124 26280 INFO rally.task.runner [-] Task 49487797-7e81-4501-b2bd-9771e2d84e29 | ITER: 8 END: OK
2019-06-18 09:52:06.132 26280 INFO rally.task.runner [-] Task 49487797-7e81-4501-b2bd-9771e2d84e29 | ITER: 33 START
2019-06-18 09:52:06.151 26323 INFO rally.task.runner [-] Task 49487797-7e81-4501-b2bd-9771e2d84e29 | ITER: 20 END: OK
2019-06-18 09:52:06.158 26323 INFO rally.task.runner [-] Task 49487797-7e81-4501-b2bd-9771e2d84e29 | ITER: 34 START
2019-06-18 09:52:06.175 26280 INFO rally.task.runner [-] Task 49487797-7e81-4501-b2bd-9771e2d84e29 | ITER: 3 END: OK
2019-06-18 09:52:06.182 26280 INFO rally.task.runner [-] Task 49487797-7e81-4501-b2bd-9771e2d84e29 | ITER: 35 START
2019-06-18 09:52:06.204 26309 INFO rally.task.runner [-] Task 49487797-7e81-4501-b2bd-9771e2d84e29 | ITER: 16 END: OK
2019-06-18 09:52:06.212 26309 INFO rally.task.runner [-] Task 49487797-7e81-4501-b2bd-9771e2d84e29 | ITER: 36 START
2019-06-18 09:52:06.251 26281 INFO rally.task.runner [-] Task 49487797-7e81-4501-b2bd-9771e2d84e29 | ITER: 5 END: OK
2019-06-18 09:52:06.258 26281 INFO rally.task.runner [-] Task 49487797-7e81-4501-b2bd-9771e2d84e29 | ITER: 37 START
2019-06-18 09:52:06.283 26314 INFO rally.task.runner [-] Task 49487797-7e81-4501-b2bd-9771e2d84e29 | ITER: 17 END: OK
2019-06-18 09:52:06.291 26314 INFO rally.task.runner [-] Task 49487797-7e81-4501-b2bd-9771e2d84e29 | ITER: 38 START
2019-06-18 09:52:06.353 26281 INFO rally.task.runner [-] Task 49487797-7e81-4501-b2bd-9771e2d84e29 | ITER: 9 END: OK
2019-06-18 09:52:06.361 26281 INFO rally.task.runner [-] Task 49487797-7e81-4501-b2bd-9771e2d84e29 | ITER: 39 START
2019-06-18 09:52:06.371 26279 INFO rally.task.runner [-] Task 49487797-7e81-4501-b2bd-9771e2d84e29 | ITER: 22 END: OK
2019-06-18 09:52:06.377 26279 INFO rally.task.runner [-] Task 49487797-7e81-4501-b2bd-9771e2d84e29 | ITER: 40 START
2019-06-18 09:52:06.410 26320 INFO rally.task.runner [-] Task 49487797-7e81-4501-b2bd-9771e2d84e29 | ITER: 19 END: OK
2019-06-18 09:52:06.476 26279 INFO rally.task.runner [-] Task 49487797-7e81-4501-b2bd-9771e2d84e29 | ITER: 21 END: OK
2019-06-18 09:52:06.548 26278 INFO rally.task.runner [-] Task 49487797-7e81-4501-b2bd-9771e2d84e29 | ITER: 27 END: OK
2019-06-18 09:52:06.555 26305 INFO rally.task.runner [-] Task 49487797-7e81-4501-b2bd-9771e2d84e29 | ITER: 29 END: OK
2019-06-18 09:52:06.575 26294 INFO rally.task.runner [-] Task 49487797-7e81-4501-b2bd-9771e2d84e29 | ITER: 24 END: OK
2019-06-18 09:52:06.607 26295 INFO rally.task.runner [-] Task 49487797-7e81-4501-b2bd-9771e2d84e29 | ITER: 26 END: OK
2019-06-18 09:52:06.617 26317 INFO rally.task.runner [-] Task 49487797-7e81-4501-b2bd-9771e2d84e29 | ITER: 31 END: OK
2019-06-18 09:52:06.697 26309 INFO rally.task.runner [-] Task 49487797-7e81-4501-b2bd-9771e2d84e29 | ITER: 36 END: OK
2019-06-18 09:52:06.718 26278 INFO rally.task.runner [-] Task 49487797-7e81-4501-b2bd-9771e2d84e29 | ITER: 25 END: OK
2019-06-18 09:52:06.746 26286 INFO rally.task.runner [-] Task 49487797-7e81-4501-b2bd-9771e2d84e29 | ITER: 28 END: OK
2019-06-18 09:52:06.757 26282 INFO rally.task.runner [-] Task 49487797-7e81-4501-b2bd-9771e2d84e29 | ITER: 32 END: OK
2019-06-18 09:52:06.815 26280 INFO rally.task.runner [-] Task 49487797-7e81-4501-b2bd-9771e2d84e29 | ITER: 35 END: OK
2019-06-18 09:52:06.837 26323 INFO rally.task.runner [-] Task 49487797-7e81-4501-b2bd-9771e2d84e29 | ITER: 34 END: OK
2019-06-18 09:52:06.856 26314 INFO rally.task.runner [-] Task 49487797-7e81-4501-b2bd-9771e2d84e29 | ITER: 38 END: OK
2019-06-18 09:52:06.925 26283 INFO rally.task.runner [-] Task 49487797-7e81-4501-b2bd-9771e2d84e29 | ITER: 23 END: OK
2019-06-18 09:52:06.970 26280 INFO rally.task.runner [-] Task 49487797-7e81-4501-b2bd-9771e2d84e29 | ITER: 33 END: OK
2019-06-18 09:52:06.986 26301 INFO rally.task.runner [-] Task 49487797-7e81-4501-b2bd-9771e2d84e29 | ITER: 30 END: OK
2019-06-18 09:52:07.122 26281 INFO rally.task.runner [-] Task 49487797-7e81-4501-b2bd-9771e2d84e29 | ITER: 39 END: OK
2019-06-18 09:52:07.126 26279 INFO rally.task.runner [-] Task 49487797-7e81-4501-b2bd-9771e2d84e29 | ITER: 40 END: OK
2019-06-18 09:52:07.129 26281 INFO rally.task.runner [-] Task 49487797-7e81-4501-b2bd-9771e2d84e29 | ITER: 37 END: OK
2019-06-18 09:52:07.150 21662 INFO rally.task.context [-] Task 49487797-7e81-4501-b2bd-9771e2d84e29 | Context admin_cleanup@openstack cleanup() started
2019-06-18 09:52:07.153 21662 RALLYDEBUG rally_openstack.cleanup.manager [-] Cleaning up neutron quota objects
2019-06-18 09:52:08.824 21662 INFO rally.task.context [-] Task 49487797-7e81-4501-b2bd-9771e2d84e29 | Context admin_cleanup@openstack cleanup() finished in 1.67 sec
2019-06-18 09:52:08.825 21662 INFO rally.task.context [-] Task 49487797-7e81-4501-b2bd-9771e2d84e29 | Context users@openstack cleanup() started
2019-06-18 09:52:32.755 21662 INFO rally.task.context [-] Task 49487797-7e81-4501-b2bd-9771e2d84e29 | Context users@openstack cleanup() finished in 23.93 sec
2019-06-18 09:52:33.901 21662 INFO rally.task.engine [-] Load duration is: 1.857812
2019-06-18 09:52:33.902 21662 INFO rally.task.engine [-] Full runner duration is: 1.909533
2019-06-18 09:52:33.902 21662 INFO rally.task.engine [-] Full duration is: 33.026457
2019-06-18 09:52:34.307 21662 INFO rally.task.engine [-] Running workload: position = 0 config = { "version": 2, "title": "A cropped version of a bigger task.", "description": "Auto-generated task from a single workload (uuid=9a3dbb6a-9d61-403d-a6d4-accc8a9af7a1)", "subtasks": [ { "title": "NeutronTrunks.create_and_list_trunk_subports", "description": "", "scenario": { "NeutronTrunks.create_and_list_trunk_subports": { "subport_count": 125 } }, "contexts": { "users": { "tenants": 1, "users_per_tenant": 1 }, "quotas": { "neutron": { "network": -1, "port": 1000 } } }, "runner": { "constant": { "times": 4, "concurrency": 4 } }, "hooks": [], "sla": { "failure_rate": { "max": 0 } } } ] }
2019-06-18 09:52:34.334 21662 RALLYDEBUG rally_openstack.contexts.keystone.users [-] Creating 1 tenants using 20 threads
2019-06-18 09:52:35.289 21662 RALLYDEBUG rally_openstack.contexts.keystone.users [-] Creating 1 users using 20 threads
2019-06-18 09:52:36.752 21662 INFO rally.task.context [-] Task 49487797-7e81-4501-b2bd-9771e2d84e29 | Context users@openstack setup() finished in 2.42 sec
2019-06-18 09:52:37.304 21662 INFO rally.task.context [-] Task 49487797-7e81-4501-b2bd-9771e2d84e29 | Context quotas@openstack setup() finished in 0.55 sec
2019-06-18 09:52:37.305 21662 INFO rally.task.context [-] Task 49487797-7e81-4501-b2bd-9771e2d84e29 | Context cleanup@openstack setup() finished in 0.01 msec
2019-06-18 09:52:37.313 21662 RALLYDEBUG rally.task.runner [-] Starting the constant runner (task UUID: 49487797-7e81-4501-b2bd-9771e2d84e29). timeout: 0 concurrency: 4 concurrency_per_worker: 1 times: 4 concurrency_overhead: 0 processes_to_start: 4 max_cpu_used: 16
2019-06-18 09:52:37.328 26468 RALLYDEBUG rally.task.runner [-] Starting a worker. concurrency: 1 args: {"subport_count": 125} times: 4 method_name: run timeout: 0 duration: None cls:
2019-06-18 09:52:37.331 26469 RALLYDEBUG rally.task.runner [-] Starting a worker. concurrency: 1 args: {"subport_count": 125} times: 4 method_name: run timeout: 0 duration: None cls:
2019-06-18 09:52:37.333 26470 RALLYDEBUG rally.task.runner [-] Starting a worker. concurrency: 1 args: {"subport_count": 125} times: 4 method_name: run timeout: 0 duration: None cls:
2019-06-18 09:52:37.334 26468 INFO rally.task.runner [-] Task 49487797-7e81-4501-b2bd-9771e2d84e29 | ITER: 1 START
2019-06-18 09:52:37.337 26471 RALLYDEBUG rally.task.runner [-] Starting a worker. concurrency: 1 args: {"subport_count": 125} times: 4 method_name: run timeout: 0 duration: None cls:
2019-06-18 09:52:37.338 26469 INFO rally.task.runner [-] Task 49487797-7e81-4501-b2bd-9771e2d84e29 | ITER: 2 START
2019-06-18 09:52:37.340 26470 INFO rally.task.runner [-] Task 49487797-7e81-4501-b2bd-9771e2d84e29 | ITER: 3 START
2019-06-18 09:52:37.343 26471 INFO rally.task.runner [-] Task 49487797-7e81-4501-b2bd-9771e2d84e29 | ITER: 4 START
2019-06-18 09:54:21.176 26468 WARNING rally.task.atomic [-] 'optional_action_timer' is deprecated since rally v0.10.0.Please use action_timer instead, we have improved atomic actions, now do not need to explicitly close original action.
2019-06-18 09:54:21.211 26468 WARNING rally.task.atomic [-] 'optional_action_timer' is deprecated since rally v0.10.0.Please use action_timer instead, we have improved atomic actions, now do not need to explicitly close original action.
2019-06-18 09:54:21.701 26468 INFO rally.task.runner [-] Task 49487797-7e81-4501-b2bd-9771e2d84e29 | ITER: 1 END: OK
2019-06-18 09:54:23.681 26471 WARNING rally.task.atomic [-] 'optional_action_timer' is deprecated since rally v0.10.0.Please use action_timer instead, we have improved atomic actions, now do not need to explicitly close original action.
2019-06-18 09:54:23.719 26471 WARNING rally.task.atomic [-] 'optional_action_timer' is deprecated since rally v0.10.0.Please use action_timer instead, we have improved atomic actions, now do not need to explicitly close original action.
2019-06-18 09:54:24.488 26471 INFO rally.task.runner [-] Task 49487797-7e81-4501-b2bd-9771e2d84e29 | ITER: 4 END: OK
2019-06-18 09:54:30.702 26470 WARNING rally.task.atomic [-] 'optional_action_timer' is deprecated since rally v0.10.0.Please use action_timer instead, we have improved atomic actions, now do not need to explicitly close original action.
2019-06-18 09:54:30.749 26470 WARNING rally.task.atomic [-] 'optional_action_timer' is deprecated since rally v0.10.0.Please use action_timer instead, we have improved atomic actions, now do not need to explicitly close original action.
2019-06-18 09:54:31.304 26470 INFO rally.task.runner [-] Task 49487797-7e81-4501-b2bd-9771e2d84e29 | ITER: 3 END: OK
2019-06-18 09:54:35.240 26469 WARNING rally.task.atomic [-] 'optional_action_timer' is deprecated since rally v0.10.0.Please use action_timer instead, we have improved atomic actions, now do not need to explicitly close original action.
2019-06-18 09:54:35.276 26469 WARNING rally.task.atomic [-] 'optional_action_timer' is deprecated since rally v0.10.0.Please use action_timer instead, we have improved atomic actions, now do not need to explicitly close original action.
2019-06-18 09:54:35.796 26469 INFO rally.task.runner [-] Task 49487797-7e81-4501-b2bd-9771e2d84e29 | ITER: 2 END: OK
2019-06-18 09:54:35.820 21662 INFO rally.task.context [-] Task 49487797-7e81-4501-b2bd-9771e2d84e29 | Context cleanup@openstack cleanup() started
2019-06-18 09:54:35.823 21662 RALLYDEBUG rally_openstack.cleanup.manager [-] Cleaning up neutron vip objects
2019-06-18 09:54:36.241 21662 RALLYDEBUG rally_openstack.cleanup.manager [-] Cleaning up neutron health_monitor objects
2019-06-18 09:54:36.657 21662 RALLYDEBUG rally_openstack.cleanup.manager [-] Cleaning up neutron pool objects
2019-06-18 09:54:37.064 21662 RALLYDEBUG rally_openstack.cleanup.manager [-] Cleaning up neutron loadbalancer objects
2019-06-18 09:54:37.469 21662 RALLYDEBUG rally_openstack.cleanup.manager [-] Cleaning up neutron floatingip objects
2019-06-18 09:54:38.215 21662 RALLYDEBUG rally_openstack.cleanup.manager [-] Cleaning up neutron port objects
2019-06-18 09:54:39.522 21662 RALLYDEBUG rally_openstack.cleanup.manager [-] Deleting neutron.port object s_rally_9a3dbb6a_BMjjlo9G (026c47f2-bbee-4be5-935a-4d36fa1928eb)
2019-06-18 09:54:39.523 21662 RALLYDEBUG rally_openstack.cleanup.manager [-] Deleting neutron.port object s_rally_9a3dbb6a_U6450GTQ (04cee0d8-24d5-4f05-bae6-de221bda9aae)
2019-06-18 09:54:39.529 21662 RALLYDEBUG rally_openstack.cleanup.manager [-] Deleting neutron.port object s_rally_9a3dbb6a_fi5MCBKD (07b3867a-8942-408f-96d8-29350bf1fa17)
2019-06-18 09:54:39.530 21662 RALLYDEBUG rally_openstack.cleanup.manager [-] Deleting neutron.port object s_rally_9a3dbb6a_kElDHsAE (01abfc79-7538-4b3c-b958-5749e4480cd1)
2019-06-18 09:54:39.533 21662 RALLYDEBUG rally_openstack.cleanup.manager [-] Deleting neutron.port object s_rally_9a3dbb6a_fNcjkBdV (015866f3-6b2b-435d-bbb1-2fb41f1015b3)
2019-06-18 09:54:39.540 21662 RALLYDEBUG rally_openstack.cleanup.manager [-] Deleting neutron.port object s_rally_9a3dbb6a_vKVHUxs8 (016b0acf-5956-45c7-ae7c-71a7ebd57b79)
2019-06-18 09:54:39.543 21662 RALLYDEBUG rally_openstack.cleanup.manager [-] Deleting neutron.port object s_rally_9a3dbb6a_JhLrbBzG (056238fd-a308-46dc-8800-5867005f47f1)
2019-06-18 09:54:39.566 21662 RALLYDEBUG rally_openstack.cleanup.manager [-] Deleting neutron.port object s_rally_9a3dbb6a_Cw4k5Exx (073d1af4-44da-423a-bc15-02ce4dc8d85e)
2019-06-18 09:54:39.571 21662 RALLYDEBUG rally_openstack.cleanup.manager [-] Deleting neutron.port object s_rally_9a3dbb6a_vWqmE31E (05925a8e-e553-482a-ad1c-4251453470e6)
2019-06-18 09:54:39.577 21662 RALLYDEBUG rally_openstack.cleanup.manager [-] Deleting neutron.port object s_rally_9a3dbb6a_UY30BGt0 (05dfbb47-58b8-4461-a2d1-7b4e10ad3c8a)
2019-06-18 09:54:39.603 21662 RALLYDEBUG rally_openstack.cleanup.manager [-] Deleting neutron.port object s_rally_9a3dbb6a_7FonZ5xY (0319efe3-bd33-4ed9-8d79-7b5528e68da6)
2019-06-18 09:54:39.604 21662 RALLYDEBUG rally_openstack.cleanup.manager [-] Deleting neutron.port object s_rally_9a3dbb6a_0XGqakA9 (095046c0-1e4e-4929-8a49-16285eb904a6)
2019-06-18 09:54:39.615 21662 RALLYDEBUG rally_openstack.cleanup.manager [-] Deleting neutron.port object s_rally_9a3dbb6a_kz967L1m (08a0db4d-a291-4a34-9f45-da2aa9ecf061)
2019-06-18 09:54:39.626 21662 RALLYDEBUG rally_openstack.cleanup.manager [-] Deleting neutron.port object s_rally_9a3dbb6a_8PXFgybR (02c8a087-572c-46f0-8037-7e97415fa84f)
2019-06-18 09:54:39.636 21662 RALLYDEBUG rally_openstack.cleanup.manager [-] Deleting neutron.port object s_rally_9a3dbb6a_ahQwY7eY (03c018d4-c067-4f28-aaf1-95a5bd81da8f)
2019-06-18 09:54:39.640 21662 RALLYDEBUG rally_openstack.cleanup.manager [-] Deleting neutron.port object s_rally_9a3dbb6a_waTrbcK8 (05a0f293-efbe-4a8e-b108-1011fa7071fb)
2019-06-18 09:54:39.658 21662 RALLYDEBUG rally_openstack.cleanup.manager [-] Deleting neutron.port object s_rally_9a3dbb6a_KmSq1wtB (00e9aa33-8112-4318-85f1-e6f51c1d00a7)
2019-06-18 09:54:39.663 21662 RALLYDEBUG rally_openstack.cleanup.manager [-] Deleting neutron.port object s_rally_9a3dbb6a_1Up3k7r0 (097f50fa-c5f8-4c7f-a58e-80008b3c28fa)
2019-06-18 09:54:39.692 21662 RALLYDEBUG rally_openstack.cleanup.manager [-] Deleting neutron.port object s_rally_9a3dbb6a_a290a1Hm (0b4d3f5b-e74c-48b6-81f8-4ab92025962f)
2019-06-18 09:54:39.706 21662 RALLYDEBUG rally_openstack.cleanup.manager [-] Deleting neutron.port object s_rally_9a3dbb6a_JDTsXGM7 (0ac2561c-c172-4ea3-8ebb-f7b011cc95a5)
2019-06-18 09:54:41.872 21662 RALLYDEBUG rally_openstack.cleanup.manager [-] Deleting neutron.port object s_rally_9a3dbb6a_qrRWDzK5 (0cba82ef-b699-40c0-87f4-3648552dff11)
2019-06-18 09:54:42.055 21662 RALLYDEBUG rally_openstack.cleanup.manager [-] Deleting neutron.port object s_rally_9a3dbb6a_KKI1b1ZF (0d0c972f-df6b-424e-8b8e-4527f2cfa145)
2019-06-18 09:54:42.265 21662 RALLYDEBUG rally_openstack.cleanup.manager [-] Deleting neutron.port object s_rally_9a3dbb6a_IFcQ9Aq6 (0d9a37d9-8673-4c5a-8368-536360ed7892)
2019-06-18 09:54:42.265 21662 RALLYDEBUG rally_openstack.cleanup.manager [-] Deleting neutron.port object s_rally_9a3dbb6a_EyQV2ZPT (0d4b2e00-57e8-472a-9790-7f1fa0bea2c9)
2019-06-18 09:54:42.376 21662 RALLYDEBUG rally_openstack.cleanup.manager [-] Deleting neutron.port object s_rally_9a3dbb6a_5lBsQs6o (0dbb7c6f-cf96-48ad-91c3-40051619277f)
2019-06-18 09:54:42.411 21662 RALLYDEBUG rally_openstack.cleanup.manager [-] Deleting neutron.port object s_rally_9a3dbb6a_WkWkSG2T (0e6314d5-db97-4f92-bd88-c9071d808beb)
2019-06-18 09:54:42.546 21662 RALLYDEBUG rally_openstack.cleanup.manager [-] Deleting neutron.port object s_rally_9a3dbb6a_ft9DmEHM (0f09ce13-660b-45c4-95a5-4ff30acab3d8)
2019-06-18 09:54:42.561 21662 RALLYDEBUG rally_openstack.cleanup.manager [-] Deleting neutron.port object s_rally_9a3dbb6a_fkfC2dgm (0f5f914e-b434-42a0-a7d7-70b41d093a9b)
2019-06-18 09:54:42.571 21662 RALLYDEBUG rally_openstack.cleanup.manager [-] Deleting neutron.port object s_rally_9a3dbb6a_b4PZ9jvV (10fdf044-8a9b-4fc7-bd38-489d86ca752a)
2019-06-18 09:54:42.604 21662 RALLYDEBUG rally_openstack.cleanup.manager [-] Deleting neutron.port object s_rally_9a3dbb6a_W2myW2sq (11eac7a8-3728-4aa2-bf45-6d8fa234c88b)
2019-06-18 09:54:42.613 21662 RALLYDEBUG rally_openstack.cleanup.manager [-] Deleting neutron.port object s_rally_9a3dbb6a_g2GFweuA (11a1ecc0-573d-4b3f-b555-6ca6bd6e7c04)
2019-06-18 09:54:42.642 21662 RALLYDEBUG rally_openstack.cleanup.manager [-] Deleting neutron.port object s_rally_9a3dbb6a_ae3BaNUW (12fc04b3-c797-4302-8547-04bb9a8c78a6)
2019-06-18 09:54:42.653 21662 RALLYDEBUG rally_openstack.cleanup.manager [-] Deleting neutron.port object s_rally_9a3dbb6a_ONFLMJbH (12feecee-ed5d-4f78-8629-1017f954537e)
2019-06-18 09:54:42.673 21662 RALLYDEBUG rally_openstack.cleanup.manager [-] Deleting neutron.port object s_rally_9a3dbb6a_xdWRl4KW (14635725-3a4e-4bba-bc54-ba0c19a87b55)
2019-06-18 09:54:42.709 21662 RALLYDEBUG rally_openstack.cleanup.manager [-] Deleting neutron.port object s_rally_9a3dbb6a_P32SzGpB (1484ab8b-263c-4031-b604-c0231bce173d)
2019-06-18 09:54:42.738 21662 RALLYDEBUG rally_openstack.cleanup.manager [-] Deleting neutron.port object s_rally_9a3dbb6a_vsqPNvIm (14e948a0-bcff-4075-86c6-e94d099f2b5e)
2019-06-18 09:54:42.756 21662 RALLYDEBUG rally_openstack.cleanup.manager [-] Deleting neutron.port object s_rally_9a3dbb6a_rURddKoz (156eb5ef-b024-4ef7-b615-eb41a5b275ff)
2019-06-18 09:54:42.823 21662 RALLYDEBUG rally_openstack.cleanup.manager [-] Deleting neutron.port object s_rally_9a3dbb6a_YtYgqFYZ (15ed7ce2-2239-4fa0-8d35-3e92de188b57)
2019-06-18 09:54:42.824 21662 RALLYDEBUG rally_openstack.cleanup.manager [-] Deleting neutron.port object s_rally_9a3dbb6a_ySJ9fvJb (16065e9f-0a8c-4dd7-a34a-fea3e11a6f3f)
2019-06-18 09:54:42.859 21662 RALLYDEBUG rally_openstack.cleanup.manager [-] Deleting neutron.port object s_rally_9a3dbb6a_IJtp9pBX (163a0cf3-3bba-41c4-ac20-b9288a27741c)
2019-06-18 09:54:44.061 21662 RALLYDEBUG rally_openstack.cleanup.manager [-] Deleting neutron.port object s_rally_9a3dbb6a_Qc6seIZv (166ea974-6322-457d-9807-2d39d6b7e2f9)
2019-06-18 09:54:44.409 21662 RALLYDEBUG rally_openstack.cleanup.manager [-] Deleting neutron.port object s_rally_9a3dbb6a_rTuNXHl0 (16fdeaa1-e02f-42be-afb3-09f94bfb9565)
2019-06-18 09:54:44.681 21662 RALLYDEBUG rally_openstack.cleanup.manager [-] Deleting neutron.port object s_rally_9a3dbb6a_Wt8Ea16e (1778df2a-3608-497e-a6e7-872120413c80)
2019-06-18 09:54:44.706 21662 RALLYDEBUG rally_openstack.cleanup.manager [-] Deleting neutron.port object s_rally_9a3dbb6a_e4qna1jP (17d69e68-e9a2-4ce8-8fd4-5f2487a3e9ed)
2019-06-18 09:54:44.981 21662 RALLYDEBUG rally_openstack.cleanup.manager [-] Deleting neutron.port object s_rally_9a3dbb6a_MA9s0ppo (18a2dd79-10f7-4d0c-8526-01e7cbb42c29)
2019-06-18 09:54:45.041 21662 RALLYDEBUG rally_openstack.cleanup.manager [-] Deleting neutron.port object s_rally_9a3dbb6a_5gn5M796 (19111fed-db03-441b-999d-56c246367d52)
2019-06-18 09:54:45.041 21662 RALLYDEBUG rally_openstack.cleanup.manager [-] Deleting neutron.port object s_rally_9a3dbb6a_As0tNq53 (1a23a10c-f327-4417-9d75-8821a8512694)
2019-06-18 09:54:45.042 21662 RALLYDEBUG rally_openstack.cleanup.manager [-] Deleting neutron.port object s_rally_9a3dbb6a_orhmZnR6 (193c36af-2d1f-4c54-991e-2dc291982da0)
2019-06-18 09:54:45.137 21662 RALLYDEBUG rally_openstack.cleanup.manager [-] Deleting neutron.port object s_rally_9a3dbb6a_65pFu0hk (1a2efbe3-7e2d-475e-9c99-0cd1ef6a880e)
2019-06-18 09:54:45.195 21662 RALLYDEBUG rally_openstack.cleanup.manager [-] Deleting neutron.port object s_rally_9a3dbb6a_dT2QWt8x (1a59440a-0291-45d3-9ac4-707d15936737)
2019-06-18 09:54:45.275 21662 RALLYDEBUG rally_openstack.cleanup.manager [-] Deleting neutron.port object s_rally_9a3dbb6a_XFxTenu4 (1a93798d-ec66-4bd5-b9d4-7ab961ba7a6e)
2019-06-18 09:54:45.405 21662 RALLYDEBUG rally_openstack.cleanup.manager [-] Deleting neutron.port object s_rally_9a3dbb6a_uGfSQHXM (1bd89b2d-0df5-44c5-8a74-5f806a681e7f)
2019-06-18 09:54:45.422 21662 RALLYDEBUG rally_openstack.cleanup.manager [-] Deleting neutron.port object s_rally_9a3dbb6a_Dn3kSCE2 (1c0419c8-a4a9-4e50-a291-2259046183c8)
2019-06-18 09:54:45.445 21662 RALLYDEBUG rally_openstack.cleanup.manager [-] Deleting neutron.port object s_rally_9a3dbb6a_Xb0LnAxZ (1cbdf9d9-f564-4722-bc47-9c0df33cc878)
2019-06-18 09:54:45.461 21662 RALLYDEBUG rally_openstack.cleanup.manager [-] Deleting neutron.port object s_rally_9a3dbb6a_bUbUlJu4 (1e2e6663-6c44-4752-95e5-ce0dc48d94b8)
2019-06-18 09:54:45.497 21662 RALLYDEBUG rally_openstack.cleanup.manager [-] Deleting neutron.port object s_rally_9a3dbb6a_d1Gffafl (1e343458-1910-4a9a-9dd8-718172911319)
2019-06-18 09:54:45.513 21662 RALLYDEBUG rally_openstack.cleanup.manager [-] Deleting neutron.port object s_rally_9a3dbb6a_RjH8y018 (1e7f3f9c-41ef-49a2-8234-a218085001a5)
2019-06-18 09:54:45.544 21662 RALLYDEBUG rally_openstack.cleanup.manager [-] Deleting neutron.port object s_rally_9a3dbb6a_qgv2AkiV (1f53bba2-0cb5-4067-a917-1cf2190b12a5)
2019-06-18 09:54:45.592 21662 RALLYDEBUG rally_openstack.cleanup.manager [-] Deleting neutron.port object s_rally_9a3dbb6a_mtqAHdGY (1f6e23bc-0f7c-4044-bc62-ab1603b9fad6)
2019-06-18 09:54:45.599 21662 RALLYDEBUG rally_openstack.cleanup.manager [-] Deleting neutron.port object s_rally_9a3dbb6a_qf53uxf0 (1f97b673-02f5-4f77-a3c3-63e91b970952)
2019-06-18 09:54:45.986 21662 RALLYDEBUG rally_openstack.cleanup.manager [-] Deleting neutron.port object s_rally_9a3dbb6a_fw6WK7HV (1fd091a8-cf48-434d-8d0c-3649a68665e0)
2019-06-18 09:54:46.341 21662 RALLYDEBUG rally_openstack.cleanup.manager [-] Deleting neutron.port object s_rally_9a3dbb6a_y2kCVeWz (20878456-f41a-4f42-bed0-4dffc71b88aa)
2019-06-18 09:54:46.674 21662 RALLYDEBUG rally_openstack.cleanup.manager [-] Deleting neutron.port object s_rally_9a3dbb6a_KqWhhEl0 (214a853d-855b-45ed-b082-27f1a3c7a493)
2019-06-18 09:54:46.779 21662 RALLYDEBUG rally_openstack.cleanup.manager [-] Deleting neutron.port object s_rally_9a3dbb6a_MuPjpun5 (222e4809-5791-469d-9aaf-7b264d40e920)
2019-06-18 09:54:47.064 21662 RALLYDEBUG rally_openstack.cleanup.manager [-] Deleting neutron.port object s_rally_9a3dbb6a_osJKXsIw (225e579b-003f-4783-b9e2-87df78949be6)
2019-06-18 09:54:47.163 21662 RALLYDEBUG rally_openstack.cleanup.manager [-] Deleting neutron.port object s_rally_9a3dbb6a_5Lo55c8u (22a94ce5-7cd0-4053-86d4-803b6c761a69)
2019-06-18 09:54:47.177 21662 RALLYDEBUG rally_openstack.cleanup.manager [-] Deleting neutron.port object s_rally_9a3dbb6a_nB57VdbP (22d4238c-23ec-4126-9fd6-2c20a54fde51)
2019-06-18 09:54:47.249 21662 RALLYDEBUG rally_openstack.cleanup.manager [-] Deleting neutron.port object s_rally_9a3dbb6a_qcjXGcz1 (23101ded-b850-40b0-a239-1c649e4a22a9)
2019-06-18 09:54:47.274 21662 RALLYDEBUG rally_openstack.cleanup.manager [-] Deleting neutron.port object s_rally_9a3dbb6a_uie6NG7F (232ae81f-455e-4dc2-b243-fc96a32297e2)
2019-06-18 09:54:47.532 21662 RALLYDEBUG rally_openstack.cleanup.manager [-] Deleting neutron.port object s_rally_9a3dbb6a_oPGPMxdv (23ba01b3-609b-48ab-b1f8-a569d238e424)
2019-06-18 09:54:47.714 21662 RALLYDEBUG rally_openstack.cleanup.manager [-] Deleting neutron.port object s_rally_9a3dbb6a_wTqNPSyH (24199b79-429a-4abc-9cc4-6e02bda708c8)
2019-06-18 09:54:47.735 21662 RALLYDEBUG rally_openstack.cleanup.manager [-] Deleting neutron.port object s_rally_9a3dbb6a_7jsIS8fg (245510a0-3cb7-4969-9504-701a62253d1d)
2019-06-18 09:54:47.799 21662 RALLYDEBUG rally_openstack.cleanup.manager [-] Deleting neutron.port object s_rally_9a3dbb6a_moT6nrOs (24fab0ad-126e-4325-95d3-cfb03fee3258)
2019-06-18 09:54:48.027 21662 RALLYDEBUG rally_openstack.cleanup.manager [-] Deleting neutron.port object s_rally_9a3dbb6a_J15UBF94 (25e07562-be3e-4a86-ac5d-302c498b444e)
2019-06-18 09:54:48.159 21662 RALLYDEBUG rally_openstack.cleanup.manager [-] Deleting neutron.port object s_rally_9a3dbb6a_jN2mIeMb (262fa182-2303-496f-9fb6-0f18851b358b)
2019-06-18 09:54:48.166 21662 RALLYDEBUG rally_openstack.cleanup.manager [-] Deleting neutron.port object s_rally_9a3dbb6a_nWOGdR0g (26405377-ab95-4092-911a-08b3f9ad16a1)
2019-06-18 09:54:48.329 21662 RALLYDEBUG rally_openstack.cleanup.manager [-] Deleting neutron.port object s_rally_9a3dbb6a_UHGz3uWb (269e21e7-20ae-4081-b73f-530b4208e9f2)
2019-06-18 09:54:48.413 21662 RALLYDEBUG rally_openstack.cleanup.manager [-] Deleting neutron.port object s_rally_9a3dbb6a_3BtQtPi6 (26a8a861-2666-45d7-a81b-e95194c27c36)
2019-06-18 09:54:48.451 21662 RALLYDEBUG rally_openstack.cleanup.manager [-] Deleting neutron.port object s_rally_9a3dbb6a_lFElxlLc (26f533ce-d5a1-4509-beba-c7659b23c028)
2019-06-18 09:54:48.701 21662 RALLYDEBUG rally_openstack.cleanup.manager [-] Deleting neutron.port object s_rally_9a3dbb6a_vvg7p7AZ (28585d5c-cbee-4f7e-ba4d-183c7ea89bbf)
2019-06-18 09:54:48.821 21662 RALLYDEBUG rally_openstack.cleanup.manager [-] Deleting neutron.port object s_rally_9a3dbb6a_qwWhNYSV (285dfe8e-5baf-4004-a438-671aae2d4831)
2019-06-18 09:54:48.894 21662 RALLYDEBUG rally_openstack.cleanup.manager [-] Deleting neutron.port object s_rally_9a3dbb6a_OTmi9ke4 (288517ca-7ef0-4a25-94df-983163f8ed22)
2019-06-18 09:54:48.977 21662 RALLYDEBUG rally_openstack.cleanup.manager [-] Deleting neutron.port object s_rally_9a3dbb6a_HBcqrRIW (296977ab-380f-4fc0-ae79-59e9af858ea9)
2019-06-18 09:54:49.068 21662 RALLYDEBUG rally_openstack.cleanup.manager [-] Deleting neutron.port object s_rally_9a3dbb6a_v0IufRQL (2b0981eb-142e-48e2-a710-74994ae97381)
2019-06-18 09:54:49.127 21662 RALLYDEBUG rally_openstack.cleanup.manager [-] Deleting neutron.port object s_rally_9a3dbb6a_N4KN3odx (2be47151-caa5-4452-86ff-4c316d022eeb)
2019-06-18 09:54:49.401 21662 RALLYDEBUG rally_openstack.cleanup.manager [-] Deleting neutron.port object s_rally_9a3dbb6a_MnfSYL5g (2c97c4d2-63ef-426d-88ab-c859c04619bc)
2019-06-18 09:54:49.558 21662 RALLYDEBUG rally_openstack.cleanup.manager [-] Deleting neutron.port object s_rally_9a3dbb6a_ZRD5Kuwp (2d14b641-bce7-4071-8a89-0755882ca15e)
2019-06-18 09:54:49.901 21662 RALLYDEBUG rally_openstack.cleanup.manager [-] Deleting neutron.port object s_rally_9a3dbb6a_7IWntVWB (2d25a8c2-c48d-47c4-9ad8-578ed737858b)
2019-06-18 09:54:49.909 21662 RALLYDEBUG rally_openstack.cleanup.manager [-] Deleting neutron.port object s_rally_9a3dbb6a_Vgnvt1IZ (2def694d-f715-436e-bc50-3fd107c4a8c4)
2019-06-18 09:54:50.006 21662 RALLYDEBUG rally_openstack.cleanup.manager [-] Deleting neutron.port object s_rally_9a3dbb6a_nWsSdJ7M (2e2e0cef-3bea-4a90-83ee-cb1b4609ad06)
2019-06-18 09:54:50.040 21662 RALLYDEBUG rally_openstack.cleanup.manager [-] Deleting neutron.port object s_rally_9a3dbb6a_PQwWhLGY (2e7c23e7-c177-49e6-9104-3913a740e8ca)
2019-06-18 09:54:50.139 21662 RALLYDEBUG rally_openstack.cleanup.manager [-] Deleting neutron.port object s_rally_9a3dbb6a_F7Jgf0MZ (2e7d6cc0-dca0-4d35-9f7a-d0369607db52)
2019-06-18 09:54:50.337 21662 RALLYDEBUG rally_openstack.cleanup.manager [-] Deleting neutron.port object s_rally_9a3dbb6a_hrh8GA73 (2ee04c1e-ae04-4d45-bcd8-ec72179089d3)
2019-06-18 09:54:50.499 21662 RALLYDEBUG rally_openstack.cleanup.manager [-] Deleting neutron.port object s_rally_9a3dbb6a_0piOBBPL (2ffce0f8-6008-469f-b828-216d31095fe1)
2019-06-18 09:54:50.547 21662 RALLYDEBUG rally_openstack.cleanup.manager [-] Deleting neutron.port object s_rally_9a3dbb6a_h3f17Pqd (306866a2-88f8-4ede-b212-a6b3d6f2ebf8)
2019-06-18 09:54:50.733 21662 RALLYDEBUG rally_openstack.cleanup.manager [-] Deleting neutron.port object s_rally_9a3dbb6a_Qofd8ipB (3099b86e-c309-4bf2-aaa1-45ee90472927)
2019-06-18 09:54:50.757 21662 RALLYDEBUG rally_openstack.cleanup.manager [-] Deleting neutron.port object s_rally_9a3dbb6a_HvuesN5C (312a88e1-0379-4c0c-af7a-d0563b71d14d)
2019-06-18 09:54:50.757 21662 RALLYDEBUG rally_openstack.cleanup.manager [-] Deleting neutron.port object s_rally_9a3dbb6a_lTMjsDsq (30b944d5-e6e5-4d9d-ad91-ad393c895141)
2019-06-18 09:54:51.036 21662 RALLYDEBUG rally_openstack.cleanup.manager [-] Deleting neutron.port object s_rally_9a3dbb6a_QzD8Bw0H (313090ba-edf5-4a41-895b-e54fd26e276a)
