2019-06-18 09:42:15.131 23756 INFO rally.task.runner [-] Task 49487797-7e81-4501-b2bd-9771e2d84e29 | ITER: 3 START
2019-06-18 09:42:15.132 23756 WARNING rally_openstack.scenarios.neutron.utils [-] Running this scenario without either the 'network' or 'existing_network' context is deprecated
2019-06-18 09:42:15.132 23772 RALLYDEBUG rally.task.runner [-] Starting a worker. concurrency: 1 args: {"network_create_args": {}, "subnet_create_args": {}, "subnet_cidr_start": "1.1.0.0/30", "subnets_per_network": 2} times: 40 method_name: run timeout: 0 duration: None cls:
2019-06-18 09:42:15.134 23768 INFO rally.task.runner [-] Task 49487797-7e81-4501-b2bd-9771e2d84e29 | ITER: 11 START
2019-06-18 09:42:15.126 23758 INFO rally.task.runner [-] Task 49487797-7e81-4501-b2bd-9771e2d84e29 | ITER: 7 START
2019-06-18 09:42:15.135 23765 INFO rally.task.runner [-] Task 49487797-7e81-4501-b2bd-9771e2d84e29 | ITER: 10 START
2019-06-18 09:42:15.136 23768 WARNING rally_openstack.scenarios.neutron.utils [-] Running this scenario without either the 'network' or 'existing_network' context is deprecated
2019-06-18 09:42:15.136 23758 WARNING rally_openstack.scenarios.neutron.utils [-] Running this scenario without either the 'network' or 'existing_network' context is deprecated
2019-06-18 09:42:15.136 23775 RALLYDEBUG rally.task.runner [-] Starting a worker. concurrency: 1 args: {"network_create_args": {}, "subnet_create_args": {}, "subnet_cidr_start": "1.1.0.0/30", "subnets_per_network": 2} times: 40 method_name: run timeout: 0 duration: None cls:
2019-06-18 09:42:15.137 23765 WARNING rally_openstack.scenarios.neutron.utils [-] Running this scenario without either the 'network' or 'existing_network' context is deprecated
2019-06-18 09:42:15.140 23772 INFO rally.task.runner [-] Task 49487797-7e81-4501-b2bd-9771e2d84e29 | ITER: 12 START
2019-06-18 09:42:15.138 23757 INFO rally.task.runner [-] Task 49487797-7e81-4501-b2bd-9771e2d84e29 | ITER: 5 START
2019-06-18 09:42:15.141 23757 WARNING rally_openstack.scenarios.neutron.utils [-] Running this scenario without either the 'network' or 'existing_network' context is deprecated
2019-06-18 09:42:15.141 23759 INFO rally.task.runner [-] Task 49487797-7e81-4501-b2bd-9771e2d84e29 | ITER: 9 START
2019-06-18 09:42:15.142 23772 WARNING rally_openstack.scenarios.neutron.utils [-] Running this scenario without either the 'network' or 'existing_network' context is deprecated
2019-06-18 09:42:15.143 23759 WARNING rally_openstack.scenarios.neutron.utils [-] Running this scenario without either the 'network' or 'existing_network' context is deprecated
2019-06-18 09:42:15.144 23782 RALLYDEBUG rally.task.runner [-] Starting a worker. concurrency: 1 args: {"network_create_args": {}, "subnet_create_args": {}, "subnet_cidr_start": "1.1.0.0/30", "subnets_per_network": 2} times: 40 method_name: run timeout: 0 duration: None cls:
2019-06-18 09:42:15.148 23775 INFO rally.task.runner [-] Task 49487797-7e81-4501-b2bd-9771e2d84e29 | ITER: 13 START
2019-06-18 09:42:15.151 23775 WARNING rally_openstack.scenarios.neutron.utils [-] Running this scenario without either the 'network' or 'existing_network' context is deprecated
2019-06-18 09:42:15.151 23786 RALLYDEBUG rally.task.runner [-] Starting a worker. concurrency: 1 args: {"network_create_args": {}, "subnet_create_args": {}, "subnet_cidr_start": "1.1.0.0/30", "subnets_per_network": 2} times: 40 method_name: run timeout: 0 duration: None cls:
2019-06-18 09:42:15.152 23782 INFO rally.task.runner [-] Task 49487797-7e81-4501-b2bd-9771e2d84e29 | ITER: 14 START
2019-06-18 09:42:15.154 23782 WARNING rally_openstack.scenarios.neutron.utils [-] Running this scenario without either the 'network' or 'existing_network' context is deprecated
2019-06-18 09:42:15.158 23786 INFO rally.task.runner [-] Task 49487797-7e81-4501-b2bd-9771e2d84e29 | ITER: 15 START
2019-06-18 09:42:15.159 23791 RALLYDEBUG rally.task.runner [-] Starting a worker. concurrency: 1 args: {"network_create_args": {}, "subnet_create_args": {}, "subnet_cidr_start": "1.1.0.0/30", "subnets_per_network": 2} times: 40 method_name: run timeout: 0 duration: None cls:
2019-06-18 09:42:15.160 23786 WARNING rally_openstack.scenarios.neutron.utils [-] Running this scenario without either the 'network' or 'existing_network' context is deprecated
2019-06-18 09:42:15.165 23791 INFO rally.task.runner [-] Task 49487797-7e81-4501-b2bd-9771e2d84e29 | ITER: 16 START
2019-06-18 09:42:15.167 23791 WARNING rally_openstack.scenarios.neutron.utils [-] Running this scenario without either the 'network' or 'existing_network' context is deprecated
2019-06-18 09:42:15.177 23796 RALLYDEBUG rally.task.runner [-] Starting a worker. concurrency: 1 args: {"network_create_args": {}, "subnet_create_args": {}, "subnet_cidr_start": "1.1.0.0/30", "subnets_per_network": 2} times: 40 method_name: run timeout: 0 duration: None cls:
2019-06-18 09:42:15.182 23796 INFO rally.task.runner [-] Task 49487797-7e81-4501-b2bd-9771e2d84e29 | ITER: 17 START
2019-06-18 09:42:15.184 23796 WARNING rally_openstack.scenarios.neutron.utils [-] Running this scenario without either the 'network' or 'existing_network' context is deprecated
2019-06-18 09:42:15.186 23797 RALLYDEBUG rally.task.runner [-] Starting a worker. concurrency: 1 args: {"network_create_args": {}, "subnet_create_args": {}, "subnet_cidr_start": "1.1.0.0/30", "subnets_per_network": 2} times: 40 method_name: run timeout: 0 duration: None cls:
2019-06-18 09:42:15.189 23800 RALLYDEBUG rally.task.runner [-] Starting a worker. concurrency: 1 args: {"network_create_args": {}, "subnet_create_args": {}, "subnet_cidr_start": "1.1.0.0/30", "subnets_per_network": 2} times: 40 method_name: run timeout: 0 duration: None cls:
2019-06-18 09:42:15.191 23797 INFO rally.task.runner [-] Task 49487797-7e81-4501-b2bd-9771e2d84e29 | ITER: 18 START
2019-06-18 09:42:15.193 23797 WARNING rally_openstack.scenarios.neutron.utils [-] Running this scenario without either the 'network' or 'existing_network' context is deprecated
2019-06-18 09:42:15.193 23801 RALLYDEBUG rally.task.runner [-] Starting a worker. concurrency: 1 args: {"network_create_args": {}, "subnet_create_args": {}, "subnet_cidr_start": "1.1.0.0/30", "subnets_per_network": 2} times: 40 method_name: run timeout: 0 duration: None cls:
2019-06-18 09:42:15.195 23800 INFO rally.task.runner [-] Task 49487797-7e81-4501-b2bd-9771e2d84e29 | ITER: 19 START
2019-06-18 09:42:15.196 23800 WARNING rally_openstack.scenarios.neutron.utils [-] Running this scenario without either the 'network' or 'existing_network' context is deprecated
2019-06-18 09:42:15.198 23801 INFO rally.task.runner [-] Task 49487797-7e81-4501-b2bd-9771e2d84e29 | ITER: 20 START
2019-06-18 09:42:15.199 23801 WARNING rally_openstack.scenarios.neutron.utils [-] Running this scenario without either the 'network' or 'existing_network' context is deprecated
2019-06-18 09:42:15.959 23758 RALLYDEBUG rally_openstack.wrappers.network [-] CIDR generated: 1.1.4.96/30
2019-06-18 09:42:16.018 23775 RALLYDEBUG rally_openstack.wrappers.network [-] CIDR generated: 1.1.4.100/30
2019-06-18 09:42:16.039 23762 RALLYDEBUG rally_openstack.wrappers.network [-] CIDR generated: 1.1.4.104/30
2019-06-18 09:42:16.084 23756 RALLYDEBUG rally_openstack.wrappers.network [-] CIDR generated: 1.1.4.108/30
2019-06-18 09:42:16.107 23756 RALLYDEBUG rally_openstack.wrappers.network [-] CIDR generated: 1.1.4.112/30
2019-06-18 09:42:16.109 23758 RALLYDEBUG rally_openstack.wrappers.network [-] CIDR generated: 1.1.4.116/30
2019-06-18 09:42:16.127 23757 RALLYDEBUG rally_openstack.wrappers.network [-] CIDR generated: 1.1.4.120/30
2019-06-18 09:42:16.155 23768 RALLYDEBUG rally_openstack.wrappers.network [-] CIDR generated: 1.1.4.124/30
2019-06-18 09:42:16.172 23759 RALLYDEBUG rally_openstack.wrappers.network [-] CIDR generated: 1.1.4.128/30
2019-06-18 09:42:16.211 23765 RALLYDEBUG rally_openstack.wrappers.network [-] CIDR generated: 1.1.4.132/30
2019-06-18 09:42:16.258 23759 RALLYDEBUG rally_openstack.wrappers.network [-] CIDR generated: 1.1.4.136/30
2019-06-18 09:42:16.284 23782 RALLYDEBUG rally_openstack.wrappers.network [-] CIDR generated: 1.1.4.140/30
2019-06-18 09:42:16.307 23797 RALLYDEBUG rally_openstack.wrappers.network [-] CIDR generated: 1.1.4.144/30
2019-06-18 09:42:16.321 23772 RALLYDEBUG rally_openstack.wrappers.network [-] CIDR generated: 1.1.4.148/30
2019-06-18 09:42:16.373 23796 RALLYDEBUG rally_openstack.wrappers.network [-] CIDR generated: 1.1.4.152/30
2019-06-18 09:42:16.583 23801 RALLYDEBUG rally_openstack.wrappers.network [-] CIDR generated: 1.1.4.156/30
2019-06-18 09:42:16.594 23786 RALLYDEBUG rally_openstack.wrappers.network [-] CIDR generated: 1.1.4.160/30
2019-06-18 09:42:16.715 23791 RALLYDEBUG rally_openstack.wrappers.network [-] CIDR generated: 1.1.4.164/30
2019-06-18 09:42:16.756 23757 RALLYDEBUG rally_openstack.wrappers.network [-] CIDR generated: 1.1.4.168/30
2019-06-18 09:42:16.907 23800 RALLYDEBUG rally_openstack.wrappers.network [-] CIDR generated: 1.1.4.172/30
2019-06-18 09:42:17.095 23759 RALLYDEBUG rally_openstack.wrappers.network [-] CIDR generated: 1.1.4.176/30
2019-06-18 09:42:17.409 23786 RALLYDEBUG rally_openstack.wrappers.network [-] CIDR generated: 1.1.4.180/30
2019-06-18 09:42:17.454 23759 RALLYDEBUG rally_openstack.wrappers.network [-] CIDR generated: 1.1.4.184/30
2019-06-18 09:42:17.542 23758 RALLYDEBUG rally_openstack.wrappers.network [-] CIDR generated: 1.1.4.188/30
2019-06-18 09:42:17.616 23762 RALLYDEBUG rally_openstack.wrappers.network [-] CIDR generated: 1.1.4.192/30
2019-06-18 09:42:17.619 23765 RALLYDEBUG rally_openstack.wrappers.network [-] CIDR generated: 1.1.4.196/30
2019-06-18 09:42:17.684 23758 RALLYDEBUG rally_openstack.wrappers.network [-] CIDR generated: 1.1.4.200/30
2019-06-18 09:42:17.854 23757 RALLYDEBUG rally_openstack.wrappers.network [-] CIDR generated: 1.1.4.204/30
2019-06-18 09:42:18.048 23782 RALLYDEBUG rally_openstack.wrappers.network [-] CIDR generated: 1.1.4.208/30
2019-06-18 09:42:18.419 23791 RALLYDEBUG rally_openstack.wrappers.network [-] CIDR generated: 1.1.4.212/30
2019-06-18 09:42:18.519 23756 RALLYDEBUG rally_openstack.wrappers.network [-] CIDR generated: 1.1.4.216/30
2019-06-18 09:42:18.739 23757 RALLYDEBUG rally_openstack.wrappers.network [-] CIDR generated: 1.1.4.220/30
2019-06-18 09:42:18.817 23796 RALLYDEBUG rally_openstack.wrappers.network [-] CIDR generated: 1.1.4.224/30
2019-06-18 09:42:18.851 23797 RALLYDEBUG rally_openstack.wrappers.network [-] CIDR generated: 1.1.4.228/30
2019-06-18 09:42:18.949 23768 RALLYDEBUG rally_openstack.wrappers.network [-] CIDR generated: 1.1.4.232/30
2019-06-18 09:42:19.226 23772 RALLYDEBUG rally_openstack.wrappers.network [-] CIDR generated: 1.1.4.236/30
2019-06-18 09:42:19.320 23756 RALLYDEBUG rally_openstack.wrappers.network [-] CIDR generated: 1.1.4.240/30
2019-06-18 09:42:19.354 23775 RALLYDEBUG rally_openstack.wrappers.network [-] CIDR generated: 1.1.4.244/30
2019-06-18 09:42:19.698 23800 RALLYDEBUG rally_openstack.wrappers.network [-] CIDR generated: 1.1.4.248/30
2019-06-18 09:42:20.542 23801 RALLYDEBUG rally_openstack.wrappers.network [-] CIDR generated: 1.1.4.252/30
2019-06-18 09:42:20.907 23759 INFO rally.task.runner [-] Task 49487797-7e81-4501-b2bd-9771e2d84e29 | ITER: 9 END: OK
2019-06-18 09:42:20.911 23759 INFO rally.task.runner [-] Task 49487797-7e81-4501-b2bd-9771e2d84e29 | ITER: 21 START
2019-06-18 09:42:20.912 23759 WARNING rally_openstack.scenarios.neutron.utils [-] Running this scenario without either the 'network' or 'existing_network' context is deprecated
2019-06-18 09:42:21.916 23759 RALLYDEBUG rally_openstack.wrappers.network [-] CIDR generated: 1.1.5.0/30
2019-06-18 09:42:22.400 23757 INFO rally.task.runner [-] Task 49487797-7e81-4501-b2bd-9771e2d84e29 | ITER: 2 END: OK
2019-06-18 09:42:22.405 23757 INFO rally.task.runner [-] Task 49487797-7e81-4501-b2bd-9771e2d84e29 | ITER: 22 START
2019-06-18 09:42:22.406 23757 WARNING rally_openstack.scenarios.neutron.utils [-] Running this scenario without either the 'network' or 'existing_network' context is deprecated
2019-06-18 09:42:22.508 23772 INFO rally.task.runner [-] Task 49487797-7e81-4501-b2bd-9771e2d84e29 | ITER: 12 END: OK
2019-06-18 09:42:22.513 23772 INFO rally.task.runner [-] Task 49487797-7e81-4501-b2bd-9771e2d84e29 | ITER: 23 START
2019-06-18 09:42:22.514 23772 WARNING rally_openstack.scenarios.neutron.utils [-] Running this scenario without either the 'network' or 'existing_network' context is deprecated
2019-06-18 09:42:22.644 23800 INFO rally.task.runner [-] Task 49487797-7e81-4501-b2bd-9771e2d84e29 | ITER: 19 END: OK
2019-06-18 09:42:22.649 23800 INFO rally.task.runner [-] Task 49487797-7e81-4501-b2bd-9771e2d84e29 | ITER: 24 START
2019-06-18 09:42:22.650 23800 WARNING rally_openstack.scenarios.neutron.utils [-] Running this scenario without either the 'network' or 'existing_network' context is deprecated
2019-06-18 09:42:22.677 23759 RALLYDEBUG rally_openstack.wrappers.network [-] CIDR generated: 1.1.5.4/30
2019-06-18 09:42:22.987 23786 INFO rally.task.runner [-] Task 49487797-7e81-4501-b2bd-9771e2d84e29 | ITER: 15 END: OK
2019-06-18 09:42:22.992 23786 INFO rally.task.runner [-] Task 49487797-7e81-4501-b2bd-9771e2d84e29 | ITER: 25 START
2019-06-18 09:42:22.993 23786 WARNING rally_openstack.scenarios.neutron.utils [-] Running this scenario without either the 'network' or 'existing_network' context is deprecated
2019-06-18 09:42:23.081 23757 RALLYDEBUG rally_openstack.wrappers.network [-] CIDR generated: 1.1.5.8/30
2019-06-18 09:42:23.147 23762 INFO rally.task.runner [-] Task 49487797-7e81-4501-b2bd-9771e2d84e29 | ITER: 8 END: OK
2019-06-18 09:42:23.151 23762 INFO rally.task.runner [-] Task 49487797-7e81-4501-b2bd-9771e2d84e29 | ITER: 26 START
2019-06-18 09:42:23.152 23762 WARNING rally_openstack.scenarios.neutron.utils [-] Running this scenario without either the 'network' or 'existing_network' context is deprecated
2019-06-18 09:42:23.392 23800 RALLYDEBUG rally_openstack.wrappers.network [-] CIDR generated: 1.1.5.12/30
2019-06-18 09:42:23.626 23772 RALLYDEBUG rally_openstack.wrappers.network [-] CIDR generated: 1.1.5.16/30
2019-06-18 09:42:23.872 23758 INFO rally.task.runner [-] Task 49487797-7e81-4501-b2bd-9771e2d84e29 | ITER: 7 END: OK
2019-06-18 09:42:23.878 23758 INFO rally.task.runner [-] Task 49487797-7e81-4501-b2bd-9771e2d84e29 | ITER: 27 START
2019-06-18 09:42:23.878 23758 WARNING rally_openstack.scenarios.neutron.utils [-] Running this scenario without either the 'network' or 'existing_network' context is deprecated
2019-06-18 09:42:23.887 23762 RALLYDEBUG rally_openstack.wrappers.network [-] CIDR generated: 1.1.5.20/30
2019-06-18 09:42:24.206 23782 INFO rally.task.runner [-] Task 49487797-7e81-4501-b2bd-9771e2d84e29 | ITER: 14 END: OK
2019-06-18 09:42:24.207 23800 RALLYDEBUG rally_openstack.wrappers.network [-] CIDR generated: 1.1.5.24/30
2019-06-18 09:42:24.211 23782 INFO rally.task.runner [-] Task 49487797-7e81-4501-b2bd-9771e2d84e29 | ITER: 28 START
2019-06-18 09:42:24.212 23782 WARNING rally_openstack.scenarios.neutron.utils [-] Running this scenario without either the 'network' or 'existing_network' context is deprecated
2019-06-18 09:42:24.466 23758 RALLYDEBUG rally_openstack.wrappers.network [-] CIDR generated: 1.1.5.28/30
2019-06-18 09:42:24.602 23786 RALLYDEBUG rally_openstack.wrappers.network [-] CIDR generated: 1.1.5.32/30
2019-06-18 09:42:24.807 23762 RALLYDEBUG rally_openstack.wrappers.network [-] CIDR generated: 1.1.5.36/30
2019-06-18 09:42:24.861 23782 RALLYDEBUG rally_openstack.wrappers.network [-] CIDR generated: 1.1.5.40/30
2019-06-18 09:42:25.789 23782 RALLYDEBUG rally_openstack.wrappers.network [-] CIDR generated: 1.1.5.44/30
2019-06-18 09:42:25.942 23758 RALLYDEBUG rally_openstack.wrappers.network [-] CIDR generated: 1.1.5.48/30
2019-06-18 09:42:26.656 23772 RALLYDEBUG rally_openstack.wrappers.network [-] CIDR generated: 1.1.5.52/30
2019-06-18 09:42:26.809 23757 RALLYDEBUG rally_openstack.wrappers.network [-] CIDR generated: 1.1.5.56/30
2019-06-18 09:42:26.906 23775 INFO rally.task.runner [-] Task 49487797-7e81-4501-b2bd-9771e2d84e29 | ITER: 13 END: OK
2019-06-18 09:42:26.911 23775 INFO rally.task.runner [-] Task 49487797-7e81-4501-b2bd-9771e2d84e29 | ITER: 29 START
2019-06-18 09:42:26.912 23775 WARNING rally_openstack.scenarios.neutron.utils [-] Running this scenario without either the 'network' or 'existing_network' context is deprecated
2019-06-18 09:42:27.094 23800 INFO rally.task.runner [-] Task 49487797-7e81-4501-b2bd-9771e2d84e29 | ITER: 24 END: OK
2019-06-18 09:42:27.098 23800 INFO rally.task.runner [-] Task 49487797-7e81-4501-b2bd-9771e2d84e29 | ITER: 30 START
2019-06-18 09:42:27.099 23800 WARNING rally_openstack.scenarios.neutron.utils [-] Running this scenario without either the 'network' or 'existing_network' context is deprecated
2019-06-18 09:42:27.761 23800 RALLYDEBUG rally_openstack.wrappers.network [-] CIDR generated: 1.1.5.60/30
2019-06-18 09:42:27.762 23758 INFO rally.task.runner [-] Task 49487797-7e81-4501-b2bd-9771e2d84e29 | ITER: 27 END: OK
2019-06-18 09:42:27.766 23758 INFO rally.task.runner [-] Task 49487797-7e81-4501-b2bd-9771e2d84e29 | ITER: 31 START
2019-06-18 09:42:27.767 23758 WARNING rally_openstack.scenarios.neutron.utils [-] Running this scenario without either the 'network' or 'existing_network' context is deprecated
2019-06-18 09:42:28.101 23759 INFO rally.task.runner [-] Task 49487797-7e81-4501-b2bd-9771e2d84e29 | ITER: 6 END: OK
2019-06-18 09:42:28.105 23759 INFO rally.task.runner [-] Task 49487797-7e81-4501-b2bd-9771e2d84e29 | ITER: 32 START
2019-06-18 09:42:28.106 23759 WARNING rally_openstack.scenarios.neutron.utils [-] Running this scenario without either the 'network' or 'existing_network' context is deprecated
2019-06-18 09:42:28.322 23758 RALLYDEBUG rally_openstack.wrappers.network [-] CIDR generated: 1.1.5.64/30
2019-06-18 09:42:28.370 23791 INFO rally.task.runner [-] Task 49487797-7e81-4501-b2bd-9771e2d84e29 | ITER: 16 END: OK
2019-06-18 09:42:28.374 23791 INFO rally.task.runner [-] Task 49487797-7e81-4501-b2bd-9771e2d84e29 | ITER: 33 START
2019-06-18 09:42:28.375 23791 WARNING rally_openstack.scenarios.neutron.utils [-] Running this scenario without either the 'network' or 'existing_network' context is deprecated
2019-06-18 09:42:28.664 23759 RALLYDEBUG rally_openstack.wrappers.network [-] CIDR generated: 1.1.5.68/30
2019-06-18 09:42:28.929 23775 RALLYDEBUG rally_openstack.wrappers.network [-] CIDR generated: 1.1.5.72/30
2019-06-18 09:42:29.343 23758 INFO rally.task.runner [-] Task 49487797-7e81-4501-b2bd-9771e2d84e29 | ITER: 4 END: OK
2019-06-18 09:42:29.347 23758 INFO rally.task.runner [-] Task 49487797-7e81-4501-b2bd-9771e2d84e29 | ITER: 34 START
2019-06-18 09:42:29.348 23758 WARNING rally_openstack.scenarios.neutron.utils [-] Running this scenario without either the 'network' or 'existing_network' context is deprecated
2019-06-18 09:42:29.383 23759 RALLYDEBUG rally_openstack.wrappers.network [-] CIDR generated: 1.1.5.76/30
2019-06-18 09:42:29.662 23791 RALLYDEBUG rally_openstack.wrappers.network [-] CIDR generated: 1.1.5.80/30
2019-06-18 09:42:29.866 23800 RALLYDEBUG rally_openstack.wrappers.network [-] CIDR generated: 1.1.5.84/30
2019-06-18 09:42:29.982 23775 RALLYDEBUG rally_openstack.wrappers.network [-] CIDR generated: 1.1.5.88/30
2019-06-18 09:42:30.410 23758 RALLYDEBUG rally_openstack.wrappers.network [-] CIDR generated: 1.1.5.92/30
2019-06-18 09:42:31.531 23772 INFO rally.task.runner [-] Task 49487797-7e81-4501-b2bd-9771e2d84e29 | ITER: 23 END: OK
2019-06-18 09:42:31.536 23772 INFO rally.task.runner [-] Task 49487797-7e81-4501-b2bd-9771e2d84e29 | ITER: 35 START
2019-06-18 09:42:31.537 23772 WARNING rally_openstack.scenarios.neutron.utils [-] Running this scenario without either the 'network' or 'existing_network' context is deprecated
2019-06-18 09:42:31.542 23796 INFO rally.task.runner [-] Task 49487797-7e81-4501-b2bd-9771e2d84e29 | ITER: 17 END: OK
2019-06-18 09:42:31.546 23796 INFO rally.task.runner [-] Task 49487797-7e81-4501-b2bd-9771e2d84e29 | ITER: 36 START
2019-06-18 09:42:31.547 23796 WARNING rally_openstack.scenarios.neutron.utils [-] Running this scenario without either the 'network' or 'existing_network' context is deprecated
2019-06-18 09:42:31.636 23759 INFO rally.task.runner [-] Task 49487797-7e81-4501-b2bd-9771e2d84e29 | ITER: 21 END: OK
2019-06-18 09:42:31.640 23759 INFO rally.task.runner [-] Task 49487797-7e81-4501-b2bd-9771e2d84e29 | ITER: 37 START
2019-06-18 09:42:31.640 23759 WARNING rally_openstack.scenarios.neutron.utils [-] Running this scenario without either the 'network' or 'existing_network' context is deprecated
2019-06-18 09:42:32.072 23772 RALLYDEBUG rally_openstack.wrappers.network [-] CIDR generated: 1.1.5.96/30
2019-06-18 09:42:32.415 23759 RALLYDEBUG rally_openstack.wrappers.network [-] CIDR generated: 1.1.5.100/30
2019-06-18 09:42:32.460 23759 INFO rally.task.runner [-] Task 49487797-7e81-4501-b2bd-9771e2d84e29 | ITER: 32 END: OK
2019-06-18 09:42:32.464 23759 INFO rally.task.runner [-] Task 49487797-7e81-4501-b2bd-9771e2d84e29 | ITER: 38 START
2019-06-18 09:42:32.465 23759 WARNING rally_openstack.scenarios.neutron.utils [-] Running this scenario without either the 'network' or 'existing_network' context is deprecated
2019-06-18 09:42:33.020 23758 RALLYDEBUG rally_openstack.wrappers.network [-] CIDR generated: 1.1.5.104/30
2019-06-18 09:42:33.042 23772 RALLYDEBUG rally_openstack.wrappers.network [-] CIDR generated: 1.1.5.108/30
2019-06-18 09:42:33.320 23759 RALLYDEBUG rally_openstack.wrappers.network [-] CIDR generated: 1.1.5.112/30
2019-06-18 09:42:33.503 23759 RALLYDEBUG rally_openstack.wrappers.network [-] CIDR generated: 1.1.5.116/30
2019-06-18 09:42:33.528 23796 RALLYDEBUG rally_openstack.wrappers.network [-] CIDR generated: 1.1.5.120/30
2019-06-18 09:42:33.748 23757 INFO rally.task.runner [-] Task 49487797-7e81-4501-b2bd-9771e2d84e29 | ITER: 5 END: OK
2019-06-18 09:42:33.753 23757 INFO rally.task.runner [-] Task 49487797-7e81-4501-b2bd-9771e2d84e29 | ITER: 39 START
2019-06-18 09:42:33.754 23757 WARNING rally_openstack.scenarios.neutron.utils [-] Running this scenario without either the 'network' or 'existing_network' context is deprecated
2019-06-18 09:42:34.336 23759 RALLYDEBUG rally_openstack.wrappers.network [-] CIDR generated: 1.1.5.124/30
2019-06-18 09:42:34.364 23758 RALLYDEBUG rally_openstack.wrappers.network [-] CIDR generated: 1.1.5.128/30
2019-06-18 09:42:34.367 23757 RALLYDEBUG rally_openstack.wrappers.network [-] CIDR generated: 1.1.5.132/30
2019-06-18 09:42:35.239 23791 RALLYDEBUG rally_openstack.wrappers.network [-] CIDR generated: 1.1.5.136/30
2019-06-18 09:42:36.454 23758 INFO rally.task.runner [-] Task 49487797-7e81-4501-b2bd-9771e2d84e29 | ITER: 34 END: OK
2019-06-18 09:42:36.459 23758 INFO rally.task.runner [-] Task 49487797-7e81-4501-b2bd-9771e2d84e29 | ITER: 40 START
2019-06-18 09:42:36.460 23758 WARNING rally_openstack.scenarios.neutron.utils [-] Running this scenario without either the 'network' or 'existing_network' context is deprecated
2019-06-18 09:42:36.761 23782 INFO rally.task.runner [-] Task 49487797-7e81-4501-b2bd-9771e2d84e29 | ITER: 28 END: OK
2019-06-18 09:42:37.002 23775 INFO rally.task.runner [-] Task 49487797-7e81-4501-b2bd-9771e2d84e29 | ITER: 29 END: OK
2019-06-18 09:42:37.059 23758 RALLYDEBUG rally_openstack.wrappers.network [-] CIDR generated: 1.1.5.140/30
2019-06-18 09:42:37.144 23800 INFO rally.task.runner [-] Task 49487797-7e81-4501-b2bd-9771e2d84e29 | ITER: 30 END: OK
2019-06-18 09:42:37.765 23758 RALLYDEBUG rally_openstack.wrappers.network [-] CIDR generated: 1.1.5.144/30
2019-06-18 09:42:38.774 23757 RALLYDEBUG rally_openstack.wrappers.network [-] CIDR generated: 1.1.5.148/30
2019-06-18 09:42:39.363 23757 INFO rally.task.runner [-] Task 49487797-7e81-4501-b2bd-9771e2d84e29 | ITER: 22 END: OK
2019-06-18 09:42:39.427 23796 RALLYDEBUG rally_openstack.wrappers.network [-] CIDR generated: 1.1.5.152/30
2019-06-18 09:42:39.434 23756 INFO rally.task.runner [-] Task 49487797-7e81-4501-b2bd-9771e2d84e29 | ITER: 3 END: OK
2019-06-18 09:42:40.214 23759 INFO rally.task.runner [-] Task 49487797-7e81-4501-b2bd-9771e2d84e29 | ITER: 38 END: OK
2019-06-18 09:42:40.232 23791 INFO rally.task.runner [-] Task 49487797-7e81-4501-b2bd-9771e2d84e29 | ITER: 33 END: OK
2019-06-18 09:42:40.271 23801 INFO rally.task.runner [-] Task 49487797-7e81-4501-b2bd-9771e2d84e29 | ITER: 20 END: OK
2019-06-18 09:42:40.296 23758 INFO rally.task.runner [-] Task 49487797-7e81-4501-b2bd-9771e2d84e29 | ITER: 40 END: OK
2019-06-18 09:42:40.723 23786 RALLYDEBUG rally_openstack.wrappers.network [-] CIDR generated: 1.1.5.156/30
2019-06-18 09:42:40.746 23765 INFO rally.task.runner [-] Task 49487797-7e81-4501-b2bd-9771e2d84e29 | ITER: 10 END: OK
2019-06-18 09:42:41.038 23762 INFO rally.task.runner [-] Task 49487797-7e81-4501-b2bd-9771e2d84e29 | ITER: 26 END: OK
2019-06-18 09:42:41.476 23758 INFO rally.task.runner [-] Task 49487797-7e81-4501-b2bd-9771e2d84e29 | ITER: 31 END: OK
2019-06-18 09:42:41.574 23797 INFO rally.task.runner [-] Task 49487797-7e81-4501-b2bd-9771e2d84e29 | ITER: 18 END: OK
2019-06-18 09:42:42.027 23796 INFO rally.task.runner [-] Task 49487797-7e81-4501-b2bd-9771e2d84e29 | ITER: 36 END: OK
2019-06-18 09:42:42.168 23756 INFO rally.task.runner [-] Task 49487797-7e81-4501-b2bd-9771e2d84e29 | ITER: 1 END: OK
2019-06-18 09:42:42.302 23759 INFO rally.task.runner [-] Task 49487797-7e81-4501-b2bd-9771e2d84e29 | ITER: 37 END: OK
2019-06-18 09:42:43.175 23768 INFO rally.task.runner [-] Task 49487797-7e81-4501-b2bd-9771e2d84e29 | ITER: 11 END: OK
2019-06-18 09:42:43.947 23772 INFO rally.task.runner [-] Task 49487797-7e81-4501-b2bd-9771e2d84e29 | ITER: 35 END: OK
2019-06-18 09:42:44.645 23786 INFO rally.task.runner [-] Task 49487797-7e81-4501-b2bd-9771e2d84e29 | ITER: 25 END: OK
2019-06-18 09:42:44.763 23757 INFO rally.task.runner [-] Task 49487797-7e81-4501-b2bd-9771e2d84e29 | ITER: 39 END: OK
2019-06-18 09:42:44.786 21662 INFO rally.task.context [-] Task 49487797-7e81-4501-b2bd-9771e2d84e29 | Context cleanup@openstack cleanup() started
2019-06-18 09:42:44.789 21662 RALLYDEBUG rally_openstack.cleanup.manager [-] Cleaning up neutron vip objects
2019-06-18 09:42:45.173 21662 RALLYDEBUG rally_openstack.cleanup.manager [-] Cleaning up neutron health_monitor objects
2019-06-18 09:42:45.574 21662 RALLYDEBUG rally_openstack.cleanup.manager [-] Cleaning up neutron pool objects
2019-06-18 09:42:45.956 21662 RALLYDEBUG rally_openstack.cleanup.manager [-] Cleaning up neutron loadbalancer objects
2019-06-18 09:42:46.359 21662 RALLYDEBUG rally_openstack.cleanup.manager [-] Cleaning up neutron floatingip objects
2019-06-18 09:42:46.791 21662 RALLYDEBUG rally_openstack.cleanup.manager [-] Cleaning up neutron port objects
2019-06-18 09:42:47.439 21662 RALLYDEBUG rally_openstack.cleanup.manager [-] Cleaning up neutron subnet objects
2019-06-18 09:42:47.855 21662 RALLYDEBUG rally_openstack.cleanup.manager [-] Cleaning up neutron network objects
2019-06-18 09:42:48.467 21662 RALLYDEBUG rally_openstack.cleanup.manager [-] Deleting neutron.network object s_rally_e259f0ac_mGKtuovJ (004f18e7-af02-495d-bcc5-519e3f93f8d6)
2019-06-18 09:42:48.471 21662 RALLYDEBUG rally_openstack.cleanup.manager [-] Deleting neutron.network object s_rally_e259f0ac_vjkiMesw (03e7869a-a4ad-4fd1-9738-7eed549ad87f)
2019-06-18 09:42:48.488 21662 RALLYDEBUG rally_openstack.cleanup.manager [-] Deleting neutron.network object s_rally_e259f0ac_tpeAokva (09633e8a-f70c-4b06-94df-e2f4b59812b6)
2019-06-18 09:42:48.490 21662 RALLYDEBUG rally_openstack.cleanup.manager [-] Deleting neutron.network object s_rally_e259f0ac_LymHTZfh (1db51213-9a91-4b35-bc9f-79824a190c98)
2019-06-18 09:42:48.490 21662 RALLYDEBUG rally_openstack.cleanup.manager [-] Deleting neutron.network object s_rally_e259f0ac_3HqFzYiN (16c37b77-3ed1-4ce1-a04a-d5603439a364)
2019-06-18 09:42:48.527 21662 RALLYDEBUG rally_openstack.cleanup.manager [-] Deleting neutron.network object s_rally_e259f0ac_vkRJFw0Y (2e53bde6-9401-422e-b94c-b5c76789f3b9)
2019-06-18 09:42:48.545 21662 RALLYDEBUG rally_openstack.cleanup.manager [-] Deleting neutron.network object s_rally_e259f0ac_SKdcmwOD (2564c8f0-f367-4d15-9894-e54dce0bc98d)
2019-06-18 09:42:48.555 21662 RALLYDEBUG rally_openstack.cleanup.manager [-] Deleting neutron.network object s_rally_e259f0ac_vei71ozr (38a84e7d-c1e4-4ae2-ba21-3fb1dfced5d2)
2019-06-18 09:42:48.579 21662 RALLYDEBUG rally_openstack.cleanup.manager [-] Deleting neutron.network object s_rally_e259f0ac_gmztxsOy (49a4c35a-21ff-4a53-aa09-1d496fdd77b3)
2019-06-18 09:42:48.582 21662 RALLYDEBUG rally_openstack.cleanup.manager [-] Deleting neutron.network object s_rally_e259f0ac_gSLVbO8W (34c44db4-c765-4dea-bb31-8f1fc2d0dc11)
2019-06-18 09:42:48.616 21662 RALLYDEBUG rally_openstack.cleanup.manager [-] Deleting neutron.network object s_rally_e259f0ac_3zPaz4WP (35f1a02e-ecc6-4a64-84a9-51afe0846060)
2019-06-18 09:42:48.641 21662 RALLYDEBUG rally_openstack.cleanup.manager [-] Deleting neutron.network object s_rally_e259f0ac_U3D3kLRQ (51f58ac5-99fe-48dc-8f86-e65097ad78fe)
2019-06-18 09:42:48.646 21662 RALLYDEBUG rally_openstack.cleanup.manager [-] Deleting neutron.network object s_rally_e259f0ac_l6cJwg8L (5b438f43-ae86-4d04-90ba-ba1a5d168279)
2019-06-18 09:42:48.660 21662 RALLYDEBUG rally_openstack.cleanup.manager [-] Deleting neutron.network object s_rally_e259f0ac_yCw9dEtV (4c19c049-334e-477e-ac82-d783b92296e6)
2019-06-18 09:42:48.677 21662 RALLYDEBUG rally_openstack.cleanup.manager [-] Deleting neutron.network object s_rally_e259f0ac_sW6QkhVF (3a7435bd-8761-4260-9d81-707e646c32e6)
2019-06-18 09:42:48.694 21662 RALLYDEBUG rally_openstack.cleanup.manager [-] Deleting neutron.network object s_rally_e259f0ac_goGGaH1l (7662bb33-40f5-475e-8aee-ea5f64ad5796)
2019-06-18 09:42:48.724 21662 RALLYDEBUG rally_openstack.cleanup.manager [-] Deleting neutron.network object s_rally_e259f0ac_pfdd3kHz (4ddda7e8-5b07-4e96-b231-94361daa0067)
2019-06-18 09:42:48.734 21662 RALLYDEBUG rally_openstack.cleanup.manager [-] Deleting neutron.network object s_rally_e259f0ac_DQ9L3Kr1 (72c94c9e-affc-4c15-8a20-dbbe4dda1c7a)
2019-06-18 09:42:48.762 21662 RALLYDEBUG rally_openstack.cleanup.manager [-] Deleting neutron.network object s_rally_e259f0ac_kSYJ36Wk (5b897785-eede-41de-aa85-e79cc84935c9)
2019-06-18 09:42:48.757 21662 RALLYDEBUG rally_openstack.cleanup.manager [-] Deleting neutron.network object s_rally_e259f0ac_mtSCujgV (6acc5a98-7d5e-4dea-ab6b-b4dddbcab439)
2019-06-18 09:42:50.920 21662 RALLYDEBUG rally_openstack.cleanup.manager [-] Deleting neutron.network object s_rally_e259f0ac_xeAdPRrk (787e6354-95d8-4375-94b5-68c9353a3ec6)
2019-06-18 09:42:51.405 21662 RALLYDEBUG rally_openstack.cleanup.manager [-] Deleting neutron.network object s_rally_e259f0ac_nFXhjSIX (8469a26e-f107-475f-8336-88e8f8adacba)
2019-06-18 09:42:51.427 21662 RALLYDEBUG rally_openstack.cleanup.manager [-] Deleting neutron.network object s_rally_e259f0ac_CbsTYhQT (8767fb2e-e1f9-482a-a63b-731a57833bab)
2019-06-18 09:42:51.549 21662 RALLYDEBUG rally_openstack.cleanup.manager [-] Deleting neutron.network object s_rally_e259f0ac_DTN5ceaA (8d4a6916-e79c-4cca-bfe0-aba262a59d2e)
2019-06-18 09:42:51.559 21662 RALLYDEBUG rally_openstack.cleanup.manager [-] Deleting neutron.network object s_rally_e259f0ac_dQ2JyoPB (aa26183c-42c0-467a-babf-8ed8f59678ba)
2019-06-18 09:42:51.678 21662 RALLYDEBUG rally_openstack.cleanup.manager [-] Deleting neutron.network object s_rally_e259f0ac_JtheKDO9 (ae18bc3a-2cee-4ffd-aff8-d27337ce58ba)
2019-06-18 09:42:51.839 21662 RALLYDEBUG rally_openstack.cleanup.manager [-] Deleting neutron.network object s_rally_e259f0ac_ceUfJGg3 (b04bea52-efdb-444f-9780-03c141431191)
2019-06-18 09:42:51.871 21662 RALLYDEBUG rally_openstack.cleanup.manager [-] Deleting neutron.network object s_rally_e259f0ac_KvbxCPvc (b1f496a0-b7ef-4d5c-a56e-b84b209eb1e4)
2019-06-18 09:42:52.062 21662 RALLYDEBUG rally_openstack.cleanup.manager [-] Deleting neutron.network object s_rally_e259f0ac_pTugQY7f (b3953ef4-4d01-461f-bde5-3bf3c37f48f9)
2019-06-18 09:42:52.075 21662 RALLYDEBUG rally_openstack.cleanup.manager [-] Deleting neutron.network object s_rally_e259f0ac_0ZcfUWk6 (b6e0dd3a-d6ac-447f-8ca1-71a53a574c2f)
2019-06-18 09:42:52.084 21662 RALLYDEBUG rally_openstack.cleanup.manager [-] Deleting neutron.network object s_rally_e259f0ac_jQ7VWCyk (c17294ea-c53e-43c9-afd5-adfeccfdfcf3)
2019-06-18 09:42:52.216 21662 RALLYDEBUG rally_openstack.cleanup.manager [-] Deleting neutron.network object s_rally_e259f0ac_gska4JMp (c1acad14-d521-4f56-b471-f7ad9eaf5746)
2019-06-18 09:42:52.250 21662 RALLYDEBUG rally_openstack.cleanup.manager [-] Deleting neutron.network object s_rally_e259f0ac_ykai4u9B (e37612af-51b5-4ba6-83c9-8d10abaa7c68)
2019-06-18 09:42:52.302 21662 RALLYDEBUG rally_openstack.cleanup.manager [-] Deleting neutron.network object s_rally_e259f0ac_2NKcC2qR (e57fcbf9-778d-42f3-9a32-35c81e753db8)
2019-06-18 09:42:52.345 21662 RALLYDEBUG rally_openstack.cleanup.manager [-] Deleting neutron.network object s_rally_e259f0ac_VEOLG5yf (e63ed645-1455-46fd-8fa6-139e17148fc1)
2019-06-18 09:42:52.346 21662 RALLYDEBUG rally_openstack.cleanup.manager [-] Deleting neutron.network object s_rally_e259f0ac_aNZy8nXe (ea922f5d-fb99-48e3-be87-27cc3b7d46d7)
2019-06-18 09:42:52.406 21662 RALLYDEBUG rally_openstack.cleanup.manager [-] Deleting neutron.network object s_rally_e259f0ac_9abeUvLj (ec3944d9-eab7-42ca-bb2a-f1eb0c2a52c7)
2019-06-18 09:42:52.560 21662 RALLYDEBUG rally_openstack.cleanup.manager [-] Deleting neutron.network object s_rally_e259f0ac_pgnAsSSB (f14308a9-e13a-4a05-bf96-8295145a7b0c)
2019-06-18 09:42:53.061 21662 RALLYDEBUG rally_openstack.cleanup.manager [-] Deleting neutron.network object s_rally_e259f0ac_I48rTffs (f3356a47-66dc-41e8-bcc2-f1908e73583b)
2019-06-18 09:42:53.131 21662 RALLYDEBUG rally_openstack.cleanup.manager [-] Deleting neutron.network object s_rally_e259f0ac_Rh2vG1QA (f5d5778b-dfb2-46e8-910d-f19cc2bbb1f1)
2019-06-18 09:42:55.753 21662 RALLYDEBUG rally_openstack.cleanup.manager [-] Cleaning up neutron router objects
2019-06-18 09:42:56.177 21662 RALLYDEBUG rally_openstack.cleanup.manager [-] Cleaning up neutron security_group objects
2019-06-18 09:42:56.597 21662 INFO rally.task.context [-] Task 49487797-7e81-4501-b2bd-9771e2d84e29 | Context cleanup@openstack cleanup() finished in 11.81 sec
2019-06-18 09:42:56.597 21662 INFO rally.task.context [-] Task 49487797-7e81-4501-b2bd-9771e2d84e29 | Context quotas@openstack cleanup() started
2019-06-18 09:42:56.670 21662 INFO rally.task.context [-] Task 49487797-7e81-4501-b2bd-9771e2d84e29 | Context quotas@openstack cleanup() finished in 72.86 msec
2019-06-18 09:42:56.670 21662 INFO rally.task.context [-] Task 49487797-7e81-4501-b2bd-9771e2d84e29 | Context users@openstack cleanup() started
2019-06-18 09:42:59.409 21662 INFO rally.task.context [-] Task 49487797-7e81-4501-b2bd-9771e2d84e29 | Context users@openstack cleanup() finished in 2.74 sec
2019-06-18 09:43:00.350 21662 INFO rally.task.engine [-] Load duration is: 29.648083
2019-06-18 09:43:00.350 21662 INFO rally.task.engine [-] Full runner duration is: 29.695406
2019-06-18 09:43:00.351 21662 INFO rally.task.engine [-] Full duration is: 47.419565
2019-06-18 09:43:00.720 21662 INFO rally.task.engine [-] Running workload: position = 0 config = { "version": 2, "title": "A cropped version of a bigger task.", "description": "Auto-generated task from a single workload (uuid=10ba4046-38a5-4d74-aa23-00d1121830a0)", "subtasks": [ { "title": "NeutronNetworks.create_and_list_routers", "description": "Create and a given number of routers and list all routers.", "scenario": { "NeutronNetworks.create_and_list_routers": { "network_create_args": null, "subnet_create_args": null, "subnet_cidr_start": "1.1.0.0/30", "subnets_per_network": 2, "router_create_args": null } }, "contexts": { "users": { "tenants": 1, "users_per_tenant": 1 }, "quotas": { "neutron": { "network": -1, "subnet": -1, "router": -1 } } }, "runner": { "constant": { "times": 40, "concurrency": 20 } }, "hooks": [], "sla": { "failure_rate": { "max": 0 } } } ] }
2019-06-18 09:43:00.746 21662 RALLYDEBUG rally_openstack.contexts.keystone.users [-] Creating 1 tenants using 20 threads
2019-06-18 09:43:01.687 21662 RALLYDEBUG rally_openstack.contexts.keystone.users [-] Creating 1 users using 20 threads
2019-06-18 09:43:03.080 21662 INFO rally.task.context [-] Task 49487797-7e81-4501-b2bd-9771e2d84e29 | Context users@openstack setup() finished in 2.33 sec
2019-06-18 09:43:03.598 21662 INFO rally.task.context [-] Task 49487797-7e81-4501-b2bd-9771e2d84e29 | Context quotas@openstack setup() finished in 0.52 sec
2019-06-18 09:43:03.599 21662 INFO rally.task.context [-] Task 49487797-7e81-4501-b2bd-9771e2d84e29 | Context cleanup@openstack setup() finished in 0.01 msec
2019-06-18 09:43:03.607 21662 RALLYDEBUG rally.task.runner [-] Starting the constant runner (task UUID: 49487797-7e81-4501-b2bd-9771e2d84e29). timeout: 0 concurrency: 20 concurrency_per_worker: 1 times: 40 concurrency_overhead: 4 processes_to_start: 16 max_cpu_used: 16
2019-06-18 09:43:03.621 24126 RALLYDEBUG rally.task.runner [-] Starting a worker. concurrency: 2 args: {"network_create_args": null, "subnet_create_args": null, "subnet_cidr_start": "1.1.0.0/30", "subnets_per_network": 2, "router_create_args": null} times: 40 method_name: run timeout: 0 duration: None cls:
2019-06-18 09:43:03.623 24127 RALLYDEBUG rally.task.runner [-] Starting a worker. concurrency: 2 args: {"network_create_args": null, "subnet_create_args": null, "subnet_cidr_start": "1.1.0.0/30", "subnets_per_network": 2, "router_create_args": null} times: 40 method_name: run timeout: 0 duration: None cls:
2019-06-18 09:43:03.626 24128 RALLYDEBUG rally.task.runner [-] Starting a worker. concurrency: 2 args: {"network_create_args": null, "subnet_create_args": null, "subnet_cidr_start": "1.1.0.0/30", "subnets_per_network": 2, "router_create_args": null} times: 40 method_name: run timeout: 0 duration: None cls:
2019-06-18 09:43:03.628 24126 INFO rally.task.runner [-] Task 49487797-7e81-4501-b2bd-9771e2d84e29 | ITER: 1 START
2019-06-18 09:43:03.629 24129 RALLYDEBUG rally.task.runner [-] Starting a worker. concurrency: 2 args: {"network_create_args": null, "subnet_create_args": null, "subnet_cidr_start": "1.1.0.0/30", "subnets_per_network": 2, "router_create_args": null} times: 40 method_name: run timeout: 0 duration: None cls:
2019-06-18 09:43:03.633 24130 RALLYDEBUG rally.task.runner [-] Starting a worker. concurrency: 1 args: {"network_create_args": null, "subnet_create_args": null, "subnet_cidr_start": "1.1.0.0/30", "subnets_per_network": 2, "router_create_args": null} times: 40 method_name: run timeout: 0 duration: None cls:
2019-06-18 09:43:03.634 24127 INFO rally.task.runner [-] Task 49487797-7e81-4501-b2bd-9771e2d84e29 | ITER: 2 START
2019-06-18 09:43:03.636 24128 INFO rally.task.runner [-] Task 49487797-7e81-4501-b2bd-9771e2d84e29 | ITER: 4 START
2019-06-18 09:43:03.637 24134 RALLYDEBUG rally.task.runner [-] Starting a worker. concurrency: 1 args: {"network_create_args": null, "subnet_create_args": null, "subnet_cidr_start": "1.1.0.0/30", "subnets_per_network": 2, "router_create_args": null} times: 40 method_name: run timeout: 0 duration: None cls:
2019-06-18 09:43:03.638 24129 INFO rally.task.runner [-] Task 49487797-7e81-4501-b2bd-9771e2d84e29 | ITER: 6 START
2019-06-18 09:43:03.639 24130 INFO rally.task.runner [-] Task 49487797-7e81-4501-b2bd-9771e2d84e29 | ITER: 9 START
2019-06-18 09:43:03.641 24138 RALLYDEBUG rally.task.runner [-] Starting a worker. concurrency: 1 args: {"network_create_args": null, "subnet_create_args": null, "subnet_cidr_start": "1.1.0.0/30", "subnets_per_network": 2, "router_create_args": null} times: 40 method_name: run timeout: 0 duration: None cls:
2019-06-18 09:43:03.644 24134 INFO rally.task.runner [-] Task 49487797-7e81-4501-b2bd-9771e2d84e29 | ITER: 10 START
2019-06-18 09:43:03.644 24142 RALLYDEBUG rally.task.runner [-] Starting a worker. concurrency: 1 args: {"network_create_args": null, "subnet_create_args": null, "subnet_cidr_start": "1.1.0.0/30", "subnets_per_network": 2, "router_create_args": null} times: 40 method_name: run timeout: 0 duration: None cls:
2019-06-18 09:43:03.647 24147 RALLYDEBUG rally.task.runner [-] Starting a worker. concurrency: 1 args: {"network_create_args": null, "subnet_create_args": null, "subnet_cidr_start": "1.1.0.0/30", "subnets_per_network": 2, "router_create_args": null} times: 40 method_name: run timeout: 0 duration: None cls:
2019-06-18 09:43:03.648 24127 INFO rally.task.runner [-] Task 49487797-7e81-4501-b2bd-9771e2d84e29 | ITER: 5 START
2019-06-18 09:43:03.647 24126 INFO rally.task.runner [-] Task 49487797-7e81-4501-b2bd-9771e2d84e29 | ITER: 3 START
2019-06-18 09:43:03.648 24129 INFO rally.task.runner [-] Task 49487797-7e81-4501-b2bd-9771e2d84e29 | ITER: 8 START
2019-06-18 09:43:03.650 24142 INFO rally.task.runner [-] Task 49487797-7e81-4501-b2bd-9771e2d84e29 | ITER: 12 START
2019-06-18 09:43:03.654 24147 INFO rally.task.runner [-] Task 49487797-7e81-4501-b2bd-9771e2d84e29 | ITER: 13 START
2019-06-18 09:43:03.654 24138 INFO rally.task.runner [-] Task 49487797-7e81-4501-b2bd-9771e2d84e29 | ITER: 11 START
2019-06-18 09:43:03.654 24128 INFO rally.task.runner [-] Task 49487797-7e81-4501-b2bd-9771e2d84e29 | ITER: 7 START
2019-06-18 09:43:03.656 24153 RALLYDEBUG rally.task.runner [-] Starting a worker. concurrency: 1 args: {"network_create_args": null, "subnet_create_args": null, "subnet_cidr_start": "1.1.0.0/30", "subnets_per_network": 2, "router_create_args": null} times: 40 method_name: run timeout: 0 duration: None cls:
2019-06-18 09:43:03.662 24158 RALLYDEBUG rally.task.runner [-] Starting a worker. concurrency: 1 args: {"network_create_args": null, "subnet_create_args": null, "subnet_cidr_start": "1.1.0.0/30", "subnets_per_network": 2, "router_create_args": null} times: 40 method_name: run timeout: 0 duration: None cls:
2019-06-18 09:43:03.663 24153 INFO rally.task.runner [-] Task 49487797-7e81-4501-b2bd-9771e2d84e29 | ITER: 14 START
2019-06-18 09:43:03.670 24158 INFO rally.task.runner [-] Task 49487797-7e81-4501-b2bd-9771e2d84e29 | ITER: 15 START
2019-06-18 09:43:03.672 24161 RALLYDEBUG rally.task.runner [-] Starting a worker. concurrency: 1 args: {"network_create_args": null, "subnet_create_args": null, "subnet_cidr_start": "1.1.0.0/30", "subnets_per_network": 2, "router_create_args": null} times: 40 method_name: run timeout: 0 duration: None cls:
2019-06-18 09:43:03.680 24161 INFO rally.task.runner [-] Task 49487797-7e81-4501-b2bd-9771e2d84e29 | ITER: 16 START
2019-06-18 09:43:03.681 24164 RALLYDEBUG rally.task.runner [-] Starting a worker. concurrency: 1 args: {"network_create_args": null, "subnet_create_args": null, "subnet_cidr_start": "1.1.0.0/30", "subnets_per_network": 2, "router_create_args": null} times: 40 method_name: run timeout: 0 duration: None cls:
2019-06-18 09:43:03.688 24164 INFO rally.task.runner [-] Task 49487797-7e81-4501-b2bd-9771e2d84e29 | ITER: 17 START
2019-06-18 09:43:03.690 24167 RALLYDEBUG rally.task.runner [-] Starting a worker. concurrency: 1 args: {"network_create_args": null, "subnet_create_args": null, "subnet_cidr_start": "1.1.0.0/30", "subnets_per_network": 2, "router_create_args": null} times: 40 method_name: run timeout: 0 duration: None cls:
2019-06-18 09:43:03.696 24167 INFO rally.task.runner [-] Task 49487797-7e81-4501-b2bd-9771e2d84e29 | ITER: 18 START
2019-06-18 09:43:03.701 24172 RALLYDEBUG rally.task.runner [-] Starting a worker. concurrency: 1 args: {"network_create_args": null, "subnet_create_args": null, "subnet_cidr_start": "1.1.0.0/30", "subnets_per_network": 2, "router_create_args": null} times: 40 method_name: run timeout: 0 duration: None cls:
2019-06-18 09:43:03.706 24172 INFO rally.task.runner [-] Task 49487797-7e81-4501-b2bd-9771e2d84e29 | ITER: 19 START
2019-06-18 09:43:03.709 24173 RALLYDEBUG rally.task.runner [-] Starting a worker. concurrency: 1 args: {"network_create_args": null, "subnet_create_args": null, "subnet_cidr_start": "1.1.0.0/30", "subnets_per_network": 2, "router_create_args": null} times: 40 method_name: run timeout: 0 duration: None cls:
2019-06-18 09:43:03.714 24173 INFO rally.task.runner [-] Task 49487797-7e81-4501-b2bd-9771e2d84e29 | ITER: 20 START
2019-06-18 09:43:04.516 24127 RALLYDEBUG rally_openstack.wrappers.network [-] CIDR generated: 1.1.5.160/30
2019-06-18 09:43:04.533 24128 RALLYDEBUG rally_openstack.wrappers.network [-] CIDR generated: 1.1.5.164/30
2019-06-18 09:43:04.579 24134 RALLYDEBUG rally_openstack.wrappers.network [-] CIDR generated: 1.1.5.168/30
2019-06-18 09:43:04.607 24138 RALLYDEBUG rally_openstack.wrappers.network [-] CIDR generated: 1.1.5.172/30
2019-06-18 09:43:04.626 24126 RALLYDEBUG rally_openstack.wrappers.network [-] CIDR generated: 1.1.5.176/30
2019-06-18 09:43:04.647 24130 RALLYDEBUG rally_openstack.wrappers.network [-] CIDR generated: 1.1.5.180/30
2019-06-18 09:43:04.668 24126 RALLYDEBUG rally_openstack.wrappers.network [-] CIDR generated: 1.1.5.184/30
2019-06-18 09:43:04.725 24158 RALLYDEBUG rally_openstack.wrappers.network [-] CIDR generated: 1.1.5.188/30
2019-06-18 09:43:04.730 24129 RALLYDEBUG rally_openstack.wrappers.network [-] CIDR generated: 1.1.5.192/30
2019-06-18 09:43:04.733 24153 RALLYDEBUG rally_openstack.wrappers.network [-] CIDR generated: 1.1.5.196/30
2019-06-18 09:43:04.757 24161 RALLYDEBUG rally_openstack.wrappers.network [-] CIDR generated: 1.1.5.200/30
2019-06-18 09:43:04.773 24128 RALLYDEBUG rally_openstack.wrappers.network [-] CIDR generated: 1.1.5.204/30
2019-06-18 09:43:04.853 24172 RALLYDEBUG rally_openstack.wrappers.network [-] CIDR generated: 1.1.5.208/30
2019-06-18 09:43:04.879 24127 RALLYDEBUG rally_openstack.wrappers.network [-] CIDR generated: 1.1.5.212/30
2019-06-18 09:43:04.893 24167 RALLYDEBUG rally_openstack.wrappers.network [-] CIDR generated: 1.1.5.216/30
2019-06-18 09:43:04.908 24147 RALLYDEBUG rally_openstack.wrappers.network [-] CIDR generated: 1.1.5.220/30
2019-06-18 09:43:04.924 24164 RALLYDEBUG rally_openstack.wrappers.network [-] CIDR generated: 1.1.5.224/30
2019-06-18 09:43:04.960 24142 RALLYDEBUG rally_openstack.wrappers.network [-] CIDR generated: 1.1.5.228/30
2019-06-18 09:43:05.351 24129 RALLYDEBUG rally_openstack.wrappers.network [-] CIDR generated: 1.1.5.232/30
2019-06-18 09:43:05.366 24173 RALLYDEBUG rally_openstack.wrappers.network [-] CIDR generated: 1.1.5.236/30
2019-06-18 09:43:05.452 24130 RALLYDEBUG rally_openstack.wrappers.network [-] CIDR generated: 1.1.5.240/30
2019-06-18 09:43:05.458 24128 RALLYDEBUG rally_openstack.wrappers.network [-] CIDR generated: 1.1.5.244/30
2019-06-18 09:43:06.044 24126 RALLYDEBUG rally_openstack.wrappers.network [-] CIDR generated: 1.1.5.248/30
2019-06-18 09:43:06.235 24126 RALLYDEBUG rally_openstack.wrappers.network [-] CIDR generated: 1.1.5.252/30
2019-06-18 09:43:06.237 24134 RALLYDEBUG rally_openstack.wrappers.network [-] CIDR generated: 1.1.6.0/30
2019-06-18 09:43:06.284 24167 RALLYDEBUG rally_openstack.wrappers.network [-] CIDR generated: 1.1.6.4/30
2019-06-18 09:43:06.646 24153 RALLYDEBUG rally_openstack.wrappers.network [-] CIDR generated: 1.1.6.8/30
2019-06-18 09:43:06.661 24128 RALLYDEBUG rally_openstack.wrappers.network [-] CIDR generated: 1.1.6.12/30
2019-06-18 09:43:06.688 24161 RALLYDEBUG rally_openstack.wrappers.network [-] CIDR generated: 1.1.6.16/30
2019-06-18 09:43:06.720 24129 RALLYDEBUG rally_openstack.wrappers.network [-] CIDR generated: 1.1.6.20/30
2019-06-18 09:43:06.783 24158 RALLYDEBUG rally_openstack.wrappers.network [-] CIDR generated: 1.1.6.24/30
2019-06-18 09:43:06.797 24142 RALLYDEBUG rally_openstack.wrappers.network [-] CIDR generated: 1.1.6.28/30
2019-06-18 09:43:06.915 24173 RALLYDEBUG rally_openstack.wrappers.network [-] CIDR generated: 1.1.6.32/30
2019-06-18 09:43:07.173 24129 RALLYDEBUG rally_openstack.wrappers.network [-] CIDR generated: 1.1.6.36/30
2019-06-18 09:43:07.415 24172 RALLYDEBUG rally_openstack.wrappers.network [-] CIDR generated: 1.1.6.40/30
2019-06-18 09:43:07.514 24164 RALLYDEBUG rally_openstack.wrappers.network [-] CIDR generated: 1.1.6.44/30
2019-06-18 09:43:07.588 24127 RALLYDEBUG rally_openstack.wrappers.network [-] CIDR generated: 1.1.6.48/30
2019-06-18 09:43:08.032 24127 RALLYDEBUG rally_openstack.wrappers.network [-] CIDR generated: 1.1.6.52/30
2019-06-18 09:43:08.808 24138 RALLYDEBUG rally_openstack.wrappers.network [-] CIDR generated: 1.1.6.56/30
2019-06-18 09:43:08.932 24147 RALLYDEBUG rally_openstack.wrappers.network [-] CIDR generated: 1.1.6.60/30
2019-06-18 09:43:14.525 24126 INFO rally.task.runner [-] Task 49487797-7e81-4501-b2bd-9771e2d84e29 | ITER: 3 END: OK
2019-06-18 09:43:14.530 24126 INFO rally.task.runner [-] Task 49487797-7e81-4501-b2bd-9771e2d84e29 | ITER: 21 START
2019-06-18 09:43:15.086 24126 RALLYDEBUG rally_openstack.wrappers.network [-] CIDR generated: 1.1.6.64/30
2019-06-18 09:43:15.468 24130 INFO rally.task.runner [-] Task 49487797-7e81-4501-b2bd-9771e2d84e29 | ITER: 9 END: OK
2019-06-18 09:43:15.473 24130 INFO rally.task.runner [-] Task 49487797-7e81-4501-b2bd-9771e2d84e29 | ITER: 22 START
2019-06-18 09:43:15.764 24128 INFO rally.task.runner [-] Task 49487797-7e81-4501-b2bd-9771e2d84e29 | ITER: 4 END: OK
2019-06-18 09:43:15.768 24128 INFO rally.task.runner [-] Task 49487797-7e81-4501-b2bd-9771e2d84e29 | ITER: 23 START
2019-06-18 09:43:16.221 24126 INFO rally.task.runner [-] Task 49487797-7e81-4501-b2bd-9771e2d84e29 | ITER: 1 END: OK
2019-06-18 09:43:16.225 24126 INFO rally.task.runner [-] Task 49487797-7e81-4501-b2bd-9771e2d84e29 | ITER: 24 START
2019-06-18 09:43:16.495 24128 RALLYDEBUG rally_openstack.wrappers.network [-] CIDR generated: 1.1.6.68/30
2019-06-18 09:43:16.875 24130 RALLYDEBUG rally_openstack.wrappers.network [-] CIDR generated: 1.1.6.72/30
2019-06-18 09:43:17.638 24130 RALLYDEBUG rally_openstack.wrappers.network [-] CIDR generated: 1.1.6.76/30
