2019-06-18 09:37:29.848 21653 RALLYDEBUG rally.api [-] INFO logs from urllib3 and requests module are hide.
2019-06-18 09:37:29.848 21653 RALLYDEBUG rally.api [-] urllib3 insecure warnings are hidden.
2019-06-18 09:37:29.848 21653 RALLYDEBUG rally.api [-] ERROR log from boto module is hide.
2019-06-18 09:37:32.505 21655 RALLYDEBUG rally.api [-] INFO logs from urllib3 and requests module are hide.
2019-06-18 09:37:32.506 21655 RALLYDEBUG rally.api [-] urllib3 insecure warnings are hidden.
2019-06-18 09:37:32.506 21655 RALLYDEBUG rally.api [-] ERROR log from boto module is hide.
2019-06-18 09:37:34.060 21655 WARNING rally_openstack.platforms.existing [-] endpoint is deprecated and not used.
2019-06-18 09:37:35.157 21657 RALLYDEBUG rally.api [-] INFO logs from urllib3 and requests module are hide.
2019-06-18 09:37:35.157 21657 RALLYDEBUG rally.api [-] urllib3 insecure warnings are hidden.
2019-06-18 09:37:35.157 21657 RALLYDEBUG rally.api [-] ERROR log from boto module is hide.
2019-06-18 09:37:38.449 21660 RALLYDEBUG rally.api [-] INFO logs from urllib3 and requests module are hide.
2019-06-18 09:37:38.449 21660 RALLYDEBUG rally.api [-] urllib3 insecure warnings are hidden.
2019-06-18 09:37:38.449 21660 RALLYDEBUG rally.api [-] ERROR log from boto module is hide.
2019-06-18 09:37:40.003 21662 RALLYDEBUG rally.api [-] INFO logs from urllib3 and requests module are hide.
2019-06-18 09:37:40.003 21662 RALLYDEBUG rally.api [-] urllib3 insecure warnings are hidden.
2019-06-18 09:37:40.003 21662 RALLYDEBUG rally.api [-] ERROR log from boto module is hide.
2019-06-18 09:37:41.162 21662 INFO rally.common.plugin.discover [-] Loading plugins from directories /root/.rally/plugins/*
2019-06-18 09:37:41.162 21662 INFO rally.common.plugin.discover [-] Loaded module with plugins: /root/.rally/plugins/__init__.py
2019-06-18 09:37:41.165 21662 INFO rally.common.plugin.discover [-] Loaded module with plugins: /root/.rally/plugins/trunk_scenario.py
2019-06-18 09:37:41.364 21662 INFO rally.task.engine [-] Task 49487797-7e81-4501-b2bd-9771e2d84e29 | Starting: Task validation.
2019-06-18 09:37:41.429 21662 INFO rally.task.engine [-] Task 49487797-7e81-4501-b2bd-9771e2d84e29 | Starting: Task validation of syntax.
2019-06-18 09:37:41.703 21662 INFO rally.task.engine [-] Task 49487797-7e81-4501-b2bd-9771e2d84e29 | Completed: Task validation of syntax.
2019-06-18 09:37:41.704 21662 INFO rally.task.engine [-] Task 49487797-7e81-4501-b2bd-9771e2d84e29 | Starting: Task validation of required platforms.
2019-06-18 09:37:41.779 21662 INFO rally.task.engine [-] Task 49487797-7e81-4501-b2bd-9771e2d84e29 | Completed: Task validation of required platforms.
2019-06-18 09:37:41.779 21662 INFO rally.task.engine [-] Task 49487797-7e81-4501-b2bd-9771e2d84e29 | Starting: Task validation of semantic.
2019-06-18 09:37:41.780 21662 INFO rally.task.engine [-] Check health of the environment 'b5815c33-8096-4b4b-a833-9505df054a51'.
2019-06-18 09:37:42.369 21662 INFO rally.task.engine [-] Platform existing@openstack (available: True): OK!
2019-06-18 09:37:42.387 21662 RALLYDEBUG rally_openstack.contexts.keystone.users [-] Creating 1 tenants using 20 threads
2019-06-18 09:37:43.362 21662 RALLYDEBUG rally_openstack.contexts.keystone.users [-] Creating 1 users using 20 threads
2019-06-18 09:37:44.812 21662 INFO rally.task.context [-] Task 49487797-7e81-4501-b2bd-9771e2d84e29 | Context users@openstack setup() finished in 2.42 sec
2019-06-18 09:37:49.472 21662 INFO rally.task.context [-] Task 49487797-7e81-4501-b2bd-9771e2d84e29 | Context users@openstack cleanup() started
2019-06-18 09:37:52.756 21662 INFO rally.task.context [-] Task 49487797-7e81-4501-b2bd-9771e2d84e29 | Context users@openstack cleanup() finished in 3.28 sec
2019-06-18 09:37:52.756 21662 INFO rally.task.engine [-] Task 49487797-7e81-4501-b2bd-9771e2d84e29 | Completed: Task validation of semantic.
2019-06-18 09:37:52.757 21662 INFO rally.task.engine [-] Task 49487797-7e81-4501-b2bd-9771e2d84e29 | Completed: Task validation.
2019-06-18 09:37:52.757 21662 INFO rally.api [-] Task 49487797-7e81-4501-b2bd-9771e2d84e29 input file is valid.
2019-06-18 09:37:52.757 21662 INFO rally.api [-] Run Task 49487797-7e81-4501-b2bd-9771e2d84e29 against Deployment b5815c33-8096-4b4b-a833-9505df054a51
2019-06-18 09:37:52.758 21662 INFO rally.task.engine [-] Task 49487797-7e81-4501-b2bd-9771e2d84e29 | Starting: Running task.
2019-06-18 09:37:52.952 21662 INFO rally.task.engine [-] Running workload: position = 0 config = { "version": 2, "title": "A cropped version of a bigger task.", "description": "Auto-generated task from a single workload (uuid=83ee3ef4-94fd-4c38-bda4-dc56669542ea)", "subtasks": [ { "title": "NeutronNetworks.create_and_list_networks", "description": "Check performance of list_networks action and ensure > network quotas are not exceeded", "scenario": { "NeutronNetworks.create_and_list_networks": {} }, "contexts": { "users": { "tenants": 1, "users_per_tenant": 1 }, "quotas": { "neutron": { "network": 119 } } }, "runner": { "constant": { "times": 100, "concurrency": 20 } }, "hooks": [], "sla": { "max_avg_duration_per_atomic": { "neutron.list_networks": 15 }, "failure_rate": { "max": 0 } } } ] }
2019-06-18 09:37:52.981 21662 RALLYDEBUG rally_openstack.contexts.keystone.users [-] Creating 1 tenants using 20 threads
2019-06-18 09:37:53.952 21662 RALLYDEBUG rally_openstack.contexts.keystone.users [-] Creating 1 users using 20 threads
2019-06-18 09:37:55.390 21662 INFO rally.task.context [-] Task 49487797-7e81-4501-b2bd-9771e2d84e29 | Context users@openstack setup() finished in 2.41 sec
2019-06-18 09:37:55.969 21662 INFO rally.task.context [-] Task 49487797-7e81-4501-b2bd-9771e2d84e29 | Context quotas@openstack setup() finished in 0.58 sec
2019-06-18 09:37:55.969 21662 INFO rally.task.context [-] Task 49487797-7e81-4501-b2bd-9771e2d84e29 | Context cleanup@openstack setup() finished in 0.01 msec
2019-06-18 09:37:55.978 21662 RALLYDEBUG rally.task.runner [-] Starting the constant runner (task UUID: 49487797-7e81-4501-b2bd-9771e2d84e29). timeout: 0 concurrency: 20 concurrency_per_worker: 1 times: 100 concurrency_overhead: 4 processes_to_start: 16 max_cpu_used: 16
2019-06-18 09:37:55.991 21786 RALLYDEBUG rally.task.runner [-] Starting a worker. concurrency: 2 args: {} times: 100 method_name: run timeout: 0 duration: None cls:
2019-06-18 09:37:55.995 21787 RALLYDEBUG rally.task.runner [-] Starting a worker. concurrency: 2 args: {} times: 100 method_name: run timeout: 0 duration: None cls:
2019-06-18 09:37:55.998 21788 RALLYDEBUG rally.task.runner [-] Starting a worker. concurrency: 2 args: {} times: 100 method_name: run timeout: 0 duration: None cls:
2019-06-18 09:37:56.001 21786 INFO rally.task.runner [-] Task 49487797-7e81-4501-b2bd-9771e2d84e29 | ITER: 1 START
2019-06-18 09:37:56.001 21789 RALLYDEBUG rally.task.runner [-] Starting a worker. concurrency: 2 args: {} times: 100 method_name: run timeout: 0 duration: None cls:
2019-06-18 09:37:56.004 21787 INFO rally.task.runner [-] Task 49487797-7e81-4501-b2bd-9771e2d84e29 | ITER: 3 START
2019-06-18 09:37:56.004 21792 RALLYDEBUG rally.task.runner [-] Starting a worker. concurrency: 1 args: {} times: 100 method_name: run timeout: 0 duration: None cls:
2019-06-18 09:37:56.008 21788 INFO rally.task.runner [-] Task 49487797-7e81-4501-b2bd-9771e2d84e29 | ITER: 4 START
2019-06-18 09:37:56.009 21795 RALLYDEBUG rally.task.runner [-] Starting a worker. concurrency: 1 args: {} times: 100 method_name: run timeout: 0 duration: None cls:
2019-06-18 09:37:56.011 21792 INFO rally.task.runner [-] Task 49487797-7e81-4501-b2bd-9771e2d84e29 | ITER: 8 START
2019-06-18 09:37:56.011 21798 RALLYDEBUG rally.task.runner [-] Starting a worker. concurrency: 1 args: {} times: 100 method_name: run timeout: 0 duration: None cls:
2019-06-18 09:37:56.012 21789 INFO rally.task.runner [-] Task 49487797-7e81-4501-b2bd-9771e2d84e29 | ITER: 6 START
2019-06-18 09:37:56.012 21788 INFO rally.task.runner [-] Task 49487797-7e81-4501-b2bd-9771e2d84e29 | ITER: 7 START
2019-06-18 09:37:56.015 21786 INFO rally.task.runner [-] Task 49487797-7e81-4501-b2bd-9771e2d84e29 | ITER: 2 START
2019-06-18 09:37:56.015 21789 INFO rally.task.runner [-] Task 49487797-7e81-4501-b2bd-9771e2d84e29 | ITER: 9 START
2019-06-18 09:37:56.015 21804 RALLYDEBUG rally.task.runner [-] Starting a worker. concurrency: 1 args: {} times: 100 method_name: run timeout: 0 duration: None cls:
2019-06-18 09:37:56.019 21795 INFO rally.task.runner [-] Task 49487797-7e81-4501-b2bd-9771e2d84e29 | ITER: 10 START
2019-06-18 09:37:56.019 21798 INFO rally.task.runner [-] Task 49487797-7e81-4501-b2bd-9771e2d84e29 | ITER: 11 START
2019-06-18 09:37:56.020 21787 INFO rally.task.runner [-] Task 49487797-7e81-4501-b2bd-9771e2d84e29 | ITER: 5 START
2019-06-18 09:37:56.021 21807 RALLYDEBUG rally.task.runner [-] Starting a worker. concurrency: 1 args: {} times: 100 method_name: run timeout: 0 duration: None cls:
2019-06-18 09:37:56.024 21804 INFO rally.task.runner [-] Task 49487797-7e81-4501-b2bd-9771e2d84e29 | ITER: 12 START
2019-06-18 09:37:56.024 21811 RALLYDEBUG rally.task.runner [-] Starting a worker. concurrency: 1 args: {} times: 100 method_name: run timeout: 0 duration: None cls:
2019-06-18 09:37:56.029 21807 INFO rally.task.runner [-] Task 49487797-7e81-4501-b2bd-9771e2d84e29 | ITER: 13 START
2019-06-18 09:37:56.031 21811 INFO rally.task.runner [-] Task 49487797-7e81-4501-b2bd-9771e2d84e29 | ITER: 14 START
2019-06-18 09:37:56.031 21816 RALLYDEBUG rally.task.runner [-] Starting a worker. concurrency: 1 args: {} times: 100 method_name: run timeout: 0 duration: None cls:
2019-06-18 09:37:56.039 21816 INFO rally.task.runner [-] Task 49487797-7e81-4501-b2bd-9771e2d84e29 | ITER: 15 START
2019-06-18 09:37:56.039 21821 RALLYDEBUG rally.task.runner [-] Starting a worker. concurrency: 1 args: {} times: 100 method_name: run timeout: 0 duration: None cls:
2019-06-18 09:37:56.046 21821 INFO rally.task.runner [-] Task 49487797-7e81-4501-b2bd-9771e2d84e29 | ITER: 16 START
2019-06-18 09:37:56.050 21824 RALLYDEBUG rally.task.runner [-] Starting a worker. concurrency: 1 args: {} times: 100 method_name: run timeout: 0 duration: None cls:
2019-06-18 09:37:56.057 21824 INFO rally.task.runner [-] Task 49487797-7e81-4501-b2bd-9771e2d84e29 | ITER: 17 START
2019-06-18 09:37:56.057 21827 RALLYDEBUG rally.task.runner [-] Starting a worker. concurrency: 1 args: {} times: 100 method_name: run timeout: 0 duration: None cls:
2019-06-18 09:37:56.064 21827 INFO rally.task.runner [-] Task 49487797-7e81-4501-b2bd-9771e2d84e29 | ITER: 18 START
2019-06-18 09:37:56.066 21830 RALLYDEBUG rally.task.runner [-] Starting a worker. concurrency: 1 args: {} times: 100 method_name: run timeout: 0 duration: None cls:
2019-06-18 09:37:56.072 21830 INFO rally.task.runner [-] Task 49487797-7e81-4501-b2bd-9771e2d84e29 | ITER: 19 START
2019-06-18 09:37:56.072 21833 RALLYDEBUG rally.task.runner [-] Starting a worker. concurrency: 1 args: {} times: 100 method_name: run timeout: 0 duration: None cls:
2019-06-18 09:37:56.077 21833 INFO rally.task.runner [-] Task 49487797-7e81-4501-b2bd-9771e2d84e29 | ITER: 20 START
2019-06-18 09:37:57.164 21811 INFO rally.task.runner [-] Task 49487797-7e81-4501-b2bd-9771e2d84e29 | ITER: 14 END: OK
2019-06-18 09:37:57.167 21811 INFO rally.task.runner [-] Task 49487797-7e81-4501-b2bd-9771e2d84e29 | ITER: 21 START
2019-06-18 09:37:57.269 21804 INFO rally.task.runner [-] Task 49487797-7e81-4501-b2bd-9771e2d84e29 | ITER: 12 END: OK
2019-06-18 09:37:57.273 21804 INFO rally.task.runner [-] Task 49487797-7e81-4501-b2bd-9771e2d84e29 | ITER: 22 START
2019-06-18 09:37:57.279 21786 INFO rally.task.runner [-] Task 49487797-7e81-4501-b2bd-9771e2d84e29 | ITER: 1 END: OK
2019-06-18 09:37:57.282 21786 INFO rally.task.runner [-] Task 49487797-7e81-4501-b2bd-9771e2d84e29 | ITER: 23 START
2019-06-18 09:37:57.286 21798 INFO rally.task.runner [-] Task 49487797-7e81-4501-b2bd-9771e2d84e29 | ITER: 11 END: OK
2019-06-18 09:37:57.289 21798 INFO rally.task.runner [-] Task 49487797-7e81-4501-b2bd-9771e2d84e29 | ITER: 24 START
2019-06-18 09:37:57.290 21795 INFO rally.task.runner [-] Task 49487797-7e81-4501-b2bd-9771e2d84e29 | ITER: 10 END: OK
2019-06-18 09:37:57.294 21795 INFO rally.task.runner [-] Task 49487797-7e81-4501-b2bd-9771e2d84e29 | ITER: 25 START
2019-06-18 09:37:57.476 21789 INFO rally.task.runner [-] Task 49487797-7e81-4501-b2bd-9771e2d84e29 | ITER: 9 END: OK
2019-06-18 09:37:57.477 21830 INFO rally.task.runner [-] Task 49487797-7e81-4501-b2bd-9771e2d84e29 | ITER: 19 END: OK
2019-06-18 09:37:57.477 21788 INFO rally.task.runner [-] Task 49487797-7e81-4501-b2bd-9771e2d84e29 | ITER: 7 END: OK
2019-06-18 09:37:57.481 21789 INFO rally.task.runner [-] Task 49487797-7e81-4501-b2bd-9771e2d84e29 | ITER: 26 START
2019-06-18 09:37:57.481 21830 INFO rally.task.runner [-] Task 49487797-7e81-4501-b2bd-9771e2d84e29 | ITER: 27 START
2019-06-18 09:37:57.482 21788 INFO rally.task.runner [-] Task 49487797-7e81-4501-b2bd-9771e2d84e29 | ITER: 28 START
2019-06-18 09:37:57.493 21807 INFO rally.task.runner [-] Task 49487797-7e81-4501-b2bd-9771e2d84e29 | ITER: 13 END: OK
2019-06-18 09:37:57.496 21787 INFO rally.task.runner [-] Task 49487797-7e81-4501-b2bd-9771e2d84e29 | ITER: 3 END: OK
2019-06-18 09:37:57.497 21792 INFO rally.task.runner [-] Task 49487797-7e81-4501-b2bd-9771e2d84e29 | ITER: 8 END: OK
2019-06-18 09:37:57.498 21807 INFO rally.task.runner [-] Task 49487797-7e81-4501-b2bd-9771e2d84e29 | ITER: 29 START
2019-06-18 09:37:57.500 21787 INFO rally.task.runner [-] Task 49487797-7e81-4501-b2bd-9771e2d84e29 | ITER: 30 START
2019-06-18 09:37:57.499 21789 INFO rally.task.runner [-] Task 49487797-7e81-4501-b2bd-9771e2d84e29 | ITER: 6 END: OK
2019-06-18 09:37:57.501 21792 INFO rally.task.runner [-] Task 49487797-7e81-4501-b2bd-9771e2d84e29 | ITER: 31 START
2019-06-18 09:37:57.505 21789 INFO rally.task.runner [-] Task 49487797-7e81-4501-b2bd-9771e2d84e29 | ITER: 32 START
2019-06-18 09:37:57.580 21788 INFO rally.task.runner [-] Task 49487797-7e81-4501-b2bd-9771e2d84e29 | ITER: 4 END: OK
2019-06-18 09:37:57.584 21788 INFO rally.task.runner [-] Task 49487797-7e81-4501-b2bd-9771e2d84e29 | ITER: 33 START
2019-06-18 09:37:57.639 21824 INFO rally.task.runner [-] Task 49487797-7e81-4501-b2bd-9771e2d84e29 | ITER: 17 END: OK
2019-06-18 09:37:57.642 21824 INFO rally.task.runner [-] Task 49487797-7e81-4501-b2bd-9771e2d84e29 | ITER: 34 START
2019-06-18 09:37:57.796 21827 INFO rally.task.runner [-] Task 49487797-7e81-4501-b2bd-9771e2d84e29 | ITER: 18 END: OK
2019-06-18 09:37:57.800 21827 INFO rally.task.runner [-] Task 49487797-7e81-4501-b2bd-9771e2d84e29 | ITER: 35 START
2019-06-18 09:37:57.816 21821 INFO rally.task.runner [-] Task 49487797-7e81-4501-b2bd-9771e2d84e29 | ITER: 16 END: OK
2019-06-18 09:37:57.820 21821 INFO rally.task.runner [-] Task 49487797-7e81-4501-b2bd-9771e2d84e29 | ITER: 36 START
2019-06-18 09:37:57.909 21787 INFO rally.task.runner [-] Task 49487797-7e81-4501-b2bd-9771e2d84e29 | ITER: 5 END: OK
2019-06-18 09:37:57.913 21787 INFO rally.task.runner [-] Task 49487797-7e81-4501-b2bd-9771e2d84e29 | ITER: 37 START
2019-06-18 09:37:58.003 21786 INFO rally.task.runner [-] Task 49487797-7e81-4501-b2bd-9771e2d84e29 | ITER: 2 END: OK
2019-06-18 09:37:58.013 21786 INFO rally.task.runner [-] Task 49487797-7e81-4501-b2bd-9771e2d84e29 | ITER: 38 START
2019-06-18 09:37:58.033 21816 INFO rally.task.runner [-] Task 49487797-7e81-4501-b2bd-9771e2d84e29 | ITER: 15 END: OK
2019-06-18 09:37:58.036 21816 INFO rally.task.runner [-] Task 49487797-7e81-4501-b2bd-9771e2d84e29 | ITER: 39 START
2019-06-18 09:37:58.054 21833 INFO rally.task.runner [-] Task 49487797-7e81-4501-b2bd-9771e2d84e29 | ITER: 20 END: OK
2019-06-18 09:37:58.057 21833 INFO rally.task.runner [-] Task 49487797-7e81-4501-b2bd-9771e2d84e29 | ITER: 40 START
2019-06-18 09:37:58.261 21786 INFO rally.task.runner [-] Task 49487797-7e81-4501-b2bd-9771e2d84e29 | ITER: 23 END: OK
2019-06-18 09:37:58.263 21795 INFO rally.task.runner [-] Task 49487797-7e81-4501-b2bd-9771e2d84e29 | ITER: 25 END: OK
2019-06-18 09:37:58.265 21786 INFO rally.task.runner [-] Task 49487797-7e81-4501-b2bd-9771e2d84e29 | ITER: 41 START
2019-06-18 09:37:58.266 21795 INFO rally.task.runner [-] Task 49487797-7e81-4501-b2bd-9771e2d84e29 | ITER: 42 START
2019-06-18 09:37:58.297 21804 INFO rally.task.runner [-] Task 49487797-7e81-4501-b2bd-9771e2d84e29 | ITER: 22 END: OK
2019-06-18 09:37:58.301 21804 INFO rally.task.runner [-] Task 49487797-7e81-4501-b2bd-9771e2d84e29 | ITER: 43 START
2019-06-18 09:37:58.455 21811 INFO rally.task.runner [-] Task 49487797-7e81-4501-b2bd-9771e2d84e29 | ITER: 21 END: OK
2019-06-18 09:37:58.459 21811 INFO rally.task.runner [-] Task 49487797-7e81-4501-b2bd-9771e2d84e29 | ITER: 44 START
2019-06-18 09:37:58.466 21807 INFO rally.task.runner [-] Task 49487797-7e81-4501-b2bd-9771e2d84e29 | ITER: 29 END: OK
2019-06-18 09:37:58.468 21789 INFO rally.task.runner [-] Task 49487797-7e81-4501-b2bd-9771e2d84e29 | ITER: 26 END: OK
2019-06-18 09:37:58.470 21807 INFO rally.task.runner [-] Task 49487797-7e81-4501-b2bd-9771e2d84e29 | ITER: 45 START
2019-06-18 09:37:58.471 21789 INFO rally.task.runner [-] Task 49487797-7e81-4501-b2bd-9771e2d84e29 | ITER: 46 START
2019-06-18 09:37:58.489 21787 INFO rally.task.runner [-] Task 49487797-7e81-4501-b2bd-9771e2d84e29 | ITER: 30 END: OK
2019-06-18 09:37:58.492 21787 INFO rally.task.runner [-] Task 49487797-7e81-4501-b2bd-9771e2d84e29 | ITER: 47 START
2019-06-18 09:37:58.563 21788 INFO rally.task.runner [-] Task 49487797-7e81-4501-b2bd-9771e2d84e29 | ITER: 28 END: OK
2019-06-18 09:37:58.566 21788 INFO rally.task.runner [-] Task 49487797-7e81-4501-b2bd-9771e2d84e29 | ITER: 48 START
2019-06-18 09:37:58.882 21798 INFO rally.task.runner [-] Task 49487797-7e81-4501-b2bd-9771e2d84e29 | ITER: 24 END: OK
2019-06-18 09:37:58.886 21798 INFO rally.task.runner [-] Task 49487797-7e81-4501-b2bd-9771e2d84e29 | ITER: 49 START
2019-06-18 09:37:58.894 21830 INFO rally.task.runner [-] Task 49487797-7e81-4501-b2bd-9771e2d84e29 | ITER: 27 END: OK
2019-06-18 09:37:58.898 21830 INFO rally.task.runner [-] Task 49487797-7e81-4501-b2bd-9771e2d84e29 | ITER: 50 START
2019-06-18 09:37:58.903 21788 INFO rally.task.runner [-] Task 49487797-7e81-4501-b2bd-9771e2d84e29 | ITER: 33 END: OK
2019-06-18 09:37:58.904 21792 INFO rally.task.runner [-] Task 49487797-7e81-4501-b2bd-9771e2d84e29 | ITER: 31 END: OK
2019-06-18 09:37:58.907 21788 INFO rally.task.runner [-] Task 49487797-7e81-4501-b2bd-9771e2d84e29 | ITER: 51 START
2019-06-18 09:37:58.907 21792 INFO rally.task.runner [-] Task 49487797-7e81-4501-b2bd-9771e2d84e29 | ITER: 52 START
2019-06-18 09:37:58.942 21789 INFO rally.task.runner [-] Task 49487797-7e81-4501-b2bd-9771e2d84e29 | ITER: 32 END: OK
2019-06-18 09:37:58.945 21789 INFO rally.task.runner [-] Task 49487797-7e81-4501-b2bd-9771e2d84e29 | ITER: 53 START
2019-06-18 09:37:59.106 21824 INFO rally.task.runner [-] Task 49487797-7e81-4501-b2bd-9771e2d84e29 | ITER: 34 END: OK
2019-06-18 09:37:59.110 21824 INFO rally.task.runner [-] Task 49487797-7e81-4501-b2bd-9771e2d84e29 | ITER: 54 START
2019-06-18 09:37:59.171 21827 INFO rally.task.runner [-] Task 49487797-7e81-4501-b2bd-9771e2d84e29 | ITER: 35 END: OK
2019-06-18 09:37:59.174 21827 INFO rally.task.runner [-] Task 49487797-7e81-4501-b2bd-9771e2d84e29 | ITER: 55 START
2019-06-18 09:37:59.208 21795 INFO rally.task.runner [-] Task 49487797-7e81-4501-b2bd-9771e2d84e29 | ITER: 42 END: OK
2019-06-18 09:37:59.212 21795 INFO rally.task.runner [-] Task 49487797-7e81-4501-b2bd-9771e2d84e29 | ITER: 56 START
2019-06-18 09:37:59.497 21787 INFO rally.task.runner [-] Task 49487797-7e81-4501-b2bd-9771e2d84e29 | ITER: 37 END: OK
2019-06-18 09:37:59.501 21787 INFO rally.task.runner [-] Task 49487797-7e81-4501-b2bd-9771e2d84e29 | ITER: 57 START
2019-06-18 09:37:59.671 21821 INFO rally.task.runner [-] Task 49487797-7e81-4501-b2bd-9771e2d84e29 | ITER: 36 END: OK
2019-06-18 09:37:59.675 21821 INFO rally.task.runner [-] Task 49487797-7e81-4501-b2bd-9771e2d84e29 | ITER: 58 START
2019-06-18 09:37:59.801 21786 INFO rally.task.runner [-] Task 49487797-7e81-4501-b2bd-9771e2d84e29 | ITER: 38 END: OK
2019-06-18 09:37:59.804 21786 INFO rally.task.runner [-] Task 49487797-7e81-4501-b2bd-9771e2d84e29 | ITER: 59 START
2019-06-18 09:37:59.851 21798 INFO rally.task.runner [-] Task 49487797-7e81-4501-b2bd-9771e2d84e29 | ITER: 49 END: OK
2019-06-18 09:37:59.855 21798 INFO rally.task.runner [-] Task 49487797-7e81-4501-b2bd-9771e2d84e29 | ITER: 60 START
2019-06-18 09:37:59.948 21811 INFO rally.task.runner [-] Task 49487797-7e81-4501-b2bd-9771e2d84e29 | ITER: 44 END: OK
2019-06-18 09:37:59.951 21811 INFO rally.task.runner [-] Task 49487797-7e81-4501-b2bd-9771e2d84e29 | ITER: 61 START
2019-06-18 09:38:00.015 21816 INFO rally.task.runner [-] Task 49487797-7e81-4501-b2bd-9771e2d84e29 | ITER: 39 END: OK
2019-06-18 09:38:00.019 21816 INFO rally.task.runner [-] Task 49487797-7e81-4501-b2bd-9771e2d84e29 | ITER: 62 START
2019-06-18 09:38:00.113 21804 INFO rally.task.runner [-] Task 49487797-7e81-4501-b2bd-9771e2d84e29 | ITER: 43 END: OK
2019-06-18 09:38:00.117 21804 INFO rally.task.runner [-] Task 49487797-7e81-4501-b2bd-9771e2d84e29 | ITER: 63 START
2019-06-18 09:38:00.404 21830 INFO rally.task.runner [-] Task 49487797-7e81-4501-b2bd-9771e2d84e29 | ITER: 50 END: OK
2019-06-18 09:38:00.408 21830 INFO rally.task.runner [-] Task 49487797-7e81-4501-b2bd-9771e2d84e29 | ITER: 64 START
2019-06-18 09:38:00.422 21795 INFO rally.task.runner [-] Task 49487797-7e81-4501-b2bd-9771e2d84e29 | ITER: 56 END: OK
2019-06-18 09:38:00.422 21833 INFO rally.task.runner [-] Task 49487797-7e81-4501-b2bd-9771e2d84e29 | ITER: 40 END: OK
2019-06-18 09:38:00.425 21795 INFO rally.task.runner [-] Task 49487797-7e81-4501-b2bd-9771e2d84e29 | ITER: 65 START
2019-06-18 09:38:00.426 21833 INFO rally.task.runner [-] Task 49487797-7e81-4501-b2bd-9771e2d84e29 | ITER: 66 START
2019-06-18 09:38:00.438 21788 INFO rally.task.runner [-] Task 49487797-7e81-4501-b2bd-9771e2d84e29 | ITER: 51 END: OK
2019-06-18 09:38:00.442 21788 INFO rally.task.runner [-] Task 49487797-7e81-4501-b2bd-9771e2d84e29 | ITER: 48 END: OK
2019-06-18 09:38:00.446 21788 INFO rally.task.runner [-] Task 49487797-7e81-4501-b2bd-9771e2d84e29 | ITER: 67 START
2019-06-18 09:38:00.452 21788 INFO rally.task.runner [-] Task 49487797-7e81-4501-b2bd-9771e2d84e29 | ITER: 68 START
2019-06-18 09:38:00.518 21789 INFO rally.task.runner [-] Task 49487797-7e81-4501-b2bd-9771e2d84e29 | ITER: 53 END: OK
2019-06-18 09:38:00.521 21789 INFO rally.task.runner [-] Task 49487797-7e81-4501-b2bd-9771e2d84e29 | ITER: 69 START
2019-06-18 09:38:00.525 21792 INFO rally.task.runner [-] Task 49487797-7e81-4501-b2bd-9771e2d84e29 | ITER: 52 END: OK
2019-06-18 09:38:00.529 21792 INFO rally.task.runner [-] Task 49487797-7e81-4501-b2bd-9771e2d84e29 | ITER: 70 START
2019-06-18 09:38:00.618 21786 INFO rally.task.runner [-] Task 49487797-7e81-4501-b2bd-9771e2d84e29 | ITER: 41 END: OK
2019-06-18 09:38:00.621 21786 INFO rally.task.runner [-] Task 49487797-7e81-4501-b2bd-9771e2d84e29 | ITER: 71 START
2019-06-18 09:38:00.717 21827 INFO rally.task.runner [-] Task 49487797-7e81-4501-b2bd-9771e2d84e29 | ITER: 55 END: OK
2019-06-18 09:38:00.720 21827 INFO rally.task.runner [-] Task 49487797-7e81-4501-b2bd-9771e2d84e29 | ITER: 72 START
2019-06-18 09:38:00.775 21789 INFO rally.task.runner [-] Task 49487797-7e81-4501-b2bd-9771e2d84e29 | ITER: 46 END: OK
2019-06-18 09:38:00.776 21787 INFO rally.task.runner [-] Task 49487797-7e81-4501-b2bd-9771e2d84e29 | ITER: 47 END: OK
2019-06-18 09:38:00.778 21789 INFO rally.task.runner [-] Task 49487797-7e81-4501-b2bd-9771e2d84e29 | ITER: 73 START
2019-06-18 09:38:00.779 21787 INFO rally.task.runner [-] Task 49487797-7e81-4501-b2bd-9771e2d84e29 | ITER: 74 START
2019-06-18 09:38:00.911 21824 INFO rally.task.runner [-] Task 49487797-7e81-4501-b2bd-9771e2d84e29 | ITER: 54 END: OK
2019-06-18 09:38:00.915 21824 INFO rally.task.runner [-] Task 49487797-7e81-4501-b2bd-9771e2d84e29 | ITER: 75 START
2019-06-18 09:38:01.036 21807 INFO rally.task.runner [-] Task 49487797-7e81-4501-b2bd-9771e2d84e29 | ITER: 45 END: OK
2019-06-18 09:38:01.039 21807 INFO rally.task.runner [-] Task 49487797-7e81-4501-b2bd-9771e2d84e29 | ITER: 76 START
2019-06-18 09:38:01.111 21821 INFO rally.task.runner [-] Task 49487797-7e81-4501-b2bd-9771e2d84e29 | ITER: 58 END: OK
2019-06-18 09:38:01.114 21821 INFO rally.task.runner [-] Task 49487797-7e81-4501-b2bd-9771e2d84e29 | ITER: 77 START
2019-06-18 09:38:01.210 21787 INFO rally.task.runner [-] Task 49487797-7e81-4501-b2bd-9771e2d84e29 | ITER: 57 END: OK
2019-06-18 09:38:01.214 21787 INFO rally.task.runner [-] Task 49487797-7e81-4501-b2bd-9771e2d84e29 | ITER: 78 START
2019-06-18 09:38:01.317 21798 INFO rally.task.runner [-] Task 49487797-7e81-4501-b2bd-9771e2d84e29 | ITER: 60 END: OK
2019-06-18 09:38:01.321 21798 INFO rally.task.runner [-] Task 49487797-7e81-4501-b2bd-9771e2d84e29 | ITER: 79 START
2019-06-18 09:38:01.456 21786 INFO rally.task.runner [-] Task 49487797-7e81-4501-b2bd-9771e2d84e29 | ITER: 59 END: OK
2019-06-18 09:38:01.460 21786 INFO rally.task.runner [-] Task 49487797-7e81-4501-b2bd-9771e2d84e29 | ITER: 80 START
2019-06-18 09:38:01.682 21811 INFO rally.task.runner [-] Task 49487797-7e81-4501-b2bd-9771e2d84e29 | ITER: 61 END: OK
2019-06-18 09:38:01.686 21811 INFO rally.task.runner [-] Task 49487797-7e81-4501-b2bd-9771e2d84e29 | ITER: 81 START
2019-06-18 09:38:01.959 21787 INFO rally.task.runner [-] Task 49487797-7e81-4501-b2bd-9771e2d84e29 | ITER: 74 END: OK
2019-06-18 09:38:01.963 21787 INFO rally.task.runner [-] Task 49487797-7e81-4501-b2bd-9771e2d84e29 | ITER: 82 START
2019-06-18 09:38:02.057 21816 INFO rally.task.runner [-] Task 49487797-7e81-4501-b2bd-9771e2d84e29 | ITER: 62 END: OK
2019-06-18 09:38:02.061 21816 INFO rally.task.runner [-] Task 49487797-7e81-4501-b2bd-9771e2d84e29 | ITER: 83 START
2019-06-18 09:38:02.085 21804 INFO rally.task.runner [-] Task 49487797-7e81-4501-b2bd-9771e2d84e29 | ITER: 63 END: OK
2019-06-18 09:38:02.089 21804 INFO rally.task.runner [-] Task 49487797-7e81-4501-b2bd-9771e2d84e29 | ITER: 84 START
2019-06-18 09:38:02.166 21824 INFO rally.task.runner [-] Task 49487797-7e81-4501-b2bd-9771e2d84e29 | ITER: 75 END: OK
2019-06-18 09:38:02.171 21824 INFO rally.task.runner [-] Task 49487797-7e81-4501-b2bd-9771e2d84e29 | ITER: 85 START
2019-06-18 09:38:02.181 21788 INFO rally.task.runner [-] Task 49487797-7e81-4501-b2bd-9771e2d84e29 | ITER: 67 END: OK
2019-06-18 09:38:02.185 21788 INFO rally.task.runner [-] Task 49487797-7e81-4501-b2bd-9771e2d84e29 | ITER: 86 START
2019-06-18 09:38:02.236 21830 INFO rally.task.runner [-] Task 49487797-7e81-4501-b2bd-9771e2d84e29 | ITER: 64 END: OK
2019-06-18 09:38:02.239 21830 INFO rally.task.runner [-] Task 49487797-7e81-4501-b2bd-9771e2d84e29 | ITER: 87 START
2019-06-18 09:38:02.274 21789 INFO rally.task.runner [-] Task 49487797-7e81-4501-b2bd-9771e2d84e29 | ITER: 69 END: OK
2019-06-18 09:38:02.278 21789 INFO rally.task.runner [-] Task 49487797-7e81-4501-b2bd-9771e2d84e29 | ITER: 88 START
2019-06-18 09:38:02.349 21792 INFO rally.task.runner [-] Task 49487797-7e81-4501-b2bd-9771e2d84e29 | ITER: 70 END: OK
2019-06-18 09:38:02.353 21792 INFO rally.task.runner [-] Task 49487797-7e81-4501-b2bd-9771e2d84e29 | ITER: 89 START
2019-06-18 09:38:02.356 21833 INFO rally.task.runner [-] Task 49487797-7e81-4501-b2bd-9771e2d84e29 | ITER: 66 END: OK
2019-06-18 09:38:02.359 21833 INFO rally.task.runner [-] Task 49487797-7e81-4501-b2bd-9771e2d84e29 | ITER: 90 START
2019-06-18 09:38:02.634 21795 INFO rally.task.runner [-] Task 49487797-7e81-4501-b2bd-9771e2d84e29 | ITER: 65 END: OK
2019-06-18 09:38:02.637 21795 INFO rally.task.runner [-] Task 49487797-7e81-4501-b2bd-9771e2d84e29 | ITER: 91 START
2019-06-18 09:38:02.695 21821 INFO rally.task.runner [-] Task 49487797-7e81-4501-b2bd-9771e2d84e29 | ITER: 77 END: OK
2019-06-18 09:38:02.699 21821 INFO rally.task.runner [-] Task 49487797-7e81-4501-b2bd-9771e2d84e29 | ITER: 92 START
2019-06-18 09:38:02.712 21786 INFO rally.task.runner [-] Task 49487797-7e81-4501-b2bd-9771e2d84e29 | ITER: 71 END: OK
2019-06-18 09:38:02.714 21789 INFO rally.task.runner [-] Task 49487797-7e81-4501-b2bd-9771e2d84e29 | ITER: 73 END: OK
2019-06-18 09:38:02.716 21786 INFO rally.task.runner [-] Task 49487797-7e81-4501-b2bd-9771e2d84e29 | ITER: 93 START
2019-06-18 09:38:02.718 21789 INFO rally.task.runner [-] Task 49487797-7e81-4501-b2bd-9771e2d84e29 | ITER: 94 START
2019-06-18 09:38:02.869 21827 INFO rally.task.runner [-] Task 49487797-7e81-4501-b2bd-9771e2d84e29 | ITER: 72 END: OK
2019-06-18 09:38:02.873 21827 INFO rally.task.runner [-] Task 49487797-7e81-4501-b2bd-9771e2d84e29 | ITER: 95 START
2019-06-18 09:38:02.900 21788 INFO rally.task.runner [-] Task 49487797-7e81-4501-b2bd-9771e2d84e29 | ITER: 68 END: OK
2019-06-18 09:38:02.904 21788 INFO rally.task.runner [-] Task 49487797-7e81-4501-b2bd-9771e2d84e29 | ITER: 96 START
2019-06-18 09:38:02.975 21787 INFO rally.task.runner [-] Task 49487797-7e81-4501-b2bd-9771e2d84e29 | ITER: 78 END: OK
2019-06-18 09:38:02.978 21787 INFO rally.task.runner [-] Task 49487797-7e81-4501-b2bd-9771e2d84e29 | ITER: 97 START
2019-06-18 09:38:02.998 21786 INFO rally.task.runner [-] Task 49487797-7e81-4501-b2bd-9771e2d84e29 | ITER: 80 END: OK
2019-06-18 09:38:03.001 21786 INFO rally.task.runner [-] Task 49487797-7e81-4501-b2bd-9771e2d84e29 | ITER: 98 START
2019-06-18 09:38:03.028 21807 INFO rally.task.runner [-] Task 49487797-7e81-4501-b2bd-9771e2d84e29 | ITER: 76 END: OK
2019-06-18 09:38:03.032 21807 INFO rally.task.runner [-] Task 49487797-7e81-4501-b2bd-9771e2d84e29 | ITER: 99 START
2019-06-18 09:38:03.309 21824 INFO rally.task.runner [-] Task 49487797-7e81-4501-b2bd-9771e2d84e29 | ITER: 85 END: OK
2019-06-18 09:38:03.313 21824 INFO rally.task.runner [-] Task 49487797-7e81-4501-b2bd-9771e2d84e29 | ITER: 100 START
2019-06-18 09:38:03.417 21798 INFO rally.task.runner [-] Task 49487797-7e81-4501-b2bd-9771e2d84e29 | ITER: 79 END: OK
2019-06-18 09:38:03.428 21816 INFO rally.task.runner [-] Task 49487797-7e81-4501-b2bd-9771e2d84e29 | ITER: 83 END: OK
2019-06-18 09:38:03.429 21833 INFO rally.task.runner [-] Task 49487797-7e81-4501-b2bd-9771e2d84e29 | ITER: 90 END: OK
2019-06-18 09:38:03.457 21787 INFO rally.task.runner [-] Task 49487797-7e81-4501-b2bd-9771e2d84e29 | ITER: 82 END: OK
2019-06-18 09:38:03.577 21811 INFO rally.task.runner [-] Task 49487797-7e81-4501-b2bd-9771e2d84e29 | ITER: 81 END: OK
2019-06-18 09:38:03.762 21804 INFO rally.task.runner [-] Task 49487797-7e81-4501-b2bd-9771e2d84e29 | ITER: 84 END: OK
2019-06-18 09:38:03.793 21830 INFO rally.task.runner [-] Task 49487797-7e81-4501-b2bd-9771e2d84e29 | ITER: 87 END: OK
2019-06-18 09:38:03.868 21788 INFO rally.task.runner [-] Task 49487797-7e81-4501-b2bd-9771e2d84e29 | ITER: 86 END: OK
2019-06-18 09:38:03.990 21795 INFO rally.task.runner [-] Task 49487797-7e81-4501-b2bd-9771e2d84e29 | ITER: 91 END: OK
2019-06-18 09:38:03.992 21789 INFO rally.task.runner [-] Task 49487797-7e81-4501-b2bd-9771e2d84e29 | ITER: 94 END: OK
2019-06-18 09:38:04.078 21786 INFO rally.task.runner [-] Task 49487797-7e81-4501-b2bd-9771e2d84e29 | ITER: 93 END: OK
2019-06-18 09:38:04.163 21789 INFO rally.task.runner [-] Task 49487797-7e81-4501-b2bd-9771e2d84e29 | ITER: 88 END: OK
2019-06-18 09:38:04.250 21792 INFO rally.task.runner [-] Task 49487797-7e81-4501-b2bd-9771e2d84e29 | ITER: 89 END: OK
2019-06-18 09:38:04.366 21788 INFO rally.task.runner [-] Task 49487797-7e81-4501-b2bd-9771e2d84e29 | ITER: 96 END: OK
2019-06-18 09:38:04.449 21827 INFO rally.task.runner [-] Task 49487797-7e81-4501-b2bd-9771e2d84e29 | ITER: 95 END: OK
2019-06-18 09:38:04.604 21821 INFO rally.task.runner [-] Task 49487797-7e81-4501-b2bd-9771e2d84e29 | ITER: 92 END: OK
2019-06-18 09:38:04.634 21787 INFO rally.task.runner [-] Task 49487797-7e81-4501-b2bd-9771e2d84e29 | ITER: 97 END: OK
2019-06-18 09:38:04.742 21786 INFO rally.task.runner [-] Task 49487797-7e81-4501-b2bd-9771e2d84e29 | ITER: 98 END: OK
2019-06-18 09:38:04.810 21824 INFO rally.task.runner [-] Task 49487797-7e81-4501-b2bd-9771e2d84e29 | ITER: 100 END: OK
2019-06-18 09:38:04.876 21807 INFO rally.task.runner [-] Task 49487797-7e81-4501-b2bd-9771e2d84e29 | ITER: 99 END: OK
2019-06-18 09:38:04.902 21662 INFO rally.task.context [-] Task 49487797-7e81-4501-b2bd-9771e2d84e29 | Context cleanup@openstack cleanup() started
2019-06-18 09:38:04.905 21662 RALLYDEBUG rally_openstack.cleanup.manager [-] Cleaning up neutron vip objects
2019-06-18 09:38:05.298 21662 RALLYDEBUG rally_openstack.cleanup.manager [-] Cleaning up neutron health_monitor objects
2019-06-18 09:38:05.702 21662 RALLYDEBUG rally_openstack.cleanup.manager [-] Cleaning up neutron pool objects
2019-06-18 09:38:06.103 21662 RALLYDEBUG rally_openstack.cleanup.manager [-] Cleaning up neutron loadbalancer objects
2019-06-18 09:38:06.502 21662 RALLYDEBUG rally_openstack.cleanup.manager [-] Cleaning up neutron floatingip objects
2019-06-18 09:38:06.947 21662 RALLYDEBUG rally_openstack.cleanup.manager [-] Cleaning up neutron port objects
2019-06-18 09:38:07.377 21662 RALLYDEBUG rally_openstack.cleanup.manager [-] Cleaning up neutron subnet objects
2019-06-18 09:38:07.801 21662 RALLYDEBUG rally_openstack.cleanup.manager [-] Cleaning up neutron network objects
2019-06-18 09:38:08.503 21662 RALLYDEBUG rally_openstack.cleanup.manager [-] Deleting neutron.network object s_rally_83ee3ef4_pb3LD4RD (157c4363-7b5f-4980-932e-935be0ab80d4)
2019-06-18 09:38:08.506 21662 RALLYDEBUG rally_openstack.cleanup.manager [-] Deleting neutron.network object s_rally_83ee3ef4_MiD7jWCZ (0f4aca8f-8e23-4ec6-bcfd-07b6a91bbbff)
2019-06-18 09:38:08.510 21662 RALLYDEBUG rally_openstack.cleanup.manager [-] Deleting neutron.network object s_rally_83ee3ef4_r3i9P7aO (110017ca-a18a-47ef-81b3-5dd736ce7024)
2019-06-18 09:38:08.520 21662 RALLYDEBUG rally_openstack.cleanup.manager [-] Deleting neutron.network object s_rally_83ee3ef4_7hRwQVxG (258c5984-4312-4530-b843-68fbeff44aac)
2019-06-18 09:38:08.521 21662 RALLYDEBUG rally_openstack.cleanup.manager [-] Deleting neutron.network object s_rally_83ee3ef4_pWuWHo2J (03a5f294-686e-4a08-a34a-2943df14d71e)
2019-06-18 09:38:08.515 21662 RALLYDEBUG rally_openstack.cleanup.manager [-] Deleting neutron.network object s_rally_83ee3ef4_oOGKCldt (11d068d5-146b-4cd9-921e-ec04bac5e2fd)
2019-06-18 09:38:08.522 21662 RALLYDEBUG rally_openstack.cleanup.manager [-] Deleting neutron.network object s_rally_83ee3ef4_Nh9aVb7h (10089454-8006-4e13-a8f1-71acaa6a70fa)
2019-06-18 09:38:08.523 21662 RALLYDEBUG rally_openstack.cleanup.manager [-] Deleting neutron.network object s_rally_83ee3ef4_ot4tHCvt (1dc8c266-fc75-4357-afb6-1a577074b8ac)
2019-06-18 09:38:08.524 21662 RALLYDEBUG rally_openstack.cleanup.manager [-] Deleting neutron.network object s_rally_83ee3ef4_M71tic8v (19d37223-d887-40b1-9e4c-61406e3ceddc)
2019-06-18 09:38:08.530 21662 RALLYDEBUG rally_openstack.cleanup.manager [-] Deleting neutron.network object s_rally_83ee3ef4_AIS7ajP5 (1dbbdf42-3626-4273-83fa-690a0fca7c49)
2019-06-18 09:38:08.532 21662 RALLYDEBUG rally_openstack.cleanup.manager [-] Deleting neutron.network object s_rally_83ee3ef4_zNRJmD5z (1c34f82c-2203-40ee-b1b0-71acce2db351)
2019-06-18 09:38:08.533 21662 RALLYDEBUG rally_openstack.cleanup.manager [-] Deleting neutron.network object s_rally_83ee3ef4_b5JddPNd (0dcbf990-67a9-42e5-8c85-7525cdf2567d)
2019-06-18 09:38:08.546 21662 RALLYDEBUG rally_openstack.cleanup.manager [-] Deleting neutron.network object s_rally_83ee3ef4_ZnmImHSV (265dc527-210d-4604-b73a-e86f999d4ae2)
2019-06-18 09:38:08.547 21662 RALLYDEBUG rally_openstack.cleanup.manager [-] Deleting neutron.network object s_rally_83ee3ef4_U5fM6roh (28ce1727-3e89-4552-b949-d5c04ea3cf81)
2019-06-18 09:38:08.553 21662 RALLYDEBUG rally_openstack.cleanup.manager [-] Deleting neutron.network object s_rally_83ee3ef4_t53h2k62 (0f884c06-6948-47a7-8446-c03186eea7e2)
2019-06-18 09:38:08.568 21662 RALLYDEBUG rally_openstack.cleanup.manager [-] Deleting neutron.network object s_rally_83ee3ef4_mAaGztlV (049d5d93-b9d0-49bd-b447-213b7a05a3b5)
2019-06-18 09:38:08.571 21662 RALLYDEBUG rally_openstack.cleanup.manager [-] Deleting neutron.network object s_rally_83ee3ef4_UzRle8Jq (11e23097-1aef-4328-855c-75e564cd08ab)
2019-06-18 09:38:08.586 21662 RALLYDEBUG rally_openstack.cleanup.manager [-] Deleting neutron.network object s_rally_83ee3ef4_cUjSj9YK (12dd67fc-cff8-4995-a191-81202a0d0827)
2019-06-18 09:38:08.595 21662 RALLYDEBUG rally_openstack.cleanup.manager [-] Deleting neutron.network object s_rally_83ee3ef4_OVzZ8zw4 (17f1d04e-9093-40d3-9398-20bb37188893)
2019-06-18 09:38:08.599 21662 RALLYDEBUG rally_openstack.cleanup.manager [-] Deleting neutron.network object s_rally_83ee3ef4_RuVaXEty (02ea3e96-b6ea-4f77-8755-f0a7ddcbd1be)
2019-06-18 09:38:11.003 21662 RALLYDEBUG rally_openstack.cleanup.manager [-] Deleting neutron.network object s_rally_83ee3ef4_tcqbBxdC (2c36ac66-a5b7-4d30-852e-057bd4de7b84)
2019-06-18 09:38:11.157 21662 RALLYDEBUG rally_openstack.cleanup.manager [-] Deleting neutron.network object s_rally_83ee3ef4_OCuV9fSe (325c8fe1-e36d-4ca1-bc72-6bd8ade03f2c)
2019-06-18 09:38:11.161 21662 RALLYDEBUG rally_openstack.cleanup.manager [-] Deleting neutron.network object s_rally_83ee3ef4_O2KzSQNz (331be77c-1299-434b-8673-a00d40a81956)
2019-06-18 09:38:11.215 21662 RALLYDEBUG rally_openstack.cleanup.manager [-] Deleting neutron.network object s_rally_83ee3ef4_GxgOHGrm (33f28260-fa00-4552-a0c2-26c8f30d66fb)
2019-06-18 09:38:11.293 21662 RALLYDEBUG rally_openstack.cleanup.manager [-] Deleting neutron.network object s_rally_83ee3ef4_Gv2DFmIr (364b96bd-41fd-4480-b8c5-a160ecd1a0a4)
2019-06-18 09:38:11.398 21662 RALLYDEBUG rally_openstack.cleanup.manager [-] Deleting neutron.network object s_rally_83ee3ef4_u73VSDcD (3690e0d1-e3c0-49c7-b858-3293c4b320fb)
2019-06-18 09:38:11.463 21662 RALLYDEBUG rally_openstack.cleanup.manager [-] Deleting neutron.network object s_rally_83ee3ef4_AouLaMSg (36bf60ec-f000-44e9-9e79-f5044c90cbb9)
2019-06-18 09:38:11.592 21662 RALLYDEBUG rally_openstack.cleanup.manager [-] Deleting neutron.network object s_rally_83ee3ef4_mWGf75Jw (39bee408-998e-4c1c-b758-aca77aeba733)
2019-06-18 09:38:11.643 21662 RALLYDEBUG rally_openstack.cleanup.manager [-] Deleting neutron.network object s_rally_83ee3ef4_8sPZLi8d (3c460c25-982b-41e6-a7e9-1e0f77f241b0)
2019-06-18 09:38:11.755 21662 RALLYDEBUG rally_openstack.cleanup.manager [-] Deleting neutron.network object s_rally_83ee3ef4_Dcpj7bTF (3edd8ef6-9376-490f-be86-416c4a27037f)
2019-06-18 09:38:11.771 21662 RALLYDEBUG rally_openstack.cleanup.manager [-] Deleting neutron.network object s_rally_83ee3ef4_5QdabWqv (3f00cfee-ac9d-4393-b388-1bbe52807071)
2019-06-18 09:38:11.773 21662 RALLYDEBUG rally_openstack.cleanup.manager [-] Deleting neutron.network object s_rally_83ee3ef4_55xJlyJ5 (3f0f53cb-aca8-49ab-b983-71100ba19e3f)
2019-06-18 09:38:11.787 21662 RALLYDEBUG rally_openstack.cleanup.manager [-] Deleting neutron.network object s_rally_83ee3ef4_jg1nfutq (3fdfd8b5-84c2-49cf-a452-1dcb4d110137)
2019-06-18 09:38:11.821 21662 RALLYDEBUG rally_openstack.cleanup.manager [-] Deleting neutron.network object s_rally_83ee3ef4_ZCLgNT8y (4c953bb0-ce90-4282-8f8a-d367b80d4bcd)
2019-06-18 09:38:11.826 21662 RALLYDEBUG rally_openstack.cleanup.manager [-] Deleting neutron.network object s_rally_83ee3ef4_mqLAh5iU (52c9eba1-aea6-45e8-80c1-cc08310345de)
2019-06-18 09:38:11.828 21662 RALLYDEBUG rally_openstack.cleanup.manager [-] Deleting neutron.network object s_rally_83ee3ef4_ijV4qUj5 (54cea0d7-22c0-4ed0-b86c-0bfcf621e98d)
2019-06-18 09:38:11.904 21662 RALLYDEBUG rally_openstack.cleanup.manager [-] Deleting neutron.network object s_rally_83ee3ef4_qTOAisFq (5a772d54-4128-4bd7-a4e6-8d64737e7c2c)
2019-06-18 09:38:11.924 21662 RALLYDEBUG rally_openstack.cleanup.manager [-] Deleting neutron.network object s_rally_83ee3ef4_vFrcAkKn (5b9a4246-7db0-4153-9b7f-5c7e03f63801)
2019-06-18 09:38:11.939 21662 RALLYDEBUG rally_openstack.cleanup.manager [-] Deleting neutron.network object s_rally_83ee3ef4_XLheA16S (5ddec45e-25d6-48e8-b002-3784fc4766f3)
2019-06-18 09:38:12.074 21662 RALLYDEBUG rally_openstack.cleanup.manager [-] Deleting neutron.network object s_rally_83ee3ef4_EmlH6RmQ (63e09e0d-9415-488c-bf87-5188c3d87504)
2019-06-18 09:38:12.995 21662 RALLYDEBUG rally_openstack.cleanup.manager [-] Deleting neutron.network object s_rally_83ee3ef4_bWwwePWM (643f304f-89f8-43d8-b7e6-4b18d9d5f634)
2019-06-18 09:38:13.396 21662 RALLYDEBUG rally_openstack.cleanup.manager [-] Deleting neutron.network object s_rally_83ee3ef4_RJlsWquA (65e693a2-9eda-43fa-b6c8-cbf609d4490b)
2019-06-18 09:38:13.500 21662 RALLYDEBUG rally_openstack.cleanup.manager [-] Deleting neutron.network object s_rally_83ee3ef4_2w6ZGyNu (6968e692-41cd-4ad4-a3b2-20490f4a4d1f)
2019-06-18 09:38:13.560 21662 RALLYDEBUG rally_openstack.cleanup.manager [-] Deleting neutron.network object s_rally_83ee3ef4_1XpXLaoR (6a457cd9-3a55-4243-9a47-45cdf77802d5)
2019-06-18 09:38:13.764 21662 RALLYDEBUG rally_openstack.cleanup.manager [-] Deleting neutron.network object s_rally_83ee3ef4_xGD8R3iM (6c20ce57-aa90-4617-b3ba-85ffa4b14b2f)
2019-06-18 09:38:13.908 21662 RALLYDEBUG rally_openstack.cleanup.manager [-] Deleting neutron.network object s_rally_83ee3ef4_ZjmU5c5n (6c54e276-17ab-4438-ada9-68d61a884c6c)
2019-06-18 09:38:14.097 21662 RALLYDEBUG rally_openstack.cleanup.manager [-] Deleting neutron.network object s_rally_83ee3ef4_QmEMQG60 (6cae173e-83a6-476a-87c1-447e000bef47)
2019-06-18 09:38:14.157 21662 RALLYDEBUG rally_openstack.cleanup.manager [-] Deleting neutron.network object s_rally_83ee3ef4_RSlfrdU1 (6cbf8b91-75da-4bb2-8318-1b36c5123a61)
2019-06-18 09:38:14.371 21662 RALLYDEBUG rally_openstack.cleanup.manager [-] Deleting neutron.network object s_rally_83ee3ef4_yWattHcR (6d9bd54b-1ebe-4877-8fdf-9f05edfccaf1)
2019-06-18 09:38:14.393 21662 RALLYDEBUG rally_openstack.cleanup.manager [-] Deleting neutron.network object s_rally_83ee3ef4_8vIMZOAp (6f025f4d-2e6f-41d2-a5a4-1172e6b12e6f)
2019-06-18 09:38:14.403 21662 RALLYDEBUG rally_openstack.cleanup.manager [-] Deleting neutron.network object s_rally_83ee3ef4_uodbyOQ8 (71892c01-1cae-4d62-ab6a-ea6c82cc05f7)
2019-06-18 09:38:14.541 21662 RALLYDEBUG rally_openstack.cleanup.manager [-] Deleting neutron.network object s_rally_83ee3ef4_1GxOY0Pk (7ad95c0c-17c3-480b-a182-3f7e6f943ec3)
2019-06-18 09:38:14.549 21662 RALLYDEBUG rally_openstack.cleanup.manager [-] Deleting neutron.network object s_rally_83ee3ef4_9npoTPHd (7daa2ea8-5ecf-411c-87ba-600bc58b868c)
2019-06-18 09:38:14.597 21662 RALLYDEBUG rally_openstack.cleanup.manager [-] Deleting neutron.network object s_rally_83ee3ef4_N7v42vnM (840abdd3-8f55-473a-bc4e-fadc0b56e2aa)
2019-06-18 09:38:14.657 21662 RALLYDEBUG rally_openstack.cleanup.manager [-] Deleting neutron.network object s_rally_83ee3ef4_KU4tS8af (876d86bc-2435-4527-bf76-52778750afcc)
2019-06-18 09:38:14.744 21662 RALLYDEBUG rally_openstack.cleanup.manager [-] Deleting neutron.network object s_rally_83ee3ef4_LPwW59YQ (8b68a3dd-d508-498f-9990-93356b1a8473)
2019-06-18 09:38:14.759 21662 RALLYDEBUG rally_openstack.cleanup.manager [-] Deleting neutron.network object s_rally_83ee3ef4_Y5W8HZEC (8ba03c6f-b057-4ec0-a7af-8e473dbb36fb)
2019-06-18 09:38:14.910 21662 RALLYDEBUG rally_openstack.cleanup.manager [-] Deleting neutron.network object s_rally_83ee3ef4_0KL2OMa1 (8c37c951-3389-4970-a0af-ab82eabf4ec7)
2019-06-18 09:38:14.927 21662 RALLYDEBUG rally_openstack.cleanup.manager [-] Deleting neutron.network object s_rally_83ee3ef4_Ifux6n30 (8f99e4cf-d99d-4b97-95c4-e4b822c04395)
2019-06-18 09:38:14.948 21662 RALLYDEBUG rally_openstack.cleanup.manager [-] Deleting neutron.network object s_rally_83ee3ef4_Nkm4htez (93bc2e6f-b0df-4d5e-a617-eaf6c637a013)
2019-06-18 09:38:14.978 21662 RALLYDEBUG rally_openstack.cleanup.manager [-] Deleting neutron.network object s_rally_83ee3ef4_wB8MH0ZK (96b369a4-657f-44e3-a898-0da12a68c86a)
2019-06-18 09:38:15.564 21662 RALLYDEBUG rally_openstack.cleanup.manager [-] Deleting neutron.network object s_rally_83ee3ef4_RKSFY6YA (99d5be01-bae1-40f1-8575-17e92b5e8d3b)
2019-06-18 09:38:15.624 21662 RALLYDEBUG rally_openstack.cleanup.manager [-] Deleting neutron.network object s_rally_83ee3ef4_5vTNkP8H (9b7a8e72-cd92-487e-8f07-0f87347f0e76)
2019-06-18 09:38:15.804 21662 RALLYDEBUG rally_openstack.cleanup.manager [-] Deleting neutron.network object s_rally_83ee3ef4_7SFdmfsB (9f68bb02-fff7-4a17-af0d-5e905495d26a)
2019-06-18 09:38:16.018 21662 RALLYDEBUG rally_openstack.cleanup.manager [-] Deleting neutron.network object s_rally_83ee3ef4_oEuPdV4O (a47eca5c-cfd7-4566-8b20-ef495d516e13)
2019-06-18 09:38:16.256 21662 RALLYDEBUG rally_openstack.cleanup.manager [-] Deleting neutron.network object s_rally_83ee3ef4_Lnn31GLl (a48b1e82-b5b0-456f-b04f-cf67364a75d6)
2019-06-18 09:38:16.473 21662 RALLYDEBUG rally_openstack.cleanup.manager [-] Deleting neutron.network object s_rally_83ee3ef4_gG4USdsU (a4ac5c67-c177-4c63-b727-701645fe5269)
2019-06-18 09:38:16.562 21662 RALLYDEBUG rally_openstack.cleanup.manager [-] Deleting neutron.network object s_rally_83ee3ef4_ojdYspMy (a90d615a-3550-4ed4-81d8-7a9138ca1e53)
2019-06-18 09:38:16.757 21662 RALLYDEBUG rally_openstack.cleanup.manager [-] Deleting neutron.network object s_rally_83ee3ef4_wzRMoQUh (ac5b20d3-617e-47da-a3d4-b80f2ab97491)
2019-06-18 09:38:16.782 21662 RALLYDEBUG rally_openstack.cleanup.manager [-] Deleting neutron.network object s_rally_83ee3ef4_snPUPSsr (adfbd0d0-a43e-4377-838f-83fbe60e0a98)
2019-06-18 09:38:17.094 21662 RALLYDEBUG rally_openstack.cleanup.manager [-] Deleting neutron.network object s_rally_83ee3ef4_1vJgagVH (b093fcda-eede-4b96-a5a7-bc07af040e67)
2019-06-18 09:38:17.283 21662 RALLYDEBUG rally_openstack.cleanup.manager [-] Deleting neutron.network object s_rally_83ee3ef4_vi0apja7 (bb2a2551-c10e-438e-a298-a9f491d06539)
2019-06-18 09:38:17.303 21662 RALLYDEBUG rally_openstack.cleanup.manager [-] Deleting neutron.network object s_rally_83ee3ef4_QXQ2xrcp (bc6d055f-334b-4141-882f-e1abefbf4626)
2019-06-18 09:38:17.415 21662 RALLYDEBUG rally_openstack.cleanup.manager [-] Deleting neutron.network object s_rally_83ee3ef4_kTaeqS4l (c1a8ef11-9ab0-4c59-b2ce-db4d64a0cb34)
2019-06-18 09:38:17.507 21662 RALLYDEBUG rally_openstack.cleanup.manager [-] Deleting neutron.network object s_rally_83ee3ef4_9eCeI0yI (c2d06ab1-7cc1-4162-9b81-c4f0aff16f60)
2019-06-18 09:38:17.578 21662 RALLYDEBUG rally_openstack.cleanup.manager [-] Deleting neutron.network object s_rally_83ee3ef4_afh1CBhl (c2d999a6-3d50-4195-b2bc-4e2f204440b9)
2019-06-18 09:38:17.613 21662 RALLYDEBUG rally_openstack.cleanup.manager [-] Deleting neutron.network object s_rally_83ee3ef4_7uIb5567 (c9c520dd-6fd7-4c5f-ad7b-f1eecb1d2bfe)
2019-06-18 09:38:17.755 21662 RALLYDEBUG rally_openstack.cleanup.manager [-] Deleting neutron.network object s_rally_83ee3ef4_ygilkw5p (c9fa3f2a-0cf7-4979-946e-365289dc91cc)
2019-06-18 09:38:17.825 21662 RALLYDEBUG rally_openstack.cleanup.manager [-] Deleting neutron.network object s_rally_83ee3ef4_t5346Sjj (ce90f5cd-f307-4a49-9d54-002ff7f627e5)
2019-06-18 09:38:17.964 21662 RALLYDEBUG rally_openstack.cleanup.manager [-] Deleting neutron.network object s_rally_83ee3ef4_z0DsExT2 (cea23e3f-916c-4cb9-bd80-65f0245bcd2c)
2019-06-18 09:38:17.964 21662 RALLYDEBUG rally_openstack.cleanup.manager [-] Deleting neutron.network object s_rally_83ee3ef4_heXAoV0U (d2bd1290-be08-4d38-bc4e-e6c9a09c0f67)
2019-06-18 09:38:18.065 21662 RALLYDEBUG rally_openstack.cleanup.manager [-] Deleting neutron.network object s_rally_83ee3ef4_ALOHh9zX (d30e24d4-de91-4f0a-a129-004a129eab58)
2019-06-18 09:38:18.073 21662 RALLYDEBUG rally_openstack.cleanup.manager [-] Deleting neutron.network object s_rally_83ee3ef4_enlFzaLP (d38f5789-0a85-4149-83c3-52413ffa95d3)
2019-06-18 09:38:18.373 21662 RALLYDEBUG rally_openstack.cleanup.manager [-] Deleting neutron.network object s_rally_83ee3ef4_0GxDVtHy (d538263c-dbb5-4634-b33c-a96e8d9d9075)
2019-06-18 09:38:18.454 21662 RALLYDEBUG rally_openstack.cleanup.manager [-] Deleting neutron.network object s_rally_83ee3ef4_HRuqFUq4 (d7c2654b-165d-4f58-964a-f6671b39ae89)
2019-06-18 09:38:18.482 21662 RALLYDEBUG rally_openstack.cleanup.manager [-] Deleting neutron.network object s_rally_83ee3ef4_iW5LUy4V (d807fcb7-0830-4652-82df-609d9491eaf1)
2019-06-18 09:38:18.830 21662 RALLYDEBUG rally_openstack.cleanup.manager [-] Deleting neutron.network object s_rally_83ee3ef4_sNwaDQUy (d92fbb2e-845a-45f0-8b97-7f725605dfc2)
2019-06-18 09:38:18.851 21662 RALLYDEBUG rally_openstack.cleanup.manager [-] Deleting neutron.network object s_rally_83ee3ef4_wJS9ogac (d940a37e-b63b-4edc-8f14-b6912e855796)
2019-06-18 09:38:19.120 21662 RALLYDEBUG rally_openstack.cleanup.manager [-] Deleting neutron.network object s_rally_83ee3ef4_oojQp94J (dc0d13ff-d0b7-4176-a0f9-7074f7de3c53)
2019-06-18 09:38:19.226 21662 RALLYDEBUG rally_openstack.cleanup.manager [-] Deleting neutron.network object s_rally_83ee3ef4_Nr5JDk2Z (dd7201e7-081b-4ed4-aef9-59d6b3c2c579)
2019-06-18 09:38:19.472 21662 RALLYDEBUG rally_openstack.cleanup.manager [-] Deleting neutron.network object s_rally_83ee3ef4_TuDIGGD3 (e4517d5e-037b-4d66-beb3-803a86e75dd5)
2019-06-18 09:38:19.670 21662 RALLYDEBUG rally_openstack.cleanup.manager [-] Deleting neutron.network object s_rally_83ee3ef4_FO61od68 (e68181ff-8729-4117-be22-8cfa63cd87f3)
2019-06-18 09:38:19.873 21662 RALLYDEBUG rally_openstack.cleanup.manager [-] Deleting neutron.network object s_rally_83ee3ef4_3JAu6Ig2 (e6e74dde-0ea6-450e-b58a-0050a8fd4373)
2019-06-18 09:38:19.895 21662 RALLYDEBUG rally_openstack.cleanup.manager [-] Deleting neutron.network object s_rally_83ee3ef4_HzDpKLfv (e89e7913-357c-4e6c-873e-d1839c62a7dd)
2019-06-18 09:38:20.091 21662 RALLYDEBUG rally_openstack.cleanup.manager [-] Deleting neutron.network object s_rally_83ee3ef4_0FbtjACg (ebc2ae98-1efe-4a88-80d1-cc6aa183584b)
2019-06-18 09:38:20.108 21662 RALLYDEBUG rally_openstack.cleanup.manager [-] Deleting neutron.network object s_rally_83ee3ef4_2vxIFt1t (ed2bf8f4-fce1-4c83-82f4-2b30990442de)
