2019-06-18 09:49:51.091 21662 RALLYDEBUG rally_openstack.cleanup.manager [-] Deleting neutron.port object s_rally_9217d19c_y1xFUWjK (db1d3482-4447-407a-9661-678be15629c1)
2019-06-18 09:49:51.144 21662 RALLYDEBUG rally_openstack.cleanup.manager [-] Deleting neutron.port object s_rally_9217d19c_xLFDuMel (dc6049ad-5d49-4d04-b30a-6e204fbaa1d0)
2019-06-18 09:49:51.322 21662 RALLYDEBUG rally_openstack.cleanup.manager [-] Deleting neutron.port object s_rally_9217d19c_VYd53fGP (dd855470-5b2e-4b98-a73e-f330524f4e86)
2019-06-18 09:49:51.456 21662 RALLYDEBUG rally_openstack.cleanup.manager [-] Deleting neutron.port object s_rally_9217d19c_KhURkajS (deacdeb1-cf3f-4cdd-ba8c-5354d49b6f9c)
2019-06-18 09:49:51.486 21662 RALLYDEBUG rally_openstack.cleanup.manager [-] Deleting neutron.port object s_rally_9217d19c_Y0eyRJco (debd3119-9e17-4a5a-837f-13614799fc22)
2019-06-18 09:49:51.570 21662 RALLYDEBUG rally_openstack.cleanup.manager [-] Deleting neutron.port object s_rally_9217d19c_tRirBjkD (def618a0-ae03-4954-8160-b98abcbb6167)
2019-06-18 09:49:51.583 21662 RALLYDEBUG rally_openstack.cleanup.manager [-] Deleting neutron.port object s_rally_9217d19c_sHqeid9y (df889602-eea7-49a6-b9fa-20bb9130af5d)
2019-06-18 09:49:51.738 21662 RALLYDEBUG rally_openstack.cleanup.manager [-] Deleting neutron.port object s_rally_9217d19c_pfAICMh0 (e2897619-49a3-4334-88d5-115b7c17f7a1)
2019-06-18 09:49:51.807 21662 RALLYDEBUG rally_openstack.cleanup.manager [-] Deleting neutron.port object s_rally_9217d19c_xeivCs8f (e356c9f4-1acb-4485-9625-dc48f1e5f803)
2019-06-18 09:49:52.220 21662 RALLYDEBUG rally_openstack.cleanup.manager [-] Deleting neutron.port object s_rally_9217d19c_VpV0Rx4L (e369a822-bf4d-44e8-9f06-cd9d76ac4539)
2019-06-18 09:49:52.265 21662 RALLYDEBUG rally_openstack.cleanup.manager [-] Deleting neutron.port object s_rally_9217d19c_umSRH8CV (e3ab9985-59fe-429a-847c-d34b1d14b41d)
2019-06-18 09:49:52.330 21662 RALLYDEBUG rally_openstack.cleanup.manager [-] Deleting neutron.port object s_rally_9217d19c_qcYXDQHU (e3f2ca77-2e79-444a-8fb5-55b8380e57e7)
2019-06-18 09:49:52.374 21662 RALLYDEBUG rally_openstack.cleanup.manager [-] Deleting neutron.port object s_rally_9217d19c_uUgmGmn6 (e40bb164-d428-4030-ac7a-9c223b3847df)
2019-06-18 09:49:52.557 21662 RALLYDEBUG rally_openstack.cleanup.manager [-] Deleting neutron.port object s_rally_9217d19c_ubOyOjfS (e413b6bb-d936-464b-90cb-f0c39bc659e1)
2019-06-18 09:49:52.701 21662 RALLYDEBUG rally_openstack.cleanup.manager [-] Deleting neutron.port object s_rally_9217d19c_iQK6QXlR (e60374c6-bd8e-45ae-b3bd-9d9a227059ff)
2019-06-18 09:49:52.726 21662 RALLYDEBUG rally_openstack.cleanup.manager [-] Deleting neutron.port object s_rally_9217d19c_RDkHzlMz (e7b1f13f-48f1-45b0-a9d7-97a3858611ba)
2019-06-18 09:49:52.739 21662 RALLYDEBUG rally_openstack.cleanup.manager [-] Deleting neutron.port object s_rally_9217d19c_U77CwHDO (e7d9b0d2-bae6-49d5-9184-9f2ecaf47e56)
2019-06-18 09:49:53.005 21662 RALLYDEBUG rally_openstack.cleanup.manager [-] Deleting neutron.port object s_rally_9217d19c_U1mo0aKg (e85c2e2f-6820-4f53-9b55-248efbd4ef6a)
2019-06-18 09:49:53.167 21662 RALLYDEBUG rally_openstack.cleanup.manager [-] Deleting neutron.port object s_rally_9217d19c_Ln2ASxy6 (e89d089f-8cf0-4205-af5e-4cd025d5c1ce)
2019-06-18 09:49:53.174 21662 RALLYDEBUG rally_openstack.cleanup.manager [-] Deleting neutron.port object s_rally_9217d19c_65Lpo9gm (e8d69e29-82c8-46bc-a236-e7ea7216c5b8)
2019-06-18 09:49:53.196 21662 RALLYDEBUG rally_openstack.cleanup.manager [-] Deleting neutron.port object s_rally_9217d19c_UzhVpDoG (e93df4c0-3db1-402b-8196-7201eb18c902)
2019-06-18 09:49:53.339 21662 RALLYDEBUG rally_openstack.cleanup.manager [-] Deleting neutron.port object s_rally_9217d19c_jk8Yr6Jk (e96a9b15-c7ee-4bc1-adc2-173a3a772519)
2019-06-18 09:49:53.443 21662 RALLYDEBUG rally_openstack.cleanup.manager [-] Deleting neutron.port object s_rally_9217d19c_lBfIGliI (e99e365b-9926-4635-8a48-54d131d73556)
2019-06-18 09:49:53.443 21662 RALLYDEBUG rally_openstack.cleanup.manager [-] Deleting neutron.port object s_rally_9217d19c_PyfTZCzj (ea2bc386-0612-4a3e-b1ce-e80585f55ddb)
2019-06-18 09:49:53.463 21662 RALLYDEBUG rally_openstack.cleanup.manager [-] Deleting neutron.port object s_rally_9217d19c_O1adrEVC (eab10cee-00c0-4d25-bcd5-60c4f9e17438)
2019-06-18 09:49:53.564 21662 RALLYDEBUG rally_openstack.cleanup.manager [-] Deleting neutron.port object s_rally_9217d19c_uxtIrOxs (eab8aa11-63ab-4266-a686-037fe556de19)
2019-06-18 09:49:53.703 21662 RALLYDEBUG rally_openstack.cleanup.manager [-] Deleting neutron.port object s_rally_9217d19c_ENAKUN1I (eb4ea9c7-5c3d-42de-a84f-2a2dbcab9649)
2019-06-18 09:49:53.898 21662 RALLYDEBUG rally_openstack.cleanup.manager [-] Deleting neutron.port object s_rally_9217d19c_Eeb3j41P (eb613dd7-a173-43c0-ac37-855199554bf1)
2019-06-18 09:49:53.931 21662 RALLYDEBUG rally_openstack.cleanup.manager [-] Deleting neutron.port object s_rally_9217d19c_qTaqPG1r (eb9cee03-74a2-43a5-a667-0aeed570a92b)
2019-06-18 09:49:54.263 21662 RALLYDEBUG rally_openstack.cleanup.manager [-] Deleting neutron.port object s_rally_9217d19c_rQu9htfK (ec82df40-ee6e-4523-abe0-69abf141584f)
2019-06-18 09:49:54.376 21662 RALLYDEBUG rally_openstack.cleanup.manager [-] Deleting neutron.port object s_rally_9217d19c_fU57Zyto (edbc40ee-3f55-4c5b-afaf-b8148998a47c)
2019-06-18 09:49:54.482 21662 RALLYDEBUG rally_openstack.cleanup.manager [-] Deleting neutron.port object s_rally_9217d19c_gm4BKpAd (ede7bf50-0279-4f1f-a910-bf6733fbfc02)
2019-06-18 09:49:54.571 21662 RALLYDEBUG rally_openstack.cleanup.manager [-] Deleting neutron.port object s_rally_9217d19c_KWYIsHlq (ee3de79b-f68d-4809-b303-46f73d5c2ea0)
2019-06-18 09:49:54.706 21662 RALLYDEBUG rally_openstack.cleanup.manager [-] Deleting neutron.port object s_rally_9217d19c_QcWZiHvT (ee41e0f8-699a-4e2f-9403-637f1d25b5da)
2019-06-18 09:49:54.714 21662 RALLYDEBUG rally_openstack.cleanup.manager [-] Deleting neutron.port object s_rally_9217d19c_qLC7LXfA (eeef453c-ef8a-4a0b-aa9c-7e6aed9c019f)
2019-06-18 09:49:54.754 21662 RALLYDEBUG rally_openstack.cleanup.manager [-] Deleting neutron.port object s_rally_9217d19c_xzPpo1NU (f1281f63-eeb4-4fc1-a326-807420d4e42e)
2019-06-18 09:49:54.773 21662 RALLYDEBUG rally_openstack.cleanup.manager [-] Deleting neutron.port object s_rally_9217d19c_1J7IiE90 (f2073622-e04e-4ab1-953d-11139ce2b283)
2019-06-18 09:49:55.060 21662 RALLYDEBUG rally_openstack.cleanup.manager [-] Deleting neutron.port object s_rally_9217d19c_zSrjLRzY (f2b9b9c8-8df4-4e71-9a83-fb554fd54c71)
2019-06-18 09:49:55.177 21662 RALLYDEBUG rally_openstack.cleanup.manager [-] Deleting neutron.port object s_rally_9217d19c_a2dT6y5R (f32e4ece-1340-435b-ac93-2996b015469a)
2019-06-18 09:49:55.191 21662 RALLYDEBUG rally_openstack.cleanup.manager [-] Deleting neutron.port object s_rally_9217d19c_uneIE682 (f3fac744-161e-4ac1-b3ed-0fb24dd1038a)
2019-06-18 09:49:55.594 21662 RALLYDEBUG rally_openstack.cleanup.manager [-] Deleting neutron.port object s_rally_9217d19c_rzyH2JD1 (f4084012-35f5-422e-87f3-765904b5efb2)
2019-06-18 09:49:55.594 21662 RALLYDEBUG rally_openstack.cleanup.manager [-] Deleting neutron.port object s_rally_9217d19c_H7ZvXvoR (f5af872b-f255-4492-9858-892b481b2909)
2019-06-18 09:49:55.640 21662 RALLYDEBUG rally_openstack.cleanup.manager [-] Deleting neutron.port object s_rally_9217d19c_H763dHdZ (f5e50cc2-5d7e-48de-9634-ecf641280ef0)
2019-06-18 09:49:55.703 21662 RALLYDEBUG rally_openstack.cleanup.manager [-] Deleting neutron.port object s_rally_9217d19c_dnVWfmhl (f6169b6c-79ba-43d5-8f62-a17feb6a5a36)
2019-06-18 09:49:55.784 21662 RALLYDEBUG rally_openstack.cleanup.manager [-] Deleting neutron.port object s_rally_9217d19c_2O0rXYZM (f66060d7-1d38-4f77-9b0f-6c9b3bace649)
2019-06-18 09:49:55.953 21662 RALLYDEBUG rally_openstack.cleanup.manager [-] Deleting neutron.port object s_rally_9217d19c_pmPQ6wcE (f6e1e42d-1971-4740-8a53-89acae23821b)
2019-06-18 09:49:56.011 21662 RALLYDEBUG rally_openstack.cleanup.manager [-] Deleting neutron.port object s_rally_9217d19c_3dsJxsRQ (f7d0a110-69ec-494d-a5f7-d37b908ce105)
2019-06-18 09:49:56.146 21662 RALLYDEBUG rally_openstack.cleanup.manager [-] Deleting neutron.port object s_rally_9217d19c_9wbvarnU (f8729d7b-f5cb-4219-837a-9484015bc552)
2019-06-18 09:49:56.453 21662 RALLYDEBUG rally_openstack.cleanup.manager [-] Deleting neutron.port object s_rally_9217d19c_EJXXtUhU (f97b171d-a35e-4217-bd93-f695ea175c9c)
2019-06-18 09:49:56.462 21662 RALLYDEBUG rally_openstack.cleanup.manager [-] Deleting neutron.port object s_rally_9217d19c_yK88WhfY (f988afcd-f43b-4b1c-9d39-6f1e679b9bd3)
2019-06-18 09:49:56.625 21662 RALLYDEBUG rally_openstack.cleanup.manager [-] Deleting neutron.port object s_rally_9217d19c_OJh3YoXO (f9ca7e8b-26d6-4e65-b2c7-1ebd7b3b3370)
2019-06-18 09:49:56.674 21662 RALLYDEBUG rally_openstack.cleanup.manager [-] Deleting neutron.port object s_rally_9217d19c_7CRuCUV2 (f9dfe055-5041-4346-9db8-fb1c90c90ebf)
2019-06-18 09:49:56.705 21662 RALLYDEBUG rally_openstack.cleanup.manager [-] Deleting neutron.port object s_rally_9217d19c_b8aDvayf (fa42b46f-86c5-4028-8573-fabc73d88b21)
2019-06-18 09:49:56.745 21662 RALLYDEBUG rally_openstack.cleanup.manager [-] Deleting neutron.port object s_rally_9217d19c_KXKG4x2Y (fb22167b-0902-4160-a865-34236fd9b960)
2019-06-18 09:49:56.754 21662 RALLYDEBUG rally_openstack.cleanup.manager [-] Deleting neutron.port object s_rally_9217d19c_EzOU7Qs5 (fb9db55a-dfe7-4f55-8001-9ab85ded13e4)
2019-06-18 09:49:57.016 21662 RALLYDEBUG rally_openstack.cleanup.manager [-] Deleting neutron.port object s_rally_9217d19c_5lvstCuu (fc37a1e5-979c-4ce0-b2ec-38e717ea0386)
2019-06-18 09:49:57.045 21662 RALLYDEBUG rally_openstack.cleanup.manager [-] Deleting neutron.port object s_rally_9217d19c_5qsyD6to (fc37d403-d485-4dd0-a889-63787749750e)
2019-06-18 09:49:57.084 21662 RALLYDEBUG rally_openstack.cleanup.manager [-] Deleting neutron.port object s_rally_9217d19c_9lgFe7Cq (fcbe2bc1-4364-4e6b-84c4-d8e169a9ed46)
2019-06-18 09:49:57.184 21662 RALLYDEBUG rally_openstack.cleanup.manager [-] Deleting neutron.port object s_rally_9217d19c_bcQDV8zA (fcd60f9f-ae98-448f-8b00-3b9b953c28f0)
2019-06-18 09:49:57.232 21662 RALLYDEBUG rally_openstack.cleanup.manager [-] Deleting neutron.port object s_rally_9217d19c_iWY9cHwg (fdcd2a01-0c33-40ee-96ee-b9f86ffc70a8)
2019-06-18 09:49:59.461 21662 RALLYDEBUG rally_openstack.cleanup.manager [-] Cleaning up neutron subnet objects
2019-06-18 09:49:59.898 21662 RALLYDEBUG rally_openstack.cleanup.manager [-] Cleaning up neutron network objects
2019-06-18 09:50:00.409 21662 RALLYDEBUG rally_openstack.cleanup.manager [-] Deleting neutron.network object s_rally_9217d19c_gaVGG5Wv (1f505735-562e-45f0-a8ac-292ce747ebe7)
2019-06-18 09:50:00.426 21662 RALLYDEBUG rally_openstack.cleanup.manager [-] Deleting neutron.network object s_rally_9217d19c_ZeB1jojb (4c9bb94f-844c-4af8-accc-29bca6089464)
2019-06-18 09:50:00.426 21662 RALLYDEBUG rally_openstack.cleanup.manager [-] Deleting neutron.network object s_rally_9217d19c_2cDWoD65 (5ab2158e-04c1-4508-8783-513e3f757f0d)
2019-06-18 09:50:00.435 21662 RALLYDEBUG rally_openstack.cleanup.manager [-] Deleting neutron.network object s_rally_9217d19c_CR7ezW9K (6480c488-d813-4e60-880a-368ea721569f)
2019-06-18 09:50:00.447 21662 RALLYDEBUG rally_openstack.cleanup.manager [-] Deleting neutron.network object s_rally_9217d19c_ZwYkl3i8 (6a67c562-e8af-42b9-88e8-1a0319d71bd3)
2019-06-18 09:50:00.453 21662 RALLYDEBUG rally_openstack.cleanup.manager [-] Deleting neutron.network object s_rally_9217d19c_RcnooGm2 (d888b9e6-b146-47b4-ad30-450834e53258)
2019-06-18 09:50:00.458 21662 RALLYDEBUG rally_openstack.cleanup.manager [-] Deleting neutron.network object s_rally_9217d19c_8fZG0xuV (a2ee0af1-4ddd-459d-8eb6-37c20c63b9ea)
2019-06-18 09:50:00.463 21662 RALLYDEBUG rally_openstack.cleanup.manager [-] Deleting neutron.network object s_rally_9217d19c_fhFyqc4I (d900acfc-14c0-4bfe-b098-29cb38c15022)
2019-06-18 09:50:03.723 21662 RALLYDEBUG rally_openstack.cleanup.manager [-] Cleaning up neutron router objects
2019-06-18 09:50:04.187 21662 RALLYDEBUG rally_openstack.cleanup.manager [-] Cleaning up neutron security_group objects
2019-06-18 09:50:04.625 21662 INFO rally.task.context [-] Task 49487797-7e81-4501-b2bd-9771e2d84e29 | Context cleanup@openstack cleanup() finished in 55.28 sec
2019-06-18 09:50:04.625 21662 INFO rally.task.context [-] Task 49487797-7e81-4501-b2bd-9771e2d84e29 | Context quotas@openstack cleanup() started
2019-06-18 09:50:04.718 21662 INFO rally.task.context [-] Task 49487797-7e81-4501-b2bd-9771e2d84e29 | Context quotas@openstack cleanup() finished in 92.24 msec
2019-06-18 09:50:04.718 21662 INFO rally.task.context [-] Task 49487797-7e81-4501-b2bd-9771e2d84e29 | Context users@openstack cleanup() started
2019-06-18 09:50:07.526 21662 INFO rally.task.context [-] Task 49487797-7e81-4501-b2bd-9771e2d84e29 | Context users@openstack cleanup() finished in 2.81 sec
2019-06-18 09:50:08.041 21662 INFO rally.task.engine [-] Load duration is: 58.799554
2019-06-18 09:50:08.042 21662 INFO rally.task.engine [-] Full runner duration is: 58.853874
2019-06-18 09:50:08.042 21662 INFO rally.task.engine [-] Full duration is: 120.053702
2019-06-18 09:50:08.434 21662 INFO rally.task.engine [-] Running workload: position = 1 config = { "version": 2, "title": "A cropped version of a bigger task.", "description": "Auto-generated task from a single workload (uuid=a3ca1a0e-882f-4eba-8530-00ab2244769c)", "subtasks": [ { "title": "NeutronNetworks.create_and_update_ports", "description": "Create and update a given number of ports.", "scenario": { "NeutronNetworks.create_and_update_ports": { "network_create_args": {}, "port_create_args": {}, "ports_per_network": 5, "port_update_args": { "admin_state_up": false, "device_id": "dummy_id", "device_owner": "dummy_owner", "name": "_port_updated" } } }, "contexts": { "users": { "tenants": 1, "users_per_tenant": 1 }, "quotas": { "neutron": { "network": -1, "port": -1 } } }, "runner": { "constant": { "times": 40, "concurrency": 20 } }, "hooks": [], "sla": { "failure_rate": { "max": 0 } } } ] }
2019-06-18 09:50:08.461 21662 RALLYDEBUG rally_openstack.contexts.keystone.users [-] Creating 1 tenants using 20 threads
2019-06-18 09:50:09.449 21662 RALLYDEBUG rally_openstack.contexts.keystone.users [-] Creating 1 users using 20 threads
2019-06-18 09:50:10.939 21662 INFO rally.task.context [-] Task 49487797-7e81-4501-b2bd-9771e2d84e29 | Context users@openstack setup() finished in 2.48 sec
2019-06-18 09:50:11.502 21662 INFO rally.task.context [-] Task 49487797-7e81-4501-b2bd-9771e2d84e29 | Context quotas@openstack setup() finished in 0.56 sec
2019-06-18 09:50:11.502 21662 INFO rally.task.context [-] Task 49487797-7e81-4501-b2bd-9771e2d84e29 | Context cleanup@openstack setup() finished in 0.01 msec
2019-06-18 09:50:11.511 21662 RALLYDEBUG rally.task.runner [-] Starting the constant runner (task UUID: 49487797-7e81-4501-b2bd-9771e2d84e29). timeout: 0 concurrency: 20 concurrency_per_worker: 1 times: 40 concurrency_overhead: 4 processes_to_start: 16 max_cpu_used: 16
2019-06-18 09:50:11.526 25538 RALLYDEBUG rally.task.runner [-] Starting a worker. concurrency: 2 args: {"network_create_args": {}, "port_create_args": {}, "ports_per_network": 5, "port_update_args": {"admin_state_up": false, "device_id": "dummy_id", "device_owner": "dummy_owner", "name": "_port_updated"}} times: 40 method_name: run timeout: 0 duration: None cls:
2019-06-18 09:50:11.529 25539 RALLYDEBUG rally.task.runner [-] Starting a worker. concurrency: 2 args: {"network_create_args": {}, "port_create_args": {}, "ports_per_network": 5, "port_update_args": {"admin_state_up": false, "device_id": "dummy_id", "device_owner": "dummy_owner", "name": "_port_updated"}} times: 40 method_name: run timeout: 0 duration: None cls:
2019-06-18 09:50:11.532 25540 RALLYDEBUG rally.task.runner [-] Starting a worker. concurrency: 2 args: {"network_create_args": {}, "port_create_args": {}, "ports_per_network": 5, "port_update_args": {"admin_state_up": false, "device_id": "dummy_id", "device_owner": "dummy_owner", "name": "_port_updated"}} times: 40 method_name: run timeout: 0 duration: None cls:
2019-06-18 09:50:11.535 25541 RALLYDEBUG rally.task.runner [-] Starting a worker. concurrency: 2 args: {"network_create_args": {}, "port_create_args": {}, "ports_per_network": 5, "port_update_args": {"admin_state_up": false, "device_id": "dummy_id", "device_owner": "dummy_owner", "name": "_port_updated"}} times: 40 method_name: run timeout: 0 duration: None cls:
2019-06-18 09:50:11.536 25538 INFO rally.task.runner [-] Task 49487797-7e81-4501-b2bd-9771e2d84e29 | ITER: 1 START
2019-06-18 09:50:11.539 25538 WARNING rally_openstack.scenarios.neutron.utils [-] Running this scenario without either the 'network' or 'existing_network' context is deprecated
2019-06-18 09:50:11.539 25539 INFO rally.task.runner [-] Task 49487797-7e81-4501-b2bd-9771e2d84e29 | ITER: 2 START
2019-06-18 09:50:11.539 25542 RALLYDEBUG rally.task.runner [-] Starting a worker. concurrency: 1 args: {"network_create_args": {}, "port_create_args": {}, "ports_per_network": 5, "port_update_args": {"admin_state_up": false, "device_id": "dummy_id", "device_owner": "dummy_owner", "name": "_port_updated"}} times: 40 method_name: run timeout: 0 duration: None cls:
2019-06-18 09:50:11.541 25540 INFO rally.task.runner [-] Task 49487797-7e81-4501-b2bd-9771e2d84e29 | ITER: 4 START
2019-06-18 09:50:11.542 25539 WARNING rally_openstack.scenarios.neutron.utils [-] Running this scenario without either the 'network' or 'existing_network' context is deprecated
2019-06-18 09:50:11.543 25547 RALLYDEBUG rally.task.runner [-] Starting a worker. concurrency: 1 args: {"network_create_args": {}, "port_create_args": {}, "ports_per_network": 5, "port_update_args": {"admin_state_up": false, "device_id": "dummy_id", "device_owner": "dummy_owner", "name": "_port_updated"}} times: 40 method_name: run timeout: 0 duration: None cls:
2019-06-18 09:50:11.545 25541 INFO rally.task.runner [-] Task 49487797-7e81-4501-b2bd-9771e2d84e29 | ITER: 6 START
2019-06-18 09:50:11.546 25542 INFO rally.task.runner [-] Task 49487797-7e81-4501-b2bd-9771e2d84e29 | ITER: 9 START
2019-06-18 09:50:11.544 25540 WARNING rally_openstack.scenarios.neutron.utils [-] Running this scenario without either the 'network' or 'existing_network' context is deprecated
2019-06-18 09:50:11.547 25552 RALLYDEBUG rally.task.runner [-] Starting a worker. concurrency: 1 args: {"network_create_args": {}, "port_create_args": {}, "ports_per_network": 5, "port_update_args": {"admin_state_up": false, "device_id": "dummy_id", "device_owner": "dummy_owner", "name": "_port_updated"}} times: 40 method_name: run timeout: 0 duration: None cls:
2019-06-18 09:50:11.547 25541 WARNING rally_openstack.scenarios.neutron.utils [-] Running this scenario without either the 'network' or 'existing_network' context is deprecated
2019-06-18 09:50:11.548 25542 WARNING rally_openstack.scenarios.neutron.utils [-] Running this scenario without either the 'network' or 'existing_network' context is deprecated
2019-06-18 09:50:11.551 25538 INFO rally.task.runner [-] Task 49487797-7e81-4501-b2bd-9771e2d84e29 | ITER: 3 START
2019-06-18 09:50:11.551 25547 INFO rally.task.runner [-] Task 49487797-7e81-4501-b2bd-9771e2d84e29 | ITER: 10 START
2019-06-18 09:50:11.551 25541 INFO rally.task.runner [-] Task 49487797-7e81-4501-b2bd-9771e2d84e29 | ITER: 8 START
2019-06-18 09:50:11.552 25538 WARNING rally_openstack.scenarios.neutron.utils [-] Running this scenario without either the 'network' or 'existing_network' context is deprecated
2019-06-18 09:50:11.552 25555 RALLYDEBUG rally.task.runner [-] Starting a worker. concurrency: 1 args: {"network_create_args": {}, "port_create_args": {}, "ports_per_network": 5, "port_update_args": {"admin_state_up": false, "device_id": "dummy_id", "device_owner": "dummy_owner", "name": "_port_updated"}} times: 40 method_name: run timeout: 0 duration: None cls:
2019-06-18 09:50:11.553 25547 WARNING rally_openstack.scenarios.neutron.utils [-] Running this scenario without either the 'network' or 'existing_network' context is deprecated
2019-06-18 09:50:11.554 25552 INFO rally.task.runner [-] Task 49487797-7e81-4501-b2bd-9771e2d84e29 | ITER: 11 START
2019-06-18 09:50:11.554 25540 INFO rally.task.runner [-] Task 49487797-7e81-4501-b2bd-9771e2d84e29 | ITER: 7 START
2019-06-18 09:50:11.555 25540 WARNING rally_openstack.scenarios.neutron.utils [-] Running this scenario without either the 'network' or 'existing_network' context is deprecated
2019-06-18 09:50:11.554 25539 INFO rally.task.runner [-] Task 49487797-7e81-4501-b2bd-9771e2d84e29 | ITER: 5 START
2019-06-18 09:50:11.556 25552 WARNING rally_openstack.scenarios.neutron.utils [-] Running this scenario without either the 'network' or 'existing_network' context is deprecated
2019-06-18 09:50:11.557 25539 WARNING rally_openstack.scenarios.neutron.utils [-] Running this scenario without either the 'network' or 'existing_network' context is deprecated
2019-06-18 09:50:11.557 25541 WARNING rally_openstack.scenarios.neutron.utils [-] Running this scenario without either the 'network' or 'existing_network' context is deprecated
2019-06-18 09:50:11.559 25560 RALLYDEBUG rally.task.runner [-] Starting a worker. concurrency: 1 args: {"network_create_args": {}, "port_create_args": {}, "ports_per_network": 5, "port_update_args": {"admin_state_up": false, "device_id": "dummy_id", "device_owner": "dummy_owner", "name": "_port_updated"}} times: 40 method_name: run timeout: 0 duration: None cls:
2019-06-18 09:50:11.560 25555 INFO rally.task.runner [-] Task 49487797-7e81-4501-b2bd-9771e2d84e29 | ITER: 12 START
2019-06-18 09:50:11.563 25555 WARNING rally_openstack.scenarios.neutron.utils [-] Running this scenario without either the 'network' or 'existing_network' context is deprecated
2019-06-18 09:50:11.564 25565 RALLYDEBUG rally.task.runner [-] Starting a worker. concurrency: 1 args: {"network_create_args": {}, "port_create_args": {}, "ports_per_network": 5, "port_update_args": {"admin_state_up": false, "device_id": "dummy_id", "device_owner": "dummy_owner", "name": "_port_updated"}} times: 40 method_name: run timeout: 0 duration: None cls:
2019-06-18 09:50:11.567 25560 INFO rally.task.runner [-] Task 49487797-7e81-4501-b2bd-9771e2d84e29 | ITER: 13 START
2019-06-18 09:50:11.568 25560 WARNING rally_openstack.scenarios.neutron.utils [-] Running this scenario without either the 'network' or 'existing_network' context is deprecated
2019-06-18 09:50:11.571 25565 INFO rally.task.runner [-] Task 49487797-7e81-4501-b2bd-9771e2d84e29 | ITER: 14 START
2019-06-18 09:50:11.572 25568 RALLYDEBUG rally.task.runner [-] Starting a worker. concurrency: 1 args: {"network_create_args": {}, "port_create_args": {}, "ports_per_network": 5, "port_update_args": {"admin_state_up": false, "device_id": "dummy_id", "device_owner": "dummy_owner", "name": "_port_updated"}} times: 40 method_name: run timeout: 0 duration: None cls:
2019-06-18 09:50:11.573 25565 WARNING rally_openstack.scenarios.neutron.utils [-] Running this scenario without either the 'network' or 'existing_network' context is deprecated
2019-06-18 09:50:11.581 25568 INFO rally.task.runner [-] Task 49487797-7e81-4501-b2bd-9771e2d84e29 | ITER: 15 START
2019-06-18 09:50:11.582 25568 WARNING rally_openstack.scenarios.neutron.utils [-] Running this scenario without either the 'network' or 'existing_network' context is deprecated
2019-06-18 09:50:11.584 25573 RALLYDEBUG rally.task.runner [-] Starting a worker. concurrency: 1 args: {"network_create_args": {}, "port_create_args": {}, "ports_per_network": 5, "port_update_args": {"admin_state_up": false, "device_id": "dummy_id", "device_owner": "dummy_owner", "name": "_port_updated"}} times: 40 method_name: run timeout: 0 duration: None cls:
2019-06-18 09:50:11.591 25573 INFO rally.task.runner [-] Task 49487797-7e81-4501-b2bd-9771e2d84e29 | ITER: 16 START
2019-06-18 09:50:11.591 25576 RALLYDEBUG rally.task.runner [-] Starting a worker. concurrency: 1 args: {"network_create_args": {}, "port_create_args": {}, "ports_per_network": 5, "port_update_args": {"admin_state_up": false, "device_id": "dummy_id", "device_owner": "dummy_owner", "name": "_port_updated"}} times: 40 method_name: run timeout: 0 duration: None cls:
2019-06-18 09:50:11.593 25573 WARNING rally_openstack.scenarios.neutron.utils [-] Running this scenario without either the 'network' or 'existing_network' context is deprecated
2019-06-18 09:50:11.595 25577 RALLYDEBUG rally.task.runner [-] Starting a worker. concurrency: 1 args: {"network_create_args": {}, "port_create_args": {}, "ports_per_network": 5, "port_update_args": {"admin_state_up": false, "device_id": "dummy_id", "device_owner": "dummy_owner", "name": "_port_updated"}} times: 40 method_name: run timeout: 0 duration: None cls:
2019-06-18 09:50:11.597 25576 INFO rally.task.runner [-] Task 49487797-7e81-4501-b2bd-9771e2d84e29 | ITER: 17 START
2019-06-18 09:50:11.599 25576 WARNING rally_openstack.scenarios.neutron.utils [-] Running this scenario without either the 'network' or 'existing_network' context is deprecated
2019-06-18 09:50:11.599 25580 RALLYDEBUG rally.task.runner [-] Starting a worker. concurrency: 1 args: {"network_create_args": {}, "port_create_args": {}, "ports_per_network": 5, "port_update_args": {"admin_state_up": false, "device_id": "dummy_id", "device_owner": "dummy_owner", "name": "_port_updated"}} times: 40 method_name: run timeout: 0 duration: None cls:
2019-06-18 09:50:11.601 25577 INFO rally.task.runner [-] Task 49487797-7e81-4501-b2bd-9771e2d84e29 | ITER: 18 START
2019-06-18 09:50:11.602 25577 WARNING rally_openstack.scenarios.neutron.utils [-] Running this scenario without either the 'network' or 'existing_network' context is deprecated
2019-06-18 09:50:11.602 25583 RALLYDEBUG rally.task.runner [-] Starting a worker. concurrency: 1 args: {"network_create_args": {}, "port_create_args": {}, "ports_per_network": 5, "port_update_args": {"admin_state_up": false, "device_id": "dummy_id", "device_owner": "dummy_owner", "name": "_port_updated"}} times: 40 method_name: run timeout: 0 duration: None cls:
2019-06-18 09:50:11.605 25580 INFO rally.task.runner [-] Task 49487797-7e81-4501-b2bd-9771e2d84e29 | ITER: 19 START
2019-06-18 09:50:11.607 25580 WARNING rally_openstack.scenarios.neutron.utils [-] Running this scenario without either the 'network' or 'existing_network' context is deprecated
2019-06-18 09:50:11.608 25583 INFO rally.task.runner [-] Task 49487797-7e81-4501-b2bd-9771e2d84e29 | ITER: 20 START
2019-06-18 09:50:11.609 25583 WARNING rally_openstack.scenarios.neutron.utils [-] Running this scenario without either the 'network' or 'existing_network' context is deprecated
2019-06-18 09:50:19.525 25538 INFO rally.task.runner [-] Task 49487797-7e81-4501-b2bd-9771e2d84e29 | ITER: 3 END: OK
2019-06-18 09:50:19.530 25538 INFO rally.task.runner [-] Task 49487797-7e81-4501-b2bd-9771e2d84e29 | ITER: 21 START
2019-06-18 09:50:19.531 25538 WARNING rally_openstack.scenarios.neutron.utils [-] Running this scenario without either the 'network' or 'existing_network' context is deprecated
2019-06-18 09:50:20.724 25539 INFO rally.task.runner [-] Task 49487797-7e81-4501-b2bd-9771e2d84e29 | ITER: 5 END: OK
2019-06-18 09:50:20.728 25539 INFO rally.task.runner [-] Task 49487797-7e81-4501-b2bd-9771e2d84e29 | ITER: 22 START
2019-06-18 09:50:20.729 25539 WARNING rally_openstack.scenarios.neutron.utils [-] Running this scenario without either the 'network' or 'existing_network' context is deprecated
2019-06-18 09:50:21.310 25541 INFO rally.task.runner [-] Task 49487797-7e81-4501-b2bd-9771e2d84e29 | ITER: 6 END: OK
2019-06-18 09:50:21.314 25541 INFO rally.task.runner [-] Task 49487797-7e81-4501-b2bd-9771e2d84e29 | ITER: 23 START
2019-06-18 09:50:21.315 25541 WARNING rally_openstack.scenarios.neutron.utils [-] Running this scenario without either the 'network' or 'existing_network' context is deprecated
2019-06-18 09:50:21.569 25539 INFO rally.task.runner [-] Task 49487797-7e81-4501-b2bd-9771e2d84e29 | ITER: 2 END: OK
2019-06-18 09:50:21.574 25539 INFO rally.task.runner [-] Task 49487797-7e81-4501-b2bd-9771e2d84e29 | ITER: 24 START
2019-06-18 09:50:21.574 25539 WARNING rally_openstack.scenarios.neutron.utils [-] Running this scenario without either the 'network' or 'existing_network' context is deprecated
2019-06-18 09:50:21.627 25568 INFO rally.task.runner [-] Task 49487797-7e81-4501-b2bd-9771e2d84e29 | ITER: 15 END: OK
2019-06-18 09:50:21.631 25568 INFO rally.task.runner [-] Task 49487797-7e81-4501-b2bd-9771e2d84e29 | ITER: 25 START
2019-06-18 09:50:21.632 25568 WARNING rally_openstack.scenarios.neutron.utils [-] Running this scenario without either the 'network' or 'existing_network' context is deprecated
2019-06-18 09:50:21.802 25540 INFO rally.task.runner [-] Task 49487797-7e81-4501-b2bd-9771e2d84e29 | ITER: 4 END: OK
2019-06-18 09:50:21.807 25540 INFO rally.task.runner [-] Task 49487797-7e81-4501-b2bd-9771e2d84e29 | ITER: 26 START
2019-06-18 09:50:21.807 25540 WARNING rally_openstack.scenarios.neutron.utils [-] Running this scenario without either the 'network' or 'existing_network' context is deprecated
2019-06-18 09:50:22.201 25580 INFO rally.task.runner [-] Task 49487797-7e81-4501-b2bd-9771e2d84e29 | ITER: 19 END: OK
2019-06-18 09:50:22.207 25580 INFO rally.task.runner [-] Task 49487797-7e81-4501-b2bd-9771e2d84e29 | ITER: 27 START
2019-06-18 09:50:22.207 25580 WARNING rally_openstack.scenarios.neutron.utils [-] Running this scenario without either the 'network' or 'existing_network' context is deprecated
2019-06-18 09:50:22.353 25547 INFO rally.task.runner [-] Task 49487797-7e81-4501-b2bd-9771e2d84e29 | ITER: 10 END: OK
2019-06-18 09:50:22.359 25547 INFO rally.task.runner [-] Task 49487797-7e81-4501-b2bd-9771e2d84e29 | ITER: 28 START
2019-06-18 09:50:22.360 25547 WARNING rally_openstack.scenarios.neutron.utils [-] Running this scenario without either the 'network' or 'existing_network' context is deprecated
2019-06-18 09:50:22.479 25555 INFO rally.task.runner [-] Task 49487797-7e81-4501-b2bd-9771e2d84e29 | ITER: 12 END: OK
2019-06-18 09:50:22.485 25555 INFO rally.task.runner [-] Task 49487797-7e81-4501-b2bd-9771e2d84e29 | ITER: 29 START
2019-06-18 09:50:22.486 25555 WARNING rally_openstack.scenarios.neutron.utils [-] Running this scenario without either the 'network' or 'existing_network' context is deprecated
2019-06-18 09:50:22.492 25576 INFO rally.task.runner [-] Task 49487797-7e81-4501-b2bd-9771e2d84e29 | ITER: 17 END: OK
2019-06-18 09:50:22.496 25576 INFO rally.task.runner [-] Task 49487797-7e81-4501-b2bd-9771e2d84e29 | ITER: 30 START
2019-06-18 09:50:22.497 25576 WARNING rally_openstack.scenarios.neutron.utils [-] Running this scenario without either the 'network' or 'existing_network' context is deprecated
2019-06-18 09:50:22.548 25540 INFO rally.task.runner [-] Task 49487797-7e81-4501-b2bd-9771e2d84e29 | ITER: 7 END: OK
2019-06-18 09:50:22.553 25540 INFO rally.task.runner [-] Task 49487797-7e81-4501-b2bd-9771e2d84e29 | ITER: 31 START
2019-06-18 09:50:22.554 25540 WARNING rally_openstack.scenarios.neutron.utils [-] Running this scenario without either the 'network' or 'existing_network' context is deprecated
2019-06-18 09:50:22.715 25552 INFO rally.task.runner [-] Task 49487797-7e81-4501-b2bd-9771e2d84e29 | ITER: 11 END: OK
2019-06-18 09:50:22.720 25552 INFO rally.task.runner [-] Task 49487797-7e81-4501-b2bd-9771e2d84e29 | ITER: 32 START
2019-06-18 09:50:22.721 25552 WARNING rally_openstack.scenarios.neutron.utils [-] Running this scenario without either the 'network' or 'existing_network' context is deprecated
2019-06-18 09:50:22.815 25542 INFO rally.task.runner [-] Task 49487797-7e81-4501-b2bd-9771e2d84e29 | ITER: 9 END: OK
2019-06-18 09:50:22.819 25542 INFO rally.task.runner [-] Task 49487797-7e81-4501-b2bd-9771e2d84e29 | ITER: 33 START
2019-06-18 09:50:22.820 25542 WARNING rally_openstack.scenarios.neutron.utils [-] Running this scenario without either the 'network' or 'existing_network' context is deprecated
2019-06-18 09:50:23.210 25573 INFO rally.task.runner [-] Task 49487797-7e81-4501-b2bd-9771e2d84e29 | ITER: 16 END: OK
2019-06-18 09:50:23.215 25573 INFO rally.task.runner [-] Task 49487797-7e81-4501-b2bd-9771e2d84e29 | ITER: 34 START
2019-06-18 09:50:23.216 25573 WARNING rally_openstack.scenarios.neutron.utils [-] Running this scenario without either the 'network' or 'existing_network' context is deprecated
2019-06-18 09:50:23.948 25560 INFO rally.task.runner [-] Task 49487797-7e81-4501-b2bd-9771e2d84e29 | ITER: 13 END: OK
2019-06-18 09:50:23.954 25560 INFO rally.task.runner [-] Task 49487797-7e81-4501-b2bd-9771e2d84e29 | ITER: 35 START
2019-06-18 09:50:23.954 25560 WARNING rally_openstack.scenarios.neutron.utils [-] Running this scenario without either the 'network' or 'existing_network' context is deprecated
2019-06-18 09:50:24.002 25538 INFO rally.task.runner [-] Task 49487797-7e81-4501-b2bd-9771e2d84e29 | ITER: 1 END: OK
2019-06-18 09:50:24.006 25538 INFO rally.task.runner [-] Task 49487797-7e81-4501-b2bd-9771e2d84e29 | ITER: 36 START
2019-06-18 09:50:24.007 25538 WARNING rally_openstack.scenarios.neutron.utils [-] Running this scenario without either the 'network' or 'existing_network' context is deprecated
2019-06-18 09:50:24.336 25565 INFO rally.task.runner [-] Task 49487797-7e81-4501-b2bd-9771e2d84e29 | ITER: 14 END: OK
2019-06-18 09:50:24.342 25565 INFO rally.task.runner [-] Task 49487797-7e81-4501-b2bd-9771e2d84e29 | ITER: 37 START
2019-06-18 09:50:24.342 25565 WARNING rally_openstack.scenarios.neutron.utils [-] Running this scenario without either the 'network' or 'existing_network' context is deprecated
2019-06-18 09:50:24.487 25541 INFO rally.task.runner [-] Task 49487797-7e81-4501-b2bd-9771e2d84e29 | ITER: 8 END: OK
2019-06-18 09:50:24.491 25541 INFO rally.task.runner [-] Task 49487797-7e81-4501-b2bd-9771e2d84e29 | ITER: 38 START
2019-06-18 09:50:24.492 25541 WARNING rally_openstack.scenarios.neutron.utils [-] Running this scenario without either the 'network' or 'existing_network' context is deprecated
2019-06-18 09:50:24.949 25577 INFO rally.task.runner [-] Task 49487797-7e81-4501-b2bd-9771e2d84e29 | ITER: 18 END: OK
2019-06-18 09:50:24.955 25577 INFO rally.task.runner [-] Task 49487797-7e81-4501-b2bd-9771e2d84e29 | ITER: 39 START
2019-06-18 09:50:24.955 25577 WARNING rally_openstack.scenarios.neutron.utils [-] Running this scenario without either the 'network' or 'existing_network' context is deprecated
2019-06-18 09:50:26.577 25583 INFO rally.task.runner [-] Task 49487797-7e81-4501-b2bd-9771e2d84e29 | ITER: 20 END: OK
2019-06-18 09:50:26.582 25583 INFO rally.task.runner [-] Task 49487797-7e81-4501-b2bd-9771e2d84e29 | ITER: 40 START
2019-06-18 09:50:26.583 25583 WARNING rally_openstack.scenarios.neutron.utils [-] Running this scenario without either the 'network' or 'existing_network' context is deprecated
2019-06-18 09:50:29.980 25539 INFO rally.task.runner [-] Task 49487797-7e81-4501-b2bd-9771e2d84e29 | ITER: 22 END: OK
2019-06-18 09:50:30.857 25539 INFO rally.task.runner [-] Task 49487797-7e81-4501-b2bd-9771e2d84e29 | ITER: 24 END: OK
2019-06-18 09:50:31.133 25576 INFO rally.task.runner [-] Task 49487797-7e81-4501-b2bd-9771e2d84e29 | ITER: 30 END: OK
2019-06-18 09:50:31.388 25555 INFO rally.task.runner [-] Task 49487797-7e81-4501-b2bd-9771e2d84e29 | ITER: 29 END: OK
2019-06-18 09:50:31.663 25542 INFO rally.task.runner [-] Task 49487797-7e81-4501-b2bd-9771e2d84e29 | ITER: 33 END: OK
2019-06-18 09:50:32.099 25540 INFO rally.task.runner [-] Task 49487797-7e81-4501-b2bd-9771e2d84e29 | ITER: 26 END: OK
2019-06-18 09:50:32.243 25538 INFO rally.task.runner [-] Task 49487797-7e81-4501-b2bd-9771e2d84e29 | ITER: 21 END: OK
2019-06-18 09:50:32.469 25541 INFO rally.task.runner [-] Task 49487797-7e81-4501-b2bd-9771e2d84e29 | ITER: 38 END: OK
2019-06-18 09:50:32.929 25573 INFO rally.task.runner [-] Task 49487797-7e81-4501-b2bd-9771e2d84e29 | ITER: 34 END: OK
2019-06-18 09:50:33.147 25538 INFO rally.task.runner [-] Task 49487797-7e81-4501-b2bd-9771e2d84e29 | ITER: 36 END: OK
2019-06-18 09:50:33.523 25540 INFO rally.task.runner [-] Task 49487797-7e81-4501-b2bd-9771e2d84e29 | ITER: 31 END: OK
2019-06-18 09:50:34.135 25565 INFO rally.task.runner [-] Task 49487797-7e81-4501-b2bd-9771e2d84e29 | ITER: 37 END: OK
2019-06-18 09:50:34.168 25547 INFO rally.task.runner [-] Task 49487797-7e81-4501-b2bd-9771e2d84e29 | ITER: 28 END: OK
2019-06-18 09:50:34.369 25560 INFO rally.task.runner [-] Task 49487797-7e81-4501-b2bd-9771e2d84e29 | ITER: 35 END: OK
2019-06-18 09:50:34.482 25552 INFO rally.task.runner [-] Task 49487797-7e81-4501-b2bd-9771e2d84e29 | ITER: 32 END: OK
2019-06-18 09:50:34.605 25577 INFO rally.task.runner [-] Task 49487797-7e81-4501-b2bd-9771e2d84e29 | ITER: 39 END: OK
2019-06-18 09:50:34.697 25580 INFO rally.task.runner [-] Task 49487797-7e81-4501-b2bd-9771e2d84e29 | ITER: 27 END: OK
2019-06-18 09:50:34.698 25568 INFO rally.task.runner [-] Task 49487797-7e81-4501-b2bd-9771e2d84e29 | ITER: 25 END: OK
2019-06-18 09:50:35.089 25583 INFO rally.task.runner [-] Task 49487797-7e81-4501-b2bd-9771e2d84e29 | ITER: 40 END: OK
2019-06-18 09:50:35.200 25541 INFO rally.task.runner [-] Task 49487797-7e81-4501-b2bd-9771e2d84e29 | ITER: 23 END: OK
2019-06-18 09:50:35.223 21662 INFO rally.task.context [-] Task 49487797-7e81-4501-b2bd-9771e2d84e29 | Context cleanup@openstack cleanup() started
2019-06-18 09:50:35.226 21662 RALLYDEBUG rally_openstack.cleanup.manager [-] Cleaning up neutron vip objects
2019-06-18 09:50:35.623 21662 RALLYDEBUG rally_openstack.cleanup.manager [-] Cleaning up neutron health_monitor objects
2019-06-18 09:50:36.012 21662 RALLYDEBUG rally_openstack.cleanup.manager [-] Cleaning up neutron pool objects
2019-06-18 09:50:36.405 21662 RALLYDEBUG rally_openstack.cleanup.manager [-] Cleaning up neutron loadbalancer objects
2019-06-18 09:50:36.793 21662 RALLYDEBUG rally_openstack.cleanup.manager [-] Cleaning up neutron floatingip objects
2019-06-18 09:50:37.245 21662 RALLYDEBUG rally_openstack.cleanup.manager [-] Cleaning up neutron port objects
2019-06-18 09:50:38.101 21662 RALLYDEBUG rally_openstack.cleanup.manager [-] Deleting neutron.port object s_rally_a3ca1a0e_TG3XyYZ6 (00787002-42db-46eb-96dc-8e02fe2cf68f)
2019-06-18 09:50:38.108 21662 RALLYDEBUG rally_openstack.cleanup.manager [-] Deleting neutron.port object s_rally_a3ca1a0e_sgLt7NU9 (0d146511-0eea-40c4-a842-191cd1a4a9e4)
2019-06-18 09:50:38.110 21662 RALLYDEBUG rally_openstack.cleanup.manager [-] Deleting neutron.port object s_rally_a3ca1a0e_iBR6l3UE (01a1156d-8692-47d1-b528-5eeb3eb15a5a)
2019-06-18 09:50:38.116 21662 RALLYDEBUG rally_openstack.cleanup.manager [-] Deleting neutron.port object s_rally_a3ca1a0e_jHi3xVFM (0d60ecf7-d8be-44cf-a897-e3ec3c9c0ff3)
2019-06-18 09:50:38.117 21662 RALLYDEBUG rally_openstack.cleanup.manager [-] Deleting neutron.port object s_rally_a3ca1a0e_h2GoJPcj (0feab56c-b42a-415c-a1af-f6c92b7a3d9a)
2019-06-18 09:50:38.122 21662 RALLYDEBUG rally_openstack.cleanup.manager [-] Deleting neutron.port object s_rally_a3ca1a0e_953xnPBi (13e42d41-89e8-465e-88d8-e76ac411c7b9)
2019-06-18 09:50:38.133 21662 RALLYDEBUG rally_openstack.cleanup.manager [-] Deleting neutron.port object s_rally_a3ca1a0e_Jo6BsBxZ (0969864e-37d6-4111-8114-847464625703)
2019-06-18 09:50:38.135 21662 RALLYDEBUG rally_openstack.cleanup.manager [-] Deleting neutron.port object s_rally_a3ca1a0e_3sj9bLiA (07236229-3b54-481b-816c-bb61f9383d78)
2019-06-18 09:50:38.139 21662 RALLYDEBUG rally_openstack.cleanup.manager [-] Deleting neutron.port object s_rally_a3ca1a0e_ex2MNuqM (01e90381-778a-4684-ac2c-bb9290308e85)
2019-06-18 09:50:38.141 21662 RALLYDEBUG rally_openstack.cleanup.manager [-] Deleting neutron.port object s_rally_a3ca1a0e_SqSBgYNM (11883973-f6d0-4f97-8cc2-9f8bec9ef66f)
2019-06-18 09:50:38.150 21662 RALLYDEBUG rally_openstack.cleanup.manager [-] Deleting neutron.port object s_rally_a3ca1a0e_TUw6qFEt (14e38524-4f98-4fa9-a985-b87fad6b647e)
2019-06-18 09:50:38.151 21662 RALLYDEBUG rally_openstack.cleanup.manager [-] Deleting neutron.port object s_rally_a3ca1a0e_udUN70Us (12424263-a0a3-4c0d-acef-a81194252c60)
2019-06-18 09:50:38.160 21662 RALLYDEBUG rally_openstack.cleanup.manager [-] Deleting neutron.port object s_rally_a3ca1a0e_IR1JQi9q (021a2576-4723-48a6-abc9-35bd91387e79)
2019-06-18 09:50:38.161 21662 RALLYDEBUG rally_openstack.cleanup.manager [-] Deleting neutron.port object s_rally_a3ca1a0e_S7qoFAGf (04758b82-3c44-4cc7-b060-fe71eb5a13bb)
2019-06-18 09:50:38.165 21662 RALLYDEBUG rally_openstack.cleanup.manager [-] Deleting neutron.port object s_rally_a3ca1a0e_dmnfDGYD (0d631c36-8c97-4f10-8cff-c747e559e824)
2019-06-18 09:50:38.168 21662 RALLYDEBUG rally_openstack.cleanup.manager [-] Deleting neutron.port object s_rally_a3ca1a0e_m9XkXq5a (0240db34-14c9-4289-888e-cd12680673c9)
2019-06-18 09:50:38.172 21662 RALLYDEBUG rally_openstack.cleanup.manager [-] Deleting neutron.port object s_rally_a3ca1a0e_oyAAIGQC (059f430b-7676-44c1-97df-542a93cbd92e)
2019-06-18 09:50:38.182 21662 RALLYDEBUG rally_openstack.cleanup.manager [-] Deleting neutron.port object s_rally_a3ca1a0e_0rNNu7dS (05e1a616-df4d-46a0-8a15-446e28455e55)
2019-06-18 09:50:38.193 21662 RALLYDEBUG rally_openstack.cleanup.manager [-] Deleting neutron.port object s_rally_a3ca1a0e_rcPuN10F (15ce7070-0d6d-45ca-8f5e-5f4c8b839c03)
2019-06-18 09:50:38.222 21662 RALLYDEBUG rally_openstack.cleanup.manager [-] Deleting neutron.port object s_rally_a3ca1a0e_HUT8qjkb (10d18391-c704-46f8-9ae4-54be1bcdf126)
2019-06-18 09:50:40.157 21662 RALLYDEBUG rally_openstack.cleanup.manager [-] Deleting neutron.port object s_rally_a3ca1a0e_39FpDysX (16fd83c2-f40e-4138-9151-b6f170aebe31)
2019-06-18 09:50:40.561 21662 RALLYDEBUG rally_openstack.cleanup.manager [-] Deleting neutron.port object s_rally_a3ca1a0e_5ODRyVdo (1759f59d-f39a-4343-aaa3-5fcc2b77b110)
2019-06-18 09:50:40.568 21662 RALLYDEBUG rally_openstack.cleanup.manager [-] Deleting neutron.port object s_rally_a3ca1a0e_XDjuM3ti (18056f54-7647-4011-afc7-b423dfefac2e)
2019-06-18 09:50:40.643 21662 RALLYDEBUG rally_openstack.cleanup.manager [-] Deleting neutron.port object s_rally_a3ca1a0e_L0AYG19O (1a2b6c3a-8599-496c-96d4-2c627a4373df)
2019-06-18 09:50:40.726 21662 RALLYDEBUG rally_openstack.cleanup.manager [-] Deleting neutron.port object s_rally_a3ca1a0e_QNyD7dqG (1a529385-9686-490f-bbe2-adcffc685534)
2019-06-18 09:50:40.853 21662 RALLYDEBUG rally_openstack.cleanup.manager [-] Deleting neutron.port object s_rally_a3ca1a0e_FNVOZHNG (1a5afd11-af2f-4e98-bc1a-7b0833a851e6)
2019-06-18 09:50:40.855 21662 RALLYDEBUG rally_openstack.cleanup.manager [-] Deleting neutron.port object s_rally_a3ca1a0e_HLgtEcNo (1c1e8bcf-601c-42ee-b001-1d59633d4333)
2019-06-18 09:50:41.012 21662 RALLYDEBUG rally_openstack.cleanup.manager [-] Deleting neutron.port object s_rally_a3ca1a0e_I5uYFu6O (1e0afa8e-c04f-4684-b50b-c11f4cf02d98)
2019-06-18 09:50:41.012 21662 RALLYDEBUG rally_openstack.cleanup.manager [-] Deleting neutron.port object s_rally_a3ca1a0e_PMkmrrJh (1eb5e377-8a52-49d3-9740-3f50b17a03d8)
2019-06-18 09:50:41.015 21662 RALLYDEBUG rally_openstack.cleanup.manager [-] Deleting neutron.port object s_rally_a3ca1a0e_qGrY7m1t (1e47e88f-5f0d-4bbf-8ef5-6d5b26e0ef3c)
2019-06-18 09:50:41.035 21662 RALLYDEBUG rally_openstack.cleanup.manager [-] Deleting neutron.port object s_rally_a3ca1a0e_RfjtEEfT (218406a1-e88b-40ab-b345-c360beffd644)
2019-06-18 09:50:41.036 21662 RALLYDEBUG rally_openstack.cleanup.manager [-] Deleting neutron.port object s_rally_a3ca1a0e_Kzvb6pvj (22d973cd-55bb-474c-92ec-1ea07223f084)
2019-06-18 09:50:41.043 21662 RALLYDEBUG rally_openstack.cleanup.manager [-] Deleting neutron.port object s_rally_a3ca1a0e_bHlrmcDC (2513a6e3-e50e-42a6-982e-2b788b2ac614)
2019-06-18 09:50:41.057 21662 RALLYDEBUG rally_openstack.cleanup.manager [-] Deleting neutron.port object s_rally_a3ca1a0e_UqjSH22Z (27bb0222-dc21-4777-9ca3-e3401e8cf615)
2019-06-18 09:50:41.096 21662 RALLYDEBUG rally_openstack.cleanup.manager [-] Deleting neutron.port object s_rally_a3ca1a0e_cKCpBvZj (28b35a50-03ef-442b-8c94-1993e6f0c153)
2019-06-18 09:50:41.106 21662 RALLYDEBUG rally_openstack.cleanup.manager [-] Deleting neutron.port object s_rally_a3ca1a0e_ymftVwd8 (29fc9b9e-e658-4124-8792-df1d696d9285)
2019-06-18 09:50:41.126 21662 RALLYDEBUG rally_openstack.cleanup.manager [-] Deleting neutron.port object s_rally_a3ca1a0e_FvxSmkEm (2b35b168-8961-464f-b42e-2cb7f23d368c)
2019-06-18 09:50:41.158 21662 RALLYDEBUG rally_openstack.cleanup.manager [-] Deleting neutron.port object s_rally_a3ca1a0e_kPPcWQVS (308afb13-bb04-4816-8226-351da14c0813)
2019-06-18 09:50:41.161 21662 RALLYDEBUG rally_openstack.cleanup.manager [-] Deleting neutron.port object s_rally_a3ca1a0e_qGw1Fbmo (30bf1bc1-3b00-46cd-a996-36daa83c61f5)
2019-06-18 09:50:41.175 21662 RALLYDEBUG rally_openstack.cleanup.manager [-] Deleting neutron.port object s_rally_a3ca1a0e_34RcV4rk (311f445d-4fff-409e-a398-3727cce5ef0b)
2019-06-18 09:50:42.436 21662 RALLYDEBUG rally_openstack.cleanup.manager [-] Deleting neutron.port object s_rally_a3ca1a0e_3cf1JqaX (37cc33c8-385a-4772-a2bf-9e9b4856a97e)
2019-06-18 09:50:42.514 21662 RALLYDEBUG rally_openstack.cleanup.manager [-] Deleting neutron.port object s_rally_a3ca1a0e_aW1xwilg (38200628-1a1d-4e59-8f12-25694efd733d)
2019-06-18 09:50:42.699 21662 RALLYDEBUG rally_openstack.cleanup.manager [-] Deleting neutron.port object s_rally_a3ca1a0e_4RjuIbGf (3875fb8e-32c1-4c30-ac8d-2f7f990bc608)
2019-06-18 09:50:42.922 21662 RALLYDEBUG rally_openstack.cleanup.manager [-] Deleting neutron.port object s_rally_a3ca1a0e_AjjNjaZJ (39435fc6-b5af-44c9-adb8-bb32003ee063)
2019-06-18 09:50:43.021 21662 RALLYDEBUG rally_openstack.cleanup.manager [-] Deleting neutron.port object s_rally_a3ca1a0e_TWJO9hzc (3b1a6403-5552-4fab-9c8d-01ad3ab2680d)
2019-06-18 09:50:43.097 21662 RALLYDEBUG rally_openstack.cleanup.manager [-] Deleting neutron.port object s_rally_a3ca1a0e_74zLePn8 (3b4d33f6-00a1-4ec8-ad5c-b6f3f39cf0dc)
2019-06-18 09:50:43.195 21662 RALLYDEBUG rally_openstack.cleanup.manager [-] Deleting neutron.port object s_rally_a3ca1a0e_BiIAYOT5 (3c1c1187-6475-4ee0-b021-4611fe4d7af5)
2019-06-18 09:50:43.320 21662 RALLYDEBUG rally_openstack.cleanup.manager [-] Deleting neutron.port object s_rally_a3ca1a0e_AQSCgyXX (3c5e74d4-87cb-4b1b-969f-17fe4f722028)
2019-06-18 09:50:43.332 21662 RALLYDEBUG rally_openstack.cleanup.manager [-] Deleting neutron.port object s_rally_a3ca1a0e_DsgYCIdm (3c7e53ce-b47b-4806-954e-e93eb2a20940)
2019-06-18 09:50:43.378 21662 RALLYDEBUG rally_openstack.cleanup.manager [-] Deleting neutron.port object s_rally_a3ca1a0e_18SSJU25 (3d0ee3f7-2f47-4973-8fec-664638294bed)
2019-06-18 09:50:43.420 21662 RALLYDEBUG rally_openstack.cleanup.manager [-] Deleting neutron.port object s_rally_a3ca1a0e_qIcK4z1Z (3d4acfec-a3e6-4a44-a7b9-f39686b5c826)
2019-06-18 09:50:43.454 21662 RALLYDEBUG rally_openstack.cleanup.manager [-] Deleting neutron.port object s_rally_a3ca1a0e_9fCPA1Lc (3da0e4c3-da13-48ce-ab42-5f530afbab86)
2019-06-18 09:50:43.485 21662 RALLYDEBUG rally_openstack.cleanup.manager [-] Deleting neutron.port object s_rally_a3ca1a0e_MJOAneDP (3eee416f-a4c5-435a-9e8b-e1d6cf4e08f2)
2019-06-18 09:50:43.647 21662 RALLYDEBUG rally_openstack.cleanup.manager [-] Deleting neutron.port object s_rally_a3ca1a0e_srhFA1AM (3fa9af9e-2587-48a7-a2d2-194026cd3c85)
2019-06-18 09:50:43.759 21662 RALLYDEBUG rally_openstack.cleanup.manager [-] Deleting neutron.port object s_rally_a3ca1a0e_qH2pXnSR (416ba50c-f121-4c7c-a3fc-4aaa8d7bcb4f)
2019-06-18 09:50:43.782 21662 RALLYDEBUG rally_openstack.cleanup.manager [-] Deleting neutron.port object s_rally_a3ca1a0e_NShfhS6F (43ca777d-d55f-4ccf-86f5-a5c0f1f935c6)
2019-06-18 09:50:43.783 21662 RALLYDEBUG rally_openstack.cleanup.manager [-] Deleting neutron.port object s_rally_a3ca1a0e_bOuuiByh (44fa727b-620c-4872-9fbb-6906004b3dfc)
2019-06-18 09:50:43.794 21662 RALLYDEBUG rally_openstack.cleanup.manager [-] Deleting neutron.port object s_rally_a3ca1a0e_lxG6fBI3 (46b3a57e-3416-4d11-8fe0-28c976fb4f4d)
2019-06-18 09:50:43.824 21662 RALLYDEBUG rally_openstack.cleanup.manager [-] Deleting neutron.port object s_rally_a3ca1a0e_lDUufhiE (475d40fb-f9d1-4929-955d-c0ebf96eadee)
2019-06-18 09:50:43.955 21662 RALLYDEBUG rally_openstack.cleanup.manager [-] Deleting neutron.port object s_rally_a3ca1a0e_RVM7ewns (47684203-20cd-4baa-bed5-1854eea1af88)
2019-06-18 09:50:44.367 21662 RALLYDEBUG rally_openstack.cleanup.manager [-] Deleting neutron.port object s_rally_a3ca1a0e_Q0YCJttp (49294909-d8e6-486c-bfb9-6d8206a0e046)
2019-06-18 09:50:44.566 21662 RALLYDEBUG rally_openstack.cleanup.manager [-] Deleting neutron.port object s_rally_a3ca1a0e_GTM4KJPn (498decc7-76b4-42ca-af56-3fec2e5f67a7)
2019-06-18 09:50:44.581 21662 RALLYDEBUG rally_openstack.cleanup.manager [-] Deleting neutron.port object s_rally_a3ca1a0e_e2HbJWW1 (4d337e2b-8d36-40f7-98b0-1eac2b30a3fc)
2019-06-18 09:50:44.860 21662 RALLYDEBUG rally_openstack.cleanup.manager [-] Deleting neutron.port object s_rally_a3ca1a0e_eKf3BJ89 (4e2770db-0310-4392-bf07-2d2253def867)
2019-06-18 09:50:44.963 21662 RALLYDEBUG rally_openstack.cleanup.manager [-] Deleting neutron.port object s_rally_a3ca1a0e_OKyRkb1a (4faa5869-58d9-44ec-9ffc-53e11b7d9cb4)
2019-06-18 09:50:45.065 21662 RALLYDEBUG rally_openstack.cleanup.manager [-] Deleting neutron.port object s_rally_a3ca1a0e_goefov6y (5108b75c-514b-4379-a967-5766155e64de)
2019-06-18 09:50:45.193 21662 RALLYDEBUG rally_openstack.cleanup.manager [-] Deleting neutron.port object s_rally_a3ca1a0e_QHncL0tY (515dd043-e60d-4224-be21-4c50105b0def)
2019-06-18 09:50:45.200 21662 RALLYDEBUG rally_openstack.cleanup.manager [-] Deleting neutron.port object s_rally_a3ca1a0e_qqbPEsVI (51a9d9c2-dffd-4684-b665-9ef25a721f49)
2019-06-18 09:50:45.331 21662 RALLYDEBUG rally_openstack.cleanup.manager [-] Deleting neutron.port object s_rally_a3ca1a0e_Z3tPrBCU (537cece8-2561-455b-be16-0ca9d55d8b1f)
