2019-06-18 08:01:07.565 8 RALLYDEBUG rally.api [-] INFO logs from urllib3 and requests module are hide.
2019-06-18 08:01:07.565 8 RALLYDEBUG rally.api [-] urllib3 insecure warnings are hidden.
2019-06-18 08:01:07.565 8 RALLYDEBUG rally.api [-] ERROR log from boto module is hide.
2019-06-18 08:01:09.130 8 ERROR rally.cli.cliutils [-] Unexpected exception in CLI: DBRecordNotFound: Record for uuid or name is opnfv-rally not found in table envs
2019-06-18 08:01:09.130 8 ERROR rally.cli.cliutils
Traceback (most recent call last):
2019-06-18 08:01:09.130 8 ERROR rally.cli.cliutils
File "/usr/lib/python2.7/site-packages/rally/cli/cliutils.py", line 674, in run
2019-06-18 08:01:09.130 8 ERROR rally.cli.cliutils ret = fn(*fn_args, **fn_kwargs)
2019-06-18 08:01:09.130 8 ERROR rally.cli.cliutils File "", line 2, in destroy
2019-06-18 08:01:09.130 8 ERROR rally.cli.cliutils
File "/usr/lib/python2.7/site-packages/rally/cli/envutils.py", line 69, in default_from_global
2019-06-18 08:01:09.130 8 ERROR rally.cli.cliutils return f(*args, **kwargs)
2019-06-18 08:01:09.130 8 ERROR rally.cli.cliutils File "", line 2, in destroy
2019-06-18 08:01:09.130 8 ERROR rally.cli.cliutils
File "/usr/lib/python2.7/site-packages/rally/plugins/__init__.py", line 51, in ensure_plugins_are_loaded
2019-06-18 08:01:09.130 8 ERROR rally.cli.cliutils return f(*args, **kwargs)
2019-06-18 08:01:09.130 8 ERROR rally.cli.cliutils
File "/usr/lib/python2.7/site-packages/rally/cli/commands/deployment.py", line 140, in destroy
2019-06-18 08:01:09.130 8 ERROR rally.cli.cliutils api.deployment.destroy(deployment=deployment)
2019-06-18 08:01:09.130 8 ERROR rally.cli.cliutils
File "/usr/lib/python2.7/site-packages/rally/api.py", line 115, in destroy
2019-06-18 08:01:09.130 8 ERROR rally.cli.cliutils deploy = objects.Deployment.get(deployment)
2019-06-18 08:01:09.130 8 ERROR rally.cli.cliutils
File "/usr/lib/python2.7/site-packages/rally/common/objects/deploy.py", line 124, in get
2019-06-18 08:01:09.130 8 ERROR rally.cli.cliutils return Deployment(env_mgr.EnvManager.get(deploy))
2019-06-18 08:01:09.130 8 ERROR rally.cli.cliutils
File "/usr/lib/python2.7/site-packages/rally/env/env_mgr.py", line 212, in get
2019-06-18 08:01:09.130 8 ERROR rally.cli.cliutils return cls(db.env_get(uuid_or_name))
2019-06-18 08:01:09.130 8 ERROR rally.cli.cliutils
File "/usr/lib/python2.7/site-packages/rally/common/db/api.py", line 135, in wrapper
2019-06-18 08:01:09.130 8 ERROR rally.cli.cliutils result = f(session, *args, **kwargs)
2019-06-18 08:01:09.130 8 ERROR rally.cli.cliutils
File "/usr/lib/python2.7/site-packages/rally/common/db/api.py", line 521, in env_get
2019-06-18 08:01:09.130 8 ERROR rally.cli.cliutils criteria="uuid or name is %s" % uuid_or_name, table="envs")
2019-06-18 08:01:09.130 8 ERROR rally.cli.cliutils DBRecordNotFound: Record for uuid or name is opnfv-rally not found in table envs
2019-06-18 08:01:09.130 8 ERROR rally.cli.cliutils
2019-06-18 08:01:09.874 10 RALLYDEBUG rally.api [-] INFO logs from urllib3 and requests module are hide.
2019-06-18 08:01:09.874 10 RALLYDEBUG rally.api [-] urllib3 insecure warnings are hidden.
2019-06-18 08:01:09.874 10 RALLYDEBUG rally.api [-] ERROR log from boto module is hide.
2019-06-18 08:01:11.654 10 WARNING rally_openstack.platforms.existing [-] endpoint is deprecated and not used.
2019-06-18 08:01:12.855 12 RALLYDEBUG rally.api [-] INFO logs from urllib3 and requests module are hide.
2019-06-18 08:01:12.856 12 RALLYDEBUG rally.api [-] urllib3 insecure warnings are hidden.
2019-06-18 08:01:12.856 12 RALLYDEBUG rally.api [-] ERROR log from boto module is hide.
2019-06-18 08:01:16.193 15 RALLYDEBUG rally.api [-] INFO logs from urllib3 and requests module are hide.
2019-06-18 08:01:16.193 15 RALLYDEBUG rally.api [-] urllib3 insecure warnings are hidden.
2019-06-18 08:01:16.193 15 RALLYDEBUG rally.api [-] ERROR log from boto module is hide.
2019-06-18 08:01:17.374 17 RALLYDEBUG rally.api [-] INFO logs from urllib3 and requests module are hide.
2019-06-18 08:01:17.375 17 RALLYDEBUG rally.api [-] urllib3 insecure warnings are hidden.
2019-06-18 08:01:17.375 17 RALLYDEBUG rally.api [-] ERROR log from boto module is hide.
2019-06-18 08:01:18.968 17 INFO rally.task.engine [-] Task eba4e943-9dd4-4221-9264-04a086fe2282 | Starting: Task validation.
2019-06-18 08:01:19.016 17 INFO rally.task.engine [-] Task eba4e943-9dd4-4221-9264-04a086fe2282 | Starting: Task validation of syntax.
2019-06-18 08:01:19.108 17 INFO rally.task.engine [-] Task eba4e943-9dd4-4221-9264-04a086fe2282 | Completed: Task validation of syntax.
2019-06-18 08:01:19.108 17 INFO rally.task.engine [-] Task eba4e943-9dd4-4221-9264-04a086fe2282 | Starting: Task validation of required platforms.
2019-06-18 08:01:19.151 17 INFO rally.task.engine [-] Task eba4e943-9dd4-4221-9264-04a086fe2282 | Completed: Task validation of required platforms.
2019-06-18 08:01:19.151 17 INFO rally.task.engine [-] Task eba4e943-9dd4-4221-9264-04a086fe2282 | Starting: Task validation of semantic.
2019-06-18 08:01:19.151 17 INFO rally.task.engine [-] Check health of the environment '244a5ffd-8dd0-44f0-8c14-99aec68ed870'.
2019-06-18 08:01:19.753 17 INFO rally.task.engine [-] Platform existing@openstack (available: True): OK!
2019-06-18 08:01:19.770 17 RALLYDEBUG rally_openstack.contexts.keystone.users [-] Creating 1 tenants using 20 threads
2019-06-18 08:01:20.625 17 RALLYDEBUG rally_openstack.contexts.keystone.users [-] Creating 1 users using 20 threads
2019-06-18 08:01:22.037 17 INFO rally.task.context [-] Task eba4e943-9dd4-4221-9264-04a086fe2282 | Context users@openstack setup() finished in 2.27 sec
2019-06-18 08:01:22.094 17 INFO rally.task.context [-] Task eba4e943-9dd4-4221-9264-04a086fe2282 | Context users@openstack cleanup() started
2019-06-18 08:01:25.122 17 INFO rally.task.context [-] Task eba4e943-9dd4-4221-9264-04a086fe2282 | Context users@openstack cleanup() finished in 3.03 sec
2019-06-18 08:01:25.122 17 INFO rally.task.engine [-] Task eba4e943-9dd4-4221-9264-04a086fe2282 | Completed: Task validation of semantic.
2019-06-18 08:01:25.123 17 INFO rally.task.engine [-] Task eba4e943-9dd4-4221-9264-04a086fe2282 | Completed: Task validation.
2019-06-18 08:01:25.123 17 INFO rally.api [-] Task eba4e943-9dd4-4221-9264-04a086fe2282 input file is valid.
2019-06-18 08:01:25.124 17 INFO rally.api [-] Run Task eba4e943-9dd4-4221-9264-04a086fe2282 against Deployment 244a5ffd-8dd0-44f0-8c14-99aec68ed870
2019-06-18 08:01:25.124 17 INFO rally.task.engine [-] Task eba4e943-9dd4-4221-9264-04a086fe2282 | Starting: Running task.
2019-06-18 08:01:25.368 17 INFO rally.task.engine [-] Running workload: position = 0 config = { "version": 2, "title": "A cropped version of a bigger task.", "description": "Auto-generated task from a single workload (uuid=bfadc45c-95c2-4ade-9a47-f9b22b9c1f6c)", "subtasks": [ { "title": "Authenticate.keystone", "description": "Check Keystone Client.", "scenario": { "Authenticate.keystone": {} }, "contexts": { "users": { "tenants": 3, "users_per_tenant": 2 } }, "runner": { "constant": { "concurrency": 4, "times": 10 } }, "hooks": [], "sla": { "failure_rate": { "max": 0 } } } ] }
2019-06-18 08:01:25.392 17 RALLYDEBUG rally_openstack.contexts.keystone.users [-] Creating 3 tenants using 20 threads
2019-06-18 08:01:26.455 17 RALLYDEBUG rally_openstack.contexts.keystone.users [-] Creating 6 users using 20 threads
2019-06-18 08:01:28.131 17 INFO rally.task.context [-] Task eba4e943-9dd4-4221-9264-04a086fe2282 | Context users@openstack setup() finished in 2.74 sec
2019-06-18 08:01:28.141 17 RALLYDEBUG rally.task.runner [-] Starting the constant runner (task UUID: eba4e943-9dd4-4221-9264-04a086fe2282). timeout: 0 concurrency: 4 concurrency_per_worker: 1 times: 10 concurrency_overhead: 0 processes_to_start: 4 max_cpu_used: 16
2019-06-18 08:01:28.156 141 RALLYDEBUG rally.task.runner [-] Starting a worker. concurrency: 1 args: {} times: 10 method_name: run timeout: 0 duration: None cls:
2019-06-18 08:01:28.159 142 RALLYDEBUG rally.task.runner [-] Starting a worker. concurrency: 1 args: {} times: 10 method_name: run timeout: 0 duration: None cls:
2019-06-18 08:01:28.162 143 RALLYDEBUG rally.task.runner [-] Starting a worker. concurrency: 1 args: {} times: 10 method_name: run timeout: 0 duration: None cls:
2019-06-18 08:01:28.163 141 INFO rally.task.runner [-] Task eba4e943-9dd4-4221-9264-04a086fe2282 | ITER: 1 START
2019-06-18 08:01:28.166 142 INFO rally.task.runner [-] Task eba4e943-9dd4-4221-9264-04a086fe2282 | ITER: 2 START
2019-06-18 08:01:28.165 144 RALLYDEBUG rally.task.runner [-] Starting a worker. concurrency: 1 args: {} times: 10 method_name: run timeout: 0 duration: None cls:
2019-06-18 08:01:28.169 143 INFO rally.task.runner [-] Task eba4e943-9dd4-4221-9264-04a086fe2282 | ITER: 3 START
2019-06-18 08:01:28.172 144 INFO rally.task.runner [-] Task eba4e943-9dd4-4221-9264-04a086fe2282 | ITER: 4 START
2019-06-18 08:01:28.602 142 INFO rally.task.runner [-] Task eba4e943-9dd4-4221-9264-04a086fe2282 | ITER: 2 END: OK
2019-06-18 08:01:28.604 144 INFO rally.task.runner [-] Task eba4e943-9dd4-4221-9264-04a086fe2282 | ITER: 4 END: OK
2019-06-18 08:01:28.608 144 INFO rally.task.runner [-] Task eba4e943-9dd4-4221-9264-04a086fe2282 | ITER: 6 START
2019-06-18 08:01:28.609 141 INFO rally.task.runner [-] Task eba4e943-9dd4-4221-9264-04a086fe2282 | ITER: 1 END: OK
2019-06-18 08:01:28.609 142 INFO rally.task.runner [-] Task eba4e943-9dd4-4221-9264-04a086fe2282 | ITER: 5 START
2019-06-18 08:01:28.613 143 INFO rally.task.runner [-] Task eba4e943-9dd4-4221-9264-04a086fe2282 | ITER: 3 END: OK
2019-06-18 08:01:28.614 141 INFO rally.task.runner [-] Task eba4e943-9dd4-4221-9264-04a086fe2282 | ITER: 7 START
2019-06-18 08:01:28.617 143 INFO rally.task.runner [-] Task eba4e943-9dd4-4221-9264-04a086fe2282 | ITER: 8 START
2019-06-18 08:01:29.005 144 INFO rally.task.runner [-] Task eba4e943-9dd4-4221-9264-04a086fe2282 | ITER: 6 END: OK
2019-06-18 08:01:29.006 143 INFO rally.task.runner [-] Task eba4e943-9dd4-4221-9264-04a086fe2282 | ITER: 8 END: OK
2019-06-18 08:01:29.009 141 INFO rally.task.runner [-] Task eba4e943-9dd4-4221-9264-04a086fe2282 | ITER: 7 END: OK
2019-06-18 08:01:29.009 144 INFO rally.task.runner [-] Task eba4e943-9dd4-4221-9264-04a086fe2282 | ITER: 9 START
2019-06-18 08:01:29.010 143 INFO rally.task.runner [-] Task eba4e943-9dd4-4221-9264-04a086fe2282 | ITER: 10 START
2019-06-18 08:01:29.090 142 INFO rally.task.runner [-] Task eba4e943-9dd4-4221-9264-04a086fe2282 | ITER: 5 END: OK
2019-06-18 08:01:29.342 144 INFO rally.task.runner [-] Task eba4e943-9dd4-4221-9264-04a086fe2282 | ITER: 9 END: OK
2019-06-18 08:01:29.346 143 INFO rally.task.runner [-] Task eba4e943-9dd4-4221-9264-04a086fe2282 | ITER: 10 END: OK
2019-06-18 08:01:29.371 17 INFO rally.task.context [-] Task eba4e943-9dd4-4221-9264-04a086fe2282 | Context users@openstack cleanup() started
2019-06-18 08:01:34.891 17 INFO rally.task.context [-] Task eba4e943-9dd4-4221-9264-04a086fe2282 | Context users@openstack cleanup() finished in 5.52 sec
2019-06-18 08:01:35.456 17 INFO rally.task.engine [-] Load duration is: 1.18065
2019-06-18 08:01:35.456 17 INFO rally.task.engine [-] Full runner duration is: 1.230445
2019-06-18 08:01:35.457 17 INFO rally.task.engine [-] Full duration is: 9.502583
2019-06-18 08:01:35.784 17 INFO rally.task.engine [-] Running workload: position = 0 config = { "version": 2, "title": "A cropped version of a bigger task.", "description": "Auto-generated task from a single workload (uuid=821c38b2-a517-4df6-96d5-0310aaf08f5d)", "subtasks": [ { "title": "Authenticate.validate_cinder", "description": "Check Cinder Client to ensure validation of token.", "scenario": { "Authenticate.validate_cinder": { "repetitions": 2 } }, "contexts": { "users": { "tenants": 3, "users_per_tenant": 2 } }, "runner": { "constant": { "concurrency": 4, "times": 10 } }, "hooks": [], "sla": { "failure_rate": { "max": 0 } } } ] }
2019-06-18 08:01:35.810 17 RALLYDEBUG rally_openstack.contexts.keystone.users [-] Creating 3 tenants using 20 threads
2019-06-18 08:01:36.832 17 RALLYDEBUG rally_openstack.contexts.keystone.users [-] Creating 6 users using 20 threads
2019-06-18 08:01:38.481 17 INFO rally.task.context [-] Task eba4e943-9dd4-4221-9264-04a086fe2282 | Context users@openstack setup() finished in 2.67 sec
2019-06-18 08:01:38.491 17 RALLYDEBUG rally.task.runner [-] Starting the constant runner (task UUID: eba4e943-9dd4-4221-9264-04a086fe2282). timeout: 0 concurrency: 4 concurrency_per_worker: 1 times: 10 concurrency_overhead: 0 processes_to_start: 4 max_cpu_used: 16
2019-06-18 08:01:38.504 245 RALLYDEBUG rally.task.runner [-] Starting a worker. concurrency: 1 args: {"repetitions": 2} times: 10 method_name: run timeout: 0 duration: None cls:
2019-06-18 08:01:38.507 246 RALLYDEBUG rally.task.runner [-] Starting a worker. concurrency: 1 args: {"repetitions": 2} times: 10 method_name: run timeout: 0 duration: None cls:
2019-06-18 08:01:38.510 248 RALLYDEBUG rally.task.runner [-] Starting a worker. concurrency: 1 args: {"repetitions": 2} times: 10 method_name: run timeout: 0 duration: None cls:
2019-06-18 08:01:38.510 247 RALLYDEBUG rally.task.runner [-] Starting a worker. concurrency: 1 args: {"repetitions": 2} times: 10 method_name: run timeout: 0 duration: None cls:
2019-06-18 08:01:38.512 245 INFO rally.task.runner [-] Task eba4e943-9dd4-4221-9264-04a086fe2282 | ITER: 1 START
2019-06-18 08:01:38.514 246 INFO rally.task.runner [-] Task eba4e943-9dd4-4221-9264-04a086fe2282 | ITER: 2 START
2019-06-18 08:01:38.515 248 INFO rally.task.runner [-] Task eba4e943-9dd4-4221-9264-04a086fe2282 | ITER: 3 START
2019-06-18 08:01:38.517 247 INFO rally.task.runner [-] Task eba4e943-9dd4-4221-9264-04a086fe2282 | ITER: 4 START
2019-06-18 08:01:39.242 246 INFO rally.task.runner [-] Task eba4e943-9dd4-4221-9264-04a086fe2282 | ITER: 2 END: OK
2019-06-18 08:01:39.247 246 INFO rally.task.runner [-] Task eba4e943-9dd4-4221-9264-04a086fe2282 | ITER: 5 START
2019-06-18 08:01:39.462 245 INFO rally.task.runner [-] Task eba4e943-9dd4-4221-9264-04a086fe2282 | ITER: 1 END: OK
2019-06-18 08:01:39.466 245 INFO rally.task.runner [-] Task eba4e943-9dd4-4221-9264-04a086fe2282 | ITER: 6 START
2019-06-18 08:01:39.466 247 INFO rally.task.runner [-] Task eba4e943-9dd4-4221-9264-04a086fe2282 | ITER: 4 END: OK
2019-06-18 08:01:39.470 247 INFO rally.task.runner [-] Task eba4e943-9dd4-4221-9264-04a086fe2282 | ITER: 7 START
2019-06-18 08:01:39.487 248 INFO rally.task.runner [-] Task eba4e943-9dd4-4221-9264-04a086fe2282 | ITER: 3 END: OK
2019-06-18 08:01:39.491 248 INFO rally.task.runner [-] Task eba4e943-9dd4-4221-9264-04a086fe2282 | ITER: 8 START
2019-06-18 08:01:39.744 246 INFO rally.task.runner [-] Task eba4e943-9dd4-4221-9264-04a086fe2282 | ITER: 5 END: OK
2019-06-18 08:01:39.749 246 INFO rally.task.runner [-] Task eba4e943-9dd4-4221-9264-04a086fe2282 | ITER: 9 START
2019-06-18 08:01:39.882 247 INFO rally.task.runner [-] Task eba4e943-9dd4-4221-9264-04a086fe2282 | ITER: 7 END: OK
2019-06-18 08:01:39.884 245 INFO rally.task.runner [-] Task eba4e943-9dd4-4221-9264-04a086fe2282 | ITER: 6 END: OK
2019-06-18 08:01:39.887 247 INFO rally.task.runner [-] Task eba4e943-9dd4-4221-9264-04a086fe2282 | ITER: 10 START
2019-06-18 08:01:40.005 248 INFO rally.task.runner [-] Task eba4e943-9dd4-4221-9264-04a086fe2282 | ITER: 8 END: OK
2019-06-18 08:01:40.167 246 INFO rally.task.runner [-] Task eba4e943-9dd4-4221-9264-04a086fe2282 | ITER: 9 END: OK
2019-06-18 08:01:40.319 247 INFO rally.task.runner [-] Task eba4e943-9dd4-4221-9264-04a086fe2282 | ITER: 10 END: OK
2019-06-18 08:01:40.343 17 INFO rally.task.context [-] Task eba4e943-9dd4-4221-9264-04a086fe2282 | Context users@openstack cleanup() started
2019-06-18 08:01:45.468 17 INFO rally.task.context [-] Task eba4e943-9dd4-4221-9264-04a086fe2282 | Context users@openstack cleanup() finished in 5.12 sec
2019-06-18 08:01:45.883 17 INFO rally.task.engine [-] Load duration is: 1.804741
2019-06-18 08:01:45.883 17 INFO rally.task.engine [-] Full runner duration is: 1.852795
2019-06-18 08:01:45.884 17 INFO rally.task.engine [-] Full duration is: 9.660008
2019-06-18 08:01:46.234 17 INFO rally.task.engine [-] Running workload: position = 0 config = { "version": 2, "title": "A cropped version of a bigger task.", "description": "Auto-generated task from a single workload (uuid=1bee7700-9278-4ea4-afda-c54f906ed0b4)", "subtasks": [ { "title": "Authenticate.validate_glance", "description": "Check Glance Client to ensure validation of token.", "scenario": { "Authenticate.validate_glance": { "repetitions": 2 } }, "contexts": { "users": { "tenants": 3, "users_per_tenant": 2 } }, "runner": { "constant": { "concurrency": 4, "times": 10 } }, "hooks": [], "sla": { "failure_rate": { "max": 0 } } } ] }
2019-06-18 08:01:46.258 17 RALLYDEBUG rally_openstack.contexts.keystone.users [-] Creating 3 tenants using 20 threads
2019-06-18 08:01:47.293 17 RALLYDEBUG rally_openstack.contexts.keystone.users [-] Creating 6 users using 20 threads
2019-06-18 08:01:49.143 17 INFO rally.task.context [-] Task eba4e943-9dd4-4221-9264-04a086fe2282 | Context users@openstack setup() finished in 2.89 sec
2019-06-18 08:01:49.151 17 RALLYDEBUG rally.task.runner [-] Starting the constant runner (task UUID: eba4e943-9dd4-4221-9264-04a086fe2282). timeout: 0 concurrency: 4 concurrency_per_worker: 1 times: 10 concurrency_overhead: 0 processes_to_start: 4 max_cpu_used: 16
2019-06-18 08:01:49.164 349 RALLYDEBUG rally.task.runner [-] Starting a worker. concurrency: 1 args: {"repetitions": 2} times: 10 method_name: run timeout: 0 duration: None cls:
2019-06-18 08:01:49.166 350 RALLYDEBUG rally.task.runner [-] Starting a worker. concurrency: 1 args: {"repetitions": 2} times: 10 method_name: run timeout: 0 duration: None cls:
2019-06-18 08:01:49.169 351 RALLYDEBUG rally.task.runner [-] Starting a worker. concurrency: 1 args: {"repetitions": 2} times: 10 method_name: run timeout: 0 duration: None cls:
2019-06-18 08:01:49.172 349 INFO rally.task.runner [-] Task eba4e943-9dd4-4221-9264-04a086fe2282 | ITER: 1 START
2019-06-18 08:01:49.171 352 RALLYDEBUG rally.task.runner [-] Starting a worker. concurrency: 1 args: {"repetitions": 2} times: 10 method_name: run timeout: 0 duration: None cls:
2019-06-18 08:01:49.173 350 INFO rally.task.runner [-] Task eba4e943-9dd4-4221-9264-04a086fe2282 | ITER: 2 START
2019-06-18 08:01:49.176 351 INFO rally.task.runner [-] Task eba4e943-9dd4-4221-9264-04a086fe2282 | ITER: 3 START
2019-06-18 08:01:49.178 352 INFO rally.task.runner [-] Task eba4e943-9dd4-4221-9264-04a086fe2282 | ITER: 4 START
2019-06-18 08:01:49.958 349 INFO rally.task.runner [-] Task eba4e943-9dd4-4221-9264-04a086fe2282 | ITER: 1 END: OK
2019-06-18 08:01:49.964 349 INFO rally.task.runner [-] Task eba4e943-9dd4-4221-9264-04a086fe2282 | ITER: 5 START
2019-06-18 08:01:49.993 350 INFO rally.task.runner [-] Task eba4e943-9dd4-4221-9264-04a086fe2282 | ITER: 2 END: OK
2019-06-18 08:01:49.997 350 INFO rally.task.runner [-] Task eba4e943-9dd4-4221-9264-04a086fe2282 | ITER: 6 START
2019-06-18 08:01:50.028 351 INFO rally.task.runner [-] Task eba4e943-9dd4-4221-9264-04a086fe2282 | ITER: 3 END: OK
2019-06-18 08:01:50.032 351 INFO rally.task.runner [-] Task eba4e943-9dd4-4221-9264-04a086fe2282 | ITER: 7 START
2019-06-18 08:01:50.038 352 INFO rally.task.runner [-] Task eba4e943-9dd4-4221-9264-04a086fe2282 | ITER: 4 END: OK
2019-06-18 08:01:50.043 352 INFO rally.task.runner [-] Task eba4e943-9dd4-4221-9264-04a086fe2282 | ITER: 8 START
2019-06-18 08:01:50.668 349 INFO rally.task.runner [-] Task eba4e943-9dd4-4221-9264-04a086fe2282 | ITER: 5 END: OK
2019-06-18 08:01:50.673 349 INFO rally.task.runner [-] Task eba4e943-9dd4-4221-9264-04a086fe2282 | ITER: 9 START
2019-06-18 08:01:50.685 350 INFO rally.task.runner [-] Task eba4e943-9dd4-4221-9264-04a086fe2282 | ITER: 6 END: OK
2019-06-18 08:01:50.689 350 INFO rally.task.runner [-] Task eba4e943-9dd4-4221-9264-04a086fe2282 | ITER: 10 START
2019-06-18 08:01:50.738 352 INFO rally.task.runner [-] Task eba4e943-9dd4-4221-9264-04a086fe2282 | ITER: 8 END: OK
2019-06-18 08:01:50.846 351 INFO rally.task.runner [-] Task eba4e943-9dd4-4221-9264-04a086fe2282 | ITER: 7 END: OK
2019-06-18 08:01:51.213 350 INFO rally.task.runner [-] Task eba4e943-9dd4-4221-9264-04a086fe2282 | ITER: 10 END: OK
2019-06-18 08:01:51.217 349 INFO rally.task.runner [-] Task eba4e943-9dd4-4221-9264-04a086fe2282 | ITER: 9 END: OK
2019-06-18 08:01:51.241 17 INFO rally.task.context [-] Task eba4e943-9dd4-4221-9264-04a086fe2282 | Context users@openstack cleanup() started
2019-06-18 08:01:56.831 17 INFO rally.task.context [-] Task eba4e943-9dd4-4221-9264-04a086fe2282 | Context users@openstack cleanup() finished in 5.59 sec
2019-06-18 08:01:58.318 17 INFO rally.task.engine [-] Load duration is: 2.044014
2019-06-18 08:01:58.319 17 INFO rally.task.engine [-] Full runner duration is: 2.090086
2019-06-18 08:01:58.319 17 INFO rally.task.engine [-] Full duration is: 10.577247
2019-06-18 08:01:58.947 17 INFO rally.task.engine [-] Running workload: position = 0 config = { "version": 2, "title": "A cropped version of a bigger task.", "description": "Auto-generated task from a single workload (uuid=a27fc3e5-2036-4932-8c50-0f74304c980b)", "subtasks": [ { "title": "Authenticate.validate_heat", "description": "Check Heat Client to ensure validation of token.", "scenario": { "Authenticate.validate_heat": { "repetitions": 2 } }, "contexts": { "users": { "tenants": 3, "users_per_tenant": 2 } }, "runner": { "constant": { "concurrency": 4, "times": 10 } }, "hooks": [], "sla": { "failure_rate": { "max": 0 } } } ] }
2019-06-18 08:01:58.973 17 RALLYDEBUG rally_openstack.contexts.keystone.users [-] Creating 3 tenants using 20 threads
2019-06-18 08:02:00.009 17 RALLYDEBUG rally_openstack.contexts.keystone.users [-] Creating 6 users using 20 threads
2019-06-18 08:02:01.703 17 INFO rally.task.context [-] Task eba4e943-9dd4-4221-9264-04a086fe2282 | Context users@openstack setup() finished in 2.73 sec
2019-06-18 08:02:01.712 17 RALLYDEBUG rally.task.runner [-] Starting the constant runner (task UUID: eba4e943-9dd4-4221-9264-04a086fe2282). timeout: 0 concurrency: 4 concurrency_per_worker: 1 times: 10 concurrency_overhead: 0 processes_to_start: 4 max_cpu_used: 16
2019-06-18 08:02:01.726 453 RALLYDEBUG rally.task.runner [-] Starting a worker. concurrency: 1 args: {"repetitions": 2} times: 10 method_name: run timeout: 0 duration: None cls:
2019-06-18 08:02:01.730 454 RALLYDEBUG rally.task.runner [-] Starting a worker. concurrency: 1 args: {"repetitions": 2} times: 10 method_name: run timeout: 0 duration: None cls:
2019-06-18 08:02:01.732 455 RALLYDEBUG rally.task.runner [-] Starting a worker. concurrency: 1 args: {"repetitions": 2} times: 10 method_name: run timeout: 0 duration: None cls:
2019-06-18 08:02:01.734 453 INFO rally.task.runner [-] Task eba4e943-9dd4-4221-9264-04a086fe2282 | ITER: 1 START
2019-06-18 08:02:01.736 456 RALLYDEBUG rally.task.runner [-] Starting a worker. concurrency: 1 args: {"repetitions": 2} times: 10 method_name: run timeout: 0 duration: None cls:
2019-06-18 08:02:01.737 454 INFO rally.task.runner [-] Task eba4e943-9dd4-4221-9264-04a086fe2282 | ITER: 2 START
2019-06-18 08:02:01.739 455 INFO rally.task.runner [-] Task eba4e943-9dd4-4221-9264-04a086fe2282 | ITER: 3 START
2019-06-18 08:02:01.743 456 INFO rally.task.runner [-] Task eba4e943-9dd4-4221-9264-04a086fe2282 | ITER: 4 START
2019-06-18 08:02:02.960 455 INFO rally.task.runner [-] Task eba4e943-9dd4-4221-9264-04a086fe2282 | ITER: 3 END: OK
2019-06-18 08:02:02.965 455 INFO rally.task.runner [-] Task eba4e943-9dd4-4221-9264-04a086fe2282 | ITER: 5 START
2019-06-18 08:02:04.117 453 INFO rally.task.runner [-] Task eba4e943-9dd4-4221-9264-04a086fe2282 | ITER: 1 END: OK
2019-06-18 08:02:04.121 453 INFO rally.task.runner [-] Task eba4e943-9dd4-4221-9264-04a086fe2282 | ITER: 6 START
2019-06-18 08:02:04.240 454 INFO rally.task.runner [-] Task eba4e943-9dd4-4221-9264-04a086fe2282 | ITER: 2 END: OK
2019-06-18 08:02:04.246 454 INFO rally.task.runner [-] Task eba4e943-9dd4-4221-9264-04a086fe2282 | ITER: 7 START
2019-06-18 08:02:04.676 453 INFO rally.task.runner [-] Task eba4e943-9dd4-4221-9264-04a086fe2282 | ITER: 6 END: OK
2019-06-18 08:02:04.680 453 INFO rally.task.runner [-] Task eba4e943-9dd4-4221-9264-04a086fe2282 | ITER: 8 START
2019-06-18 08:02:05.794 455 INFO rally.task.runner [-] Task eba4e943-9dd4-4221-9264-04a086fe2282 | ITER: 5 END: OK
2019-06-18 08:02:05.799 455 INFO rally.task.runner [-] Task eba4e943-9dd4-4221-9264-04a086fe2282 | ITER: 9 START
2019-06-18 08:02:05.800 454 INFO rally.task.runner [-] Task eba4e943-9dd4-4221-9264-04a086fe2282 | ITER: 7 END: OK
2019-06-18 08:02:05.804 454 INFO rally.task.runner [-] Task eba4e943-9dd4-4221-9264-04a086fe2282 | ITER: 10 START
2019-06-18 08:02:05.830 453 INFO rally.task.runner [-] Task eba4e943-9dd4-4221-9264-04a086fe2282 | ITER: 8 END: OK
2019-06-18 08:02:05.913 456 INFO rally.task.runner [-] Task eba4e943-9dd4-4221-9264-04a086fe2282 | ITER: 4 END: OK
2019-06-18 08:02:06.238 454 INFO rally.task.runner [-] Task eba4e943-9dd4-4221-9264-04a086fe2282 | ITER: 10 END: OK
2019-06-18 08:02:06.307 455 INFO rally.task.runner [-] Task eba4e943-9dd4-4221-9264-04a086fe2282 | ITER: 9 END: OK
2019-06-18 08:02:06.329 17 INFO rally.task.context [-] Task eba4e943-9dd4-4221-9264-04a086fe2282 | Context users@openstack cleanup() started
2019-06-18 08:02:11.886 17 INFO rally.task.context [-] Task eba4e943-9dd4-4221-9264-04a086fe2282 | Context users@openstack cleanup() finished in 5.56 sec
2019-06-18 08:02:13.060 17 INFO rally.task.engine [-] Load duration is: 4.570891
2019-06-18 08:02:13.060 17 INFO rally.task.engine [-] Full runner duration is: 4.616348
2019-06-18 08:02:13.061 17 INFO rally.task.engine [-] Full duration is: 12.917306
2019-06-18 08:02:13.693 17 INFO rally.task.engine [-] Running workload: position = 0 config = { "version": 2, "title": "A cropped version of a bigger task.", "description": "Auto-generated task from a single workload (uuid=2604971f-f1f2-47c6-9464-ddea86bc9fe9)", "subtasks": [ { "title": "Authenticate.validate_neutron", "description": "Check Neutron Client to ensure validation of token.", "scenario": { "Authenticate.validate_neutron": { "repetitions": 2 } }, "contexts": { "users": { "tenants": 3, "users_per_tenant": 2 } }, "runner": { "constant": { "concurrency": 4, "times": 10 } }, "hooks": [], "sla": { "failure_rate": { "max": 0 } } } ] }
2019-06-18 08:02:13.717 17 RALLYDEBUG rally_openstack.contexts.keystone.users [-] Creating 3 tenants using 20 threads
2019-06-18 08:02:14.824 17 RALLYDEBUG rally_openstack.contexts.keystone.users [-] Creating 6 users using 20 threads
2019-06-18 08:02:16.441 17 INFO rally.task.context [-] Task eba4e943-9dd4-4221-9264-04a086fe2282 | Context users@openstack setup() finished in 2.72 sec
2019-06-18 08:02:16.450 17 RALLYDEBUG rally.task.runner [-] Starting the constant runner (task UUID: eba4e943-9dd4-4221-9264-04a086fe2282). timeout: 0 concurrency: 4 concurrency_per_worker: 1 times: 10 concurrency_overhead: 0 processes_to_start: 4 max_cpu_used: 16
2019-06-18 08:02:16.464 557 RALLYDEBUG rally.task.runner [-] Starting a worker. concurrency: 1 args: {"repetitions": 2} times: 10 method_name: run timeout: 0 duration: None cls:
2019-06-18 08:02:16.466 558 RALLYDEBUG rally.task.runner [-] Starting a worker. concurrency: 1 args: {"repetitions": 2} times: 10 method_name: run timeout: 0 duration: None cls:
2019-06-18 08:02:16.470 559 RALLYDEBUG rally.task.runner [-] Starting a worker. concurrency: 1 args: {"repetitions": 2} times: 10 method_name: run timeout: 0 duration: None cls:
2019-06-18 08:02:16.471 557 INFO rally.task.runner [-] Task eba4e943-9dd4-4221-9264-04a086fe2282 | ITER: 1 START
2019-06-18 08:02:16.474 558 INFO rally.task.runner [-] Task eba4e943-9dd4-4221-9264-04a086fe2282 | ITER: 2 START
2019-06-18 08:02:16.473 560 RALLYDEBUG rally.task.runner [-] Starting a worker. concurrency: 1 args: {"repetitions": 2} times: 10 method_name: run timeout: 0 duration: None cls:
2019-06-18 08:02:16.477 559 INFO rally.task.runner [-] Task eba4e943-9dd4-4221-9264-04a086fe2282 | ITER: 3 START
2019-06-18 08:02:16.480 560 INFO rally.task.runner [-] Task eba4e943-9dd4-4221-9264-04a086fe2282 | ITER: 4 START
2019-06-18 08:02:17.250 557 INFO rally.task.runner [-] Task eba4e943-9dd4-4221-9264-04a086fe2282 | ITER: 1 END: OK
2019-06-18 08:02:17.255 557 INFO rally.task.runner [-] Task eba4e943-9dd4-4221-9264-04a086fe2282 | ITER: 5 START
2019-06-18 08:02:17.274 558 INFO rally.task.runner [-] Task eba4e943-9dd4-4221-9264-04a086fe2282 | ITER: 2 END: OK
2019-06-18 08:02:17.279 558 INFO rally.task.runner [-] Task eba4e943-9dd4-4221-9264-04a086fe2282 | ITER: 6 START
2019-06-18 08:02:17.292 560 INFO rally.task.runner [-] Task eba4e943-9dd4-4221-9264-04a086fe2282 | ITER: 4 END: OK
2019-06-18 08:02:17.297 560 INFO rally.task.runner [-] Task eba4e943-9dd4-4221-9264-04a086fe2282 | ITER: 7 START
2019-06-18 08:02:17.626 559 INFO rally.task.runner [-] Task eba4e943-9dd4-4221-9264-04a086fe2282 | ITER: 3 END: OK
2019-06-18 08:02:17.632 559 INFO rally.task.runner [-] Task eba4e943-9dd4-4221-9264-04a086fe2282 | ITER: 8 START
2019-06-18 08:02:17.972 560 INFO rally.task.runner [-] Task eba4e943-9dd4-4221-9264-04a086fe2282 | ITER: 7 END: OK
2019-06-18 08:02:17.976 560 INFO rally.task.runner [-] Task eba4e943-9dd4-4221-9264-04a086fe2282 | ITER: 9 START
2019-06-18 08:02:17.979 558 INFO rally.task.runner [-] Task eba4e943-9dd4-4221-9264-04a086fe2282 | ITER: 6 END: OK
2019-06-18 08:02:17.983 558 INFO rally.task.runner [-] Task eba4e943-9dd4-4221-9264-04a086fe2282 | ITER: 10 START
2019-06-18 08:02:18.016 557 INFO rally.task.runner [-] Task eba4e943-9dd4-4221-9264-04a086fe2282 | ITER: 5 END: OK
2019-06-18 08:02:18.380 559 INFO rally.task.runner [-] Task eba4e943-9dd4-4221-9264-04a086fe2282 | ITER: 8 END: OK
2019-06-18 08:02:18.762 560 INFO rally.task.runner [-] Task eba4e943-9dd4-4221-9264-04a086fe2282 | ITER: 9 END: OK
2019-06-18 08:02:18.969 558 INFO rally.task.runner [-] Task eba4e943-9dd4-4221-9264-04a086fe2282 | ITER: 10 END: OK
2019-06-18 08:02:18.990 17 INFO rally.task.context [-] Task eba4e943-9dd4-4221-9264-04a086fe2282 | Context users@openstack cleanup() started
2019-06-18 08:02:23.897 17 INFO rally.task.context [-] Task eba4e943-9dd4-4221-9264-04a086fe2282 | Context users@openstack cleanup() finished in 4.91 sec
2019-06-18 08:02:25.796 17 INFO rally.task.engine [-] Load duration is: 2.496129
2019-06-18 08:02:25.797 17 INFO rally.task.engine [-] Full runner duration is: 2.540214
2019-06-18 08:02:25.797 17 INFO rally.task.engine [-] Full duration is: 10.181454
2019-06-18 08:02:26.376 17 INFO rally.task.engine [-] Running workload: position = 0 config = { "version": 2, "title": "A cropped version of a bigger task.", "description": "Auto-generated task from a single workload (uuid=edcbb86f-12ae-455e-905d-4d0a2554637e)", "subtasks": [ { "title": "Authenticate.validate_nova", "description": "Check Nova Client to ensure validation of token.", "scenario": { "Authenticate.validate_nova": { "repetitions": 2 } }, "contexts": { "users": { "tenants": 3, "users_per_tenant": 2 } }, "runner": { "constant": { "concurrency": 4, "times": 10 } }, "hooks": [], "sla": { "failure_rate": { "max": 0 } } } ] }
2019-06-18 08:02:26.399 17 RALLYDEBUG rally_openstack.contexts.keystone.users [-] Creating 3 tenants using 20 threads
2019-06-18 08:02:27.662 17 RALLYDEBUG rally_openstack.contexts.keystone.users [-] Creating 6 users using 20 threads
2019-06-18 08:02:29.324 17 INFO rally.task.context [-] Task eba4e943-9dd4-4221-9264-04a086fe2282 | Context users@openstack setup() finished in 2.93 sec
2019-06-18 08:02:29.334 17 RALLYDEBUG rally.task.runner [-] Starting the constant runner (task UUID: eba4e943-9dd4-4221-9264-04a086fe2282). timeout: 0 concurrency: 4 concurrency_per_worker: 1 times: 10 concurrency_overhead: 0 processes_to_start: 4 max_cpu_used: 16
2019-06-18 08:02:29.348 661 RALLYDEBUG rally.task.runner [-] Starting a worker. concurrency: 1 args: {"repetitions": 2} times: 10 method_name: run timeout: 0 duration: None cls:
2019-06-18 08:02:29.350 662 RALLYDEBUG rally.task.runner [-] Starting a worker. concurrency: 1 args: {"repetitions": 2} times: 10 method_name: run timeout: 0 duration: None cls:
2019-06-18 08:02:29.354 663 RALLYDEBUG rally.task.runner [-] Starting a worker. concurrency: 1 args: {"repetitions": 2} times: 10 method_name: run timeout: 0 duration: None cls:
2019-06-18 08:02:29.356 661 INFO rally.task.runner [-] Task eba4e943-9dd4-4221-9264-04a086fe2282 | ITER: 1 START
2019-06-18 08:02:29.357 664 RALLYDEBUG rally.task.runner [-] Starting a worker. concurrency: 1 args: {"repetitions": 2} times: 10 method_name: run timeout: 0 duration: None cls:
2019-06-18 08:02:29.358 662 INFO rally.task.runner [-] Task eba4e943-9dd4-4221-9264-04a086fe2282 | ITER: 2 START
2019-06-18 08:02:29.361 663 INFO rally.task.runner [-] Task eba4e943-9dd4-4221-9264-04a086fe2282 | ITER: 3 START
2019-06-18 08:02:29.364 664 INFO rally.task.runner [-] Task eba4e943-9dd4-4221-9264-04a086fe2282 | ITER: 4 START
2019-06-18 08:02:29.845 662 DEBUG novaclient.v2.client [-] REQ: curl -g -i --cacert "/etc/ssl/certs/mcp_os_cacert" -X GET http://10.167.4.35:8774/v2.1/flavors/detail -H "Accept: application/json" -H "User-Agent: python-novaclient" -H "X-Auth-Token: {SHA1}08b2b18a6112ed76deebeaae8d2072b0f7675884" _http_log_request /usr/lib/python2.7/site-packages/keystoneauth1/session.py:448
2019-06-18 08:02:29.844 661 DEBUG novaclient.v2.client [-] REQ: curl -g -i --cacert "/etc/ssl/certs/mcp_os_cacert" -X GET http://10.167.4.35:8774/v2.1/flavors/detail -H "Accept: application/json" -H "User-Agent: python-novaclient" -H "X-Auth-Token: {SHA1}3fe964b92b889ff499685f4621d9a048acb2b3c3" _http_log_request /usr/lib/python2.7/site-packages/keystoneauth1/session.py:448
2019-06-18 08:02:29.844 664 DEBUG novaclient.v2.client [-] REQ: curl -g -i --cacert "/etc/ssl/certs/mcp_os_cacert" -X GET http://10.167.4.35:8774/v2.1/flavors/detail -H "Accept: application/json" -H "User-Agent: python-novaclient" -H "X-Auth-Token: {SHA1}db6473292c462491dfba0d6b6b2676c36cf26501" _http_log_request /usr/lib/python2.7/site-packages/keystoneauth1/session.py:448
2019-06-18 08:02:29.851 663 DEBUG novaclient.v2.client [-] REQ: curl -g -i --cacert "/etc/ssl/certs/mcp_os_cacert" -X GET http://10.167.4.35:8774/v2.1/flavors/detail -H "Accept: application/json" -H "User-Agent: python-novaclient" -H "X-Auth-Token: {SHA1}7bc2d63e9b21a4e701d635c2dc330f1ad2875fb6" _http_log_request /usr/lib/python2.7/site-packages/keystoneauth1/session.py:448
2019-06-18 08:02:30.027 664 DEBUG novaclient.v2.client [-] RESP: [200] Connection: close Content-Length: 1014 Content-Type: application/json Date: Tue, 18 Jun 2019 08:02:30 GMT Openstack-Api-Version: compute 2.1 Vary: OpenStack-API-Version, X-OpenStack-Nova-API-Version X-Compute-Request-Id: req-2c18cbcb-9b13-45f1-a724-08294a4863bb X-Openstack-Nova-Api-Version: 2.1 X-Openstack-Request-Id: req-2c18cbcb-9b13-45f1-a724-08294a4863bb _http_log_response /usr/lib/python2.7/site-packages/keystoneauth1/session.py:479
2019-06-18 08:02:30.028 664 DEBUG novaclient.v2.client [-] RESP BODY: {"flavors": [{"name": "rally_full-flavor_alt_0eb0857c-1e3b-41a3-abb2-6f0a15ce98fd", "links": [{"href": "http://10.167.4.35:8774/v2.1/flavors/8320b024-950c-487e-bf62-0e84edcb3d94", "rel": "self"}, {"href": "http://10.167.4.35:8774/flavors/8320b024-950c-487e-bf62-0e84edcb3d94", "rel": "bookmark"}], "ram": 1024, "OS-FLV-DISABLED:disabled": false, "vcpus": 1, "swap": "", "os-flavor-access:is_public": true, "rxtx_factor": 1.0, "OS-FLV-EXT-DATA:ephemeral": 0, "disk": 1, "id": "8320b024-950c-487e-bf62-0e84edcb3d94"}, {"name": "rally_full-flavor_0eb0857c-1e3b-41a3-abb2-6f0a15ce98fd", "links": [{"href": "http://10.167.4.35:8774/v2.1/flavors/a2b5264b-2937-49c0-91f1-1b8b03555fa8", "rel": "self"}, {"href": "http://10.167.4.35:8774/flavors/a2b5264b-2937-49c0-91f1-1b8b03555fa8", "rel": "bookmark"}], "ram": 512, "OS-FLV-DISABLED:disabled": false, "vcpus": 1, "swap": "", "os-flavor-access:is_public": true, "rxtx_factor": 1.0, "OS-FLV-EXT-DATA:ephemeral": 0, "disk": 1, "id": "a2b5264b-2937-49c0-91f1-1b8b03555fa8"}]} _http_log_response /usr/lib/python2.7/site-packages/keystoneauth1/session.py:511
2019-06-18 08:02:30.029 664 DEBUG novaclient.v2.client [-] GET call to compute for http://10.167.4.35:8774/v2.1/flavors/detail used request id req-2c18cbcb-9b13-45f1-a724-08294a4863bb request /usr/lib/python2.7/site-packages/keystoneauth1/session.py:844
2019-06-18 08:02:30.031 664 DEBUG novaclient.v2.client [-] REQ: curl -g -i --cacert "/etc/ssl/certs/mcp_os_cacert" -X GET http://10.167.4.35:8774/v2.1/flavors/detail -H "Accept: application/json" -H "User-Agent: python-novaclient" -H "X-Auth-Token: {SHA1}db6473292c462491dfba0d6b6b2676c36cf26501" _http_log_request /usr/lib/python2.7/site-packages/keystoneauth1/session.py:448
2019-06-18 08:02:30.033 662 DEBUG novaclient.v2.client [-] RESP: [200] Connection: close Content-Length: 1014 Content-Type: application/json Date: Tue, 18 Jun 2019 08:02:30 GMT Openstack-Api-Version: compute 2.1 Vary: OpenStack-API-Version, X-OpenStack-Nova-API-Version X-Compute-Request-Id: req-13533634-93e0-4cf8-8e53-6ad56ab8b7df X-Openstack-Nova-Api-Version: 2.1 X-Openstack-Request-Id: req-13533634-93e0-4cf8-8e53-6ad56ab8b7df _http_log_response /usr/lib/python2.7/site-packages/keystoneauth1/session.py:479
2019-06-18 08:02:30.034 662 DEBUG novaclient.v2.client [-] RESP BODY: {"flavors": [{"name": "rally_full-flavor_alt_0eb0857c-1e3b-41a3-abb2-6f0a15ce98fd", "links": [{"href": "http://10.167.4.35:8774/v2.1/flavors/8320b024-950c-487e-bf62-0e84edcb3d94", "rel": "self"}, {"href": "http://10.167.4.35:8774/flavors/8320b024-950c-487e-bf62-0e84edcb3d94", "rel": "bookmark"}], "ram": 1024, "OS-FLV-DISABLED:disabled": false, "vcpus": 1, "swap": "", "os-flavor-access:is_public": true, "rxtx_factor": 1.0, "OS-FLV-EXT-DATA:ephemeral": 0, "disk": 1, "id": "8320b024-950c-487e-bf62-0e84edcb3d94"}, {"name": "rally_full-flavor_0eb0857c-1e3b-41a3-abb2-6f0a15ce98fd", "links": [{"href": "http://10.167.4.35:8774/v2.1/flavors/a2b5264b-2937-49c0-91f1-1b8b03555fa8", "rel": "self"}, {"href": "http://10.167.4.35:8774/flavors/a2b5264b-2937-49c0-91f1-1b8b03555fa8", "rel": "bookmark"}], "ram": 512, "OS-FLV-DISABLED:disabled": false, "vcpus": 1, "swap": "", "os-flavor-access:is_public": true, "rxtx_factor": 1.0, "OS-FLV-EXT-DATA:ephemeral": 0, "disk": 1, "id": "a2b5264b-2937-49c0-91f1-1b8b03555fa8"}]} _http_log_response /usr/lib/python2.7/site-packages/keystoneauth1/session.py:511
2019-06-18 08:02:30.034 662 DEBUG novaclient.v2.client [-] GET call to compute for http://10.167.4.35:8774/v2.1/flavors/detail used request id req-13533634-93e0-4cf8-8e53-6ad56ab8b7df request /usr/lib/python2.7/site-packages/keystoneauth1/session.py:844
2019-06-18 08:02:30.036 662 DEBUG novaclient.v2.client [-] REQ: curl -g -i --cacert "/etc/ssl/certs/mcp_os_cacert" -X GET http://10.167.4.35:8774/v2.1/flavors/detail -H "Accept: application/json" -H "User-Agent: python-novaclient" -H "X-Auth-Token: {SHA1}08b2b18a6112ed76deebeaae8d2072b0f7675884" _http_log_request /usr/lib/python2.7/site-packages/keystoneauth1/session.py:448
2019-06-18 08:02:30.037 661 DEBUG novaclient.v2.client [-] RESP: [200] Connection: close Content-Length: 1014 Content-Type: application/json Date: Tue, 18 Jun 2019 08:02:30 GMT Openstack-Api-Version: compute 2.1 Vary: OpenStack-API-Version, X-OpenStack-Nova-API-Version X-Compute-Request-Id: req-fd2ea0a9-de2a-4266-8a25-9526109978ec X-Openstack-Nova-Api-Version: 2.1 X-Openstack-Request-Id: req-fd2ea0a9-de2a-4266-8a25-9526109978ec _http_log_response /usr/lib/python2.7/site-packages/keystoneauth1/session.py:479
2019-06-18 08:02:30.038 661 DEBUG novaclient.v2.client [-] RESP BODY: {"flavors": [{"name": "rally_full-flavor_alt_0eb0857c-1e3b-41a3-abb2-6f0a15ce98fd", "links": [{"href": "http://10.167.4.35:8774/v2.1/flavors/8320b024-950c-487e-bf62-0e84edcb3d94", "rel": "self"}, {"href": "http://10.167.4.35:8774/flavors/8320b024-950c-487e-bf62-0e84edcb3d94", "rel": "bookmark"}], "ram": 1024, "OS-FLV-DISABLED:disabled": false, "vcpus": 1, "swap": "", "os-flavor-access:is_public": true, "rxtx_factor": 1.0, "OS-FLV-EXT-DATA:ephemeral": 0, "disk": 1, "id": "8320b024-950c-487e-bf62-0e84edcb3d94"}, {"name": "rally_full-flavor_0eb0857c-1e3b-41a3-abb2-6f0a15ce98fd", "links": [{"href": "http://10.167.4.35:8774/v2.1/flavors/a2b5264b-2937-49c0-91f1-1b8b03555fa8", "rel": "self"}, {"href": "http://10.167.4.35:8774/flavors/a2b5264b-2937-49c0-91f1-1b8b03555fa8", "rel": "bookmark"}], "ram": 512, "OS-FLV-DISABLED:disabled": false, "vcpus": 1, "swap": "", "os-flavor-access:is_public": true, "rxtx_factor": 1.0, "OS-FLV-EXT-DATA:ephemeral": 0, "disk": 1, "id": "a2b5264b-2937-49c0-91f1-1b8b03555fa8"}]} _http_log_response /usr/lib/python2.7/site-packages/keystoneauth1/session.py:511
2019-06-18 08:02:30.038 661 DEBUG novaclient.v2.client [-] GET call to compute for http://10.167.4.35:8774/v2.1/flavors/detail used request id req-fd2ea0a9-de2a-4266-8a25-9526109978ec request /usr/lib/python2.7/site-packages/keystoneauth1/session.py:844
2019-06-18 08:02:30.040 661 DEBUG novaclient.v2.client [-] REQ: curl -g -i --cacert "/etc/ssl/certs/mcp_os_cacert" -X GET http://10.167.4.35:8774/v2.1/flavors/detail -H "Accept: application/json" -H "User-Agent: python-novaclient" -H "X-Auth-Token: {SHA1}3fe964b92b889ff499685f4621d9a048acb2b3c3" _http_log_request /usr/lib/python2.7/site-packages/keystoneauth1/session.py:448
2019-06-18 08:02:30.048 663 DEBUG novaclient.v2.client [-] RESP: [200] Connection: close Content-Length: 1014 Content-Type: application/json Date: Tue, 18 Jun 2019 08:02:30 GMT Openstack-Api-Version: compute 2.1 Vary: OpenStack-API-Version, X-OpenStack-Nova-API-Version X-Compute-Request-Id: req-9fd1a060-1501-4438-b2a8-a55517880452 X-Openstack-Nova-Api-Version: 2.1 X-Openstack-Request-Id: req-9fd1a060-1501-4438-b2a8-a55517880452 _http_log_response /usr/lib/python2.7/site-packages/keystoneauth1/session.py:479
2019-06-18 08:02:30.049 663 DEBUG novaclient.v2.client [-] RESP BODY: {"flavors": [{"name": "rally_full-flavor_alt_0eb0857c-1e3b-41a3-abb2-6f0a15ce98fd", "links": [{"href": "http://10.167.4.35:8774/v2.1/flavors/8320b024-950c-487e-bf62-0e84edcb3d94", "rel": "self"}, {"href": "http://10.167.4.35:8774/flavors/8320b024-950c-487e-bf62-0e84edcb3d94", "rel": "bookmark"}], "ram": 1024, "OS-FLV-DISABLED:disabled": false, "vcpus": 1, "swap": "", "os-flavor-access:is_public": true, "rxtx_factor": 1.0, "OS-FLV-EXT-DATA:ephemeral": 0, "disk": 1, "id": "8320b024-950c-487e-bf62-0e84edcb3d94"}, {"name": "rally_full-flavor_0eb0857c-1e3b-41a3-abb2-6f0a15ce98fd", "links": [{"href": "http://10.167.4.35:8774/v2.1/flavors/a2b5264b-2937-49c0-91f1-1b8b03555fa8", "rel": "self"}, {"href": "http://10.167.4.35:8774/flavors/a2b5264b-2937-49c0-91f1-1b8b03555fa8", "rel": "bookmark"}], "ram": 512, "OS-FLV-DISABLED:disabled": false, "vcpus": 1, "swap": "", "os-flavor-access:is_public": true, "rxtx_factor": 1.0, "OS-FLV-EXT-DATA:ephemeral": 0, "disk": 1, "id": "a2b5264b-2937-49c0-91f1-1b8b03555fa8"}]} _http_log_response /usr/lib/python2.7/site-packages/keystoneauth1/session.py:511
2019-06-18 08:02:30.049 663 DEBUG novaclient.v2.client [-] GET call to compute for http://10.167.4.35:8774/v2.1/flavors/detail used request id req-9fd1a060-1501-4438-b2a8-a55517880452 request /usr/lib/python2.7/site-packages/keystoneauth1/session.py:844
2019-06-18 08:02:30.051 663 DEBUG novaclient.v2.client [-] REQ: curl -g -i --cacert "/etc/ssl/certs/mcp_os_cacert" -X GET http://10.167.4.35:8774/v2.1/flavors/detail -H "Accept: application/json" -H "User-Agent: python-novaclient" -H "X-Auth-Token: {SHA1}7bc2d63e9b21a4e701d635c2dc330f1ad2875fb6" _http_log_request /usr/lib/python2.7/site-packages/keystoneauth1/session.py:448
2019-06-18 08:02:30.065 661 DEBUG novaclient.v2.client [-] RESP: [200] Connection: close Content-Length: 1014 Content-Type: application/json Date: Tue, 18 Jun 2019 08:02:30 GMT Openstack-Api-Version: compute 2.1 Vary: OpenStack-API-Version, X-OpenStack-Nova-API-Version X-Compute-Request-Id: req-f3829173-c891-46b9-a8d2-fa96ea58e631 X-Openstack-Nova-Api-Version: 2.1 X-Openstack-Request-Id: req-f3829173-c891-46b9-a8d2-fa96ea58e631 _http_log_response /usr/lib/python2.7/site-packages/keystoneauth1/session.py:479
2019-06-18 08:02:30.065 662 DEBUG novaclient.v2.client [-] RESP: [200] Connection: close Content-Length: 1014 Content-Type: application/json Date: Tue, 18 Jun 2019 08:02:30 GMT Openstack-Api-Version: compute 2.1 Vary: OpenStack-API-Version, X-OpenStack-Nova-API-Version X-Compute-Request-Id: req-4839a5f0-f0ff-44cb-ae62-46939181891c X-Openstack-Nova-Api-Version: 2.1 X-Openstack-Request-Id: req-4839a5f0-f0ff-44cb-ae62-46939181891c _http_log_response /usr/lib/python2.7/site-packages/keystoneauth1/session.py:479
2019-06-18 08:02:30.065 661 DEBUG novaclient.v2.client [-] RESP BODY: {"flavors": [{"name": "rally_full-flavor_alt_0eb0857c-1e3b-41a3-abb2-6f0a15ce98fd", "links": [{"href": "http://10.167.4.35:8774/v2.1/flavors/8320b024-950c-487e-bf62-0e84edcb3d94", "rel": "self"}, {"href": "http://10.167.4.35:8774/flavors/8320b024-950c-487e-bf62-0e84edcb3d94", "rel": "bookmark"}], "ram": 1024, "OS-FLV-DISABLED:disabled": false, "vcpus": 1, "swap": "", "os-flavor-access:is_public": true, "rxtx_factor": 1.0, "OS-FLV-EXT-DATA:ephemeral": 0, "disk": 1, "id": "8320b024-950c-487e-bf62-0e84edcb3d94"}, {"name": "rally_full-flavor_0eb0857c-1e3b-41a3-abb2-6f0a15ce98fd", "links": [{"href": "http://10.167.4.35:8774/v2.1/flavors/a2b5264b-2937-49c0-91f1-1b8b03555fa8", "rel": "self"}, {"href": "http://10.167.4.35:8774/flavors/a2b5264b-2937-49c0-91f1-1b8b03555fa8", "rel": "bookmark"}], "ram": 512, "OS-FLV-DISABLED:disabled": false, "vcpus": 1, "swap": "", "os-flavor-access:is_public": true, "rxtx_factor": 1.0, "OS-FLV-EXT-DATA:ephemeral": 0, "disk": 1, "id": "a2b5264b-2937-49c0-91f1-1b8b03555fa8"}]} _http_log_response /usr/lib/python2.7/site-packages/keystoneauth1/session.py:511
2019-06-18 08:02:30.066 661 DEBUG novaclient.v2.client [-] GET call to compute for http://10.167.4.35:8774/v2.1/flavors/detail used request id req-f3829173-c891-46b9-a8d2-fa96ea58e631 request /usr/lib/python2.7/site-packages/keystoneauth1/session.py:844
2019-06-18 08:02:30.066 662 DEBUG novaclient.v2.client [-] RESP BODY: {"flavors": [{"name": "rally_full-flavor_alt_0eb0857c-1e3b-41a3-abb2-6f0a15ce98fd", "links": [{"href": "http://10.167.4.35:8774/v2.1/flavors/8320b024-950c-487e-bf62-0e84edcb3d94", "rel": "self"}, {"href": "http://10.167.4.35:8774/flavors/8320b024-950c-487e-bf62-0e84edcb3d94", "rel": "bookmark"}], "ram": 1024, "OS-FLV-DISABLED:disabled": false, "vcpus": 1, "swap": "", "os-flavor-access:is_public": true, "rxtx_factor": 1.0, "OS-FLV-EXT-DATA:ephemeral": 0, "disk": 1, "id": "8320b024-950c-487e-bf62-0e84edcb3d94"}, {"name": "rally_full-flavor_0eb0857c-1e3b-41a3-abb2-6f0a15ce98fd", "links": [{"href": "http://10.167.4.35:8774/v2.1/flavors/a2b5264b-2937-49c0-91f1-1b8b03555fa8", "rel": "self"}, {"href": "http://10.167.4.35:8774/flavors/a2b5264b-2937-49c0-91f1-1b8b03555fa8", "rel": "bookmark"}], "ram": 512, "OS-FLV-DISABLED:disabled": false, "vcpus": 1, "swap": "", "os-flavor-access:is_public": true, "rxtx_factor": 1.0, "OS-FLV-EXT-DATA:ephemeral": 0, "disk": 1, "id": "a2b5264b-2937-49c0-91f1-1b8b03555fa8"}]} _http_log_response /usr/lib/python2.7/site-packages/keystoneauth1/session.py:511
2019-06-18 08:02:30.066 662 DEBUG novaclient.v2.client [-] GET call to compute for http://10.167.4.35:8774/v2.1/flavors/detail used request id req-4839a5f0-f0ff-44cb-ae62-46939181891c request /usr/lib/python2.7/site-packages/keystoneauth1/session.py:844
2019-06-18 08:02:30.067 661 INFO rally.task.runner [-] Task eba4e943-9dd4-4221-9264-04a086fe2282 | ITER: 1 END: OK
2019-06-18 08:02:30.067 664 DEBUG novaclient.v2.client [-] RESP: [200] Connection: close Content-Length: 1014 Content-Type: application/json Date: Tue, 18 Jun 2019 08:02:30 GMT Openstack-Api-Version: compute 2.1 Vary: OpenStack-API-Version, X-OpenStack-Nova-API-Version X-Compute-Request-Id: req-9492f6da-fdb0-4564-9cbc-18c6ed88df20 X-Openstack-Nova-Api-Version: 2.1 X-Openstack-Request-Id: req-9492f6da-fdb0-4564-9cbc-18c6ed88df20 _http_log_response /usr/lib/python2.7/site-packages/keystoneauth1/session.py:479
2019-06-18 08:02:30.068 662 INFO rally.task.runner [-] Task eba4e943-9dd4-4221-9264-04a086fe2282 | ITER: 2 END: OK
2019-06-18 08:02:30.068 664 DEBUG novaclient.v2.client [-] RESP BODY: {"flavors": [{"name": "rally_full-flavor_alt_0eb0857c-1e3b-41a3-abb2-6f0a15ce98fd", "links": [{"href": "http://10.167.4.35:8774/v2.1/flavors/8320b024-950c-487e-bf62-0e84edcb3d94", "rel": "self"}, {"href": "http://10.167.4.35:8774/flavors/8320b024-950c-487e-bf62-0e84edcb3d94", "rel": "bookmark"}], "ram": 1024, "OS-FLV-DISABLED:disabled": false, "vcpus": 1, "swap": "", "os-flavor-access:is_public": true, "rxtx_factor": 1.0, "OS-FLV-EXT-DATA:ephemeral": 0, "disk": 1, "id": "8320b024-950c-487e-bf62-0e84edcb3d94"}, {"name": "rally_full-flavor_0eb0857c-1e3b-41a3-abb2-6f0a15ce98fd", "links": [{"href": "http://10.167.4.35:8774/v2.1/flavors/a2b5264b-2937-49c0-91f1-1b8b03555fa8", "rel": "self"}, {"href": "http://10.167.4.35:8774/flavors/a2b5264b-2937-49c0-91f1-1b8b03555fa8", "rel": "bookmark"}], "ram": 512, "OS-FLV-DISABLED:disabled": false, "vcpus": 1, "swap": "", "os-flavor-access:is_public": true, "rxtx_factor": 1.0, "OS-FLV-EXT-DATA:ephemeral": 0, "disk": 1, "id": "a2b5264b-2937-49c0-91f1-1b8b03555fa8"}]} _http_log_response /usr/lib/python2.7/site-packages/keystoneauth1/session.py:511
2019-06-18 08:02:30.069 664 DEBUG novaclient.v2.client [-] GET call to compute for http://10.167.4.35:8774/v2.1/flavors/detail used request id req-9492f6da-fdb0-4564-9cbc-18c6ed88df20 request /usr/lib/python2.7/site-packages/keystoneauth1/session.py:844
2019-06-18 08:02:30.070 664 INFO rally.task.runner [-] Task eba4e943-9dd4-4221-9264-04a086fe2282 | ITER: 4 END: OK
