2019-06-14 12:09:51.166 21662 RALLYDEBUG rally_openstack.cleanup.manager [-] Deleting neutron.port object s_rally_1bb77c54_0MjwNOpl (4f4ab4a8-085d-48dd-8f2b-c584794339f8)
2019-06-14 12:09:51.270 21662 RALLYDEBUG rally_openstack.cleanup.manager [-] Deleting neutron.port object s_rally_1bb77c54_gVQfTvvt (50321380-3d54-42ec-9723-83b9eeaeef1c)
2019-06-14 12:09:51.285 21662 RALLYDEBUG rally_openstack.cleanup.manager [-] Deleting neutron.port object s_rally_1bb77c54_irWNPSsH (50b98d6a-44b7-4019-8a78-1e1d8aa8b74f)
2019-06-14 12:09:51.295 21662 RALLYDEBUG rally_openstack.cleanup.manager [-] Deleting neutron.port object s_rally_1bb77c54_jBCSyfC4 (510b4f8b-96e8-4248-a2f5-8b88933f32b6)
2019-06-14 12:09:51.336 21662 RALLYDEBUG rally_openstack.cleanup.manager [-] Deleting neutron.port object s_rally_1bb77c54_nuRhLmdX (53ad8199-17ab-4d05-a833-8791f9b3c4d4)
2019-06-14 12:09:51.531 21662 RALLYDEBUG rally_openstack.cleanup.manager [-] Deleting neutron.port object s_rally_1bb77c54_tKhx0PB5 (55098a78-bcab-4b4c-90bd-2cd75ac43b11)
2019-06-14 12:09:51.589 21662 RALLYDEBUG rally_openstack.cleanup.manager [-] Deleting neutron.port object s_rally_1bb77c54_tLnVA5Lw (56f29e52-6c23-4d62-858f-406ff339f9bc)
2019-06-14 12:09:51.687 21662 RALLYDEBUG rally_openstack.cleanup.manager [-] Deleting neutron.port object s_rally_1bb77c54_kK3K7CFg (577c9681-ba33-44d5-a595-4f07c42e7341)
2019-06-14 12:09:51.718 21662 RALLYDEBUG rally_openstack.cleanup.manager [-] Deleting neutron.port object s_rally_1bb77c54_TOv7grCB (586ff3c3-ded5-4a02-803d-4fc16efef593)
2019-06-14 12:09:51.816 21662 RALLYDEBUG rally_openstack.cleanup.manager [-] Deleting neutron.port object s_rally_1bb77c54_NIJiZFUw (5a52c7ea-1055-428d-b136-48227fd16f63)
2019-06-14 12:09:52.129 21662 RALLYDEBUG rally_openstack.cleanup.manager [-] Deleting neutron.port object s_rally_1bb77c54_3AWW1SfT (5bab09e2-ea20-40af-a87f-ced72e89f913)
2019-06-14 12:09:52.308 21662 RALLYDEBUG rally_openstack.cleanup.manager [-] Deleting neutron.port object s_rally_1bb77c54_ly2rdQDk (5c4b5a33-d4bf-4bac-8ec3-a942308f5bd0)
2019-06-14 12:09:52.355 21662 RALLYDEBUG rally_openstack.cleanup.manager [-] Deleting neutron.port object s_rally_1bb77c54_GjopUwat (5d772faf-8523-43ee-8c4b-a6707adebff9)
2019-06-14 12:09:52.441 21662 RALLYDEBUG rally_openstack.cleanup.manager [-] Deleting neutron.port object s_rally_1bb77c54_pWxBVFJQ (5de56eb7-6d82-4563-9d99-cd4fff4ec747)
2019-06-14 12:09:52.671 21662 RALLYDEBUG rally_openstack.cleanup.manager [-] Deleting neutron.port object s_rally_1bb77c54_8H2pqesS (6510d929-d14c-430f-a03d-b3d1e1a26ae1)
2019-06-14 12:09:53.021 21662 RALLYDEBUG rally_openstack.cleanup.manager [-] Deleting neutron.port object s_rally_1bb77c54_Lk94CyBe (6566aa13-26ca-41b4-96e8-134dbf612edb)
2019-06-14 12:09:53.030 21662 RALLYDEBUG rally_openstack.cleanup.manager [-] Deleting neutron.port object s_rally_1bb77c54_Q3mpotK8 (65b7ba3d-8d15-4ea3-a97f-50c24f44e6a3)
2019-06-14 12:09:53.131 21662 RALLYDEBUG rally_openstack.cleanup.manager [-] Deleting neutron.port object s_rally_1bb77c54_x1sHZDUq (6b1ab790-3a87-4b47-8635-e7e3c59eff8c)
2019-06-14 12:09:53.166 21662 RALLYDEBUG rally_openstack.cleanup.manager [-] Deleting neutron.port object s_rally_1bb77c54_4Up2KDDs (6b982e2d-7b35-41a6-9c55-d927df8c38d5)
2019-06-14 12:09:53.173 21662 RALLYDEBUG rally_openstack.cleanup.manager [-] Deleting neutron.port object s_rally_1bb77c54_roPy1zqN (6bfd06e2-1a91-4d78-b79c-0062c1521a96)
2019-06-14 12:09:53.419 21662 RALLYDEBUG rally_openstack.cleanup.manager [-] Deleting neutron.port object s_rally_1bb77c54_VJa6qzl7 (6c6e2f0f-50f2-41a4-b164-2ae448a783e5)
2019-06-14 12:09:53.480 21662 RALLYDEBUG rally_openstack.cleanup.manager [-] Deleting neutron.port object s_rally_1bb77c54_mZ6OPBP1 (6e357ff9-7adc-4540-958a-df83d1b45ead)
2019-06-14 12:09:53.672 21662 RALLYDEBUG rally_openstack.cleanup.manager [-] Deleting neutron.port object s_rally_1bb77c54_DgE3pgsQ (70985814-cafc-49b4-9c79-2e65a1486cdb)
2019-06-14 12:09:53.737 21662 RALLYDEBUG rally_openstack.cleanup.manager [-] Deleting neutron.port object s_rally_1bb77c54_wWnticwl (71a6313d-333c-42ae-b4ed-19bfccc0aced)
2019-06-14 12:09:53.840 21662 RALLYDEBUG rally_openstack.cleanup.manager [-] Deleting neutron.port object s_rally_1bb77c54_jPTrYEaW (721e77b2-32de-467a-aabf-8ec80625b6b6)
2019-06-14 12:09:53.979 21662 RALLYDEBUG rally_openstack.cleanup.manager [-] Deleting neutron.port object s_rally_1bb77c54_NOUw9obe (730ea4f4-62b2-4972-a6a1-c29d1f0653f8)
2019-06-14 12:09:54.046 21662 RALLYDEBUG rally_openstack.cleanup.manager [-] Deleting neutron.port object s_rally_1bb77c54_E7mRtrXG (736b1fa8-94b5-4406-bf5e-6b89acb7ca75)
2019-06-14 12:09:54.117 21662 RALLYDEBUG rally_openstack.cleanup.manager [-] Deleting neutron.port object s_rally_1bb77c54_YPWvhe8U (73f094da-1a61-4cb6-9827-015140a5036c)
2019-06-14 12:09:54.162 21662 RALLYDEBUG rally_openstack.cleanup.manager [-] Deleting neutron.port object s_rally_1bb77c54_83sgoRRc (7690cec5-70ed-469f-9eee-9717a715d94d)
2019-06-14 12:09:54.287 21662 RALLYDEBUG rally_openstack.cleanup.manager [-] Deleting neutron.port object s_rally_1bb77c54_qxncI9ZK (76f4d6a4-5a2f-4261-a896-bf47bd185dad)
2019-06-14 12:09:54.408 21662 RALLYDEBUG rally_openstack.cleanup.manager [-] Deleting neutron.port object s_rally_1bb77c54_kg3qIP5Y (7956043f-04d6-4734-a7c0-f04c1d47d5d9)
2019-06-14 12:09:54.718 21662 RALLYDEBUG rally_openstack.cleanup.manager [-] Deleting neutron.port object s_rally_1bb77c54_moTBseWi (7bb0fc50-26d7-4b0c-b71f-f75d18619e9f)
2019-06-14 12:09:54.778 21662 RALLYDEBUG rally_openstack.cleanup.manager [-] Deleting neutron.port object s_rally_1bb77c54_3WFoZWSI (7e771502-abd8-49d4-969a-2b917e1c7d8d)
2019-06-14 12:09:54.808 21662 RALLYDEBUG rally_openstack.cleanup.manager [-] Deleting neutron.port object s_rally_1bb77c54_wCEjNwae (7e92c8b9-5c91-43aa-a411-c66bec7cbc44)
2019-06-14 12:09:54.967 21662 RALLYDEBUG rally_openstack.cleanup.manager [-] Deleting neutron.port object s_rally_1bb77c54_sW2DpfaQ (7ee145f4-341a-4e5b-9d34-505910f70b30)
2019-06-14 12:09:55.046 21662 RALLYDEBUG rally_openstack.cleanup.manager [-] Deleting neutron.port object s_rally_1bb77c54_Misqex6r (7f48824c-68a3-4e1c-b16a-c893242839f0)
2019-06-14 12:09:55.101 21662 RALLYDEBUG rally_openstack.cleanup.manager [-] Deleting neutron.port object s_rally_1bb77c54_E9MvjyIg (8154302c-5c08-4c99-ab9d-0e3611f9e099)
2019-06-14 12:09:55.266 21662 RALLYDEBUG rally_openstack.cleanup.manager [-] Deleting neutron.port object s_rally_1bb77c54_FA8NxAjG (8229fd96-9269-407b-a7c6-0d95d3ab24f2)
2019-06-14 12:09:55.393 21662 RALLYDEBUG rally_openstack.cleanup.manager [-] Deleting neutron.port object s_rally_1bb77c54_PibxQeiT (8362340b-8f06-47bf-b0a9-260759caed19)
2019-06-14 12:09:55.585 21662 RALLYDEBUG rally_openstack.cleanup.manager [-] Deleting neutron.port object s_rally_1bb77c54_ROJrCmFF (836f7393-4696-499f-89d8-35d85485e82b)
2019-06-14 12:09:55.623 21662 RALLYDEBUG rally_openstack.cleanup.manager [-] Deleting neutron.port object s_rally_1bb77c54_L9Czq0FY (84df49f4-db29-4ca4-a47c-8dc08719d499)
2019-06-14 12:09:55.671 21662 RALLYDEBUG rally_openstack.cleanup.manager [-] Deleting neutron.port object s_rally_1bb77c54_yJAC9pKQ (850e5330-bba7-4784-b84b-694320a599e6)
2019-06-14 12:09:55.769 21662 RALLYDEBUG rally_openstack.cleanup.manager [-] Deleting neutron.port object s_rally_1bb77c54_fmVcocQw (85767f71-b561-422b-8cd0-e966cb46600b)
2019-06-14 12:09:55.895 21662 RALLYDEBUG rally_openstack.cleanup.manager [-] Deleting neutron.port object s_rally_1bb77c54_QYWnGcWl (86e84840-1597-488a-8623-3f7652bff908)
2019-06-14 12:09:56.146 21662 RALLYDEBUG rally_openstack.cleanup.manager [-] Deleting neutron.port object s_rally_1bb77c54_uvsNxQN9 (88d61686-0583-4e2a-b5bb-fa62924f0645)
2019-06-14 12:09:56.244 21662 RALLYDEBUG rally_openstack.cleanup.manager [-] Deleting neutron.port object s_rally_1bb77c54_jlckMpUN (8ce094d0-bd78-486f-bd08-02b2eb408362)
2019-06-14 12:09:56.332 21662 RALLYDEBUG rally_openstack.cleanup.manager [-] Deleting neutron.port object s_rally_1bb77c54_uBeaqBgD (8f0b7507-15c7-4e0d-bd0b-05b15847a141)
2019-06-14 12:09:56.372 21662 RALLYDEBUG rally_openstack.cleanup.manager [-] Deleting neutron.port object s_rally_1bb77c54_Q4jPHHM4 (933d6ece-54d5-4021-b211-7f1617122b29)
2019-06-14 12:09:56.602 21662 RALLYDEBUG rally_openstack.cleanup.manager [-] Deleting neutron.port object s_rally_1bb77c54_tewomlNh (9356da34-c48a-459c-82e9-828743f72b6a)
2019-06-14 12:09:56.612 21662 RALLYDEBUG rally_openstack.cleanup.manager [-] Deleting neutron.port object s_rally_1bb77c54_qBZ0M9A9 (945fc66b-80aa-42a6-bee8-0315d0e49353)
2019-06-14 12:09:56.966 21662 RALLYDEBUG rally_openstack.cleanup.manager [-] Deleting neutron.port object s_rally_1bb77c54_PKlPiwnA (96d52c58-768a-4b65-bac8-8d8c5cfe5535)
2019-06-14 12:09:56.997 21662 RALLYDEBUG rally_openstack.cleanup.manager [-] Deleting neutron.port object s_rally_1bb77c54_uQGTJ3o2 (973da14e-041e-49bd-91f7-3fe4d1ddb919)
2019-06-14 12:09:57.083 21662 RALLYDEBUG rally_openstack.cleanup.manager [-] Deleting neutron.port object s_rally_1bb77c54_BmU3S7j7 (97648f81-9a8b-44bf-9117-78e2f436102e)
2019-06-14 12:09:57.153 21662 RALLYDEBUG rally_openstack.cleanup.manager [-] Deleting neutron.port object s_rally_1bb77c54_k9VzNLAB (9812c8d1-f602-48c0-bf56-5b020741385b)
2019-06-14 12:09:57.208 21662 RALLYDEBUG rally_openstack.cleanup.manager [-] Deleting neutron.port object s_rally_1bb77c54_AWnwqCNq (98d64edf-b633-4225-bc26-a83632713485)
2019-06-14 12:09:57.277 21662 RALLYDEBUG rally_openstack.cleanup.manager [-] Deleting neutron.port object s_rally_1bb77c54_q0EjSKLk (9bf12304-7819-48be-b1f2-524af85206c0)
2019-06-14 12:09:57.491 21662 RALLYDEBUG rally_openstack.cleanup.manager [-] Deleting neutron.port object s_rally_1bb77c54_8FWEL1u1 (9e30453d-0465-4dbc-8ddd-1333539ece0b)
2019-06-14 12:09:57.558 21662 RALLYDEBUG rally_openstack.cleanup.manager [-] Deleting neutron.port object s_rally_1bb77c54_HqIYYqxH (a112f4d2-536f-4c6b-b1bf-86493b0669c1)
2019-06-14 12:09:57.812 21662 RALLYDEBUG rally_openstack.cleanup.manager [-] Deleting neutron.port object s_rally_1bb77c54_GvlyPBLm (a205c04e-d3ab-4c27-8f93-02d9b384e9da)
2019-06-14 12:09:57.846 21662 RALLYDEBUG rally_openstack.cleanup.manager [-] Deleting neutron.port object s_rally_1bb77c54_4UXHHpUU (a2cac3e0-6e7d-4191-9185-ed45c110e5e5)
2019-06-14 12:09:57.984 21662 RALLYDEBUG rally_openstack.cleanup.manager [-] Deleting neutron.port object s_rally_1bb77c54_iWNmLmyV (a52427aa-29ac-4442-a03e-4116bb030640)
2019-06-14 12:09:58.028 21662 RALLYDEBUG rally_openstack.cleanup.manager [-] Deleting neutron.port object s_rally_1bb77c54_4vGSepF0 (a5516f67-35ab-4c63-9eec-1fe8fe726353)
2019-06-14 12:09:58.242 21662 RALLYDEBUG rally_openstack.cleanup.manager [-] Deleting neutron.port object s_rally_1bb77c54_sdxrR7zV (a5bbd055-636d-48fb-a4a7-63ee70bdfb7c)
2019-06-14 12:09:58.380 21662 RALLYDEBUG rally_openstack.cleanup.manager [-] Deleting neutron.port object s_rally_1bb77c54_7SnZn8hh (a79b2d8c-e8b9-4098-928c-4bccf6389814)
2019-06-14 12:09:58.449 21662 RALLYDEBUG rally_openstack.cleanup.manager [-] Deleting neutron.port object s_rally_1bb77c54_tXFfbt2S (a8f45caa-3e20-4525-a606-6e2446054a22)
2019-06-14 12:09:58.477 21662 RALLYDEBUG rally_openstack.cleanup.manager [-] Deleting neutron.port object s_rally_1bb77c54_mvQMiPwb (ab6d27bf-63c4-4e69-b166-151e1980736e)
2019-06-14 12:09:58.541 21662 RALLYDEBUG rally_openstack.cleanup.manager [-] Deleting neutron.port object s_rally_1bb77c54_WPDg8Joz (ad8a6007-ad0a-433c-b979-96c7dbd51dec)
2019-06-14 12:09:58.561 21662 RALLYDEBUG rally_openstack.cleanup.manager [-] Deleting neutron.port object s_rally_1bb77c54_gaHG4gxH (ae3ca1ab-a0ce-4985-b786-7db008a916f0)
2019-06-14 12:09:58.732 21662 RALLYDEBUG rally_openstack.cleanup.manager [-] Deleting neutron.port object s_rally_1bb77c54_nKscRPEJ (af141eee-ff3b-416c-b255-84590efa54cb)
2019-06-14 12:09:58.770 21662 RALLYDEBUG rally_openstack.cleanup.manager [-] Deleting neutron.port object s_rally_1bb77c54_IY5pV5ch (af29d4ad-8844-405c-8a4a-d90f7215b2a6)
2019-06-14 12:09:58.892 21662 RALLYDEBUG rally_openstack.cleanup.manager [-] Deleting neutron.port object s_rally_1bb77c54_kZyATNHH (afd8f2a0-e049-4c92-8b6c-202569b9375b)
2019-06-14 12:09:59.232 21662 RALLYDEBUG rally_openstack.cleanup.manager [-] Deleting neutron.port object s_rally_1bb77c54_05xxRrTK (affba73d-92dc-4154-8907-0f4156d84cbe)
2019-06-14 12:09:59.385 21662 RALLYDEBUG rally_openstack.cleanup.manager [-] Deleting neutron.port object s_rally_1bb77c54_0tUXfvur (b086c5a0-0ad3-4915-88cc-4b88c4ca4c1e)
2019-06-14 12:09:59.506 21662 RALLYDEBUG rally_openstack.cleanup.manager [-] Deleting neutron.port object s_rally_1bb77c54_pgDTccRq (b108856d-a6d6-46bf-89e0-e5b62d9d6412)
2019-06-14 12:09:59.594 21662 RALLYDEBUG rally_openstack.cleanup.manager [-] Deleting neutron.port object s_rally_1bb77c54_01NAvT46 (b4317a97-3355-46c4-aa2d-56c15cfbc422)
2019-06-14 12:09:59.771 21662 RALLYDEBUG rally_openstack.cleanup.manager [-] Deleting neutron.port object s_rally_1bb77c54_obJ7CoNd (b6c3ed7c-7ff9-484f-a686-e0a25476dcdb)
2019-06-14 12:09:59.916 21662 RALLYDEBUG rally_openstack.cleanup.manager [-] Deleting neutron.port object s_rally_1bb77c54_q73roVUD (b81812bc-f534-4da8-bbc5-3a86fc78cf88)
2019-06-14 12:09:59.940 21662 RALLYDEBUG rally_openstack.cleanup.manager [-] Deleting neutron.port object s_rally_1bb77c54_kO7j3rUu (bb1b5f89-e826-4015-98a5-2a6791e47666)
2019-06-14 12:10:00.032 21662 RALLYDEBUG rally_openstack.cleanup.manager [-] Deleting neutron.port object s_rally_1bb77c54_FvaXHlbz (be86afe8-2de4-4593-8b75-c74ec535fa3a)
2019-06-14 12:10:00.296 21662 RALLYDEBUG rally_openstack.cleanup.manager [-] Deleting neutron.port object s_rally_1bb77c54_AiWoAh1Y (bfa471ef-f2f1-4b59-a4d7-edbe909c35f4)
2019-06-14 12:10:00.378 21662 RALLYDEBUG rally_openstack.cleanup.manager [-] Deleting neutron.port object s_rally_1bb77c54_9CzvmUO8 (bfb6402a-5d36-4caa-91dc-d23af9e283e9)
2019-06-14 12:10:00.449 21662 RALLYDEBUG rally_openstack.cleanup.manager [-] Deleting neutron.port object s_rally_1bb77c54_YGjvkFad (c2b0c069-6ea7-4d86-a11c-087a52a45583)
2019-06-14 12:10:00.686 21662 RALLYDEBUG rally_openstack.cleanup.manager [-] Deleting neutron.port object s_rally_1bb77c54_oOQJ0Fhy (c3cb34cf-2657-43a8-81fc-b76ff35258ca)
2019-06-14 12:10:00.770 21662 RALLYDEBUG rally_openstack.cleanup.manager [-] Deleting neutron.port object s_rally_1bb77c54_yx7ThZGO (c56094b2-702a-472c-93ae-4b32096664b6)
2019-06-14 12:10:00.894 21662 RALLYDEBUG rally_openstack.cleanup.manager [-] Deleting neutron.port object s_rally_1bb77c54_B7jmZQ7E (c6a0f6af-1c36-4a6d-a7e2-78e4cd1c1f92)
2019-06-14 12:10:00.959 21662 RALLYDEBUG rally_openstack.cleanup.manager [-] Deleting neutron.port object s_rally_1bb77c54_7hZaDjcK (c879f00d-4bef-4c72-aed4-968df05d3285)
2019-06-14 12:10:01.070 21662 RALLYDEBUG rally_openstack.cleanup.manager [-] Deleting neutron.port object s_rally_1bb77c54_0cGuG9mi (c8e2675e-9b6f-4c48-909d-a9798a21d9fb)
2019-06-14 12:10:01.186 21662 RALLYDEBUG rally_openstack.cleanup.manager [-] Deleting neutron.port object s_rally_1bb77c54_P9NpnTLU (c9929a7d-1bc5-4702-823e-3601b4d32156)
2019-06-14 12:10:01.254 21662 RALLYDEBUG rally_openstack.cleanup.manager [-] Deleting neutron.port object s_rally_1bb77c54_jJtmKbuc (c99e4b75-8978-4261-bc89-ea1ee2aa7de5)
2019-06-14 12:10:01.376 21662 RALLYDEBUG rally_openstack.cleanup.manager [-] Deleting neutron.port object s_rally_1bb77c54_zyokUt3T (cb9d0121-9678-48ca-b054-2eefe288f063)
2019-06-14 12:10:01.449 21662 RALLYDEBUG rally_openstack.cleanup.manager [-] Deleting neutron.port object s_rally_1bb77c54_vhGNdc27 (cd2922ae-d029-416f-bfb1-62bc8cb088f0)
2019-06-14 12:10:01.634 21662 RALLYDEBUG rally_openstack.cleanup.manager [-] Deleting neutron.port object s_rally_1bb77c54_6lrYpbtK (cd367bb5-cd26-4dc1-bdd1-0da039fe12ca)
2019-06-14 12:10:01.737 21662 RALLYDEBUG rally_openstack.cleanup.manager [-] Deleting neutron.port object s_rally_1bb77c54_5JahObZm (cf0a091d-946c-42b9-87df-2b2731874c75)
2019-06-14 12:10:01.757 21662 RALLYDEBUG rally_openstack.cleanup.manager [-] Deleting neutron.port object s_rally_1bb77c54_zCV7LPec (cfeb3559-faaa-4164-bf6a-7f319d3b583e)
2019-06-14 12:10:01.988 21662 RALLYDEBUG rally_openstack.cleanup.manager [-] Deleting neutron.port object s_rally_1bb77c54_62MFn4zf (d1e4ce44-323b-4db0-bdd8-fa67606fe505)
2019-06-14 12:10:02.046 21662 RALLYDEBUG rally_openstack.cleanup.manager [-] Deleting neutron.port object s_rally_1bb77c54_DakvggLl (d1f63a3a-f662-403a-9022-61c5e8df2b43)
2019-06-14 12:10:02.149 21662 RALLYDEBUG rally_openstack.cleanup.manager [-] Deleting neutron.port object s_rally_1bb77c54_nBsFsRUq (d3bc82e7-55eb-4672-9266-d9be519b1e01)
2019-06-14 12:10:02.204 21662 RALLYDEBUG rally_openstack.cleanup.manager [-] Deleting neutron.port object s_rally_1bb77c54_XYtgh8w3 (d675994d-5db1-4a5c-a246-63bf9dd1b2a3)
2019-06-14 12:10:02.703 21662 RALLYDEBUG rally_openstack.cleanup.manager [-] Deleting neutron.port object s_rally_1bb77c54_mC0WPoLT (d7648c2a-2d94-4f48-b216-7db3cfc0ac88)
2019-06-14 12:10:02.739 21662 RALLYDEBUG rally_openstack.cleanup.manager [-] Deleting neutron.port object s_rally_1bb77c54_nBYESqRZ (d7ebd998-9ab7-4b2b-b59a-536c89dd2b58)
2019-06-14 12:10:02.918 21662 RALLYDEBUG rally_openstack.cleanup.manager [-] Deleting neutron.port object s_rally_1bb77c54_a0ia0Nxt (d814b86d-12a0-4c14-b601-e51f5b13d462)
2019-06-14 12:10:02.959 21662 RALLYDEBUG rally_openstack.cleanup.manager [-] Deleting neutron.port object s_rally_1bb77c54_mHaoJHaV (d8729119-427f-4049-ad0d-548744f720df)
2019-06-14 12:10:03.142 21662 RALLYDEBUG rally_openstack.cleanup.manager [-] Deleting neutron.port object s_rally_1bb77c54_xRvvmIOe (da089b69-b354-4c79-bdf3-c108ed0aaf61)
2019-06-14 12:10:03.203 21662 RALLYDEBUG rally_openstack.cleanup.manager [-] Deleting neutron.port object s_rally_1bb77c54_O2TdMOW2 (dd278044-297f-4981-99cf-f9cfa5fb31b4)
2019-06-14 12:10:03.289 21662 RALLYDEBUG rally_openstack.cleanup.manager [-] Deleting neutron.port object s_rally_1bb77c54_mbOtzgnq (dd4c6031-1aa1-4700-a0a2-b99b83efc0b8)
2019-06-14 12:10:03.526 21662 RALLYDEBUG rally_openstack.cleanup.manager [-] Deleting neutron.port object s_rally_1bb77c54_EeP9R7gN (ddafce66-d9af-4822-ad92-584c1ff1d9e1)
2019-06-14 12:10:03.580 21662 RALLYDEBUG rally_openstack.cleanup.manager [-] Deleting neutron.port object s_rally_1bb77c54_0lGwOstC (e05dc49f-6612-4f24-a043-b22a568047b6)
2019-06-14 12:10:03.870 21662 RALLYDEBUG rally_openstack.cleanup.manager [-] Deleting neutron.port object s_rally_1bb77c54_UHAuXFlc (e140745b-cef3-453d-afd4-ffab08447827)
2019-06-14 12:10:03.887 21662 RALLYDEBUG rally_openstack.cleanup.manager [-] Deleting neutron.port object s_rally_1bb77c54_q4q0hJTr (e2f4ad3d-ef61-4c1c-9d2e-0105dc768781)
2019-06-14 12:10:03.995 21662 RALLYDEBUG rally_openstack.cleanup.manager [-] Deleting neutron.port object s_rally_1bb77c54_ka6IrMZ9 (e33e8bfc-cce7-44a7-bce2-a8476ebd42cd)
2019-06-14 12:10:04.080 21662 RALLYDEBUG rally_openstack.cleanup.manager [-] Deleting neutron.port object s_rally_1bb77c54_oPCL5B9h (e3900cd8-bd41-4a2e-9717-14c089f451a0)
2019-06-14 12:10:04.107 21662 RALLYDEBUG rally_openstack.cleanup.manager [-] Deleting neutron.port object s_rally_1bb77c54_cH5wdZa1 (e581e659-0e4b-408c-861d-5df281f39aff)
2019-06-14 12:10:04.137 21662 RALLYDEBUG rally_openstack.cleanup.manager [-] Deleting neutron.port object s_rally_1bb77c54_x9Q6kdDW (e615fa98-ea81-4bca-83f7-059dc8673e2e)
2019-06-14 12:10:04.390 21662 RALLYDEBUG rally_openstack.cleanup.manager [-] Deleting neutron.port object s_rally_1bb77c54_dLYHkCiF (e63ac606-8f5d-4492-bf78-4e91c07c610f)
2019-06-14 12:10:04.485 21662 RALLYDEBUG rally_openstack.cleanup.manager [-] Deleting neutron.port object s_rally_1bb77c54_BbGSX6zU (e6946874-c73f-495c-beb7-0f3ae916f5fb)
2019-06-14 12:10:04.511 21662 RALLYDEBUG rally_openstack.cleanup.manager [-] Deleting neutron.port object s_rally_1bb77c54_1mUNb3FK (e90bf3cd-b1bc-49cb-90bc-c12e8424b107)
2019-06-14 12:10:04.665 21662 RALLYDEBUG rally_openstack.cleanup.manager [-] Deleting neutron.port object s_rally_1bb77c54_KadYsBEz (e9de2474-0948-42b9-8463-eba9555fa7a1)
2019-06-14 12:10:04.792 21662 RALLYDEBUG rally_openstack.cleanup.manager [-] Deleting neutron.port object s_rally_1bb77c54_dw4K37Sy (eac30b1a-c823-4f89-9872-21bd23808770)
2019-06-14 12:10:04.876 21662 RALLYDEBUG rally_openstack.cleanup.manager [-] Deleting neutron.port object s_rally_1bb77c54_FKdNyMqi (eb046eab-55a4-4a2c-ab3b-6f1887b1e62f)
2019-06-14 12:10:05.185 21662 RALLYDEBUG rally_openstack.cleanup.manager [-] Deleting neutron.port object s_rally_1bb77c54_IGGKebn3 (eb978563-1efb-487e-9c06-5339064274e2)
2019-06-14 12:10:05.348 21662 RALLYDEBUG rally_openstack.cleanup.manager [-] Deleting neutron.port object s_rally_1bb77c54_Qm1ywXLu (ef70efbb-1a08-45d1-aade-e8d140e0db93)
2019-06-14 12:10:05.439 21662 RALLYDEBUG rally_openstack.cleanup.manager [-] Deleting neutron.port object s_rally_1bb77c54_GyyAeuiO (efd99165-2be1-49b8-b0b8-6db3f5e4d8de)
2019-06-14 12:10:05.512 21662 RALLYDEBUG rally_openstack.cleanup.manager [-] Deleting neutron.port object s_rally_1bb77c54_15iK25oe (f06dd4e8-7ce6-4c9b-9ce4-ed0f03e56606)
2019-06-14 12:10:05.661 21662 RALLYDEBUG rally_openstack.cleanup.manager [-] Deleting neutron.port object s_rally_1bb77c54_cj5pUT49 (f200d36a-9cf2-4fac-8dd8-6fc8b75879b8)
2019-06-14 12:10:05.737 21662 RALLYDEBUG rally_openstack.cleanup.manager [-] Deleting neutron.port object s_rally_1bb77c54_GeiJKXtg (f4082f4f-e9ff-4eed-bc63-1392727d8b14)
2019-06-14 12:10:05.820 21662 RALLYDEBUG rally_openstack.cleanup.manager [-] Deleting neutron.port object s_rally_1bb77c54_8U4hgx2y (f6737283-a0d2-4111-ae29-da59c6c73f66)
2019-06-14 12:10:05.865 21662 RALLYDEBUG rally_openstack.cleanup.manager [-] Deleting neutron.port object s_rally_1bb77c54_Q8SUjNnH (fa27b625-ba97-4e6f-9a3a-5dedcc9d15e1)
2019-06-14 12:10:05.974 21662 RALLYDEBUG rally_openstack.cleanup.manager [-] Deleting neutron.port object s_rally_1bb77c54_2tD4lRKk (fac4ccfc-fb13-498a-b0cd-e4fd683e296d)
2019-06-14 12:10:06.058 21662 RALLYDEBUG rally_openstack.cleanup.manager [-] Deleting neutron.port object s_rally_1bb77c54_XGoMTjLb (fb6b794c-b269-40cc-8b6a-3c7419de5c9d)
2019-06-14 12:10:06.091 21662 RALLYDEBUG rally_openstack.cleanup.manager [-] Deleting neutron.port object s_rally_1bb77c54_18K6QOAl (fc702ec8-3503-4eea-bd0b-d376d2c92a88)
2019-06-14 12:10:06.372 21662 RALLYDEBUG rally_openstack.cleanup.manager [-] Deleting neutron.port object s_rally_1bb77c54_krHFRfOf (fdc7c8f3-3c6b-49c6-80f3-7242a8a1b6dd)
2019-06-14 12:10:06.562 21662 RALLYDEBUG rally_openstack.cleanup.manager [-] Deleting neutron.port object s_rally_1bb77c54_GUkGF1xf (ff17b622-13d0-4de5-8bfb-8e5a1867ea55)
2019-06-14 12:10:06.688 21662 RALLYDEBUG rally_openstack.cleanup.manager [-] Deleting neutron.port object s_rally_1bb77c54_AHZLHfLy (ff783c37-b8bc-4003-a51e-f81867440d1c)
2019-06-14 12:10:08.975 21662 RALLYDEBUG rally_openstack.cleanup.manager [-] Cleaning up neutron subnet objects
2019-06-14 12:10:09.387 21662 RALLYDEBUG rally_openstack.cleanup.manager [-] Cleaning up neutron network objects
2019-06-14 12:10:09.924 21662 RALLYDEBUG rally_openstack.cleanup.manager [-] Deleting neutron.network object s_rally_1bb77c54_8IKIhn5S (050b9efc-8a16-4c68-95c3-a6ae8865d4e5)
2019-06-14 12:10:09.934 21662 RALLYDEBUG rally_openstack.cleanup.manager [-] Deleting neutron.network object s_rally_1bb77c54_D2UEMkcr (0531eb36-a536-4439-af80-0723b2d2d010)
2019-06-14 12:10:09.945 21662 RALLYDEBUG rally_openstack.cleanup.manager [-] Deleting neutron.network object s_rally_1bb77c54_LzW3ReGR (1f9da267-09d9-41ec-bf0e-95be1bad623e)
2019-06-14 12:10:09.950 21662 RALLYDEBUG rally_openstack.cleanup.manager [-] Deleting neutron.network object s_rally_1bb77c54_fR9032wq (2171e421-2744-4dce-89aa-8f443fa429c3)
2019-06-14 12:10:09.951 21662 RALLYDEBUG rally_openstack.cleanup.manager [-] Deleting neutron.network object s_rally_1bb77c54_pqtgKUKe (1c8d2dc2-9ae2-4137-b5b0-a75ec4c442f8)
2019-06-14 12:10:09.952 21662 RALLYDEBUG rally_openstack.cleanup.manager [-] Deleting neutron.network object s_rally_1bb77c54_BOxgTWIW (1669cb81-e4f3-4f35-802c-0044a180bbfb)
2019-06-14 12:10:09.966 21662 RALLYDEBUG rally_openstack.cleanup.manager [-] Deleting neutron.network object s_rally_1bb77c54_15JmNEwb (2ecbf1b8-4f17-408e-a1d2-80d1da107c27)
2019-06-14 12:10:09.972 21662 RALLYDEBUG rally_openstack.cleanup.manager [-] Deleting neutron.network object s_rally_1bb77c54_szZkNEQ8 (2c0760f6-6ef0-4ccb-add7-b8286922d56a)
2019-06-14 12:10:09.973 21662 RALLYDEBUG rally_openstack.cleanup.manager [-] Deleting neutron.network object s_rally_1bb77c54_8dTp7UzZ (4324a63a-3321-4b54-a50d-51d6fc3e76d8)
2019-06-14 12:10:09.982 21662 RALLYDEBUG rally_openstack.cleanup.manager [-] Deleting neutron.network object s_rally_1bb77c54_EK3qs29I (48f9ee9e-ce1c-479e-884b-0d545f701370)
2019-06-14 12:10:09.993 21662 RALLYDEBUG rally_openstack.cleanup.manager [-] Deleting neutron.network object s_rally_1bb77c54_nyFSTejZ (4a6bd383-ded9-42ad-bcbf-1d3ca1cda83b)
2019-06-14 12:10:09.993 21662 RALLYDEBUG rally_openstack.cleanup.manager [-] Deleting neutron.network object s_rally_1bb77c54_gIocSYAO (54711be6-636d-4505-b9a2-d31e40a17848)
2019-06-14 12:10:10.018 21662 RALLYDEBUG rally_openstack.cleanup.manager [-] Deleting neutron.network object s_rally_1bb77c54_bJVFaCDa (66d63bfc-c998-437a-97cc-2ac53a719898)
2019-06-14 12:10:10.018 21662 RALLYDEBUG rally_openstack.cleanup.manager [-] Deleting neutron.network object s_rally_1bb77c54_P0ESQHJq (6f064f99-c284-4de3-ad63-04181f285a99)
2019-06-14 12:10:10.025 21662 RALLYDEBUG rally_openstack.cleanup.manager [-] Deleting neutron.network object s_rally_1bb77c54_Q813JqN6 (67ec7c50-5439-4ea0-b1f2-146086554cc3)
2019-06-14 12:10:10.039 21662 RALLYDEBUG rally_openstack.cleanup.manager [-] Deleting neutron.network object s_rally_1bb77c54_pY80oIXv (5b4a18ae-1a4c-402a-a54f-71c986387d71)
2019-06-14 12:10:10.063 21662 RALLYDEBUG rally_openstack.cleanup.manager [-] Deleting neutron.network object s_rally_1bb77c54_6TaO1qEN (6aa4e633-22ad-4c62-8712-6d98c6a75579)
2019-06-14 12:10:10.093 21662 RALLYDEBUG rally_openstack.cleanup.manager [-] Deleting neutron.network object s_rally_1bb77c54_ayiWBqzX (8cbdc0bb-7520-4510-a53f-d80a5b616230)
2019-06-14 12:10:10.094 21662 RALLYDEBUG rally_openstack.cleanup.manager [-] Deleting neutron.network object s_rally_1bb77c54_yIFS6TYQ (6f42107b-547c-43ce-ba01-9e5c0206cac0)
2019-06-14 12:10:10.107 21662 RALLYDEBUG rally_openstack.cleanup.manager [-] Deleting neutron.network object s_rally_1bb77c54_MeHqfHiw (7d1747c2-1e31-4397-ba7b-ea069012484e)
2019-06-14 12:10:12.358 21662 RALLYDEBUG rally_openstack.cleanup.manager [-] Deleting neutron.network object s_rally_1bb77c54_QBX5TgNq (92491650-07b7-45a3-a629-c446259779e1)
2019-06-14 12:10:12.413 21662 RALLYDEBUG rally_openstack.cleanup.manager [-] Deleting neutron.network object s_rally_1bb77c54_P9iiKpOD (955ac364-76bf-48f7-9624-0e38f05c663e)
2019-06-14 12:10:12.548 21662 RALLYDEBUG rally_openstack.cleanup.manager [-] Deleting neutron.network object s_rally_1bb77c54_o1fDoK1L (9602bc53-2e30-433a-8ebf-71789551540a)
2019-06-14 12:10:12.798 21662 RALLYDEBUG rally_openstack.cleanup.manager [-] Deleting neutron.network object s_rally_1bb77c54_i69O4Uk0 (973229fe-1595-4f9a-ad74-0d37aa9f6bd4)
2019-06-14 12:10:12.818 21662 RALLYDEBUG rally_openstack.cleanup.manager [-] Deleting neutron.network object s_rally_1bb77c54_N8hGtHRC (a0771317-ed46-4753-9b5f-23cffc9f3b0c)
2019-06-14 12:10:12.981 21662 RALLYDEBUG rally_openstack.cleanup.manager [-] Deleting neutron.network object s_rally_1bb77c54_CFodKYNB (af55fb77-5da2-4c29-b4ad-53e25105a807)
2019-06-14 12:10:13.000 21662 RALLYDEBUG rally_openstack.cleanup.manager [-] Deleting neutron.network object s_rally_1bb77c54_ZRrjtjTu (b4008afc-0155-4a68-bebd-93e27536d3e2)
2019-06-14 12:10:13.020 21662 RALLYDEBUG rally_openstack.cleanup.manager [-] Deleting neutron.network object s_rally_1bb77c54_Za5Yl5Gm (b4a668cb-d19f-4554-ac3f-ee9644d25d8e)
2019-06-14 12:10:13.087 21662 RALLYDEBUG rally_openstack.cleanup.manager [-] Deleting neutron.network object s_rally_1bb77c54_n9ucXQhT (b4be7f8b-b8e7-4a46-b646-a66bd1a180c2)
2019-06-14 12:10:13.353 21662 RALLYDEBUG rally_openstack.cleanup.manager [-] Deleting neutron.network object s_rally_1bb77c54_zWrVCAfN (b5a0d8c5-8696-41f4-9df9-f4f009292294)
2019-06-14 12:10:13.381 21662 RALLYDEBUG rally_openstack.cleanup.manager [-] Deleting neutron.network object s_rally_1bb77c54_vuub0VpO (b7ac590e-2b11-4344-92e5-ee7344e87cca)
2019-06-14 12:10:13.425 21662 RALLYDEBUG rally_openstack.cleanup.manager [-] Deleting neutron.network object s_rally_1bb77c54_txybmtrM (c2d9420c-2fe3-4bf1-8ca9-22a5130ab7ad)
2019-06-14 12:10:13.448 21662 RALLYDEBUG rally_openstack.cleanup.manager [-] Deleting neutron.network object s_rally_1bb77c54_ktoej7as (c66560b5-4387-4c5f-ae4a-ad3dc9e1570c)
2019-06-14 12:10:13.540 21662 RALLYDEBUG rally_openstack.cleanup.manager [-] Deleting neutron.network object s_rally_1bb77c54_DqISkzA1 (ccf46b8b-7a40-4bac-a637-bd37b2f3ccf8)
2019-06-14 12:10:13.781 21662 RALLYDEBUG rally_openstack.cleanup.manager [-] Deleting neutron.network object s_rally_1bb77c54_dtN9xsBq (d29ca588-035c-463c-9147-d4cc3cb7dfdf)
2019-06-14 12:10:13.891 21662 RALLYDEBUG rally_openstack.cleanup.manager [-] Deleting neutron.network object s_rally_1bb77c54_Pa4DcsOQ (f025e720-6345-491e-8fe7-8d7f51d6ec72)
2019-06-14 12:10:13.895 21662 RALLYDEBUG rally_openstack.cleanup.manager [-] Deleting neutron.network object s_rally_1bb77c54_XV1TtZXH (df4c8889-15ed-4fc6-8f90-a4a937cb85af)
2019-06-14 12:10:13.898 21662 RALLYDEBUG rally_openstack.cleanup.manager [-] Deleting neutron.network object s_rally_1bb77c54_5nmbpmvA (ffe59ed9-a5ec-40a8-ab36-353a7d46714c)
2019-06-14 12:10:13.899 21662 RALLYDEBUG rally_openstack.cleanup.manager [-] Deleting neutron.network object s_rally_1bb77c54_7jiaj8p7 (d5ff7fdd-85d9-4ec3-94a7-53fecb47bbf2)
2019-06-14 12:10:13.899 21662 RALLYDEBUG rally_openstack.cleanup.manager [-] Deleting neutron.network object s_rally_1bb77c54_K1LMjJd4 (e0ec0535-23e7-48ff-a1b3-7e2a42fb85d6)
2019-06-14 12:10:16.637 21662 RALLYDEBUG rally_openstack.cleanup.manager [-] Cleaning up neutron router objects
2019-06-14 12:10:17.070 21662 RALLYDEBUG rally_openstack.cleanup.manager [-] Cleaning up neutron security_group objects
2019-06-14 12:10:17.497 21662 INFO rally.task.context [-] Task 92fd8303-2317-474a-9fe4-4b1292e2b3fe | Context cleanup@openstack cleanup() finished in 36.50 sec
2019-06-14 12:10:17.498 21662 INFO rally.task.context [-] Task 92fd8303-2317-474a-9fe4-4b1292e2b3fe | Context quotas@openstack cleanup() started
2019-06-14 12:10:17.582 21662 INFO rally.task.context [-] Task 92fd8303-2317-474a-9fe4-4b1292e2b3fe | Context quotas@openstack cleanup() finished in 83.97 msec
2019-06-14 12:10:17.583 21662 INFO rally.task.context [-] Task 92fd8303-2317-474a-9fe4-4b1292e2b3fe | Context users@openstack cleanup() started
2019-06-14 12:10:20.393 21662 INFO rally.task.context [-] Task 92fd8303-2317-474a-9fe4-4b1292e2b3fe | Context users@openstack cleanup() finished in 2.81 sec
2019-06-14 12:10:20.489 21662 INFO rally.task.engine [-] Load duration is: 24.0506
2019-06-14 12:10:20.490 21662 INFO rally.task.engine [-] Full runner duration is: 24.10107
2019-06-14 12:10:20.490 21662 INFO rally.task.engine [-] Full duration is: 66.34158
2019-06-14 12:10:20.785 21662 INFO rally.task.engine [-] Running workload: position = 2 config = { "version": 2, "title": "A cropped version of a bigger task.", "description": "Auto-generated task from a single workload (uuid=a81aacb8-466f-4ca2-ae33-4e4f2358d922)", "subtasks": [ { "title": "NeutronNetworks.create_and_delete_ports", "description": "Create and delete a port.", "scenario": { "NeutronNetworks.create_and_delete_ports": { "network_create_args": {}, "port_create_args": {}, "ports_per_network": 5 } }, "contexts": { "users": { "tenants": 1, "users_per_tenant": 1 }, "quotas": { "neutron": { "network": -1, "port": -1 } } }, "runner": { "constant": { "times": 40, "concurrency": 20 } }, "hooks": [], "sla": { "failure_rate": { "max": 0 } } } ] }
2019-06-14 12:10:20.811 21662 RALLYDEBUG rally_openstack.contexts.keystone.users [-] Creating 1 tenants using 20 threads
2019-06-14 12:10:21.747 21662 RALLYDEBUG rally_openstack.contexts.keystone.users [-] Creating 1 users using 20 threads
2019-06-14 12:10:23.136 21662 INFO rally.task.context [-] Task 92fd8303-2317-474a-9fe4-4b1292e2b3fe | Context users@openstack setup() finished in 2.33 sec
2019-06-14 12:10:23.622 21662 INFO rally.task.context [-] Task 92fd8303-2317-474a-9fe4-4b1292e2b3fe | Context quotas@openstack setup() finished in 0.48 sec
2019-06-14 12:10:23.622 21662 INFO rally.task.context [-] Task 92fd8303-2317-474a-9fe4-4b1292e2b3fe | Context cleanup@openstack setup() finished in 0.01 msec
2019-06-14 12:10:23.631 21662 RALLYDEBUG rally.task.runner [-] Starting the constant runner (task UUID: 92fd8303-2317-474a-9fe4-4b1292e2b3fe). timeout: 0 concurrency: 20 concurrency_per_worker: 1 times: 40 concurrency_overhead: 4 processes_to_start: 16 max_cpu_used: 16
2019-06-14 12:10:23.644 25908 RALLYDEBUG rally.task.runner [-] Starting a worker. concurrency: 2 args: {"network_create_args": {}, "port_create_args": {}, "ports_per_network": 5} times: 40 method_name: run timeout: 0 duration: None cls:
2019-06-14 12:10:23.648 25909 RALLYDEBUG rally.task.runner [-] Starting a worker. concurrency: 2 args: {"network_create_args": {}, "port_create_args": {}, "ports_per_network": 5} times: 40 method_name: run timeout: 0 duration: None cls:
2019-06-14 12:10:23.651 25910 RALLYDEBUG rally.task.runner [-] Starting a worker. concurrency: 2 args: {"network_create_args": {}, "port_create_args": {}, "ports_per_network": 5} times: 40 method_name: run timeout: 0 duration: None cls:
2019-06-14 12:10:23.653 25908 INFO rally.task.runner [-] Task 92fd8303-2317-474a-9fe4-4b1292e2b3fe | ITER: 1 START
2019-06-14 12:10:23.654 25911 RALLYDEBUG rally.task.runner [-] Starting a worker. concurrency: 2 args: {"network_create_args": {}, "port_create_args": {}, "ports_per_network": 5} times: 40 method_name: run timeout: 0 duration: None cls:
2019-06-14 12:10:23.655 25908 WARNING rally_openstack.scenarios.neutron.utils [-] Running this scenario without either the 'network' or 'existing_network' context is deprecated
2019-06-14 12:10:23.658 25913 RALLYDEBUG rally.task.runner [-] Starting a worker. concurrency: 1 args: {"network_create_args": {}, "port_create_args": {}, "ports_per_network": 5} times: 40 method_name: run timeout: 0 duration: None cls:
2019-06-14 12:10:23.659 25909 INFO rally.task.runner [-] Task 92fd8303-2317-474a-9fe4-4b1292e2b3fe | ITER: 2 START
2019-06-14 12:10:23.661 25909 WARNING rally_openstack.scenarios.neutron.utils [-] Running this scenario without either the 'network' or 'existing_network' context is deprecated
2019-06-14 12:10:23.662 25908 INFO rally.task.runner [-] Task 92fd8303-2317-474a-9fe4-4b1292e2b3fe | ITER: 3 START
2019-06-14 12:10:23.662 25910 INFO rally.task.runner [-] Task 92fd8303-2317-474a-9fe4-4b1292e2b3fe | ITER: 4 START
2019-06-14 12:10:23.662 25916 RALLYDEBUG rally.task.runner [-] Starting a worker. concurrency: 1 args: {"network_create_args": {}, "port_create_args": {}, "ports_per_network": 5} times: 40 method_name: run timeout: 0 duration: None cls:
2019-06-14 12:10:23.663 25911 INFO rally.task.runner [-] Task 92fd8303-2317-474a-9fe4-4b1292e2b3fe | ITER: 6 START
2019-06-14 12:10:23.664 25910 WARNING rally_openstack.scenarios.neutron.utils [-] Running this scenario without either the 'network' or 'existing_network' context is deprecated
2019-06-14 12:10:23.664 25909 INFO rally.task.runner [-] Task 92fd8303-2317-474a-9fe4-4b1292e2b3fe | ITER: 5 START
2019-06-14 12:10:23.665 25913 INFO rally.task.runner [-] Task 92fd8303-2317-474a-9fe4-4b1292e2b3fe | ITER: 9 START
2019-06-14 12:10:23.665 25911 WARNING rally_openstack.scenarios.neutron.utils [-] Running this scenario without either the 'network' or 'existing_network' context is deprecated
2019-06-14 12:10:23.667 25913 WARNING rally_openstack.scenarios.neutron.utils [-] Running this scenario without either the 'network' or 'existing_network' context is deprecated
2019-06-14 12:10:23.666 25919 RALLYDEBUG rally.task.runner [-] Starting a worker. concurrency: 1 args: {"network_create_args": {}, "port_create_args": {}, "ports_per_network": 5} times: 40 method_name: run timeout: 0 duration: None cls:
2019-06-14 12:10:23.667 25924 RALLYDEBUG rally.task.runner [-] Starting a worker. concurrency: 1 args: {"network_create_args": {}, "port_create_args": {}, "ports_per_network": 5} times: 40 method_name: run timeout: 0 duration: None cls:
2019-06-14 12:10:23.670 25916 INFO rally.task.runner [-] Task 92fd8303-2317-474a-9fe4-4b1292e2b3fe | ITER: 10 START
2019-06-14 12:10:23.663 25908 WARNING rally_openstack.scenarios.neutron.utils [-] Running this scenario without either the 'network' or 'existing_network' context is deprecated
2019-06-14 12:10:23.672 25916 WARNING rally_openstack.scenarios.neutron.utils [-] Running this scenario without either the 'network' or 'existing_network' context is deprecated
2019-06-14 12:10:23.671 25928 RALLYDEBUG rally.task.runner [-] Starting a worker. concurrency: 1 args: {"network_create_args": {}, "port_create_args": {}, "ports_per_network": 5} times: 40 method_name: run timeout: 0 duration: None cls:
2019-06-14 12:10:23.673 25924 INFO rally.task.runner [-] Task 92fd8303-2317-474a-9fe4-4b1292e2b3fe | ITER: 12 START
2019-06-14 12:10:23.675 25924 WARNING rally_openstack.scenarios.neutron.utils [-] Running this scenario without either the 'network' or 'existing_network' context is deprecated
2019-06-14 12:10:23.672 25910 INFO rally.task.runner [-] Task 92fd8303-2317-474a-9fe4-4b1292e2b3fe | ITER: 7 START
2019-06-14 12:10:23.674 25909 WARNING rally_openstack.scenarios.neutron.utils [-] Running this scenario without either the 'network' or 'existing_network' context is deprecated
2019-06-14 12:10:23.675 25910 WARNING rally_openstack.scenarios.neutron.utils [-] Running this scenario without either the 'network' or 'existing_network' context is deprecated
2019-06-14 12:10:23.676 25919 INFO rally.task.runner [-] Task 92fd8303-2317-474a-9fe4-4b1292e2b3fe | ITER: 11 START
2019-06-14 12:10:23.679 25919 WARNING rally_openstack.scenarios.neutron.utils [-] Running this scenario without either the 'network' or 'existing_network' context is deprecated
2019-06-14 12:10:23.679 25928 INFO rally.task.runner [-] Task 92fd8303-2317-474a-9fe4-4b1292e2b3fe | ITER: 13 START
2019-06-14 12:10:23.678 25911 INFO rally.task.runner [-] Task 92fd8303-2317-474a-9fe4-4b1292e2b3fe | ITER: 8 START
2019-06-14 12:10:23.681 25928 WARNING rally_openstack.scenarios.neutron.utils [-] Running this scenario without either the 'network' or 'existing_network' context is deprecated
2019-06-14 12:10:23.680 25911 WARNING rally_openstack.scenarios.neutron.utils [-] Running this scenario without either the 'network' or 'existing_network' context is deprecated
2019-06-14 12:10:23.683 25933 RALLYDEBUG rally.task.runner [-] Starting a worker. concurrency: 1 args: {"network_create_args": {}, "port_create_args": {}, "ports_per_network": 5} times: 40 method_name: run timeout: 0 duration: None cls:
2019-06-14 12:10:23.686 25940 RALLYDEBUG rally.task.runner [-] Starting a worker. concurrency: 1 args: {"network_create_args": {}, "port_create_args": {}, "ports_per_network": 5} times: 40 method_name: run timeout: 0 duration: None cls:
2019-06-14 12:10:23.691 25933 INFO rally.task.runner [-] Task 92fd8303-2317-474a-9fe4-4b1292e2b3fe | ITER: 14 START
2019-06-14 12:10:23.692 25933 WARNING rally_openstack.scenarios.neutron.utils [-] Running this scenario without either the 'network' or 'existing_network' context is deprecated
2019-06-14 12:10:23.693 25940 INFO rally.task.runner [-] Task 92fd8303-2317-474a-9fe4-4b1292e2b3fe | ITER: 15 START
2019-06-14 12:10:23.696 25940 WARNING rally_openstack.scenarios.neutron.utils [-] Running this scenario without either the 'network' or 'existing_network' context is deprecated
2019-06-14 12:10:23.700 25944 RALLYDEBUG rally.task.runner [-] Starting a worker. concurrency: 1 args: {"network_create_args": {}, "port_create_args": {}, "ports_per_network": 5} times: 40 method_name: run timeout: 0 duration: None cls:
2019-06-14 12:10:23.707 25944 INFO rally.task.runner [-] Task 92fd8303-2317-474a-9fe4-4b1292e2b3fe | ITER: 16 START
2019-06-14 12:10:23.708 25946 RALLYDEBUG rally.task.runner [-] Starting a worker. concurrency: 1 args: {"network_create_args": {}, "port_create_args": {}, "ports_per_network": 5} times: 40 method_name: run timeout: 0 duration: None cls:
2019-06-14 12:10:23.709 25944 WARNING rally_openstack.scenarios.neutron.utils [-] Running this scenario without either the 'network' or 'existing_network' context is deprecated
2019-06-14 12:10:23.715 25946 INFO rally.task.runner [-] Task 92fd8303-2317-474a-9fe4-4b1292e2b3fe | ITER: 17 START
2019-06-14 12:10:23.716 25946 WARNING rally_openstack.scenarios.neutron.utils [-] Running this scenario without either the 'network' or 'existing_network' context is deprecated
2019-06-14 12:10:23.717 25949 RALLYDEBUG rally.task.runner [-] Starting a worker. concurrency: 1 args: {"network_create_args": {}, "port_create_args": {}, "ports_per_network": 5} times: 40 method_name: run timeout: 0 duration: None cls:
2019-06-14 12:10:23.720 25952 RALLYDEBUG rally.task.runner [-] Starting a worker. concurrency: 1 args: {"network_create_args": {}, "port_create_args": {}, "ports_per_network": 5} times: 40 method_name: run timeout: 0 duration: None cls:
2019-06-14 12:10:23.723 25949 INFO rally.task.runner [-] Task 92fd8303-2317-474a-9fe4-4b1292e2b3fe | ITER: 18 START
2019-06-14 12:10:23.724 25949 WARNING rally_openstack.scenarios.neutron.utils [-] Running this scenario without either the 'network' or 'existing_network' context is deprecated
2019-06-14 12:10:23.725 25952 INFO rally.task.runner [-] Task 92fd8303-2317-474a-9fe4-4b1292e2b3fe | ITER: 19 START
2019-06-14 12:10:23.725 25953 RALLYDEBUG rally.task.runner [-] Starting a worker. concurrency: 1 args: {"network_create_args": {}, "port_create_args": {}, "ports_per_network": 5} times: 40 method_name: run timeout: 0 duration: None cls:
2019-06-14 12:10:23.726 25952 WARNING rally_openstack.scenarios.neutron.utils [-] Running this scenario without either the 'network' or 'existing_network' context is deprecated
2019-06-14 12:10:23.730 25953 INFO rally.task.runner [-] Task 92fd8303-2317-474a-9fe4-4b1292e2b3fe | ITER: 20 START
2019-06-14 12:10:23.732 25953 WARNING rally_openstack.scenarios.neutron.utils [-] Running this scenario without either the 'network' or 'existing_network' context is deprecated
2019-06-14 12:10:32.496 25909 INFO rally.task.runner [-] Task 92fd8303-2317-474a-9fe4-4b1292e2b3fe | ITER: 2 END: OK
2019-06-14 12:10:32.501 25909 INFO rally.task.runner [-] Task 92fd8303-2317-474a-9fe4-4b1292e2b3fe | ITER: 21 START
2019-06-14 12:10:32.501 25909 WARNING rally_openstack.scenarios.neutron.utils [-] Running this scenario without either the 'network' or 'existing_network' context is deprecated
2019-06-14 12:10:34.612 25940 INFO rally.task.runner [-] Task 92fd8303-2317-474a-9fe4-4b1292e2b3fe | ITER: 15 END: OK
2019-06-14 12:10:34.616 25940 INFO rally.task.runner [-] Task 92fd8303-2317-474a-9fe4-4b1292e2b3fe | ITER: 22 START
2019-06-14 12:10:34.617 25940 WARNING rally_openstack.scenarios.neutron.utils [-] Running this scenario without either the 'network' or 'existing_network' context is deprecated
2019-06-14 12:10:34.667 25908 INFO rally.task.runner [-] Task 92fd8303-2317-474a-9fe4-4b1292e2b3fe | ITER: 3 END: OK
2019-06-14 12:10:34.671 25908 INFO rally.task.runner [-] Task 92fd8303-2317-474a-9fe4-4b1292e2b3fe | ITER: 23 START
2019-06-14 12:10:34.672 25908 WARNING rally_openstack.scenarios.neutron.utils [-] Running this scenario without either the 'network' or 'existing_network' context is deprecated
2019-06-14 12:10:34.902 25910 INFO rally.task.runner [-] Task 92fd8303-2317-474a-9fe4-4b1292e2b3fe | ITER: 7 END: OK
2019-06-14 12:10:34.907 25910 INFO rally.task.runner [-] Task 92fd8303-2317-474a-9fe4-4b1292e2b3fe | ITER: 24 START
2019-06-14 12:10:34.908 25910 WARNING rally_openstack.scenarios.neutron.utils [-] Running this scenario without either the 'network' or 'existing_network' context is deprecated
2019-06-14 12:10:35.321 25953 INFO rally.task.runner [-] Task 92fd8303-2317-474a-9fe4-4b1292e2b3fe | ITER: 20 END: OK
2019-06-14 12:10:35.326 25953 INFO rally.task.runner [-] Task 92fd8303-2317-474a-9fe4-4b1292e2b3fe | ITER: 25 START
2019-06-14 12:10:35.327 25953 WARNING rally_openstack.scenarios.neutron.utils [-] Running this scenario without either the 'network' or 'existing_network' context is deprecated
2019-06-14 12:10:35.733 25949 INFO rally.task.runner [-] Task 92fd8303-2317-474a-9fe4-4b1292e2b3fe | ITER: 18 END: OK
2019-06-14 12:10:35.737 25949 INFO rally.task.runner [-] Task 92fd8303-2317-474a-9fe4-4b1292e2b3fe | ITER: 26 START
2019-06-14 12:10:35.738 25949 WARNING rally_openstack.scenarios.neutron.utils [-] Running this scenario without either the 'network' or 'existing_network' context is deprecated
2019-06-14 12:10:35.751 25952 INFO rally.task.runner [-] Task 92fd8303-2317-474a-9fe4-4b1292e2b3fe | ITER: 19 END: OK
2019-06-14 12:10:35.755 25952 INFO rally.task.runner [-] Task 92fd8303-2317-474a-9fe4-4b1292e2b3fe | ITER: 27 START
2019-06-14 12:10:35.756 25952 WARNING rally_openstack.scenarios.neutron.utils [-] Running this scenario without either the 'network' or 'existing_network' context is deprecated
2019-06-14 12:10:36.305 25944 INFO rally.task.runner [-] Task 92fd8303-2317-474a-9fe4-4b1292e2b3fe | ITER: 16 END: OK
2019-06-14 12:10:36.309 25944 INFO rally.task.runner [-] Task 92fd8303-2317-474a-9fe4-4b1292e2b3fe | ITER: 28 START
2019-06-14 12:10:36.310 25944 WARNING rally_openstack.scenarios.neutron.utils [-] Running this scenario without either the 'network' or 'existing_network' context is deprecated
2019-06-14 12:10:36.454 25908 INFO rally.task.runner [-] Task 92fd8303-2317-474a-9fe4-4b1292e2b3fe | ITER: 1 END: OK
2019-06-14 12:10:36.458 25908 INFO rally.task.runner [-] Task 92fd8303-2317-474a-9fe4-4b1292e2b3fe | ITER: 29 START
2019-06-14 12:10:36.459 25908 WARNING rally_openstack.scenarios.neutron.utils [-] Running this scenario without either the 'network' or 'existing_network' context is deprecated
2019-06-14 12:10:36.751 25928 INFO rally.task.runner [-] Task 92fd8303-2317-474a-9fe4-4b1292e2b3fe | ITER: 13 END: OK
2019-06-14 12:10:36.756 25928 INFO rally.task.runner [-] Task 92fd8303-2317-474a-9fe4-4b1292e2b3fe | ITER: 30 START
2019-06-14 12:10:36.756 25928 WARNING rally_openstack.scenarios.neutron.utils [-] Running this scenario without either the 'network' or 'existing_network' context is deprecated
2019-06-14 12:10:37.117 25916 INFO rally.task.runner [-] Task 92fd8303-2317-474a-9fe4-4b1292e2b3fe | ITER: 10 END: OK
2019-06-14 12:10:37.122 25916 INFO rally.task.runner [-] Task 92fd8303-2317-474a-9fe4-4b1292e2b3fe | ITER: 31 START
2019-06-14 12:10:37.123 25916 WARNING rally_openstack.scenarios.neutron.utils [-] Running this scenario without either the 'network' or 'existing_network' context is deprecated
2019-06-14 12:10:37.686 25911 INFO rally.task.runner [-] Task 92fd8303-2317-474a-9fe4-4b1292e2b3fe | ITER: 6 END: OK
2019-06-14 12:10:37.691 25911 INFO rally.task.runner [-] Task 92fd8303-2317-474a-9fe4-4b1292e2b3fe | ITER: 32 START
2019-06-14 12:10:37.692 25911 WARNING rally_openstack.scenarios.neutron.utils [-] Running this scenario without either the 'network' or 'existing_network' context is deprecated
2019-06-14 12:10:37.993 25909 INFO rally.task.runner [-] Task 92fd8303-2317-474a-9fe4-4b1292e2b3fe | ITER: 5 END: OK
2019-06-14 12:10:37.997 25909 INFO rally.task.runner [-] Task 92fd8303-2317-474a-9fe4-4b1292e2b3fe | ITER: 33 START
2019-06-14 12:10:37.998 25909 WARNING rally_openstack.scenarios.neutron.utils [-] Running this scenario without either the 'network' or 'existing_network' context is deprecated
2019-06-14 12:10:38.009 25924 INFO rally.task.runner [-] Task 92fd8303-2317-474a-9fe4-4b1292e2b3fe | ITER: 12 END: OK
2019-06-14 12:10:38.014 25924 INFO rally.task.runner [-] Task 92fd8303-2317-474a-9fe4-4b1292e2b3fe | ITER: 34 START
2019-06-14 12:10:38.015 25924 WARNING rally_openstack.scenarios.neutron.utils [-] Running this scenario without either the 'network' or 'existing_network' context is deprecated
2019-06-14 12:10:38.320 25919 INFO rally.task.runner [-] Task 92fd8303-2317-474a-9fe4-4b1292e2b3fe | ITER: 11 END: OK
2019-06-14 12:10:38.325 25919 INFO rally.task.runner [-] Task 92fd8303-2317-474a-9fe4-4b1292e2b3fe | ITER: 35 START
2019-06-14 12:10:38.326 25919 WARNING rally_openstack.scenarios.neutron.utils [-] Running this scenario without either the 'network' or 'existing_network' context is deprecated
2019-06-14 12:10:38.414 25911 INFO rally.task.runner [-] Task 92fd8303-2317-474a-9fe4-4b1292e2b3fe | ITER: 8 END: OK
2019-06-14 12:10:38.418 25911 INFO rally.task.runner [-] Task 92fd8303-2317-474a-9fe4-4b1292e2b3fe | ITER: 36 START
2019-06-14 12:10:38.419 25911 WARNING rally_openstack.scenarios.neutron.utils [-] Running this scenario without either the 'network' or 'existing_network' context is deprecated
2019-06-14 12:10:38.806 25946 INFO rally.task.runner [-] Task 92fd8303-2317-474a-9fe4-4b1292e2b3fe | ITER: 17 END: OK
2019-06-14 12:10:38.811 25946 INFO rally.task.runner [-] Task 92fd8303-2317-474a-9fe4-4b1292e2b3fe | ITER: 37 START
2019-06-14 12:10:38.812 25946 WARNING rally_openstack.scenarios.neutron.utils [-] Running this scenario without either the 'network' or 'existing_network' context is deprecated
2019-06-14 12:10:38.812 25913 INFO rally.task.runner [-] Task 92fd8303-2317-474a-9fe4-4b1292e2b3fe | ITER: 9 END: OK
2019-06-14 12:10:38.817 25913 INFO rally.task.runner [-] Task 92fd8303-2317-474a-9fe4-4b1292e2b3fe | ITER: 38 START
2019-06-14 12:10:38.817 25913 WARNING rally_openstack.scenarios.neutron.utils [-] Running this scenario without either the 'network' or 'existing_network' context is deprecated
