2019-06-14 12:01:15.017 23760 WARNING rally_openstack.scenarios.neutron.utils [-] Running this scenario without either the 'network' or 'existing_network' context is deprecated
2019-06-14 12:01:15.015 23758 INFO rally.task.runner [-] Task 92fd8303-2317-474a-9fe4-4b1292e2b3fe | ITER: 7 START
2019-06-14 12:01:15.018 23758 WARNING rally_openstack.scenarios.neutron.utils [-] Running this scenario without either the 'network' or 'existing_network' context is deprecated
2019-06-14 12:01:15.019 23756 WARNING rally_openstack.scenarios.neutron.utils [-] Running this scenario without either the 'network' or 'existing_network' context is deprecated
2019-06-14 12:01:15.021 23765 INFO rally.task.runner [-] Task 92fd8303-2317-474a-9fe4-4b1292e2b3fe | ITER: 10 START
2019-06-14 12:01:15.021 23772 RALLYDEBUG rally.task.runner [-] Starting a worker. concurrency: 1 args: {"network_create_args": {}, "subnet_create_args": {}, "subnet_cidr_start": "1.1.0.0/30", "subnets_per_network": 2} times: 40 method_name: run timeout: 0 duration: None cls:
2019-06-14 12:01:15.022 23776 RALLYDEBUG rally.task.runner [-] Starting a worker. concurrency: 1 args: {"network_create_args": {}, "subnet_create_args": {}, "subnet_cidr_start": "1.1.0.0/30", "subnets_per_network": 2} times: 40 method_name: run timeout: 0 duration: None cls:
2019-06-14 12:01:15.023 23765 WARNING rally_openstack.scenarios.neutron.utils [-] Running this scenario without either the 'network' or 'existing_network' context is deprecated
2019-06-14 12:01:15.026 23768 INFO rally.task.runner [-] Task 92fd8303-2317-474a-9fe4-4b1292e2b3fe | ITER: 11 START
2019-06-14 12:01:15.027 23757 INFO rally.task.runner [-] Task 92fd8303-2317-474a-9fe4-4b1292e2b3fe | ITER: 5 START
2019-06-14 12:01:15.028 23768 WARNING rally_openstack.scenarios.neutron.utils [-] Running this scenario without either the 'network' or 'existing_network' context is deprecated
2019-06-14 12:01:15.028 23757 WARNING rally_openstack.scenarios.neutron.utils [-] Running this scenario without either the 'network' or 'existing_network' context is deprecated
2019-06-14 12:01:15.029 23776 INFO rally.task.runner [-] Task 92fd8303-2317-474a-9fe4-4b1292e2b3fe | ITER: 13 START
2019-06-14 12:01:15.029 23759 INFO rally.task.runner [-] Task 92fd8303-2317-474a-9fe4-4b1292e2b3fe | ITER: 9 START
2019-06-14 12:01:15.029 23759 WARNING rally_openstack.scenarios.neutron.utils [-] Running this scenario without either the 'network' or 'existing_network' context is deprecated
2019-06-14 12:01:15.030 23776 WARNING rally_openstack.scenarios.neutron.utils [-] Running this scenario without either the 'network' or 'existing_network' context is deprecated
2019-06-14 12:01:15.031 23781 RALLYDEBUG rally.task.runner [-] Starting a worker. concurrency: 1 args: {"network_create_args": {}, "subnet_create_args": {}, "subnet_cidr_start": "1.1.0.0/30", "subnets_per_network": 2} times: 40 method_name: run timeout: 0 duration: None cls:
2019-06-14 12:01:15.034 23772 INFO rally.task.runner [-] Task 92fd8303-2317-474a-9fe4-4b1292e2b3fe | ITER: 12 START
2019-06-14 12:01:15.037 23772 WARNING rally_openstack.scenarios.neutron.utils [-] Running this scenario without either the 'network' or 'existing_network' context is deprecated
2019-06-14 12:01:15.037 23788 RALLYDEBUG rally.task.runner [-] Starting a worker. concurrency: 1 args: {"network_create_args": {}, "subnet_create_args": {}, "subnet_cidr_start": "1.1.0.0/30", "subnets_per_network": 2} times: 40 method_name: run timeout: 0 duration: None cls:
2019-06-14 12:01:15.039 23781 INFO rally.task.runner [-] Task 92fd8303-2317-474a-9fe4-4b1292e2b3fe | ITER: 14 START
2019-06-14 12:01:15.041 23781 WARNING rally_openstack.scenarios.neutron.utils [-] Running this scenario without either the 'network' or 'existing_network' context is deprecated
2019-06-14 12:01:15.044 23788 INFO rally.task.runner [-] Task 92fd8303-2317-474a-9fe4-4b1292e2b3fe | ITER: 15 START
2019-06-14 12:01:15.046 23788 WARNING rally_openstack.scenarios.neutron.utils [-] Running this scenario without either the 'network' or 'existing_network' context is deprecated
2019-06-14 12:01:15.049 23791 RALLYDEBUG rally.task.runner [-] Starting a worker. concurrency: 1 args: {"network_create_args": {}, "subnet_create_args": {}, "subnet_cidr_start": "1.1.0.0/30", "subnets_per_network": 2} times: 40 method_name: run timeout: 0 duration: None cls:
2019-06-14 12:01:15.056 23794 RALLYDEBUG rally.task.runner [-] Starting a worker. concurrency: 1 args: {"network_create_args": {}, "subnet_create_args": {}, "subnet_cidr_start": "1.1.0.0/30", "subnets_per_network": 2} times: 40 method_name: run timeout: 0 duration: None cls:
2019-06-14 12:01:15.057 23791 INFO rally.task.runner [-] Task 92fd8303-2317-474a-9fe4-4b1292e2b3fe | ITER: 16 START
2019-06-14 12:01:15.058 23791 WARNING rally_openstack.scenarios.neutron.utils [-] Running this scenario without either the 'network' or 'existing_network' context is deprecated
2019-06-14 12:01:15.062 23794 INFO rally.task.runner [-] Task 92fd8303-2317-474a-9fe4-4b1292e2b3fe | ITER: 17 START
2019-06-14 12:01:15.062 23796 RALLYDEBUG rally.task.runner [-] Starting a worker. concurrency: 1 args: {"network_create_args": {}, "subnet_create_args": {}, "subnet_cidr_start": "1.1.0.0/30", "subnets_per_network": 2} times: 40 method_name: run timeout: 0 duration: None cls:
2019-06-14 12:01:15.064 23794 WARNING rally_openstack.scenarios.neutron.utils [-] Running this scenario without either the 'network' or 'existing_network' context is deprecated
2019-06-14 12:01:15.068 23796 INFO rally.task.runner [-] Task 92fd8303-2317-474a-9fe4-4b1292e2b3fe | ITER: 18 START
2019-06-14 12:01:15.070 23796 WARNING rally_openstack.scenarios.neutron.utils [-] Running this scenario without either the 'network' or 'existing_network' context is deprecated
2019-06-14 12:01:15.070 23800 RALLYDEBUG rally.task.runner [-] Starting a worker. concurrency: 1 args: {"network_create_args": {}, "subnet_create_args": {}, "subnet_cidr_start": "1.1.0.0/30", "subnets_per_network": 2} times: 40 method_name: run timeout: 0 duration: None cls:
2019-06-14 12:01:15.076 23800 INFO rally.task.runner [-] Task 92fd8303-2317-474a-9fe4-4b1292e2b3fe | ITER: 19 START
2019-06-14 12:01:15.077 23800 WARNING rally_openstack.scenarios.neutron.utils [-] Running this scenario without either the 'network' or 'existing_network' context is deprecated
2019-06-14 12:01:15.077 23803 RALLYDEBUG rally.task.runner [-] Starting a worker. concurrency: 1 args: {"network_create_args": {}, "subnet_create_args": {}, "subnet_cidr_start": "1.1.0.0/30", "subnets_per_network": 2} times: 40 method_name: run timeout: 0 duration: None cls:
2019-06-14 12:01:15.083 23803 INFO rally.task.runner [-] Task 92fd8303-2317-474a-9fe4-4b1292e2b3fe | ITER: 20 START
2019-06-14 12:01:15.084 23803 WARNING rally_openstack.scenarios.neutron.utils [-] Running this scenario without either the 'network' or 'existing_network' context is deprecated
2019-06-14 12:01:15.855 23772 RALLYDEBUG rally_openstack.wrappers.network [-] CIDR generated: 1.1.4.96/30
2019-06-14 12:01:15.917 23759 RALLYDEBUG rally_openstack.wrappers.network [-] CIDR generated: 1.1.4.100/30
2019-06-14 12:01:15.940 23781 RALLYDEBUG rally_openstack.wrappers.network [-] CIDR generated: 1.1.4.104/30
2019-06-14 12:01:15.999 23756 RALLYDEBUG rally_openstack.wrappers.network [-] CIDR generated: 1.1.4.108/30
2019-06-14 12:01:16.010 23765 RALLYDEBUG rally_openstack.wrappers.network [-] CIDR generated: 1.1.4.112/30
2019-06-14 12:01:16.048 23768 RALLYDEBUG rally_openstack.wrappers.network [-] CIDR generated: 1.1.4.116/30
2019-06-14 12:01:16.049 23757 RALLYDEBUG rally_openstack.wrappers.network [-] CIDR generated: 1.1.4.120/30
2019-06-14 12:01:16.097 23760 RALLYDEBUG rally_openstack.wrappers.network [-] CIDR generated: 1.1.4.124/30
2019-06-14 12:01:16.100 23758 RALLYDEBUG rally_openstack.wrappers.network [-] CIDR generated: 1.1.4.128/30
2019-06-14 12:01:16.121 23756 RALLYDEBUG rally_openstack.wrappers.network [-] CIDR generated: 1.1.4.132/30
2019-06-14 12:01:16.150 23776 RALLYDEBUG rally_openstack.wrappers.network [-] CIDR generated: 1.1.4.136/30
2019-06-14 12:01:16.154 23757 RALLYDEBUG rally_openstack.wrappers.network [-] CIDR generated: 1.1.4.140/30
2019-06-14 12:01:16.245 23800 RALLYDEBUG rally_openstack.wrappers.network [-] CIDR generated: 1.1.4.144/30
2019-06-14 12:01:16.374 23758 RALLYDEBUG rally_openstack.wrappers.network [-] CIDR generated: 1.1.4.148/30
2019-06-14 12:01:16.513 23796 RALLYDEBUG rally_openstack.wrappers.network [-] CIDR generated: 1.1.4.152/30
2019-06-14 12:01:16.632 23791 RALLYDEBUG rally_openstack.wrappers.network [-] CIDR generated: 1.1.4.156/30
2019-06-14 12:01:16.634 23788 RALLYDEBUG rally_openstack.wrappers.network [-] CIDR generated: 1.1.4.160/30
2019-06-14 12:01:16.769 23803 RALLYDEBUG rally_openstack.wrappers.network [-] CIDR generated: 1.1.4.164/30
2019-06-14 12:01:16.838 23759 RALLYDEBUG rally_openstack.wrappers.network [-] CIDR generated: 1.1.4.168/30
2019-06-14 12:01:16.846 23794 RALLYDEBUG rally_openstack.wrappers.network [-] CIDR generated: 1.1.4.172/30
2019-06-14 12:01:16.885 23756 RALLYDEBUG rally_openstack.wrappers.network [-] CIDR generated: 1.1.4.176/30
2019-06-14 12:01:17.398 23758 RALLYDEBUG rally_openstack.wrappers.network [-] CIDR generated: 1.1.4.180/30
2019-06-14 12:01:17.410 23772 RALLYDEBUG rally_openstack.wrappers.network [-] CIDR generated: 1.1.4.184/30
2019-06-14 12:01:17.479 23768 RALLYDEBUG rally_openstack.wrappers.network [-] CIDR generated: 1.1.4.188/30
2019-06-14 12:01:17.612 23800 RALLYDEBUG rally_openstack.wrappers.network [-] CIDR generated: 1.1.4.192/30
2019-06-14 12:01:17.722 23759 RALLYDEBUG rally_openstack.wrappers.network [-] CIDR generated: 1.1.4.196/30
2019-06-14 12:01:17.883 23760 RALLYDEBUG rally_openstack.wrappers.network [-] CIDR generated: 1.1.4.200/30
2019-06-14 12:01:18.168 23794 RALLYDEBUG rally_openstack.wrappers.network [-] CIDR generated: 1.1.4.204/30
2019-06-14 12:01:18.191 23788 RALLYDEBUG rally_openstack.wrappers.network [-] CIDR generated: 1.1.4.208/30
2019-06-14 12:01:18.193 23781 RALLYDEBUG rally_openstack.wrappers.network [-] CIDR generated: 1.1.4.212/30
2019-06-14 12:01:18.233 23757 RALLYDEBUG rally_openstack.wrappers.network [-] CIDR generated: 1.1.4.216/30
2019-06-14 12:01:18.296 23776 RALLYDEBUG rally_openstack.wrappers.network [-] CIDR generated: 1.1.4.220/30
2019-06-14 12:01:18.538 23759 RALLYDEBUG rally_openstack.wrappers.network [-] CIDR generated: 1.1.4.224/30
2019-06-14 12:01:18.579 23765 RALLYDEBUG rally_openstack.wrappers.network [-] CIDR generated: 1.1.4.228/30
2019-06-14 12:01:18.743 23758 RALLYDEBUG rally_openstack.wrappers.network [-] CIDR generated: 1.1.4.232/30
2019-06-14 12:01:18.779 23796 RALLYDEBUG rally_openstack.wrappers.network [-] CIDR generated: 1.1.4.236/30
2019-06-14 12:01:18.967 23756 RALLYDEBUG rally_openstack.wrappers.network [-] CIDR generated: 1.1.4.240/30
2019-06-14 12:01:19.650 23757 RALLYDEBUG rally_openstack.wrappers.network [-] CIDR generated: 1.1.4.244/30
2019-06-14 12:01:19.686 23803 RALLYDEBUG rally_openstack.wrappers.network [-] CIDR generated: 1.1.4.248/30
2019-06-14 12:01:20.006 23791 RALLYDEBUG rally_openstack.wrappers.network [-] CIDR generated: 1.1.4.252/30
2019-06-14 12:01:21.262 23781 INFO rally.task.runner [-] Task 92fd8303-2317-474a-9fe4-4b1292e2b3fe | ITER: 14 END: OK
2019-06-14 12:01:21.268 23781 INFO rally.task.runner [-] Task 92fd8303-2317-474a-9fe4-4b1292e2b3fe | ITER: 21 START
2019-06-14 12:01:21.268 23781 WARNING rally_openstack.scenarios.neutron.utils [-] Running this scenario without either the 'network' or 'existing_network' context is deprecated
2019-06-14 12:01:22.096 23781 RALLYDEBUG rally_openstack.wrappers.network [-] CIDR generated: 1.1.5.0/30
2019-06-14 12:01:22.253 23776 INFO rally.task.runner [-] Task 92fd8303-2317-474a-9fe4-4b1292e2b3fe | ITER: 13 END: OK
2019-06-14 12:01:22.258 23776 INFO rally.task.runner [-] Task 92fd8303-2317-474a-9fe4-4b1292e2b3fe | ITER: 22 START
2019-06-14 12:01:22.258 23776 WARNING rally_openstack.scenarios.neutron.utils [-] Running this scenario without either the 'network' or 'existing_network' context is deprecated
2019-06-14 12:01:22.450 23803 INFO rally.task.runner [-] Task 92fd8303-2317-474a-9fe4-4b1292e2b3fe | ITER: 20 END: OK
2019-06-14 12:01:22.454 23803 INFO rally.task.runner [-] Task 92fd8303-2317-474a-9fe4-4b1292e2b3fe | ITER: 23 START
2019-06-14 12:01:22.454 23803 WARNING rally_openstack.scenarios.neutron.utils [-] Running this scenario without either the 'network' or 'existing_network' context is deprecated
2019-06-14 12:01:23.036 23776 RALLYDEBUG rally_openstack.wrappers.network [-] CIDR generated: 1.1.5.4/30
2019-06-14 12:01:23.200 23796 INFO rally.task.runner [-] Task 92fd8303-2317-474a-9fe4-4b1292e2b3fe | ITER: 18 END: OK
2019-06-14 12:01:23.203 23796 INFO rally.task.runner [-] Task 92fd8303-2317-474a-9fe4-4b1292e2b3fe | ITER: 24 START
2019-06-14 12:01:23.204 23796 WARNING rally_openstack.scenarios.neutron.utils [-] Running this scenario without either the 'network' or 'existing_network' context is deprecated
2019-06-14 12:01:23.251 23803 RALLYDEBUG rally_openstack.wrappers.network [-] CIDR generated: 1.1.5.8/30
2019-06-14 12:01:23.344 23759 INFO rally.task.runner [-] Task 92fd8303-2317-474a-9fe4-4b1292e2b3fe | ITER: 9 END: OK
2019-06-14 12:01:23.348 23759 INFO rally.task.runner [-] Task 92fd8303-2317-474a-9fe4-4b1292e2b3fe | ITER: 25 START
2019-06-14 12:01:23.349 23759 WARNING rally_openstack.scenarios.neutron.utils [-] Running this scenario without either the 'network' or 'existing_network' context is deprecated
2019-06-14 12:01:23.521 23772 INFO rally.task.runner [-] Task 92fd8303-2317-474a-9fe4-4b1292e2b3fe | ITER: 12 END: OK
2019-06-14 12:01:23.524 23772 INFO rally.task.runner [-] Task 92fd8303-2317-474a-9fe4-4b1292e2b3fe | ITER: 26 START
2019-06-14 12:01:23.524 23772 WARNING rally_openstack.scenarios.neutron.utils [-] Running this scenario without either the 'network' or 'existing_network' context is deprecated
2019-06-14 12:01:23.741 23781 RALLYDEBUG rally_openstack.wrappers.network [-] CIDR generated: 1.1.5.12/30
2019-06-14 12:01:23.963 23759 RALLYDEBUG rally_openstack.wrappers.network [-] CIDR generated: 1.1.5.16/30
2019-06-14 12:01:24.224 23796 RALLYDEBUG rally_openstack.wrappers.network [-] CIDR generated: 1.1.5.20/30
2019-06-14 12:01:24.634 23794 INFO rally.task.runner [-] Task 92fd8303-2317-474a-9fe4-4b1292e2b3fe | ITER: 17 END: OK
2019-06-14 12:01:24.639 23794 INFO rally.task.runner [-] Task 92fd8303-2317-474a-9fe4-4b1292e2b3fe | ITER: 27 START
2019-06-14 12:01:24.639 23794 WARNING rally_openstack.scenarios.neutron.utils [-] Running this scenario without either the 'network' or 'existing_network' context is deprecated
2019-06-14 12:01:24.743 23758 INFO rally.task.runner [-] Task 92fd8303-2317-474a-9fe4-4b1292e2b3fe | ITER: 4 END: OK
2019-06-14 12:01:24.746 23758 INFO rally.task.runner [-] Task 92fd8303-2317-474a-9fe4-4b1292e2b3fe | ITER: 28 START
2019-06-14 12:01:24.747 23759 RALLYDEBUG rally_openstack.wrappers.network [-] CIDR generated: 1.1.5.24/30
2019-06-14 12:01:24.747 23758 WARNING rally_openstack.scenarios.neutron.utils [-] Running this scenario without either the 'network' or 'existing_network' context is deprecated
2019-06-14 12:01:24.834 23760 INFO rally.task.runner [-] Task 92fd8303-2317-474a-9fe4-4b1292e2b3fe | ITER: 8 END: OK
2019-06-14 12:01:24.838 23760 INFO rally.task.runner [-] Task 92fd8303-2317-474a-9fe4-4b1292e2b3fe | ITER: 29 START
2019-06-14 12:01:24.838 23760 WARNING rally_openstack.scenarios.neutron.utils [-] Running this scenario without either the 'network' or 'existing_network' context is deprecated
2019-06-14 12:01:24.936 23772 RALLYDEBUG rally_openstack.wrappers.network [-] CIDR generated: 1.1.5.28/30
2019-06-14 12:01:24.940 23796 RALLYDEBUG rally_openstack.wrappers.network [-] CIDR generated: 1.1.5.32/30
2019-06-14 12:01:24.953 23768 INFO rally.task.runner [-] Task 92fd8303-2317-474a-9fe4-4b1292e2b3fe | ITER: 11 END: OK
2019-06-14 12:01:24.955 23768 INFO rally.task.runner [-] Task 92fd8303-2317-474a-9fe4-4b1292e2b3fe | ITER: 30 START
2019-06-14 12:01:24.956 23768 WARNING rally_openstack.scenarios.neutron.utils [-] Running this scenario without either the 'network' or 'existing_network' context is deprecated
2019-06-14 12:01:25.256 23794 RALLYDEBUG rally_openstack.wrappers.network [-] CIDR generated: 1.1.5.36/30
2019-06-14 12:01:25.419 23758 INFO rally.task.runner [-] Task 92fd8303-2317-474a-9fe4-4b1292e2b3fe | ITER: 7 END: OK
2019-06-14 12:01:25.423 23758 INFO rally.task.runner [-] Task 92fd8303-2317-474a-9fe4-4b1292e2b3fe | ITER: 31 START
2019-06-14 12:01:25.423 23758 WARNING rally_openstack.scenarios.neutron.utils [-] Running this scenario without either the 'network' or 'existing_network' context is deprecated
2019-06-14 12:01:25.585 23758 RALLYDEBUG rally_openstack.wrappers.network [-] CIDR generated: 1.1.5.40/30
2019-06-14 12:01:26.098 23788 INFO rally.task.runner [-] Task 92fd8303-2317-474a-9fe4-4b1292e2b3fe | ITER: 15 END: OK
2019-06-14 12:01:26.102 23788 INFO rally.task.runner [-] Task 92fd8303-2317-474a-9fe4-4b1292e2b3fe | ITER: 32 START
2019-06-14 12:01:26.103 23788 WARNING rally_openstack.scenarios.neutron.utils [-] Running this scenario without either the 'network' or 'existing_network' context is deprecated
2019-06-14 12:01:26.117 23757 INFO rally.task.runner [-] Task 92fd8303-2317-474a-9fe4-4b1292e2b3fe | ITER: 2 END: OK
2019-06-14 12:01:26.122 23757 INFO rally.task.runner [-] Task 92fd8303-2317-474a-9fe4-4b1292e2b3fe | ITER: 33 START
2019-06-14 12:01:26.122 23757 WARNING rally_openstack.scenarios.neutron.utils [-] Running this scenario without either the 'network' or 'existing_network' context is deprecated
2019-06-14 12:01:26.312 23758 RALLYDEBUG rally_openstack.wrappers.network [-] CIDR generated: 1.1.5.44/30
2019-06-14 12:01:26.401 23768 RALLYDEBUG rally_openstack.wrappers.network [-] CIDR generated: 1.1.5.48/30
2019-06-14 12:01:26.651 23760 RALLYDEBUG rally_openstack.wrappers.network [-] CIDR generated: 1.1.5.52/30
2019-06-14 12:01:26.721 23757 RALLYDEBUG rally_openstack.wrappers.network [-] CIDR generated: 1.1.5.56/30
2019-06-14 12:01:26.750 23776 RALLYDEBUG rally_openstack.wrappers.network [-] CIDR generated: 1.1.5.60/30
2019-06-14 12:01:26.874 23803 RALLYDEBUG rally_openstack.wrappers.network [-] CIDR generated: 1.1.5.64/30
2019-06-14 12:01:26.925 23800 INFO rally.task.runner [-] Task 92fd8303-2317-474a-9fe4-4b1292e2b3fe | ITER: 19 END: OK
2019-06-14 12:01:26.929 23800 INFO rally.task.runner [-] Task 92fd8303-2317-474a-9fe4-4b1292e2b3fe | ITER: 34 START
2019-06-14 12:01:26.930 23800 WARNING rally_openstack.scenarios.neutron.utils [-] Running this scenario without either the 'network' or 'existing_network' context is deprecated
2019-06-14 12:01:27.000 23758 RALLYDEBUG rally_openstack.wrappers.network [-] CIDR generated: 1.1.5.68/30
2019-06-14 12:01:27.198 23788 RALLYDEBUG rally_openstack.wrappers.network [-] CIDR generated: 1.1.5.72/30
2019-06-14 12:01:27.568 23794 RALLYDEBUG rally_openstack.wrappers.network [-] CIDR generated: 1.1.5.76/30
2019-06-14 12:01:27.571 23768 RALLYDEBUG rally_openstack.wrappers.network [-] CIDR generated: 1.1.5.80/30
2019-06-14 12:01:27.881 23800 RALLYDEBUG rally_openstack.wrappers.network [-] CIDR generated: 1.1.5.84/30
2019-06-14 12:01:27.883 23756 INFO rally.task.runner [-] Task 92fd8303-2317-474a-9fe4-4b1292e2b3fe | ITER: 1 END: OK
2019-06-14 12:01:27.888 23756 INFO rally.task.runner [-] Task 92fd8303-2317-474a-9fe4-4b1292e2b3fe | ITER: 35 START
2019-06-14 12:01:27.889 23756 WARNING rally_openstack.scenarios.neutron.utils [-] Running this scenario without either the 'network' or 'existing_network' context is deprecated
2019-06-14 12:01:28.000 23772 RALLYDEBUG rally_openstack.wrappers.network [-] CIDR generated: 1.1.5.88/30
2019-06-14 12:01:28.211 23758 RALLYDEBUG rally_openstack.wrappers.network [-] CIDR generated: 1.1.5.92/30
2019-06-14 12:01:28.343 23760 RALLYDEBUG rally_openstack.wrappers.network [-] CIDR generated: 1.1.5.96/30
2019-06-14 12:01:28.522 23756 RALLYDEBUG rally_openstack.wrappers.network [-] CIDR generated: 1.1.5.100/30
2019-06-14 12:01:28.963 23757 RALLYDEBUG rally_openstack.wrappers.network [-] CIDR generated: 1.1.5.104/30
2019-06-14 12:01:28.990 23791 INFO rally.task.runner [-] Task 92fd8303-2317-474a-9fe4-4b1292e2b3fe | ITER: 16 END: OK
2019-06-14 12:01:28.995 23791 INFO rally.task.runner [-] Task 92fd8303-2317-474a-9fe4-4b1292e2b3fe | ITER: 36 START
2019-06-14 12:01:28.996 23791 WARNING rally_openstack.scenarios.neutron.utils [-] Running this scenario without either the 'network' or 'existing_network' context is deprecated
2019-06-14 12:01:29.198 23757 INFO rally.task.runner [-] Task 92fd8303-2317-474a-9fe4-4b1292e2b3fe | ITER: 5 END: OK
2019-06-14 12:01:29.203 23757 INFO rally.task.runner [-] Task 92fd8303-2317-474a-9fe4-4b1292e2b3fe | ITER: 37 START
2019-06-14 12:01:29.203 23757 WARNING rally_openstack.scenarios.neutron.utils [-] Running this scenario without either the 'network' or 'existing_network' context is deprecated
2019-06-14 12:01:29.652 23791 RALLYDEBUG rally_openstack.wrappers.network [-] CIDR generated: 1.1.5.108/30
2019-06-14 12:01:29.670 23788 RALLYDEBUG rally_openstack.wrappers.network [-] CIDR generated: 1.1.5.112/30
2019-06-14 12:01:29.692 23759 INFO rally.task.runner [-] Task 92fd8303-2317-474a-9fe4-4b1292e2b3fe | ITER: 6 END: OK
2019-06-14 12:01:29.696 23759 INFO rally.task.runner [-] Task 92fd8303-2317-474a-9fe4-4b1292e2b3fe | ITER: 38 START
2019-06-14 12:01:29.697 23759 WARNING rally_openstack.scenarios.neutron.utils [-] Running this scenario without either the 'network' or 'existing_network' context is deprecated
2019-06-14 12:01:29.817 23757 RALLYDEBUG rally_openstack.wrappers.network [-] CIDR generated: 1.1.5.116/30
2019-06-14 12:01:29.984 23756 INFO rally.task.runner [-] Task 92fd8303-2317-474a-9fe4-4b1292e2b3fe | ITER: 3 END: OK
2019-06-14 12:01:29.989 23756 INFO rally.task.runner [-] Task 92fd8303-2317-474a-9fe4-4b1292e2b3fe | ITER: 39 START
2019-06-14 12:01:29.989 23756 WARNING rally_openstack.scenarios.neutron.utils [-] Running this scenario without either the 'network' or 'existing_network' context is deprecated
2019-06-14 12:01:30.263 23765 INFO rally.task.runner [-] Task 92fd8303-2317-474a-9fe4-4b1292e2b3fe | ITER: 10 END: OK
2019-06-14 12:01:30.268 23765 INFO rally.task.runner [-] Task 92fd8303-2317-474a-9fe4-4b1292e2b3fe | ITER: 40 START
2019-06-14 12:01:30.269 23765 WARNING rally_openstack.scenarios.neutron.utils [-] Running this scenario without either the 'network' or 'existing_network' context is deprecated
2019-06-14 12:01:30.394 23759 RALLYDEBUG rally_openstack.wrappers.network [-] CIDR generated: 1.1.5.120/30
2019-06-14 12:01:30.843 23756 RALLYDEBUG rally_openstack.wrappers.network [-] CIDR generated: 1.1.5.124/30
2019-06-14 12:01:30.863 23765 RALLYDEBUG rally_openstack.wrappers.network [-] CIDR generated: 1.1.5.128/30
2019-06-14 12:01:30.951 23781 INFO rally.task.runner [-] Task 92fd8303-2317-474a-9fe4-4b1292e2b3fe | ITER: 21 END: OK
2019-06-14 12:01:31.181 23791 RALLYDEBUG rally_openstack.wrappers.network [-] CIDR generated: 1.1.5.132/30
2019-06-14 12:01:31.307 23800 RALLYDEBUG rally_openstack.wrappers.network [-] CIDR generated: 1.1.5.136/30
2019-06-14 12:01:32.010 23759 RALLYDEBUG rally_openstack.wrappers.network [-] CIDR generated: 1.1.5.140/30
2019-06-14 12:01:32.316 23756 RALLYDEBUG rally_openstack.wrappers.network [-] CIDR generated: 1.1.5.144/30
2019-06-14 12:01:32.408 23756 RALLYDEBUG rally_openstack.wrappers.network [-] CIDR generated: 1.1.5.148/30
2019-06-14 12:01:32.543 23757 RALLYDEBUG rally_openstack.wrappers.network [-] CIDR generated: 1.1.5.152/30
2019-06-14 12:01:32.861 23759 INFO rally.task.runner [-] Task 92fd8303-2317-474a-9fe4-4b1292e2b3fe | ITER: 25 END: OK
2019-06-14 12:01:32.991 23758 INFO rally.task.runner [-] Task 92fd8303-2317-474a-9fe4-4b1292e2b3fe | ITER: 28 END: OK
2019-06-14 12:01:33.159 23776 INFO rally.task.runner [-] Task 92fd8303-2317-474a-9fe4-4b1292e2b3fe | ITER: 22 END: OK
2019-06-14 12:01:33.564 23765 RALLYDEBUG rally_openstack.wrappers.network [-] CIDR generated: 1.1.5.156/30
2019-06-14 12:01:33.897 23796 INFO rally.task.runner [-] Task 92fd8303-2317-474a-9fe4-4b1292e2b3fe | ITER: 24 END: OK
2019-06-14 12:01:34.172 23768 INFO rally.task.runner [-] Task 92fd8303-2317-474a-9fe4-4b1292e2b3fe | ITER: 30 END: OK
2019-06-14 12:01:34.291 23803 INFO rally.task.runner [-] Task 92fd8303-2317-474a-9fe4-4b1292e2b3fe | ITER: 23 END: OK
2019-06-14 12:01:34.395 23757 INFO rally.task.runner [-] Task 92fd8303-2317-474a-9fe4-4b1292e2b3fe | ITER: 33 END: OK
2019-06-14 12:01:34.806 23760 INFO rally.task.runner [-] Task 92fd8303-2317-474a-9fe4-4b1292e2b3fe | ITER: 29 END: OK
2019-06-14 12:01:34.878 23794 INFO rally.task.runner [-] Task 92fd8303-2317-474a-9fe4-4b1292e2b3fe | ITER: 27 END: OK
2019-06-14 12:01:34.899 23791 INFO rally.task.runner [-] Task 92fd8303-2317-474a-9fe4-4b1292e2b3fe | ITER: 36 END: OK
2019-06-14 12:01:35.550 23758 INFO rally.task.runner [-] Task 92fd8303-2317-474a-9fe4-4b1292e2b3fe | ITER: 31 END: OK
2019-06-14 12:01:35.742 23765 INFO rally.task.runner [-] Task 92fd8303-2317-474a-9fe4-4b1292e2b3fe | ITER: 40 END: OK
2019-06-14 12:01:35.802 23772 INFO rally.task.runner [-] Task 92fd8303-2317-474a-9fe4-4b1292e2b3fe | ITER: 26 END: OK
2019-06-14 12:01:36.058 23757 INFO rally.task.runner [-] Task 92fd8303-2317-474a-9fe4-4b1292e2b3fe | ITER: 37 END: OK
2019-06-14 12:01:36.484 23756 INFO rally.task.runner [-] Task 92fd8303-2317-474a-9fe4-4b1292e2b3fe | ITER: 39 END: OK
2019-06-14 12:01:37.559 23788 INFO rally.task.runner [-] Task 92fd8303-2317-474a-9fe4-4b1292e2b3fe | ITER: 32 END: OK
2019-06-14 12:01:37.836 23759 INFO rally.task.runner [-] Task 92fd8303-2317-474a-9fe4-4b1292e2b3fe | ITER: 38 END: OK
2019-06-14 12:01:38.164 23800 INFO rally.task.runner [-] Task 92fd8303-2317-474a-9fe4-4b1292e2b3fe | ITER: 34 END: OK
2019-06-14 12:01:38.302 23756 INFO rally.task.runner [-] Task 92fd8303-2317-474a-9fe4-4b1292e2b3fe | ITER: 35 END: OK
2019-06-14 12:01:38.327 21662 INFO rally.task.context [-] Task 92fd8303-2317-474a-9fe4-4b1292e2b3fe | Context cleanup@openstack cleanup() started
2019-06-14 12:01:38.330 21662 RALLYDEBUG rally_openstack.cleanup.manager [-] Cleaning up neutron vip objects
2019-06-14 12:01:38.729 21662 RALLYDEBUG rally_openstack.cleanup.manager [-] Cleaning up neutron health_monitor objects
2019-06-14 12:01:39.136 21662 RALLYDEBUG rally_openstack.cleanup.manager [-] Cleaning up neutron pool objects
2019-06-14 12:01:39.539 21662 RALLYDEBUG rally_openstack.cleanup.manager [-] Cleaning up neutron loadbalancer objects
2019-06-14 12:01:39.931 21662 RALLYDEBUG rally_openstack.cleanup.manager [-] Cleaning up neutron floatingip objects
2019-06-14 12:01:40.350 21662 RALLYDEBUG rally_openstack.cleanup.manager [-] Cleaning up neutron port objects
2019-06-14 12:01:40.842 21662 RALLYDEBUG rally_openstack.cleanup.manager [-] Cleaning up neutron subnet objects
2019-06-14 12:01:41.269 21662 RALLYDEBUG rally_openstack.cleanup.manager [-] Cleaning up neutron network objects
2019-06-14 12:01:41.803 21662 RALLYDEBUG rally_openstack.cleanup.manager [-] Deleting neutron.network object s_rally_c0391e25_WVQePPhF (0173ed1f-1efb-4d00-91bd-63c6510d9661)
2019-06-14 12:01:41.814 21662 RALLYDEBUG rally_openstack.cleanup.manager [-] Deleting neutron.network object s_rally_c0391e25_Hs5XfNiL (0ee905c4-3f07-4c9d-aa27-b47acea3b7e7)
2019-06-14 12:01:41.832 21662 RALLYDEBUG rally_openstack.cleanup.manager [-] Deleting neutron.network object s_rally_c0391e25_z0ON9ed4 (2158e075-5f6a-414a-a24d-1ae3c9a25192)
2019-06-14 12:01:41.832 21662 RALLYDEBUG rally_openstack.cleanup.manager [-] Deleting neutron.network object s_rally_c0391e25_d2zzMsOJ (0f6eb96c-a790-4c30-863d-47aef0cc9b0a)
2019-06-14 12:01:41.836 21662 RALLYDEBUG rally_openstack.cleanup.manager [-] Deleting neutron.network object s_rally_c0391e25_DtPKqd43 (28a09c1c-c116-4e5e-96fd-5a10556ab2db)
2019-06-14 12:01:41.843 21662 RALLYDEBUG rally_openstack.cleanup.manager [-] Deleting neutron.network object s_rally_c0391e25_hkk6Pt9t (18c4560e-be4e-44c8-b5c6-10aa2875f11c)
2019-06-14 12:01:41.846 21662 RALLYDEBUG rally_openstack.cleanup.manager [-] Deleting neutron.network object s_rally_c0391e25_5qGW45lf (30a5e620-971f-4a2e-9358-689766e92b76)
2019-06-14 12:01:41.873 21662 RALLYDEBUG rally_openstack.cleanup.manager [-] Deleting neutron.network object s_rally_c0391e25_sV184OXc (353fbd90-8110-4314-85d5-f5253294ef4c)
2019-06-14 12:01:41.895 21662 RALLYDEBUG rally_openstack.cleanup.manager [-] Deleting neutron.network object s_rally_c0391e25_evxWofio (3d2fa584-6aea-42d1-9637-d74fb2b480b8)
2019-06-14 12:01:41.932 21662 RALLYDEBUG rally_openstack.cleanup.manager [-] Deleting neutron.network object s_rally_c0391e25_iIEirKOE (3d76a1e7-ae7b-4966-88a4-bd89421017cb)
2019-06-14 12:01:41.946 21662 RALLYDEBUG rally_openstack.cleanup.manager [-] Deleting neutron.network object s_rally_c0391e25_k9EnBHCZ (30efaaba-9adb-4581-9bfa-d019aebabd8e)
2019-06-14 12:01:41.954 21662 RALLYDEBUG rally_openstack.cleanup.manager [-] Deleting neutron.network object s_rally_c0391e25_l6PMiCoN (4dd6c335-4b46-442e-9352-ca77c71c1c76)
2019-06-14 12:01:41.970 21662 RALLYDEBUG rally_openstack.cleanup.manager [-] Deleting neutron.network object s_rally_c0391e25_lYussaAK (5da3f3e9-f437-42ec-a640-25ee630b4908)
2019-06-14 12:01:41.981 21662 RALLYDEBUG rally_openstack.cleanup.manager [-] Deleting neutron.network object s_rally_c0391e25_CN33MZK2 (605330f5-1ad3-40f9-96e0-94f30222399d)
2019-06-14 12:01:41.984 21662 RALLYDEBUG rally_openstack.cleanup.manager [-] Deleting neutron.network object s_rally_c0391e25_dRuRN7FE (4251c3bf-c0dc-4a6e-b9e0-eabfb1c80932)
2019-06-14 12:01:42.026 21662 RALLYDEBUG rally_openstack.cleanup.manager [-] Deleting neutron.network object s_rally_c0391e25_dWK3gP0E (69d89111-41a5-468e-88e0-13aaa597d174)
2019-06-14 12:01:42.075 21662 RALLYDEBUG rally_openstack.cleanup.manager [-] Deleting neutron.network object s_rally_c0391e25_JwNEqZIn (6a11622e-6b9b-4f37-a36a-6becb9c2d0d9)
2019-06-14 12:01:42.121 21662 RALLYDEBUG rally_openstack.cleanup.manager [-] Deleting neutron.network object s_rally_c0391e25_hiVfDUir (6f4bbc22-1e29-460e-b8a0-8d4d98bb12ba)
2019-06-14 12:01:42.139 21662 RALLYDEBUG rally_openstack.cleanup.manager [-] Deleting neutron.network object s_rally_c0391e25_97Y9JbtR (6e5987e5-fd36-4b12-94f8-57bfbd5898c5)
2019-06-14 12:01:42.198 21662 RALLYDEBUG rally_openstack.cleanup.manager [-] Deleting neutron.network object s_rally_c0391e25_nq2ASpEV (75fed23c-65d0-44f9-b3ec-abc06ea6e53b)
2019-06-14 12:01:44.483 21662 RALLYDEBUG rally_openstack.cleanup.manager [-] Deleting neutron.network object s_rally_c0391e25_hN2GDZtb (765bd1e3-edda-461b-bc9e-b20e9d34cfb1)
2019-06-14 12:01:44.505 21662 RALLYDEBUG rally_openstack.cleanup.manager [-] Deleting neutron.network object s_rally_c0391e25_fbMOGRNT (83fe6a15-ab5c-41f4-916a-a267724f561a)
2019-06-14 12:01:44.526 21662 RALLYDEBUG rally_openstack.cleanup.manager [-] Deleting neutron.network object s_rally_c0391e25_1ZsEJ4L9 (8826ea2f-096b-4a49-a976-20259f08f707)
2019-06-14 12:01:44.579 21662 RALLYDEBUG rally_openstack.cleanup.manager [-] Deleting neutron.network object s_rally_c0391e25_iPmE5NVL (89d2f93b-effe-43ee-986d-08253319d9e3)
2019-06-14 12:01:44.771 21662 RALLYDEBUG rally_openstack.cleanup.manager [-] Deleting neutron.network object s_rally_c0391e25_qOfxwwY3 (8ba8d5ca-666d-4ed0-a280-9172d7acc00b)
2019-06-14 12:01:44.850 21662 RALLYDEBUG rally_openstack.cleanup.manager [-] Deleting neutron.network object s_rally_c0391e25_umnWvgta (8bea02d5-09f5-47a9-b167-63cb8b3f7962)
2019-06-14 12:01:44.925 21662 RALLYDEBUG rally_openstack.cleanup.manager [-] Deleting neutron.network object s_rally_c0391e25_KBPGT8Bb (9555fe33-43cb-4bb7-84e5-f1734f70e71a)
2019-06-14 12:01:44.933 21662 RALLYDEBUG rally_openstack.cleanup.manager [-] Deleting neutron.network object s_rally_c0391e25_KBpim4tM (9fadf8d0-45cb-4520-969d-885735d7c586)
2019-06-14 12:01:45.100 21662 RALLYDEBUG rally_openstack.cleanup.manager [-] Deleting neutron.network object s_rally_c0391e25_UXlTi5Ra (a81acfed-8daa-462e-9555-9402fc6a195d)
2019-06-14 12:01:45.110 21662 RALLYDEBUG rally_openstack.cleanup.manager [-] Deleting neutron.network object s_rally_c0391e25_URpSJzor (ad4785c7-d53e-429a-910d-e28cc13ed218)
2019-06-14 12:01:45.188 21662 RALLYDEBUG rally_openstack.cleanup.manager [-] Deleting neutron.network object s_rally_c0391e25_2YWHQqTN (ba66f762-19fa-4219-af03-da6f4c22b068)
2019-06-14 12:01:45.212 21662 RALLYDEBUG rally_openstack.cleanup.manager [-] Deleting neutron.network object s_rally_c0391e25_tkAzjZN7 (bf6a5a6f-55a1-43a9-aff9-3fec695afb14)
2019-06-14 12:01:45.223 21662 RALLYDEBUG rally_openstack.cleanup.manager [-] Deleting neutron.network object s_rally_c0391e25_A6dGPWxu (d18c169c-5e0a-4c19-9787-5b517b4f5c9c)
2019-06-14 12:01:45.239 21662 RALLYDEBUG rally_openstack.cleanup.manager [-] Deleting neutron.network object s_rally_c0391e25_OZE0x0mY (d4010dcc-45eb-4a56-8aa9-1d1d7bef674c)
2019-06-14 12:01:45.342 21662 RALLYDEBUG rally_openstack.cleanup.manager [-] Deleting neutron.network object s_rally_c0391e25_EEBIUNly (e03e7ac7-d022-46ac-97a7-f896b17f1504)
2019-06-14 12:01:45.435 21662 RALLYDEBUG rally_openstack.cleanup.manager [-] Deleting neutron.network object s_rally_c0391e25_5AlnEyCw (e42c70f6-c939-4d67-86e2-1c70a73a7ee5)
2019-06-14 12:01:46.131 21662 RALLYDEBUG rally_openstack.cleanup.manager [-] Deleting neutron.network object s_rally_c0391e25_t5tlqREn (e59b4943-6d7a-4652-8cc0-ee0f20e5c247)
2019-06-14 12:01:46.516 21662 RALLYDEBUG rally_openstack.cleanup.manager [-] Deleting neutron.network object s_rally_c0391e25_7jyOv4Py (e7735809-a6f4-420f-8145-f3b8cc7d45aa)
2019-06-14 12:01:46.568 21662 RALLYDEBUG rally_openstack.cleanup.manager [-] Deleting neutron.network object s_rally_c0391e25_hq3tX08Z (fe78847a-a020-4e4b-8501-44a23adb6833)
2019-06-14 12:01:46.721 21662 RALLYDEBUG rally_openstack.cleanup.manager [-] Deleting neutron.network object s_rally_c0391e25_Y0Nh6Mhh (fec38be2-cdfc-4b22-9fcb-ed2a0b2ebb00)
2019-06-14 12:01:48.903 21662 RALLYDEBUG rally_openstack.cleanup.manager [-] Cleaning up neutron router objects
2019-06-14 12:01:49.435 21662 RALLYDEBUG rally_openstack.cleanup.manager [-] Cleaning up neutron security_group objects
2019-06-14 12:01:49.869 21662 INFO rally.task.context [-] Task 92fd8303-2317-474a-9fe4-4b1292e2b3fe | Context cleanup@openstack cleanup() finished in 11.54 sec
2019-06-14 12:01:49.870 21662 INFO rally.task.context [-] Task 92fd8303-2317-474a-9fe4-4b1292e2b3fe | Context quotas@openstack cleanup() started
2019-06-14 12:01:49.945 21662 INFO rally.task.context [-] Task 92fd8303-2317-474a-9fe4-4b1292e2b3fe | Context quotas@openstack cleanup() finished in 75.20 msec
2019-06-14 12:01:49.946 21662 INFO rally.task.context [-] Task 92fd8303-2317-474a-9fe4-4b1292e2b3fe | Context users@openstack cleanup() started
2019-06-14 12:01:52.615 21662 INFO rally.task.context [-] Task 92fd8303-2317-474a-9fe4-4b1292e2b3fe | Context users@openstack cleanup() finished in 2.67 sec
2019-06-14 12:01:54.217 21662 INFO rally.task.engine [-] Load duration is: 23.294927
2019-06-14 12:01:54.218 21662 INFO rally.task.engine [-] Full runner duration is: 23.346562
2019-06-14 12:01:54.218 21662 INFO rally.task.engine [-] Full duration is: 40.632682
2019-06-14 12:01:54.579 21662 INFO rally.task.engine [-] Running workload: position = 0 config = { "version": 2, "title": "A cropped version of a bigger task.", "description": "Auto-generated task from a single workload (uuid=18e83649-c8c7-49d5-8480-54d360864669)", "subtasks": [ { "title": "NeutronNetworks.create_and_list_routers", "description": "Create and a given number of routers and list all routers.", "scenario": { "NeutronNetworks.create_and_list_routers": { "network_create_args": null, "subnet_create_args": null, "subnet_cidr_start": "1.1.0.0/30", "subnets_per_network": 2, "router_create_args": null } }, "contexts": { "users": { "tenants": 1, "users_per_tenant": 1 }, "quotas": { "neutron": { "network": -1, "subnet": -1, "router": -1 } } }, "runner": { "constant": { "times": 40, "concurrency": 20 } }, "hooks": [], "sla": { "failure_rate": { "max": 0 } } } ] }
2019-06-14 12:01:54.611 21662 RALLYDEBUG rally_openstack.contexts.keystone.users [-] Creating 1 tenants using 20 threads
2019-06-14 12:01:55.494 21662 RALLYDEBUG rally_openstack.contexts.keystone.users [-] Creating 1 users using 20 threads
2019-06-14 12:01:56.862 21662 INFO rally.task.context [-] Task 92fd8303-2317-474a-9fe4-4b1292e2b3fe | Context users@openstack setup() finished in 2.25 sec
2019-06-14 12:01:57.396 21662 INFO rally.task.context [-] Task 92fd8303-2317-474a-9fe4-4b1292e2b3fe | Context quotas@openstack setup() finished in 0.53 sec
2019-06-14 12:01:57.397 21662 INFO rally.task.context [-] Task 92fd8303-2317-474a-9fe4-4b1292e2b3fe | Context cleanup@openstack setup() finished in 0.01 msec
2019-06-14 12:01:57.406 21662 RALLYDEBUG rally.task.runner [-] Starting the constant runner (task UUID: 92fd8303-2317-474a-9fe4-4b1292e2b3fe). timeout: 0 concurrency: 20 concurrency_per_worker: 1 times: 40 concurrency_overhead: 4 processes_to_start: 16 max_cpu_used: 16
2019-06-14 12:01:57.421 24126 RALLYDEBUG rally.task.runner [-] Starting a worker. concurrency: 2 args: {"network_create_args": null, "subnet_create_args": null, "subnet_cidr_start": "1.1.0.0/30", "subnets_per_network": 2, "router_create_args": null} times: 40 method_name: run timeout: 0 duration: None cls:
2019-06-14 12:01:57.425 24127 RALLYDEBUG rally.task.runner [-] Starting a worker. concurrency: 2 args: {"network_create_args": null, "subnet_create_args": null, "subnet_cidr_start": "1.1.0.0/30", "subnets_per_network": 2, "router_create_args": null} times: 40 method_name: run timeout: 0 duration: None cls:
2019-06-14 12:01:57.428 24128 RALLYDEBUG rally.task.runner [-] Starting a worker. concurrency: 2 args: {"network_create_args": null, "subnet_create_args": null, "subnet_cidr_start": "1.1.0.0/30", "subnets_per_network": 2, "router_create_args": null} times: 40 method_name: run timeout: 0 duration: None cls:
2019-06-14 12:01:57.431 24129 RALLYDEBUG rally.task.runner [-] Starting a worker. concurrency: 2 args: {"network_create_args": null, "subnet_create_args": null, "subnet_cidr_start": "1.1.0.0/30", "subnets_per_network": 2, "router_create_args": null} times: 40 method_name: run timeout: 0 duration: None cls:
2019-06-14 12:01:57.433 24126 INFO rally.task.runner [-] Task 92fd8303-2317-474a-9fe4-4b1292e2b3fe | ITER: 1 START
2019-06-14 12:01:57.435 24127 INFO rally.task.runner [-] Task 92fd8303-2317-474a-9fe4-4b1292e2b3fe | ITER: 2 START
2019-06-14 12:01:57.435 24131 RALLYDEBUG rally.task.runner [-] Starting a worker. concurrency: 1 args: {"network_create_args": null, "subnet_create_args": null, "subnet_cidr_start": "1.1.0.0/30", "subnets_per_network": 2, "router_create_args": null} times: 40 method_name: run timeout: 0 duration: None cls:
2019-06-14 12:01:57.435 24128 INFO rally.task.runner [-] Task 92fd8303-2317-474a-9fe4-4b1292e2b3fe | ITER: 4 START
2019-06-14 12:01:57.439 24134 RALLYDEBUG rally.task.runner [-] Starting a worker. concurrency: 1 args: {"network_create_args": null, "subnet_create_args": null, "subnet_cidr_start": "1.1.0.0/30", "subnets_per_network": 2, "router_create_args": null} times: 40 method_name: run timeout: 0 duration: None cls:
2019-06-14 12:01:57.440 24127 INFO rally.task.runner [-] Task 92fd8303-2317-474a-9fe4-4b1292e2b3fe | ITER: 5 START
2019-06-14 12:01:57.442 24129 INFO rally.task.runner [-] Task 92fd8303-2317-474a-9fe4-4b1292e2b3fe | ITER: 6 START
2019-06-14 12:01:57.442 24131 INFO rally.task.runner [-] Task 92fd8303-2317-474a-9fe4-4b1292e2b3fe | ITER: 9 START
2019-06-14 12:01:57.443 24139 RALLYDEBUG rally.task.runner [-] Starting a worker. concurrency: 1 args: {"network_create_args": null, "subnet_create_args": null, "subnet_cidr_start": "1.1.0.0/30", "subnets_per_network": 2, "router_create_args": null} times: 40 method_name: run timeout: 0 duration: None cls:
2019-06-14 12:01:57.446 24134 INFO rally.task.runner [-] Task 92fd8303-2317-474a-9fe4-4b1292e2b3fe | ITER: 10 START
2019-06-14 12:01:57.447 24126 INFO rally.task.runner [-] Task 92fd8303-2317-474a-9fe4-4b1292e2b3fe | ITER: 3 START
2019-06-14 12:01:57.451 24139 INFO rally.task.runner [-] Task 92fd8303-2317-474a-9fe4-4b1292e2b3fe | ITER: 11 START
2019-06-14 12:01:57.450 24143 RALLYDEBUG rally.task.runner [-] Starting a worker. concurrency: 1 args: {"network_create_args": null, "subnet_create_args": null, "subnet_cidr_start": "1.1.0.0/30", "subnets_per_network": 2, "router_create_args": null} times: 40 method_name: run timeout: 0 duration: None cls:
2019-06-14 12:01:57.452 24128 INFO rally.task.runner [-] Task 92fd8303-2317-474a-9fe4-4b1292e2b3fe | ITER: 7 START
2019-06-14 12:01:57.448 24129 INFO rally.task.runner [-] Task 92fd8303-2317-474a-9fe4-4b1292e2b3fe | ITER: 8 START
2019-06-14 12:01:57.458 24143 INFO rally.task.runner [-] Task 92fd8303-2317-474a-9fe4-4b1292e2b3fe | ITER: 12 START
2019-06-14 12:01:57.458 24150 RALLYDEBUG rally.task.runner [-] Starting a worker. concurrency: 1 args: {"network_create_args": null, "subnet_create_args": null, "subnet_cidr_start": "1.1.0.0/30", "subnets_per_network": 2, "router_create_args": null} times: 40 method_name: run timeout: 0 duration: None cls:
2019-06-14 12:01:57.464 24153 RALLYDEBUG rally.task.runner [-] Starting a worker. concurrency: 1 args: {"network_create_args": null, "subnet_create_args": null, "subnet_cidr_start": "1.1.0.0/30", "subnets_per_network": 2, "router_create_args": null} times: 40 method_name: run timeout: 0 duration: None cls:
2019-06-14 12:01:57.466 24150 INFO rally.task.runner [-] Task 92fd8303-2317-474a-9fe4-4b1292e2b3fe | ITER: 13 START
2019-06-14 12:01:57.471 24153 INFO rally.task.runner [-] Task 92fd8303-2317-474a-9fe4-4b1292e2b3fe | ITER: 14 START
2019-06-14 12:01:57.477 24158 RALLYDEBUG rally.task.runner [-] Starting a worker. concurrency: 1 args: {"network_create_args": null, "subnet_create_args": null, "subnet_cidr_start": "1.1.0.0/30", "subnets_per_network": 2, "router_create_args": null} times: 40 method_name: run timeout: 0 duration: None cls:
2019-06-14 12:01:57.484 24158 INFO rally.task.runner [-] Task 92fd8303-2317-474a-9fe4-4b1292e2b3fe | ITER: 15 START
2019-06-14 12:01:57.488 24161 RALLYDEBUG rally.task.runner [-] Starting a worker. concurrency: 1 args: {"network_create_args": null, "subnet_create_args": null, "subnet_cidr_start": "1.1.0.0/30", "subnets_per_network": 2, "router_create_args": null} times: 40 method_name: run timeout: 0 duration: None cls:
2019-06-14 12:01:57.495 24161 INFO rally.task.runner [-] Task 92fd8303-2317-474a-9fe4-4b1292e2b3fe | ITER: 16 START
2019-06-14 12:01:57.496 24164 RALLYDEBUG rally.task.runner [-] Starting a worker. concurrency: 1 args: {"network_create_args": null, "subnet_create_args": null, "subnet_cidr_start": "1.1.0.0/30", "subnets_per_network": 2, "router_create_args": null} times: 40 method_name: run timeout: 0 duration: None cls:
2019-06-14 12:01:57.501 24164 INFO rally.task.runner [-] Task 92fd8303-2317-474a-9fe4-4b1292e2b3fe | ITER: 17 START
2019-06-14 12:01:57.502 24167 RALLYDEBUG rally.task.runner [-] Starting a worker. concurrency: 1 args: {"network_create_args": null, "subnet_create_args": null, "subnet_cidr_start": "1.1.0.0/30", "subnets_per_network": 2, "router_create_args": null} times: 40 method_name: run timeout: 0 duration: None cls:
2019-06-14 12:01:57.507 24167 INFO rally.task.runner [-] Task 92fd8303-2317-474a-9fe4-4b1292e2b3fe | ITER: 18 START
2019-06-14 12:01:57.508 24170 RALLYDEBUG rally.task.runner [-] Starting a worker. concurrency: 1 args: {"network_create_args": null, "subnet_create_args": null, "subnet_cidr_start": "1.1.0.0/30", "subnets_per_network": 2, "router_create_args": null} times: 40 method_name: run timeout: 0 duration: None cls:
2019-06-14 12:01:57.513 24170 INFO rally.task.runner [-] Task 92fd8303-2317-474a-9fe4-4b1292e2b3fe | ITER: 19 START
2019-06-14 12:01:57.514 24173 RALLYDEBUG rally.task.runner [-] Starting a worker. concurrency: 1 args: {"network_create_args": null, "subnet_create_args": null, "subnet_cidr_start": "1.1.0.0/30", "subnets_per_network": 2, "router_create_args": null} times: 40 method_name: run timeout: 0 duration: None cls:
2019-06-14 12:01:57.519 24173 INFO rally.task.runner [-] Task 92fd8303-2317-474a-9fe4-4b1292e2b3fe | ITER: 20 START
2019-06-14 12:01:58.207 24129 RALLYDEBUG rally_openstack.wrappers.network [-] CIDR generated: 1.1.5.160/30
2019-06-14 12:01:58.209 24131 RALLYDEBUG rally_openstack.wrappers.network [-] CIDR generated: 1.1.5.164/30
2019-06-14 12:01:58.290 24143 RALLYDEBUG rally_openstack.wrappers.network [-] CIDR generated: 1.1.5.168/30
2019-06-14 12:01:58.329 24153 RALLYDEBUG rally_openstack.wrappers.network [-] CIDR generated: 1.1.5.172/30
2019-06-14 12:01:58.370 24126 RALLYDEBUG rally_openstack.wrappers.network [-] CIDR generated: 1.1.5.176/30
2019-06-14 12:01:58.393 24139 RALLYDEBUG rally_openstack.wrappers.network [-] CIDR generated: 1.1.5.180/30
2019-06-14 12:01:58.439 24134 RALLYDEBUG rally_openstack.wrappers.network [-] CIDR generated: 1.1.5.184/30
2019-06-14 12:01:58.450 24128 RALLYDEBUG rally_openstack.wrappers.network [-] CIDR generated: 1.1.5.188/30
2019-06-14 12:01:58.461 24127 RALLYDEBUG rally_openstack.wrappers.network [-] CIDR generated: 1.1.5.192/30
2019-06-14 12:01:58.503 24127 RALLYDEBUG rally_openstack.wrappers.network [-] CIDR generated: 1.1.5.196/30
2019-06-14 12:01:58.605 24126 RALLYDEBUG rally_openstack.wrappers.network [-] CIDR generated: 1.1.5.200/30
2019-06-14 12:01:58.717 24161 RALLYDEBUG rally_openstack.wrappers.network [-] CIDR generated: 1.1.5.204/30
2019-06-14 12:01:58.735 24167 RALLYDEBUG rally_openstack.wrappers.network [-] CIDR generated: 1.1.5.208/30
2019-06-14 12:01:58.757 24170 RALLYDEBUG rally_openstack.wrappers.network [-] CIDR generated: 1.1.5.212/30
2019-06-14 12:01:58.781 24128 RALLYDEBUG rally_openstack.wrappers.network [-] CIDR generated: 1.1.5.216/30
2019-06-14 12:01:58.991 24129 RALLYDEBUG rally_openstack.wrappers.network [-] CIDR generated: 1.1.5.220/30
2019-06-14 12:01:59.033 24150 RALLYDEBUG rally_openstack.wrappers.network [-] CIDR generated: 1.1.5.224/30
2019-06-14 12:01:59.146 24164 RALLYDEBUG rally_openstack.wrappers.network [-] CIDR generated: 1.1.5.228/30
2019-06-14 12:01:59.237 24173 RALLYDEBUG rally_openstack.wrappers.network [-] CIDR generated: 1.1.5.232/30
2019-06-14 12:01:59.363 24158 RALLYDEBUG rally_openstack.wrappers.network [-] CIDR generated: 1.1.5.236/30
2019-06-14 12:01:59.589 24131 RALLYDEBUG rally_openstack.wrappers.network [-] CIDR generated: 1.1.5.240/30
2019-06-14 12:01:59.618 24128 RALLYDEBUG rally_openstack.wrappers.network [-] CIDR generated: 1.1.5.244/30
2019-06-14 12:01:59.676 24143 RALLYDEBUG rally_openstack.wrappers.network [-] CIDR generated: 1.1.5.248/30
2019-06-14 12:01:59.766 24129 RALLYDEBUG rally_openstack.wrappers.network [-] CIDR generated: 1.1.5.252/30
2019-06-14 12:01:59.849 24153 RALLYDEBUG rally_openstack.wrappers.network [-] CIDR generated: 1.1.6.0/30
2019-06-14 12:02:00.108 24129 RALLYDEBUG rally_openstack.wrappers.network [-] CIDR generated: 1.1.6.4/30
2019-06-14 12:02:00.415 24134 RALLYDEBUG rally_openstack.wrappers.network [-] CIDR generated: 1.1.6.8/30
2019-06-14 12:02:00.610 24126 RALLYDEBUG rally_openstack.wrappers.network [-] CIDR generated: 1.1.6.12/30
2019-06-14 12:02:00.631 24150 RALLYDEBUG rally_openstack.wrappers.network [-] CIDR generated: 1.1.6.16/30
2019-06-14 12:02:00.707 24127 RALLYDEBUG rally_openstack.wrappers.network [-] CIDR generated: 1.1.6.20/30
2019-06-14 12:02:01.519 24127 RALLYDEBUG rally_openstack.wrappers.network [-] CIDR generated: 1.1.6.24/30
2019-06-14 12:02:01.611 24126 RALLYDEBUG rally_openstack.wrappers.network [-] CIDR generated: 1.1.6.28/30
2019-06-14 12:02:01.953 24161 RALLYDEBUG rally_openstack.wrappers.network [-] CIDR generated: 1.1.6.32/30
2019-06-14 12:02:01.999 24139 RALLYDEBUG rally_openstack.wrappers.network [-] CIDR generated: 1.1.6.36/30
2019-06-14 12:02:02.000 24173 RALLYDEBUG rally_openstack.wrappers.network [-] CIDR generated: 1.1.6.40/30
2019-06-14 12:02:02.033 24128 RALLYDEBUG rally_openstack.wrappers.network [-] CIDR generated: 1.1.6.44/30
2019-06-14 12:02:02.127 24167 RALLYDEBUG rally_openstack.wrappers.network [-] CIDR generated: 1.1.6.48/30
2019-06-14 12:02:02.143 24158 RALLYDEBUG rally_openstack.wrappers.network [-] CIDR generated: 1.1.6.52/30
2019-06-14 12:02:02.244 24170 RALLYDEBUG rally_openstack.wrappers.network [-] CIDR generated: 1.1.6.56/30
2019-06-14 12:02:02.547 24164 RALLYDEBUG rally_openstack.wrappers.network [-] CIDR generated: 1.1.6.60/30
2019-06-14 12:02:08.348 24126 INFO rally.task.runner [-] Task 92fd8303-2317-474a-9fe4-4b1292e2b3fe | ITER: 1 END: OK
2019-06-14 12:02:08.352 24126 INFO rally.task.runner [-] Task 92fd8303-2317-474a-9fe4-4b1292e2b3fe | ITER: 21 START
2019-06-14 12:02:08.594 24129 INFO rally.task.runner [-] Task 92fd8303-2317-474a-9fe4-4b1292e2b3fe | ITER: 8 END: OK
2019-06-14 12:02:08.600 24129 INFO rally.task.runner [-] Task 92fd8303-2317-474a-9fe4-4b1292e2b3fe | ITER: 22 START
2019-06-14 12:02:09.206 24129 RALLYDEBUG rally_openstack.wrappers.network [-] CIDR generated: 1.1.6.64/30
2019-06-14 12:02:09.480 24128 INFO rally.task.runner [-] Task 92fd8303-2317-474a-9fe4-4b1292e2b3fe | ITER: 4 END: OK
2019-06-14 12:02:09.486 24128 INFO rally.task.runner [-] Task 92fd8303-2317-474a-9fe4-4b1292e2b3fe | ITER: 23 START
2019-06-14 12:02:09.837 24129 INFO rally.task.runner [-] Task 92fd8303-2317-474a-9fe4-4b1292e2b3fe | ITER: 6 END: OK
2019-06-14 12:02:09.841 24129 INFO rally.task.runner [-] Task 92fd8303-2317-474a-9fe4-4b1292e2b3fe | ITER: 24 START
2019-06-14 12:02:10.176 24128 RALLYDEBUG rally_openstack.wrappers.network [-] CIDR generated: 1.1.6.68/30
2019-06-14 12:02:10.936 24128 RALLYDEBUG rally_openstack.wrappers.network [-] CIDR generated: 1.1.6.72/30
