2019-06-14 12:10:39.039 25933 INFO rally.task.runner [-] Task 92fd8303-2317-474a-9fe4-4b1292e2b3fe | ITER: 14 END: OK
2019-06-14 12:10:39.044 25933 INFO rally.task.runner [-] Task 92fd8303-2317-474a-9fe4-4b1292e2b3fe | ITER: 39 START
2019-06-14 12:10:39.044 25933 WARNING rally_openstack.scenarios.neutron.utils [-] Running this scenario without either the 'network' or 'existing_network' context is deprecated
2019-06-14 12:10:40.353 25910 INFO rally.task.runner [-] Task 92fd8303-2317-474a-9fe4-4b1292e2b3fe | ITER: 4 END: OK
2019-06-14 12:10:40.358 25910 INFO rally.task.runner [-] Task 92fd8303-2317-474a-9fe4-4b1292e2b3fe | ITER: 40 START
2019-06-14 12:10:40.358 25910 WARNING rally_openstack.scenarios.neutron.utils [-] Running this scenario without either the 'network' or 'existing_network' context is deprecated
2019-06-14 12:10:41.973 25909 INFO rally.task.runner [-] Task 92fd8303-2317-474a-9fe4-4b1292e2b3fe | ITER: 21 END: OK
2019-06-14 12:10:43.342 25908 INFO rally.task.runner [-] Task 92fd8303-2317-474a-9fe4-4b1292e2b3fe | ITER: 23 END: OK
2019-06-14 12:10:44.504 25940 INFO rally.task.runner [-] Task 92fd8303-2317-474a-9fe4-4b1292e2b3fe | ITER: 22 END: OK
2019-06-14 12:10:46.130 25910 INFO rally.task.runner [-] Task 92fd8303-2317-474a-9fe4-4b1292e2b3fe | ITER: 24 END: OK
2019-06-14 12:10:46.304 25952 INFO rally.task.runner [-] Task 92fd8303-2317-474a-9fe4-4b1292e2b3fe | ITER: 27 END: OK
2019-06-14 12:10:46.744 25908 INFO rally.task.runner [-] Task 92fd8303-2317-474a-9fe4-4b1292e2b3fe | ITER: 29 END: OK
2019-06-14 12:10:47.241 25946 INFO rally.task.runner [-] Task 92fd8303-2317-474a-9fe4-4b1292e2b3fe | ITER: 37 END: OK
2019-06-14 12:10:47.263 25916 INFO rally.task.runner [-] Task 92fd8303-2317-474a-9fe4-4b1292e2b3fe | ITER: 31 END: OK
2019-06-14 12:10:47.497 25949 INFO rally.task.runner [-] Task 92fd8303-2317-474a-9fe4-4b1292e2b3fe | ITER: 26 END: OK
2019-06-14 12:10:47.505 25944 INFO rally.task.runner [-] Task 92fd8303-2317-474a-9fe4-4b1292e2b3fe | ITER: 28 END: OK
2019-06-14 12:10:47.898 25953 INFO rally.task.runner [-] Task 92fd8303-2317-474a-9fe4-4b1292e2b3fe | ITER: 25 END: OK
2019-06-14 12:10:48.081 25928 INFO rally.task.runner [-] Task 92fd8303-2317-474a-9fe4-4b1292e2b3fe | ITER: 30 END: OK
2019-06-14 12:10:48.140 25924 INFO rally.task.runner [-] Task 92fd8303-2317-474a-9fe4-4b1292e2b3fe | ITER: 34 END: OK
2019-06-14 12:10:48.172 25919 INFO rally.task.runner [-] Task 92fd8303-2317-474a-9fe4-4b1292e2b3fe | ITER: 35 END: OK
2019-06-14 12:10:48.550 25913 INFO rally.task.runner [-] Task 92fd8303-2317-474a-9fe4-4b1292e2b3fe | ITER: 38 END: OK
2019-06-14 12:10:48.804 25909 INFO rally.task.runner [-] Task 92fd8303-2317-474a-9fe4-4b1292e2b3fe | ITER: 33 END: OK
2019-06-14 12:10:49.423 25910 INFO rally.task.runner [-] Task 92fd8303-2317-474a-9fe4-4b1292e2b3fe | ITER: 40 END: OK
2019-06-14 12:10:49.597 25911 INFO rally.task.runner [-] Task 92fd8303-2317-474a-9fe4-4b1292e2b3fe | ITER: 36 END: OK
2019-06-14 12:10:49.906 25933 INFO rally.task.runner [-] Task 92fd8303-2317-474a-9fe4-4b1292e2b3fe | ITER: 39 END: OK
2019-06-14 12:10:49.927 25911 INFO rally.task.runner [-] Task 92fd8303-2317-474a-9fe4-4b1292e2b3fe | ITER: 32 END: OK
2019-06-14 12:10:49.950 21662 INFO rally.task.context [-] Task 92fd8303-2317-474a-9fe4-4b1292e2b3fe | Context cleanup@openstack cleanup() started
2019-06-14 12:10:49.953 21662 RALLYDEBUG rally_openstack.cleanup.manager [-] Cleaning up neutron vip objects
2019-06-14 12:10:50.349 21662 RALLYDEBUG rally_openstack.cleanup.manager [-] Cleaning up neutron health_monitor objects
2019-06-14 12:10:50.733 21662 RALLYDEBUG rally_openstack.cleanup.manager [-] Cleaning up neutron pool objects
2019-06-14 12:10:51.127 21662 RALLYDEBUG rally_openstack.cleanup.manager [-] Cleaning up neutron loadbalancer objects
2019-06-14 12:10:51.524 21662 RALLYDEBUG rally_openstack.cleanup.manager [-] Cleaning up neutron floatingip objects
2019-06-14 12:10:51.945 21662 RALLYDEBUG rally_openstack.cleanup.manager [-] Cleaning up neutron port objects
2019-06-14 12:10:52.371 21662 RALLYDEBUG rally_openstack.cleanup.manager [-] Cleaning up neutron subnet objects
2019-06-14 12:10:53.044 21662 RALLYDEBUG rally_openstack.cleanup.manager [-] Cleaning up neutron network objects
2019-06-14 12:10:53.663 21662 RALLYDEBUG rally_openstack.cleanup.manager [-] Deleting neutron.network object s_rally_a81aacb8_mNa4Iczg (140d4e05-df7c-4020-9d95-ef6f37292e90)
2019-06-14 12:10:53.665 21662 RALLYDEBUG rally_openstack.cleanup.manager [-] Deleting neutron.network object s_rally_a81aacb8_uJN3x6Hq (4c133143-2ee6-4e37-9ca3-0d50585cf180)
2019-06-14 12:10:53.665 21662 RALLYDEBUG rally_openstack.cleanup.manager [-] Deleting neutron.network object s_rally_a81aacb8_7nHBHwbB (561a3c2a-db52-4d0f-8937-2702e659f0cd)
2019-06-14 12:10:53.671 21662 RALLYDEBUG rally_openstack.cleanup.manager [-] Deleting neutron.network object s_rally_a81aacb8_iOdI5eGF (5e0bfa74-e230-4dd5-a8f3-4e7e6f066ec9)
2019-06-14 12:10:53.694 21662 RALLYDEBUG rally_openstack.cleanup.manager [-] Deleting neutron.network object s_rally_a81aacb8_L9WUXbrf (16e4a5c6-b46d-488b-ab53-70ae3b36cf2a)
2019-06-14 12:10:53.701 21662 RALLYDEBUG rally_openstack.cleanup.manager [-] Deleting neutron.network object s_rally_a81aacb8_OO9hkYZW (277cf7d0-3df3-42ec-9518-ab5065e39953)
2019-06-14 12:10:53.704 21662 RALLYDEBUG rally_openstack.cleanup.manager [-] Deleting neutron.network object s_rally_a81aacb8_EmaeOx1m (70fb7e42-80dc-41fa-9cc2-99eae133d89a)
2019-06-14 12:10:53.708 21662 RALLYDEBUG rally_openstack.cleanup.manager [-] Deleting neutron.network object s_rally_a81aacb8_5EERPPzb (4f0c727a-d4e1-43b2-9a64-00ddd3ef576b)
2019-06-14 12:10:53.715 21662 RALLYDEBUG rally_openstack.cleanup.manager [-] Deleting neutron.network object s_rally_a81aacb8_EehpKCmr (5b97ea16-0ca6-44ed-9103-38ab65d9df0e)
2019-06-14 12:10:53.716 21662 RALLYDEBUG rally_openstack.cleanup.manager [-] Deleting neutron.network object s_rally_a81aacb8_5Nx1duMa (105a88a7-eac2-49ce-929b-6a1c5aa139af)
2019-06-14 12:10:53.718 21662 RALLYDEBUG rally_openstack.cleanup.manager [-] Deleting neutron.network object s_rally_a81aacb8_i6uUt8hc (6d7a650b-5743-454c-bf93-71171ceffd23)
2019-06-14 12:10:53.722 21662 RALLYDEBUG rally_openstack.cleanup.manager [-] Deleting neutron.network object s_rally_a81aacb8_PlLexbfy (3de4c867-8aa4-4498-a00e-75d5f8024803)
2019-06-14 12:10:53.725 21662 RALLYDEBUG rally_openstack.cleanup.manager [-] Deleting neutron.network object s_rally_a81aacb8_t5ScoW1y (766c5292-1ddc-47ce-8f8f-8a75d5e7b6a8)
2019-06-14 12:10:53.729 21662 RALLYDEBUG rally_openstack.cleanup.manager [-] Deleting neutron.network object s_rally_a81aacb8_vVdifDhp (27e200c5-4a14-477f-9621-aec7e32f37d0)
2019-06-14 12:10:53.734 21662 RALLYDEBUG rally_openstack.cleanup.manager [-] Deleting neutron.network object s_rally_a81aacb8_rfue2BG8 (69c42852-b21e-4950-8fe3-da192e989b76)
2019-06-14 12:10:53.744 21662 RALLYDEBUG rally_openstack.cleanup.manager [-] Deleting neutron.network object s_rally_a81aacb8_CqA511mZ (6d5a4fb5-e4bd-400e-9049-b63382d675c2)
2019-06-14 12:10:53.750 21662 RALLYDEBUG rally_openstack.cleanup.manager [-] Deleting neutron.network object s_rally_a81aacb8_kc70idN2 (76bf5d98-999a-4aeb-960e-d7ad17850cdc)
2019-06-14 12:10:53.748 21662 RALLYDEBUG rally_openstack.cleanup.manager [-] Deleting neutron.network object s_rally_a81aacb8_JLD5qNbX (4fd67645-37a3-4407-98e0-5d26e0e96db7)
2019-06-14 12:10:53.779 21662 RALLYDEBUG rally_openstack.cleanup.manager [-] Deleting neutron.network object s_rally_a81aacb8_FaRDEdjM (1ca5afcc-89be-4878-b016-a0a0ea74503a)
2019-06-14 12:10:53.790 21662 RALLYDEBUG rally_openstack.cleanup.manager [-] Deleting neutron.network object s_rally_a81aacb8_Q29ca46Y (44ec63e8-13ec-420d-b1b6-7ef7b5e1544b)
2019-06-14 12:10:55.870 21662 RALLYDEBUG rally_openstack.cleanup.manager [-] Deleting neutron.network object s_rally_a81aacb8_VBhQGMUF (7897fd6a-f4b6-401e-a56d-09a9925003e8)
2019-06-14 12:10:56.162 21662 RALLYDEBUG rally_openstack.cleanup.manager [-] Deleting neutron.network object s_rally_a81aacb8_XOl19YYI (8a391857-43cf-429b-8c65-6a82dbefcb7e)
2019-06-14 12:10:56.345 21662 RALLYDEBUG rally_openstack.cleanup.manager [-] Deleting neutron.network object s_rally_a81aacb8_3GCHdH41 (8ec6bfd8-e1e3-4048-aa2f-eafaa15954ba)
2019-06-14 12:10:56.396 21662 RALLYDEBUG rally_openstack.cleanup.manager [-] Deleting neutron.network object s_rally_a81aacb8_H1KKh3by (9214ab63-c3d3-49a4-80ff-b5b91d94337f)
2019-06-14 12:10:56.536 21662 RALLYDEBUG rally_openstack.cleanup.manager [-] Deleting neutron.network object s_rally_a81aacb8_yTpea3K1 (928a35f1-b1a4-4435-8b4d-e515e2fd3b1e)
2019-06-14 12:10:56.714 21662 RALLYDEBUG rally_openstack.cleanup.manager [-] Deleting neutron.network object s_rally_a81aacb8_4ZlJPm9J (9a3034ce-870d-44de-971f-487cb4af8c31)
2019-06-14 12:10:56.723 21662 RALLYDEBUG rally_openstack.cleanup.manager [-] Deleting neutron.network object s_rally_a81aacb8_FoDRIBRa (9c843fb1-bfd7-4908-9234-563161be12ac)
2019-06-14 12:10:56.792 21662 RALLYDEBUG rally_openstack.cleanup.manager [-] Deleting neutron.network object s_rally_a81aacb8_v3kQAjRM (9e36c05f-b960-428d-ae79-011691eb3449)
2019-06-14 12:10:56.928 21662 RALLYDEBUG rally_openstack.cleanup.manager [-] Deleting neutron.network object s_rally_a81aacb8_J0J0n9XF (a10da16d-1bde-4c86-a6a4-e4159db68754)
2019-06-14 12:10:56.983 21662 RALLYDEBUG rally_openstack.cleanup.manager [-] Deleting neutron.network object s_rally_a81aacb8_tu8wIrNN (a35612d2-4499-4377-a444-1d0f42ec826e)
2019-06-14 12:10:56.991 21662 RALLYDEBUG rally_openstack.cleanup.manager [-] Deleting neutron.network object s_rally_a81aacb8_edhPuZfC (a614320f-683a-4858-969a-634768702174)
2019-06-14 12:10:57.101 21662 RALLYDEBUG rally_openstack.cleanup.manager [-] Deleting neutron.network object s_rally_a81aacb8_AhHBD3YM (ae8ab7b0-f20e-4f82-ad13-622d5fd8d6d8)
2019-06-14 12:10:57.130 21662 RALLYDEBUG rally_openstack.cleanup.manager [-] Deleting neutron.network object s_rally_a81aacb8_4i84StTx (b8010832-74f0-423d-bfce-3451394acee9)
2019-06-14 12:10:57.348 21662 RALLYDEBUG rally_openstack.cleanup.manager [-] Deleting neutron.network object s_rally_a81aacb8_QLErKaut (b9adb18c-2afe-4666-8bd8-9a2184821373)
2019-06-14 12:10:57.421 21662 RALLYDEBUG rally_openstack.cleanup.manager [-] Deleting neutron.network object s_rally_a81aacb8_JYbgO5kd (bd0e30fa-c6c5-4acb-9560-51d5dd6196e7)
2019-06-14 12:10:57.421 21662 RALLYDEBUG rally_openstack.cleanup.manager [-] Deleting neutron.network object s_rally_a81aacb8_AARhtjCw (ce03f719-83dc-4797-a053-b8236ee24ea3)
2019-06-14 12:10:57.433 21662 RALLYDEBUG rally_openstack.cleanup.manager [-] Deleting neutron.network object s_rally_a81aacb8_Mg41AILa (d017dd35-6ec2-4760-8ea3-e1b57a7fa3cf)
2019-06-14 12:10:57.446 21662 RALLYDEBUG rally_openstack.cleanup.manager [-] Deleting neutron.network object s_rally_a81aacb8_AxiAvMpq (d1a27a62-fbe8-4d64-87a3-91a7c4aba18a)
2019-06-14 12:10:57.450 21662 RALLYDEBUG rally_openstack.cleanup.manager [-] Deleting neutron.network object s_rally_a81aacb8_ghwDfDbw (e8d6343a-f795-4cfe-942a-1580a1d36ccc)
2019-06-14 12:10:57.463 21662 RALLYDEBUG rally_openstack.cleanup.manager [-] Deleting neutron.network object s_rally_a81aacb8_xIk1jk2e (fb9ca05e-a556-4aae-9661-5870c3029f5f)
2019-06-14 12:11:00.367 21662 RALLYDEBUG rally_openstack.cleanup.manager [-] Cleaning up neutron router objects
2019-06-14 12:11:00.813 21662 RALLYDEBUG rally_openstack.cleanup.manager [-] Cleaning up neutron security_group objects
2019-06-14 12:11:01.239 21662 INFO rally.task.context [-] Task 92fd8303-2317-474a-9fe4-4b1292e2b3fe | Context cleanup@openstack cleanup() finished in 11.29 sec
2019-06-14 12:11:01.240 21662 INFO rally.task.context [-] Task 92fd8303-2317-474a-9fe4-4b1292e2b3fe | Context quotas@openstack cleanup() started
2019-06-14 12:11:01.326 21662 INFO rally.task.context [-] Task 92fd8303-2317-474a-9fe4-4b1292e2b3fe | Context quotas@openstack cleanup() finished in 86.48 msec
2019-06-14 12:11:01.327 21662 INFO rally.task.context [-] Task 92fd8303-2317-474a-9fe4-4b1292e2b3fe | Context users@openstack cleanup() started
2019-06-14 12:11:04.078 21662 INFO rally.task.context [-] Task 92fd8303-2317-474a-9fe4-4b1292e2b3fe | Context users@openstack cleanup() finished in 2.75 sec
2019-06-14 12:11:04.981 21662 INFO rally.task.engine [-] Load duration is: 26.272612
2019-06-14 12:11:04.982 21662 INFO rally.task.engine [-] Full runner duration is: 26.319277
2019-06-14 12:11:04.982 21662 INFO rally.task.engine [-] Full duration is: 43.275849
2019-06-14 12:11:05.439 21662 INFO rally.task.engine [-] Running workload: position = 0 config = { "version": 2, "title": "A cropped version of a bigger task.", "description": "Auto-generated task from a single workload (uuid=36d8b93d-918e-4258-9677-c9e857fda221)", "subtasks": [ { "title": "Quotas.neutron_update", "description": "Update quotas for neutron.", "scenario": { "Quotas.neutron_update": { "max_quota": 1024 } }, "contexts": { "users": { "tenants": 20, "users_per_tenant": 1 } }, "runner": { "constant": { "times": 40, "concurrency": 20 } }, "hooks": [], "sla": { "failure_rate": { "max": 0 } } } ] }
2019-06-14 12:11:05.463 21662 RALLYDEBUG rally_openstack.contexts.keystone.users [-] Creating 20 tenants using 20 threads
2019-06-14 12:11:07.720 21662 RALLYDEBUG rally_openstack.contexts.keystone.users [-] Creating 20 users using 20 threads
2019-06-14 12:11:11.012 21662 INFO rally.task.context [-] Task 92fd8303-2317-474a-9fe4-4b1292e2b3fe | Context users@openstack setup() finished in 5.55 sec
2019-06-14 12:11:11.013 21662 INFO rally.task.context [-] Task 92fd8303-2317-474a-9fe4-4b1292e2b3fe | Context admin_cleanup@openstack setup() finished in 0.01 msec
2019-06-14 12:11:11.022 21662 RALLYDEBUG rally.task.runner [-] Starting the constant runner (task UUID: 92fd8303-2317-474a-9fe4-4b1292e2b3fe). timeout: 0 concurrency: 20 concurrency_per_worker: 1 times: 40 concurrency_overhead: 4 processes_to_start: 16 max_cpu_used: 16
2019-06-14 12:11:11.037 26278 RALLYDEBUG rally.task.runner [-] Starting a worker. concurrency: 2 args: {"max_quota": 1024} times: 40 method_name: run timeout: 0 duration: None cls:
2019-06-14 12:11:11.040 26279 RALLYDEBUG rally.task.runner [-] Starting a worker. concurrency: 2 args: {"max_quota": 1024} times: 40 method_name: run timeout: 0 duration: None cls:
2019-06-14 12:11:11.044 26280 RALLYDEBUG rally.task.runner [-] Starting a worker. concurrency: 2 args: {"max_quota": 1024} times: 40 method_name: run timeout: 0 duration: None cls:
2019-06-14 12:11:11.047 26281 RALLYDEBUG rally.task.runner [-] Starting a worker. concurrency: 2 args: {"max_quota": 1024} times: 40 method_name: run timeout: 0 duration: None cls:
2019-06-14 12:11:11.050 26278 INFO rally.task.runner [-] Task 92fd8303-2317-474a-9fe4-4b1292e2b3fe | ITER: 1 START
2019-06-14 12:11:11.051 26282 RALLYDEBUG rally.task.runner [-] Starting a worker. concurrency: 1 args: {"max_quota": 1024} times: 40 method_name: run timeout: 0 duration: None cls:
2019-06-14 12:11:11.052 26279 INFO rally.task.runner [-] Task 92fd8303-2317-474a-9fe4-4b1292e2b3fe | ITER: 2 START
2019-06-14 12:11:11.054 26283 RALLYDEBUG rally.task.runner [-] Starting a worker. concurrency: 1 args: {"max_quota": 1024} times: 40 method_name: run timeout: 0 duration: None cls:
2019-06-14 12:11:11.063 26282 INFO rally.task.runner [-] Task 92fd8303-2317-474a-9fe4-4b1292e2b3fe | ITER: 7 START
2019-06-14 12:11:11.063 26288 RALLYDEBUG rally.task.runner [-] Starting a worker. concurrency: 1 args: {"max_quota": 1024} times: 40 method_name: run timeout: 0 duration: None cls:
2019-06-14 12:11:11.065 26280 INFO rally.task.runner [-] Task 92fd8303-2317-474a-9fe4-4b1292e2b3fe | ITER: 3 START
2019-06-14 12:11:11.066 26283 INFO rally.task.runner [-] Task 92fd8303-2317-474a-9fe4-4b1292e2b3fe | ITER: 9 START
2019-06-14 12:11:11.066 26292 RALLYDEBUG rally.task.runner [-] Starting a worker. concurrency: 1 args: {"max_quota": 1024} times: 40 method_name: run timeout: 0 duration: None cls:
2019-06-14 12:11:11.067 26278 INFO rally.task.runner [-] Task 92fd8303-2317-474a-9fe4-4b1292e2b3fe | ITER: 4 START
2019-06-14 12:11:11.069 26281 INFO rally.task.runner [-] Task 92fd8303-2317-474a-9fe4-4b1292e2b3fe | ITER: 5 START
2019-06-14 12:11:11.073 26280 INFO rally.task.runner [-] Task 92fd8303-2317-474a-9fe4-4b1292e2b3fe | ITER: 8 START
2019-06-14 12:11:11.072 26295 RALLYDEBUG rally.task.runner [-] Starting a worker. concurrency: 1 args: {"max_quota": 1024} times: 40 method_name: run timeout: 0 duration: None cls:
2019-06-14 12:11:11.075 26288 INFO rally.task.runner [-] Task 92fd8303-2317-474a-9fe4-4b1292e2b3fe | ITER: 11 START
2019-06-14 12:11:11.076 26279 INFO rally.task.runner [-] Task 92fd8303-2317-474a-9fe4-4b1292e2b3fe | ITER: 6 START
2019-06-14 12:11:11.078 26292 INFO rally.task.runner [-] Task 92fd8303-2317-474a-9fe4-4b1292e2b3fe | ITER: 12 START
2019-06-14 12:11:11.078 26301 RALLYDEBUG rally.task.runner [-] Starting a worker. concurrency: 1 args: {"max_quota": 1024} times: 40 method_name: run timeout: 0 duration: None cls:
2019-06-14 12:11:11.080 26281 INFO rally.task.runner [-] Task 92fd8303-2317-474a-9fe4-4b1292e2b3fe | ITER: 10 START
2019-06-14 12:11:11.083 26303 RALLYDEBUG rally.task.runner [-] Starting a worker. concurrency: 1 args: {"max_quota": 1024} times: 40 method_name: run timeout: 0 duration: None cls:
2019-06-14 12:11:11.084 26295 INFO rally.task.runner [-] Task 92fd8303-2317-474a-9fe4-4b1292e2b3fe | ITER: 13 START
2019-06-14 12:11:11.087 26309 RALLYDEBUG rally.task.runner [-] Starting a worker. concurrency: 1 args: {"max_quota": 1024} times: 40 method_name: run timeout: 0 duration: None cls:
2019-06-14 12:11:11.093 26303 INFO rally.task.runner [-] Task 92fd8303-2317-474a-9fe4-4b1292e2b3fe | ITER: 15 START
2019-06-14 12:11:11.093 26301 INFO rally.task.runner [-] Task 92fd8303-2317-474a-9fe4-4b1292e2b3fe | ITER: 14 START
2019-06-14 12:11:11.097 26309 INFO rally.task.runner [-] Task 92fd8303-2317-474a-9fe4-4b1292e2b3fe | ITER: 16 START
2019-06-14 12:11:11.097 26312 RALLYDEBUG rally.task.runner [-] Starting a worker. concurrency: 1 args: {"max_quota": 1024} times: 40 method_name: run timeout: 0 duration: None cls:
2019-06-14 12:11:11.108 26312 INFO rally.task.runner [-] Task 92fd8303-2317-474a-9fe4-4b1292e2b3fe | ITER: 17 START
2019-06-14 12:11:11.111 26319 RALLYDEBUG rally.task.runner [-] Starting a worker. concurrency: 1 args: {"max_quota": 1024} times: 40 method_name: run timeout: 0 duration: None cls:
2019-06-14 12:11:11.114 26321 RALLYDEBUG rally.task.runner [-] Starting a worker. concurrency: 1 args: {"max_quota": 1024} times: 40 method_name: run timeout: 0 duration: None cls:
2019-06-14 12:11:11.116 26323 RALLYDEBUG rally.task.runner [-] Starting a worker. concurrency: 1 args: {"max_quota": 1024} times: 40 method_name: run timeout: 0 duration: None cls:
2019-06-14 12:11:11.120 26319 INFO rally.task.runner [-] Task 92fd8303-2317-474a-9fe4-4b1292e2b3fe | ITER: 18 START
2019-06-14 12:11:11.123 26323 INFO rally.task.runner [-] Task 92fd8303-2317-474a-9fe4-4b1292e2b3fe | ITER: 20 START
2019-06-14 12:11:11.124 26321 INFO rally.task.runner [-] Task 92fd8303-2317-474a-9fe4-4b1292e2b3fe | ITER: 19 START
2019-06-14 12:11:11.675 26278 INFO rally.task.runner [-] Task 92fd8303-2317-474a-9fe4-4b1292e2b3fe | ITER: 1 END: OK
2019-06-14 12:11:11.682 26288 INFO rally.task.runner [-] Task 92fd8303-2317-474a-9fe4-4b1292e2b3fe | ITER: 11 END: OK
2019-06-14 12:11:11.684 26278 INFO rally.task.runner [-] Task 92fd8303-2317-474a-9fe4-4b1292e2b3fe | ITER: 21 START
2019-06-14 12:11:11.688 26288 INFO rally.task.runner [-] Task 92fd8303-2317-474a-9fe4-4b1292e2b3fe | ITER: 22 START
2019-06-14 12:11:11.692 26282 INFO rally.task.runner [-] Task 92fd8303-2317-474a-9fe4-4b1292e2b3fe | ITER: 7 END: OK
2019-06-14 12:11:11.698 26278 INFO rally.task.runner [-] Task 92fd8303-2317-474a-9fe4-4b1292e2b3fe | ITER: 4 END: OK
2019-06-14 12:11:11.699 26282 INFO rally.task.runner [-] Task 92fd8303-2317-474a-9fe4-4b1292e2b3fe | ITER: 23 START
2019-06-14 12:11:11.705 26278 INFO rally.task.runner [-] Task 92fd8303-2317-474a-9fe4-4b1292e2b3fe | ITER: 24 START
2019-06-14 12:11:11.734 26309 INFO rally.task.runner [-] Task 92fd8303-2317-474a-9fe4-4b1292e2b3fe | ITER: 16 END: OK
2019-06-14 12:11:11.736 26295 INFO rally.task.runner [-] Task 92fd8303-2317-474a-9fe4-4b1292e2b3fe | ITER: 13 END: OK
2019-06-14 12:11:11.737 26280 INFO rally.task.runner [-] Task 92fd8303-2317-474a-9fe4-4b1292e2b3fe | ITER: 3 END: OK
2019-06-14 12:11:11.741 26309 INFO rally.task.runner [-] Task 92fd8303-2317-474a-9fe4-4b1292e2b3fe | ITER: 25 START
2019-06-14 12:11:11.742 26295 INFO rally.task.runner [-] Task 92fd8303-2317-474a-9fe4-4b1292e2b3fe | ITER: 26 START
2019-06-14 12:11:11.744 26280 INFO rally.task.runner [-] Task 92fd8303-2317-474a-9fe4-4b1292e2b3fe | ITER: 27 START
2019-06-14 12:11:11.776 26292 INFO rally.task.runner [-] Task 92fd8303-2317-474a-9fe4-4b1292e2b3fe | ITER: 12 END: OK
2019-06-14 12:11:11.782 26292 INFO rally.task.runner [-] Task 92fd8303-2317-474a-9fe4-4b1292e2b3fe | ITER: 28 START
2019-06-14 12:11:11.783 26280 INFO rally.task.runner [-] Task 92fd8303-2317-474a-9fe4-4b1292e2b3fe | ITER: 8 END: OK
2019-06-14 12:11:11.789 26280 INFO rally.task.runner [-] Task 92fd8303-2317-474a-9fe4-4b1292e2b3fe | ITER: 29 START
2019-06-14 12:11:11.817 26283 INFO rally.task.runner [-] Task 92fd8303-2317-474a-9fe4-4b1292e2b3fe | ITER: 9 END: OK
2019-06-14 12:11:11.823 26283 INFO rally.task.runner [-] Task 92fd8303-2317-474a-9fe4-4b1292e2b3fe | ITER: 30 START
2019-06-14 12:11:11.823 26281 INFO rally.task.runner [-] Task 92fd8303-2317-474a-9fe4-4b1292e2b3fe | ITER: 5 END: OK
2019-06-14 12:11:11.827 26279 INFO rally.task.runner [-] Task 92fd8303-2317-474a-9fe4-4b1292e2b3fe | ITER: 2 END: OK
2019-06-14 12:11:11.830 26281 INFO rally.task.runner [-] Task 92fd8303-2317-474a-9fe4-4b1292e2b3fe | ITER: 31 START
2019-06-14 12:11:11.833 26279 INFO rally.task.runner [-] Task 92fd8303-2317-474a-9fe4-4b1292e2b3fe | ITER: 32 START
2019-06-14 12:11:11.913 26321 INFO rally.task.runner [-] Task 92fd8303-2317-474a-9fe4-4b1292e2b3fe | ITER: 19 END: OK
2019-06-14 12:11:11.923 26321 INFO rally.task.runner [-] Task 92fd8303-2317-474a-9fe4-4b1292e2b3fe | ITER: 33 START
2019-06-14 12:11:11.951 26279 INFO rally.task.runner [-] Task 92fd8303-2317-474a-9fe4-4b1292e2b3fe | ITER: 6 END: OK
2019-06-14 12:11:11.957 26279 INFO rally.task.runner [-] Task 92fd8303-2317-474a-9fe4-4b1292e2b3fe | ITER: 34 START
2019-06-14 12:11:11.978 26312 INFO rally.task.runner [-] Task 92fd8303-2317-474a-9fe4-4b1292e2b3fe | ITER: 17 END: OK
2019-06-14 12:11:11.982 26303 INFO rally.task.runner [-] Task 92fd8303-2317-474a-9fe4-4b1292e2b3fe | ITER: 15 END: OK
2019-06-14 12:11:11.985 26312 INFO rally.task.runner [-] Task 92fd8303-2317-474a-9fe4-4b1292e2b3fe | ITER: 35 START
2019-06-14 12:11:11.989 26303 INFO rally.task.runner [-] Task 92fd8303-2317-474a-9fe4-4b1292e2b3fe | ITER: 36 START
2019-06-14 12:11:12.008 26319 INFO rally.task.runner [-] Task 92fd8303-2317-474a-9fe4-4b1292e2b3fe | ITER: 18 END: OK
2019-06-14 12:11:12.014 26319 INFO rally.task.runner [-] Task 92fd8303-2317-474a-9fe4-4b1292e2b3fe | ITER: 37 START
2019-06-14 12:11:12.138 26281 INFO rally.task.runner [-] Task 92fd8303-2317-474a-9fe4-4b1292e2b3fe | ITER: 10 END: OK
2019-06-14 12:11:12.144 26281 INFO rally.task.runner [-] Task 92fd8303-2317-474a-9fe4-4b1292e2b3fe | ITER: 38 START
2019-06-14 12:11:12.238 26301 INFO rally.task.runner [-] Task 92fd8303-2317-474a-9fe4-4b1292e2b3fe | ITER: 14 END: OK
2019-06-14 12:11:12.246 26301 INFO rally.task.runner [-] Task 92fd8303-2317-474a-9fe4-4b1292e2b3fe | ITER: 39 START
2019-06-14 12:11:12.274 26288 INFO rally.task.runner [-] Task 92fd8303-2317-474a-9fe4-4b1292e2b3fe | ITER: 22 END: OK
2019-06-14 12:11:12.280 26288 INFO rally.task.runner [-] Task 92fd8303-2317-474a-9fe4-4b1292e2b3fe | ITER: 40 START
2019-06-14 12:11:12.282 26278 INFO rally.task.runner [-] Task 92fd8303-2317-474a-9fe4-4b1292e2b3fe | ITER: 24 END: OK
2019-06-14 12:11:12.325 26278 INFO rally.task.runner [-] Task 92fd8303-2317-474a-9fe4-4b1292e2b3fe | ITER: 21 END: OK
2019-06-14 12:11:12.347 26309 INFO rally.task.runner [-] Task 92fd8303-2317-474a-9fe4-4b1292e2b3fe | ITER: 25 END: OK
2019-06-14 12:11:12.376 26292 INFO rally.task.runner [-] Task 92fd8303-2317-474a-9fe4-4b1292e2b3fe | ITER: 28 END: OK
2019-06-14 12:11:12.383 26323 INFO rally.task.runner [-] Task 92fd8303-2317-474a-9fe4-4b1292e2b3fe | ITER: 20 END: OK
2019-06-14 12:11:12.423 26281 INFO rally.task.runner [-] Task 92fd8303-2317-474a-9fe4-4b1292e2b3fe | ITER: 31 END: OK
2019-06-14 12:11:12.434 26279 INFO rally.task.runner [-] Task 92fd8303-2317-474a-9fe4-4b1292e2b3fe | ITER: 32 END: OK
2019-06-14 12:11:12.506 26283 INFO rally.task.runner [-] Task 92fd8303-2317-474a-9fe4-4b1292e2b3fe | ITER: 30 END: OK
2019-06-14 12:11:12.516 26282 INFO rally.task.runner [-] Task 92fd8303-2317-474a-9fe4-4b1292e2b3fe | ITER: 23 END: OK
2019-06-14 12:11:12.547 26295 INFO rally.task.runner [-] Task 92fd8303-2317-474a-9fe4-4b1292e2b3fe | ITER: 26 END: OK
2019-06-14 12:11:12.611 26280 INFO rally.task.runner [-] Task 92fd8303-2317-474a-9fe4-4b1292e2b3fe | ITER: 27 END: OK
2019-06-14 12:11:12.670 26280 INFO rally.task.runner [-] Task 92fd8303-2317-474a-9fe4-4b1292e2b3fe | ITER: 29 END: OK
2019-06-14 12:11:12.676 26312 INFO rally.task.runner [-] Task 92fd8303-2317-474a-9fe4-4b1292e2b3fe | ITER: 35 END: OK
2019-06-14 12:11:12.722 26279 INFO rally.task.runner [-] Task 92fd8303-2317-474a-9fe4-4b1292e2b3fe | ITER: 34 END: OK
2019-06-14 12:11:12.730 26321 INFO rally.task.runner [-] Task 92fd8303-2317-474a-9fe4-4b1292e2b3fe | ITER: 33 END: OK
2019-06-14 12:11:12.778 26303 INFO rally.task.runner [-] Task 92fd8303-2317-474a-9fe4-4b1292e2b3fe | ITER: 36 END: OK
2019-06-14 12:11:12.801 26301 INFO rally.task.runner [-] Task 92fd8303-2317-474a-9fe4-4b1292e2b3fe | ITER: 39 END: OK
2019-06-14 12:11:12.855 26281 INFO rally.task.runner [-] Task 92fd8303-2317-474a-9fe4-4b1292e2b3fe | ITER: 38 END: OK
2019-06-14 12:11:12.864 26288 INFO rally.task.runner [-] Task 92fd8303-2317-474a-9fe4-4b1292e2b3fe | ITER: 40 END: OK
2019-06-14 12:11:12.906 26319 INFO rally.task.runner [-] Task 92fd8303-2317-474a-9fe4-4b1292e2b3fe | ITER: 37 END: OK
2019-06-14 12:11:12.929 21662 INFO rally.task.context [-] Task 92fd8303-2317-474a-9fe4-4b1292e2b3fe | Context admin_cleanup@openstack cleanup() started
2019-06-14 12:11:12.932 21662 RALLYDEBUG rally_openstack.cleanup.manager [-] Cleaning up neutron quota objects
2019-06-14 12:11:14.588 21662 INFO rally.task.context [-] Task 92fd8303-2317-474a-9fe4-4b1292e2b3fe | Context admin_cleanup@openstack cleanup() finished in 1.66 sec
2019-06-14 12:11:14.589 21662 INFO rally.task.context [-] Task 92fd8303-2317-474a-9fe4-4b1292e2b3fe | Context users@openstack cleanup() started
2019-06-14 12:11:37.839 21662 INFO rally.task.context [-] Task 92fd8303-2317-474a-9fe4-4b1292e2b3fe | Context users@openstack cleanup() finished in 23.25 sec
2019-06-14 12:11:39.647 21662 INFO rally.task.engine [-] Load duration is: 1.853982
2019-06-14 12:11:39.648 21662 INFO rally.task.engine [-] Full runner duration is: 1.907154
2019-06-14 12:11:39.648 21662 INFO rally.task.engine [-] Full duration is: 32.380244
2019-06-14 12:11:39.983 21662 INFO rally.task.engine [-] Running workload: position = 0 config = { "version": 2, "title": "A cropped version of a bigger task.", "description": "Auto-generated task from a single workload (uuid=8565dde6-9f92-46df-b198-8a669cdfeff8)", "subtasks": [ { "title": "NeutronTrunks.create_and_list_trunk_subports", "description": "", "scenario": { "NeutronTrunks.create_and_list_trunk_subports": { "subport_count": 125 } }, "contexts": { "users": { "tenants": 1, "users_per_tenant": 1 }, "quotas": { "neutron": { "network": -1, "port": 1000 } } }, "runner": { "constant": { "times": 4, "concurrency": 4 } }, "hooks": [], "sla": { "failure_rate": { "max": 0 } } } ] }
2019-06-14 12:11:40.010 21662 RALLYDEBUG rally_openstack.contexts.keystone.users [-] Creating 1 tenants using 20 threads
2019-06-14 12:11:41.040 21662 RALLYDEBUG rally_openstack.contexts.keystone.users [-] Creating 1 users using 20 threads
2019-06-14 12:11:42.507 21662 INFO rally.task.context [-] Task 92fd8303-2317-474a-9fe4-4b1292e2b3fe | Context users@openstack setup() finished in 2.50 sec
2019-06-14 12:11:42.987 21662 INFO rally.task.context [-] Task 92fd8303-2317-474a-9fe4-4b1292e2b3fe | Context quotas@openstack setup() finished in 0.48 sec
2019-06-14 12:11:42.988 21662 INFO rally.task.context [-] Task 92fd8303-2317-474a-9fe4-4b1292e2b3fe | Context cleanup@openstack setup() finished in 0.01 msec
2019-06-14 12:11:42.997 21662 RALLYDEBUG rally.task.runner [-] Starting the constant runner (task UUID: 92fd8303-2317-474a-9fe4-4b1292e2b3fe). timeout: 0 concurrency: 4 concurrency_per_worker: 1 times: 4 concurrency_overhead: 0 processes_to_start: 4 max_cpu_used: 16
2019-06-14 12:11:43.012 26468 RALLYDEBUG rally.task.runner [-] Starting a worker. concurrency: 1 args: {"subport_count": 125} times: 4 method_name: run timeout: 0 duration: None cls:
2019-06-14 12:11:43.015 26469 RALLYDEBUG rally.task.runner [-] Starting a worker. concurrency: 1 args: {"subport_count": 125} times: 4 method_name: run timeout: 0 duration: None cls:
2019-06-14 12:11:43.019 26468 INFO rally.task.runner [-] Task 92fd8303-2317-474a-9fe4-4b1292e2b3fe | ITER: 1 START
2019-06-14 12:11:43.018 26470 RALLYDEBUG rally.task.runner [-] Starting a worker. concurrency: 1 args: {"subport_count": 125} times: 4 method_name: run timeout: 0 duration: None cls:
2019-06-14 12:11:43.021 26469 INFO rally.task.runner [-] Task 92fd8303-2317-474a-9fe4-4b1292e2b3fe | ITER: 2 START
2019-06-14 12:11:43.022 26471 RALLYDEBUG rally.task.runner [-] Starting a worker. concurrency: 1 args: {"subport_count": 125} times: 4 method_name: run timeout: 0 duration: None cls:
2019-06-14 12:11:43.025 26470 INFO rally.task.runner [-] Task 92fd8303-2317-474a-9fe4-4b1292e2b3fe | ITER: 3 START
2019-06-14 12:11:43.028 26471 INFO rally.task.runner [-] Task 92fd8303-2317-474a-9fe4-4b1292e2b3fe | ITER: 4 START
2019-06-14 12:13:28.015 26469 WARNING rally.task.atomic [-] 'optional_action_timer' is deprecated since rally v0.10.0.Please use action_timer instead, we have improved atomic actions, now do not need to explicitly close original action.
2019-06-14 12:13:28.055 26469 WARNING rally.task.atomic [-] 'optional_action_timer' is deprecated since rally v0.10.0.Please use action_timer instead, we have improved atomic actions, now do not need to explicitly close original action.
2019-06-14 12:13:28.613 26469 INFO rally.task.runner [-] Task 92fd8303-2317-474a-9fe4-4b1292e2b3fe | ITER: 2 END: OK
2019-06-14 12:13:30.144 26468 WARNING rally.task.atomic [-] 'optional_action_timer' is deprecated since rally v0.10.0.Please use action_timer instead, we have improved atomic actions, now do not need to explicitly close original action.
2019-06-14 12:13:30.184 26468 WARNING rally.task.atomic [-] 'optional_action_timer' is deprecated since rally v0.10.0.Please use action_timer instead, we have improved atomic actions, now do not need to explicitly close original action.
2019-06-14 12:13:30.637 26470 WARNING rally.task.atomic [-] 'optional_action_timer' is deprecated since rally v0.10.0.Please use action_timer instead, we have improved atomic actions, now do not need to explicitly close original action.
2019-06-14 12:13:30.673 26470 WARNING rally.task.atomic [-] 'optional_action_timer' is deprecated since rally v0.10.0.Please use action_timer instead, we have improved atomic actions, now do not need to explicitly close original action.
2019-06-14 12:13:31.181 26468 INFO rally.task.runner [-] Task 92fd8303-2317-474a-9fe4-4b1292e2b3fe | ITER: 1 END: OK
2019-06-14 12:13:31.278 26470 INFO rally.task.runner [-] Task 92fd8303-2317-474a-9fe4-4b1292e2b3fe | ITER: 3 END: OK
2019-06-14 12:13:32.093 26471 WARNING rally.task.atomic [-] 'optional_action_timer' is deprecated since rally v0.10.0.Please use action_timer instead, we have improved atomic actions, now do not need to explicitly close original action.
2019-06-14 12:13:32.135 26471 WARNING rally.task.atomic [-] 'optional_action_timer' is deprecated since rally v0.10.0.Please use action_timer instead, we have improved atomic actions, now do not need to explicitly close original action.
2019-06-14 12:13:32.688 26471 INFO rally.task.runner [-] Task 92fd8303-2317-474a-9fe4-4b1292e2b3fe | ITER: 4 END: OK
2019-06-14 12:13:32.724 21662 INFO rally.task.context [-] Task 92fd8303-2317-474a-9fe4-4b1292e2b3fe | Context cleanup@openstack cleanup() started
2019-06-14 12:13:32.727 21662 RALLYDEBUG rally_openstack.cleanup.manager [-] Cleaning up neutron vip objects
2019-06-14 12:13:33.155 21662 RALLYDEBUG rally_openstack.cleanup.manager [-] Cleaning up neutron health_monitor objects
2019-06-14 12:13:33.569 21662 RALLYDEBUG rally_openstack.cleanup.manager [-] Cleaning up neutron pool objects
2019-06-14 12:13:33.986 21662 RALLYDEBUG rally_openstack.cleanup.manager [-] Cleaning up neutron loadbalancer objects
2019-06-14 12:13:34.404 21662 RALLYDEBUG rally_openstack.cleanup.manager [-] Cleaning up neutron floatingip objects
2019-06-14 12:13:34.858 21662 RALLYDEBUG rally_openstack.cleanup.manager [-] Cleaning up neutron port objects
2019-06-14 12:13:36.688 21662 RALLYDEBUG rally_openstack.cleanup.manager [-] Deleting neutron.port object s_rally_8565dde6_3sDtJxp9 (0b529b75-3dbc-4ed5-9907-808354830052)
2019-06-14 12:13:36.692 21662 RALLYDEBUG rally_openstack.cleanup.manager [-] Deleting neutron.port object s_rally_8565dde6_cnM2O4F0 (0b713346-fcaf-4576-8ff8-ef42e6534ed4)
2019-06-14 12:13:36.693 21662 RALLYDEBUG rally_openstack.cleanup.manager [-] Deleting neutron.port object s_rally_8565dde6_Zu6LOctB (01182470-9325-4910-87e6-3f4541303d25)
2019-06-14 12:13:36.694 21662 RALLYDEBUG rally_openstack.cleanup.manager [-] Deleting neutron.port object s_rally_8565dde6_iHXN1zQa (07280ab3-7010-453e-afb5-71cefa7e1580)
2019-06-14 12:13:36.699 21662 RALLYDEBUG rally_openstack.cleanup.manager [-] Deleting neutron.port object s_rally_8565dde6_qQxPDd9Q (068974b6-14e9-46fe-845a-d04252733a1c)
2019-06-14 12:13:36.713 21662 RALLYDEBUG rally_openstack.cleanup.manager [-] Deleting neutron.port object s_rally_8565dde6_MbS50efa (0412c9a7-6c2c-4833-a805-142846fdc6d6)
2019-06-14 12:13:36.716 21662 RALLYDEBUG rally_openstack.cleanup.manager [-] Deleting neutron.port object s_rally_8565dde6_qSZy9EtN (08586dfa-b707-45da-875b-90271a3f557d)
2019-06-14 12:13:36.720 21662 RALLYDEBUG rally_openstack.cleanup.manager [-] Deleting neutron.port object s_rally_8565dde6_kpfE8fne (0036ab02-7956-4985-908d-a40472686b80)
2019-06-14 12:13:36.722 21662 RALLYDEBUG rally_openstack.cleanup.manager [-] Deleting neutron.port object s_rally_8565dde6_ggGbJiJA (0ad7682e-dfa6-469c-831b-db048f09ebd3)
2019-06-14 12:13:36.731 21662 RALLYDEBUG rally_openstack.cleanup.manager [-] Deleting neutron.port object s_rally_8565dde6_lzbJPPGQ (008fd489-0557-404c-aba8-ed45fd6b76cc)
2019-06-14 12:13:36.736 21662 RALLYDEBUG rally_openstack.cleanup.manager [-] Deleting neutron.port object s_rally_8565dde6_Gh0FrK20 (0bfdfb87-26e8-4860-a692-191437dc2707)
2019-06-14 12:13:36.741 21662 RALLYDEBUG rally_openstack.cleanup.manager [-] Deleting neutron.port object s_rally_8565dde6_mVH1rBT2 (01a32ec8-1b66-4d31-9a5e-93762fe2ca90)
2019-06-14 12:13:36.751 21662 RALLYDEBUG rally_openstack.cleanup.manager [-] Deleting neutron.port object s_rally_8565dde6_yWC8eotQ (02758577-6607-49fb-bda4-f006a096c497)
2019-06-14 12:13:36.761 21662 RALLYDEBUG rally_openstack.cleanup.manager [-] Deleting neutron.port object s_rally_8565dde6_qiY5Fz4K (0712d6f9-9353-4aca-b0c5-469298c1cc6f)
2019-06-14 12:13:36.766 21662 RALLYDEBUG rally_openstack.cleanup.manager [-] Deleting neutron.port object s_rally_8565dde6_kDDzk9CK (0925a33d-2794-4c1d-ac35-11597036ebf4)
2019-06-14 12:13:36.766 21662 RALLYDEBUG rally_openstack.cleanup.manager [-] Deleting neutron.port object s_rally_8565dde6_uGTaWahf (09ebf87b-64c9-49b4-ac1a-5a42705e99dd)
2019-06-14 12:13:36.769 21662 RALLYDEBUG rally_openstack.cleanup.manager [-] Deleting neutron.port object s_rally_8565dde6_esSdjygg (01b3ed63-2585-4243-a762-2caeb6dcfa6f)
2019-06-14 12:13:36.802 21662 RALLYDEBUG rally_openstack.cleanup.manager [-] Deleting neutron.port object s_rally_8565dde6_DY2ZiDXB (08559357-724a-4b32-a41b-084e2b6e9d8b)
2019-06-14 12:13:36.808 21662 RALLYDEBUG rally_openstack.cleanup.manager [-] Deleting neutron.port object s_rally_8565dde6_ZKVd2ywf (06eb5543-5da7-4064-8e13-1b2065e43dbb)
2019-06-14 12:13:36.807 21662 RALLYDEBUG rally_openstack.cleanup.manager [-] Deleting neutron.port object s_rally_8565dde6_Y7DyLrPb (00b8c63a-cbe0-44ba-9e7f-9a9aa268c04c)
2019-06-14 12:13:39.028 21662 RALLYDEBUG rally_openstack.cleanup.manager [-] Deleting neutron.port object s_rally_8565dde6_e7CUVjyC (0bfec6a1-5a90-4c28-8040-a12d2e76f2bc)
2019-06-14 12:13:39.068 21662 RALLYDEBUG rally_openstack.cleanup.manager [-] Deleting neutron.port object s_rally_8565dde6_9JnSMcjL (0d739f4c-880a-4643-aeaf-9def9301a82a)
2019-06-14 12:13:39.144 21662 RALLYDEBUG rally_openstack.cleanup.manager [-] Deleting neutron.port object s_rally_8565dde6_YO07lLin (0db16d38-aa1b-49ac-9473-d3e2d27da674)
2019-06-14 12:13:39.409 21662 RALLYDEBUG rally_openstack.cleanup.manager [-] Deleting neutron.port object s_rally_8565dde6_CuF7r5DA (0dba124e-95ed-4252-8f85-096d0a24fb30)
2019-06-14 12:13:39.487 21662 RALLYDEBUG rally_openstack.cleanup.manager [-] Deleting neutron.port object s_rally_8565dde6_rXCaZqRW (0f166a08-38fc-4409-8738-de55a0e40c63)
2019-06-14 12:13:39.504 21662 RALLYDEBUG rally_openstack.cleanup.manager [-] Deleting neutron.port object s_rally_8565dde6_CjQKKrBV (0fd1a765-b526-41cf-9d0d-7597aed3e054)
2019-06-14 12:13:39.648 21662 RALLYDEBUG rally_openstack.cleanup.manager [-] Deleting neutron.port object s_rally_8565dde6_4UdhiUxd (113ce398-b374-4cc6-bf48-6c2a6e2015e3)
2019-06-14 12:13:39.656 21662 RALLYDEBUG rally_openstack.cleanup.manager [-] Deleting neutron.port object s_rally_8565dde6_3Hzp75BE (1148a276-f249-4ef8-bcbb-795b4eef246e)
2019-06-14 12:13:39.716 21662 RALLYDEBUG rally_openstack.cleanup.manager [-] Deleting neutron.port object s_rally_8565dde6_BgmIOGfs (123423bf-85e5-449d-91e8-71c74c5a5a77)
2019-06-14 12:13:39.748 21662 RALLYDEBUG rally_openstack.cleanup.manager [-] Deleting neutron.port object s_rally_8565dde6_yHPw0JY5 (132538bf-719e-4a17-9f67-d5599f54a19f)
2019-06-14 12:13:39.781 21662 RALLYDEBUG rally_openstack.cleanup.manager [-] Deleting neutron.port object s_rally_8565dde6_9yePn7LF (13888145-0863-498c-8df1-4f1b2539b54e)
2019-06-14 12:13:39.794 21662 RALLYDEBUG rally_openstack.cleanup.manager [-] Deleting neutron.port object s_rally_8565dde6_u8dPX8OM (144a6777-d1ff-425d-a5c7-04ebcd8f5302)
2019-06-14 12:13:39.815 21662 RALLYDEBUG rally_openstack.cleanup.manager [-] Deleting neutron.port object s_rally_8565dde6_kJ4TNoiE (14d98326-25c7-4027-b386-0ae1c6fc00be)
2019-06-14 12:13:39.828 21662 RALLYDEBUG rally_openstack.cleanup.manager [-] Deleting neutron.port object s_rally_8565dde6_VLS2USE8 (15085ddf-198b-4c04-913e-e85a2ac22f98)
2019-06-14 12:13:39.854 21662 RALLYDEBUG rally_openstack.cleanup.manager [-] Deleting neutron.port object s_rally_8565dde6_EdC3dK9J (1562b87a-5433-496b-b752-afa836349d83)
2019-06-14 12:13:39.862 21662 RALLYDEBUG rally_openstack.cleanup.manager [-] Deleting neutron.port object s_rally_8565dde6_nXH43dPu (18da3e9c-10f3-46cf-9832-79df078d1840)
2019-06-14 12:13:39.871 21662 RALLYDEBUG rally_openstack.cleanup.manager [-] Deleting neutron.port object s_rally_8565dde6_vV3seIKk (19406ede-f2fb-473f-a500-43d48e9bb6e4)
2019-06-14 12:13:39.872 21662 RALLYDEBUG rally_openstack.cleanup.manager [-] Deleting neutron.port object s_rally_8565dde6_NnsCrXe4 (19997871-ec7b-473c-9069-3176b3278474)
2019-06-14 12:13:39.900 21662 RALLYDEBUG rally_openstack.cleanup.manager [-] Deleting neutron.port object s_rally_8565dde6_bS9BRG55 (1a379162-38d2-46c8-a1a3-cf551eaa8615)
2019-06-14 12:13:39.903 21662 RALLYDEBUG rally_openstack.cleanup.manager [-] Deleting neutron.port object s_rally_8565dde6_UjQ7jgWA (1b347af1-26a2-42a5-9b09-0f16902cf560)
2019-06-14 12:13:40.978 21662 RALLYDEBUG rally_openstack.cleanup.manager [-] Deleting neutron.port object s_rally_8565dde6_GqYTsUjE (1c0384e8-a7d4-41da-91df-21cdf3e86f32)
2019-06-14 12:13:41.194 21662 RALLYDEBUG rally_openstack.cleanup.manager [-] Deleting neutron.port object s_rally_8565dde6_hAdji45t (1d7b204b-a226-4621-9f9e-5fde390aef67)
2019-06-14 12:13:41.393 21662 RALLYDEBUG rally_openstack.cleanup.manager [-] Deleting neutron.port object s_rally_8565dde6_zmLagcqr (1dc038e5-3f2e-49f3-9fd2-9f4184414365)
2019-06-14 12:13:41.503 21662 RALLYDEBUG rally_openstack.cleanup.manager [-] Deleting neutron.port object s_rally_8565dde6_9oCjwRqp (1de2bce1-cfc0-42a0-90bd-db056219fe91)
2019-06-14 12:13:41.701 21662 RALLYDEBUG rally_openstack.cleanup.manager [-] Deleting neutron.port object s_rally_8565dde6_hjEPigpH (1e1707c6-3cda-4d93-bff1-05eab7e148e2)
2019-06-14 12:13:41.723 21662 RALLYDEBUG rally_openstack.cleanup.manager [-] Deleting neutron.port object s_rally_8565dde6_QtV5ZiWO (1ec887fc-0ebf-40ad-956d-b3c39a74e21d)
2019-06-14 12:13:42.006 21662 RALLYDEBUG rally_openstack.cleanup.manager [-] Deleting neutron.port object s_rally_8565dde6_q774nJjb (1f30ce31-4b57-4d30-be1d-5c56f83ac4f9)
2019-06-14 12:13:42.060 21662 RALLYDEBUG rally_openstack.cleanup.manager [-] Deleting neutron.port object s_rally_8565dde6_nsMCOCQe (1ff16f9f-f268-45a3-9c02-e0c06413c3de)
2019-06-14 12:13:42.119 21662 RALLYDEBUG rally_openstack.cleanup.manager [-] Deleting neutron.port object s_rally_8565dde6_bDC1Yi0Z (200c0fa8-fb77-4bcb-beda-ae8236537d01)
2019-06-14 12:13:42.128 21662 RALLYDEBUG rally_openstack.cleanup.manager [-] Deleting neutron.port object s_rally_8565dde6_SagCeB8K (200fbd7d-0bc4-4bce-b533-9c77bd097728)
2019-06-14 12:13:42.223 21662 RALLYDEBUG rally_openstack.cleanup.manager [-] Deleting neutron.port object s_rally_8565dde6_0hYh9KhQ (20ef8565-5153-4553-86b0-0971a95068df)
2019-06-14 12:13:42.256 21662 RALLYDEBUG rally_openstack.cleanup.manager [-] Deleting neutron.port object s_rally_8565dde6_EpX8svpa (21021b7c-6416-4af9-8dc9-57aefae23e69)
2019-06-14 12:13:42.275 21662 RALLYDEBUG rally_openstack.cleanup.manager [-] Deleting neutron.port object s_rally_8565dde6_K63kfAT2 (2170929d-1f9d-477d-a06a-ca2f6145941b)
2019-06-14 12:13:42.393 21662 RALLYDEBUG rally_openstack.cleanup.manager [-] Deleting neutron.port object s_rally_8565dde6_hBOmBTBU (2179b612-496d-49e8-93af-d2e80a4c7114)
2019-06-14 12:13:42.418 21662 RALLYDEBUG rally_openstack.cleanup.manager [-] Deleting neutron.port object s_rally_8565dde6_sH99aI9l (222bf42e-f1f3-4a0e-9b0b-4b65610523e7)
2019-06-14 12:13:42.467 21662 RALLYDEBUG rally_openstack.cleanup.manager [-] Deleting neutron.port object s_rally_8565dde6_vanDWQ5c (227681fa-8133-4d7e-bf63-33b34eae1a6a)
2019-06-14 12:13:42.486 21662 RALLYDEBUG rally_openstack.cleanup.manager [-] Deleting neutron.port object s_rally_8565dde6_o09O6yLK (22e0cab3-330f-4ee5-a9e7-8583f5907569)
2019-06-14 12:13:42.532 21662 RALLYDEBUG rally_openstack.cleanup.manager [-] Deleting neutron.port object s_rally_8565dde6_KBnHFOc2 (230227ae-01c3-4690-89e3-7f278b04a8e0)
2019-06-14 12:13:42.561 21662 RALLYDEBUG rally_openstack.cleanup.manager [-] Deleting neutron.port object s_rally_8565dde6_eYRendvy (23c6d6b3-55f3-4a1d-b99e-b260f365566f)
2019-06-14 12:13:42.747 21662 RALLYDEBUG rally_openstack.cleanup.manager [-] Deleting neutron.port object s_rally_8565dde6_8ImAgGM3 (2422b270-6600-4aa1-b1fc-95c7cf0d24e8)
2019-06-14 12:13:42.908 21662 RALLYDEBUG rally_openstack.cleanup.manager [-] Deleting neutron.port object s_rally_8565dde6_bqGDuOjH (24a63270-4c27-4e56-a4ed-49a49a0d2ab9)
2019-06-14 12:13:43.502 21662 RALLYDEBUG rally_openstack.cleanup.manager [-] Deleting neutron.port object s_rally_8565dde6_eoCUlGDS (24f17270-fcc6-4abf-9338-60c1668158ed)
2019-06-14 12:13:43.630 21662 RALLYDEBUG rally_openstack.cleanup.manager [-] Deleting neutron.port object s_rally_8565dde6_ODStil8o (25340bfa-00d3-412e-8fca-83a27c833381)
2019-06-14 12:13:43.701 21662 RALLYDEBUG rally_openstack.cleanup.manager [-] Deleting neutron.port object s_rally_8565dde6_3GgFaDte (2549411d-cef1-4d29-ba42-b227e06e01c0)
2019-06-14 12:13:43.796 21662 RALLYDEBUG rally_openstack.cleanup.manager [-] Deleting neutron.port object s_rally_8565dde6_5aNBYBNv (260c0efc-2317-4cc6-99b6-221f441dcb30)
2019-06-14 12:13:43.994 21662 RALLYDEBUG rally_openstack.cleanup.manager [-] Deleting neutron.port object s_rally_8565dde6_0uOTRtxP (2668ae00-4b11-462e-a73b-5dbf40a5e15a)
2019-06-14 12:13:44.114 21662 RALLYDEBUG rally_openstack.cleanup.manager [-] Deleting neutron.port object s_rally_8565dde6_UCXPGf8K (26ce154d-8027-4a3e-9257-9b4b40820541)
2019-06-14 12:13:44.210 21662 RALLYDEBUG rally_openstack.cleanup.manager [-] Deleting neutron.port object s_rally_8565dde6_isdKplLz (271c0524-cb35-4258-b879-0281f50286ae)
2019-06-14 12:13:44.293 21662 RALLYDEBUG rally_openstack.cleanup.manager [-] Deleting neutron.port object s_rally_8565dde6_Bc9xPZkJ (27b03d07-1ac9-431e-a28c-e99262da3ff4)
2019-06-14 12:13:44.506 21662 RALLYDEBUG rally_openstack.cleanup.manager [-] Deleting neutron.port object s_rally_8565dde6_l7Y2NtOd (283d16e4-77ce-490f-b21d-c67bcbe3bb61)
2019-06-14 12:13:44.638 21662 RALLYDEBUG rally_openstack.cleanup.manager [-] Deleting neutron.port object s_rally_8565dde6_UlBolszm (28705a14-6735-4408-8d1a-7625619afc62)
2019-06-14 12:13:44.737 21662 RALLYDEBUG rally_openstack.cleanup.manager [-] Deleting neutron.port object s_rally_8565dde6_dVaZvltO (296f5101-40f8-4346-b8c7-d5f8a9ff3728)
2019-06-14 12:13:45.017 21662 RALLYDEBUG rally_openstack.cleanup.manager [-] Deleting neutron.port object s_rally_8565dde6_2EqUsOXz (299efb9c-ee96-4766-8a66-491023779773)
2019-06-14 12:13:45.067 21662 RALLYDEBUG rally_openstack.cleanup.manager [-] Deleting neutron.port object s_rally_8565dde6_i9MBIUSt (2a1eb5f7-fe53-40ef-ab2d-9c166c20726e)
2019-06-14 12:13:45.068 21662 RALLYDEBUG rally_openstack.cleanup.manager [-] Deleting neutron.port object s_rally_8565dde6_rIucdbzM (2b7b7eb6-96cd-4b15-8ce4-1e61c066e205)
2019-06-14 12:13:45.171 21662 RALLYDEBUG rally_openstack.cleanup.manager [-] Deleting neutron.port object s_rally_8565dde6_EZV39aGV (2c3394d5-a3b9-4387-a53f-72002d747d34)
2019-06-14 12:13:45.197 21662 RALLYDEBUG rally_openstack.cleanup.manager [-] Deleting neutron.port object s_rally_8565dde6_RGMulf4F (2c351b54-d82b-47ec-9cf7-4f24fa9fee3c)
2019-06-14 12:13:45.321 21662 RALLYDEBUG rally_openstack.cleanup.manager [-] Deleting neutron.port object s_rally_8565dde6_cDJfA9tR (2c51f66c-bba9-432b-9223-7f4579fbb46e)
2019-06-14 12:13:45.481 21662 RALLYDEBUG rally_openstack.cleanup.manager [-] Deleting neutron.port object s_rally_8565dde6_l5D6FyH3 (2df0f472-129c-4144-93bb-8252316345fd)
2019-06-14 12:13:45.536 21662 RALLYDEBUG rally_openstack.cleanup.manager [-] Deleting neutron.port object s_rally_8565dde6_cUDIzueR (2e31af22-f0e1-4298-97d0-d2ade1f9d37c)
2019-06-14 12:13:45.834 21662 RALLYDEBUG rally_openstack.cleanup.manager [-] Deleting neutron.port object s_rally_8565dde6_z6hAvVQE (2e3bbdff-9478-46e4-b5f6-9e6185a45a12)
2019-06-14 12:13:45.981 21662 RALLYDEBUG rally_openstack.cleanup.manager [-] Deleting neutron.port object s_rally_8565dde6_HzlEBX9c (2e9482c5-cd5d-44f1-afc7-de6e76028cd7)
2019-06-14 12:13:46.109 21662 RALLYDEBUG rally_openstack.cleanup.manager [-] Deleting neutron.port object s_rally_8565dde6_2QCOxdbm (2ed54b23-a561-47ce-87b0-3585bf80cbae)
2019-06-14 12:13:46.326 21662 RALLYDEBUG rally_openstack.cleanup.manager [-] Deleting neutron.port object s_rally_8565dde6_9ZWAqm2v (2fb9dbff-e15b-47d2-9d7d-b4dbadabea2c)
2019-06-14 12:13:46.360 21662 RALLYDEBUG rally_openstack.cleanup.manager [-] Deleting neutron.port object s_rally_8565dde6_y8s5fS7B (32e15a98-0e98-4bb9-a94c-7ff428b4b106)
2019-06-14 12:13:46.360 21662 RALLYDEBUG rally_openstack.cleanup.manager [-] Deleting neutron.port object s_rally_8565dde6_kFoVUkxM (333e0840-67db-4d30-9108-556d83a13e96)
2019-06-14 12:13:46.604 21662 RALLYDEBUG rally_openstack.cleanup.manager [-] Deleting neutron.port object s_rally_8565dde6_4Kl42QoY (339d3c43-a9ed-4840-a700-c84e523d756d)
2019-06-14 12:13:46.644 21662 RALLYDEBUG rally_openstack.cleanup.manager [-] Deleting neutron.port object s_rally_8565dde6_WjhVf8As (339e5ba6-945f-4988-a032-62b200098920)
2019-06-14 12:13:46.898 21662 RALLYDEBUG rally_openstack.cleanup.manager [-] Deleting neutron.port object s_rally_8565dde6_vRcJYILd (33b8f319-ee74-4764-a4cc-c35a1867ec42)
2019-06-14 12:13:47.020 21662 RALLYDEBUG rally_openstack.cleanup.manager [-] Deleting neutron.port object s_rally_8565dde6_iyaklpU9 (358931ef-d221-4dca-88f3-d2683c5fc70b)
2019-06-14 12:13:47.032 21662 RALLYDEBUG rally_openstack.cleanup.manager [-] Deleting neutron.port object s_rally_8565dde6_tTmw9uEL (371b7945-2e69-4b6d-bee2-b513c840742a)
2019-06-14 12:13:47.143 21662 RALLYDEBUG rally_openstack.cleanup.manager [-] Deleting neutron.port object s_rally_8565dde6_HZDjjBE1 (37206475-c36b-4415-980d-dc5da6c03570)
2019-06-14 12:13:47.459 21662 RALLYDEBUG rally_openstack.cleanup.manager [-] Deleting neutron.port object s_rally_8565dde6_zVNZfrGT (37674dda-3c79-4165-b48d-f456c298992e)
2019-06-14 12:13:47.475 21662 RALLYDEBUG rally_openstack.cleanup.manager [-] Deleting neutron.port object s_rally_8565dde6_HdCHbqNa (3797da62-3660-492a-a65a-0a5864e57628)
2019-06-14 12:13:47.506 21662 RALLYDEBUG rally_openstack.cleanup.manager [-] Deleting neutron.port object s_rally_8565dde6_zKyQaZfl (37c06b71-3b39-4cf0-8440-c9d59765c9f9)
2019-06-14 12:13:47.607 21662 RALLYDEBUG rally_openstack.cleanup.manager [-] Deleting neutron.port object s_rally_8565dde6_qKww605J (37e06c43-aeb4-486b-9ff4-3f83cbe204a7)
2019-06-14 12:13:47.708 21662 RALLYDEBUG rally_openstack.cleanup.manager [-] Deleting neutron.port object s_rally_8565dde6_AsplQQj1 (382fddb9-2577-495f-a7c0-d63f61128560)
2019-06-14 12:13:47.922 21662 RALLYDEBUG rally_openstack.cleanup.manager [-] Deleting neutron.port object s_rally_8565dde6_cX4Shjfm (384987e2-53da-4029-8533-5a6cee15a6bd)
