2019-06-14 12:08:55.901 21662 RALLYDEBUG rally_openstack.cleanup.manager [-] Deleting neutron.port object s_rally_888fd725_LEVhzGvX (e525cc3f-f31d-4384-bed9-860fe22ad91c)
2019-06-14 12:08:56.183 21662 RALLYDEBUG rally_openstack.cleanup.manager [-] Deleting neutron.port object s_rally_888fd725_MZOxKZbL (e5286eda-4f18-4e2d-b838-eba8a9f27a43)
2019-06-14 12:08:56.203 21662 RALLYDEBUG rally_openstack.cleanup.manager [-] Deleting neutron.port object s_rally_888fd725_Lece9wPa (e6127fa9-1738-4c86-9aa3-c52573eb92eb)
2019-06-14 12:08:56.245 21662 RALLYDEBUG rally_openstack.cleanup.manager [-] Deleting neutron.port object s_rally_888fd725_XueQJNOX (e61ebe9d-26db-49dd-aa52-07c9ff95161e)
2019-06-14 12:08:56.392 21662 RALLYDEBUG rally_openstack.cleanup.manager [-] Deleting neutron.port object s_rally_888fd725_WUvi7NyW (e72880f3-40c5-49cb-9aed-db9f0472a75d)
2019-06-14 12:08:56.479 21662 RALLYDEBUG rally_openstack.cleanup.manager [-] Deleting neutron.port object s_rally_888fd725_PMSLPdr0 (e73cad22-dceb-45ff-9e94-5d0c4edf7ea0)
2019-06-14 12:08:56.771 21662 RALLYDEBUG rally_openstack.cleanup.manager [-] Deleting neutron.port object s_rally_888fd725_quDBzE9g (e7d750d0-568d-4d66-acc4-cf3661a07a5c)
2019-06-14 12:08:56.858 21662 RALLYDEBUG rally_openstack.cleanup.manager [-] Deleting neutron.port object s_rally_888fd725_4DRne3Fz (e81f038d-d289-4b5f-b78d-80a689af35e4)
2019-06-14 12:08:56.871 21662 RALLYDEBUG rally_openstack.cleanup.manager [-] Deleting neutron.port object s_rally_888fd725_EiapHQ0V (e84092c3-bd92-4662-9c78-d60ca344f0d5)
2019-06-14 12:08:56.917 21662 RALLYDEBUG rally_openstack.cleanup.manager [-] Deleting neutron.port object s_rally_888fd725_30ni653x (e84718a5-e849-4010-aa9f-a1f59bbcd80e)
2019-06-14 12:08:57.128 21662 RALLYDEBUG rally_openstack.cleanup.manager [-] Deleting neutron.port object s_rally_888fd725_zvIQom9V (e93de4e9-8f4e-4351-b598-de0bb5abc95d)
2019-06-14 12:08:57.193 21662 RALLYDEBUG rally_openstack.cleanup.manager [-] Deleting neutron.port object s_rally_888fd725_7MQhyAOH (e96d5383-d3ab-475f-9cc4-348a63bd2f29)
2019-06-14 12:08:57.358 21662 RALLYDEBUG rally_openstack.cleanup.manager [-] Deleting neutron.port object s_rally_888fd725_sUX9uXsN (eaa9202a-ba4a-476f-822f-b2626fc380ec)
2019-06-14 12:08:57.399 21662 RALLYDEBUG rally_openstack.cleanup.manager [-] Deleting neutron.port object s_rally_888fd725_mIpilvn0 (eae368bb-9e2b-4840-90b6-fe4146d2a7cd)
2019-06-14 12:08:57.463 21662 RALLYDEBUG rally_openstack.cleanup.manager [-] Deleting neutron.port object s_rally_888fd725_olOvuRBm (eb151e10-9633-428d-9640-e0417145e05a)
2019-06-14 12:08:57.752 21662 RALLYDEBUG rally_openstack.cleanup.manager [-] Deleting neutron.port object s_rally_888fd725_t6e42WOs (eb3ae047-759a-4cdf-8f2f-924e7ba7ec5c)
2019-06-14 12:08:57.802 21662 RALLYDEBUG rally_openstack.cleanup.manager [-] Deleting neutron.port object s_rally_888fd725_34bxi0sM (ebe50e8a-ffac-4197-b01b-4449f112a57a)
2019-06-14 12:08:58.043 21662 RALLYDEBUG rally_openstack.cleanup.manager [-] Deleting neutron.port object s_rally_888fd725_7DY9Vg6p (ecadda93-9f8e-475d-807a-71a5b5964467)
2019-06-14 12:08:58.052 21662 RALLYDEBUG rally_openstack.cleanup.manager [-] Deleting neutron.port object s_rally_888fd725_EGIsPMmR (ecd2389d-fb25-45cd-a7d0-d40fe68b082e)
2019-06-14 12:08:58.075 21662 RALLYDEBUG rally_openstack.cleanup.manager [-] Deleting neutron.port object s_rally_888fd725_w9kc2eFY (ed7b1bc7-20e6-4cb7-884e-9c759159778e)
2019-06-14 12:08:58.146 21662 RALLYDEBUG rally_openstack.cleanup.manager [-] Deleting neutron.port object s_rally_888fd725_Ab7rqKKG (ee2053ef-346c-43c2-961e-c06fb20b536d)
2019-06-14 12:08:58.178 21662 RALLYDEBUG rally_openstack.cleanup.manager [-] Deleting neutron.port object s_rally_888fd725_oNbmUVqF (ee67a4db-10f4-419a-9288-38b115816772)
2019-06-14 12:08:58.205 21662 RALLYDEBUG rally_openstack.cleanup.manager [-] Deleting neutron.port object s_rally_888fd725_RaI04rI7 (eedc49c0-7805-4f1f-bed6-95d78c502e9c)
2019-06-14 12:08:58.365 21662 RALLYDEBUG rally_openstack.cleanup.manager [-] Deleting neutron.port object s_rally_888fd725_cVwZeX4u (eef8e8a9-0128-4a08-b4a5-bfd3ce3793ae)
2019-06-14 12:08:58.732 21662 RALLYDEBUG rally_openstack.cleanup.manager [-] Deleting neutron.port object s_rally_888fd725_i04R8hOM (efa2e22a-b6b4-4a4d-8866-bbc6a44631cf)
2019-06-14 12:08:58.765 21662 RALLYDEBUG rally_openstack.cleanup.manager [-] Deleting neutron.port object s_rally_888fd725_0hprSOcH (efd08e60-b201-4895-ab9a-05fc9c6df161)
2019-06-14 12:08:58.795 21662 RALLYDEBUG rally_openstack.cleanup.manager [-] Deleting neutron.port object s_rally_888fd725_I5GH6XGn (efe4a0c2-50f9-463d-99c0-a1def4ff1979)
2019-06-14 12:08:58.819 21662 RALLYDEBUG rally_openstack.cleanup.manager [-] Deleting neutron.port object s_rally_888fd725_HSNGqu9x (f01df321-bbcc-4162-8ed5-76b854a521bf)
2019-06-14 12:08:59.234 21662 RALLYDEBUG rally_openstack.cleanup.manager [-] Deleting neutron.port object s_rally_888fd725_cPcmPxvR (f01e7d82-4ce6-45d1-9f3d-96a7169628b0)
2019-06-14 12:08:59.457 21662 RALLYDEBUG rally_openstack.cleanup.manager [-] Deleting neutron.port object s_rally_888fd725_zrbBpGuV (f15440ca-6c36-4f66-a120-de9a2385a697)
2019-06-14 12:08:59.471 21662 RALLYDEBUG rally_openstack.cleanup.manager [-] Deleting neutron.port object s_rally_888fd725_QZpwoPkw (f25c7100-9b04-4708-87b3-93783940ff35)
2019-06-14 12:08:59.528 21662 RALLYDEBUG rally_openstack.cleanup.manager [-] Deleting neutron.port object s_rally_888fd725_lbeBWcUU (f2e2d458-0b43-4b1b-9152-e12681a0b790)
2019-06-14 12:08:59.574 21662 RALLYDEBUG rally_openstack.cleanup.manager [-] Deleting neutron.port object s_rally_888fd725_zjqeZmfp (f35558b3-beb0-486f-8b58-b017ec5ed675)
2019-06-14 12:08:59.632 21662 RALLYDEBUG rally_openstack.cleanup.manager [-] Deleting neutron.port object s_rally_888fd725_PjH59UN8 (f3626fc2-c794-445d-9495-bc04b7675997)
2019-06-14 12:08:59.824 21662 RALLYDEBUG rally_openstack.cleanup.manager [-] Deleting neutron.port object s_rally_888fd725_6qUKLO0C (f4c78f48-1c0e-4dd9-9d97-a7bef59d8447)
2019-06-14 12:08:59.998 21662 RALLYDEBUG rally_openstack.cleanup.manager [-] Deleting neutron.port object s_rally_888fd725_REqlYNYg (f4d68ae1-578a-41ac-81bd-21021e686074)
2019-06-14 12:09:00.075 21662 RALLYDEBUG rally_openstack.cleanup.manager [-] Deleting neutron.port object s_rally_888fd725_dyhsUFNK (f5b0850e-1b78-4402-abbd-c8828c88b79d)
2019-06-14 12:09:00.182 21662 RALLYDEBUG rally_openstack.cleanup.manager [-] Deleting neutron.port object s_rally_888fd725_TWlDIAaM (f66b684d-eac5-4bf4-a005-b9dbd6f6689d)
2019-06-14 12:09:00.341 21662 RALLYDEBUG rally_openstack.cleanup.manager [-] Deleting neutron.port object s_rally_888fd725_TSNmRk0A (f6cbc5e8-f6c4-429b-b96b-4eb8bfe3c584)
2019-06-14 12:09:00.467 21662 RALLYDEBUG rally_openstack.cleanup.manager [-] Deleting neutron.port object s_rally_888fd725_3LPsIDRP (f6da876a-fae4-49cf-aeb6-bc33f4c35bdd)
2019-06-14 12:09:00.623 21662 RALLYDEBUG rally_openstack.cleanup.manager [-] Deleting neutron.port object s_rally_888fd725_nANdY0bZ (f70008c6-3df9-46f5-ba57-5cb868d7a3df)
2019-06-14 12:09:00.650 21662 RALLYDEBUG rally_openstack.cleanup.manager [-] Deleting neutron.port object s_rally_888fd725_blU6ggjM (f75cb8de-7a04-457b-9b56-0990ab032d95)
2019-06-14 12:09:00.803 21662 RALLYDEBUG rally_openstack.cleanup.manager [-] Deleting neutron.port object s_rally_888fd725_wwwWgTce (f7d45dd2-0763-4ccd-91aa-7bcdcfb6a066)
2019-06-14 12:09:00.851 21662 RALLYDEBUG rally_openstack.cleanup.manager [-] Deleting neutron.port object s_rally_888fd725_mOSaawl5 (f82b7a32-a8cf-4db9-8089-39516e14d716)
2019-06-14 12:09:00.880 21662 RALLYDEBUG rally_openstack.cleanup.manager [-] Deleting neutron.port object s_rally_888fd725_byRgprof (f9d35167-e059-4527-8e53-78ea87ca6b26)
2019-06-14 12:09:01.003 21662 RALLYDEBUG rally_openstack.cleanup.manager [-] Deleting neutron.port object s_rally_888fd725_XhswNDp9 (fa36e437-04a4-4fc3-81cc-3267d22d5d5a)
2019-06-14 12:09:01.145 21662 RALLYDEBUG rally_openstack.cleanup.manager [-] Deleting neutron.port object s_rally_888fd725_Nwhsluyc (fb15c186-77bb-4bd5-b4af-ed28fae51d76)
2019-06-14 12:09:01.167 21662 RALLYDEBUG rally_openstack.cleanup.manager [-] Deleting neutron.port object s_rally_888fd725_eFVGuuDa (fb185618-2e61-4b41-8754-53df164f3b33)
2019-06-14 12:09:01.290 21662 RALLYDEBUG rally_openstack.cleanup.manager [-] Deleting neutron.port object s_rally_888fd725_2ZzSh0bx (fb2eddd4-00d7-497a-ac14-51199417a96f)
2019-06-14 12:09:01.444 21662 RALLYDEBUG rally_openstack.cleanup.manager [-] Deleting neutron.port object s_rally_888fd725_5TMRuXO7 (fb695c61-5a24-4278-a6ed-e8accfe66b98)
2019-06-14 12:09:01.469 21662 RALLYDEBUG rally_openstack.cleanup.manager [-] Deleting neutron.port object s_rally_888fd725_JfDNdy19 (fce71567-7f59-482a-b9af-c26b29b75c5c)
2019-06-14 12:09:01.571 21662 RALLYDEBUG rally_openstack.cleanup.manager [-] Deleting neutron.port object s_rally_888fd725_MGENxZM8 (fdae61b6-e178-48eb-b6a4-8c3e12d5a703)
2019-06-14 12:09:01.810 21662 RALLYDEBUG rally_openstack.cleanup.manager [-] Deleting neutron.port object s_rally_888fd725_fS7JzEJd (fe034863-c88e-4187-aa80-c575fdd450ce)
2019-06-14 12:09:02.038 21662 RALLYDEBUG rally_openstack.cleanup.manager [-] Deleting neutron.port object s_rally_888fd725_Q3t7RAQf (fe9ac0df-cec0-45ff-8fac-76e135f057ab)
2019-06-14 12:09:02.142 21662 RALLYDEBUG rally_openstack.cleanup.manager [-] Deleting neutron.port object s_rally_888fd725_c9JL0Ztw (fe9d1e46-2290-4158-8a36-b09c33bc31e5)
2019-06-14 12:09:02.292 21662 RALLYDEBUG rally_openstack.cleanup.manager [-] Deleting neutron.port object s_rally_888fd725_Jmeig6vH (feffc8f7-ebaf-41f0-b66b-053963d1d395)
2019-06-14 12:09:02.410 21662 RALLYDEBUG rally_openstack.cleanup.manager [-] Deleting neutron.port object s_rally_888fd725_sMXaOvVE (ff00cd45-04b5-4666-a99f-ff3339257d26)
2019-06-14 12:09:02.469 21662 RALLYDEBUG rally_openstack.cleanup.manager [-] Deleting neutron.port object s_rally_888fd725_ANGeMIZQ (ff64923b-c6fc-46b6-a628-5c742d55da82)
2019-06-14 12:09:02.495 21662 RALLYDEBUG rally_openstack.cleanup.manager [-] Deleting neutron.port object s_rally_888fd725_7ig4BMuN (ff9f0a0d-df06-4a79-aa91-e92ce972e153)
2019-06-14 12:09:02.889 21662 RALLYDEBUG rally_openstack.cleanup.manager [-] Deleting neutron.port object s_rally_888fd725_D1DF4khr (ffc9bc7c-75ec-4ebb-917e-cfbdbf71ffdc)
2019-06-14 12:09:02.891 21662 RALLYDEBUG rally_openstack.cleanup.manager [-] Deleting neutron.port object s_rally_888fd725_pyjByCvq (ffd3e66b-acb9-4818-bdd4-6eb0212559a7)
2019-06-14 12:09:02.978 21662 RALLYDEBUG rally_openstack.cleanup.manager [-] Deleting neutron.port object s_rally_888fd725_nSVGWs2U (fffb6658-5918-4d0a-ab19-c6e416386cf7)
2019-06-14 12:09:04.865 21662 RALLYDEBUG rally_openstack.cleanup.manager [-] Cleaning up neutron subnet objects
2019-06-14 12:09:05.283 21662 RALLYDEBUG rally_openstack.cleanup.manager [-] Cleaning up neutron network objects
2019-06-14 12:09:05.773 21662 RALLYDEBUG rally_openstack.cleanup.manager [-] Deleting neutron.network object s_rally_888fd725_Ns8A1rPP (22995b52-70bd-40ee-9c01-4e74dce36048)
2019-06-14 12:09:05.785 21662 RALLYDEBUG rally_openstack.cleanup.manager [-] Deleting neutron.network object s_rally_888fd725_ioVcXJdS (4cdeef88-e2bb-43cd-b8ce-6d43abf4f35f)
2019-06-14 12:09:05.787 21662 RALLYDEBUG rally_openstack.cleanup.manager [-] Deleting neutron.network object s_rally_888fd725_QV9iQlqd (8e880d16-a8a8-4107-beb6-8e01065f3d25)
2019-06-14 12:09:05.805 21662 RALLYDEBUG rally_openstack.cleanup.manager [-] Deleting neutron.network object s_rally_888fd725_cSIxetTU (a5d55241-7195-4464-9a38-57124fbd4701)
2019-06-14 12:09:05.818 21662 RALLYDEBUG rally_openstack.cleanup.manager [-] Deleting neutron.network object s_rally_888fd725_yPl3fSng (a25c245d-ee45-4f81-b016-69a4f5f6b7cf)
2019-06-14 12:09:05.820 21662 RALLYDEBUG rally_openstack.cleanup.manager [-] Deleting neutron.network object s_rally_888fd725_4UjlOMDJ (bdea90f2-bf2f-4273-b6fc-3e2271b53a67)
2019-06-14 12:09:05.822 21662 RALLYDEBUG rally_openstack.cleanup.manager [-] Deleting neutron.network object s_rally_888fd725_MlnPAuCQ (dfa3a1cb-7670-487a-b1ce-72b30761effe)
2019-06-14 12:09:05.827 21662 RALLYDEBUG rally_openstack.cleanup.manager [-] Deleting neutron.network object s_rally_888fd725_MyzvnWXk (fb47b608-e1af-4121-9173-29324c1a1adf)
2019-06-14 12:09:09.343 21662 RALLYDEBUG rally_openstack.cleanup.manager [-] Cleaning up neutron router objects
2019-06-14 12:09:09.757 21662 RALLYDEBUG rally_openstack.cleanup.manager [-] Cleaning up neutron security_group objects
2019-06-14 12:09:10.177 21662 INFO rally.task.context [-] Task 92fd8303-2317-474a-9fe4-4b1292e2b3fe | Context cleanup@openstack cleanup() finished in 56.05 sec
2019-06-14 12:09:10.177 21662 INFO rally.task.context [-] Task 92fd8303-2317-474a-9fe4-4b1292e2b3fe | Context quotas@openstack cleanup() started
2019-06-14 12:09:10.249 21662 INFO rally.task.context [-] Task 92fd8303-2317-474a-9fe4-4b1292e2b3fe | Context quotas@openstack cleanup() finished in 71.94 msec
2019-06-14 12:09:10.250 21662 INFO rally.task.context [-] Task 92fd8303-2317-474a-9fe4-4b1292e2b3fe | Context users@openstack cleanup() started
2019-06-14 12:09:12.909 21662 INFO rally.task.context [-] Task 92fd8303-2317-474a-9fe4-4b1292e2b3fe | Context users@openstack cleanup() finished in 2.66 sec
2019-06-14 12:09:13.755 21662 INFO rally.task.engine [-] Load duration is: 58.072785
2019-06-14 12:09:13.755 21662 INFO rally.task.engine [-] Full runner duration is: 58.121337
2019-06-14 12:09:13.756 21662 INFO rally.task.engine [-] Full duration is: 119.78745
2019-06-14 12:09:14.030 21662 INFO rally.task.engine [-] Running workload: position = 1 config = { "version": 2, "title": "A cropped version of a bigger task.", "description": "Auto-generated task from a single workload (uuid=1bb77c54-878c-4b1f-b05b-b42ff10c933f)", "subtasks": [ { "title": "NeutronNetworks.create_and_update_ports", "description": "Create and update a given number of ports.", "scenario": { "NeutronNetworks.create_and_update_ports": { "network_create_args": {}, "port_create_args": {}, "ports_per_network": 5, "port_update_args": { "admin_state_up": false, "device_id": "dummy_id", "device_owner": "dummy_owner", "name": "_port_updated" } } }, "contexts": { "users": { "tenants": 1, "users_per_tenant": 1 }, "quotas": { "neutron": { "network": -1, "port": -1 } } }, "runner": { "constant": { "times": 40, "concurrency": 20 } }, "hooks": [], "sla": { "failure_rate": { "max": 0 } } } ] }
2019-06-14 12:09:14.058 21662 RALLYDEBUG rally_openstack.contexts.keystone.users [-] Creating 1 tenants using 20 threads
2019-06-14 12:09:14.967 21662 RALLYDEBUG rally_openstack.contexts.keystone.users [-] Creating 1 users using 20 threads
2019-06-14 12:09:16.343 21662 INFO rally.task.context [-] Task 92fd8303-2317-474a-9fe4-4b1292e2b3fe | Context users@openstack setup() finished in 2.29 sec
2019-06-14 12:09:16.891 21662 INFO rally.task.context [-] Task 92fd8303-2317-474a-9fe4-4b1292e2b3fe | Context quotas@openstack setup() finished in 0.55 sec
2019-06-14 12:09:16.892 21662 INFO rally.task.context [-] Task 92fd8303-2317-474a-9fe4-4b1292e2b3fe | Context cleanup@openstack setup() finished in 0.01 msec
2019-06-14 12:09:16.900 21662 RALLYDEBUG rally.task.runner [-] Starting the constant runner (task UUID: 92fd8303-2317-474a-9fe4-4b1292e2b3fe). timeout: 0 concurrency: 20 concurrency_per_worker: 1 times: 40 concurrency_overhead: 4 processes_to_start: 16 max_cpu_used: 16
2019-06-14 12:09:16.915 25538 RALLYDEBUG rally.task.runner [-] Starting a worker. concurrency: 2 args: {"network_create_args": {}, "port_create_args": {}, "ports_per_network": 5, "port_update_args": {"admin_state_up": false, "device_id": "dummy_id", "device_owner": "dummy_owner", "name": "_port_updated"}} times: 40 method_name: run timeout: 0 duration: None cls:
2019-06-14 12:09:16.918 25539 RALLYDEBUG rally.task.runner [-] Starting a worker. concurrency: 2 args: {"network_create_args": {}, "port_create_args": {}, "ports_per_network": 5, "port_update_args": {"admin_state_up": false, "device_id": "dummy_id", "device_owner": "dummy_owner", "name": "_port_updated"}} times: 40 method_name: run timeout: 0 duration: None cls:
2019-06-14 12:09:16.921 25540 RALLYDEBUG rally.task.runner [-] Starting a worker. concurrency: 2 args: {"network_create_args": {}, "port_create_args": {}, "ports_per_network": 5, "port_update_args": {"admin_state_up": false, "device_id": "dummy_id", "device_owner": "dummy_owner", "name": "_port_updated"}} times: 40 method_name: run timeout: 0 duration: None cls:
2019-06-14 12:09:16.924 25541 RALLYDEBUG rally.task.runner [-] Starting a worker. concurrency: 2 args: {"network_create_args": {}, "port_create_args": {}, "ports_per_network": 5, "port_update_args": {"admin_state_up": false, "device_id": "dummy_id", "device_owner": "dummy_owner", "name": "_port_updated"}} times: 40 method_name: run timeout: 0 duration: None cls:
2019-06-14 12:09:16.926 25538 INFO rally.task.runner [-] Task 92fd8303-2317-474a-9fe4-4b1292e2b3fe | ITER: 1 START
2019-06-14 12:09:16.928 25538 WARNING rally_openstack.scenarios.neutron.utils [-] Running this scenario without either the 'network' or 'existing_network' context is deprecated
2019-06-14 12:09:16.927 25539 INFO rally.task.runner [-] Task 92fd8303-2317-474a-9fe4-4b1292e2b3fe | ITER: 2 START
2019-06-14 12:09:16.928 25542 RALLYDEBUG rally.task.runner [-] Starting a worker. concurrency: 1 args: {"network_create_args": {}, "port_create_args": {}, "ports_per_network": 5, "port_update_args": {"admin_state_up": false, "device_id": "dummy_id", "device_owner": "dummy_owner", "name": "_port_updated"}} times: 40 method_name: run timeout: 0 duration: None cls:
2019-06-14 12:09:16.931 25539 WARNING rally_openstack.scenarios.neutron.utils [-] Running this scenario without either the 'network' or 'existing_network' context is deprecated
2019-06-14 12:09:16.932 25540 INFO rally.task.runner [-] Task 92fd8303-2317-474a-9fe4-4b1292e2b3fe | ITER: 4 START
2019-06-14 12:09:16.934 25545 RALLYDEBUG rally.task.runner [-] Starting a worker. concurrency: 1 args: {"network_create_args": {}, "port_create_args": {}, "ports_per_network": 5, "port_update_args": {"admin_state_up": false, "device_id": "dummy_id", "device_owner": "dummy_owner", "name": "_port_updated"}} times: 40 method_name: run timeout: 0 duration: None cls:
2019-06-14 12:09:16.935 25542 INFO rally.task.runner [-] Task 92fd8303-2317-474a-9fe4-4b1292e2b3fe | ITER: 8 START
2019-06-14 12:09:16.935 25549 RALLYDEBUG rally.task.runner [-] Starting a worker. concurrency: 1 args: {"network_create_args": {}, "port_create_args": {}, "ports_per_network": 5, "port_update_args": {"admin_state_up": false, "device_id": "dummy_id", "device_owner": "dummy_owner", "name": "_port_updated"}} times: 40 method_name: run timeout: 0 duration: None cls:
2019-06-14 12:09:16.934 25540 INFO rally.task.runner [-] Task 92fd8303-2317-474a-9fe4-4b1292e2b3fe | ITER: 7 START
2019-06-14 12:09:16.936 25541 INFO rally.task.runner [-] Task 92fd8303-2317-474a-9fe4-4b1292e2b3fe | ITER: 6 START
2019-06-14 12:09:16.937 25542 WARNING rally_openstack.scenarios.neutron.utils [-] Running this scenario without either the 'network' or 'existing_network' context is deprecated
2019-06-14 12:09:16.936 25540 WARNING rally_openstack.scenarios.neutron.utils [-] Running this scenario without either the 'network' or 'existing_network' context is deprecated
2019-06-14 12:09:16.938 25538 INFO rally.task.runner [-] Task 92fd8303-2317-474a-9fe4-4b1292e2b3fe | ITER: 3 START
2019-06-14 12:09:16.937 25540 WARNING rally_openstack.scenarios.neutron.utils [-] Running this scenario without either the 'network' or 'existing_network' context is deprecated
2019-06-14 12:09:16.939 25553 RALLYDEBUG rally.task.runner [-] Starting a worker. concurrency: 1 args: {"network_create_args": {}, "port_create_args": {}, "ports_per_network": 5, "port_update_args": {"admin_state_up": false, "device_id": "dummy_id", "device_owner": "dummy_owner", "name": "_port_updated"}} times: 40 method_name: run timeout: 0 duration: None cls:
2019-06-14 12:09:16.938 25541 WARNING rally_openstack.scenarios.neutron.utils [-] Running this scenario without either the 'network' or 'existing_network' context is deprecated
2019-06-14 12:09:16.941 25538 WARNING rally_openstack.scenarios.neutron.utils [-] Running this scenario without either the 'network' or 'existing_network' context is deprecated
2019-06-14 12:09:16.942 25549 INFO rally.task.runner [-] Task 92fd8303-2317-474a-9fe4-4b1292e2b3fe | ITER: 11 START
2019-06-14 12:09:16.943 25545 INFO rally.task.runner [-] Task 92fd8303-2317-474a-9fe4-4b1292e2b3fe | ITER: 10 START
2019-06-14 12:09:16.944 25549 WARNING rally_openstack.scenarios.neutron.utils [-] Running this scenario without either the 'network' or 'existing_network' context is deprecated
2019-06-14 12:09:16.945 25545 WARNING rally_openstack.scenarios.neutron.utils [-] Running this scenario without either the 'network' or 'existing_network' context is deprecated
2019-06-14 12:09:16.945 25559 RALLYDEBUG rally.task.runner [-] Starting a worker. concurrency: 1 args: {"network_create_args": {}, "port_create_args": {}, "ports_per_network": 5, "port_update_args": {"admin_state_up": false, "device_id": "dummy_id", "device_owner": "dummy_owner", "name": "_port_updated"}} times: 40 method_name: run timeout: 0 duration: None cls:
2019-06-14 12:09:16.947 25553 INFO rally.task.runner [-] Task 92fd8303-2317-474a-9fe4-4b1292e2b3fe | ITER: 12 START
2019-06-14 12:09:16.946 25539 INFO rally.task.runner [-] Task 92fd8303-2317-474a-9fe4-4b1292e2b3fe | ITER: 5 START
2019-06-14 12:09:16.948 25539 WARNING rally_openstack.scenarios.neutron.utils [-] Running this scenario without either the 'network' or 'existing_network' context is deprecated
2019-06-14 12:09:16.947 25561 RALLYDEBUG rally.task.runner [-] Starting a worker. concurrency: 1 args: {"network_create_args": {}, "port_create_args": {}, "ports_per_network": 5, "port_update_args": {"admin_state_up": false, "device_id": "dummy_id", "device_owner": "dummy_owner", "name": "_port_updated"}} times: 40 method_name: run timeout: 0 duration: None cls:
2019-06-14 12:09:16.948 25553 WARNING rally_openstack.scenarios.neutron.utils [-] Running this scenario without either the 'network' or 'existing_network' context is deprecated
2019-06-14 12:09:16.941 25541 INFO rally.task.runner [-] Task 92fd8303-2317-474a-9fe4-4b1292e2b3fe | ITER: 9 START
2019-06-14 12:09:16.953 25559 INFO rally.task.runner [-] Task 92fd8303-2317-474a-9fe4-4b1292e2b3fe | ITER: 13 START
2019-06-14 12:09:16.953 25541 WARNING rally_openstack.scenarios.neutron.utils [-] Running this scenario without either the 'network' or 'existing_network' context is deprecated
2019-06-14 12:09:16.955 25559 WARNING rally_openstack.scenarios.neutron.utils [-] Running this scenario without either the 'network' or 'existing_network' context is deprecated
2019-06-14 12:09:16.956 25561 INFO rally.task.runner [-] Task 92fd8303-2317-474a-9fe4-4b1292e2b3fe | ITER: 14 START
2019-06-14 12:09:16.958 25561 WARNING rally_openstack.scenarios.neutron.utils [-] Running this scenario without either the 'network' or 'existing_network' context is deprecated
2019-06-14 12:09:16.960 25568 RALLYDEBUG rally.task.runner [-] Starting a worker. concurrency: 1 args: {"network_create_args": {}, "port_create_args": {}, "ports_per_network": 5, "port_update_args": {"admin_state_up": false, "device_id": "dummy_id", "device_owner": "dummy_owner", "name": "_port_updated"}} times: 40 method_name: run timeout: 0 duration: None cls:
2019-06-14 12:09:16.966 25573 RALLYDEBUG rally.task.runner [-] Starting a worker. concurrency: 1 args: {"network_create_args": {}, "port_create_args": {}, "ports_per_network": 5, "port_update_args": {"admin_state_up": false, "device_id": "dummy_id", "device_owner": "dummy_owner", "name": "_port_updated"}} times: 40 method_name: run timeout: 0 duration: None cls:
2019-06-14 12:09:16.969 25568 INFO rally.task.runner [-] Task 92fd8303-2317-474a-9fe4-4b1292e2b3fe | ITER: 15 START
2019-06-14 12:09:16.971 25568 WARNING rally_openstack.scenarios.neutron.utils [-] Running this scenario without either the 'network' or 'existing_network' context is deprecated
2019-06-14 12:09:16.971 25574 RALLYDEBUG rally.task.runner [-] Starting a worker. concurrency: 1 args: {"network_create_args": {}, "port_create_args": {}, "ports_per_network": 5, "port_update_args": {"admin_state_up": false, "device_id": "dummy_id", "device_owner": "dummy_owner", "name": "_port_updated"}} times: 40 method_name: run timeout: 0 duration: None cls:
2019-06-14 12:09:16.977 25574 INFO rally.task.runner [-] Task 92fd8303-2317-474a-9fe4-4b1292e2b3fe | ITER: 17 START
2019-06-14 12:09:16.979 25574 WARNING rally_openstack.scenarios.neutron.utils [-] Running this scenario without either the 'network' or 'existing_network' context is deprecated
2019-06-14 12:09:16.980 25573 INFO rally.task.runner [-] Task 92fd8303-2317-474a-9fe4-4b1292e2b3fe | ITER: 16 START
2019-06-14 12:09:16.982 25573 WARNING rally_openstack.scenarios.neutron.utils [-] Running this scenario without either the 'network' or 'existing_network' context is deprecated
2019-06-14 12:09:16.982 25579 RALLYDEBUG rally.task.runner [-] Starting a worker. concurrency: 1 args: {"network_create_args": {}, "port_create_args": {}, "ports_per_network": 5, "port_update_args": {"admin_state_up": false, "device_id": "dummy_id", "device_owner": "dummy_owner", "name": "_port_updated"}} times: 40 method_name: run timeout: 0 duration: None cls:
2019-06-14 12:09:16.990 25582 RALLYDEBUG rally.task.runner [-] Starting a worker. concurrency: 1 args: {"network_create_args": {}, "port_create_args": {}, "ports_per_network": 5, "port_update_args": {"admin_state_up": false, "device_id": "dummy_id", "device_owner": "dummy_owner", "name": "_port_updated"}} times: 40 method_name: run timeout: 0 duration: None cls:
2019-06-14 12:09:16.992 25579 INFO rally.task.runner [-] Task 92fd8303-2317-474a-9fe4-4b1292e2b3fe | ITER: 18 START
2019-06-14 12:09:16.993 25583 RALLYDEBUG rally.task.runner [-] Starting a worker. concurrency: 1 args: {"network_create_args": {}, "port_create_args": {}, "ports_per_network": 5, "port_update_args": {"admin_state_up": false, "device_id": "dummy_id", "device_owner": "dummy_owner", "name": "_port_updated"}} times: 40 method_name: run timeout: 0 duration: None cls:
2019-06-14 12:09:16.994 25579 WARNING rally_openstack.scenarios.neutron.utils [-] Running this scenario without either the 'network' or 'existing_network' context is deprecated
2019-06-14 12:09:16.997 25582 INFO rally.task.runner [-] Task 92fd8303-2317-474a-9fe4-4b1292e2b3fe | ITER: 19 START
2019-06-14 12:09:16.998 25583 INFO rally.task.runner [-] Task 92fd8303-2317-474a-9fe4-4b1292e2b3fe | ITER: 20 START
2019-06-14 12:09:16.999 25582 WARNING rally_openstack.scenarios.neutron.utils [-] Running this scenario without either the 'network' or 'existing_network' context is deprecated
2019-06-14 12:09:17.000 25583 WARNING rally_openstack.scenarios.neutron.utils [-] Running this scenario without either the 'network' or 'existing_network' context is deprecated
2019-06-14 12:09:26.283 25541 INFO rally.task.runner [-] Task 92fd8303-2317-474a-9fe4-4b1292e2b3fe | ITER: 6 END: OK
2019-06-14 12:09:26.288 25541 INFO rally.task.runner [-] Task 92fd8303-2317-474a-9fe4-4b1292e2b3fe | ITER: 21 START
2019-06-14 12:09:26.288 25541 WARNING rally_openstack.scenarios.neutron.utils [-] Running this scenario without either the 'network' or 'existing_network' context is deprecated
2019-06-14 12:09:26.698 25559 INFO rally.task.runner [-] Task 92fd8303-2317-474a-9fe4-4b1292e2b3fe | ITER: 13 END: OK
2019-06-14 12:09:26.703 25559 INFO rally.task.runner [-] Task 92fd8303-2317-474a-9fe4-4b1292e2b3fe | ITER: 22 START
2019-06-14 12:09:26.704 25559 WARNING rally_openstack.scenarios.neutron.utils [-] Running this scenario without either the 'network' or 'existing_network' context is deprecated
2019-06-14 12:09:27.103 25541 INFO rally.task.runner [-] Task 92fd8303-2317-474a-9fe4-4b1292e2b3fe | ITER: 9 END: OK
2019-06-14 12:09:27.108 25541 INFO rally.task.runner [-] Task 92fd8303-2317-474a-9fe4-4b1292e2b3fe | ITER: 23 START
2019-06-14 12:09:27.108 25541 WARNING rally_openstack.scenarios.neutron.utils [-] Running this scenario without either the 'network' or 'existing_network' context is deprecated
2019-06-14 12:09:27.278 25574 INFO rally.task.runner [-] Task 92fd8303-2317-474a-9fe4-4b1292e2b3fe | ITER: 17 END: OK
2019-06-14 12:09:27.283 25574 INFO rally.task.runner [-] Task 92fd8303-2317-474a-9fe4-4b1292e2b3fe | ITER: 24 START
2019-06-14 12:09:27.284 25574 WARNING rally_openstack.scenarios.neutron.utils [-] Running this scenario without either the 'network' or 'existing_network' context is deprecated
2019-06-14 12:09:27.335 25539 INFO rally.task.runner [-] Task 92fd8303-2317-474a-9fe4-4b1292e2b3fe | ITER: 5 END: OK
2019-06-14 12:09:27.335 25545 INFO rally.task.runner [-] Task 92fd8303-2317-474a-9fe4-4b1292e2b3fe | ITER: 10 END: OK
2019-06-14 12:09:27.339 25545 INFO rally.task.runner [-] Task 92fd8303-2317-474a-9fe4-4b1292e2b3fe | ITER: 26 START
2019-06-14 12:09:27.339 25539 INFO rally.task.runner [-] Task 92fd8303-2317-474a-9fe4-4b1292e2b3fe | ITER: 25 START
2019-06-14 12:09:27.340 25545 WARNING rally_openstack.scenarios.neutron.utils [-] Running this scenario without either the 'network' or 'existing_network' context is deprecated
2019-06-14 12:09:27.340 25539 WARNING rally_openstack.scenarios.neutron.utils [-] Running this scenario without either the 'network' or 'existing_network' context is deprecated
2019-06-14 12:09:27.749 25540 INFO rally.task.runner [-] Task 92fd8303-2317-474a-9fe4-4b1292e2b3fe | ITER: 7 END: OK
2019-06-14 12:09:27.754 25540 INFO rally.task.runner [-] Task 92fd8303-2317-474a-9fe4-4b1292e2b3fe | ITER: 27 START
2019-06-14 12:09:27.755 25540 WARNING rally_openstack.scenarios.neutron.utils [-] Running this scenario without either the 'network' or 'existing_network' context is deprecated
2019-06-14 12:09:28.297 25561 INFO rally.task.runner [-] Task 92fd8303-2317-474a-9fe4-4b1292e2b3fe | ITER: 14 END: OK
2019-06-14 12:09:28.302 25561 INFO rally.task.runner [-] Task 92fd8303-2317-474a-9fe4-4b1292e2b3fe | ITER: 28 START
2019-06-14 12:09:28.303 25561 WARNING rally_openstack.scenarios.neutron.utils [-] Running this scenario without either the 'network' or 'existing_network' context is deprecated
2019-06-14 12:09:28.518 25540 INFO rally.task.runner [-] Task 92fd8303-2317-474a-9fe4-4b1292e2b3fe | ITER: 4 END: OK
2019-06-14 12:09:28.522 25540 INFO rally.task.runner [-] Task 92fd8303-2317-474a-9fe4-4b1292e2b3fe | ITER: 29 START
2019-06-14 12:09:28.523 25540 WARNING rally_openstack.scenarios.neutron.utils [-] Running this scenario without either the 'network' or 'existing_network' context is deprecated
2019-06-14 12:09:28.622 25538 INFO rally.task.runner [-] Task 92fd8303-2317-474a-9fe4-4b1292e2b3fe | ITER: 3 END: OK
2019-06-14 12:09:28.626 25538 INFO rally.task.runner [-] Task 92fd8303-2317-474a-9fe4-4b1292e2b3fe | ITER: 30 START
2019-06-14 12:09:28.627 25538 WARNING rally_openstack.scenarios.neutron.utils [-] Running this scenario without either the 'network' or 'existing_network' context is deprecated
2019-06-14 12:09:28.892 25538 INFO rally.task.runner [-] Task 92fd8303-2317-474a-9fe4-4b1292e2b3fe | ITER: 1 END: OK
2019-06-14 12:09:28.896 25538 INFO rally.task.runner [-] Task 92fd8303-2317-474a-9fe4-4b1292e2b3fe | ITER: 31 START
2019-06-14 12:09:28.897 25538 WARNING rally_openstack.scenarios.neutron.utils [-] Running this scenario without either the 'network' or 'existing_network' context is deprecated
2019-06-14 12:09:28.899 25579 INFO rally.task.runner [-] Task 92fd8303-2317-474a-9fe4-4b1292e2b3fe | ITER: 18 END: OK
2019-06-14 12:09:28.904 25579 INFO rally.task.runner [-] Task 92fd8303-2317-474a-9fe4-4b1292e2b3fe | ITER: 32 START
2019-06-14 12:09:28.905 25579 WARNING rally_openstack.scenarios.neutron.utils [-] Running this scenario without either the 'network' or 'existing_network' context is deprecated
2019-06-14 12:09:28.947 25573 INFO rally.task.runner [-] Task 92fd8303-2317-474a-9fe4-4b1292e2b3fe | ITER: 16 END: OK
2019-06-14 12:09:28.951 25573 INFO rally.task.runner [-] Task 92fd8303-2317-474a-9fe4-4b1292e2b3fe | ITER: 33 START
2019-06-14 12:09:28.952 25573 WARNING rally_openstack.scenarios.neutron.utils [-] Running this scenario without either the 'network' or 'existing_network' context is deprecated
2019-06-14 12:09:29.052 25553 INFO rally.task.runner [-] Task 92fd8303-2317-474a-9fe4-4b1292e2b3fe | ITER: 12 END: OK
2019-06-14 12:09:29.057 25553 INFO rally.task.runner [-] Task 92fd8303-2317-474a-9fe4-4b1292e2b3fe | ITER: 34 START
2019-06-14 12:09:29.058 25553 WARNING rally_openstack.scenarios.neutron.utils [-] Running this scenario without either the 'network' or 'existing_network' context is deprecated
2019-06-14 12:09:29.187 25539 INFO rally.task.runner [-] Task 92fd8303-2317-474a-9fe4-4b1292e2b3fe | ITER: 2 END: OK
2019-06-14 12:09:29.192 25539 INFO rally.task.runner [-] Task 92fd8303-2317-474a-9fe4-4b1292e2b3fe | ITER: 35 START
2019-06-14 12:09:29.192 25539 WARNING rally_openstack.scenarios.neutron.utils [-] Running this scenario without either the 'network' or 'existing_network' context is deprecated
2019-06-14 12:09:29.241 25582 INFO rally.task.runner [-] Task 92fd8303-2317-474a-9fe4-4b1292e2b3fe | ITER: 19 END: OK
2019-06-14 12:09:29.246 25582 INFO rally.task.runner [-] Task 92fd8303-2317-474a-9fe4-4b1292e2b3fe | ITER: 36 START
2019-06-14 12:09:29.246 25582 WARNING rally_openstack.scenarios.neutron.utils [-] Running this scenario without either the 'network' or 'existing_network' context is deprecated
2019-06-14 12:09:29.758 25568 INFO rally.task.runner [-] Task 92fd8303-2317-474a-9fe4-4b1292e2b3fe | ITER: 15 END: OK
2019-06-14 12:09:29.762 25568 INFO rally.task.runner [-] Task 92fd8303-2317-474a-9fe4-4b1292e2b3fe | ITER: 37 START
2019-06-14 12:09:29.763 25568 WARNING rally_openstack.scenarios.neutron.utils [-] Running this scenario without either the 'network' or 'existing_network' context is deprecated
2019-06-14 12:09:31.079 25549 INFO rally.task.runner [-] Task 92fd8303-2317-474a-9fe4-4b1292e2b3fe | ITER: 11 END: OK
2019-06-14 12:09:31.085 25549 INFO rally.task.runner [-] Task 92fd8303-2317-474a-9fe4-4b1292e2b3fe | ITER: 38 START
2019-06-14 12:09:31.085 25549 WARNING rally_openstack.scenarios.neutron.utils [-] Running this scenario without either the 'network' or 'existing_network' context is deprecated
2019-06-14 12:09:31.181 25583 INFO rally.task.runner [-] Task 92fd8303-2317-474a-9fe4-4b1292e2b3fe | ITER: 20 END: OK
2019-06-14 12:09:31.186 25583 INFO rally.task.runner [-] Task 92fd8303-2317-474a-9fe4-4b1292e2b3fe | ITER: 39 START
2019-06-14 12:09:31.187 25583 WARNING rally_openstack.scenarios.neutron.utils [-] Running this scenario without either the 'network' or 'existing_network' context is deprecated
2019-06-14 12:09:32.017 25542 INFO rally.task.runner [-] Task 92fd8303-2317-474a-9fe4-4b1292e2b3fe | ITER: 8 END: OK
2019-06-14 12:09:32.022 25542 INFO rally.task.runner [-] Task 92fd8303-2317-474a-9fe4-4b1292e2b3fe | ITER: 40 START
2019-06-14 12:09:32.022 25542 WARNING rally_openstack.scenarios.neutron.utils [-] Running this scenario without either the 'network' or 'existing_network' context is deprecated
2019-06-14 12:09:35.803 25559 INFO rally.task.runner [-] Task 92fd8303-2317-474a-9fe4-4b1292e2b3fe | ITER: 22 END: OK
2019-06-14 12:09:36.662 25541 INFO rally.task.runner [-] Task 92fd8303-2317-474a-9fe4-4b1292e2b3fe | ITER: 21 END: OK
2019-06-14 12:09:37.183 25541 INFO rally.task.runner [-] Task 92fd8303-2317-474a-9fe4-4b1292e2b3fe | ITER: 23 END: OK
2019-06-14 12:09:38.426 25539 INFO rally.task.runner [-] Task 92fd8303-2317-474a-9fe4-4b1292e2b3fe | ITER: 25 END: OK
2019-06-14 12:09:38.968 25540 INFO rally.task.runner [-] Task 92fd8303-2317-474a-9fe4-4b1292e2b3fe | ITER: 27 END: OK
2019-06-14 12:09:39.114 25545 INFO rally.task.runner [-] Task 92fd8303-2317-474a-9fe4-4b1292e2b3fe | ITER: 26 END: OK
2019-06-14 12:09:39.592 25568 INFO rally.task.runner [-] Task 92fd8303-2317-474a-9fe4-4b1292e2b3fe | ITER: 37 END: OK
2019-06-14 12:09:39.703 25573 INFO rally.task.runner [-] Task 92fd8303-2317-474a-9fe4-4b1292e2b3fe | ITER: 33 END: OK
2019-06-14 12:09:39.703 25553 INFO rally.task.runner [-] Task 92fd8303-2317-474a-9fe4-4b1292e2b3fe | ITER: 34 END: OK
2019-06-14 12:09:39.715 25583 INFO rally.task.runner [-] Task 92fd8303-2317-474a-9fe4-4b1292e2b3fe | ITER: 39 END: OK
2019-06-14 12:09:39.744 25561 INFO rally.task.runner [-] Task 92fd8303-2317-474a-9fe4-4b1292e2b3fe | ITER: 28 END: OK
2019-06-14 12:09:39.799 25582 INFO rally.task.runner [-] Task 92fd8303-2317-474a-9fe4-4b1292e2b3fe | ITER: 36 END: OK
2019-06-14 12:09:39.927 25538 INFO rally.task.runner [-] Task 92fd8303-2317-474a-9fe4-4b1292e2b3fe | ITER: 31 END: OK
2019-06-14 12:09:40.192 25539 INFO rally.task.runner [-] Task 92fd8303-2317-474a-9fe4-4b1292e2b3fe | ITER: 35 END: OK
2019-06-14 12:09:40.268 25579 INFO rally.task.runner [-] Task 92fd8303-2317-474a-9fe4-4b1292e2b3fe | ITER: 32 END: OK
2019-06-14 12:09:40.279 25538 INFO rally.task.runner [-] Task 92fd8303-2317-474a-9fe4-4b1292e2b3fe | ITER: 30 END: OK
2019-06-14 12:09:40.300 25540 INFO rally.task.runner [-] Task 92fd8303-2317-474a-9fe4-4b1292e2b3fe | ITER: 29 END: OK
2019-06-14 12:09:40.377 25574 INFO rally.task.runner [-] Task 92fd8303-2317-474a-9fe4-4b1292e2b3fe | ITER: 24 END: OK
2019-06-14 12:09:40.650 25549 INFO rally.task.runner [-] Task 92fd8303-2317-474a-9fe4-4b1292e2b3fe | ITER: 38 END: OK
2019-06-14 12:09:40.979 25542 INFO rally.task.runner [-] Task 92fd8303-2317-474a-9fe4-4b1292e2b3fe | ITER: 40 END: OK
2019-06-14 12:09:41.001 21662 INFO rally.task.context [-] Task 92fd8303-2317-474a-9fe4-4b1292e2b3fe | Context cleanup@openstack cleanup() started
2019-06-14 12:09:41.004 21662 RALLYDEBUG rally_openstack.cleanup.manager [-] Cleaning up neutron vip objects
2019-06-14 12:09:41.406 21662 RALLYDEBUG rally_openstack.cleanup.manager [-] Cleaning up neutron health_monitor objects
2019-06-14 12:09:41.796 21662 RALLYDEBUG rally_openstack.cleanup.manager [-] Cleaning up neutron pool objects
2019-06-14 12:09:42.187 21662 RALLYDEBUG rally_openstack.cleanup.manager [-] Cleaning up neutron loadbalancer objects
2019-06-14 12:09:42.585 21662 RALLYDEBUG rally_openstack.cleanup.manager [-] Cleaning up neutron floatingip objects
2019-06-14 12:09:43.019 21662 RALLYDEBUG rally_openstack.cleanup.manager [-] Cleaning up neutron port objects
2019-06-14 12:09:43.843 21662 RALLYDEBUG rally_openstack.cleanup.manager [-] Deleting neutron.port object s_rally_1bb77c54_gAM0e0lw (0cc30575-15cc-4ead-ad52-fa2b5d3478ea)
2019-06-14 12:09:43.852 21662 RALLYDEBUG rally_openstack.cleanup.manager [-] Deleting neutron.port object s_rally_1bb77c54_yvCxaw8c (05ffa1aa-7214-4a78-b2fe-6cd3d7ee96e4)
2019-06-14 12:09:43.861 21662 RALLYDEBUG rally_openstack.cleanup.manager [-] Deleting neutron.port object s_rally_1bb77c54_WGIlYhW2 (1070afc1-88a1-446c-970c-957feced901f)
2019-06-14 12:09:43.867 21662 RALLYDEBUG rally_openstack.cleanup.manager [-] Deleting neutron.port object s_rally_1bb77c54_3pozTrRx (08bc6f18-fa08-4909-84ed-b0d83f97899a)
2019-06-14 12:09:43.868 21662 RALLYDEBUG rally_openstack.cleanup.manager [-] Deleting neutron.port object s_rally_1bb77c54_DHKqpu4N (02b96876-aae0-49c3-bc3f-f4e76ba7fa25)
2019-06-14 12:09:43.865 21662 RALLYDEBUG rally_openstack.cleanup.manager [-] Deleting neutron.port object s_rally_1bb77c54_oN7iIObG (0b3c06f9-6767-4c6a-b172-a11687c0bf2f)
2019-06-14 12:09:43.869 21662 RALLYDEBUG rally_openstack.cleanup.manager [-] Deleting neutron.port object s_rally_1bb77c54_r4QdSG65 (08dc450d-346f-410a-9743-dfd52bc7f7ca)
2019-06-14 12:09:43.873 21662 RALLYDEBUG rally_openstack.cleanup.manager [-] Deleting neutron.port object s_rally_1bb77c54_96mSIWbK (01d46576-85eb-43f3-a41f-bc752f22dec6)
2019-06-14 12:09:43.875 21662 RALLYDEBUG rally_openstack.cleanup.manager [-] Deleting neutron.port object s_rally_1bb77c54_HZ3BO3O0 (028cb097-747e-4818-bbde-0b6c9ffde62a)
2019-06-14 12:09:43.879 21662 RALLYDEBUG rally_openstack.cleanup.manager [-] Deleting neutron.port object s_rally_1bb77c54_8jEEJHWA (0f2c0690-b9dc-4e44-85f0-eea0a468e7fe)
2019-06-14 12:09:43.884 21662 RALLYDEBUG rally_openstack.cleanup.manager [-] Deleting neutron.port object s_rally_1bb77c54_TXU7DgzR (0eaf1044-6ffc-426f-a7ad-d44515c79dba)
2019-06-14 12:09:43.886 21662 RALLYDEBUG rally_openstack.cleanup.manager [-] Deleting neutron.port object s_rally_1bb77c54_JsSi7wAO (03b15fe6-f483-4f3d-8ce9-629065e5a016)
2019-06-14 12:09:43.887 21662 RALLYDEBUG rally_openstack.cleanup.manager [-] Deleting neutron.port object s_rally_1bb77c54_c2ZGPrNi (12cb996b-e9b4-4e99-9310-2b4eed3ea4d6)
2019-06-14 12:09:43.891 21662 RALLYDEBUG rally_openstack.cleanup.manager [-] Deleting neutron.port object s_rally_1bb77c54_KuqLW938 (1728b879-8c42-474a-bd88-e11c002193a5)
2019-06-14 12:09:43.892 21662 RALLYDEBUG rally_openstack.cleanup.manager [-] Deleting neutron.port object s_rally_1bb77c54_yjzE4ZbF (115db9c8-12ff-4b92-b49e-c972be898471)
2019-06-14 12:09:43.901 21662 RALLYDEBUG rally_openstack.cleanup.manager [-] Deleting neutron.port object s_rally_1bb77c54_Z5qwa122 (0914e567-1d75-4ac1-878a-d27e908933f5)
2019-06-14 12:09:43.903 21662 RALLYDEBUG rally_openstack.cleanup.manager [-] Deleting neutron.port object s_rally_1bb77c54_LmyaaBp5 (044bae14-a234-4551-920c-1abf46d9af26)
2019-06-14 12:09:43.911 21662 RALLYDEBUG rally_openstack.cleanup.manager [-] Deleting neutron.port object s_rally_1bb77c54_rjWCw7Hd (169ceb55-72f8-4db0-8df8-9e2dbc7543e8)
2019-06-14 12:09:43.905 21662 RALLYDEBUG rally_openstack.cleanup.manager [-] Deleting neutron.port object s_rally_1bb77c54_8fIa5QHC (09342407-c5ce-4592-8bd4-f514143558aa)
2019-06-14 12:09:43.963 21662 RALLYDEBUG rally_openstack.cleanup.manager [-] Deleting neutron.port object s_rally_1bb77c54_9RhzTADX (104b471b-0ec9-4721-961d-cd3f6ff2d4a4)
2019-06-14 12:09:46.026 21662 RALLYDEBUG rally_openstack.cleanup.manager [-] Deleting neutron.port object s_rally_1bb77c54_g1PhgQL0 (18d4bb6c-9b43-45a6-b425-a0b2209c2582)
2019-06-14 12:09:46.274 21662 RALLYDEBUG rally_openstack.cleanup.manager [-] Deleting neutron.port object s_rally_1bb77c54_mkJ7KpmO (19502c8f-f64c-43ee-860e-c44fd2d208f9)
2019-06-14 12:09:46.445 21662 RALLYDEBUG rally_openstack.cleanup.manager [-] Deleting neutron.port object s_rally_1bb77c54_ciuoXet6 (19b4bcae-cab4-425c-83cc-711f7b627014)
2019-06-14 12:09:46.506 21662 RALLYDEBUG rally_openstack.cleanup.manager [-] Deleting neutron.port object s_rally_1bb77c54_OHrsynP8 (1af1ecf3-0886-414b-8dd6-5133720adff5)
2019-06-14 12:09:46.553 21662 RALLYDEBUG rally_openstack.cleanup.manager [-] Deleting neutron.port object s_rally_1bb77c54_56VOGlej (1e02f8d4-6824-4e37-9c07-9400cdf0c907)
2019-06-14 12:09:46.581 21662 RALLYDEBUG rally_openstack.cleanup.manager [-] Deleting neutron.port object s_rally_1bb77c54_7xatEpfx (1f853521-0154-4100-b220-fef173bcb26b)
2019-06-14 12:09:46.589 21662 RALLYDEBUG rally_openstack.cleanup.manager [-] Deleting neutron.port object s_rally_1bb77c54_ApLj4dwu (21bcc0ef-cadb-450f-9ac1-cc5fdfcf6133)
2019-06-14 12:09:46.624 21662 RALLYDEBUG rally_openstack.cleanup.manager [-] Deleting neutron.port object s_rally_1bb77c54_ztErNWN7 (21ff5f66-cafa-400f-942d-21e426bdf37f)
2019-06-14 12:09:46.797 21662 RALLYDEBUG rally_openstack.cleanup.manager [-] Deleting neutron.port object s_rally_1bb77c54_MWj2LN9E (27aa9103-43a0-4580-a81e-c8388198f4c9)
2019-06-14 12:09:46.877 21662 RALLYDEBUG rally_openstack.cleanup.manager [-] Deleting neutron.port object s_rally_1bb77c54_rtQtnSGb (283c3e52-5336-484b-a6f7-b2d84aa0aed9)
2019-06-14 12:09:46.897 21662 RALLYDEBUG rally_openstack.cleanup.manager [-] Deleting neutron.port object s_rally_1bb77c54_iEfnb5Ze (2b33b97b-f3ed-49e4-a498-2277c14c7605)
2019-06-14 12:09:46.905 21662 RALLYDEBUG rally_openstack.cleanup.manager [-] Deleting neutron.port object s_rally_1bb77c54_CaOiG5y9 (2ba34cd4-ce2e-4637-a8b8-36c9701bb1dc)
2019-06-14 12:09:46.907 21662 RALLYDEBUG rally_openstack.cleanup.manager [-] Deleting neutron.port object s_rally_1bb77c54_ck7yUf01 (2e098b07-eb15-4760-90cc-d6d0d90778e7)
2019-06-14 12:09:46.912 21662 RALLYDEBUG rally_openstack.cleanup.manager [-] Deleting neutron.port object s_rally_1bb77c54_JapQhUeG (28e4e8de-6607-4069-8f5c-018fcbb43c89)
2019-06-14 12:09:46.925 21662 RALLYDEBUG rally_openstack.cleanup.manager [-] Deleting neutron.port object s_rally_1bb77c54_u3Ndc3db (2fd37405-c6f3-4a64-915c-a3494ced72ef)
2019-06-14 12:09:47.023 21662 RALLYDEBUG rally_openstack.cleanup.manager [-] Deleting neutron.port object s_rally_1bb77c54_a9d5krEm (301031ff-3efa-4f51-a277-4a592d2139c5)
2019-06-14 12:09:47.145 21662 RALLYDEBUG rally_openstack.cleanup.manager [-] Deleting neutron.port object s_rally_1bb77c54_U0wz0vHH (32690b93-e5a4-4a00-ae38-d81c87a97cc5)
2019-06-14 12:09:47.200 21662 RALLYDEBUG rally_openstack.cleanup.manager [-] Deleting neutron.port object s_rally_1bb77c54_owpGX4x6 (339f08d5-1d0e-4205-9536-c03023e281c5)
2019-06-14 12:09:47.228 21662 RALLYDEBUG rally_openstack.cleanup.manager [-] Deleting neutron.port object s_rally_1bb77c54_1CcDah7M (347285bf-5004-490e-bf8f-a5ed555a0c15)
2019-06-14 12:09:47.359 21662 RALLYDEBUG rally_openstack.cleanup.manager [-] Deleting neutron.port object s_rally_1bb77c54_eVfg1hhE (357019b2-c3fd-4b77-8cb2-9ed700a4c06e)
2019-06-14 12:09:47.863 21662 RALLYDEBUG rally_openstack.cleanup.manager [-] Deleting neutron.port object s_rally_1bb77c54_COa4KWaE (3734dee2-91ce-4755-9530-7498c65ee605)
2019-06-14 12:09:48.147 21662 RALLYDEBUG rally_openstack.cleanup.manager [-] Deleting neutron.port object s_rally_1bb77c54_bxQx63VC (37a35ec4-741f-46e7-aa32-1ffde6b51a5e)
2019-06-14 12:09:48.390 21662 RALLYDEBUG rally_openstack.cleanup.manager [-] Deleting neutron.port object s_rally_1bb77c54_jcvj3ZOn (39acfd44-2da0-470e-b3ec-72d448158b51)
2019-06-14 12:09:48.404 21662 RALLYDEBUG rally_openstack.cleanup.manager [-] Deleting neutron.port object s_rally_1bb77c54_blLQ3a5W (3a137b27-b978-42d1-bb43-87a035dea78d)
2019-06-14 12:09:48.539 21662 RALLYDEBUG rally_openstack.cleanup.manager [-] Deleting neutron.port object s_rally_1bb77c54_Ftmr1hqP (3cb6ed63-9c78-471d-bf55-0afe74d70646)
2019-06-14 12:09:48.586 21662 RALLYDEBUG rally_openstack.cleanup.manager [-] Deleting neutron.port object s_rally_1bb77c54_V2MYSWFA (3d2251e6-765b-4b82-a656-920a3021b9e6)
2019-06-14 12:09:48.648 21662 RALLYDEBUG rally_openstack.cleanup.manager [-] Deleting neutron.port object s_rally_1bb77c54_yUAsa6W5 (3d8f9e48-ce79-45be-8989-5a23283ec164)
2019-06-14 12:09:48.840 21662 RALLYDEBUG rally_openstack.cleanup.manager [-] Deleting neutron.port object s_rally_1bb77c54_Dr0IaPyK (3dd07c2c-84fc-4f7b-aca4-be6305414c41)
2019-06-14 12:09:48.923 21662 RALLYDEBUG rally_openstack.cleanup.manager [-] Deleting neutron.port object s_rally_1bb77c54_tPXhwp8E (3e24c883-9b9f-4ee0-8d93-f28f824f01b3)
2019-06-14 12:09:48.954 21662 RALLYDEBUG rally_openstack.cleanup.manager [-] Deleting neutron.port object s_rally_1bb77c54_u1Cyd4NX (3f144fec-d375-4299-935e-64ccf13dd98d)
2019-06-14 12:09:49.134 21662 RALLYDEBUG rally_openstack.cleanup.manager [-] Deleting neutron.port object s_rally_1bb77c54_qCwz73Kd (3ff9af30-ba5c-462a-b89e-93672860e129)
2019-06-14 12:09:49.190 21662 RALLYDEBUG rally_openstack.cleanup.manager [-] Deleting neutron.port object s_rally_1bb77c54_SfFZEMjX (40e27b0f-880d-44c2-b09c-618d79918c6b)
2019-06-14 12:09:49.569 21662 RALLYDEBUG rally_openstack.cleanup.manager [-] Deleting neutron.port object s_rally_1bb77c54_5QpnaVnV (414a7a44-2664-4e73-9848-5f9fc689ec48)
2019-06-14 12:09:49.586 21662 RALLYDEBUG rally_openstack.cleanup.manager [-] Deleting neutron.port object s_rally_1bb77c54_gDp3vV3K (415c246a-317b-4f95-83a5-867bf4ac5c8b)
2019-06-14 12:09:49.630 21662 RALLYDEBUG rally_openstack.cleanup.manager [-] Deleting neutron.port object s_rally_1bb77c54_DcLCqyyz (41ab088f-ce62-41c0-a768-ce6bafee70e6)
2019-06-14 12:09:49.732 21662 RALLYDEBUG rally_openstack.cleanup.manager [-] Deleting neutron.port object s_rally_1bb77c54_niF4j2mH (43129372-74af-4e2e-9f2b-c9c56b92a5b4)
2019-06-14 12:09:49.784 21662 RALLYDEBUG rally_openstack.cleanup.manager [-] Deleting neutron.port object s_rally_1bb77c54_9kbkMGSI (43df95af-8af2-403c-bd2d-f323ac7b4155)
2019-06-14 12:09:49.809 21662 RALLYDEBUG rally_openstack.cleanup.manager [-] Deleting neutron.port object s_rally_1bb77c54_Kj4m414Z (44d0d9d2-dbbd-48bb-b427-6d223ca53628)
2019-06-14 12:09:50.129 21662 RALLYDEBUG rally_openstack.cleanup.manager [-] Deleting neutron.port object s_rally_1bb77c54_unAZYMKo (453171ec-500c-40be-a352-c05944e46149)
2019-06-14 12:09:50.162 21662 RALLYDEBUG rally_openstack.cleanup.manager [-] Deleting neutron.port object s_rally_1bb77c54_OYDs2wJv (457fd0af-ad10-4dc1-8468-7dd901c73c6c)
2019-06-14 12:09:50.310 21662 RALLYDEBUG rally_openstack.cleanup.manager [-] Deleting neutron.port object s_rally_1bb77c54_bXhpirm9 (46a6b4b6-b643-436a-abf3-b57fd51d45c0)
2019-06-14 12:09:50.435 21662 RALLYDEBUG rally_openstack.cleanup.manager [-] Deleting neutron.port object s_rally_1bb77c54_KWJv0oro (47734126-a622-4677-98ec-d3fdf549d69d)
2019-06-14 12:09:50.513 21662 RALLYDEBUG rally_openstack.cleanup.manager [-] Deleting neutron.port object s_rally_1bb77c54_q4Nr7j8P (483ea9e3-c0ec-471d-b640-8702e261bffe)
2019-06-14 12:09:50.595 21662 RALLYDEBUG rally_openstack.cleanup.manager [-] Deleting neutron.port object s_rally_1bb77c54_EnYaOEDP (49ffa4b5-fb60-486e-bdfb-00a0a1253441)
2019-06-14 12:09:50.617 21662 RALLYDEBUG rally_openstack.cleanup.manager [-] Deleting neutron.port object s_rally_1bb77c54_NVqwG1DK (4c2f0b57-607b-4b3d-919e-9ae7111d7db1)
2019-06-14 12:09:50.816 21662 RALLYDEBUG rally_openstack.cleanup.manager [-] Deleting neutron.port object s_rally_1bb77c54_4xKUBXs4 (4e79b275-e1ae-4e01-8aee-ae3ccf4aa1b1)
2019-06-14 12:09:51.121 21662 RALLYDEBUG rally_openstack.cleanup.manager [-] Deleting neutron.port object s_rally_1bb77c54_8FRX1ggV (4f19dc73-0319-4d88-b12d-a3198c8e9d07)
