2019-06-14 11:56:19.688 21653 RALLYDEBUG rally.api [-] INFO logs from urllib3 and requests module are hide.
2019-06-14 11:56:19.688 21653 RALLYDEBUG rally.api [-] urllib3 insecure warnings are hidden.
2019-06-14 11:56:19.689 21653 RALLYDEBUG rally.api [-] ERROR log from boto module is hide.
2019-06-14 11:56:22.306 21655 RALLYDEBUG rally.api [-] INFO logs from urllib3 and requests module are hide.
2019-06-14 11:56:22.306 21655 RALLYDEBUG rally.api [-] urllib3 insecure warnings are hidden.
2019-06-14 11:56:22.306 21655 RALLYDEBUG rally.api [-] ERROR log from boto module is hide.
2019-06-14 11:56:23.851 21655 WARNING rally_openstack.platforms.existing [-] endpoint is deprecated and not used.
2019-06-14 11:56:24.950 21657 RALLYDEBUG rally.api [-] INFO logs from urllib3 and requests module are hide.
2019-06-14 11:56:24.951 21657 RALLYDEBUG rally.api [-] urllib3 insecure warnings are hidden.
2019-06-14 11:56:24.951 21657 RALLYDEBUG rally.api [-] ERROR log from boto module is hide.
2019-06-14 11:56:28.249 21660 RALLYDEBUG rally.api [-] INFO logs from urllib3 and requests module are hide.
2019-06-14 11:56:28.249 21660 RALLYDEBUG rally.api [-] urllib3 insecure warnings are hidden.
2019-06-14 11:56:28.250 21660 RALLYDEBUG rally.api [-] ERROR log from boto module is hide.
2019-06-14 11:56:29.764 21662 RALLYDEBUG rally.api [-] INFO logs from urllib3 and requests module are hide.
2019-06-14 11:56:29.765 21662 RALLYDEBUG rally.api [-] urllib3 insecure warnings are hidden.
2019-06-14 11:56:29.765 21662 RALLYDEBUG rally.api [-] ERROR log from boto module is hide.
2019-06-14 11:56:31.169 21662 INFO rally.common.plugin.discover [-] Loading plugins from directories /root/.rally/plugins/*
2019-06-14 11:56:31.169 21662 INFO rally.common.plugin.discover [-] Loaded module with plugins: /root/.rally/plugins/__init__.py
2019-06-14 11:56:31.172 21662 INFO rally.common.plugin.discover [-] Loaded module with plugins: /root/.rally/plugins/trunk_scenario.py
2019-06-14 11:56:31.368 21662 INFO rally.task.engine [-] Task 92fd8303-2317-474a-9fe4-4b1292e2b3fe | Starting: Task validation.
2019-06-14 11:56:31.426 21662 INFO rally.task.engine [-] Task 92fd8303-2317-474a-9fe4-4b1292e2b3fe | Starting: Task validation of syntax.
2019-06-14 11:56:31.626 21662 INFO rally.task.engine [-] Task 92fd8303-2317-474a-9fe4-4b1292e2b3fe | Completed: Task validation of syntax.
2019-06-14 11:56:31.626 21662 INFO rally.task.engine [-] Task 92fd8303-2317-474a-9fe4-4b1292e2b3fe | Starting: Task validation of required platforms.
2019-06-14 11:56:31.699 21662 INFO rally.task.engine [-] Task 92fd8303-2317-474a-9fe4-4b1292e2b3fe | Completed: Task validation of required platforms.
2019-06-14 11:56:31.699 21662 INFO rally.task.engine [-] Task 92fd8303-2317-474a-9fe4-4b1292e2b3fe | Starting: Task validation of semantic.
2019-06-14 11:56:31.699 21662 INFO rally.task.engine [-] Check health of the environment 'eab8f23b-91c4-40bd-badf-da26cfc930e7'.
2019-06-14 11:56:32.341 21662 INFO rally.task.engine [-] Platform existing@openstack (available: True): OK!
2019-06-14 11:56:32.362 21662 RALLYDEBUG rally_openstack.contexts.keystone.users [-] Creating 1 tenants using 20 threads
2019-06-14 11:56:33.247 21662 RALLYDEBUG rally_openstack.contexts.keystone.users [-] Creating 1 users using 20 threads
2019-06-14 11:56:34.686 21662 INFO rally.task.context [-] Task 92fd8303-2317-474a-9fe4-4b1292e2b3fe | Context users@openstack setup() finished in 2.32 sec
2019-06-14 11:56:39.398 21662 INFO rally.task.context [-] Task 92fd8303-2317-474a-9fe4-4b1292e2b3fe | Context users@openstack cleanup() started
2019-06-14 11:56:42.681 21662 INFO rally.task.context [-] Task 92fd8303-2317-474a-9fe4-4b1292e2b3fe | Context users@openstack cleanup() finished in 3.28 sec
2019-06-14 11:56:42.682 21662 INFO rally.task.engine [-] Task 92fd8303-2317-474a-9fe4-4b1292e2b3fe | Completed: Task validation of semantic.
2019-06-14 11:56:42.682 21662 INFO rally.task.engine [-] Task 92fd8303-2317-474a-9fe4-4b1292e2b3fe | Completed: Task validation.
2019-06-14 11:56:42.682 21662 INFO rally.api [-] Task 92fd8303-2317-474a-9fe4-4b1292e2b3fe input file is valid.
2019-06-14 11:56:42.683 21662 INFO rally.api [-] Run Task 92fd8303-2317-474a-9fe4-4b1292e2b3fe against Deployment eab8f23b-91c4-40bd-badf-da26cfc930e7
2019-06-14 11:56:42.683 21662 INFO rally.task.engine [-] Task 92fd8303-2317-474a-9fe4-4b1292e2b3fe | Starting: Running task.
2019-06-14 11:56:42.858 21662 INFO rally.task.engine [-] Running workload: position = 0 config = { "version": 2, "title": "A cropped version of a bigger task.", "description": "Auto-generated task from a single workload (uuid=f47cbef1-9c0b-4db0-a12a-3f7b6372dcc9)", "subtasks": [ { "title": "NeutronNetworks.create_and_list_networks", "description": "Check performance of list_networks action and ensure > network quotas are not exceeded", "scenario": { "NeutronNetworks.create_and_list_networks": {} }, "contexts": { "users": { "tenants": 1, "users_per_tenant": 1 }, "quotas": { "neutron": { "network": 119 } } }, "runner": { "constant": { "times": 100, "concurrency": 20 } }, "hooks": [], "sla": { "max_avg_duration_per_atomic": { "neutron.list_networks": 15 }, "failure_rate": { "max": 0 } } } ] }
2019-06-14 11:56:42.886 21662 RALLYDEBUG rally_openstack.contexts.keystone.users [-] Creating 1 tenants using 20 threads
2019-06-14 11:56:43.845 21662 RALLYDEBUG rally_openstack.contexts.keystone.users [-] Creating 1 users using 20 threads
2019-06-14 11:56:45.330 21662 INFO rally.task.context [-] Task 92fd8303-2317-474a-9fe4-4b1292e2b3fe | Context users@openstack setup() finished in 2.44 sec
2019-06-14 11:56:45.868 21662 INFO rally.task.context [-] Task 92fd8303-2317-474a-9fe4-4b1292e2b3fe | Context quotas@openstack setup() finished in 0.54 sec
2019-06-14 11:56:45.868 21662 INFO rally.task.context [-] Task 92fd8303-2317-474a-9fe4-4b1292e2b3fe | Context cleanup@openstack setup() finished in 0.01 msec
2019-06-14 11:56:45.877 21662 RALLYDEBUG rally.task.runner [-] Starting the constant runner (task UUID: 92fd8303-2317-474a-9fe4-4b1292e2b3fe). timeout: 0 concurrency: 20 concurrency_per_worker: 1 times: 100 concurrency_overhead: 4 processes_to_start: 16 max_cpu_used: 16
2019-06-14 11:56:45.890 21786 RALLYDEBUG rally.task.runner [-] Starting a worker. concurrency: 2 args: {} times: 100 method_name: run timeout: 0 duration: None cls:
2019-06-14 11:56:45.894 21787 RALLYDEBUG rally.task.runner [-] Starting a worker. concurrency: 2 args: {} times: 100 method_name: run timeout: 0 duration: None cls:
2019-06-14 11:56:45.897 21788 RALLYDEBUG rally.task.runner [-] Starting a worker. concurrency: 2 args: {} times: 100 method_name: run timeout: 0 duration: None cls:
2019-06-14 11:56:45.900 21789 RALLYDEBUG rally.task.runner [-] Starting a worker. concurrency: 2 args: {} times: 100 method_name: run timeout: 0 duration: None cls:
2019-06-14 11:56:45.902 21786 INFO rally.task.runner [-] Task 92fd8303-2317-474a-9fe4-4b1292e2b3fe | ITER: 1 START
2019-06-14 11:56:45.903 21792 RALLYDEBUG rally.task.runner [-] Starting a worker. concurrency: 1 args: {} times: 100 method_name: run timeout: 0 duration: None cls:
2019-06-14 11:56:45.906 21795 RALLYDEBUG rally.task.runner [-] Starting a worker. concurrency: 1 args: {} times: 100 method_name: run timeout: 0 duration: None cls:
2019-06-14 11:56:45.907 21787 INFO rally.task.runner [-] Task 92fd8303-2317-474a-9fe4-4b1292e2b3fe | ITER: 2 START
2019-06-14 11:56:45.908 21788 INFO rally.task.runner [-] Task 92fd8303-2317-474a-9fe4-4b1292e2b3fe | ITER: 4 START
2019-06-14 11:56:45.907 21787 INFO rally.task.runner [-] Task 92fd8303-2317-474a-9fe4-4b1292e2b3fe | ITER: 5 START
2019-06-14 11:56:45.910 21799 RALLYDEBUG rally.task.runner [-] Starting a worker. concurrency: 1 args: {} times: 100 method_name: run timeout: 0 duration: None cls:
2019-06-14 11:56:45.912 21786 INFO rally.task.runner [-] Task 92fd8303-2317-474a-9fe4-4b1292e2b3fe | ITER: 3 START
2019-06-14 11:56:45.912 21802 RALLYDEBUG rally.task.runner [-] Starting a worker. concurrency: 1 args: {} times: 100 method_name: run timeout: 0 duration: None cls:
2019-06-14 11:56:45.914 21789 INFO rally.task.runner [-] Task 92fd8303-2317-474a-9fe4-4b1292e2b3fe | ITER: 7 START
2019-06-14 11:56:45.915 21792 INFO rally.task.runner [-] Task 92fd8303-2317-474a-9fe4-4b1292e2b3fe | ITER: 8 START
2019-06-14 11:56:45.916 21795 INFO rally.task.runner [-] Task 92fd8303-2317-474a-9fe4-4b1292e2b3fe | ITER: 10 START
2019-06-14 11:56:45.916 21806 RALLYDEBUG rally.task.runner [-] Starting a worker. concurrency: 1 args: {} times: 100 method_name: run timeout: 0 duration: None cls:
2019-06-14 11:56:45.921 21799 INFO rally.task.runner [-] Task 92fd8303-2317-474a-9fe4-4b1292e2b3fe | ITER: 11 START
2019-06-14 11:56:45.921 21802 INFO rally.task.runner [-] Task 92fd8303-2317-474a-9fe4-4b1292e2b3fe | ITER: 12 START
2019-06-14 11:56:45.921 21809 RALLYDEBUG rally.task.runner [-] Starting a worker. concurrency: 1 args: {} times: 100 method_name: run timeout: 0 duration: None cls:
2019-06-14 11:56:45.925 21788 INFO rally.task.runner [-] Task 92fd8303-2317-474a-9fe4-4b1292e2b3fe | ITER: 6 START
2019-06-14 11:56:45.923 21789 INFO rally.task.runner [-] Task 92fd8303-2317-474a-9fe4-4b1292e2b3fe | ITER: 9 START
2019-06-14 11:56:45.926 21806 INFO rally.task.runner [-] Task 92fd8303-2317-474a-9fe4-4b1292e2b3fe | ITER: 13 START
2019-06-14 11:56:45.930 21809 INFO rally.task.runner [-] Task 92fd8303-2317-474a-9fe4-4b1292e2b3fe | ITER: 14 START
2019-06-14 11:56:45.931 21816 RALLYDEBUG rally.task.runner [-] Starting a worker. concurrency: 1 args: {} times: 100 method_name: run timeout: 0 duration: None cls:
2019-06-14 11:56:45.941 21816 INFO rally.task.runner [-] Task 92fd8303-2317-474a-9fe4-4b1292e2b3fe | ITER: 15 START
2019-06-14 11:56:45.945 21822 RALLYDEBUG rally.task.runner [-] Starting a worker. concurrency: 1 args: {} times: 100 method_name: run timeout: 0 duration: None cls:
2019-06-14 11:56:45.953 21824 RALLYDEBUG rally.task.runner [-] Starting a worker. concurrency: 1 args: {} times: 100 method_name: run timeout: 0 duration: None cls:
2019-06-14 11:56:45.954 21822 INFO rally.task.runner [-] Task 92fd8303-2317-474a-9fe4-4b1292e2b3fe | ITER: 16 START
2019-06-14 11:56:45.956 21825 RALLYDEBUG rally.task.runner [-] Starting a worker. concurrency: 1 args: {} times: 100 method_name: run timeout: 0 duration: None cls:
2019-06-14 11:56:45.961 21828 RALLYDEBUG rally.task.runner [-] Starting a worker. concurrency: 1 args: {} times: 100 method_name: run timeout: 0 duration: None cls:
2019-06-14 11:56:45.961 21824 INFO rally.task.runner [-] Task 92fd8303-2317-474a-9fe4-4b1292e2b3fe | ITER: 17 START
2019-06-14 11:56:45.964 21825 INFO rally.task.runner [-] Task 92fd8303-2317-474a-9fe4-4b1292e2b3fe | ITER: 18 START
2019-06-14 11:56:45.965 21831 RALLYDEBUG rally.task.runner [-] Starting a worker. concurrency: 1 args: {} times: 100 method_name: run timeout: 0 duration: None cls:
2019-06-14 11:56:45.967 21828 INFO rally.task.runner [-] Task 92fd8303-2317-474a-9fe4-4b1292e2b3fe | ITER: 19 START
2019-06-14 11:56:45.972 21831 INFO rally.task.runner [-] Task 92fd8303-2317-474a-9fe4-4b1292e2b3fe | ITER: 20 START
2019-06-14 11:56:46.969 21788 INFO rally.task.runner [-] Task 92fd8303-2317-474a-9fe4-4b1292e2b3fe | ITER: 6 END: OK
2019-06-14 11:56:46.973 21788 INFO rally.task.runner [-] Task 92fd8303-2317-474a-9fe4-4b1292e2b3fe | ITER: 21 START
2019-06-14 11:56:47.001 21802 INFO rally.task.runner [-] Task 92fd8303-2317-474a-9fe4-4b1292e2b3fe | ITER: 12 END: OK
2019-06-14 11:56:47.005 21802 INFO rally.task.runner [-] Task 92fd8303-2317-474a-9fe4-4b1292e2b3fe | ITER: 22 START
2019-06-14 11:56:47.108 21787 INFO rally.task.runner [-] Task 92fd8303-2317-474a-9fe4-4b1292e2b3fe | ITER: 5 END: OK
2019-06-14 11:56:47.112 21787 INFO rally.task.runner [-] Task 92fd8303-2317-474a-9fe4-4b1292e2b3fe | ITER: 23 START
2019-06-14 11:56:47.228 21799 INFO rally.task.runner [-] Task 92fd8303-2317-474a-9fe4-4b1292e2b3fe | ITER: 11 END: OK
2019-06-14 11:56:47.232 21799 INFO rally.task.runner [-] Task 92fd8303-2317-474a-9fe4-4b1292e2b3fe | ITER: 24 START
2019-06-14 11:56:47.281 21788 INFO rally.task.runner [-] Task 92fd8303-2317-474a-9fe4-4b1292e2b3fe | ITER: 4 END: OK
2019-06-14 11:56:47.285 21788 INFO rally.task.runner [-] Task 92fd8303-2317-474a-9fe4-4b1292e2b3fe | ITER: 25 START
2019-06-14 11:56:47.332 21828 INFO rally.task.runner [-] Task 92fd8303-2317-474a-9fe4-4b1292e2b3fe | ITER: 19 END: OK
2019-06-14 11:56:47.335 21828 INFO rally.task.runner [-] Task 92fd8303-2317-474a-9fe4-4b1292e2b3fe | ITER: 26 START
2019-06-14 11:56:47.384 21789 INFO rally.task.runner [-] Task 92fd8303-2317-474a-9fe4-4b1292e2b3fe | ITER: 7 END: OK
2019-06-14 11:56:47.389 21789 INFO rally.task.runner [-] Task 92fd8303-2317-474a-9fe4-4b1292e2b3fe | ITER: 27 START
2019-06-14 11:56:47.420 21792 INFO rally.task.runner [-] Task 92fd8303-2317-474a-9fe4-4b1292e2b3fe | ITER: 8 END: OK
2019-06-14 11:56:47.424 21792 INFO rally.task.runner [-] Task 92fd8303-2317-474a-9fe4-4b1292e2b3fe | ITER: 28 START
2019-06-14 11:56:47.432 21825 INFO rally.task.runner [-] Task 92fd8303-2317-474a-9fe4-4b1292e2b3fe | ITER: 18 END: OK
2019-06-14 11:56:47.436 21825 INFO rally.task.runner [-] Task 92fd8303-2317-474a-9fe4-4b1292e2b3fe | ITER: 29 START
2019-06-14 11:56:47.449 21824 INFO rally.task.runner [-] Task 92fd8303-2317-474a-9fe4-4b1292e2b3fe | ITER: 17 END: OK
2019-06-14 11:56:47.453 21824 INFO rally.task.runner [-] Task 92fd8303-2317-474a-9fe4-4b1292e2b3fe | ITER: 30 START
2019-06-14 11:56:47.565 21809 INFO rally.task.runner [-] Task 92fd8303-2317-474a-9fe4-4b1292e2b3fe | ITER: 14 END: OK
2019-06-14 11:56:47.568 21809 INFO rally.task.runner [-] Task 92fd8303-2317-474a-9fe4-4b1292e2b3fe | ITER: 31 START
2019-06-14 11:56:47.581 21806 INFO rally.task.runner [-] Task 92fd8303-2317-474a-9fe4-4b1292e2b3fe | ITER: 13 END: OK
2019-06-14 11:56:47.586 21806 INFO rally.task.runner [-] Task 92fd8303-2317-474a-9fe4-4b1292e2b3fe | ITER: 32 START
2019-06-14 11:56:47.600 21786 INFO rally.task.runner [-] Task 92fd8303-2317-474a-9fe4-4b1292e2b3fe | ITER: 3 END: OK
2019-06-14 11:56:47.604 21786 INFO rally.task.runner [-] Task 92fd8303-2317-474a-9fe4-4b1292e2b3fe | ITER: 33 START
2019-06-14 11:56:47.606 21816 INFO rally.task.runner [-] Task 92fd8303-2317-474a-9fe4-4b1292e2b3fe | ITER: 15 END: OK
2019-06-14 11:56:47.609 21816 INFO rally.task.runner [-] Task 92fd8303-2317-474a-9fe4-4b1292e2b3fe | ITER: 34 START
2019-06-14 11:56:47.797 21787 INFO rally.task.runner [-] Task 92fd8303-2317-474a-9fe4-4b1292e2b3fe | ITER: 2 END: OK
2019-06-14 11:56:47.800 21787 INFO rally.task.runner [-] Task 92fd8303-2317-474a-9fe4-4b1292e2b3fe | ITER: 35 START
2019-06-14 11:56:47.816 21789 INFO rally.task.runner [-] Task 92fd8303-2317-474a-9fe4-4b1292e2b3fe | ITER: 9 END: OK
2019-06-14 11:56:47.819 21789 INFO rally.task.runner [-] Task 92fd8303-2317-474a-9fe4-4b1292e2b3fe | ITER: 36 START
2019-06-14 11:56:47.840 21786 INFO rally.task.runner [-] Task 92fd8303-2317-474a-9fe4-4b1292e2b3fe | ITER: 1 END: OK
2019-06-14 11:56:47.844 21786 INFO rally.task.runner [-] Task 92fd8303-2317-474a-9fe4-4b1292e2b3fe | ITER: 37 START
2019-06-14 11:56:47.849 21788 INFO rally.task.runner [-] Task 92fd8303-2317-474a-9fe4-4b1292e2b3fe | ITER: 21 END: OK
2019-06-14 11:56:47.852 21788 INFO rally.task.runner [-] Task 92fd8303-2317-474a-9fe4-4b1292e2b3fe | ITER: 38 START
2019-06-14 11:56:47.982 21831 INFO rally.task.runner [-] Task 92fd8303-2317-474a-9fe4-4b1292e2b3fe | ITER: 20 END: OK
2019-06-14 11:56:47.986 21831 INFO rally.task.runner [-] Task 92fd8303-2317-474a-9fe4-4b1292e2b3fe | ITER: 39 START
2019-06-14 11:56:48.175 21795 INFO rally.task.runner [-] Task 92fd8303-2317-474a-9fe4-4b1292e2b3fe | ITER: 10 END: OK
2019-06-14 11:56:48.179 21795 INFO rally.task.runner [-] Task 92fd8303-2317-474a-9fe4-4b1292e2b3fe | ITER: 40 START
2019-06-14 11:56:48.199 21822 INFO rally.task.runner [-] Task 92fd8303-2317-474a-9fe4-4b1292e2b3fe | ITER: 16 END: OK
2019-06-14 11:56:48.203 21822 INFO rally.task.runner [-] Task 92fd8303-2317-474a-9fe4-4b1292e2b3fe | ITER: 41 START
2019-06-14 11:56:48.279 21802 INFO rally.task.runner [-] Task 92fd8303-2317-474a-9fe4-4b1292e2b3fe | ITER: 22 END: OK
2019-06-14 11:56:48.282 21802 INFO rally.task.runner [-] Task 92fd8303-2317-474a-9fe4-4b1292e2b3fe | ITER: 42 START
2019-06-14 11:56:48.376 21792 INFO rally.task.runner [-] Task 92fd8303-2317-474a-9fe4-4b1292e2b3fe | ITER: 28 END: OK
2019-06-14 11:56:48.379 21792 INFO rally.task.runner [-] Task 92fd8303-2317-474a-9fe4-4b1292e2b3fe | ITER: 43 START
2019-06-14 11:56:48.542 21788 INFO rally.task.runner [-] Task 92fd8303-2317-474a-9fe4-4b1292e2b3fe | ITER: 25 END: OK
2019-06-14 11:56:48.545 21788 INFO rally.task.runner [-] Task 92fd8303-2317-474a-9fe4-4b1292e2b3fe | ITER: 44 START
2019-06-14 11:56:48.636 21787 INFO rally.task.runner [-] Task 92fd8303-2317-474a-9fe4-4b1292e2b3fe | ITER: 23 END: OK
2019-06-14 11:56:48.640 21787 INFO rally.task.runner [-] Task 92fd8303-2317-474a-9fe4-4b1292e2b3fe | ITER: 45 START
2019-06-14 11:56:48.838 21816 INFO rally.task.runner [-] Task 92fd8303-2317-474a-9fe4-4b1292e2b3fe | ITER: 34 END: OK
2019-06-14 11:56:48.841 21816 INFO rally.task.runner [-] Task 92fd8303-2317-474a-9fe4-4b1292e2b3fe | ITER: 46 START
2019-06-14 11:56:48.912 21809 INFO rally.task.runner [-] Task 92fd8303-2317-474a-9fe4-4b1292e2b3fe | ITER: 31 END: OK
2019-06-14 11:56:48.916 21809 INFO rally.task.runner [-] Task 92fd8303-2317-474a-9fe4-4b1292e2b3fe | ITER: 47 START
2019-06-14 11:56:48.934 21828 INFO rally.task.runner [-] Task 92fd8303-2317-474a-9fe4-4b1292e2b3fe | ITER: 26 END: OK
2019-06-14 11:56:48.938 21828 INFO rally.task.runner [-] Task 92fd8303-2317-474a-9fe4-4b1292e2b3fe | ITER: 48 START
2019-06-14 11:56:49.134 21824 INFO rally.task.runner [-] Task 92fd8303-2317-474a-9fe4-4b1292e2b3fe | ITER: 30 END: OK
2019-06-14 11:56:49.137 21824 INFO rally.task.runner [-] Task 92fd8303-2317-474a-9fe4-4b1292e2b3fe | ITER: 49 START
2019-06-14 11:56:49.143 21786 INFO rally.task.runner [-] Task 92fd8303-2317-474a-9fe4-4b1292e2b3fe | ITER: 33 END: OK
2019-06-14 11:56:49.143 21799 INFO rally.task.runner [-] Task 92fd8303-2317-474a-9fe4-4b1292e2b3fe | ITER: 24 END: OK
2019-06-14 11:56:49.146 21786 INFO rally.task.runner [-] Task 92fd8303-2317-474a-9fe4-4b1292e2b3fe | ITER: 50 START
2019-06-14 11:56:49.146 21799 INFO rally.task.runner [-] Task 92fd8303-2317-474a-9fe4-4b1292e2b3fe | ITER: 51 START
2019-06-14 11:56:49.230 21788 INFO rally.task.runner [-] Task 92fd8303-2317-474a-9fe4-4b1292e2b3fe | ITER: 38 END: OK
2019-06-14 11:56:49.234 21788 INFO rally.task.runner [-] Task 92fd8303-2317-474a-9fe4-4b1292e2b3fe | ITER: 52 START
2019-06-14 11:56:49.400 21789 INFO rally.task.runner [-] Task 92fd8303-2317-474a-9fe4-4b1292e2b3fe | ITER: 27 END: OK
2019-06-14 11:56:49.404 21789 INFO rally.task.runner [-] Task 92fd8303-2317-474a-9fe4-4b1292e2b3fe | ITER: 53 START
2019-06-14 11:56:49.408 21786 INFO rally.task.runner [-] Task 92fd8303-2317-474a-9fe4-4b1292e2b3fe | ITER: 37 END: OK
2019-06-14 11:56:49.412 21786 INFO rally.task.runner [-] Task 92fd8303-2317-474a-9fe4-4b1292e2b3fe | ITER: 54 START
2019-06-14 11:56:49.487 21806 INFO rally.task.runner [-] Task 92fd8303-2317-474a-9fe4-4b1292e2b3fe | ITER: 32 END: OK
2019-06-14 11:56:49.491 21806 INFO rally.task.runner [-] Task 92fd8303-2317-474a-9fe4-4b1292e2b3fe | ITER: 55 START
2019-06-14 11:56:49.499 21795 INFO rally.task.runner [-] Task 92fd8303-2317-474a-9fe4-4b1292e2b3fe | ITER: 40 END: OK
2019-06-14 11:56:49.502 21795 INFO rally.task.runner [-] Task 92fd8303-2317-474a-9fe4-4b1292e2b3fe | ITER: 56 START
2019-06-14 11:56:49.576 21789 INFO rally.task.runner [-] Task 92fd8303-2317-474a-9fe4-4b1292e2b3fe | ITER: 36 END: OK
2019-06-14 11:56:49.579 21789 INFO rally.task.runner [-] Task 92fd8303-2317-474a-9fe4-4b1292e2b3fe | ITER: 57 START
2019-06-14 11:56:49.653 21825 INFO rally.task.runner [-] Task 92fd8303-2317-474a-9fe4-4b1292e2b3fe | ITER: 29 END: OK
2019-06-14 11:56:49.656 21825 INFO rally.task.runner [-] Task 92fd8303-2317-474a-9fe4-4b1292e2b3fe | ITER: 58 START
2019-06-14 11:56:49.964 21787 INFO rally.task.runner [-] Task 92fd8303-2317-474a-9fe4-4b1292e2b3fe | ITER: 35 END: OK
2019-06-14 11:56:49.968 21787 INFO rally.task.runner [-] Task 92fd8303-2317-474a-9fe4-4b1292e2b3fe | ITER: 59 START
2019-06-14 11:56:49.974 21824 INFO rally.task.runner [-] Task 92fd8303-2317-474a-9fe4-4b1292e2b3fe | ITER: 49 END: OK
2019-06-14 11:56:49.978 21824 INFO rally.task.runner [-] Task 92fd8303-2317-474a-9fe4-4b1292e2b3fe | ITER: 60 START
2019-06-14 11:56:50.111 21802 INFO rally.task.runner [-] Task 92fd8303-2317-474a-9fe4-4b1292e2b3fe | ITER: 42 END: OK
2019-06-14 11:56:50.115 21802 INFO rally.task.runner [-] Task 92fd8303-2317-474a-9fe4-4b1292e2b3fe | ITER: 61 START
2019-06-14 11:56:50.142 21789 INFO rally.task.runner [-] Task 92fd8303-2317-474a-9fe4-4b1292e2b3fe | ITER: 53 END: OK
2019-06-14 11:56:50.145 21789 INFO rally.task.runner [-] Task 92fd8303-2317-474a-9fe4-4b1292e2b3fe | ITER: 62 START
2019-06-14 11:56:50.161 21822 INFO rally.task.runner [-] Task 92fd8303-2317-474a-9fe4-4b1292e2b3fe | ITER: 41 END: OK
2019-06-14 11:56:50.165 21822 INFO rally.task.runner [-] Task 92fd8303-2317-474a-9fe4-4b1292e2b3fe | ITER: 63 START
2019-06-14 11:56:50.319 21788 INFO rally.task.runner [-] Task 92fd8303-2317-474a-9fe4-4b1292e2b3fe | ITER: 44 END: OK
2019-06-14 11:56:50.323 21788 INFO rally.task.runner [-] Task 92fd8303-2317-474a-9fe4-4b1292e2b3fe | ITER: 64 START
2019-06-14 11:56:50.412 21792 INFO rally.task.runner [-] Task 92fd8303-2317-474a-9fe4-4b1292e2b3fe | ITER: 43 END: OK
2019-06-14 11:56:50.415 21792 INFO rally.task.runner [-] Task 92fd8303-2317-474a-9fe4-4b1292e2b3fe | ITER: 65 START
2019-06-14 11:56:50.817 21787 INFO rally.task.runner [-] Task 92fd8303-2317-474a-9fe4-4b1292e2b3fe | ITER: 45 END: OK
2019-06-14 11:56:50.820 21787 INFO rally.task.runner [-] Task 92fd8303-2317-474a-9fe4-4b1292e2b3fe | ITER: 66 START
2019-06-14 11:56:50.873 21809 INFO rally.task.runner [-] Task 92fd8303-2317-474a-9fe4-4b1292e2b3fe | ITER: 47 END: OK
2019-06-14 11:56:50.877 21809 INFO rally.task.runner [-] Task 92fd8303-2317-474a-9fe4-4b1292e2b3fe | ITER: 67 START
2019-06-14 11:56:51.014 21831 INFO rally.task.runner [-] Task 92fd8303-2317-474a-9fe4-4b1292e2b3fe | ITER: 39 END: OK
2019-06-14 11:56:51.017 21831 INFO rally.task.runner [-] Task 92fd8303-2317-474a-9fe4-4b1292e2b3fe | ITER: 68 START
2019-06-14 11:56:51.054 21786 INFO rally.task.runner [-] Task 92fd8303-2317-474a-9fe4-4b1292e2b3fe | ITER: 54 END: OK
2019-06-14 11:56:51.057 21786 INFO rally.task.runner [-] Task 92fd8303-2317-474a-9fe4-4b1292e2b3fe | ITER: 69 START
2019-06-14 11:56:51.061 21799 INFO rally.task.runner [-] Task 92fd8303-2317-474a-9fe4-4b1292e2b3fe | ITER: 51 END: OK
2019-06-14 11:56:51.064 21799 INFO rally.task.runner [-] Task 92fd8303-2317-474a-9fe4-4b1292e2b3fe | ITER: 70 START
2019-06-14 11:56:51.072 21816 INFO rally.task.runner [-] Task 92fd8303-2317-474a-9fe4-4b1292e2b3fe | ITER: 46 END: OK
2019-06-14 11:56:51.075 21816 INFO rally.task.runner [-] Task 92fd8303-2317-474a-9fe4-4b1292e2b3fe | ITER: 71 START
2019-06-14 11:56:51.245 21787 INFO rally.task.runner [-] Task 92fd8303-2317-474a-9fe4-4b1292e2b3fe | ITER: 59 END: OK
2019-06-14 11:56:51.249 21787 INFO rally.task.runner [-] Task 92fd8303-2317-474a-9fe4-4b1292e2b3fe | ITER: 72 START
2019-06-14 11:56:51.344 21788 INFO rally.task.runner [-] Task 92fd8303-2317-474a-9fe4-4b1292e2b3fe | ITER: 52 END: OK
2019-06-14 11:56:51.348 21788 INFO rally.task.runner [-] Task 92fd8303-2317-474a-9fe4-4b1292e2b3fe | ITER: 73 START
2019-06-14 11:56:51.357 21789 INFO rally.task.runner [-] Task 92fd8303-2317-474a-9fe4-4b1292e2b3fe | ITER: 57 END: OK
2019-06-14 11:56:51.360 21789 INFO rally.task.runner [-] Task 92fd8303-2317-474a-9fe4-4b1292e2b3fe | ITER: 74 START
2019-06-14 11:56:51.462 21828 INFO rally.task.runner [-] Task 92fd8303-2317-474a-9fe4-4b1292e2b3fe | ITER: 48 END: OK
2019-06-14 11:56:51.466 21828 INFO rally.task.runner [-] Task 92fd8303-2317-474a-9fe4-4b1292e2b3fe | ITER: 75 START
2019-06-14 11:56:51.486 21786 INFO rally.task.runner [-] Task 92fd8303-2317-474a-9fe4-4b1292e2b3fe | ITER: 50 END: OK
2019-06-14 11:56:51.489 21786 INFO rally.task.runner [-] Task 92fd8303-2317-474a-9fe4-4b1292e2b3fe | ITER: 76 START
2019-06-14 11:56:51.672 21825 INFO rally.task.runner [-] Task 92fd8303-2317-474a-9fe4-4b1292e2b3fe | ITER: 58 END: OK
2019-06-14 11:56:51.675 21825 INFO rally.task.runner [-] Task 92fd8303-2317-474a-9fe4-4b1292e2b3fe | ITER: 77 START
2019-06-14 11:56:51.767 21802 INFO rally.task.runner [-] Task 92fd8303-2317-474a-9fe4-4b1292e2b3fe | ITER: 61 END: OK
2019-06-14 11:56:51.771 21802 INFO rally.task.runner [-] Task 92fd8303-2317-474a-9fe4-4b1292e2b3fe | ITER: 78 START
2019-06-14 11:56:51.818 21795 INFO rally.task.runner [-] Task 92fd8303-2317-474a-9fe4-4b1292e2b3fe | ITER: 56 END: OK
2019-06-14 11:56:51.821 21795 INFO rally.task.runner [-] Task 92fd8303-2317-474a-9fe4-4b1292e2b3fe | ITER: 79 START
2019-06-14 11:56:51.829 21824 INFO rally.task.runner [-] Task 92fd8303-2317-474a-9fe4-4b1292e2b3fe | ITER: 60 END: OK
2019-06-14 11:56:51.834 21824 INFO rally.task.runner [-] Task 92fd8303-2317-474a-9fe4-4b1292e2b3fe | ITER: 80 START
2019-06-14 11:56:51.923 21789 INFO rally.task.runner [-] Task 92fd8303-2317-474a-9fe4-4b1292e2b3fe | ITER: 62 END: OK
2019-06-14 11:56:51.927 21789 INFO rally.task.runner [-] Task 92fd8303-2317-474a-9fe4-4b1292e2b3fe | ITER: 81 START
2019-06-14 11:56:52.094 21806 INFO rally.task.runner [-] Task 92fd8303-2317-474a-9fe4-4b1292e2b3fe | ITER: 55 END: OK
2019-06-14 11:56:52.097 21806 INFO rally.task.runner [-] Task 92fd8303-2317-474a-9fe4-4b1292e2b3fe | ITER: 82 START
2019-06-14 11:56:52.181 21822 INFO rally.task.runner [-] Task 92fd8303-2317-474a-9fe4-4b1292e2b3fe | ITER: 63 END: OK
2019-06-14 11:56:52.184 21822 INFO rally.task.runner [-] Task 92fd8303-2317-474a-9fe4-4b1292e2b3fe | ITER: 83 START
2019-06-14 11:56:52.255 21787 INFO rally.task.runner [-] Task 92fd8303-2317-474a-9fe4-4b1292e2b3fe | ITER: 66 END: OK
2019-06-14 11:56:52.259 21787 INFO rally.task.runner [-] Task 92fd8303-2317-474a-9fe4-4b1292e2b3fe | ITER: 84 START
2019-06-14 11:56:52.348 21788 INFO rally.task.runner [-] Task 92fd8303-2317-474a-9fe4-4b1292e2b3fe | ITER: 64 END: OK
2019-06-14 11:56:52.352 21788 INFO rally.task.runner [-] Task 92fd8303-2317-474a-9fe4-4b1292e2b3fe | ITER: 85 START
2019-06-14 11:56:52.440 21788 INFO rally.task.runner [-] Task 92fd8303-2317-474a-9fe4-4b1292e2b3fe | ITER: 73 END: OK
2019-06-14 11:56:52.443 21788 INFO rally.task.runner [-] Task 92fd8303-2317-474a-9fe4-4b1292e2b3fe | ITER: 86 START
2019-06-14 11:56:52.495 21831 INFO rally.task.runner [-] Task 92fd8303-2317-474a-9fe4-4b1292e2b3fe | ITER: 68 END: OK
2019-06-14 11:56:52.498 21831 INFO rally.task.runner [-] Task 92fd8303-2317-474a-9fe4-4b1292e2b3fe | ITER: 87 START
2019-06-14 11:56:52.611 21816 INFO rally.task.runner [-] Task 92fd8303-2317-474a-9fe4-4b1292e2b3fe | ITER: 71 END: OK
2019-06-14 11:56:52.615 21816 INFO rally.task.runner [-] Task 92fd8303-2317-474a-9fe4-4b1292e2b3fe | ITER: 88 START
2019-06-14 11:56:52.642 21786 INFO rally.task.runner [-] Task 92fd8303-2317-474a-9fe4-4b1292e2b3fe | ITER: 69 END: OK
2019-06-14 11:56:52.645 21786 INFO rally.task.runner [-] Task 92fd8303-2317-474a-9fe4-4b1292e2b3fe | ITER: 89 START
2019-06-14 11:56:52.673 21787 INFO rally.task.runner [-] Task 92fd8303-2317-474a-9fe4-4b1292e2b3fe | ITER: 72 END: OK
2019-06-14 11:56:52.676 21787 INFO rally.task.runner [-] Task 92fd8303-2317-474a-9fe4-4b1292e2b3fe | ITER: 90 START
2019-06-14 11:56:52.935 21828 INFO rally.task.runner [-] Task 92fd8303-2317-474a-9fe4-4b1292e2b3fe | ITER: 75 END: OK
2019-06-14 11:56:52.939 21828 INFO rally.task.runner [-] Task 92fd8303-2317-474a-9fe4-4b1292e2b3fe | ITER: 91 START
2019-06-14 11:56:53.011 21786 INFO rally.task.runner [-] Task 92fd8303-2317-474a-9fe4-4b1292e2b3fe | ITER: 76 END: OK
2019-06-14 11:56:53.015 21786 INFO rally.task.runner [-] Task 92fd8303-2317-474a-9fe4-4b1292e2b3fe | ITER: 92 START
2019-06-14 11:56:53.132 21799 INFO rally.task.runner [-] Task 92fd8303-2317-474a-9fe4-4b1292e2b3fe | ITER: 70 END: OK
2019-06-14 11:56:53.136 21799 INFO rally.task.runner [-] Task 92fd8303-2317-474a-9fe4-4b1292e2b3fe | ITER: 93 START
2019-06-14 11:56:53.214 21809 INFO rally.task.runner [-] Task 92fd8303-2317-474a-9fe4-4b1292e2b3fe | ITER: 67 END: OK
2019-06-14 11:56:53.217 21809 INFO rally.task.runner [-] Task 92fd8303-2317-474a-9fe4-4b1292e2b3fe | ITER: 94 START
2019-06-14 11:56:53.240 21795 INFO rally.task.runner [-] Task 92fd8303-2317-474a-9fe4-4b1292e2b3fe | ITER: 79 END: OK
2019-06-14 11:56:53.244 21795 INFO rally.task.runner [-] Task 92fd8303-2317-474a-9fe4-4b1292e2b3fe | ITER: 95 START
2019-06-14 11:56:53.344 21792 INFO rally.task.runner [-] Task 92fd8303-2317-474a-9fe4-4b1292e2b3fe | ITER: 65 END: OK
2019-06-14 11:56:53.348 21792 INFO rally.task.runner [-] Task 92fd8303-2317-474a-9fe4-4b1292e2b3fe | ITER: 96 START
2019-06-14 11:56:53.439 21802 INFO rally.task.runner [-] Task 92fd8303-2317-474a-9fe4-4b1292e2b3fe | ITER: 78 END: OK
2019-06-14 11:56:53.443 21802 INFO rally.task.runner [-] Task 92fd8303-2317-474a-9fe4-4b1292e2b3fe | ITER: 97 START
2019-06-14 11:56:53.502 21789 INFO rally.task.runner [-] Task 92fd8303-2317-474a-9fe4-4b1292e2b3fe | ITER: 81 END: OK
2019-06-14 11:56:53.506 21789 INFO rally.task.runner [-] Task 92fd8303-2317-474a-9fe4-4b1292e2b3fe | ITER: 98 START
2019-06-14 11:56:53.549 21789 INFO rally.task.runner [-] Task 92fd8303-2317-474a-9fe4-4b1292e2b3fe | ITER: 74 END: OK
2019-06-14 11:56:53.553 21789 INFO rally.task.runner [-] Task 92fd8303-2317-474a-9fe4-4b1292e2b3fe | ITER: 99 START
2019-06-14 11:56:53.654 21787 INFO rally.task.runner [-] Task 92fd8303-2317-474a-9fe4-4b1292e2b3fe | ITER: 84 END: OK
2019-06-14 11:56:53.657 21787 INFO rally.task.runner [-] Task 92fd8303-2317-474a-9fe4-4b1292e2b3fe | ITER: 100 START
2019-06-14 11:56:53.824 21824 INFO rally.task.runner [-] Task 92fd8303-2317-474a-9fe4-4b1292e2b3fe | ITER: 80 END: OK
2019-06-14 11:56:53.832 21806 INFO rally.task.runner [-] Task 92fd8303-2317-474a-9fe4-4b1292e2b3fe | ITER: 82 END: OK
2019-06-14 11:56:53.906 21788 INFO rally.task.runner [-] Task 92fd8303-2317-474a-9fe4-4b1292e2b3fe | ITER: 86 END: OK
2019-06-14 11:56:53.933 21822 INFO rally.task.runner [-] Task 92fd8303-2317-474a-9fe4-4b1292e2b3fe | ITER: 83 END: OK
2019-06-14 11:56:53.986 21788 INFO rally.task.runner [-] Task 92fd8303-2317-474a-9fe4-4b1292e2b3fe | ITER: 85 END: OK
2019-06-14 11:56:54.079 21825 INFO rally.task.runner [-] Task 92fd8303-2317-474a-9fe4-4b1292e2b3fe | ITER: 77 END: OK
2019-06-14 11:56:54.321 21816 INFO rally.task.runner [-] Task 92fd8303-2317-474a-9fe4-4b1292e2b3fe | ITER: 88 END: OK
2019-06-14 11:56:54.454 21786 INFO rally.task.runner [-] Task 92fd8303-2317-474a-9fe4-4b1292e2b3fe | ITER: 89 END: OK
2019-06-14 11:56:54.549 21831 INFO rally.task.runner [-] Task 92fd8303-2317-474a-9fe4-4b1292e2b3fe | ITER: 87 END: OK
2019-06-14 11:56:54.824 21828 INFO rally.task.runner [-] Task 92fd8303-2317-474a-9fe4-4b1292e2b3fe | ITER: 91 END: OK
2019-06-14 11:56:54.934 21809 INFO rally.task.runner [-] Task 92fd8303-2317-474a-9fe4-4b1292e2b3fe | ITER: 94 END: OK
2019-06-14 11:56:55.026 21786 INFO rally.task.runner [-] Task 92fd8303-2317-474a-9fe4-4b1292e2b3fe | ITER: 92 END: OK
2019-06-14 11:56:55.092 21787 INFO rally.task.runner [-] Task 92fd8303-2317-474a-9fe4-4b1292e2b3fe | ITER: 90 END: OK
2019-06-14 11:56:55.402 21792 INFO rally.task.runner [-] Task 92fd8303-2317-474a-9fe4-4b1292e2b3fe | ITER: 96 END: OK
2019-06-14 11:56:55.532 21799 INFO rally.task.runner [-] Task 92fd8303-2317-474a-9fe4-4b1292e2b3fe | ITER: 93 END: OK
2019-06-14 11:56:55.624 21802 INFO rally.task.runner [-] Task 92fd8303-2317-474a-9fe4-4b1292e2b3fe | ITER: 97 END: OK
2019-06-14 11:56:55.714 21789 INFO rally.task.runner [-] Task 92fd8303-2317-474a-9fe4-4b1292e2b3fe | ITER: 98 END: OK
2019-06-14 11:56:55.722 21795 INFO rally.task.runner [-] Task 92fd8303-2317-474a-9fe4-4b1292e2b3fe | ITER: 95 END: OK
2019-06-14 11:56:55.823 21787 INFO rally.task.runner [-] Task 92fd8303-2317-474a-9fe4-4b1292e2b3fe | ITER: 100 END: OK
2019-06-14 11:56:55.941 21789 INFO rally.task.runner [-] Task 92fd8303-2317-474a-9fe4-4b1292e2b3fe | ITER: 99 END: OK
2019-06-14 11:56:55.963 21662 INFO rally.task.context [-] Task 92fd8303-2317-474a-9fe4-4b1292e2b3fe | Context cleanup@openstack cleanup() started
2019-06-14 11:56:55.966 21662 RALLYDEBUG rally_openstack.cleanup.manager [-] Cleaning up neutron vip objects
2019-06-14 11:56:56.352 21662 RALLYDEBUG rally_openstack.cleanup.manager [-] Cleaning up neutron health_monitor objects
2019-06-14 11:56:56.749 21662 RALLYDEBUG rally_openstack.cleanup.manager [-] Cleaning up neutron pool objects
2019-06-14 11:56:57.131 21662 RALLYDEBUG rally_openstack.cleanup.manager [-] Cleaning up neutron loadbalancer objects
2019-06-14 11:56:57.532 21662 RALLYDEBUG rally_openstack.cleanup.manager [-] Cleaning up neutron floatingip objects
2019-06-14 11:56:57.959 21662 RALLYDEBUG rally_openstack.cleanup.manager [-] Cleaning up neutron port objects
2019-06-14 11:56:58.374 21662 RALLYDEBUG rally_openstack.cleanup.manager [-] Cleaning up neutron subnet objects
2019-06-14 11:56:58.788 21662 RALLYDEBUG rally_openstack.cleanup.manager [-] Cleaning up neutron network objects
2019-06-14 11:56:59.506 21662 RALLYDEBUG rally_openstack.cleanup.manager [-] Deleting neutron.network object s_rally_f47cbef1_rFwSIbXo (28e60368-f75c-4c90-984e-f653bf33dbcb)
2019-06-14 11:56:59.507 21662 RALLYDEBUG rally_openstack.cleanup.manager [-] Deleting neutron.network object s_rally_f47cbef1_E5BHaCee (25f48bc0-b088-421d-ac97-a0cdcd68b16b)
2019-06-14 11:56:59.508 21662 RALLYDEBUG rally_openstack.cleanup.manager [-] Deleting neutron.network object s_rally_f47cbef1_AKAt2Uce (0f22ef50-5812-434b-a5ab-e41122d4194e)
2019-06-14 11:56:59.508 21662 RALLYDEBUG rally_openstack.cleanup.manager [-] Deleting neutron.network object s_rally_f47cbef1_MZIhuTIj (1c372061-a278-4365-8942-635358e9886f)
2019-06-14 11:56:59.513 21662 RALLYDEBUG rally_openstack.cleanup.manager [-] Deleting neutron.network object s_rally_f47cbef1_3OJK0hrv (0afb64e6-f345-48f4-aed1-c5ee554382a1)
2019-06-14 11:56:59.517 21662 RALLYDEBUG rally_openstack.cleanup.manager [-] Deleting neutron.network object s_rally_f47cbef1_pb2Fy0aJ (0d374a1f-672d-40de-a764-62e58cabe550)
2019-06-14 11:56:59.518 21662 RALLYDEBUG rally_openstack.cleanup.manager [-] Deleting neutron.network object s_rally_f47cbef1_NZzebYVX (22a1fdc8-9072-48e2-83f2-8a88ef69bc1c)
2019-06-14 11:56:59.519 21662 RALLYDEBUG rally_openstack.cleanup.manager [-] Deleting neutron.network object s_rally_f47cbef1_x6GXrlnS (2fedf8bc-a8c8-4944-9a7d-0765efb1a41b)
2019-06-14 11:56:59.520 21662 RALLYDEBUG rally_openstack.cleanup.manager [-] Deleting neutron.network object s_rally_f47cbef1_z4dh7Lt5 (10cb5b6f-9319-4ec4-a813-a66b1c006d0c)
2019-06-14 11:56:59.520 21662 RALLYDEBUG rally_openstack.cleanup.manager [-] Deleting neutron.network object s_rally_f47cbef1_a8aisRFf (20f811e8-060e-4b59-bcf3-e15a16d40282)
2019-06-14 11:56:59.522 21662 RALLYDEBUG rally_openstack.cleanup.manager [-] Deleting neutron.network object s_rally_f47cbef1_oFEOdrbW (060ff4f0-17ed-43f5-b2c5-733901dc175b)
2019-06-14 11:56:59.523 21662 RALLYDEBUG rally_openstack.cleanup.manager [-] Deleting neutron.network object s_rally_f47cbef1_jDa7JVI7 (01708d18-6e6e-4806-87b4-e7f20350dbe1)
2019-06-14 11:56:59.524 21662 RALLYDEBUG rally_openstack.cleanup.manager [-] Deleting neutron.network object s_rally_f47cbef1_HfNiL2kt (189537e1-14a5-41ca-9544-51bc446e9ae2)
2019-06-14 11:56:59.528 21662 RALLYDEBUG rally_openstack.cleanup.manager [-] Deleting neutron.network object s_rally_f47cbef1_vd2TcIG1 (07d71ec7-7627-4614-81a9-567e7880c361)
2019-06-14 11:56:59.528 21662 RALLYDEBUG rally_openstack.cleanup.manager [-] Deleting neutron.network object s_rally_f47cbef1_BExC0EGa (1dd5966b-6d3f-4eb2-a97a-eb8fbb9eb238)
2019-06-14 11:56:59.529 21662 RALLYDEBUG rally_openstack.cleanup.manager [-] Deleting neutron.network object s_rally_f47cbef1_QuyaxDJI (0d964def-1ee6-4af2-9d6f-3d200a02a0f4)
2019-06-14 11:56:59.537 21662 RALLYDEBUG rally_openstack.cleanup.manager [-] Deleting neutron.network object s_rally_f47cbef1_iQajt8HJ (08afabba-02db-4d15-8750-0ece38d9a7a2)
2019-06-14 11:56:59.540 21662 RALLYDEBUG rally_openstack.cleanup.manager [-] Deleting neutron.network object s_rally_f47cbef1_1Q9sgRlC (21cc55f0-d3cb-417d-b7e1-54adb11a9cf7)
2019-06-14 11:56:59.544 21662 RALLYDEBUG rally_openstack.cleanup.manager [-] Deleting neutron.network object s_rally_f47cbef1_pWhZY5Me (1a338001-aa42-4194-baa6-21990ab43672)
2019-06-14 11:56:59.548 21662 RALLYDEBUG rally_openstack.cleanup.manager [-] Deleting neutron.network object s_rally_f47cbef1_TDHkqtwv (114896cc-d5de-4afb-93c4-22e0344e9315)
2019-06-14 11:57:01.691 21662 RALLYDEBUG rally_openstack.cleanup.manager [-] Deleting neutron.network object s_rally_f47cbef1_f22vEjTn (310f7db7-651f-4ca5-8994-fadd1d102cdb)
2019-06-14 11:57:02.006 21662 RALLYDEBUG rally_openstack.cleanup.manager [-] Deleting neutron.network object s_rally_f47cbef1_53xB7Yuc (364508fc-31f6-45fe-9a70-384b1863efcb)
2019-06-14 11:57:02.121 21662 RALLYDEBUG rally_openstack.cleanup.manager [-] Deleting neutron.network object s_rally_f47cbef1_9OhjrMxY (365cb961-5f7d-4f5b-b70d-962a6676889a)
2019-06-14 11:57:02.156 21662 RALLYDEBUG rally_openstack.cleanup.manager [-] Deleting neutron.network object s_rally_f47cbef1_LUMVpctR (3c2d9e48-ba19-46d5-aa0d-2da2f2970c7d)
2019-06-14 11:57:02.192 21662 RALLYDEBUG rally_openstack.cleanup.manager [-] Deleting neutron.network object s_rally_f47cbef1_yzZjsXrD (3f67fca6-49b5-46b5-93c9-b744b238cc4b)
2019-06-14 11:57:02.281 21662 RALLYDEBUG rally_openstack.cleanup.manager [-] Deleting neutron.network object s_rally_f47cbef1_Yc7E4cFr (4078e216-8bc4-465d-a6fa-7e503b9fe446)
2019-06-14 11:57:02.308 21662 RALLYDEBUG rally_openstack.cleanup.manager [-] Deleting neutron.network object s_rally_f47cbef1_W6yvihqB (4866abf1-a729-4556-a62d-747ff9a64302)
2019-06-14 11:57:02.536 21662 RALLYDEBUG rally_openstack.cleanup.manager [-] Deleting neutron.network object s_rally_f47cbef1_mU06w7q2 (4bb71007-30ea-494d-a77b-d469b3de2a02)
2019-06-14 11:57:02.652 21662 RALLYDEBUG rally_openstack.cleanup.manager [-] Deleting neutron.network object s_rally_f47cbef1_ap08kyxm (4df4c79d-7993-4bea-9548-3edd360c2dff)
2019-06-14 11:57:02.696 21662 RALLYDEBUG rally_openstack.cleanup.manager [-] Deleting neutron.network object s_rally_f47cbef1_yxbvyJt1 (4f1e12f5-9f52-4516-be2a-2cb08d3d40ea)
2019-06-14 11:57:02.751 21662 RALLYDEBUG rally_openstack.cleanup.manager [-] Deleting neutron.network object s_rally_f47cbef1_eodNuSS3 (5221d7ec-c4a4-4ba0-84dc-fe7527169bde)
2019-06-14 11:57:02.779 21662 RALLYDEBUG rally_openstack.cleanup.manager [-] Deleting neutron.network object s_rally_f47cbef1_oNrwI9ET (530a59b8-7f69-4ce0-80ee-e7dc7c766260)
2019-06-14 11:57:02.787 21662 RALLYDEBUG rally_openstack.cleanup.manager [-] Deleting neutron.network object s_rally_f47cbef1_ea1GeLbo (55a4746f-0da8-404c-8f76-bb6efb3f57d4)
2019-06-14 11:57:02.787 21662 RALLYDEBUG rally_openstack.cleanup.manager [-] Deleting neutron.network object s_rally_f47cbef1_yPuvjHHw (55521f9b-7d15-4700-a09f-f9bfdefa32ff)
2019-06-14 11:57:02.825 21662 RALLYDEBUG rally_openstack.cleanup.manager [-] Deleting neutron.network object s_rally_f47cbef1_XCss1aGS (5909db62-95be-426c-be21-8dfdbb0409d6)
2019-06-14 11:57:02.857 21662 RALLYDEBUG rally_openstack.cleanup.manager [-] Deleting neutron.network object s_rally_f47cbef1_NyZlJyuD (5935c0fe-78d3-40fb-9c3e-87d1775347ee)
2019-06-14 11:57:03.033 21662 RALLYDEBUG rally_openstack.cleanup.manager [-] Deleting neutron.network object s_rally_f47cbef1_4Xx7HG8Z (5943da65-e3c2-4337-aa71-bf6365ed3e0e)
2019-06-14 11:57:03.056 21662 RALLYDEBUG rally_openstack.cleanup.manager [-] Deleting neutron.network object s_rally_f47cbef1_4haif2eq (5a6fdb76-8d56-4e02-9110-888c71c722a9)
2019-06-14 11:57:03.730 21662 RALLYDEBUG rally_openstack.cleanup.manager [-] Deleting neutron.network object s_rally_f47cbef1_EpmEBPGx (65f660c0-fff3-43f3-9574-b9c4e15be719)
2019-06-14 11:57:03.785 21662 RALLYDEBUG rally_openstack.cleanup.manager [-] Deleting neutron.network object s_rally_f47cbef1_Dm5y6OTV (6716a0bd-6db2-4e95-a360-642eee3069fc)
2019-06-14 11:57:03.938 21662 RALLYDEBUG rally_openstack.cleanup.manager [-] Deleting neutron.network object s_rally_f47cbef1_Xn8NGMte (6de1994f-ef07-433e-91ee-e0a25b4e749a)
2019-06-14 11:57:04.060 21662 RALLYDEBUG rally_openstack.cleanup.manager [-] Deleting neutron.network object s_rally_f47cbef1_InVdseQh (6e30d96b-4092-4f9f-9b9e-1943acaceac3)
2019-06-14 11:57:04.457 21662 RALLYDEBUG rally_openstack.cleanup.manager [-] Deleting neutron.network object s_rally_f47cbef1_ngKZ372f (7158a8fe-8b5c-4d1f-accb-e5b44f7b2681)
2019-06-14 11:57:04.499 21662 RALLYDEBUG rally_openstack.cleanup.manager [-] Deleting neutron.network object s_rally_f47cbef1_djVxaNx7 (72a7bd7f-9044-4470-9540-04ec91b98c27)
2019-06-14 11:57:04.624 21662 RALLYDEBUG rally_openstack.cleanup.manager [-] Deleting neutron.network object s_rally_f47cbef1_sMw5X0EE (73434ff7-a846-4b7a-be64-c7b4c7521de5)
2019-06-14 11:57:04.663 21662 RALLYDEBUG rally_openstack.cleanup.manager [-] Deleting neutron.network object s_rally_f47cbef1_wVt94xB5 (7831959b-776e-47f8-aa5d-03ddf23c0f6b)
2019-06-14 11:57:04.795 21662 RALLYDEBUG rally_openstack.cleanup.manager [-] Deleting neutron.network object s_rally_f47cbef1_IO2WW3U2 (7c84bafd-7142-44d7-858a-187d77c42bad)
2019-06-14 11:57:05.067 21662 RALLYDEBUG rally_openstack.cleanup.manager [-] Deleting neutron.network object s_rally_f47cbef1_YOdKn15z (7d2ad2e4-0ef1-472e-973a-b61057a5de0f)
2019-06-14 11:57:05.405 21662 RALLYDEBUG rally_openstack.cleanup.manager [-] Deleting neutron.network object s_rally_f47cbef1_vXwKTrSI (80a37f43-72e2-44b3-a118-c743e05b4083)
2019-06-14 11:57:05.504 21662 RALLYDEBUG rally_openstack.cleanup.manager [-] Deleting neutron.network object s_rally_f47cbef1_pvMbwFkO (873edb4b-bc81-4a52-8926-9297900cc3ab)
2019-06-14 11:57:05.526 21662 RALLYDEBUG rally_openstack.cleanup.manager [-] Deleting neutron.network object s_rally_f47cbef1_c9j1xKMw (89a34e6c-a845-4059-bc04-66fe5e6209be)
2019-06-14 11:57:05.572 21662 RALLYDEBUG rally_openstack.cleanup.manager [-] Deleting neutron.network object s_rally_f47cbef1_B7wk2ecr (8a9e6ef0-45bb-451b-af8e-8133e2bc9f57)
2019-06-14 11:57:05.587 21662 RALLYDEBUG rally_openstack.cleanup.manager [-] Deleting neutron.network object s_rally_f47cbef1_G2gzAGX3 (8b33e9d5-eb8e-448e-b3b5-6d7e7dc06cef)
2019-06-14 11:57:05.744 21662 RALLYDEBUG rally_openstack.cleanup.manager [-] Deleting neutron.network object s_rally_f47cbef1_Y457WRei (8cb1b0bc-c4f8-4985-a340-11ef0793e168)
2019-06-14 11:57:05.996 21662 RALLYDEBUG rally_openstack.cleanup.manager [-] Deleting neutron.network object s_rally_f47cbef1_fgkHg8ic (8d8f0a2f-7e5f-4d11-8e48-af4f91aafda7)
2019-06-14 11:57:05.997 21662 RALLYDEBUG rally_openstack.cleanup.manager [-] Deleting neutron.network object s_rally_f47cbef1_XEw37jhE (8e62848a-7396-49c4-a54e-80a42f1715b5)
2019-06-14 11:57:06.042 21662 RALLYDEBUG rally_openstack.cleanup.manager [-] Deleting neutron.network object s_rally_f47cbef1_nbMrl61w (8f5269d0-4f34-4d70-bc6c-74d9ea079760)
2019-06-14 11:57:06.156 21662 RALLYDEBUG rally_openstack.cleanup.manager [-] Deleting neutron.network object s_rally_f47cbef1_LTOHAdkD (9440ede9-5557-4b35-a191-bbc8e9ba9480)
2019-06-14 11:57:06.182 21662 RALLYDEBUG rally_openstack.cleanup.manager [-] Deleting neutron.network object s_rally_f47cbef1_Dh5fhA43 (956757d6-48be-4005-bacd-46bfbdd9dc79)
2019-06-14 11:57:06.248 21662 RALLYDEBUG rally_openstack.cleanup.manager [-] Deleting neutron.network object s_rally_f47cbef1_xkTItT1S (97aae56e-7ee0-4df8-83fa-c455b3e8a089)
2019-06-14 11:57:06.268 21662 RALLYDEBUG rally_openstack.cleanup.manager [-] Deleting neutron.network object s_rally_f47cbef1_hQJGenxT (989143c5-75e6-4b51-8148-fe22e7d0801a)
2019-06-14 11:57:06.342 21662 RALLYDEBUG rally_openstack.cleanup.manager [-] Deleting neutron.network object s_rally_f47cbef1_ekJDVnmf (9a6294f3-36df-44c2-bc57-db6c300b131f)
2019-06-14 11:57:06.713 21662 RALLYDEBUG rally_openstack.cleanup.manager [-] Deleting neutron.network object s_rally_f47cbef1_DxVYgAoo (9ab8bfab-b9f3-477b-9de4-d8f3e28d8770)
2019-06-14 11:57:06.884 21662 RALLYDEBUG rally_openstack.cleanup.manager [-] Deleting neutron.network object s_rally_f47cbef1_Txsnn1tS (9c619437-c3ba-4c3a-bb87-ea336e77439f)
2019-06-14 11:57:06.950 21662 RALLYDEBUG rally_openstack.cleanup.manager [-] Deleting neutron.network object s_rally_f47cbef1_4MFFZ4oP (9e655d44-be8d-4a6a-a73c-031897cd4c91)
2019-06-14 11:57:07.188 21662 RALLYDEBUG rally_openstack.cleanup.manager [-] Deleting neutron.network object s_rally_f47cbef1_3nuqDDHK (a3ce884e-2ad8-43cd-b250-f2737193eab9)
2019-06-14 11:57:07.342 21662 RALLYDEBUG rally_openstack.cleanup.manager [-] Deleting neutron.network object s_rally_f47cbef1_WzIPDK74 (a52c07a6-e673-454e-b1c1-b0bff60dde4a)
2019-06-14 11:57:07.538 21662 RALLYDEBUG rally_openstack.cleanup.manager [-] Deleting neutron.network object s_rally_f47cbef1_sWIWEUhm (ae2fc51d-d41c-4126-b08c-2334fb84cec5)
2019-06-14 11:57:07.745 21662 RALLYDEBUG rally_openstack.cleanup.manager [-] Deleting neutron.network object s_rally_f47cbef1_lov8TFOx (b503da66-9299-439f-9d37-4b824b7fa22b)
2019-06-14 11:57:07.836 21662 RALLYDEBUG rally_openstack.cleanup.manager [-] Deleting neutron.network object s_rally_f47cbef1_PIxADjd0 (b6d60440-b1c0-4412-8105-64a0eede3691)
2019-06-14 11:57:07.973 21662 RALLYDEBUG rally_openstack.cleanup.manager [-] Deleting neutron.network object s_rally_f47cbef1_qSW2YbMH (b76a30ef-83fe-456c-b02f-1a683c6d19d1)
2019-06-14 11:57:07.980 21662 RALLYDEBUG rally_openstack.cleanup.manager [-] Deleting neutron.network object s_rally_f47cbef1_8X2Nf74X (ba075691-d792-4202-800f-d4d450740b21)
2019-06-14 11:57:08.022 21662 RALLYDEBUG rally_openstack.cleanup.manager [-] Deleting neutron.network object s_rally_f47cbef1_Gx4BjU9M (bbdbaec2-463e-4d30-8066-0d0556309007)
2019-06-14 11:57:08.141 21662 RALLYDEBUG rally_openstack.cleanup.manager [-] Deleting neutron.network object s_rally_f47cbef1_jVwo00XJ (be7a4d50-da11-4156-b163-5bcd00f76176)
2019-06-14 11:57:08.282 21662 RALLYDEBUG rally_openstack.cleanup.manager [-] Deleting neutron.network object s_rally_f47cbef1_gh5DIFUu (c3d7550c-d622-41c4-8cff-33d200c360b3)
2019-06-14 11:57:08.394 21662 RALLYDEBUG rally_openstack.cleanup.manager [-] Deleting neutron.network object s_rally_f47cbef1_Ls26qx4a (c3fb0f90-50c2-4192-8fc7-40306f9e321f)
2019-06-14 11:57:08.826 21662 RALLYDEBUG rally_openstack.cleanup.manager [-] Deleting neutron.network object s_rally_f47cbef1_S8OlhXH8 (c63938c1-aecf-4118-9f06-057a77b2253e)
2019-06-14 11:57:08.879 21662 RALLYDEBUG rally_openstack.cleanup.manager [-] Deleting neutron.network object s_rally_f47cbef1_a0JUCMkO (c664a604-8d89-4c41-a409-e3a2ead0a454)
2019-06-14 11:57:09.008 21662 RALLYDEBUG rally_openstack.cleanup.manager [-] Deleting neutron.network object s_rally_f47cbef1_gALX3H0E (c889e789-c18a-4f58-bed7-025bcd5528c4)
2019-06-14 11:57:09.024 21662 RALLYDEBUG rally_openstack.cleanup.manager [-] Deleting neutron.network object s_rally_f47cbef1_qa00Hvj7 (cafac225-46f1-4a03-bbe6-416e1eaa8197)
2019-06-14 11:57:09.236 21662 RALLYDEBUG rally_openstack.cleanup.manager [-] Deleting neutron.network object s_rally_f47cbef1_H4eJDcCW (cbf3a078-bb66-4b28-b3ca-b0dff01af573)
2019-06-14 11:57:09.311 21662 RALLYDEBUG rally_openstack.cleanup.manager [-] Deleting neutron.network object s_rally_f47cbef1_CnyHZq5w (cccf68a0-cebe-4ed3-bc55-5704fa6d05d6)
2019-06-14 11:57:09.644 21662 RALLYDEBUG rally_openstack.cleanup.manager [-] Deleting neutron.network object s_rally_f47cbef1_mUG0n1LE (cd6f1e28-3af6-4800-bc50-d93f440a4985)
2019-06-14 11:57:09.702 21662 RALLYDEBUG rally_openstack.cleanup.manager [-] Deleting neutron.network object s_rally_f47cbef1_J5lmvxL4 (cd7e7f17-0a71-4849-975d-c93987daa8f0)
2019-06-14 11:57:09.891 21662 RALLYDEBUG rally_openstack.cleanup.manager [-] Deleting neutron.network object s_rally_f47cbef1_WBVfbZmZ (d884030e-7508-46f0-b63b-478ac1acc27c)
2019-06-14 11:57:10.189 21662 RALLYDEBUG rally_openstack.cleanup.manager [-] Deleting neutron.network object s_rally_f47cbef1_oTeFKu6J (d9d7420e-de95-43d2-98a8-0579711519bf)
2019-06-14 11:57:10.259 21662 RALLYDEBUG rally_openstack.cleanup.manager [-] Deleting neutron.network object s_rally_f47cbef1_DcQrndUh (daea527a-6437-4548-8b95-a9687ad86b15)
2019-06-14 11:57:10.274 21662 RALLYDEBUG rally_openstack.cleanup.manager [-] Deleting neutron.network object s_rally_f47cbef1_bkNKDLXf (dc702ea2-616d-4d27-8a57-f1fb772d0bbd)
2019-06-14 11:57:10.451 21662 RALLYDEBUG rally_openstack.cleanup.manager [-] Deleting neutron.network object s_rally_f47cbef1_iUW4L2e4 (df10e8be-21a4-4442-bd71-70991fe9de47)
2019-06-14 11:57:10.481 21662 RALLYDEBUG rally_openstack.cleanup.manager [-] Deleting neutron.network object s_rally_f47cbef1_Dcy5IHMi (e0e67af7-529b-4031-a7e0-63dc35be01f2)
2019-06-14 11:57:10.618 21662 RALLYDEBUG rally_openstack.cleanup.manager [-] Deleting neutron.network object s_rally_f47cbef1_vxJL312R (e6b110c2-73e9-432a-a890-4c5601f6c486)
2019-06-14 11:57:10.792 21662 RALLYDEBUG rally_openstack.cleanup.manager [-] Deleting neutron.network object s_rally_f47cbef1_4nZZY1Oy (e7d2c990-a605-470b-b9de-9afe608e1e13)
2019-06-14 11:57:10.809 21662 RALLYDEBUG rally_openstack.cleanup.manager [-] Deleting neutron.network object s_rally_f47cbef1_bY4MqeTz (ef55584e-2248-42c5-a11f-88905c005567)
2019-06-14 11:57:10.891 21662 RALLYDEBUG rally_openstack.cleanup.manager [-] Deleting neutron.network object s_rally_f47cbef1_Z3cf9YZP (f0f50730-587b-4196-ba1b-c75b4809d32a)
2019-06-14 11:57:11.122 21662 RALLYDEBUG rally_openstack.cleanup.manager [-] Deleting neutron.network object s_rally_f47cbef1_NGq0JCrf (f310cf08-738a-46d4-8b1f-443188c54318)
2019-06-14 11:57:11.305 21662 RALLYDEBUG rally_openstack.cleanup.manager [-] Deleting neutron.network object s_rally_f47cbef1_BqPWdwNq (f3ea5619-7238-480d-a851-e52670010b97)
