2019-06-14 10:21:58.347 8 RALLYDEBUG rally.api [-] INFO logs from urllib3 and requests module are hide.
2019-06-14 10:21:58.348 8 RALLYDEBUG rally.api [-] urllib3 insecure warnings are hidden.
2019-06-14 10:21:58.348 8 RALLYDEBUG rally.api [-] ERROR log from boto module is hide.
2019-06-14 10:21:59.873 8 ERROR rally.cli.cliutils [-] Unexpected exception in CLI: DBRecordNotFound: Record for uuid or name is opnfv-rally not found in table envs
2019-06-14 10:21:59.873 8 ERROR rally.cli.cliutils
Traceback (most recent call last):
2019-06-14 10:21:59.873 8 ERROR rally.cli.cliutils
File "/usr/lib/python2.7/site-packages/rally/cli/cliutils.py", line 674, in run
2019-06-14 10:21:59.873 8 ERROR rally.cli.cliutils ret = fn(*fn_args, **fn_kwargs)
2019-06-14 10:21:59.873 8 ERROR rally.cli.cliutils File "", line 2, in destroy
2019-06-14 10:21:59.873 8 ERROR rally.cli.cliutils
File "/usr/lib/python2.7/site-packages/rally/cli/envutils.py", line 69, in default_from_global
2019-06-14 10:21:59.873 8 ERROR rally.cli.cliutils return f(*args, **kwargs)
2019-06-14 10:21:59.873 8 ERROR rally.cli.cliutils File "", line 2, in destroy
2019-06-14 10:21:59.873 8 ERROR rally.cli.cliutils
File "/usr/lib/python2.7/site-packages/rally/plugins/__init__.py", line 51, in ensure_plugins_are_loaded
2019-06-14 10:21:59.873 8 ERROR rally.cli.cliutils return f(*args, **kwargs)
2019-06-14 10:21:59.873 8 ERROR rally.cli.cliutils
File "/usr/lib/python2.7/site-packages/rally/cli/commands/deployment.py", line 140, in destroy
2019-06-14 10:21:59.873 8 ERROR rally.cli.cliutils api.deployment.destroy(deployment=deployment)
2019-06-14 10:21:59.873 8 ERROR rally.cli.cliutils
File "/usr/lib/python2.7/site-packages/rally/api.py", line 115, in destroy
2019-06-14 10:21:59.873 8 ERROR rally.cli.cliutils deploy = objects.Deployment.get(deployment)
2019-06-14 10:21:59.873 8 ERROR rally.cli.cliutils
File "/usr/lib/python2.7/site-packages/rally/common/objects/deploy.py", line 124, in get
2019-06-14 10:21:59.873 8 ERROR rally.cli.cliutils return Deployment(env_mgr.EnvManager.get(deploy))
2019-06-14 10:21:59.873 8 ERROR rally.cli.cliutils
File "/usr/lib/python2.7/site-packages/rally/env/env_mgr.py", line 212, in get
2019-06-14 10:21:59.873 8 ERROR rally.cli.cliutils return cls(db.env_get(uuid_or_name))
2019-06-14 10:21:59.873 8 ERROR rally.cli.cliutils
File "/usr/lib/python2.7/site-packages/rally/common/db/api.py", line 135, in wrapper
2019-06-14 10:21:59.873 8 ERROR rally.cli.cliutils result = f(session, *args, **kwargs)
2019-06-14 10:21:59.873 8 ERROR rally.cli.cliutils
File "/usr/lib/python2.7/site-packages/rally/common/db/api.py", line 521, in env_get
2019-06-14 10:21:59.873 8 ERROR rally.cli.cliutils criteria="uuid or name is %s" % uuid_or_name, table="envs")
2019-06-14 10:21:59.873 8 ERROR rally.cli.cliutils DBRecordNotFound: Record for uuid or name is opnfv-rally not found in table envs
2019-06-14 10:21:59.873 8 ERROR rally.cli.cliutils
2019-06-14 10:22:00.728 10 RALLYDEBUG rally.api [-] INFO logs from urllib3 and requests module are hide.
2019-06-14 10:22:00.728 10 RALLYDEBUG rally.api [-] urllib3 insecure warnings are hidden.
2019-06-14 10:22:00.728 10 RALLYDEBUG rally.api [-] ERROR log from boto module is hide.
2019-06-14 10:22:02.507 10 WARNING rally_openstack.platforms.existing [-] endpoint is deprecated and not used.
2019-06-14 10:22:03.578 12 RALLYDEBUG rally.api [-] INFO logs from urllib3 and requests module are hide.
2019-06-14 10:22:03.578 12 RALLYDEBUG rally.api [-] urllib3 insecure warnings are hidden.
2019-06-14 10:22:03.578 12 RALLYDEBUG rally.api [-] ERROR log from boto module is hide.
2019-06-14 10:22:06.866 15 RALLYDEBUG rally.api [-] INFO logs from urllib3 and requests module are hide.
2019-06-14 10:22:06.866 15 RALLYDEBUG rally.api [-] urllib3 insecure warnings are hidden.
2019-06-14 10:22:06.866 15 RALLYDEBUG rally.api [-] ERROR log from boto module is hide.
2019-06-14 10:22:08.279 17 RALLYDEBUG rally.api [-] INFO logs from urllib3 and requests module are hide.
2019-06-14 10:22:08.279 17 RALLYDEBUG rally.api [-] urllib3 insecure warnings are hidden.
2019-06-14 10:22:08.280 17 RALLYDEBUG rally.api [-] ERROR log from boto module is hide.
2019-06-14 10:22:09.888 17 INFO rally.task.engine [-] Task 7f277212-39e3-44a2-8b68-47921f2e87df | Starting: Task validation.
2019-06-14 10:22:09.954 17 INFO rally.task.engine [-] Task 7f277212-39e3-44a2-8b68-47921f2e87df | Starting: Task validation of syntax.
2019-06-14 10:22:10.048 17 INFO rally.task.engine [-] Task 7f277212-39e3-44a2-8b68-47921f2e87df | Completed: Task validation of syntax.
2019-06-14 10:22:10.048 17 INFO rally.task.engine [-] Task 7f277212-39e3-44a2-8b68-47921f2e87df | Starting: Task validation of required platforms.
2019-06-14 10:22:10.091 17 INFO rally.task.engine [-] Task 7f277212-39e3-44a2-8b68-47921f2e87df | Completed: Task validation of required platforms.
2019-06-14 10:22:10.091 17 INFO rally.task.engine [-] Task 7f277212-39e3-44a2-8b68-47921f2e87df | Starting: Task validation of semantic.
2019-06-14 10:22:10.092 17 INFO rally.task.engine [-] Check health of the environment '4bdb53fa-3fe7-4cfa-8e0c-15482abcf2a4'.
2019-06-14 10:22:10.694 17 INFO rally.task.engine [-] Platform existing@openstack (available: True): OK!
2019-06-14 10:22:10.712 17 RALLYDEBUG rally_openstack.contexts.keystone.users [-] Creating 1 tenants using 20 threads
2019-06-14 10:22:11.614 17 RALLYDEBUG rally_openstack.contexts.keystone.users [-] Creating 1 users using 20 threads
2019-06-14 10:22:13.014 17 INFO rally.task.context [-] Task 7f277212-39e3-44a2-8b68-47921f2e87df | Context users@openstack setup() finished in 2.30 sec
2019-06-14 10:22:13.070 17 INFO rally.task.context [-] Task 7f277212-39e3-44a2-8b68-47921f2e87df | Context users@openstack cleanup() started
2019-06-14 10:22:16.281 17 INFO rally.task.context [-] Task 7f277212-39e3-44a2-8b68-47921f2e87df | Context users@openstack cleanup() finished in 3.21 sec
2019-06-14 10:22:16.282 17 INFO rally.task.engine [-] Task 7f277212-39e3-44a2-8b68-47921f2e87df | Completed: Task validation of semantic.
2019-06-14 10:22:16.282 17 INFO rally.task.engine [-] Task 7f277212-39e3-44a2-8b68-47921f2e87df | Completed: Task validation.
2019-06-14 10:22:16.283 17 INFO rally.api [-] Task 7f277212-39e3-44a2-8b68-47921f2e87df input file is valid.
2019-06-14 10:22:16.283 17 INFO rally.api [-] Run Task 7f277212-39e3-44a2-8b68-47921f2e87df against Deployment 4bdb53fa-3fe7-4cfa-8e0c-15482abcf2a4
2019-06-14 10:22:16.283 17 INFO rally.task.engine [-] Task 7f277212-39e3-44a2-8b68-47921f2e87df | Starting: Running task.
2019-06-14 10:22:16.495 17 INFO rally.task.engine [-] Running workload: position = 0 config = { "version": 2, "title": "A cropped version of a bigger task.", "description": "Auto-generated task from a single workload (uuid=ebced54d-a689-496d-b3c1-7c39ca7d0dc8)", "subtasks": [ { "title": "Authenticate.keystone", "description": "Check Keystone Client.", "scenario": { "Authenticate.keystone": {} }, "contexts": { "users": { "tenants": 3, "users_per_tenant": 2 } }, "runner": { "constant": { "concurrency": 4, "times": 10 } }, "hooks": [], "sla": { "failure_rate": { "max": 0 } } } ] }
2019-06-14 10:22:16.518 17 RALLYDEBUG rally_openstack.contexts.keystone.users [-] Creating 3 tenants using 20 threads
2019-06-14 10:22:17.530 17 RALLYDEBUG rally_openstack.contexts.keystone.users [-] Creating 6 users using 20 threads
2019-06-14 10:22:19.182 17 INFO rally.task.context [-] Task 7f277212-39e3-44a2-8b68-47921f2e87df | Context users@openstack setup() finished in 2.66 sec
2019-06-14 10:22:19.191 17 RALLYDEBUG rally.task.runner [-] Starting the constant runner (task UUID: 7f277212-39e3-44a2-8b68-47921f2e87df). timeout: 0 concurrency: 4 concurrency_per_worker: 1 times: 10 concurrency_overhead: 0 processes_to_start: 4 max_cpu_used: 16
2019-06-14 10:22:19.205 141 RALLYDEBUG rally.task.runner [-] Starting a worker. concurrency: 1 args: {} times: 10 method_name: run timeout: 0 duration: None cls:
2019-06-14 10:22:19.208 142 RALLYDEBUG rally.task.runner [-] Starting a worker. concurrency: 1 args: {} times: 10 method_name: run timeout: 0 duration: None cls:
2019-06-14 10:22:19.211 143 RALLYDEBUG rally.task.runner [-] Starting a worker. concurrency: 1 args: {} times: 10 method_name: run timeout: 0 duration: None cls:
2019-06-14 10:22:19.212 141 INFO rally.task.runner [-] Task 7f277212-39e3-44a2-8b68-47921f2e87df | ITER: 1 START
2019-06-14 10:22:19.214 144 RALLYDEBUG rally.task.runner [-] Starting a worker. concurrency: 1 args: {} times: 10 method_name: run timeout: 0 duration: None cls:
2019-06-14 10:22:19.215 142 INFO rally.task.runner [-] Task 7f277212-39e3-44a2-8b68-47921f2e87df | ITER: 2 START
2019-06-14 10:22:19.217 143 INFO rally.task.runner [-] Task 7f277212-39e3-44a2-8b68-47921f2e87df | ITER: 3 START
2019-06-14 10:22:19.221 144 INFO rally.task.runner [-] Task 7f277212-39e3-44a2-8b68-47921f2e87df | ITER: 4 START
2019-06-14 10:22:19.656 142 INFO rally.task.runner [-] Task 7f277212-39e3-44a2-8b68-47921f2e87df | ITER: 2 END: OK
2019-06-14 10:22:19.662 142 INFO rally.task.runner [-] Task 7f277212-39e3-44a2-8b68-47921f2e87df | ITER: 5 START
2019-06-14 10:22:19.668 141 INFO rally.task.runner [-] Task 7f277212-39e3-44a2-8b68-47921f2e87df | ITER: 1 END: OK
2019-06-14 10:22:19.669 144 INFO rally.task.runner [-] Task 7f277212-39e3-44a2-8b68-47921f2e87df | ITER: 4 END: OK
2019-06-14 10:22:19.673 141 INFO rally.task.runner [-] Task 7f277212-39e3-44a2-8b68-47921f2e87df | ITER: 6 START
2019-06-14 10:22:19.673 144 INFO rally.task.runner [-] Task 7f277212-39e3-44a2-8b68-47921f2e87df | ITER: 7 START
2019-06-14 10:22:19.709 143 INFO rally.task.runner [-] Task 7f277212-39e3-44a2-8b68-47921f2e87df | ITER: 3 END: OK
2019-06-14 10:22:19.714 143 INFO rally.task.runner [-] Task 7f277212-39e3-44a2-8b68-47921f2e87df | ITER: 8 START
2019-06-14 10:22:20.019 142 INFO rally.task.runner [-] Task 7f277212-39e3-44a2-8b68-47921f2e87df | ITER: 5 END: OK
2019-06-14 10:22:20.023 142 INFO rally.task.runner [-] Task 7f277212-39e3-44a2-8b68-47921f2e87df | ITER: 9 START
2019-06-14 10:22:20.028 141 INFO rally.task.runner [-] Task 7f277212-39e3-44a2-8b68-47921f2e87df | ITER: 6 END: OK
2019-06-14 10:22:20.032 141 INFO rally.task.runner [-] Task 7f277212-39e3-44a2-8b68-47921f2e87df | ITER: 10 START
2019-06-14 10:22:20.052 143 INFO rally.task.runner [-] Task 7f277212-39e3-44a2-8b68-47921f2e87df | ITER: 8 END: OK
2019-06-14 10:22:20.116 144 INFO rally.task.runner [-] Task 7f277212-39e3-44a2-8b68-47921f2e87df | ITER: 7 END: OK
2019-06-14 10:22:20.365 142 INFO rally.task.runner [-] Task 7f277212-39e3-44a2-8b68-47921f2e87df | ITER: 9 END: OK
2019-06-14 10:22:20.482 141 INFO rally.task.runner [-] Task 7f277212-39e3-44a2-8b68-47921f2e87df | ITER: 10 END: OK
2019-06-14 10:22:20.502 17 INFO rally.task.context [-] Task 7f277212-39e3-44a2-8b68-47921f2e87df | Context users@openstack cleanup() started
2019-06-14 10:22:25.896 17 INFO rally.task.context [-] Task 7f277212-39e3-44a2-8b68-47921f2e87df | Context users@openstack cleanup() finished in 5.39 sec
2019-06-14 10:22:26.584 17 INFO rally.task.engine [-] Load duration is: 1.268498
2019-06-14 10:22:26.584 17 INFO rally.task.engine [-] Full runner duration is: 1.311725
2019-06-14 10:22:26.585 17 INFO rally.task.engine [-] Full duration is: 9.381328
2019-06-14 10:22:26.865 17 INFO rally.task.engine [-] Running workload: position = 0 config = { "version": 2, "title": "A cropped version of a bigger task.", "description": "Auto-generated task from a single workload (uuid=ffa2fcf2-ccff-43eb-a0d2-ccb946d493fc)", "subtasks": [ { "title": "Authenticate.validate_cinder", "description": "Check Cinder Client to ensure validation of token.", "scenario": { "Authenticate.validate_cinder": { "repetitions": 2 } }, "contexts": { "users": { "tenants": 3, "users_per_tenant": 2 } }, "runner": { "constant": { "concurrency": 4, "times": 10 } }, "hooks": [], "sla": { "failure_rate": { "max": 0 } } } ] }
2019-06-14 10:22:26.890 17 RALLYDEBUG rally_openstack.contexts.keystone.users [-] Creating 3 tenants using 20 threads
2019-06-14 10:22:28.072 17 RALLYDEBUG rally_openstack.contexts.keystone.users [-] Creating 6 users using 20 threads
2019-06-14 10:22:29.862 17 INFO rally.task.context [-] Task 7f277212-39e3-44a2-8b68-47921f2e87df | Context users@openstack setup() finished in 2.97 sec
2019-06-14 10:22:29.871 17 RALLYDEBUG rally.task.runner [-] Starting the constant runner (task UUID: 7f277212-39e3-44a2-8b68-47921f2e87df). timeout: 0 concurrency: 4 concurrency_per_worker: 1 times: 10 concurrency_overhead: 0 processes_to_start: 4 max_cpu_used: 16
2019-06-14 10:22:29.884 245 RALLYDEBUG rally.task.runner [-] Starting a worker. concurrency: 1 args: {"repetitions": 2} times: 10 method_name: run timeout: 0 duration: None cls:
2019-06-14 10:22:29.888 246 RALLYDEBUG rally.task.runner [-] Starting a worker. concurrency: 1 args: {"repetitions": 2} times: 10 method_name: run timeout: 0 duration: None cls:
2019-06-14 10:22:29.891 245 INFO rally.task.runner [-] Task 7f277212-39e3-44a2-8b68-47921f2e87df | ITER: 1 START
2019-06-14 10:22:29.891 247 RALLYDEBUG rally.task.runner [-] Starting a worker. concurrency: 1 args: {"repetitions": 2} times: 10 method_name: run timeout: 0 duration: None cls:
2019-06-14 10:22:29.894 248 RALLYDEBUG rally.task.runner [-] Starting a worker. concurrency: 1 args: {"repetitions": 2} times: 10 method_name: run timeout: 0 duration: None cls:
2019-06-14 10:22:29.895 246 INFO rally.task.runner [-] Task 7f277212-39e3-44a2-8b68-47921f2e87df | ITER: 2 START
2019-06-14 10:22:29.898 247 INFO rally.task.runner [-] Task 7f277212-39e3-44a2-8b68-47921f2e87df | ITER: 3 START
2019-06-14 10:22:29.901 248 INFO rally.task.runner [-] Task 7f277212-39e3-44a2-8b68-47921f2e87df | ITER: 4 START
2019-06-14 10:22:30.583 247 INFO rally.task.runner [-] Task 7f277212-39e3-44a2-8b68-47921f2e87df | ITER: 3 END: OK
2019-06-14 10:22:30.584 248 INFO rally.task.runner [-] Task 7f277212-39e3-44a2-8b68-47921f2e87df | ITER: 4 END: OK
2019-06-14 10:22:30.588 247 INFO rally.task.runner [-] Task 7f277212-39e3-44a2-8b68-47921f2e87df | ITER: 5 START
2019-06-14 10:22:30.588 248 INFO rally.task.runner [-] Task 7f277212-39e3-44a2-8b68-47921f2e87df | ITER: 6 START
2019-06-14 10:22:30.809 245 INFO rally.task.runner [-] Task 7f277212-39e3-44a2-8b68-47921f2e87df | ITER: 1 END: OK
2019-06-14 10:22:30.815 245 INFO rally.task.runner [-] Task 7f277212-39e3-44a2-8b68-47921f2e87df | ITER: 7 START
2019-06-14 10:22:30.970 246 INFO rally.task.runner [-] Task 7f277212-39e3-44a2-8b68-47921f2e87df | ITER: 2 END: OK
2019-06-14 10:22:30.974 246 INFO rally.task.runner [-] Task 7f277212-39e3-44a2-8b68-47921f2e87df | ITER: 8 START
2019-06-14 10:22:31.113 248 INFO rally.task.runner [-] Task 7f277212-39e3-44a2-8b68-47921f2e87df | ITER: 6 END: OK
2019-06-14 10:22:31.118 248 INFO rally.task.runner [-] Task 7f277212-39e3-44a2-8b68-47921f2e87df | ITER: 9 START
2019-06-14 10:22:31.123 247 INFO rally.task.runner [-] Task 7f277212-39e3-44a2-8b68-47921f2e87df | ITER: 5 END: OK
2019-06-14 10:22:31.127 247 INFO rally.task.runner [-] Task 7f277212-39e3-44a2-8b68-47921f2e87df | ITER: 10 START
2019-06-14 10:22:31.236 245 INFO rally.task.runner [-] Task 7f277212-39e3-44a2-8b68-47921f2e87df | ITER: 7 END: OK
2019-06-14 10:22:31.628 248 INFO rally.task.runner [-] Task 7f277212-39e3-44a2-8b68-47921f2e87df | ITER: 9 END: OK
2019-06-14 10:22:31.694 246 INFO rally.task.runner [-] Task 7f277212-39e3-44a2-8b68-47921f2e87df | ITER: 8 END: OK
2019-06-14 10:22:31.839 247 INFO rally.task.runner [-] Task 7f277212-39e3-44a2-8b68-47921f2e87df | ITER: 10 END: OK
2019-06-14 10:22:31.864 17 INFO rally.task.context [-] Task 7f277212-39e3-44a2-8b68-47921f2e87df | Context users@openstack cleanup() started
2019-06-14 10:22:37.114 17 INFO rally.task.context [-] Task 7f277212-39e3-44a2-8b68-47921f2e87df | Context users@openstack cleanup() finished in 5.25 sec
2019-06-14 10:22:38.973 17 INFO rally.task.engine [-] Load duration is: 1.94581
2019-06-14 10:22:38.974 17 INFO rally.task.engine [-] Full runner duration is: 1.993133
2019-06-14 10:22:38.974 17 INFO rally.task.engine [-] Full duration is: 10.226642
2019-06-14 10:22:39.345 17 INFO rally.task.engine [-] Running workload: position = 0 config = { "version": 2, "title": "A cropped version of a bigger task.", "description": "Auto-generated task from a single workload (uuid=fbdedbda-d02b-4c7e-972e-7376ccfbbaa0)", "subtasks": [ { "title": "Authenticate.validate_glance", "description": "Check Glance Client to ensure validation of token.", "scenario": { "Authenticate.validate_glance": { "repetitions": 2 } }, "contexts": { "users": { "tenants": 3, "users_per_tenant": 2 } }, "runner": { "constant": { "concurrency": 4, "times": 10 } }, "hooks": [], "sla": { "failure_rate": { "max": 0 } } } ] }
2019-06-14 10:22:39.371 17 RALLYDEBUG rally_openstack.contexts.keystone.users [-] Creating 3 tenants using 20 threads
2019-06-14 10:22:40.483 17 RALLYDEBUG rally_openstack.contexts.keystone.users [-] Creating 6 users using 20 threads
2019-06-14 10:22:42.297 17 INFO rally.task.context [-] Task 7f277212-39e3-44a2-8b68-47921f2e87df | Context users@openstack setup() finished in 2.93 sec
2019-06-14 10:22:42.306 17 RALLYDEBUG rally.task.runner [-] Starting the constant runner (task UUID: 7f277212-39e3-44a2-8b68-47921f2e87df). timeout: 0 concurrency: 4 concurrency_per_worker: 1 times: 10 concurrency_overhead: 0 processes_to_start: 4 max_cpu_used: 16
2019-06-14 10:22:42.319 349 RALLYDEBUG rally.task.runner [-] Starting a worker. concurrency: 1 args: {"repetitions": 2} times: 10 method_name: run timeout: 0 duration: None cls:
2019-06-14 10:22:42.323 350 RALLYDEBUG rally.task.runner [-] Starting a worker. concurrency: 1 args: {"repetitions": 2} times: 10 method_name: run timeout: 0 duration: None cls:
2019-06-14 10:22:42.325 351 RALLYDEBUG rally.task.runner [-] Starting a worker. concurrency: 1 args: {"repetitions": 2} times: 10 method_name: run timeout: 0 duration: None cls:
2019-06-14 10:22:42.327 349 INFO rally.task.runner [-] Task 7f277212-39e3-44a2-8b68-47921f2e87df | ITER: 1 START
2019-06-14 10:22:42.329 352 RALLYDEBUG rally.task.runner [-] Starting a worker. concurrency: 1 args: {"repetitions": 2} times: 10 method_name: run timeout: 0 duration: None cls:
2019-06-14 10:22:42.330 350 INFO rally.task.runner [-] Task 7f277212-39e3-44a2-8b68-47921f2e87df | ITER: 2 START
2019-06-14 10:22:42.333 351 INFO rally.task.runner [-] Task 7f277212-39e3-44a2-8b68-47921f2e87df | ITER: 3 START
2019-06-14 10:22:42.336 352 INFO rally.task.runner [-] Task 7f277212-39e3-44a2-8b68-47921f2e87df | ITER: 4 START
2019-06-14 10:22:43.043 349 INFO rally.task.runner [-] Task 7f277212-39e3-44a2-8b68-47921f2e87df | ITER: 1 END: OK
2019-06-14 10:22:43.049 349 INFO rally.task.runner [-] Task 7f277212-39e3-44a2-8b68-47921f2e87df | ITER: 5 START
2019-06-14 10:22:43.086 352 INFO rally.task.runner [-] Task 7f277212-39e3-44a2-8b68-47921f2e87df | ITER: 4 END: OK
2019-06-14 10:22:43.090 352 INFO rally.task.runner [-] Task 7f277212-39e3-44a2-8b68-47921f2e87df | ITER: 6 START
2019-06-14 10:22:43.115 351 INFO rally.task.runner [-] Task 7f277212-39e3-44a2-8b68-47921f2e87df | ITER: 3 END: OK
2019-06-14 10:22:43.120 351 INFO rally.task.runner [-] Task 7f277212-39e3-44a2-8b68-47921f2e87df | ITER: 7 START
2019-06-14 10:22:43.164 350 INFO rally.task.runner [-] Task 7f277212-39e3-44a2-8b68-47921f2e87df | ITER: 2 END: OK
2019-06-14 10:22:43.169 350 INFO rally.task.runner [-] Task 7f277212-39e3-44a2-8b68-47921f2e87df | ITER: 8 START
2019-06-14 10:22:43.617 349 INFO rally.task.runner [-] Task 7f277212-39e3-44a2-8b68-47921f2e87df | ITER: 5 END: OK
2019-06-14 10:22:43.621 349 INFO rally.task.runner [-] Task 7f277212-39e3-44a2-8b68-47921f2e87df | ITER: 9 START
2019-06-14 10:22:43.717 350 INFO rally.task.runner [-] Task 7f277212-39e3-44a2-8b68-47921f2e87df | ITER: 8 END: OK
2019-06-14 10:22:43.722 350 INFO rally.task.runner [-] Task 7f277212-39e3-44a2-8b68-47921f2e87df | ITER: 10 START
2019-06-14 10:22:43.738 351 INFO rally.task.runner [-] Task 7f277212-39e3-44a2-8b68-47921f2e87df | ITER: 7 END: OK
2019-06-14 10:22:43.757 352 INFO rally.task.runner [-] Task 7f277212-39e3-44a2-8b68-47921f2e87df | ITER: 6 END: OK
2019-06-14 10:22:44.185 349 INFO rally.task.runner [-] Task 7f277212-39e3-44a2-8b68-47921f2e87df | ITER: 9 END: OK
2019-06-14 10:22:44.376 350 INFO rally.task.runner [-] Task 7f277212-39e3-44a2-8b68-47921f2e87df | ITER: 10 END: OK
2019-06-14 10:22:44.399 17 INFO rally.task.context [-] Task 7f277212-39e3-44a2-8b68-47921f2e87df | Context users@openstack cleanup() started
2019-06-14 10:22:49.407 17 INFO rally.task.context [-] Task 7f277212-39e3-44a2-8b68-47921f2e87df | Context users@openstack cleanup() finished in 5.01 sec
2019-06-14 10:22:49.462 17 INFO rally.task.engine [-] Load duration is: 2.047229
2019-06-14 10:22:49.462 17 INFO rally.task.engine [-] Full runner duration is: 2.093139
2019-06-14 10:22:49.463 17 INFO rally.task.engine [-] Full duration is: 10.039632
2019-06-14 10:22:49.973 17 INFO rally.task.engine [-] Running workload: position = 0 config = { "version": 2, "title": "A cropped version of a bigger task.", "description": "Auto-generated task from a single workload (uuid=eaafad0b-d856-4e74-97a1-5d404452c750)", "subtasks": [ { "title": "Authenticate.validate_heat", "description": "Check Heat Client to ensure validation of token.", "scenario": { "Authenticate.validate_heat": { "repetitions": 2 } }, "contexts": { "users": { "tenants": 3, "users_per_tenant": 2 } }, "runner": { "constant": { "concurrency": 4, "times": 10 } }, "hooks": [], "sla": { "failure_rate": { "max": 0 } } } ] }
2019-06-14 10:22:49.998 17 RALLYDEBUG rally_openstack.contexts.keystone.users [-] Creating 3 tenants using 20 threads
2019-06-14 10:22:51.254 17 RALLYDEBUG rally_openstack.contexts.keystone.users [-] Creating 6 users using 20 threads
2019-06-14 10:22:52.929 17 INFO rally.task.context [-] Task 7f277212-39e3-44a2-8b68-47921f2e87df | Context users@openstack setup() finished in 2.93 sec
2019-06-14 10:22:52.938 17 RALLYDEBUG rally.task.runner [-] Starting the constant runner (task UUID: 7f277212-39e3-44a2-8b68-47921f2e87df). timeout: 0 concurrency: 4 concurrency_per_worker: 1 times: 10 concurrency_overhead: 0 processes_to_start: 4 max_cpu_used: 16
2019-06-14 10:22:52.952 453 RALLYDEBUG rally.task.runner [-] Starting a worker. concurrency: 1 args: {"repetitions": 2} times: 10 method_name: run timeout: 0 duration: None cls:
2019-06-14 10:22:52.955 454 RALLYDEBUG rally.task.runner [-] Starting a worker. concurrency: 1 args: {"repetitions": 2} times: 10 method_name: run timeout: 0 duration: None cls:
2019-06-14 10:22:52.958 455 RALLYDEBUG rally.task.runner [-] Starting a worker. concurrency: 1 args: {"repetitions": 2} times: 10 method_name: run timeout: 0 duration: None cls:
2019-06-14 10:22:52.959 453 INFO rally.task.runner [-] Task 7f277212-39e3-44a2-8b68-47921f2e87df | ITER: 1 START
2019-06-14 10:22:52.961 456 RALLYDEBUG rally.task.runner [-] Starting a worker. concurrency: 1 args: {"repetitions": 2} times: 10 method_name: run timeout: 0 duration: None cls:
2019-06-14 10:22:52.963 454 INFO rally.task.runner [-] Task 7f277212-39e3-44a2-8b68-47921f2e87df | ITER: 2 START
2019-06-14 10:22:52.966 455 INFO rally.task.runner [-] Task 7f277212-39e3-44a2-8b68-47921f2e87df | ITER: 3 START
2019-06-14 10:22:52.968 456 INFO rally.task.runner [-] Task 7f277212-39e3-44a2-8b68-47921f2e87df | ITER: 4 START
2019-06-14 10:22:54.015 453 INFO rally.task.runner [-] Task 7f277212-39e3-44a2-8b68-47921f2e87df | ITER: 1 END: OK
2019-06-14 10:22:54.020 453 INFO rally.task.runner [-] Task 7f277212-39e3-44a2-8b68-47921f2e87df | ITER: 5 START
2019-06-14 10:22:54.045 454 INFO rally.task.runner [-] Task 7f277212-39e3-44a2-8b68-47921f2e87df | ITER: 2 END: OK
2019-06-14 10:22:54.050 454 INFO rally.task.runner [-] Task 7f277212-39e3-44a2-8b68-47921f2e87df | ITER: 6 START
2019-06-14 10:22:54.069 455 INFO rally.task.runner [-] Task 7f277212-39e3-44a2-8b68-47921f2e87df | ITER: 3 END: OK
2019-06-14 10:22:54.074 455 INFO rally.task.runner [-] Task 7f277212-39e3-44a2-8b68-47921f2e87df | ITER: 7 START
2019-06-14 10:22:54.335 456 INFO rally.task.runner [-] Task 7f277212-39e3-44a2-8b68-47921f2e87df | ITER: 4 END: OK
2019-06-14 10:22:54.340 456 INFO rally.task.runner [-] Task 7f277212-39e3-44a2-8b68-47921f2e87df | ITER: 8 START
2019-06-14 10:22:54.626 454 INFO rally.task.runner [-] Task 7f277212-39e3-44a2-8b68-47921f2e87df | ITER: 6 END: OK
2019-06-14 10:22:54.630 454 INFO rally.task.runner [-] Task 7f277212-39e3-44a2-8b68-47921f2e87df | ITER: 9 START
2019-06-14 10:22:54.800 455 INFO rally.task.runner [-] Task 7f277212-39e3-44a2-8b68-47921f2e87df | ITER: 7 END: OK
2019-06-14 10:22:54.804 455 INFO rally.task.runner [-] Task 7f277212-39e3-44a2-8b68-47921f2e87df | ITER: 10 START
2019-06-14 10:22:54.895 453 INFO rally.task.runner [-] Task 7f277212-39e3-44a2-8b68-47921f2e87df | ITER: 5 END: OK
2019-06-14 10:22:55.103 454 INFO rally.task.runner [-] Task 7f277212-39e3-44a2-8b68-47921f2e87df | ITER: 9 END: OK
2019-06-14 10:22:55.430 456 INFO rally.task.runner [-] Task 7f277212-39e3-44a2-8b68-47921f2e87df | ITER: 8 END: OK
2019-06-14 10:22:55.571 455 INFO rally.task.runner [-] Task 7f277212-39e3-44a2-8b68-47921f2e87df | ITER: 10 END: OK
2019-06-14 10:22:55.593 17 INFO rally.task.context [-] Task 7f277212-39e3-44a2-8b68-47921f2e87df | Context users@openstack cleanup() started
2019-06-14 10:23:00.863 17 INFO rally.task.context [-] Task 7f277212-39e3-44a2-8b68-47921f2e87df | Context users@openstack cleanup() finished in 5.27 sec
2019-06-14 10:23:02.067 17 INFO rally.task.engine [-] Load duration is: 2.609732
2019-06-14 10:23:02.067 17 INFO rally.task.engine [-] Full runner duration is: 2.655397
2019-06-14 10:23:02.068 17 INFO rally.task.engine [-] Full duration is: 10.867891
2019-06-14 10:23:02.598 17 INFO rally.task.engine [-] Running workload: position = 0 config = { "version": 2, "title": "A cropped version of a bigger task.", "description": "Auto-generated task from a single workload (uuid=832a5d0d-0b8d-4326-aef2-368452b11fcf)", "subtasks": [ { "title": "Authenticate.validate_neutron", "description": "Check Neutron Client to ensure validation of token.", "scenario": { "Authenticate.validate_neutron": { "repetitions": 2 } }, "contexts": { "users": { "tenants": 3, "users_per_tenant": 2 } }, "runner": { "constant": { "concurrency": 4, "times": 10 } }, "hooks": [], "sla": { "failure_rate": { "max": 0 } } } ] }
2019-06-14 10:23:02.622 17 RALLYDEBUG rally_openstack.contexts.keystone.users [-] Creating 3 tenants using 20 threads
2019-06-14 10:23:03.673 17 RALLYDEBUG rally_openstack.contexts.keystone.users [-] Creating 6 users using 20 threads
2019-06-14 10:23:05.331 17 INFO rally.task.context [-] Task 7f277212-39e3-44a2-8b68-47921f2e87df | Context users@openstack setup() finished in 2.71 sec
2019-06-14 10:23:05.343 17 RALLYDEBUG rally.task.runner [-] Starting the constant runner (task UUID: 7f277212-39e3-44a2-8b68-47921f2e87df). timeout: 0 concurrency: 4 concurrency_per_worker: 1 times: 10 concurrency_overhead: 0 processes_to_start: 4 max_cpu_used: 16
2019-06-14 10:23:05.356 557 RALLYDEBUG rally.task.runner [-] Starting a worker. concurrency: 1 args: {"repetitions": 2} times: 10 method_name: run timeout: 0 duration: None cls:
2019-06-14 10:23:05.360 558 RALLYDEBUG rally.task.runner [-] Starting a worker. concurrency: 1 args: {"repetitions": 2} times: 10 method_name: run timeout: 0 duration: None cls:
2019-06-14 10:23:05.362 559 RALLYDEBUG rally.task.runner [-] Starting a worker. concurrency: 1 args: {"repetitions": 2} times: 10 method_name: run timeout: 0 duration: None cls:
2019-06-14 10:23:05.364 557 INFO rally.task.runner [-] Task 7f277212-39e3-44a2-8b68-47921f2e87df | ITER: 1 START
2019-06-14 10:23:05.366 560 RALLYDEBUG rally.task.runner [-] Starting a worker. concurrency: 1 args: {"repetitions": 2} times: 10 method_name: run timeout: 0 duration: None cls:
2019-06-14 10:23:05.367 558 INFO rally.task.runner [-] Task 7f277212-39e3-44a2-8b68-47921f2e87df | ITER: 2 START
2019-06-14 10:23:05.368 559 INFO rally.task.runner [-] Task 7f277212-39e3-44a2-8b68-47921f2e87df | ITER: 3 START
2019-06-14 10:23:05.373 560 INFO rally.task.runner [-] Task 7f277212-39e3-44a2-8b68-47921f2e87df | ITER: 4 START
2019-06-14 10:23:06.138 557 INFO rally.task.runner [-] Task 7f277212-39e3-44a2-8b68-47921f2e87df | ITER: 1 END: OK
2019-06-14 10:23:06.140 558 INFO rally.task.runner [-] Task 7f277212-39e3-44a2-8b68-47921f2e87df | ITER: 2 END: OK
2019-06-14 10:23:06.143 557 INFO rally.task.runner [-] Task 7f277212-39e3-44a2-8b68-47921f2e87df | ITER: 5 START
2019-06-14 10:23:06.145 558 INFO rally.task.runner [-] Task 7f277212-39e3-44a2-8b68-47921f2e87df | ITER: 6 START
2019-06-14 10:23:06.204 560 INFO rally.task.runner [-] Task 7f277212-39e3-44a2-8b68-47921f2e87df | ITER: 4 END: OK
2019-06-14 10:23:06.209 560 INFO rally.task.runner [-] Task 7f277212-39e3-44a2-8b68-47921f2e87df | ITER: 7 START
2019-06-14 10:23:06.210 559 INFO rally.task.runner [-] Task 7f277212-39e3-44a2-8b68-47921f2e87df | ITER: 3 END: OK
2019-06-14 10:23:06.216 559 INFO rally.task.runner [-] Task 7f277212-39e3-44a2-8b68-47921f2e87df | ITER: 8 START
2019-06-14 10:23:06.839 560 INFO rally.task.runner [-] Task 7f277212-39e3-44a2-8b68-47921f2e87df | ITER: 7 END: OK
2019-06-14 10:23:06.844 560 INFO rally.task.runner [-] Task 7f277212-39e3-44a2-8b68-47921f2e87df | ITER: 9 START
2019-06-14 10:23:06.869 559 INFO rally.task.runner [-] Task 7f277212-39e3-44a2-8b68-47921f2e87df | ITER: 8 END: OK
2019-06-14 10:23:06.874 559 INFO rally.task.runner [-] Task 7f277212-39e3-44a2-8b68-47921f2e87df | ITER: 10 START
2019-06-14 10:23:07.281 558 INFO rally.task.runner [-] Task 7f277212-39e3-44a2-8b68-47921f2e87df | ITER: 6 END: OK
2019-06-14 10:23:07.449 557 INFO rally.task.runner [-] Task 7f277212-39e3-44a2-8b68-47921f2e87df | ITER: 5 END: OK
2019-06-14 10:23:07.457 560 INFO rally.task.runner [-] Task 7f277212-39e3-44a2-8b68-47921f2e87df | ITER: 9 END: OK
2019-06-14 10:23:07.531 559 INFO rally.task.runner [-] Task 7f277212-39e3-44a2-8b68-47921f2e87df | ITER: 10 END: OK
2019-06-14 10:23:07.559 17 INFO rally.task.context [-] Task 7f277212-39e3-44a2-8b68-47921f2e87df | Context users@openstack cleanup() started
2019-06-14 10:23:12.595 17 INFO rally.task.context [-] Task 7f277212-39e3-44a2-8b68-47921f2e87df | Context users@openstack cleanup() finished in 5.04 sec
2019-06-14 10:23:12.697 17 INFO rally.task.engine [-] Load duration is: 2.165635
2019-06-14 10:23:12.698 17 INFO rally.task.engine [-] Full runner duration is: 2.216809
2019-06-14 10:23:12.698 17 INFO rally.task.engine [-] Full duration is: 9.976233
2019-06-14 10:23:13.225 17 INFO rally.task.engine [-] Running workload: position = 0 config = { "version": 2, "title": "A cropped version of a bigger task.", "description": "Auto-generated task from a single workload (uuid=9ee5b89f-7185-488d-991c-859b9e6de223)", "subtasks": [ { "title": "Authenticate.validate_nova", "description": "Check Nova Client to ensure validation of token.", "scenario": { "Authenticate.validate_nova": { "repetitions": 2 } }, "contexts": { "users": { "tenants": 3, "users_per_tenant": 2 } }, "runner": { "constant": { "concurrency": 4, "times": 10 } }, "hooks": [], "sla": { "failure_rate": { "max": 0 } } } ] }
2019-06-14 10:23:13.252 17 RALLYDEBUG rally_openstack.contexts.keystone.users [-] Creating 3 tenants using 20 threads
2019-06-14 10:23:14.469 17 RALLYDEBUG rally_openstack.contexts.keystone.users [-] Creating 6 users using 20 threads
2019-06-14 10:23:16.134 17 INFO rally.task.context [-] Task 7f277212-39e3-44a2-8b68-47921f2e87df | Context users@openstack setup() finished in 2.88 sec
2019-06-14 10:23:16.142 17 RALLYDEBUG rally.task.runner [-] Starting the constant runner (task UUID: 7f277212-39e3-44a2-8b68-47921f2e87df). timeout: 0 concurrency: 4 concurrency_per_worker: 1 times: 10 concurrency_overhead: 0 processes_to_start: 4 max_cpu_used: 16
2019-06-14 10:23:16.156 661 RALLYDEBUG rally.task.runner [-] Starting a worker. concurrency: 1 args: {"repetitions": 2} times: 10 method_name: run timeout: 0 duration: None cls:
2019-06-14 10:23:16.159 662 RALLYDEBUG rally.task.runner [-] Starting a worker. concurrency: 1 args: {"repetitions": 2} times: 10 method_name: run timeout: 0 duration: None cls:
2019-06-14 10:23:16.163 661 INFO rally.task.runner [-] Task 7f277212-39e3-44a2-8b68-47921f2e87df | ITER: 1 START
2019-06-14 10:23:16.163 663 RALLYDEBUG rally.task.runner [-] Starting a worker. concurrency: 1 args: {"repetitions": 2} times: 10 method_name: run timeout: 0 duration: None cls:
2019-06-14 10:23:16.165 664 RALLYDEBUG rally.task.runner [-] Starting a worker. concurrency: 1 args: {"repetitions": 2} times: 10 method_name: run timeout: 0 duration: None cls:
2019-06-14 10:23:16.166 662 INFO rally.task.runner [-] Task 7f277212-39e3-44a2-8b68-47921f2e87df | ITER: 2 START
2019-06-14 10:23:16.170 663 INFO rally.task.runner [-] Task 7f277212-39e3-44a2-8b68-47921f2e87df | ITER: 3 START
2019-06-14 10:23:16.172 664 INFO rally.task.runner [-] Task 7f277212-39e3-44a2-8b68-47921f2e87df | ITER: 4 START
2019-06-14 10:23:16.659 662 DEBUG novaclient.v2.client [-] REQ: curl -g -i --cacert "/etc/ssl/certs/mcp_os_cacert" -X GET http://10.167.4.35:8774/v2.1/flavors/detail -H "Accept: application/json" -H "User-Agent: python-novaclient" -H "X-Auth-Token: {SHA1}98aa7b233651a84ee2e954e54f34c646a88d22eb" _http_log_request /usr/lib/python2.7/site-packages/keystoneauth1/session.py:448
2019-06-14 10:23:16.661 664 DEBUG novaclient.v2.client [-] REQ: curl -g -i --cacert "/etc/ssl/certs/mcp_os_cacert" -X GET http://10.167.4.35:8774/v2.1/flavors/detail -H "Accept: application/json" -H "User-Agent: python-novaclient" -H "X-Auth-Token: {SHA1}ce55363d6f079e8c7e978dc04291e5eb0583a386" _http_log_request /usr/lib/python2.7/site-packages/keystoneauth1/session.py:448
2019-06-14 10:23:16.661 661 DEBUG novaclient.v2.client [-] REQ: curl -g -i --cacert "/etc/ssl/certs/mcp_os_cacert" -X GET http://10.167.4.35:8774/v2.1/flavors/detail -H "Accept: application/json" -H "User-Agent: python-novaclient" -H "X-Auth-Token: {SHA1}c1802beed696954f69228a9941d3019c5f2e3d1c" _http_log_request /usr/lib/python2.7/site-packages/keystoneauth1/session.py:448
2019-06-14 10:23:16.661 663 DEBUG novaclient.v2.client [-] REQ: curl -g -i --cacert "/etc/ssl/certs/mcp_os_cacert" -X GET http://10.167.4.35:8774/v2.1/flavors/detail -H "Accept: application/json" -H "User-Agent: python-novaclient" -H "X-Auth-Token: {SHA1}ea28ed70e100d243f0e0d0df29f582c0b8c0ca1f" _http_log_request /usr/lib/python2.7/site-packages/keystoneauth1/session.py:448
2019-06-14 10:23:16.781 661 DEBUG novaclient.v2.client [-] RESP: [200] Connection: close Content-Length: 1014 Content-Type: application/json Date: Fri, 14 Jun 2019 10:23:17 GMT Openstack-Api-Version: compute 2.1 Vary: OpenStack-API-Version, X-OpenStack-Nova-API-Version X-Compute-Request-Id: req-0e1dba8d-09cd-4403-b136-049445f0ba37 X-Openstack-Nova-Api-Version: 2.1 X-Openstack-Request-Id: req-0e1dba8d-09cd-4403-b136-049445f0ba37 _http_log_response /usr/lib/python2.7/site-packages/keystoneauth1/session.py:479
2019-06-14 10:23:16.782 661 DEBUG novaclient.v2.client [-] RESP BODY: {"flavors": [{"name": "rally_full-flavor_fa2ec7c6-ab87-4abd-bd10-057a289d5ec9", "links": [{"href": "http://10.167.4.35:8774/v2.1/flavors/05ea34c7-39a3-4c56-90c7-8b89bad7be2f", "rel": "self"}, {"href": "http://10.167.4.35:8774/flavors/05ea34c7-39a3-4c56-90c7-8b89bad7be2f", "rel": "bookmark"}], "ram": 512, "OS-FLV-DISABLED:disabled": false, "vcpus": 1, "swap": "", "os-flavor-access:is_public": true, "rxtx_factor": 1.0, "OS-FLV-EXT-DATA:ephemeral": 0, "disk": 1, "id": "05ea34c7-39a3-4c56-90c7-8b89bad7be2f"}, {"name": "rally_full-flavor_alt_fa2ec7c6-ab87-4abd-bd10-057a289d5ec9", "links": [{"href": "http://10.167.4.35:8774/v2.1/flavors/6baa4704-6c36-4323-9ae3-feeb44655ba7", "rel": "self"}, {"href": "http://10.167.4.35:8774/flavors/6baa4704-6c36-4323-9ae3-feeb44655ba7", "rel": "bookmark"}], "ram": 1024, "OS-FLV-DISABLED:disabled": false, "vcpus": 1, "swap": "", "os-flavor-access:is_public": true, "rxtx_factor": 1.0, "OS-FLV-EXT-DATA:ephemeral": 0, "disk": 1, "id": "6baa4704-6c36-4323-9ae3-feeb44655ba7"}]} _http_log_response /usr/lib/python2.7/site-packages/keystoneauth1/session.py:511
2019-06-14 10:23:16.782 661 DEBUG novaclient.v2.client [-] GET call to compute for http://10.167.4.35:8774/v2.1/flavors/detail used request id req-0e1dba8d-09cd-4403-b136-049445f0ba37 request /usr/lib/python2.7/site-packages/keystoneauth1/session.py:844
2019-06-14 10:23:16.785 661 DEBUG novaclient.v2.client [-] REQ: curl -g -i --cacert "/etc/ssl/certs/mcp_os_cacert" -X GET http://10.167.4.35:8774/v2.1/flavors/detail -H "Accept: application/json" -H "User-Agent: python-novaclient" -H "X-Auth-Token: {SHA1}c1802beed696954f69228a9941d3019c5f2e3d1c" _http_log_request /usr/lib/python2.7/site-packages/keystoneauth1/session.py:448
2019-06-14 10:23:16.798 662 DEBUG novaclient.v2.client [-] RESP: [200] Connection: close Content-Length: 1014 Content-Type: application/json Date: Fri, 14 Jun 2019 10:23:16 GMT Openstack-Api-Version: compute 2.1 Vary: OpenStack-API-Version, X-OpenStack-Nova-API-Version X-Compute-Request-Id: req-65dbfb27-1529-45b1-877c-b5faf4bde725 X-Openstack-Nova-Api-Version: 2.1 X-Openstack-Request-Id: req-65dbfb27-1529-45b1-877c-b5faf4bde725 _http_log_response /usr/lib/python2.7/site-packages/keystoneauth1/session.py:479
2019-06-14 10:23:16.799 662 DEBUG novaclient.v2.client [-] RESP BODY: {"flavors": [{"name": "rally_full-flavor_fa2ec7c6-ab87-4abd-bd10-057a289d5ec9", "links": [{"href": "http://10.167.4.35:8774/v2.1/flavors/05ea34c7-39a3-4c56-90c7-8b89bad7be2f", "rel": "self"}, {"href": "http://10.167.4.35:8774/flavors/05ea34c7-39a3-4c56-90c7-8b89bad7be2f", "rel": "bookmark"}], "ram": 512, "OS-FLV-DISABLED:disabled": false, "vcpus": 1, "swap": "", "os-flavor-access:is_public": true, "rxtx_factor": 1.0, "OS-FLV-EXT-DATA:ephemeral": 0, "disk": 1, "id": "05ea34c7-39a3-4c56-90c7-8b89bad7be2f"}, {"name": "rally_full-flavor_alt_fa2ec7c6-ab87-4abd-bd10-057a289d5ec9", "links": [{"href": "http://10.167.4.35:8774/v2.1/flavors/6baa4704-6c36-4323-9ae3-feeb44655ba7", "rel": "self"}, {"href": "http://10.167.4.35:8774/flavors/6baa4704-6c36-4323-9ae3-feeb44655ba7", "rel": "bookmark"}], "ram": 1024, "OS-FLV-DISABLED:disabled": false, "vcpus": 1, "swap": "", "os-flavor-access:is_public": true, "rxtx_factor": 1.0, "OS-FLV-EXT-DATA:ephemeral": 0, "disk": 1, "id": "6baa4704-6c36-4323-9ae3-feeb44655ba7"}]} _http_log_response /usr/lib/python2.7/site-packages/keystoneauth1/session.py:511
2019-06-14 10:23:16.800 662 DEBUG novaclient.v2.client [-] GET call to compute for http://10.167.4.35:8774/v2.1/flavors/detail used request id req-65dbfb27-1529-45b1-877c-b5faf4bde725 request /usr/lib/python2.7/site-packages/keystoneauth1/session.py:844
2019-06-14 10:23:16.801 662 DEBUG novaclient.v2.client [-] REQ: curl -g -i --cacert "/etc/ssl/certs/mcp_os_cacert" -X GET http://10.167.4.35:8774/v2.1/flavors/detail -H "Accept: application/json" -H "User-Agent: python-novaclient" -H "X-Auth-Token: {SHA1}98aa7b233651a84ee2e954e54f34c646a88d22eb" _http_log_request /usr/lib/python2.7/site-packages/keystoneauth1/session.py:448
2019-06-14 10:23:16.804 663 DEBUG novaclient.v2.client [-] RESP: [200] Connection: close Content-Length: 1014 Content-Type: application/json Date: Fri, 14 Jun 2019 10:23:16 GMT Openstack-Api-Version: compute 2.1 Vary: OpenStack-API-Version, X-OpenStack-Nova-API-Version X-Compute-Request-Id: req-49c3dfbf-8711-47c6-95a9-b8c2ae28ade4 X-Openstack-Nova-Api-Version: 2.1 X-Openstack-Request-Id: req-49c3dfbf-8711-47c6-95a9-b8c2ae28ade4 _http_log_response /usr/lib/python2.7/site-packages/keystoneauth1/session.py:479
2019-06-14 10:23:16.805 663 DEBUG novaclient.v2.client [-] RESP BODY: {"flavors": [{"name": "rally_full-flavor_fa2ec7c6-ab87-4abd-bd10-057a289d5ec9", "links": [{"href": "http://10.167.4.35:8774/v2.1/flavors/05ea34c7-39a3-4c56-90c7-8b89bad7be2f", "rel": "self"}, {"href": "http://10.167.4.35:8774/flavors/05ea34c7-39a3-4c56-90c7-8b89bad7be2f", "rel": "bookmark"}], "ram": 512, "OS-FLV-DISABLED:disabled": false, "vcpus": 1, "swap": "", "os-flavor-access:is_public": true, "rxtx_factor": 1.0, "OS-FLV-EXT-DATA:ephemeral": 0, "disk": 1, "id": "05ea34c7-39a3-4c56-90c7-8b89bad7be2f"}, {"name": "rally_full-flavor_alt_fa2ec7c6-ab87-4abd-bd10-057a289d5ec9", "links": [{"href": "http://10.167.4.35:8774/v2.1/flavors/6baa4704-6c36-4323-9ae3-feeb44655ba7", "rel": "self"}, {"href": "http://10.167.4.35:8774/flavors/6baa4704-6c36-4323-9ae3-feeb44655ba7", "rel": "bookmark"}], "ram": 1024, "OS-FLV-DISABLED:disabled": false, "vcpus": 1, "swap": "", "os-flavor-access:is_public": true, "rxtx_factor": 1.0, "OS-FLV-EXT-DATA:ephemeral": 0, "disk": 1, "id": "6baa4704-6c36-4323-9ae3-feeb44655ba7"}]} _http_log_response /usr/lib/python2.7/site-packages/keystoneauth1/session.py:511
2019-06-14 10:23:16.805 663 DEBUG novaclient.v2.client [-] GET call to compute for http://10.167.4.35:8774/v2.1/flavors/detail used request id req-49c3dfbf-8711-47c6-95a9-b8c2ae28ade4 request /usr/lib/python2.7/site-packages/keystoneauth1/session.py:844
2019-06-14 10:23:16.807 663 DEBUG novaclient.v2.client [-] REQ: curl -g -i --cacert "/etc/ssl/certs/mcp_os_cacert" -X GET http://10.167.4.35:8774/v2.1/flavors/detail -H "Accept: application/json" -H "User-Agent: python-novaclient" -H "X-Auth-Token: {SHA1}ea28ed70e100d243f0e0d0df29f582c0b8c0ca1f" _http_log_request /usr/lib/python2.7/site-packages/keystoneauth1/session.py:448
2019-06-14 10:23:16.807 661 DEBUG novaclient.v2.client [-] RESP: [200] Connection: close Content-Length: 1014 Content-Type: application/json Date: Fri, 14 Jun 2019 10:23:16 GMT Openstack-Api-Version: compute 2.1 Vary: OpenStack-API-Version, X-OpenStack-Nova-API-Version X-Compute-Request-Id: req-a39e6c4d-3cc4-4c30-a184-cbb365dbf7a4 X-Openstack-Nova-Api-Version: 2.1 X-Openstack-Request-Id: req-a39e6c4d-3cc4-4c30-a184-cbb365dbf7a4 _http_log_response /usr/lib/python2.7/site-packages/keystoneauth1/session.py:479
2019-06-14 10:23:16.808 661 DEBUG novaclient.v2.client [-] RESP BODY: {"flavors": [{"name": "rally_full-flavor_fa2ec7c6-ab87-4abd-bd10-057a289d5ec9", "links": [{"href": "http://10.167.4.35:8774/v2.1/flavors/05ea34c7-39a3-4c56-90c7-8b89bad7be2f", "rel": "self"}, {"href": "http://10.167.4.35:8774/flavors/05ea34c7-39a3-4c56-90c7-8b89bad7be2f", "rel": "bookmark"}], "ram": 512, "OS-FLV-DISABLED:disabled": false, "vcpus": 1, "swap": "", "os-flavor-access:is_public": true, "rxtx_factor": 1.0, "OS-FLV-EXT-DATA:ephemeral": 0, "disk": 1, "id": "05ea34c7-39a3-4c56-90c7-8b89bad7be2f"}, {"name": "rally_full-flavor_alt_fa2ec7c6-ab87-4abd-bd10-057a289d5ec9", "links": [{"href": "http://10.167.4.35:8774/v2.1/flavors/6baa4704-6c36-4323-9ae3-feeb44655ba7", "rel": "self"}, {"href": "http://10.167.4.35:8774/flavors/6baa4704-6c36-4323-9ae3-feeb44655ba7", "rel": "bookmark"}], "ram": 1024, "OS-FLV-DISABLED:disabled": false, "vcpus": 1, "swap": "", "os-flavor-access:is_public": true, "rxtx_factor": 1.0, "OS-FLV-EXT-DATA:ephemeral": 0, "disk": 1, "id": "6baa4704-6c36-4323-9ae3-feeb44655ba7"}]} _http_log_response /usr/lib/python2.7/site-packages/keystoneauth1/session.py:511
2019-06-14 10:23:16.808 661 DEBUG novaclient.v2.client [-] GET call to compute for http://10.167.4.35:8774/v2.1/flavors/detail used request id req-a39e6c4d-3cc4-4c30-a184-cbb365dbf7a4 request /usr/lib/python2.7/site-packages/keystoneauth1/session.py:844
2019-06-14 10:23:16.809 661 INFO rally.task.runner [-] Task 7f277212-39e3-44a2-8b68-47921f2e87df | ITER: 1 END: OK
2019-06-14 10:23:16.815 661 INFO rally.task.runner [-] Task 7f277212-39e3-44a2-8b68-47921f2e87df | ITER: 5 START
2019-06-14 10:23:16.821 662 DEBUG novaclient.v2.client [-] RESP: [200] Connection: close Content-Length: 1014 Content-Type: application/json Date: Fri, 14 Jun 2019 10:23:17 GMT Openstack-Api-Version: compute 2.1 Vary: OpenStack-API-Version, X-OpenStack-Nova-API-Version X-Compute-Request-Id: req-899ddde5-cf02-4758-b108-38fe86c8aa37 X-Openstack-Nova-Api-Version: 2.1 X-Openstack-Request-Id: req-899ddde5-cf02-4758-b108-38fe86c8aa37 _http_log_response /usr/lib/python2.7/site-packages/keystoneauth1/session.py:479
2019-06-14 10:23:16.821 662 DEBUG novaclient.v2.client [-] RESP BODY: {"flavors": [{"name": "rally_full-flavor_fa2ec7c6-ab87-4abd-bd10-057a289d5ec9", "links": [{"href": "http://10.167.4.35:8774/v2.1/flavors/05ea34c7-39a3-4c56-90c7-8b89bad7be2f", "rel": "self"}, {"href": "http://10.167.4.35:8774/flavors/05ea34c7-39a3-4c56-90c7-8b89bad7be2f", "rel": "bookmark"}], "ram": 512, "OS-FLV-DISABLED:disabled": false, "vcpus": 1, "swap": "", "os-flavor-access:is_public": true, "rxtx_factor": 1.0, "OS-FLV-EXT-DATA:ephemeral": 0, "disk": 1, "id": "05ea34c7-39a3-4c56-90c7-8b89bad7be2f"}, {"name": "rally_full-flavor_alt_fa2ec7c6-ab87-4abd-bd10-057a289d5ec9", "links": [{"href": "http://10.167.4.35:8774/v2.1/flavors/6baa4704-6c36-4323-9ae3-feeb44655ba7", "rel": "self"}, {"href": "http://10.167.4.35:8774/flavors/6baa4704-6c36-4323-9ae3-feeb44655ba7", "rel": "bookmark"}], "ram": 1024, "OS-FLV-DISABLED:disabled": false, "vcpus": 1, "swap": "", "os-flavor-access:is_public": true, "rxtx_factor": 1.0, "OS-FLV-EXT-DATA:ephemeral": 0, "disk": 1, "id": "6baa4704-6c36-4323-9ae3-feeb44655ba7"}]} _http_log_response /usr/lib/python2.7/site-packages/keystoneauth1/session.py:511
2019-06-14 10:23:16.822 662 DEBUG novaclient.v2.client [-] GET call to compute for http://10.167.4.35:8774/v2.1/flavors/detail used request id req-899ddde5-cf02-4758-b108-38fe86c8aa37 request /usr/lib/python2.7/site-packages/keystoneauth1/session.py:844
2019-06-14 10:23:16.823 662 INFO rally.task.runner [-] Task 7f277212-39e3-44a2-8b68-47921f2e87df | ITER: 2 END: OK
2019-06-14 10:23:16.828 662 INFO rally.task.runner [-] Task 7f277212-39e3-44a2-8b68-47921f2e87df | ITER: 6 START
2019-06-14 10:23:16.830 663 DEBUG novaclient.v2.client [-] RESP: [200] Connection: close Content-Length: 1014 Content-Type: application/json Date: Fri, 14 Jun 2019 10:23:16 GMT Openstack-Api-Version: compute 2.1 Vary: OpenStack-API-Version, X-OpenStack-Nova-API-Version X-Compute-Request-Id: req-9503f4db-6efe-4938-a110-d77ea37e6ab1 X-Openstack-Nova-Api-Version: 2.1 X-Openstack-Request-Id: req-9503f4db-6efe-4938-a110-d77ea37e6ab1 _http_log_response /usr/lib/python2.7/site-packages/keystoneauth1/session.py:479
2019-06-14 10:23:16.831 663 DEBUG novaclient.v2.client [-] RESP BODY: {"flavors": [{"name": "rally_full-flavor_fa2ec7c6-ab87-4abd-bd10-057a289d5ec9", "links": [{"href": "http://10.167.4.35:8774/v2.1/flavors/05ea34c7-39a3-4c56-90c7-8b89bad7be2f", "rel": "self"}, {"href": "http://10.167.4.35:8774/flavors/05ea34c7-39a3-4c56-90c7-8b89bad7be2f", "rel": "bookmark"}], "ram": 512, "OS-FLV-DISABLED:disabled": false, "vcpus": 1, "swap": "", "os-flavor-access:is_public": true, "rxtx_factor": 1.0, "OS-FLV-EXT-DATA:ephemeral": 0, "disk": 1, "id": "05ea34c7-39a3-4c56-90c7-8b89bad7be2f"}, {"name": "rally_full-flavor_alt_fa2ec7c6-ab87-4abd-bd10-057a289d5ec9", "links": [{"href": "http://10.167.4.35:8774/v2.1/flavors/6baa4704-6c36-4323-9ae3-feeb44655ba7", "rel": "self"}, {"href": "http://10.167.4.35:8774/flavors/6baa4704-6c36-4323-9ae3-feeb44655ba7", "rel": "bookmark"}], "ram": 1024, "OS-FLV-DISABLED:disabled": false, "vcpus": 1, "swap": "", "os-flavor-access:is_public": true, "rxtx_factor": 1.0, "OS-FLV-EXT-DATA:ephemeral": 0, "disk": 1, "id": "6baa4704-6c36-4323-9ae3-feeb44655ba7"}]} _http_log_response /usr/lib/python2.7/site-packages/keystoneauth1/session.py:511
2019-06-14 10:23:16.831 663 DEBUG novaclient.v2.client [-] GET call to compute for http://10.167.4.35:8774/v2.1/flavors/detail used request id req-9503f4db-6efe-4938-a110-d77ea37e6ab1 request /usr/lib/python2.7/site-packages/keystoneauth1/session.py:844
2019-06-14 10:23:16.833 663 INFO rally.task.runner [-] Task 7f277212-39e3-44a2-8b68-47921f2e87df | ITER: 3 END: OK
2019-06-14 10:23:16.833 664 DEBUG novaclient.v2.client [-] RESP: [200] Connection: close Content-Length: 1014 Content-Type: application/json Date: Fri, 14 Jun 2019 10:23:16 GMT Openstack-Api-Version: compute 2.1 Vary: OpenStack-API-Version, X-OpenStack-Nova-API-Version X-Compute-Request-Id: req-134b6aab-f6c0-4ee8-add3-654958a1a103 X-Openstack-Nova-Api-Version: 2.1 X-Openstack-Request-Id: req-134b6aab-f6c0-4ee8-add3-654958a1a103 _http_log_response /usr/lib/python2.7/site-packages/keystoneauth1/session.py:479
2019-06-14 10:23:16.834 664 DEBUG novaclient.v2.client [-] RESP BODY: {"flavors": [{"name": "rally_full-flavor_fa2ec7c6-ab87-4abd-bd10-057a289d5ec9", "links": [{"href": "http://10.167.4.35:8774/v2.1/flavors/05ea34c7-39a3-4c56-90c7-8b89bad7be2f", "rel": "self"}, {"href": "http://10.167.4.35:8774/flavors/05ea34c7-39a3-4c56-90c7-8b89bad7be2f", "rel": "bookmark"}], "ram": 512, "OS-FLV-DISABLED:disabled": false, "vcpus": 1, "swap": "", "os-flavor-access:is_public": true, "rxtx_factor": 1.0, "OS-FLV-EXT-DATA:ephemeral": 0, "disk": 1, "id": "05ea34c7-39a3-4c56-90c7-8b89bad7be2f"}, {"name": "rally_full-flavor_alt_fa2ec7c6-ab87-4abd-bd10-057a289d5ec9", "links": [{"href": "http://10.167.4.35:8774/v2.1/flavors/6baa4704-6c36-4323-9ae3-feeb44655ba7", "rel": "self"}, {"href": "http://10.167.4.35:8774/flavors/6baa4704-6c36-4323-9ae3-feeb44655ba7", "rel": "bookmark"}], "ram": 1024, "OS-FLV-DISABLED:disabled": false, "vcpus": 1, "swap": "", "os-flavor-access:is_public": true, "rxtx_factor": 1.0, "OS-FLV-EXT-DATA:ephemeral": 0, "disk": 1, "id": "6baa4704-6c36-4323-9ae3-feeb44655ba7"}]} _http_log_response /usr/lib/python2.7/site-packages/keystoneauth1/session.py:511
2019-06-14 10:23:16.834 664 DEBUG novaclient.v2.client [-] GET call to compute for http://10.167.4.35:8774/v2.1/flavors/detail used request id req-134b6aab-f6c0-4ee8-add3-654958a1a103 request /usr/lib/python2.7/site-packages/keystoneauth1/session.py:844
