2019-06-14 02:48:25.271 26389 INFO rally.task.runner [-] Task 0f31d698-2db3-42d3-82fc-10e0f35374b3 | ITER: 12 END: OK
2019-06-14 02:48:25.276 26389 INFO rally.task.runner [-] Task 0f31d698-2db3-42d3-82fc-10e0f35374b3 | ITER: 39 START
2019-06-14 02:48:25.277 26389 WARNING rally_openstack.scenarios.neutron.utils [-] Running this scenario without either the 'network' or 'existing_network' context is deprecated
2019-06-14 02:48:26.095 26374 INFO rally.task.runner [-] Task 0f31d698-2db3-42d3-82fc-10e0f35374b3 | ITER: 4 END: OK
2019-06-14 02:48:26.099 26374 INFO rally.task.runner [-] Task 0f31d698-2db3-42d3-82fc-10e0f35374b3 | ITER: 40 START
2019-06-14 02:48:26.099 26374 WARNING rally_openstack.scenarios.neutron.utils [-] Running this scenario without either the 'network' or 'existing_network' context is deprecated
2019-06-14 02:48:31.146 26375 INFO rally.task.runner [-] Task 0f31d698-2db3-42d3-82fc-10e0f35374b3 | ITER: 21 END: OK
2019-06-14 02:48:32.115 26413 INFO rally.task.runner [-] Task 0f31d698-2db3-42d3-82fc-10e0f35374b3 | ITER: 34 END: OK
2019-06-14 02:48:32.212 26375 INFO rally.task.runner [-] Task 0f31d698-2db3-42d3-82fc-10e0f35374b3 | ITER: 37 END: OK
2019-06-14 02:48:32.410 26419 INFO rally.task.runner [-] Task 0f31d698-2db3-42d3-82fc-10e0f35374b3 | ITER: 35 END: OK
2019-06-14 02:48:32.413 26389 INFO rally.task.runner [-] Task 0f31d698-2db3-42d3-82fc-10e0f35374b3 | ITER: 39 END: OK
2019-06-14 02:48:32.794 26373 INFO rally.task.runner [-] Task 0f31d698-2db3-42d3-82fc-10e0f35374b3 | ITER: 24 END: OK
2019-06-14 02:48:32.827 26381 INFO rally.task.runner [-] Task 0f31d698-2db3-42d3-82fc-10e0f35374b3 | ITER: 25 END: OK
2019-06-14 02:48:33.457 26372 INFO rally.task.runner [-] Task 0f31d698-2db3-42d3-82fc-10e0f35374b3 | ITER: 33 END: OK
2019-06-14 02:48:33.468 26414 INFO rally.task.runner [-] Task 0f31d698-2db3-42d3-82fc-10e0f35374b3 | ITER: 26 END: OK
2019-06-14 02:48:33.628 26409 INFO rally.task.runner [-] Task 0f31d698-2db3-42d3-82fc-10e0f35374b3 | ITER: 27 END: OK
2019-06-14 02:48:33.693 26395 INFO rally.task.runner [-] Task 0f31d698-2db3-42d3-82fc-10e0f35374b3 | ITER: 32 END: OK
2019-06-14 02:48:33.777 26405 INFO rally.task.runner [-] Task 0f31d698-2db3-42d3-82fc-10e0f35374b3 | ITER: 29 END: OK
2019-06-14 02:48:33.786 26401 INFO rally.task.runner [-] Task 0f31d698-2db3-42d3-82fc-10e0f35374b3 | ITER: 30 END: OK
2019-06-14 02:48:33.827 26374 INFO rally.task.runner [-] Task 0f31d698-2db3-42d3-82fc-10e0f35374b3 | ITER: 31 END: OK
2019-06-14 02:48:33.853 26374 INFO rally.task.runner [-] Task 0f31d698-2db3-42d3-82fc-10e0f35374b3 | ITER: 40 END: OK
2019-06-14 02:48:33.954 26372 INFO rally.task.runner [-] Task 0f31d698-2db3-42d3-82fc-10e0f35374b3 | ITER: 23 END: OK
2019-06-14 02:48:33.985 26386 INFO rally.task.runner [-] Task 0f31d698-2db3-42d3-82fc-10e0f35374b3 | ITER: 28 END: OK
2019-06-14 02:48:34.135 26393 INFO rally.task.runner [-] Task 0f31d698-2db3-42d3-82fc-10e0f35374b3 | ITER: 36 END: OK
2019-06-14 02:48:34.256 26377 INFO rally.task.runner [-] Task 0f31d698-2db3-42d3-82fc-10e0f35374b3 | ITER: 38 END: OK
2019-06-14 02:48:34.330 26373 INFO rally.task.runner [-] Task 0f31d698-2db3-42d3-82fc-10e0f35374b3 | ITER: 22 END: OK
2019-06-14 02:48:34.358 22126 INFO rally.task.context [-] Task 0f31d698-2db3-42d3-82fc-10e0f35374b3 | Context cleanup@openstack cleanup() started
2019-06-14 02:48:34.362 22126 RALLYDEBUG rally_openstack.cleanup.manager [-] Cleaning up neutron vip objects
2019-06-14 02:48:34.775 22126 RALLYDEBUG rally_openstack.cleanup.manager [-] Cleaning up neutron health_monitor objects
2019-06-14 02:48:35.176 22126 RALLYDEBUG rally_openstack.cleanup.manager [-] Cleaning up neutron pool objects
2019-06-14 02:48:35.586 22126 RALLYDEBUG rally_openstack.cleanup.manager [-] Cleaning up neutron loadbalancer objects
2019-06-14 02:48:36.002 22126 RALLYDEBUG rally_openstack.cleanup.manager [-] Cleaning up neutron floatingip objects
2019-06-14 02:48:36.438 22126 RALLYDEBUG rally_openstack.cleanup.manager [-] Cleaning up neutron port objects
2019-06-14 02:48:36.886 22126 RALLYDEBUG rally_openstack.cleanup.manager [-] Cleaning up neutron subnet objects
2019-06-14 02:48:37.327 22126 RALLYDEBUG rally_openstack.cleanup.manager [-] Cleaning up neutron network objects
2019-06-14 02:48:37.988 22126 RALLYDEBUG rally_openstack.cleanup.manager [-] Deleting neutron.network object s_rally_bd7484fc_GesNhuQR (06e4fcbf-f89d-4733-a07d-062e2080747f)
2019-06-14 02:48:37.989 22126 RALLYDEBUG rally_openstack.cleanup.manager [-] Deleting neutron.network object s_rally_bd7484fc_NtnTaGcN (5059e615-9579-4f5c-803a-92d4cdc2ea2d)
2019-06-14 02:48:37.990 22126 RALLYDEBUG rally_openstack.cleanup.manager [-] Deleting neutron.network object s_rally_bd7484fc_d7PguL1s (48868674-d5df-45b4-be09-0d3d7b0f84b7)
2019-06-14 02:48:37.996 22126 RALLYDEBUG rally_openstack.cleanup.manager [-] Deleting neutron.network object s_rally_bd7484fc_JA0oC1lN (33d033f3-3f0d-4998-9726-94a4d2787f45)
2019-06-14 02:48:38.002 22126 RALLYDEBUG rally_openstack.cleanup.manager [-] Deleting neutron.network object s_rally_bd7484fc_iDZhuiki (4bdb79c7-8a7a-4b8a-ae8e-bd643daab03d)
2019-06-14 02:48:38.005 22126 RALLYDEBUG rally_openstack.cleanup.manager [-] Deleting neutron.network object s_rally_bd7484fc_c9qppog5 (470d421b-fab7-4258-a684-66957c54d35c)
2019-06-14 02:48:38.010 22126 RALLYDEBUG rally_openstack.cleanup.manager [-] Deleting neutron.network object s_rally_bd7484fc_KzPjOsI3 (6ab7b74d-8b4b-4012-a92b-f002b4582bab)
2019-06-14 02:48:38.011 22126 RALLYDEBUG rally_openstack.cleanup.manager [-] Deleting neutron.network object s_rally_bd7484fc_LXJfw8xS (032fd8f8-a8b9-447c-a19a-a1506415a0e1)
2019-06-14 02:48:38.012 22126 RALLYDEBUG rally_openstack.cleanup.manager [-] Deleting neutron.network object s_rally_bd7484fc_enSH8F8M (5bb98a03-ff33-46a3-bab4-54bf3c5eb25e)
2019-06-14 02:48:38.019 22126 RALLYDEBUG rally_openstack.cleanup.manager [-] Deleting neutron.network object s_rally_bd7484fc_JpMP9MUq (275a7513-0d34-4691-a76b-b440d50c21de)
2019-06-14 02:48:38.019 22126 RALLYDEBUG rally_openstack.cleanup.manager [-] Deleting neutron.network object s_rally_bd7484fc_YUYJcBQv (33674ff9-b082-4f37-9f01-b270b7c87c49)
2019-06-14 02:48:38.021 22126 RALLYDEBUG rally_openstack.cleanup.manager [-] Deleting neutron.network object s_rally_bd7484fc_97qJp2Pl (5d4ec9a8-ca6b-422c-bd7a-9d581ecff208)
2019-06-14 02:48:38.031 22126 RALLYDEBUG rally_openstack.cleanup.manager [-] Deleting neutron.network object s_rally_bd7484fc_Pr9p3yhE (6dd46822-272f-4dba-92dd-bdb481940a6c)
2019-06-14 02:48:38.035 22126 RALLYDEBUG rally_openstack.cleanup.manager [-] Deleting neutron.network object s_rally_bd7484fc_OnxtaZlM (0c367aed-33ac-4c29-9f1c-85f4d902478c)
2019-06-14 02:48:38.250 22126 RALLYDEBUG rally_openstack.cleanup.manager [-] Deleting neutron.network object s_rally_bd7484fc_dR3rIb26 (72e4f669-e77b-4f78-b6ad-5aad1ec016e4)
2019-06-14 02:48:38.254 22126 RALLYDEBUG rally_openstack.cleanup.manager [-] Deleting neutron.network object s_rally_bd7484fc_0rUUOVJV (70b7ad9c-2646-40a2-be19-a84911ab5bc3)
2019-06-14 02:48:38.251 22126 RALLYDEBUG rally_openstack.cleanup.manager [-] Deleting neutron.network object s_rally_bd7484fc_RshHYKeg (0a58cd30-b713-40a0-970c-6303eecafb01)
2019-06-14 02:48:38.257 22126 RALLYDEBUG rally_openstack.cleanup.manager [-] Deleting neutron.network object s_rally_bd7484fc_CQzznFKh (1199ebca-2d66-48d8-9af0-e805333048f5)
2019-06-14 02:48:38.263 22126 RALLYDEBUG rally_openstack.cleanup.manager [-] Deleting neutron.network object s_rally_bd7484fc_y3AXFAV6 (39d3e528-db3a-41cb-9af4-db78c3ae12e7)
2019-06-14 02:48:38.288 22126 RALLYDEBUG rally_openstack.cleanup.manager [-] Deleting neutron.network object s_rally_bd7484fc_OVKQDRfV (475580f2-5b71-4b8c-b833-43603f7e8a57)
2019-06-14 02:48:40.549 22126 RALLYDEBUG rally_openstack.cleanup.manager [-] Deleting neutron.network object s_rally_bd7484fc_UU3FL03w (778448d3-3fa6-424b-82b6-c008f5cfc984)
2019-06-14 02:48:40.871 22126 RALLYDEBUG rally_openstack.cleanup.manager [-] Deleting neutron.network object s_rally_bd7484fc_aLV6PadG (85c39265-745b-4320-a079-06b1a5c07179)
2019-06-14 02:48:40.889 22126 RALLYDEBUG rally_openstack.cleanup.manager [-] Deleting neutron.network object s_rally_bd7484fc_EttmK2m7 (8771b4a1-2c72-4b55-b6bc-8d73fd9404b3)
2019-06-14 02:48:40.916 22126 RALLYDEBUG rally_openstack.cleanup.manager [-] Deleting neutron.network object s_rally_bd7484fc_mS8jZjhp (940f9a2d-9ae3-40c7-9451-fde6046acfcb)
2019-06-14 02:48:40.979 22126 RALLYDEBUG rally_openstack.cleanup.manager [-] Deleting neutron.network object s_rally_bd7484fc_IvwESmn7 (950c8cfa-cf64-48d6-bb70-909f7c2a8bf8)
2019-06-14 02:48:41.011 22126 RALLYDEBUG rally_openstack.cleanup.manager [-] Deleting neutron.network object s_rally_bd7484fc_giOR0WAJ (9613b2dc-9c4a-4fa6-8bc2-9ad187723e5f)
2019-06-14 02:48:41.048 22126 RALLYDEBUG rally_openstack.cleanup.manager [-] Deleting neutron.network object s_rally_bd7484fc_XSkArCJB (96852b33-773d-4283-9046-524bac576a68)
2019-06-14 02:48:41.180 22126 RALLYDEBUG rally_openstack.cleanup.manager [-] Deleting neutron.network object s_rally_bd7484fc_YjLZ8Ios (971def95-5911-4668-b959-25254a2738e4)
2019-06-14 02:48:41.293 22126 RALLYDEBUG rally_openstack.cleanup.manager [-] Deleting neutron.network object s_rally_bd7484fc_q5Xi4bPB (9b6f7128-e3e7-4afb-8e63-5627507e521c)
2019-06-14 02:48:41.305 22126 RALLYDEBUG rally_openstack.cleanup.manager [-] Deleting neutron.network object s_rally_bd7484fc_2YGcDgAS (a91c9882-71f2-4291-8955-f1b71350941c)
2019-06-14 02:48:41.328 22126 RALLYDEBUG rally_openstack.cleanup.manager [-] Deleting neutron.network object s_rally_bd7484fc_9ySb4z5G (afea2943-9abd-4df4-bc13-70a92ab3d1d5)
2019-06-14 02:48:41.329 22126 RALLYDEBUG rally_openstack.cleanup.manager [-] Deleting neutron.network object s_rally_bd7484fc_COZa8OPm (b3e36c4b-6288-4487-acbd-d4a5241176b1)
2019-06-14 02:48:41.338 22126 RALLYDEBUG rally_openstack.cleanup.manager [-] Deleting neutron.network object s_rally_bd7484fc_5Axl0Atq (b8d027d9-9619-4d78-9f9b-65231fa18315)
2019-06-14 02:48:41.408 22126 RALLYDEBUG rally_openstack.cleanup.manager [-] Deleting neutron.network object s_rally_bd7484fc_gfv0Qfa6 (bc96b1c4-efba-4a08-9682-9e5312323a43)
2019-06-14 02:48:41.527 22126 RALLYDEBUG rally_openstack.cleanup.manager [-] Deleting neutron.network object s_rally_bd7484fc_p6zQN93f (caf0448b-990e-4612-a8e3-c0928358ab8a)
2019-06-14 02:48:41.583 22126 RALLYDEBUG rally_openstack.cleanup.manager [-] Deleting neutron.network object s_rally_bd7484fc_qrIfrMEK (cce93a5a-a053-42b0-b2a1-8df7ff549812)
2019-06-14 02:48:41.775 22126 RALLYDEBUG rally_openstack.cleanup.manager [-] Deleting neutron.network object s_rally_bd7484fc_mxFVYQn7 (ee92d0c8-5180-46a2-b7f6-a6bcea075dc9)
2019-06-14 02:48:41.853 22126 RALLYDEBUG rally_openstack.cleanup.manager [-] Deleting neutron.network object s_rally_bd7484fc_yi6D1dX0 (fd339b51-545c-495a-8d63-fda475265b83)
2019-06-14 02:48:41.881 22126 RALLYDEBUG rally_openstack.cleanup.manager [-] Deleting neutron.network object s_rally_bd7484fc_YgXJas7a (fd988e02-ca98-4cee-b2cb-dbc48abbb0ed)
2019-06-14 02:48:41.917 22126 RALLYDEBUG rally_openstack.cleanup.manager [-] Deleting neutron.network object s_rally_bd7484fc_pHPS9kfB (fde70f40-3e89-4976-85fa-a66b351e0883)
2019-06-14 02:48:44.826 22126 RALLYDEBUG rally_openstack.cleanup.manager [-] Cleaning up neutron router objects
2019-06-14 02:48:45.279 22126 RALLYDEBUG rally_openstack.cleanup.manager [-] Cleaning up neutron security_group objects
2019-06-14 02:48:45.736 22126 INFO rally.task.context [-] Task 0f31d698-2db3-42d3-82fc-10e0f35374b3 | Context cleanup@openstack cleanup() finished in 11.38 sec
2019-06-14 02:48:45.737 22126 INFO rally.task.context [-] Task 0f31d698-2db3-42d3-82fc-10e0f35374b3 | Context quotas@openstack cleanup() started
2019-06-14 02:48:46.116 22126 INFO rally.task.context [-] Task 0f31d698-2db3-42d3-82fc-10e0f35374b3 | Context quotas@openstack cleanup() finished in 0.38 sec
2019-06-14 02:48:46.116 22126 INFO rally.task.context [-] Task 0f31d698-2db3-42d3-82fc-10e0f35374b3 | Context users@openstack cleanup() started
2019-06-14 02:48:48.865 22126 INFO rally.task.context [-] Task 0f31d698-2db3-42d3-82fc-10e0f35374b3 | Context users@openstack cleanup() finished in 2.75 sec
2019-06-14 02:48:49.379 22126 INFO rally.task.engine [-] Load duration is: 22.104215
2019-06-14 02:48:49.379 22126 INFO rally.task.engine [-] Full runner duration is: 22.162314
2019-06-14 02:48:49.379 22126 INFO rally.task.engine [-] Full duration is: 39.663224
2019-06-14 02:48:49.836 22126 INFO rally.task.engine [-] Running workload: position = 0 config = { "version": 2, "title": "A cropped version of a bigger task.", "description": "Auto-generated task from a single workload (uuid=5f1de735-384e-4e72-b739-e4b99e9c8310)", "subtasks": [ { "title": "Quotas.neutron_update", "description": "Update quotas for neutron.", "scenario": { "Quotas.neutron_update": { "max_quota": 1024 } }, "contexts": { "users": { "tenants": 20, "users_per_tenant": 1 } }, "runner": { "constant": { "times": 40, "concurrency": 20 } }, "hooks": [], "sla": { "failure_rate": { "max": 0 } } } ] }
2019-06-14 02:48:49.862 22126 RALLYDEBUG rally_openstack.contexts.keystone.users [-] Creating 20 tenants using 20 threads
2019-06-14 02:48:52.063 22126 RALLYDEBUG rally_openstack.contexts.keystone.users [-] Creating 20 users using 20 threads
2019-06-14 02:48:54.865 22126 INFO rally.task.context [-] Task 0f31d698-2db3-42d3-82fc-10e0f35374b3 | Context users@openstack setup() finished in 5.00 sec
2019-06-14 02:48:54.866 22126 INFO rally.task.context [-] Task 0f31d698-2db3-42d3-82fc-10e0f35374b3 | Context admin_cleanup@openstack setup() finished in 0.01 msec
2019-06-14 02:48:54.875 22126 RALLYDEBUG rally.task.runner [-] Starting the constant runner (task UUID: 0f31d698-2db3-42d3-82fc-10e0f35374b3). timeout: 0 concurrency: 20 concurrency_per_worker: 1 times: 40 concurrency_overhead: 4 processes_to_start: 16 max_cpu_used: 16
2019-06-14 02:48:54.890 26742 RALLYDEBUG rally.task.runner [-] Starting a worker. concurrency: 2 args: {"max_quota": 1024} times: 40 method_name: run timeout: 0 duration: None cls:
2019-06-14 02:48:54.893 26743 RALLYDEBUG rally.task.runner [-] Starting a worker. concurrency: 2 args: {"max_quota": 1024} times: 40 method_name: run timeout: 0 duration: None cls:
2019-06-14 02:48:54.897 26744 RALLYDEBUG rally.task.runner [-] Starting a worker. concurrency: 2 args: {"max_quota": 1024} times: 40 method_name: run timeout: 0 duration: None cls:
2019-06-14 02:48:54.901 26745 RALLYDEBUG rally.task.runner [-] Starting a worker. concurrency: 2 args: {"max_quota": 1024} times: 40 method_name: run timeout: 0 duration: None cls:
2019-06-14 02:48:54.904 26746 RALLYDEBUG rally.task.runner [-] Starting a worker. concurrency: 1 args: {"max_quota": 1024} times: 40 method_name: run timeout: 0 duration: None cls:
2019-06-14 02:48:54.908 26747 RALLYDEBUG rally.task.runner [-] Starting a worker. concurrency: 1 args: {"max_quota": 1024} times: 40 method_name: run timeout: 0 duration: None cls:
2019-06-14 02:48:54.911 26742 INFO rally.task.runner [-] Task 0f31d698-2db3-42d3-82fc-10e0f35374b3 | ITER: 1 START
2019-06-14 02:48:54.912 26752 RALLYDEBUG rally.task.runner [-] Starting a worker. concurrency: 1 args: {"max_quota": 1024} times: 40 method_name: run timeout: 0 duration: None cls:
2019-06-14 02:48:54.913 26744 INFO rally.task.runner [-] Task 0f31d698-2db3-42d3-82fc-10e0f35374b3 | ITER: 3 START
2019-06-14 02:48:54.914 26745 INFO rally.task.runner [-] Task 0f31d698-2db3-42d3-82fc-10e0f35374b3 | ITER: 5 START
2019-06-14 02:48:54.914 26743 INFO rally.task.runner [-] Task 0f31d698-2db3-42d3-82fc-10e0f35374b3 | ITER: 2 START
2019-06-14 02:48:54.915 26746 INFO rally.task.runner [-] Task 0f31d698-2db3-42d3-82fc-10e0f35374b3 | ITER: 7 START
2019-06-14 02:48:54.916 26743 INFO rally.task.runner [-] Task 0f31d698-2db3-42d3-82fc-10e0f35374b3 | ITER: 6 START
2019-06-14 02:48:54.918 26742 INFO rally.task.runner [-] Task 0f31d698-2db3-42d3-82fc-10e0f35374b3 | ITER: 4 START
2019-06-14 02:48:54.920 26747 INFO rally.task.runner [-] Task 0f31d698-2db3-42d3-82fc-10e0f35374b3 | ITER: 9 START
2019-06-14 02:48:54.920 26757 RALLYDEBUG rally.task.runner [-] Starting a worker. concurrency: 1 args: {"max_quota": 1024} times: 40 method_name: run timeout: 0 duration: None cls:
2019-06-14 02:48:54.924 26752 INFO rally.task.runner [-] Task 0f31d698-2db3-42d3-82fc-10e0f35374b3 | ITER: 11 START
2019-06-14 02:48:54.926 26744 INFO rally.task.runner [-] Task 0f31d698-2db3-42d3-82fc-10e0f35374b3 | ITER: 8 START
2019-06-14 02:48:54.926 26764 RALLYDEBUG rally.task.runner [-] Starting a worker. concurrency: 1 args: {"max_quota": 1024} times: 40 method_name: run timeout: 0 duration: None cls:
2019-06-14 02:48:54.932 26757 INFO rally.task.runner [-] Task 0f31d698-2db3-42d3-82fc-10e0f35374b3 | ITER: 12 START
2019-06-14 02:48:54.937 26764 INFO rally.task.runner [-] Task 0f31d698-2db3-42d3-82fc-10e0f35374b3 | ITER: 13 START
2019-06-14 02:48:54.936 26768 RALLYDEBUG rally.task.runner [-] Starting a worker. concurrency: 1 args: {"max_quota": 1024} times: 40 method_name: run timeout: 0 duration: None cls:
2019-06-14 02:48:54.937 26745 INFO rally.task.runner [-] Task 0f31d698-2db3-42d3-82fc-10e0f35374b3 | ITER: 10 START
2019-06-14 02:48:54.941 26771 RALLYDEBUG rally.task.runner [-] Starting a worker. concurrency: 1 args: {"max_quota": 1024} times: 40 method_name: run timeout: 0 duration: None cls:
2019-06-14 02:48:54.944 26773 RALLYDEBUG rally.task.runner [-] Starting a worker. concurrency: 1 args: {"max_quota": 1024} times: 40 method_name: run timeout: 0 duration: None cls:
2019-06-14 02:48:54.949 26768 INFO rally.task.runner [-] Task 0f31d698-2db3-42d3-82fc-10e0f35374b3 | ITER: 14 START
2019-06-14 02:48:54.952 26771 INFO rally.task.runner [-] Task 0f31d698-2db3-42d3-82fc-10e0f35374b3 | ITER: 15 START
2019-06-14 02:48:54.953 26776 RALLYDEBUG rally.task.runner [-] Starting a worker. concurrency: 1 args: {"max_quota": 1024} times: 40 method_name: run timeout: 0 duration: None cls:
2019-06-14 02:48:54.955 26773 INFO rally.task.runner [-] Task 0f31d698-2db3-42d3-82fc-10e0f35374b3 | ITER: 16 START
2019-06-14 02:48:54.958 26781 RALLYDEBUG rally.task.runner [-] Starting a worker. concurrency: 1 args: {"max_quota": 1024} times: 40 method_name: run timeout: 0 duration: None cls:
2019-06-14 02:48:54.965 26784 RALLYDEBUG rally.task.runner [-] Starting a worker. concurrency: 1 args: {"max_quota": 1024} times: 40 method_name: run timeout: 0 duration: None cls:
2019-06-14 02:48:54.966 26781 INFO rally.task.runner [-] Task 0f31d698-2db3-42d3-82fc-10e0f35374b3 | ITER: 18 START
2019-06-14 02:48:54.966 26776 INFO rally.task.runner [-] Task 0f31d698-2db3-42d3-82fc-10e0f35374b3 | ITER: 17 START
2019-06-14 02:48:54.973 26784 INFO rally.task.runner [-] Task 0f31d698-2db3-42d3-82fc-10e0f35374b3 | ITER: 19 START
2019-06-14 02:48:54.973 26788 RALLYDEBUG rally.task.runner [-] Starting a worker. concurrency: 1 args: {"max_quota": 1024} times: 40 method_name: run timeout: 0 duration: None cls:
2019-06-14 02:48:54.980 26788 INFO rally.task.runner [-] Task 0f31d698-2db3-42d3-82fc-10e0f35374b3 | ITER: 20 START
2019-06-14 02:48:55.479 26747 INFO rally.task.runner [-] Task 0f31d698-2db3-42d3-82fc-10e0f35374b3 | ITER: 9 END: OK
2019-06-14 02:48:55.486 26747 INFO rally.task.runner [-] Task 0f31d698-2db3-42d3-82fc-10e0f35374b3 | ITER: 21 START
2019-06-14 02:48:55.516 26752 INFO rally.task.runner [-] Task 0f31d698-2db3-42d3-82fc-10e0f35374b3 | ITER: 11 END: OK
2019-06-14 02:48:55.523 26752 INFO rally.task.runner [-] Task 0f31d698-2db3-42d3-82fc-10e0f35374b3 | ITER: 22 START
2019-06-14 02:48:55.593 26742 INFO rally.task.runner [-] Task 0f31d698-2db3-42d3-82fc-10e0f35374b3 | ITER: 4 END: OK
2019-06-14 02:48:55.596 26764 INFO rally.task.runner [-] Task 0f31d698-2db3-42d3-82fc-10e0f35374b3 | ITER: 13 END: OK
2019-06-14 02:48:55.597 26757 INFO rally.task.runner [-] Task 0f31d698-2db3-42d3-82fc-10e0f35374b3 | ITER: 12 END: OK
2019-06-14 02:48:55.602 26764 INFO rally.task.runner [-] Task 0f31d698-2db3-42d3-82fc-10e0f35374b3 | ITER: 24 START
2019-06-14 02:48:55.602 26742 INFO rally.task.runner [-] Task 0f31d698-2db3-42d3-82fc-10e0f35374b3 | ITER: 23 START
2019-06-14 02:48:55.605 26757 INFO rally.task.runner [-] Task 0f31d698-2db3-42d3-82fc-10e0f35374b3 | ITER: 25 START
2019-06-14 02:48:55.625 26745 INFO rally.task.runner [-] Task 0f31d698-2db3-42d3-82fc-10e0f35374b3 | ITER: 5 END: OK
2019-06-14 02:48:55.629 26744 INFO rally.task.runner [-] Task 0f31d698-2db3-42d3-82fc-10e0f35374b3 | ITER: 8 END: OK
2019-06-14 02:48:55.631 26745 INFO rally.task.runner [-] Task 0f31d698-2db3-42d3-82fc-10e0f35374b3 | ITER: 26 START
2019-06-14 02:48:55.632 26746 INFO rally.task.runner [-] Task 0f31d698-2db3-42d3-82fc-10e0f35374b3 | ITER: 7 END: OK
2019-06-14 02:48:55.636 26744 INFO rally.task.runner [-] Task 0f31d698-2db3-42d3-82fc-10e0f35374b3 | ITER: 27 START
2019-06-14 02:48:55.639 26746 INFO rally.task.runner [-] Task 0f31d698-2db3-42d3-82fc-10e0f35374b3 | ITER: 28 START
2019-06-14 02:48:55.754 26742 INFO rally.task.runner [-] Task 0f31d698-2db3-42d3-82fc-10e0f35374b3 | ITER: 1 END: OK
2019-06-14 02:48:55.762 26742 INFO rally.task.runner [-] Task 0f31d698-2db3-42d3-82fc-10e0f35374b3 | ITER: 29 START
2019-06-14 02:48:55.762 26784 INFO rally.task.runner [-] Task 0f31d698-2db3-42d3-82fc-10e0f35374b3 | ITER: 19 END: OK
2019-06-14 02:48:55.770 26784 INFO rally.task.runner [-] Task 0f31d698-2db3-42d3-82fc-10e0f35374b3 | ITER: 30 START
2019-06-14 02:48:55.775 26773 INFO rally.task.runner [-] Task 0f31d698-2db3-42d3-82fc-10e0f35374b3 | ITER: 16 END: OK
2019-06-14 02:48:55.782 26773 INFO rally.task.runner [-] Task 0f31d698-2db3-42d3-82fc-10e0f35374b3 | ITER: 31 START
2019-06-14 02:48:55.822 26744 INFO rally.task.runner [-] Task 0f31d698-2db3-42d3-82fc-10e0f35374b3 | ITER: 3 END: OK
2019-06-14 02:48:55.829 26744 INFO rally.task.runner [-] Task 0f31d698-2db3-42d3-82fc-10e0f35374b3 | ITER: 32 START
2019-06-14 02:48:55.857 26788 INFO rally.task.runner [-] Task 0f31d698-2db3-42d3-82fc-10e0f35374b3 | ITER: 20 END: OK
2019-06-14 02:48:55.864 26788 INFO rally.task.runner [-] Task 0f31d698-2db3-42d3-82fc-10e0f35374b3 | ITER: 33 START
2019-06-14 02:48:55.867 26745 INFO rally.task.runner [-] Task 0f31d698-2db3-42d3-82fc-10e0f35374b3 | ITER: 10 END: OK
2019-06-14 02:48:55.874 26745 INFO rally.task.runner [-] Task 0f31d698-2db3-42d3-82fc-10e0f35374b3 | ITER: 34 START
2019-06-14 02:48:55.881 26771 INFO rally.task.runner [-] Task 0f31d698-2db3-42d3-82fc-10e0f35374b3 | ITER: 15 END: OK
2019-06-14 02:48:55.888 26771 INFO rally.task.runner [-] Task 0f31d698-2db3-42d3-82fc-10e0f35374b3 | ITER: 35 START
2019-06-14 02:48:55.917 26776 INFO rally.task.runner [-] Task 0f31d698-2db3-42d3-82fc-10e0f35374b3 | ITER: 17 END: OK
2019-06-14 02:48:55.925 26776 INFO rally.task.runner [-] Task 0f31d698-2db3-42d3-82fc-10e0f35374b3 | ITER: 36 START
2019-06-14 02:48:55.994 26743 INFO rally.task.runner [-] Task 0f31d698-2db3-42d3-82fc-10e0f35374b3 | ITER: 2 END: OK
2019-06-14 02:48:56.000 26743 INFO rally.task.runner [-] Task 0f31d698-2db3-42d3-82fc-10e0f35374b3 | ITER: 37 START
2019-06-14 02:48:56.012 26768 INFO rally.task.runner [-] Task 0f31d698-2db3-42d3-82fc-10e0f35374b3 | ITER: 14 END: OK
2019-06-14 02:48:56.018 26768 INFO rally.task.runner [-] Task 0f31d698-2db3-42d3-82fc-10e0f35374b3 | ITER: 38 START
2019-06-14 02:48:56.022 26781 INFO rally.task.runner [-] Task 0f31d698-2db3-42d3-82fc-10e0f35374b3 | ITER: 18 END: OK
2019-06-14 02:48:56.028 26781 INFO rally.task.runner [-] Task 0f31d698-2db3-42d3-82fc-10e0f35374b3 | ITER: 39 START
2019-06-14 02:48:56.044 26743 INFO rally.task.runner [-] Task 0f31d698-2db3-42d3-82fc-10e0f35374b3 | ITER: 6 END: OK
2019-06-14 02:48:56.049 26743 INFO rally.task.runner [-] Task 0f31d698-2db3-42d3-82fc-10e0f35374b3 | ITER: 40 START
2019-06-14 02:48:56.101 26764 INFO rally.task.runner [-] Task 0f31d698-2db3-42d3-82fc-10e0f35374b3 | ITER: 24 END: OK
2019-06-14 02:48:56.145 26752 INFO rally.task.runner [-] Task 0f31d698-2db3-42d3-82fc-10e0f35374b3 | ITER: 22 END: OK
2019-06-14 02:48:56.151 26746 INFO rally.task.runner [-] Task 0f31d698-2db3-42d3-82fc-10e0f35374b3 | ITER: 28 END: OK
2019-06-14 02:48:56.198 26747 INFO rally.task.runner [-] Task 0f31d698-2db3-42d3-82fc-10e0f35374b3 | ITER: 21 END: OK
2019-06-14 02:48:56.257 26742 INFO rally.task.runner [-] Task 0f31d698-2db3-42d3-82fc-10e0f35374b3 | ITER: 29 END: OK
2019-06-14 02:48:56.273 26742 INFO rally.task.runner [-] Task 0f31d698-2db3-42d3-82fc-10e0f35374b3 | ITER: 23 END: OK
2019-06-14 02:48:56.328 26788 INFO rally.task.runner [-] Task 0f31d698-2db3-42d3-82fc-10e0f35374b3 | ITER: 33 END: OK
2019-06-14 02:48:56.340 26745 INFO rally.task.runner [-] Task 0f31d698-2db3-42d3-82fc-10e0f35374b3 | ITER: 26 END: OK
2019-06-14 02:48:56.419 26744 INFO rally.task.runner [-] Task 0f31d698-2db3-42d3-82fc-10e0f35374b3 | ITER: 27 END: OK
2019-06-14 02:48:56.448 26757 INFO rally.task.runner [-] Task 0f31d698-2db3-42d3-82fc-10e0f35374b3 | ITER: 25 END: OK
2019-06-14 02:48:56.465 26784 INFO rally.task.runner [-] Task 0f31d698-2db3-42d3-82fc-10e0f35374b3 | ITER: 30 END: OK
2019-06-14 02:48:56.539 26773 INFO rally.task.runner [-] Task 0f31d698-2db3-42d3-82fc-10e0f35374b3 | ITER: 31 END: OK
2019-06-14 02:48:56.565 26771 INFO rally.task.runner [-] Task 0f31d698-2db3-42d3-82fc-10e0f35374b3 | ITER: 35 END: OK
2019-06-14 02:48:56.578 26744 INFO rally.task.runner [-] Task 0f31d698-2db3-42d3-82fc-10e0f35374b3 | ITER: 32 END: OK
2019-06-14 02:48:56.700 26776 INFO rally.task.runner [-] Task 0f31d698-2db3-42d3-82fc-10e0f35374b3 | ITER: 36 END: OK
2019-06-14 02:48:56.830 26743 INFO rally.task.runner [-] Task 0f31d698-2db3-42d3-82fc-10e0f35374b3 | ITER: 37 END: OK
2019-06-14 02:48:56.887 26781 INFO rally.task.runner [-] Task 0f31d698-2db3-42d3-82fc-10e0f35374b3 | ITER: 39 END: OK
2019-06-14 02:48:56.959 26768 INFO rally.task.runner [-] Task 0f31d698-2db3-42d3-82fc-10e0f35374b3 | ITER: 38 END: OK
2019-06-14 02:48:56.984 26743 INFO rally.task.runner [-] Task 0f31d698-2db3-42d3-82fc-10e0f35374b3 | ITER: 40 END: OK
2019-06-14 02:48:57.019 26745 INFO rally.task.runner [-] Task 0f31d698-2db3-42d3-82fc-10e0f35374b3 | ITER: 34 END: OK
2019-06-14 02:48:57.050 22126 INFO rally.task.context [-] Task 0f31d698-2db3-42d3-82fc-10e0f35374b3 | Context admin_cleanup@openstack cleanup() started
2019-06-14 02:48:57.053 22126 RALLYDEBUG rally_openstack.cleanup.manager [-] Cleaning up neutron quota objects
2019-06-14 02:48:58.735 22126 INFO rally.task.context [-] Task 0f31d698-2db3-42d3-82fc-10e0f35374b3 | Context admin_cleanup@openstack cleanup() finished in 1.69 sec
2019-06-14 02:48:58.736 22126 INFO rally.task.context [-] Task 0f31d698-2db3-42d3-82fc-10e0f35374b3 | Context users@openstack cleanup() started
2019-06-14 02:49:19.631 22126 INFO rally.task.context [-] Task 0f31d698-2db3-42d3-82fc-10e0f35374b3 | Context users@openstack cleanup() finished in 20.90 sec
2019-06-14 02:49:20.052 22126 INFO rally.task.engine [-] Load duration is: 2.106762
2019-06-14 02:49:20.053 22126 INFO rally.task.engine [-] Full runner duration is: 2.17537
2019-06-14 02:49:20.053 22126 INFO rally.task.engine [-] Full duration is: 29.773686
2019-06-14 02:49:20.441 22126 INFO rally.task.engine [-] Running workload: position = 0 config = { "version": 2, "title": "A cropped version of a bigger task.", "description": "Auto-generated task from a single workload (uuid=91d35864-0b9b-4c7c-99d0-367c7917425f)", "subtasks": [ { "title": "NeutronTrunks.create_and_list_trunk_subports", "description": "", "scenario": { "NeutronTrunks.create_and_list_trunk_subports": { "subport_count": 125 } }, "contexts": { "users": { "tenants": 1, "users_per_tenant": 1 }, "quotas": { "neutron": { "network": -1, "port": 1000 } } }, "runner": { "constant": { "times": 4, "concurrency": 4 } }, "hooks": [], "sla": { "failure_rate": { "max": 0 } } } ] }
2019-06-14 02:49:20.468 22126 RALLYDEBUG rally_openstack.contexts.keystone.users [-] Creating 1 tenants using 20 threads
2019-06-14 02:49:21.514 22126 RALLYDEBUG rally_openstack.contexts.keystone.users [-] Creating 1 users using 20 threads
2019-06-14 02:49:23.013 22126 INFO rally.task.context [-] Task 0f31d698-2db3-42d3-82fc-10e0f35374b3 | Context users@openstack setup() finished in 2.54 sec
2019-06-14 02:49:23.587 22126 INFO rally.task.context [-] Task 0f31d698-2db3-42d3-82fc-10e0f35374b3 | Context quotas@openstack setup() finished in 0.57 sec
2019-06-14 02:49:23.587 22126 INFO rally.task.context [-] Task 0f31d698-2db3-42d3-82fc-10e0f35374b3 | Context cleanup@openstack setup() finished in 0.01 msec
2019-06-14 02:49:23.597 22126 RALLYDEBUG rally.task.runner [-] Starting the constant runner (task UUID: 0f31d698-2db3-42d3-82fc-10e0f35374b3). timeout: 0 concurrency: 4 concurrency_per_worker: 1 times: 4 concurrency_overhead: 0 processes_to_start: 4 max_cpu_used: 16
2019-06-14 02:49:23.611 26932 RALLYDEBUG rally.task.runner [-] Starting a worker. concurrency: 1 args: {"subport_count": 125} times: 4 method_name: run timeout: 0 duration: None cls:
2019-06-14 02:49:23.615 26933 RALLYDEBUG rally.task.runner [-] Starting a worker. concurrency: 1 args: {"subport_count": 125} times: 4 method_name: run timeout: 0 duration: None cls:
2019-06-14 02:49:23.618 26932 INFO rally.task.runner [-] Task 0f31d698-2db3-42d3-82fc-10e0f35374b3 | ITER: 1 START
2019-06-14 02:49:23.618 26934 RALLYDEBUG rally.task.runner [-] Starting a worker. concurrency: 1 args: {"subport_count": 125} times: 4 method_name: run timeout: 0 duration: None cls:
2019-06-14 02:49:23.621 26933 INFO rally.task.runner [-] Task 0f31d698-2db3-42d3-82fc-10e0f35374b3 | ITER: 2 START
2019-06-14 02:49:23.621 26935 RALLYDEBUG rally.task.runner [-] Starting a worker. concurrency: 1 args: {"subport_count": 125} times: 4 method_name: run timeout: 0 duration: None cls:
2019-06-14 02:49:23.624 26934 INFO rally.task.runner [-] Task 0f31d698-2db3-42d3-82fc-10e0f35374b3 | ITER: 3 START
2019-06-14 02:49:23.627 26935 INFO rally.task.runner [-] Task 0f31d698-2db3-42d3-82fc-10e0f35374b3 | ITER: 4 START
2019-06-14 02:51:06.748 26933 WARNING rally.task.atomic [-] 'optional_action_timer' is deprecated since rally v0.10.0.Please use action_timer instead, we have improved atomic actions, now do not need to explicitly close original action.
2019-06-14 02:51:06.783 26933 WARNING rally.task.atomic [-] 'optional_action_timer' is deprecated since rally v0.10.0.Please use action_timer instead, we have improved atomic actions, now do not need to explicitly close original action.
2019-06-14 02:51:07.208 26934 WARNING rally.task.atomic [-] 'optional_action_timer' is deprecated since rally v0.10.0.Please use action_timer instead, we have improved atomic actions, now do not need to explicitly close original action.
2019-06-14 02:51:07.244 26934 WARNING rally.task.atomic [-] 'optional_action_timer' is deprecated since rally v0.10.0.Please use action_timer instead, we have improved atomic actions, now do not need to explicitly close original action.
2019-06-14 02:51:07.567 26933 INFO rally.task.runner [-] Task 0f31d698-2db3-42d3-82fc-10e0f35374b3 | ITER: 2 END: OK
2019-06-14 02:51:07.827 26935 WARNING rally.task.atomic [-] 'optional_action_timer' is deprecated since rally v0.10.0.Please use action_timer instead, we have improved atomic actions, now do not need to explicitly close original action.
2019-06-14 02:51:07.870 26935 WARNING rally.task.atomic [-] 'optional_action_timer' is deprecated since rally v0.10.0.Please use action_timer instead, we have improved atomic actions, now do not need to explicitly close original action.
2019-06-14 02:51:08.090 26934 INFO rally.task.runner [-] Task 0f31d698-2db3-42d3-82fc-10e0f35374b3 | ITER: 3 END: OK
2019-06-14 02:51:08.322 26932 WARNING rally.task.atomic [-] 'optional_action_timer' is deprecated since rally v0.10.0.Please use action_timer instead, we have improved atomic actions, now do not need to explicitly close original action.
2019-06-14 02:51:08.357 26932 WARNING rally.task.atomic [-] 'optional_action_timer' is deprecated since rally v0.10.0.Please use action_timer instead, we have improved atomic actions, now do not need to explicitly close original action.
2019-06-14 02:51:08.713 26935 INFO rally.task.runner [-] Task 0f31d698-2db3-42d3-82fc-10e0f35374b3 | ITER: 4 END: OK
2019-06-14 02:51:09.310 26932 INFO rally.task.runner [-] Task 0f31d698-2db3-42d3-82fc-10e0f35374b3 | ITER: 1 END: OK
2019-06-14 02:51:09.337 22126 INFO rally.task.context [-] Task 0f31d698-2db3-42d3-82fc-10e0f35374b3 | Context cleanup@openstack cleanup() started
2019-06-14 02:51:09.340 22126 RALLYDEBUG rally_openstack.cleanup.manager [-] Cleaning up neutron vip objects
2019-06-14 02:51:09.758 22126 RALLYDEBUG rally_openstack.cleanup.manager [-] Cleaning up neutron health_monitor objects
2019-06-14 02:51:10.178 22126 RALLYDEBUG rally_openstack.cleanup.manager [-] Cleaning up neutron pool objects
2019-06-14 02:51:10.600 22126 RALLYDEBUG rally_openstack.cleanup.manager [-] Cleaning up neutron loadbalancer objects
2019-06-14 02:51:10.993 22126 RALLYDEBUG rally_openstack.cleanup.manager [-] Cleaning up neutron floatingip objects
2019-06-14 02:51:11.453 22126 RALLYDEBUG rally_openstack.cleanup.manager [-] Cleaning up neutron port objects
2019-06-14 02:51:12.707 22126 RALLYDEBUG rally_openstack.cleanup.manager [-] Deleting neutron.port object s_rally_91d35864_4VnkFH91 (02c4d3b9-be3d-4b42-a561-05ea5e71c4dd)
2019-06-14 02:51:12.707 22126 RALLYDEBUG rally_openstack.cleanup.manager [-] Deleting neutron.port object s_rally_91d35864_XhGSG78W (04cd16bc-b879-4939-aee2-101179b61fd1)
2019-06-14 02:51:12.708 22126 RALLYDEBUG rally_openstack.cleanup.manager [-] Deleting neutron.port object s_rally_91d35864_LJHQvZTb (00134193-c21b-4452-9515-be00fe5a2fc8)
2019-06-14 02:51:12.719 22126 RALLYDEBUG rally_openstack.cleanup.manager [-] Deleting neutron.port object s_rally_91d35864_yZ9pNfnU (03d4b2be-9764-4a72-bdd8-adc5a098e4ec)
2019-06-14 02:51:12.721 22126 RALLYDEBUG rally_openstack.cleanup.manager [-] Deleting neutron.port object s_rally_91d35864_QkFXis1a (03e76187-b73c-477d-9598-08a54a8da978)
2019-06-14 02:51:12.720 22126 RALLYDEBUG rally_openstack.cleanup.manager [-] Deleting neutron.port object s_rally_91d35864_thGiMiZa (0069bfec-b56f-4d3e-b1b6-5485034da013)
2019-06-14 02:51:12.729 22126 RALLYDEBUG rally_openstack.cleanup.manager [-] Deleting neutron.port object s_rally_91d35864_j5cTP77c (0600678a-b073-4058-b03c-9a070e05a81c)
2019-06-14 02:51:12.732 22126 RALLYDEBUG rally_openstack.cleanup.manager [-] Deleting neutron.port object s_rally_91d35864_tvvoP9Bb (0683d151-e646-4465-9e11-d33c942cbbc0)
2019-06-14 02:51:12.733 22126 RALLYDEBUG rally_openstack.cleanup.manager [-] Deleting neutron.port object s_rally_91d35864_zRJBNAK7 (01114335-abb1-42bd-813a-064ffbf9785e)
2019-06-14 02:51:12.733 22126 RALLYDEBUG rally_openstack.cleanup.manager [-] Deleting neutron.port object s_rally_91d35864_Wt25XgCK (067132ea-c40c-4432-a22a-3606a1939619)
2019-06-14 02:51:12.735 22126 RALLYDEBUG rally_openstack.cleanup.manager [-] Deleting neutron.port object s_rally_91d35864_JVwvrI2Z (00899340-2999-4a56-aea6-36390f3ecd9a)
2019-06-14 02:51:12.736 22126 RALLYDEBUG rally_openstack.cleanup.manager [-] Deleting neutron.port object s_rally_91d35864_MJl5Miqo (00e9a6be-b598-4288-b947-09fecb0ec7dc)
2019-06-14 02:51:12.736 22126 RALLYDEBUG rally_openstack.cleanup.manager [-] Deleting neutron.port object s_rally_91d35864_VlDEAEaX (0395d8f9-7228-40f6-b9df-f07c4a474bad)
2019-06-14 02:51:12.745 22126 RALLYDEBUG rally_openstack.cleanup.manager [-] Deleting neutron.port object s_rally_91d35864_GyvbXYba (0424dad3-07ab-4b8a-9318-58e40aa33484)
2019-06-14 02:51:12.746 22126 RALLYDEBUG rally_openstack.cleanup.manager [-] Deleting neutron.port object s_rally_91d35864_rNbdmKB3 (04e2efd6-a537-42cc-a313-5110d9a84ac7)
2019-06-14 02:51:12.756 22126 RALLYDEBUG rally_openstack.cleanup.manager [-] Deleting neutron.port object s_rally_91d35864_d4HeGGNq (02ccf372-710c-4d9b-bd09-dfc2bc82fd1f)
2019-06-14 02:51:12.762 22126 RALLYDEBUG rally_openstack.cleanup.manager [-] Deleting neutron.port object s_rally_91d35864_n2rtQLPb (0396ab7a-7e3b-40cd-8058-1d8ff75a35ab)
2019-06-14 02:51:12.768 22126 RALLYDEBUG rally_openstack.cleanup.manager [-] Deleting neutron.port object s_rally_91d35864_38fGtNq7 (061d0764-7dd6-4a57-808d-b09835c12d5a)
2019-06-14 02:51:12.773 22126 RALLYDEBUG rally_openstack.cleanup.manager [-] Deleting neutron.port object s_rally_91d35864_XHE7TZdE (0525b3f1-ac8f-4579-aae9-728651035041)
2019-06-14 02:51:12.797 22126 RALLYDEBUG rally_openstack.cleanup.manager [-] Deleting neutron.port object s_rally_91d35864_qiLECwPv (000d3b47-3f1d-4a21-823d-3a34dda5cb20)
2019-06-14 02:51:14.944 22126 RALLYDEBUG rally_openstack.cleanup.manager [-] Deleting neutron.port object s_rally_91d35864_Jt7sO5cC (0686b103-8c9b-4336-982c-1dac2bef42b9)
2019-06-14 02:51:15.088 22126 RALLYDEBUG rally_openstack.cleanup.manager [-] Deleting neutron.port object s_rally_91d35864_INUfz28V (06dd466b-4db0-4e9f-a615-41f7ee821c34)
2019-06-14 02:51:15.181 22126 RALLYDEBUG rally_openstack.cleanup.manager [-] Deleting neutron.port object s_rally_91d35864_fHTertKD (070ac586-d452-4352-a415-e05db6f30a15)
2019-06-14 02:51:15.439 22126 RALLYDEBUG rally_openstack.cleanup.manager [-] Deleting neutron.port object s_rally_91d35864_zpaKV4Qa (07cabe0c-85de-4804-95bb-c1928941f2f4)
2019-06-14 02:51:15.455 22126 RALLYDEBUG rally_openstack.cleanup.manager [-] Deleting neutron.port object s_rally_91d35864_RYRqqK5n (07e55330-6891-4851-8822-0d84dea02982)
2019-06-14 02:51:15.596 22126 RALLYDEBUG rally_openstack.cleanup.manager [-] Deleting neutron.port object s_rally_91d35864_78ZgqZAh (07f8f929-5d49-4f8f-b4d1-fd596bddffde)
2019-06-14 02:51:15.730 22126 RALLYDEBUG rally_openstack.cleanup.manager [-] Deleting neutron.port object s_rally_91d35864_iVfPVML4 (08f6d159-b2f3-43f1-b9e8-242176ebf124)
2019-06-14 02:51:15.730 22126 RALLYDEBUG rally_openstack.cleanup.manager [-] Deleting neutron.port object s_rally_91d35864_vtvVKy63 (08f765f9-d6fa-4704-96dd-56e2d6b39207)
2019-06-14 02:51:15.748 22126 RALLYDEBUG rally_openstack.cleanup.manager [-] Deleting neutron.port object s_rally_91d35864_T0HTiNWj (09278978-55c9-4b37-b191-a7ec1314b833)
2019-06-14 02:51:15.766 22126 RALLYDEBUG rally_openstack.cleanup.manager [-] Deleting neutron.port object s_rally_91d35864_J1UNymFm (092d6e42-b768-42b1-b6a5-d26a24d538b0)
2019-06-14 02:51:15.779 22126 RALLYDEBUG rally_openstack.cleanup.manager [-] Deleting neutron.port object s_rally_91d35864_ruacbOtE (09c31220-ac6d-4171-ba15-7e461e0e562b)
2019-06-14 02:51:15.791 22126 RALLYDEBUG rally_openstack.cleanup.manager [-] Deleting neutron.port object s_rally_91d35864_NxXbBNXr (0975ba1e-9e6d-4f10-b41e-0ff8d33b0b7c)
2019-06-14 02:51:15.802 22126 RALLYDEBUG rally_openstack.cleanup.manager [-] Deleting neutron.port object s_rally_91d35864_4cxeFwfy (09df61f9-e908-4469-90e6-85411fefd329)
2019-06-14 02:51:15.902 22126 RALLYDEBUG rally_openstack.cleanup.manager [-] Deleting neutron.port object s_rally_91d35864_C9awTsDx (0b79feff-5416-45d1-a7f4-bbe409d81237)
2019-06-14 02:51:15.926 22126 RALLYDEBUG rally_openstack.cleanup.manager [-] Deleting neutron.port object s_rally_91d35864_VAVefMbt (0d0a56fe-3c20-4cb7-b906-33ed5673f0e5)
2019-06-14 02:51:16.163 22126 RALLYDEBUG rally_openstack.cleanup.manager [-] Deleting neutron.port object s_rally_91d35864_nFcwhgqB (0e93c172-c73b-4d5a-a249-1ada95e2c06d)
2019-06-14 02:51:16.169 22126 RALLYDEBUG rally_openstack.cleanup.manager [-] Deleting neutron.port object s_rally_91d35864_Jdh6JdBz (0d7e7aef-d549-4a2b-8cca-a7f16c1cdd03)
2019-06-14 02:51:16.315 22126 RALLYDEBUG rally_openstack.cleanup.manager [-] Deleting neutron.port object s_rally_91d35864_lKFo8vKw (10bd3bc1-82da-406c-bc24-eca79dcc05fc)
2019-06-14 02:51:16.355 22126 RALLYDEBUG rally_openstack.cleanup.manager [-] Deleting neutron.port object s_rally_91d35864_58Jgc8DT (10edfca9-7310-42ce-9778-0d12aad1c778)
2019-06-14 02:51:16.367 22126 RALLYDEBUG rally_openstack.cleanup.manager [-] Deleting neutron.port object s_rally_91d35864_xwS4Nkwx (112113f7-4864-4b84-ae17-980cbf4bda92)
2019-06-14 02:51:16.831 22126 RALLYDEBUG rally_openstack.cleanup.manager [-] Deleting neutron.port object s_rally_91d35864_vZkOhhYF (117ec7bf-76a6-4260-93be-b9b3988375aa)
2019-06-14 02:51:17.350 22126 RALLYDEBUG rally_openstack.cleanup.manager [-] Deleting neutron.port object s_rally_91d35864_u7Cd3qkz (12596cce-eab0-4732-b599-794a97b853ef)
2019-06-14 02:51:17.407 22126 RALLYDEBUG rally_openstack.cleanup.manager [-] Deleting neutron.port object s_rally_91d35864_NitHlBRe (12ad506a-54b7-41d5-8aa8-f203340b5136)
2019-06-14 02:51:17.473 22126 RALLYDEBUG rally_openstack.cleanup.manager [-] Deleting neutron.port object s_rally_91d35864_aWDdLdS8 (13373a52-36a6-4b5f-839c-88e83061bd63)
2019-06-14 02:51:17.609 22126 RALLYDEBUG rally_openstack.cleanup.manager [-] Deleting neutron.port object s_rally_91d35864_qfUAuIBH (135f41e6-4009-459e-8fa5-60545c09f8d6)
2019-06-14 02:51:17.816 22126 RALLYDEBUG rally_openstack.cleanup.manager [-] Deleting neutron.port object s_rally_91d35864_HO0OF31m (1386e42e-fcbc-459d-aa55-263524f2eaa4)
2019-06-14 02:51:18.046 22126 RALLYDEBUG rally_openstack.cleanup.manager [-] Deleting neutron.port object s_rally_91d35864_TrFTCeB6 (139f971f-576b-4542-920e-c1df29283e77)
2019-06-14 02:51:18.125 22126 RALLYDEBUG rally_openstack.cleanup.manager [-] Deleting neutron.port object s_rally_91d35864_QWJR3ALu (13fe40cd-cb35-452b-8e64-f0bbeac92e3b)
2019-06-14 02:51:18.138 22126 RALLYDEBUG rally_openstack.cleanup.manager [-] Deleting neutron.port object s_rally_91d35864_6zciqLys (144895f6-f95f-411a-91e8-c69f233af171)
2019-06-14 02:51:18.157 22126 RALLYDEBUG rally_openstack.cleanup.manager [-] Deleting neutron.port object s_rally_91d35864_1L2alNZ7 (14c1abda-8b26-4bc6-89e1-5c7ac2150a77)
2019-06-14 02:51:18.180 22126 RALLYDEBUG rally_openstack.cleanup.manager [-] Deleting neutron.port object s_rally_91d35864_Cs8N7r4U (14c52257-7e30-48fb-8398-98be3a13ba57)
2019-06-14 02:51:18.259 22126 RALLYDEBUG rally_openstack.cleanup.manager [-] Deleting neutron.port object s_rally_91d35864_u0zLmDCn (14e21c92-7ae0-4f5b-b17f-94f156436e33)
2019-06-14 02:51:18.411 22126 RALLYDEBUG rally_openstack.cleanup.manager [-] Deleting neutron.port object s_rally_91d35864_z7D1cgCR (1599652a-d0da-491d-a1cf-e66f1ea28213)
2019-06-14 02:51:18.411 22126 RALLYDEBUG rally_openstack.cleanup.manager [-] Deleting neutron.port object s_rally_91d35864_MOGclI1H (15d134a1-22c0-4579-8474-0ae62d8592c8)
2019-06-14 02:51:18.419 22126 RALLYDEBUG rally_openstack.cleanup.manager [-] Deleting neutron.port object s_rally_91d35864_fy9R8Ntd (16f610de-12d6-45ed-b2ad-a42306fb70da)
2019-06-14 02:51:18.473 22126 RALLYDEBUG rally_openstack.cleanup.manager [-] Deleting neutron.port object s_rally_91d35864_Z0GgReKr (1713b0bf-4fcd-4591-86b6-0ccb9c5076de)
2019-06-14 02:51:18.473 22126 RALLYDEBUG rally_openstack.cleanup.manager [-] Deleting neutron.port object s_rally_91d35864_CCBfFhGQ (1702471c-331b-408a-85ea-4075dd247634)
2019-06-14 02:51:18.668 22126 RALLYDEBUG rally_openstack.cleanup.manager [-] Deleting neutron.port object s_rally_91d35864_ZcYKUUw6 (176d964c-a359-445b-b29f-0ac131763d08)
2019-06-14 02:51:18.698 22126 RALLYDEBUG rally_openstack.cleanup.manager [-] Deleting neutron.port object s_rally_91d35864_hF0InqxU (17b370c1-c91e-4b4b-b484-57cab5d8fe39)
2019-06-14 02:51:18.786 22126 RALLYDEBUG rally_openstack.cleanup.manager [-] Deleting neutron.port object s_rally_91d35864_AoCBVMVO (17cbfa1f-be93-4f50-a9e9-8f204678eca3)
2019-06-14 02:51:18.807 22126 RALLYDEBUG rally_openstack.cleanup.manager [-] Deleting neutron.port object s_rally_91d35864_PKloD4F1 (185f1e24-a8ba-4f24-bb12-8d1c1ce2a16e)
2019-06-14 02:51:19.385 22126 RALLYDEBUG rally_openstack.cleanup.manager [-] Deleting neutron.port object s_rally_91d35864_QsHQIJpR (188d0bb3-63a4-4f42-ae9e-9ae5ac8a0ef3)
2019-06-14 02:51:19.685 22126 RALLYDEBUG rally_openstack.cleanup.manager [-] Deleting neutron.port object s_rally_91d35864_UnlUwikH (18ddf2cc-6f9e-4063-97a0-eaaa8b5784e5)
2019-06-14 02:51:19.838 22126 RALLYDEBUG rally_openstack.cleanup.manager [-] Deleting neutron.port object s_rally_91d35864_ZZIkMK4n (19558bf8-0e84-4f70-8edf-1af619e445b0)
2019-06-14 02:51:19.860 22126 RALLYDEBUG rally_openstack.cleanup.manager [-] Deleting neutron.port object s_rally_91d35864_oMSqdO0x (1a09ac8a-4a34-4029-bd6b-c764ceb7704b)
2019-06-14 02:51:20.012 22126 RALLYDEBUG rally_openstack.cleanup.manager [-] Deleting neutron.port object s_rally_91d35864_cM0YKplI (1b07ebd2-59cd-43ff-a476-cda2200a5112)
2019-06-14 02:51:20.122 22126 RALLYDEBUG rally_openstack.cleanup.manager [-] Deleting neutron.port object s_rally_91d35864_K4geSrxa (1b540713-7f9d-4632-b777-74f0eb86c39d)
2019-06-14 02:51:20.222 22126 RALLYDEBUG rally_openstack.cleanup.manager [-] Deleting neutron.port object s_rally_91d35864_lHSLL8G5 (1d20e005-852a-4c42-bba0-25de06014974)
2019-06-14 02:51:20.270 22126 RALLYDEBUG rally_openstack.cleanup.manager [-] Deleting neutron.port object s_rally_91d35864_VJ3Z7DoL (1d855057-5cd3-4215-9e73-b9ecf5b5023a)
2019-06-14 02:51:20.446 22126 RALLYDEBUG rally_openstack.cleanup.manager [-] Deleting neutron.port object s_rally_91d35864_LOy3F3p8 (1dc29fbb-ee80-49b8-9ef9-2bc9897b505c)
2019-06-14 02:51:20.479 22126 RALLYDEBUG rally_openstack.cleanup.manager [-] Deleting neutron.port object s_rally_91d35864_23VEZYUF (1e3bc26c-9417-4bf0-9bc6-0ef892df3f2a)
2019-06-14 02:51:20.537 22126 RALLYDEBUG rally_openstack.cleanup.manager [-] Deleting neutron.port object s_rally_91d35864_kxUnsPfq (1e5865a0-e93f-4144-92ce-04a47e457698)
2019-06-14 02:51:20.609 22126 RALLYDEBUG rally_openstack.cleanup.manager [-] Deleting neutron.port object s_rally_91d35864_s8zqa9A6 (1f5380f7-0d25-4945-92e8-57c11444c31d)
2019-06-14 02:51:20.783 22126 RALLYDEBUG rally_openstack.cleanup.manager [-] Deleting neutron.port object s_rally_91d35864_SJFu9RTf (20001335-e32c-45de-b487-ce0aac802e77)
2019-06-14 02:51:20.830 22126 RALLYDEBUG rally_openstack.cleanup.manager [-] Deleting neutron.port object s_rally_91d35864_Qz4FLyL1 (2024eacd-c8be-46b7-b411-54d1ee672f57)
2019-06-14 02:51:20.863 22126 RALLYDEBUG rally_openstack.cleanup.manager [-] Deleting neutron.port object s_rally_91d35864_aiszBPKV (20bdd335-2231-4bee-b2e7-defc493fe3bb)
2019-06-14 02:51:20.936 22126 RALLYDEBUG rally_openstack.cleanup.manager [-] Deleting neutron.port object s_rally_91d35864_OBegBYru (20fd51ca-91ef-4447-b3bb-09ceae5ac59f)
2019-06-14 02:51:20.943 22126 RALLYDEBUG rally_openstack.cleanup.manager [-] Deleting neutron.port object s_rally_91d35864_wCcvsvCh (2178d4ea-14c8-4e8d-b985-6de0dd470ba0)
2019-06-14 02:51:20.975 22126 RALLYDEBUG rally_openstack.cleanup.manager [-] Deleting neutron.port object s_rally_91d35864_iVnWjNVe (21e04aed-7012-4860-a03e-3fc7800a0086)
2019-06-14 02:51:21.285 22126 RALLYDEBUG rally_openstack.cleanup.manager [-] Deleting neutron.port object s_rally_91d35864_fjDtBqEL (21e4fce1-f1ac-4ca3-b280-410f07f19e64)
2019-06-14 02:51:21.383 22126 RALLYDEBUG rally_openstack.cleanup.manager [-] Deleting neutron.port object s_rally_91d35864_VDJsrIj5 (229f95ad-156a-4335-9cf1-13ae5babf89c)
2019-06-14 02:51:21.665 22126 RALLYDEBUG rally_openstack.cleanup.manager [-] Deleting neutron.port object s_rally_91d35864_T9KAAePo (22bbacbb-56c2-456e-8d15-b3f0a8a84054)
2019-06-14 02:51:21.748 22126 RALLYDEBUG rally_openstack.cleanup.manager [-] Deleting neutron.port object s_rally_91d35864_l8E9AKUA (22bbd68e-e620-4899-9c15-7106b7588515)
2019-06-14 02:51:22.103 22126 RALLYDEBUG rally_openstack.cleanup.manager [-] Deleting neutron.port object s_rally_91d35864_fkT2dYJw (22ec98f6-473a-486e-a738-2d80780dd774)
2019-06-14 02:51:22.169 22126 RALLYDEBUG rally_openstack.cleanup.manager [-] Deleting neutron.port object s_rally_91d35864_SunHRt0I (233e4175-c8fc-4412-a6d3-82b60b176378)
2019-06-14 02:51:22.210 22126 RALLYDEBUG rally_openstack.cleanup.manager [-] Deleting neutron.port object s_rally_91d35864_osSyxKim (2392bd3a-f2e7-41fc-b1a6-2339aab9b8da)
2019-06-14 02:51:22.233 22126 RALLYDEBUG rally_openstack.cleanup.manager [-] Deleting neutron.port object s_rally_91d35864_IAkGP7rM (23abc3df-38d2-4d61-a402-092a66d34177)
2019-06-14 02:51:22.600 22126 RALLYDEBUG rally_openstack.cleanup.manager [-] Deleting neutron.port object s_rally_91d35864_9ykI9hD0 (244d92e0-4ee4-4efe-8d38-edd27b1a671b)
2019-06-14 02:51:22.710 22126 RALLYDEBUG rally_openstack.cleanup.manager [-] Deleting neutron.port object s_rally_91d35864_yyaRbvOV (2486c0e1-eebf-48a3-a242-3d5f9798cd8e)
2019-06-14 02:51:22.796 22126 RALLYDEBUG rally_openstack.cleanup.manager [-] Deleting neutron.port object s_rally_91d35864_TVLz85eo (24a4a6c6-7e4d-48a8-b89a-5dceb8e0584b)
2019-06-14 02:51:22.805 22126 RALLYDEBUG rally_openstack.cleanup.manager [-] Deleting neutron.port object s_rally_91d35864_tGtaUj3s (250aa384-a6b5-4213-844a-5467980889b7)
2019-06-14 02:51:22.917 22126 RALLYDEBUG rally_openstack.cleanup.manager [-] Deleting neutron.port object s_rally_91d35864_yZIRgwnc (26e6e97f-3123-4fac-8c08-a5e4b1745f9f)
2019-06-14 02:51:23.021 22126 RALLYDEBUG rally_openstack.cleanup.manager [-] Deleting neutron.port object s_rally_91d35864_01w7Eoys (26ea7a22-7746-4bb8-b19f-9a6fc0bbf6c5)
2019-06-14 02:51:23.198 22126 RALLYDEBUG rally_openstack.cleanup.manager [-] Deleting neutron.port object s_rally_91d35864_9Xz5sn7h (2746fdf9-3724-4772-8b20-ca68e4a93a52)
2019-06-14 02:51:23.240 22126 RALLYDEBUG rally_openstack.cleanup.manager [-] Deleting neutron.port object s_rally_91d35864_c2cPoyGl (277a1b24-aae2-4442-9aee-e8dda4ba2820)
2019-06-14 02:51:23.248 22126 RALLYDEBUG rally_openstack.cleanup.manager [-] Deleting neutron.port object s_rally_91d35864_tgv1rjIB (27ad99b7-e5b3-402c-9599-2ea2dfc75519)
2019-06-14 02:51:23.457 22126 RALLYDEBUG rally_openstack.cleanup.manager [-] Deleting neutron.port object s_rally_91d35864_l0alxBm4 (27b7de90-516d-4a31-8d45-6b14b7c6083d)
2019-06-14 02:51:23.708 22126 RALLYDEBUG rally_openstack.cleanup.manager [-] Deleting neutron.port object s_rally_91d35864_q4Mh2zOA (27c0a502-7781-4558-834a-a928ed2c4abb)
