2019-06-14 02:47:41.342 22126 RALLYDEBUG rally_openstack.cleanup.manager [-] Deleting neutron.port object s_rally_c6189bb9_sKxVECUz (4c6b8a46-7c94-49db-a7a8-0fe1232e0cc5)
2019-06-14 02:47:41.440 22126 RALLYDEBUG rally_openstack.cleanup.manager [-] Deleting neutron.port object s_rally_c6189bb9_W1fWw5pp (507f12c7-869e-49b0-b712-696f9bdc9e7c)
2019-06-14 02:47:41.500 22126 RALLYDEBUG rally_openstack.cleanup.manager [-] Deleting neutron.port object s_rally_c6189bb9_aUjx9JOS (51fb5f05-8e19-4953-9732-4c98c7dd10c1)
2019-06-14 02:47:41.637 22126 RALLYDEBUG rally_openstack.cleanup.manager [-] Deleting neutron.port object s_rally_c6189bb9_x2dvbivC (54245ee2-524d-4bf2-a7a8-0a7692346938)
2019-06-14 02:47:41.662 22126 RALLYDEBUG rally_openstack.cleanup.manager [-] Deleting neutron.port object s_rally_c6189bb9_kT7gX2P9 (548e8f5e-eb5f-4c4e-ade3-dddfb7e712dd)
2019-06-14 02:47:41.907 22126 RALLYDEBUG rally_openstack.cleanup.manager [-] Deleting neutron.port object s_rally_c6189bb9_ZCaJEFXC (57350ae6-09d2-43e1-a56b-c2667821c8b4)
2019-06-14 02:47:42.054 22126 RALLYDEBUG rally_openstack.cleanup.manager [-] Deleting neutron.port object s_rally_c6189bb9_rekI3sI8 (5760fb26-f24a-4932-8377-3eb71985bb94)
2019-06-14 02:47:42.055 22126 RALLYDEBUG rally_openstack.cleanup.manager [-] Deleting neutron.port object s_rally_c6189bb9_L9YSjsqu (5823478d-41e8-48a9-9262-f68077e48a80)
2019-06-14 02:47:42.113 22126 RALLYDEBUG rally_openstack.cleanup.manager [-] Deleting neutron.port object s_rally_c6189bb9_sIrtWCMe (5a09f6b3-677c-4c7d-bff4-14945238e6b0)
2019-06-14 02:47:42.204 22126 RALLYDEBUG rally_openstack.cleanup.manager [-] Deleting neutron.port object s_rally_c6189bb9_Ki3YId83 (5a9fe08d-4236-44c2-a348-14cd95f0a89f)
2019-06-14 02:47:42.299 22126 RALLYDEBUG rally_openstack.cleanup.manager [-] Deleting neutron.port object s_rally_c6189bb9_nnJP96Po (5be80c28-e5c4-4e78-94e8-2bf98505fa37)
2019-06-14 02:47:42.464 22126 RALLYDEBUG rally_openstack.cleanup.manager [-] Deleting neutron.port object s_rally_c6189bb9_d2K1HnzB (5d8d9047-83eb-46d1-8fa2-e33f7b5afb6e)
2019-06-14 02:47:42.645 22126 RALLYDEBUG rally_openstack.cleanup.manager [-] Deleting neutron.port object s_rally_c6189bb9_cqE0cOWR (6181d38b-cf23-4df5-bf91-8cfec5723665)
2019-06-14 02:47:42.861 22126 RALLYDEBUG rally_openstack.cleanup.manager [-] Deleting neutron.port object s_rally_c6189bb9_VOjcMiEq (62f07495-18f7-4253-b691-3af8955469a0)
2019-06-14 02:47:42.932 22126 RALLYDEBUG rally_openstack.cleanup.manager [-] Deleting neutron.port object s_rally_c6189bb9_bC67K0pY (667770ee-3b6c-4449-a161-b1c7745913c6)
2019-06-14 02:47:42.952 22126 RALLYDEBUG rally_openstack.cleanup.manager [-] Deleting neutron.port object s_rally_c6189bb9_0FtYWaJp (66b3e245-4b86-4ada-a9b5-5d3e19aab9c3)
2019-06-14 02:47:42.960 22126 RALLYDEBUG rally_openstack.cleanup.manager [-] Deleting neutron.port object s_rally_c6189bb9_df0tj5Wb (6878083f-3838-4b77-809c-06602d38845e)
2019-06-14 02:47:43.134 22126 RALLYDEBUG rally_openstack.cleanup.manager [-] Deleting neutron.port object s_rally_c6189bb9_J1Ahc5kL (691e5003-7454-4155-bdb3-741be2890497)
2019-06-14 02:47:43.240 22126 RALLYDEBUG rally_openstack.cleanup.manager [-] Deleting neutron.port object s_rally_c6189bb9_hLX302LW (6a1ffb95-59a9-462d-a101-e5d612aa6d1f)
2019-06-14 02:47:43.355 22126 RALLYDEBUG rally_openstack.cleanup.manager [-] Deleting neutron.port object s_rally_c6189bb9_ipHO8k9U (6a4ad6f6-d67e-4165-be96-cc5e59574161)
2019-06-14 02:47:43.390 22126 RALLYDEBUG rally_openstack.cleanup.manager [-] Deleting neutron.port object s_rally_c6189bb9_U9RM7jQs (6cdcf812-922b-4979-9ccb-4c2406d56fd4)
2019-06-14 02:47:43.547 22126 RALLYDEBUG rally_openstack.cleanup.manager [-] Deleting neutron.port object s_rally_c6189bb9_iOXdic9l (6feab4a3-f78b-4370-b509-b06d3774d317)
2019-06-14 02:47:43.675 22126 RALLYDEBUG rally_openstack.cleanup.manager [-] Deleting neutron.port object s_rally_c6189bb9_1FP37tyd (7328f714-fc9d-4f79-82fb-efe942f16f3b)
2019-06-14 02:47:43.795 22126 RALLYDEBUG rally_openstack.cleanup.manager [-] Deleting neutron.port object s_rally_c6189bb9_Ht2oeKII (764b17de-1464-4216-a765-2a933c706b47)
2019-06-14 02:47:43.998 22126 RALLYDEBUG rally_openstack.cleanup.manager [-] Deleting neutron.port object s_rally_c6189bb9_ZUN54rAH (77b6c0dd-0c48-4a32-a427-5df92864408c)
2019-06-14 02:47:44.139 22126 RALLYDEBUG rally_openstack.cleanup.manager [-] Deleting neutron.port object s_rally_c6189bb9_AsxdkLtH (7825c063-3614-4339-867d-c01d65b4b5f1)
2019-06-14 02:47:44.167 22126 RALLYDEBUG rally_openstack.cleanup.manager [-] Deleting neutron.port object s_rally_c6189bb9_sEbpzwzj (7930cbb6-92e4-477b-a52d-e613365d45e4)
2019-06-14 02:47:44.432 22126 RALLYDEBUG rally_openstack.cleanup.manager [-] Deleting neutron.port object s_rally_c6189bb9_nHPfOe91 (799ede6a-16db-46d8-8ba2-c841efa33cac)
2019-06-14 02:47:44.506 22126 RALLYDEBUG rally_openstack.cleanup.manager [-] Deleting neutron.port object s_rally_c6189bb9_jMqXOTME (7d929b3f-e81a-4283-b483-ce04c27c97b4)
2019-06-14 02:47:44.558 22126 RALLYDEBUG rally_openstack.cleanup.manager [-] Deleting neutron.port object s_rally_c6189bb9_ob3qDnmx (82305f6a-379f-4cae-bbb9-f53f4b018d9d)
2019-06-14 02:47:44.561 22126 RALLYDEBUG rally_openstack.cleanup.manager [-] Deleting neutron.port object s_rally_c6189bb9_lqo57ab9 (82bfb947-6dd7-48f3-bdb9-1cba759aed05)
2019-06-14 02:47:44.574 22126 RALLYDEBUG rally_openstack.cleanup.manager [-] Deleting neutron.port object s_rally_c6189bb9_KC0svPkv (82d92d50-b913-435f-820e-adee1e53ed19)
2019-06-14 02:47:44.740 22126 RALLYDEBUG rally_openstack.cleanup.manager [-] Deleting neutron.port object s_rally_c6189bb9_wtQWWmWR (8589ae77-f9e8-421b-a7f7-251a5bf880da)
2019-06-14 02:47:45.021 22126 RALLYDEBUG rally_openstack.cleanup.manager [-] Deleting neutron.port object s_rally_c6189bb9_8cSUMXFM (8632c9ab-6c40-43fc-8e46-2f36a1cb34dd)
2019-06-14 02:47:45.041 22126 RALLYDEBUG rally_openstack.cleanup.manager [-] Deleting neutron.port object s_rally_c6189bb9_XIxo1QlQ (86409445-72cc-46e6-89b6-4c4b20194698)
2019-06-14 02:47:45.165 22126 RALLYDEBUG rally_openstack.cleanup.manager [-] Deleting neutron.port object s_rally_c6189bb9_pmZkmxQV (868fcc03-a95f-4c7a-82e3-7a98fd910527)
2019-06-14 02:47:45.337 22126 RALLYDEBUG rally_openstack.cleanup.manager [-] Deleting neutron.port object s_rally_c6189bb9_ZVyRLdUL (873f3312-f637-4fd4-a9b9-551e8a68ffdb)
2019-06-14 02:47:45.347 22126 RALLYDEBUG rally_openstack.cleanup.manager [-] Deleting neutron.port object s_rally_c6189bb9_3NEjGVS2 (87d60f21-fc8e-4ea8-95d4-23b23340ed24)
2019-06-14 02:47:45.359 22126 RALLYDEBUG rally_openstack.cleanup.manager [-] Deleting neutron.port object s_rally_c6189bb9_iMJGuFsK (88be99ee-da8f-459a-bd01-66775847b074)
2019-06-14 02:47:45.580 22126 RALLYDEBUG rally_openstack.cleanup.manager [-] Deleting neutron.port object s_rally_c6189bb9_HB2zY2tI (896b9a6e-c844-4a7e-836f-eecaf29c17af)
2019-06-14 02:47:45.616 22126 RALLYDEBUG rally_openstack.cleanup.manager [-] Deleting neutron.port object s_rally_c6189bb9_IAFNTcs3 (89de1a5a-1010-4a51-966c-7ac440dc4cc9)
2019-06-14 02:47:45.718 22126 RALLYDEBUG rally_openstack.cleanup.manager [-] Deleting neutron.port object s_rally_c6189bb9_eYxHifVT (89e5fe46-0ece-4772-9a45-49912808d32e)
2019-06-14 02:47:45.868 22126 RALLYDEBUG rally_openstack.cleanup.manager [-] Deleting neutron.port object s_rally_c6189bb9_v7cjFVFK (8a6dae77-2f1d-4f7c-b2b9-ec0a64d9b5d7)
2019-06-14 02:47:46.193 22126 RALLYDEBUG rally_openstack.cleanup.manager [-] Deleting neutron.port object s_rally_c6189bb9_Ei0yTECB (8d34b30c-4839-4c2a-aa77-b1a2d644fade)
2019-06-14 02:47:46.264 22126 RALLYDEBUG rally_openstack.cleanup.manager [-] Deleting neutron.port object s_rally_c6189bb9_aT6VgvLn (8f896432-ba0f-4434-b4e7-eb6618964644)
2019-06-14 02:47:46.362 22126 RALLYDEBUG rally_openstack.cleanup.manager [-] Deleting neutron.port object s_rally_c6189bb9_5C620NWf (8fdf04e5-c37b-4bd9-975f-bada6015a7ff)
2019-06-14 02:47:46.565 22126 RALLYDEBUG rally_openstack.cleanup.manager [-] Deleting neutron.port object s_rally_c6189bb9_JqBFNGux (8febb2e4-4386-4d70-bea3-c12f896bf93a)
2019-06-14 02:47:46.568 22126 RALLYDEBUG rally_openstack.cleanup.manager [-] Deleting neutron.port object s_rally_c6189bb9_GguUwyJk (916e8497-bf08-4bfe-b085-be202456aa4e)
2019-06-14 02:47:46.573 22126 RALLYDEBUG rally_openstack.cleanup.manager [-] Deleting neutron.port object s_rally_c6189bb9_s0w8yy6D (920e971d-ffad-4273-9718-7e0da9c3c73a)
2019-06-14 02:47:46.598 22126 RALLYDEBUG rally_openstack.cleanup.manager [-] Deleting neutron.port object s_rally_c6189bb9_IKmv6Pn9 (925335c5-6951-4e25-9b4c-4e680cb3bb9a)
2019-06-14 02:47:46.617 22126 RALLYDEBUG rally_openstack.cleanup.manager [-] Deleting neutron.port object s_rally_c6189bb9_fsi98UqD (93801390-c5ae-4857-9555-ad9788df60c6)
2019-06-14 02:47:46.635 22126 RALLYDEBUG rally_openstack.cleanup.manager [-] Deleting neutron.port object s_rally_c6189bb9_pW7n79Pl (94402326-782f-4725-af84-ec488afdf7d3)
2019-06-14 02:47:46.857 22126 RALLYDEBUG rally_openstack.cleanup.manager [-] Deleting neutron.port object s_rally_c6189bb9_qrZzz3Dw (951a2df0-4c2f-4554-9d91-b46148a2ec87)
2019-06-14 02:47:47.056 22126 RALLYDEBUG rally_openstack.cleanup.manager [-] Deleting neutron.port object s_rally_c6189bb9_Of8EcGU9 (9747a200-bafc-411d-becf-68a6baf0ed9c)
2019-06-14 02:47:47.089 22126 RALLYDEBUG rally_openstack.cleanup.manager [-] Deleting neutron.port object s_rally_c6189bb9_JXwc4Hyo (97dbb5ba-fa11-486c-bf77-a14c3294c15d)
2019-06-14 02:47:47.198 22126 RALLYDEBUG rally_openstack.cleanup.manager [-] Deleting neutron.port object s_rally_c6189bb9_FwXByXCS (995457f6-6b06-400f-bb1b-9978d08eb5d1)
2019-06-14 02:47:47.246 22126 RALLYDEBUG rally_openstack.cleanup.manager [-] Deleting neutron.port object s_rally_c6189bb9_JEDBa3Vy (99ef7036-d53f-4df3-a945-9dbfed6cd3d5)
2019-06-14 02:47:47.262 22126 RALLYDEBUG rally_openstack.cleanup.manager [-] Deleting neutron.port object s_rally_c6189bb9_avfNa84z (9ab20ef2-647d-4e50-8410-33f8b5979833)
2019-06-14 02:47:47.272 22126 RALLYDEBUG rally_openstack.cleanup.manager [-] Deleting neutron.port object s_rally_c6189bb9_PK88nSfx (9c389ddc-ea24-4c39-a381-bb542aa3c3df)
2019-06-14 02:47:47.404 22126 RALLYDEBUG rally_openstack.cleanup.manager [-] Deleting neutron.port object s_rally_c6189bb9_TMj0tkR2 (9cc139b4-7b66-4cf7-980c-b06c296564d6)
2019-06-14 02:47:47.465 22126 RALLYDEBUG rally_openstack.cleanup.manager [-] Deleting neutron.port object s_rally_c6189bb9_Hz4K41bS (9d5f9400-d750-48ae-aa92-9e2d4fa03c33)
2019-06-14 02:47:47.517 22126 RALLYDEBUG rally_openstack.cleanup.manager [-] Deleting neutron.port object s_rally_c6189bb9_NGiKNAHg (9ed0b899-3c53-4d34-ac5f-9dc140934ef9)
2019-06-14 02:47:47.664 22126 RALLYDEBUG rally_openstack.cleanup.manager [-] Deleting neutron.port object s_rally_c6189bb9_wvVcD1mQ (9f5ce5db-c860-4b8c-9c8e-1d7916fe5bab)
2019-06-14 02:47:47.994 22126 RALLYDEBUG rally_openstack.cleanup.manager [-] Deleting neutron.port object s_rally_c6189bb9_IGWfssv6 (9fbe30d0-903a-431f-8f10-355ed96c1038)
2019-06-14 02:47:48.080 22126 RALLYDEBUG rally_openstack.cleanup.manager [-] Deleting neutron.port object s_rally_c6189bb9_7aH4TmSp (a0bd1009-7def-429e-8b89-34729eeaa9d1)
2019-06-14 02:47:48.146 22126 RALLYDEBUG rally_openstack.cleanup.manager [-] Deleting neutron.port object s_rally_c6189bb9_B8dd9zE7 (a1cb853e-455d-4545-9c4f-c3086673a542)
2019-06-14 02:47:48.407 22126 RALLYDEBUG rally_openstack.cleanup.manager [-] Deleting neutron.port object s_rally_c6189bb9_tTveSeiw (a29195fe-fe00-4a40-ada9-1684e28f24e5)
2019-06-14 02:47:48.456 22126 RALLYDEBUG rally_openstack.cleanup.manager [-] Deleting neutron.port object s_rally_c6189bb9_F5vlhbXV (a33eb8b7-1752-4c77-b436-d7170fd9815b)
2019-06-14 02:47:48.538 22126 RALLYDEBUG rally_openstack.cleanup.manager [-] Deleting neutron.port object s_rally_c6189bb9_GIvmMEBP (a3b91b4f-2453-40af-9e2c-afeb26a74c94)
2019-06-14 02:47:48.708 22126 RALLYDEBUG rally_openstack.cleanup.manager [-] Deleting neutron.port object s_rally_c6189bb9_V1D9NBlO (a3be2090-d704-4b18-a648-947156a99a7b)
2019-06-14 02:47:48.892 22126 RALLYDEBUG rally_openstack.cleanup.manager [-] Deleting neutron.port object s_rally_c6189bb9_xdWHwX7a (a4296822-3687-41af-9017-202a8f37515f)
2019-06-14 02:47:48.904 22126 RALLYDEBUG rally_openstack.cleanup.manager [-] Deleting neutron.port object s_rally_c6189bb9_hHE7CBAl (a6fe4496-0546-48e0-a780-42e59af3db09)
2019-06-14 02:47:48.961 22126 RALLYDEBUG rally_openstack.cleanup.manager [-] Deleting neutron.port object s_rally_c6189bb9_xTGENjAY (a7108ec1-ea4a-4e0a-a4d9-6dffa4de500c)
2019-06-14 02:47:49.051 22126 RALLYDEBUG rally_openstack.cleanup.manager [-] Deleting neutron.port object s_rally_c6189bb9_tdkUmFCO (ac6247ba-76b7-43f9-8f40-0799fff2e84f)
2019-06-14 02:47:49.089 22126 RALLYDEBUG rally_openstack.cleanup.manager [-] Deleting neutron.port object s_rally_c6189bb9_jVQf2LMA (ad753b96-2c9b-492e-bb52-aacc497fe985)
2019-06-14 02:47:49.104 22126 RALLYDEBUG rally_openstack.cleanup.manager [-] Deleting neutron.port object s_rally_c6189bb9_sEBD634q (adc0de88-0ebf-4186-bf92-211498a170ff)
2019-06-14 02:47:49.412 22126 RALLYDEBUG rally_openstack.cleanup.manager [-] Deleting neutron.port object s_rally_c6189bb9_XJc49kW1 (afae8f09-315a-47e7-9c81-373b55747ed5)
2019-06-14 02:47:49.439 22126 RALLYDEBUG rally_openstack.cleanup.manager [-] Deleting neutron.port object s_rally_c6189bb9_qReo0m5d (b375d0f9-c526-45cd-9233-817ce8cd49b4)
2019-06-14 02:47:49.479 22126 RALLYDEBUG rally_openstack.cleanup.manager [-] Deleting neutron.port object s_rally_c6189bb9_q97zaWTz (b659ee2d-384e-4906-976f-23baf8f670c1)
2019-06-14 02:47:49.543 22126 RALLYDEBUG rally_openstack.cleanup.manager [-] Deleting neutron.port object s_rally_c6189bb9_63fipPuE (b7359239-487e-4206-b2b7-8b5b5c008f3d)
2019-06-14 02:47:49.568 22126 RALLYDEBUG rally_openstack.cleanup.manager [-] Deleting neutron.port object s_rally_c6189bb9_YFgDxiU0 (b8727e05-049b-4241-841d-ea1495f83850)
2019-06-14 02:47:49.978 22126 RALLYDEBUG rally_openstack.cleanup.manager [-] Deleting neutron.port object s_rally_c6189bb9_FHHrPmpb (b87f4b4b-8cf3-48c4-957d-fe1344847c85)
2019-06-14 02:47:50.050 22126 RALLYDEBUG rally_openstack.cleanup.manager [-] Deleting neutron.port object s_rally_c6189bb9_zVoLzRuj (bc225161-8903-489e-96d7-646138794cd0)
2019-06-14 02:47:50.257 22126 RALLYDEBUG rally_openstack.cleanup.manager [-] Deleting neutron.port object s_rally_c6189bb9_BU2q7Fx0 (bd73f279-c834-45df-923a-3bb8deb706a4)
2019-06-14 02:47:50.271 22126 RALLYDEBUG rally_openstack.cleanup.manager [-] Deleting neutron.port object s_rally_c6189bb9_ZobTG7nW (bd758134-3693-4fd0-955e-2b1403f7fcf1)
2019-06-14 02:47:50.483 22126 RALLYDEBUG rally_openstack.cleanup.manager [-] Deleting neutron.port object s_rally_c6189bb9_I6aW0tSU (c1643228-09af-4a6c-93c3-a603492bfea3)
2019-06-14 02:47:50.592 22126 RALLYDEBUG rally_openstack.cleanup.manager [-] Deleting neutron.port object s_rally_c6189bb9_CjhDwHKs (c2cb8b59-73d0-480d-8bb8-5a71b5c385bd)
2019-06-14 02:47:50.646 22126 RALLYDEBUG rally_openstack.cleanup.manager [-] Deleting neutron.port object s_rally_c6189bb9_uinr7uhC (c37d2454-c66a-4394-93b1-c65abfbee148)
2019-06-14 02:47:50.666 22126 RALLYDEBUG rally_openstack.cleanup.manager [-] Deleting neutron.port object s_rally_c6189bb9_c1CRiRql (c3952605-3ec4-4765-9907-1642fa85637f)
2019-06-14 02:47:50.703 22126 RALLYDEBUG rally_openstack.cleanup.manager [-] Deleting neutron.port object s_rally_c6189bb9_PNe5vU4F (c4b6076e-2e6a-491a-97f5-3fcc321aacfc)
2019-06-14 02:47:50.801 22126 RALLYDEBUG rally_openstack.cleanup.manager [-] Deleting neutron.port object s_rally_c6189bb9_TwtfNjXb (c89941e3-92dc-4431-bac8-b6e1a3af842d)
2019-06-14 02:47:50.911 22126 RALLYDEBUG rally_openstack.cleanup.manager [-] Deleting neutron.port object s_rally_c6189bb9_X59qFDHw (ce899074-03ae-40e7-8c7c-ccf1277237bc)
2019-06-14 02:47:50.924 22126 RALLYDEBUG rally_openstack.cleanup.manager [-] Deleting neutron.port object s_rally_c6189bb9_yFhgoOZA (ceee87bc-b154-400f-b434-1a26eabc87c9)
2019-06-14 02:47:51.017 22126 RALLYDEBUG rally_openstack.cleanup.manager [-] Deleting neutron.port object s_rally_c6189bb9_4LpVqwPG (cf363ea6-dfda-4dfe-9d7a-16bf1d934cf6)
2019-06-14 02:47:51.097 22126 RALLYDEBUG rally_openstack.cleanup.manager [-] Deleting neutron.port object s_rally_c6189bb9_WmLRHAAi (cf55a834-2ab0-4039-b0e8-58426d5eb083)
2019-06-14 02:47:51.134 22126 RALLYDEBUG rally_openstack.cleanup.manager [-] Deleting neutron.port object s_rally_c6189bb9_tzJsrrBm (d08d2939-0ced-417a-bccc-04c8dc876628)
2019-06-14 02:47:51.365 22126 RALLYDEBUG rally_openstack.cleanup.manager [-] Deleting neutron.port object s_rally_c6189bb9_Nj4AYSW8 (d0f1ebb0-ff58-41f4-a0c3-b814684acb4e)
2019-06-14 02:47:51.390 22126 RALLYDEBUG rally_openstack.cleanup.manager [-] Deleting neutron.port object s_rally_c6189bb9_lCozIeWV (d701fb0c-b18a-436c-83af-b9cd7f517015)
2019-06-14 02:47:51.474 22126 RALLYDEBUG rally_openstack.cleanup.manager [-] Deleting neutron.port object s_rally_c6189bb9_v7G921Mr (d875d6fc-5884-4506-81ff-9e527cbf8249)
2019-06-14 02:47:51.571 22126 RALLYDEBUG rally_openstack.cleanup.manager [-] Deleting neutron.port object s_rally_c6189bb9_GwZmZaFQ (d9bcce3a-888b-4427-a5f1-2b232c290de8)
2019-06-14 02:47:51.584 22126 RALLYDEBUG rally_openstack.cleanup.manager [-] Deleting neutron.port object s_rally_c6189bb9_fHR4V0Bl (db17693f-4874-45ee-a0ed-330599aa816c)
2019-06-14 02:47:51.834 22126 RALLYDEBUG rally_openstack.cleanup.manager [-] Deleting neutron.port object s_rally_c6189bb9_N5mB1XbG (dd98fbf2-9754-41be-b110-3697852cfb3c)
2019-06-14 02:47:52.067 22126 RALLYDEBUG rally_openstack.cleanup.manager [-] Deleting neutron.port object s_rally_c6189bb9_MOgDF5Ci (dd9eeac4-d1b2-431f-8b41-87f20ca5722a)
2019-06-14 02:47:52.226 22126 RALLYDEBUG rally_openstack.cleanup.manager [-] Deleting neutron.port object s_rally_c6189bb9_7m6ywuir (ddab3174-3439-4331-9f93-c49677294342)
2019-06-14 02:47:52.326 22126 RALLYDEBUG rally_openstack.cleanup.manager [-] Deleting neutron.port object s_rally_c6189bb9_QXHqB9ZT (dde144f9-86aa-4092-82ff-15fc2694e137)
2019-06-14 02:47:52.412 22126 RALLYDEBUG rally_openstack.cleanup.manager [-] Deleting neutron.port object s_rally_c6189bb9_Rqo1TTmY (df6bb40a-b01e-47ee-adbf-06d3cbcb2729)
2019-06-14 02:47:52.431 22126 RALLYDEBUG rally_openstack.cleanup.manager [-] Deleting neutron.port object s_rally_c6189bb9_1Rd1sOj6 (e2a791eb-48de-43f3-8db2-a27304712a21)
2019-06-14 02:47:52.528 22126 RALLYDEBUG rally_openstack.cleanup.manager [-] Deleting neutron.port object s_rally_c6189bb9_OIa3mUtf (e39820eb-fff3-4879-aaf2-4dacd92a6969)
2019-06-14 02:47:52.689 22126 RALLYDEBUG rally_openstack.cleanup.manager [-] Deleting neutron.port object s_rally_c6189bb9_VLtUsMWA (e4485ea0-90fe-4009-8feb-7e994a544597)
2019-06-14 02:47:52.873 22126 RALLYDEBUG rally_openstack.cleanup.manager [-] Deleting neutron.port object s_rally_c6189bb9_zqy2kOFf (e8834cab-7356-4a3e-a948-4c0dedd46059)
2019-06-14 02:47:53.012 22126 RALLYDEBUG rally_openstack.cleanup.manager [-] Deleting neutron.port object s_rally_c6189bb9_xSYgmIGe (e965a598-6612-4fb4-a42b-4e4afb626c66)
2019-06-14 02:47:53.029 22126 RALLYDEBUG rally_openstack.cleanup.manager [-] Deleting neutron.port object s_rally_c6189bb9_Uh7wxq2v (e982b24f-54ed-4d59-b339-c8beb8a2da90)
2019-06-14 02:47:53.051 22126 RALLYDEBUG rally_openstack.cleanup.manager [-] Deleting neutron.port object s_rally_c6189bb9_Ygui9JJr (e98d3bbf-6c5f-4a7f-82be-7d65db2b98b8)
2019-06-14 02:47:53.082 22126 RALLYDEBUG rally_openstack.cleanup.manager [-] Deleting neutron.port object s_rally_c6189bb9_WUQVm9ch (e9f94a38-8a86-4b09-824b-5b069f216030)
2019-06-14 02:47:53.383 22126 RALLYDEBUG rally_openstack.cleanup.manager [-] Deleting neutron.port object s_rally_c6189bb9_hA19IsRC (ea4c7dcf-e231-4075-80bb-e1ebbae188b7)
2019-06-14 02:47:53.399 22126 RALLYDEBUG rally_openstack.cleanup.manager [-] Deleting neutron.port object s_rally_c6189bb9_UUX0eNmB (ebba2cec-4d84-4d14-8f0b-f25fb162a218)
2019-06-14 02:47:53.437 22126 RALLYDEBUG rally_openstack.cleanup.manager [-] Deleting neutron.port object s_rally_c6189bb9_4PVaCLHz (ec871bd5-cc5b-43e2-b0a4-bdc5a7a5bcdc)
2019-06-14 02:47:53.448 22126 RALLYDEBUG rally_openstack.cleanup.manager [-] Deleting neutron.port object s_rally_c6189bb9_Lzn0xY1g (ee04e4cd-4b65-4785-85b5-946aa1d5fab8)
2019-06-14 02:47:53.520 22126 RALLYDEBUG rally_openstack.cleanup.manager [-] Deleting neutron.port object s_rally_c6189bb9_KJMji2C6 (ee264a48-5a02-4968-8eda-d2383cc3f370)
2019-06-14 02:47:53.555 22126 RALLYDEBUG rally_openstack.cleanup.manager [-] Deleting neutron.port object s_rally_c6189bb9_O0pAseo1 (ef27fedf-860f-471c-b34d-eaa2c57399a5)
2019-06-14 02:47:53.703 22126 RALLYDEBUG rally_openstack.cleanup.manager [-] Deleting neutron.port object s_rally_c6189bb9_eKcNoxrR (f0716cbb-6736-49d7-ba6d-f43e5c35c181)
2019-06-14 02:47:53.857 22126 RALLYDEBUG rally_openstack.cleanup.manager [-] Deleting neutron.port object s_rally_c6189bb9_GAxEJ4GW (f09291a0-279d-477a-85de-48de404c8c1b)
2019-06-14 02:47:53.902 22126 RALLYDEBUG rally_openstack.cleanup.manager [-] Deleting neutron.port object s_rally_c6189bb9_2ZrlZBk4 (f1bfecbb-c14b-4b79-aaa2-83656f4edf3a)
2019-06-14 02:47:54.147 22126 RALLYDEBUG rally_openstack.cleanup.manager [-] Deleting neutron.port object s_rally_c6189bb9_agOswoZB (f2867aec-c848-464b-96ef-fbc5c808d9ba)
2019-06-14 02:47:54.224 22126 RALLYDEBUG rally_openstack.cleanup.manager [-] Deleting neutron.port object s_rally_c6189bb9_Ow37Zomi (f2b610a2-0b93-4b8a-b532-93e530ac548e)
2019-06-14 02:47:54.404 22126 RALLYDEBUG rally_openstack.cleanup.manager [-] Deleting neutron.port object s_rally_c6189bb9_CkeoOX4k (f33258a7-b5c0-4ffa-9b72-6664830a7a67)
2019-06-14 02:47:54.496 22126 RALLYDEBUG rally_openstack.cleanup.manager [-] Deleting neutron.port object s_rally_c6189bb9_uNBfzolA (f85f6cf0-f6e4-4208-a17c-e3e3867f89ac)
2019-06-14 02:47:54.504 22126 RALLYDEBUG rally_openstack.cleanup.manager [-] Deleting neutron.port object s_rally_c6189bb9_a6mQBrGs (fa941164-69aa-4c94-9d07-505d09e566a3)
2019-06-14 02:47:54.555 22126 RALLYDEBUG rally_openstack.cleanup.manager [-] Deleting neutron.port object s_rally_c6189bb9_QOsI3YkQ (fc5b1c75-26e4-4f1c-aaa3-9ac291cb190e)
2019-06-14 02:47:54.863 22126 RALLYDEBUG rally_openstack.cleanup.manager [-] Deleting neutron.port object s_rally_c6189bb9_PO8qf39T (fd27a161-97b8-48a9-b8e9-5949966d8ce8)
2019-06-14 02:47:54.943 22126 RALLYDEBUG rally_openstack.cleanup.manager [-] Deleting neutron.port object s_rally_c6189bb9_SJUovIIF (fd34ca38-3eb7-45b9-a8ea-f25be6433aa2)
2019-06-14 02:47:54.979 22126 RALLYDEBUG rally_openstack.cleanup.manager [-] Deleting neutron.port object s_rally_c6189bb9_yidKD3VO (fd74d571-41cb-41df-9f45-a089b0812ca0)
2019-06-14 02:47:55.056 22126 RALLYDEBUG rally_openstack.cleanup.manager [-] Deleting neutron.port object s_rally_c6189bb9_XkltbKsA (fed991ef-3b43-4116-b8ae-6d88d3ba61ba)
2019-06-14 02:47:57.224 22126 RALLYDEBUG rally_openstack.cleanup.manager [-] Cleaning up neutron subnet objects
2019-06-14 02:47:57.651 22126 RALLYDEBUG rally_openstack.cleanup.manager [-] Cleaning up neutron network objects
2019-06-14 02:47:58.188 22126 RALLYDEBUG rally_openstack.cleanup.manager [-] Deleting neutron.network object s_rally_c6189bb9_70MHb4oY (04cd1717-e08c-4b37-bbab-2e80da0a6129)
2019-06-14 02:47:58.201 22126 RALLYDEBUG rally_openstack.cleanup.manager [-] Deleting neutron.network object s_rally_c6189bb9_hCCp8ZWb (1d4682d0-4ad5-41c2-876f-08c2def0c815)
2019-06-14 02:47:58.202 22126 RALLYDEBUG rally_openstack.cleanup.manager [-] Deleting neutron.network object s_rally_c6189bb9_0zVBR5Ox (174aa207-a0a7-4603-93b0-12b5d7ff3091)
2019-06-14 02:47:58.209 22126 RALLYDEBUG rally_openstack.cleanup.manager [-] Deleting neutron.network object s_rally_c6189bb9_z4zWvWQT (279a3a6d-3385-4366-8b15-5d8780475a85)
2019-06-14 02:47:58.213 22126 RALLYDEBUG rally_openstack.cleanup.manager [-] Deleting neutron.network object s_rally_c6189bb9_BrPln67h (33784791-9457-48a0-a9fc-cc31acec0faf)
2019-06-14 02:47:58.224 22126 RALLYDEBUG rally_openstack.cleanup.manager [-] Deleting neutron.network object s_rally_c6189bb9_t7SYIaND (36729347-3c13-43d3-87c0-e0b66b771be1)
2019-06-14 02:47:58.259 22126 RALLYDEBUG rally_openstack.cleanup.manager [-] Deleting neutron.network object s_rally_c6189bb9_qHxhVS1s (379a5d9e-eb7a-47a1-9998-e922f23735a5)
2019-06-14 02:47:58.299 22126 RALLYDEBUG rally_openstack.cleanup.manager [-] Deleting neutron.network object s_rally_c6189bb9_ZhQiIVFq (3bbed47b-d948-4fb9-a4a2-95396ab784c7)
2019-06-14 02:47:58.308 22126 RALLYDEBUG rally_openstack.cleanup.manager [-] Deleting neutron.network object s_rally_c6189bb9_MifRlfhh (3e5bd47a-7e4b-4e78-ae26-80de364d44a0)
2019-06-14 02:47:58.334 22126 RALLYDEBUG rally_openstack.cleanup.manager [-] Deleting neutron.network object s_rally_c6189bb9_KEo1dU1f (40d3f5e6-c56f-4907-9ef0-ba9beb0096e4)
2019-06-14 02:47:58.341 22126 RALLYDEBUG rally_openstack.cleanup.manager [-] Deleting neutron.network object s_rally_c6189bb9_gs8zI0VC (42a4d414-604c-48f8-a22b-83e878d0d24a)
2019-06-14 02:47:58.353 22126 RALLYDEBUG rally_openstack.cleanup.manager [-] Deleting neutron.network object s_rally_c6189bb9_daxSzQAO (513d6a2e-bf54-44d3-8884-7a941138d359)
2019-06-14 02:47:58.368 22126 RALLYDEBUG rally_openstack.cleanup.manager [-] Deleting neutron.network object s_rally_c6189bb9_4p7m8AY8 (6643a104-5833-4599-81fb-5d59ea61ca8c)
2019-06-14 02:47:58.388 22126 RALLYDEBUG rally_openstack.cleanup.manager [-] Deleting neutron.network object s_rally_c6189bb9_8mSLQsd9 (6412b5d2-fdef-4fee-9fc6-19c8e25c9f6f)
2019-06-14 02:47:58.400 22126 RALLYDEBUG rally_openstack.cleanup.manager [-] Deleting neutron.network object s_rally_c6189bb9_GFlt60Td (56323e1b-c1ca-44d5-a4a0-e4043816e395)
2019-06-14 02:47:58.413 22126 RALLYDEBUG rally_openstack.cleanup.manager [-] Deleting neutron.network object s_rally_c6189bb9_XNDGWL7C (62eaaf0b-b7d8-4dd9-9274-7c71ab71f5ac)
2019-06-14 02:47:58.434 22126 RALLYDEBUG rally_openstack.cleanup.manager [-] Deleting neutron.network object s_rally_c6189bb9_KLa5hjjt (668686fe-5235-479d-953c-e21a280d590e)
2019-06-14 02:47:58.453 22126 RALLYDEBUG rally_openstack.cleanup.manager [-] Deleting neutron.network object s_rally_c6189bb9_vILKVEHy (735398ab-1f1b-4606-85a1-4dc38a396812)
2019-06-14 02:47:58.476 22126 RALLYDEBUG rally_openstack.cleanup.manager [-] Deleting neutron.network object s_rally_c6189bb9_fDGc1tRQ (90b67fbb-f33b-4491-9d99-256f6c04cfc2)
2019-06-14 02:47:58.479 22126 RALLYDEBUG rally_openstack.cleanup.manager [-] Deleting neutron.network object s_rally_c6189bb9_eNurmy7k (7183e477-1f87-44f7-b16c-24cb81d443d3)
2019-06-14 02:48:00.690 22126 RALLYDEBUG rally_openstack.cleanup.manager [-] Deleting neutron.network object s_rally_c6189bb9_LvrnIdwC (a6184871-96fd-46ec-a4cb-466de91a3e5f)
2019-06-14 02:48:00.758 22126 RALLYDEBUG rally_openstack.cleanup.manager [-] Deleting neutron.network object s_rally_c6189bb9_OETi0dJk (a964efa3-34d7-4302-84d0-1cdddd288ace)
2019-06-14 02:48:00.907 22126 RALLYDEBUG rally_openstack.cleanup.manager [-] Deleting neutron.network object s_rally_c6189bb9_0s1hpl0j (a9d482eb-af56-4bbc-a604-0672f2f87be2)
2019-06-14 02:48:00.930 22126 RALLYDEBUG rally_openstack.cleanup.manager [-] Deleting neutron.network object s_rally_c6189bb9_8MH9pz83 (af7ffe54-1994-49c9-99fc-bb45988c5324)
2019-06-14 02:48:01.036 22126 RALLYDEBUG rally_openstack.cleanup.manager [-] Deleting neutron.network object s_rally_c6189bb9_GatBP6Ve (afb4c7a5-b629-407e-b895-d6ef745392bd)
2019-06-14 02:48:01.176 22126 RALLYDEBUG rally_openstack.cleanup.manager [-] Deleting neutron.network object s_rally_c6189bb9_uV24F60L (b2b3b7a2-346a-4a11-b094-82388d0b2647)
2019-06-14 02:48:01.226 22126 RALLYDEBUG rally_openstack.cleanup.manager [-] Deleting neutron.network object s_rally_c6189bb9_BdOmpELe (b2f8d588-f365-43a0-b0fa-1af6dbeef7fe)
2019-06-14 02:48:01.280 22126 RALLYDEBUG rally_openstack.cleanup.manager [-] Deleting neutron.network object s_rally_c6189bb9_nAG9qumw (b73524de-0825-4795-be69-ba5c771c7ab9)
2019-06-14 02:48:01.285 22126 RALLYDEBUG rally_openstack.cleanup.manager [-] Deleting neutron.network object s_rally_c6189bb9_fUoEoBKj (bb00261c-05f4-4fd8-b2e5-8aa3a4bf3e44)
2019-06-14 02:48:01.343 22126 RALLYDEBUG rally_openstack.cleanup.manager [-] Deleting neutron.network object s_rally_c6189bb9_3AQMHZJs (c4d68fdf-2c0f-4b19-878d-f1b0af1e9984)
2019-06-14 02:48:01.413 22126 RALLYDEBUG rally_openstack.cleanup.manager [-] Deleting neutron.network object s_rally_c6189bb9_7zzsRZgq (c607bbfd-d756-4db0-8394-fbf392c1bed0)
2019-06-14 02:48:01.443 22126 RALLYDEBUG rally_openstack.cleanup.manager [-] Deleting neutron.network object s_rally_c6189bb9_yDYmQMOk (c75d9e45-60de-461c-bc4a-1c641cd00d4f)
2019-06-14 02:48:01.465 22126 RALLYDEBUG rally_openstack.cleanup.manager [-] Deleting neutron.network object s_rally_c6189bb9_JCoNjJ7t (d03ef276-3361-469f-b036-be2b16aff085)
2019-06-14 02:48:01.495 22126 RALLYDEBUG rally_openstack.cleanup.manager [-] Deleting neutron.network object s_rally_c6189bb9_vr0ZU3bK (dec4b7d1-2452-42cc-8e48-35cd864097c0)
2019-06-14 02:48:01.527 22126 RALLYDEBUG rally_openstack.cleanup.manager [-] Deleting neutron.network object s_rally_c6189bb9_wZGRzMDL (effdd54a-3914-4150-8797-1d31f7481999)
2019-06-14 02:48:01.617 22126 RALLYDEBUG rally_openstack.cleanup.manager [-] Deleting neutron.network object s_rally_c6189bb9_2k1oirWl (f1129d7e-2731-40a5-9455-0c9eaadba844)
2019-06-14 02:48:01.651 22126 RALLYDEBUG rally_openstack.cleanup.manager [-] Deleting neutron.network object s_rally_c6189bb9_dODxtiSJ (f48a2ebb-f45c-4b50-a23c-a7efa830b879)
2019-06-14 02:48:01.671 22126 RALLYDEBUG rally_openstack.cleanup.manager [-] Deleting neutron.network object s_rally_c6189bb9_A8AghAzK (f564f692-7a2c-4c65-a84a-d592f4d1b69d)
2019-06-14 02:48:01.908 22126 RALLYDEBUG rally_openstack.cleanup.manager [-] Deleting neutron.network object s_rally_c6189bb9_i3v8f7hH (f6b260fc-4d73-48d6-a4b1-40c77672762e)
2019-06-14 02:48:01.918 22126 RALLYDEBUG rally_openstack.cleanup.manager [-] Deleting neutron.network object s_rally_c6189bb9_JlNf8Zjb (fe6019b6-a7e1-4d0f-a868-452dda446b86)
2019-06-14 02:48:04.845 22126 RALLYDEBUG rally_openstack.cleanup.manager [-] Cleaning up neutron router objects
2019-06-14 02:48:05.272 22126 RALLYDEBUG rally_openstack.cleanup.manager [-] Cleaning up neutron security_group objects
2019-06-14 02:48:05.703 22126 INFO rally.task.context [-] Task 0f31d698-2db3-42d3-82fc-10e0f35374b3 | Context cleanup@openstack cleanup() finished in 34.22 sec
2019-06-14 02:48:05.704 22126 INFO rally.task.context [-] Task 0f31d698-2db3-42d3-82fc-10e0f35374b3 | Context quotas@openstack cleanup() started
2019-06-14 02:48:05.795 22126 INFO rally.task.context [-] Task 0f31d698-2db3-42d3-82fc-10e0f35374b3 | Context quotas@openstack cleanup() finished in 91.14 msec
2019-06-14 02:48:05.795 22126 INFO rally.task.context [-] Task 0f31d698-2db3-42d3-82fc-10e0f35374b3 | Context users@openstack cleanup() started
2019-06-14 02:48:08.709 22126 INFO rally.task.context [-] Task 0f31d698-2db3-42d3-82fc-10e0f35374b3 | Context users@openstack cleanup() finished in 2.91 sec
2019-06-14 02:48:08.852 22126 INFO rally.task.engine [-] Load duration is: 21.853699
2019-06-14 02:48:08.853 22126 INFO rally.task.engine [-] Full runner duration is: 21.91145
2019-06-14 02:48:08.853 22126 INFO rally.task.engine [-] Full duration is: 62.180757
2019-06-14 02:48:09.179 22126 INFO rally.task.engine [-] Running workload: position = 2 config = { "version": 2, "title": "A cropped version of a bigger task.", "description": "Auto-generated task from a single workload (uuid=bd7484fc-14c4-4102-a44e-d45e4c1a1c36)", "subtasks": [ { "title": "NeutronNetworks.create_and_delete_ports", "description": "Create and delete a port.", "scenario": { "NeutronNetworks.create_and_delete_ports": { "network_create_args": {}, "port_create_args": {}, "ports_per_network": 5 } }, "contexts": { "users": { "tenants": 1, "users_per_tenant": 1 }, "quotas": { "neutron": { "network": -1, "port": -1 } } }, "runner": { "constant": { "times": 40, "concurrency": 20 } }, "hooks": [], "sla": { "failure_rate": { "max": 0 } } } ] }
2019-06-14 02:48:09.207 22126 RALLYDEBUG rally_openstack.contexts.keystone.users [-] Creating 1 tenants using 20 threads
2019-06-14 02:48:10.157 22126 RALLYDEBUG rally_openstack.contexts.keystone.users [-] Creating 1 users using 20 threads
2019-06-14 02:48:11.633 22126 INFO rally.task.context [-] Task 0f31d698-2db3-42d3-82fc-10e0f35374b3 | Context users@openstack setup() finished in 2.43 sec
2019-06-14 02:48:12.187 22126 INFO rally.task.context [-] Task 0f31d698-2db3-42d3-82fc-10e0f35374b3 | Context quotas@openstack setup() finished in 0.55 sec
2019-06-14 02:48:12.187 22126 INFO rally.task.context [-] Task 0f31d698-2db3-42d3-82fc-10e0f35374b3 | Context cleanup@openstack setup() finished in 0.03 msec
2019-06-14 02:48:12.197 22126 RALLYDEBUG rally.task.runner [-] Starting the constant runner (task UUID: 0f31d698-2db3-42d3-82fc-10e0f35374b3). timeout: 0 concurrency: 20 concurrency_per_worker: 1 times: 40 concurrency_overhead: 4 processes_to_start: 16 max_cpu_used: 16
2019-06-14 02:48:12.211 26372 RALLYDEBUG rally.task.runner [-] Starting a worker. concurrency: 2 args: {"network_create_args": {}, "port_create_args": {}, "ports_per_network": 5} times: 40 method_name: run timeout: 0 duration: None cls:
2019-06-14 02:48:12.214 26373 RALLYDEBUG rally.task.runner [-] Starting a worker. concurrency: 2 args: {"network_create_args": {}, "port_create_args": {}, "ports_per_network": 5} times: 40 method_name: run timeout: 0 duration: None cls:
2019-06-14 02:48:12.217 26374 RALLYDEBUG rally.task.runner [-] Starting a worker. concurrency: 2 args: {"network_create_args": {}, "port_create_args": {}, "ports_per_network": 5} times: 40 method_name: run timeout: 0 duration: None cls:
2019-06-14 02:48:12.221 26375 RALLYDEBUG rally.task.runner [-] Starting a worker. concurrency: 2 args: {"network_create_args": {}, "port_create_args": {}, "ports_per_network": 5} times: 40 method_name: run timeout: 0 duration: None cls:
2019-06-14 02:48:12.223 26372 INFO rally.task.runner [-] Task 0f31d698-2db3-42d3-82fc-10e0f35374b3 | ITER: 1 START
2019-06-14 02:48:12.224 26374 INFO rally.task.runner [-] Task 0f31d698-2db3-42d3-82fc-10e0f35374b3 | ITER: 4 START
2019-06-14 02:48:12.225 26373 INFO rally.task.runner [-] Task 0f31d698-2db3-42d3-82fc-10e0f35374b3 | ITER: 2 START
2019-06-14 02:48:12.226 26377 RALLYDEBUG rally.task.runner [-] Starting a worker. concurrency: 1 args: {"network_create_args": {}, "port_create_args": {}, "ports_per_network": 5} times: 40 method_name: run timeout: 0 duration: None cls:
2019-06-14 02:48:12.226 26372 WARNING rally_openstack.scenarios.neutron.utils [-] Running this scenario without either the 'network' or 'existing_network' context is deprecated
2019-06-14 02:48:12.227 26374 WARNING rally_openstack.scenarios.neutron.utils [-] Running this scenario without either the 'network' or 'existing_network' context is deprecated
2019-06-14 02:48:12.226 26373 INFO rally.task.runner [-] Task 0f31d698-2db3-42d3-82fc-10e0f35374b3 | ITER: 5 START
2019-06-14 02:48:12.227 26372 INFO rally.task.runner [-] Task 0f31d698-2db3-42d3-82fc-10e0f35374b3 | ITER: 3 START
2019-06-14 02:48:12.230 26372 WARNING rally_openstack.scenarios.neutron.utils [-] Running this scenario without either the 'network' or 'existing_network' context is deprecated
2019-06-14 02:48:12.229 26373 WARNING rally_openstack.scenarios.neutron.utils [-] Running this scenario without either the 'network' or 'existing_network' context is deprecated
2019-06-14 02:48:12.230 26381 RALLYDEBUG rally.task.runner [-] Starting a worker. concurrency: 1 args: {"network_create_args": {}, "port_create_args": {}, "ports_per_network": 5} times: 40 method_name: run timeout: 0 duration: None cls:
2019-06-14 02:48:12.232 26375 INFO rally.task.runner [-] Task 0f31d698-2db3-42d3-82fc-10e0f35374b3 | ITER: 7 START
2019-06-14 02:48:12.234 26377 INFO rally.task.runner [-] Task 0f31d698-2db3-42d3-82fc-10e0f35374b3 | ITER: 9 START
2019-06-14 02:48:12.234 26386 RALLYDEBUG rally.task.runner [-] Starting a worker. concurrency: 1 args: {"network_create_args": {}, "port_create_args": {}, "ports_per_network": 5} times: 40 method_name: run timeout: 0 duration: None cls:
2019-06-14 02:48:12.236 26389 RALLYDEBUG rally.task.runner [-] Starting a worker. concurrency: 1 args: {"network_create_args": {}, "port_create_args": {}, "ports_per_network": 5} times: 40 method_name: run timeout: 0 duration: None cls:
2019-06-14 02:48:12.238 26377 WARNING rally_openstack.scenarios.neutron.utils [-] Running this scenario without either the 'network' or 'existing_network' context is deprecated
2019-06-14 02:48:12.230 26373 WARNING rally_openstack.scenarios.neutron.utils [-] Running this scenario without either the 'network' or 'existing_network' context is deprecated
2019-06-14 02:48:12.239 26381 INFO rally.task.runner [-] Task 0f31d698-2db3-42d3-82fc-10e0f35374b3 | ITER: 10 START
2019-06-14 02:48:12.238 26375 WARNING rally_openstack.scenarios.neutron.utils [-] Running this scenario without either the 'network' or 'existing_network' context is deprecated
2019-06-14 02:48:12.239 26375 INFO rally.task.runner [-] Task 0f31d698-2db3-42d3-82fc-10e0f35374b3 | ITER: 8 START
2019-06-14 02:48:12.240 26375 WARNING rally_openstack.scenarios.neutron.utils [-] Running this scenario without either the 'network' or 'existing_network' context is deprecated
2019-06-14 02:48:12.241 26381 WARNING rally_openstack.scenarios.neutron.utils [-] Running this scenario without either the 'network' or 'existing_network' context is deprecated
2019-06-14 02:48:12.240 26393 RALLYDEBUG rally.task.runner [-] Starting a worker. concurrency: 1 args: {"network_create_args": {}, "port_create_args": {}, "ports_per_network": 5} times: 40 method_name: run timeout: 0 duration: None cls:
2019-06-14 02:48:12.243 26389 INFO rally.task.runner [-] Task 0f31d698-2db3-42d3-82fc-10e0f35374b3 | ITER: 12 START
2019-06-14 02:48:12.244 26374 INFO rally.task.runner [-] Task 0f31d698-2db3-42d3-82fc-10e0f35374b3 | ITER: 6 START
2019-06-14 02:48:12.245 26374 WARNING rally_openstack.scenarios.neutron.utils [-] Running this scenario without either the 'network' or 'existing_network' context is deprecated
2019-06-14 02:48:12.245 26389 WARNING rally_openstack.scenarios.neutron.utils [-] Running this scenario without either the 'network' or 'existing_network' context is deprecated
2019-06-14 02:48:12.245 26386 INFO rally.task.runner [-] Task 0f31d698-2db3-42d3-82fc-10e0f35374b3 | ITER: 11 START
2019-06-14 02:48:12.248 26386 WARNING rally_openstack.scenarios.neutron.utils [-] Running this scenario without either the 'network' or 'existing_network' context is deprecated
2019-06-14 02:48:12.248 26395 RALLYDEBUG rally.task.runner [-] Starting a worker. concurrency: 1 args: {"network_create_args": {}, "port_create_args": {}, "ports_per_network": 5} times: 40 method_name: run timeout: 0 duration: None cls:
2019-06-14 02:48:12.250 26393 INFO rally.task.runner [-] Task 0f31d698-2db3-42d3-82fc-10e0f35374b3 | ITER: 13 START
2019-06-14 02:48:12.250 26401 RALLYDEBUG rally.task.runner [-] Starting a worker. concurrency: 1 args: {"network_create_args": {}, "port_create_args": {}, "ports_per_network": 5} times: 40 method_name: run timeout: 0 duration: None cls:
2019-06-14 02:48:12.252 26393 WARNING rally_openstack.scenarios.neutron.utils [-] Running this scenario without either the 'network' or 'existing_network' context is deprecated
2019-06-14 02:48:12.257 26405 RALLYDEBUG rally.task.runner [-] Starting a worker. concurrency: 1 args: {"network_create_args": {}, "port_create_args": {}, "ports_per_network": 5} times: 40 method_name: run timeout: 0 duration: None cls:
2019-06-14 02:48:12.260 26395 INFO rally.task.runner [-] Task 0f31d698-2db3-42d3-82fc-10e0f35374b3 | ITER: 14 START
2019-06-14 02:48:12.260 26401 INFO rally.task.runner [-] Task 0f31d698-2db3-42d3-82fc-10e0f35374b3 | ITER: 15 START
2019-06-14 02:48:12.262 26395 WARNING rally_openstack.scenarios.neutron.utils [-] Running this scenario without either the 'network' or 'existing_network' context is deprecated
2019-06-14 02:48:12.262 26401 WARNING rally_openstack.scenarios.neutron.utils [-] Running this scenario without either the 'network' or 'existing_network' context is deprecated
2019-06-14 02:48:12.265 26405 INFO rally.task.runner [-] Task 0f31d698-2db3-42d3-82fc-10e0f35374b3 | ITER: 16 START
2019-06-14 02:48:12.267 26405 WARNING rally_openstack.scenarios.neutron.utils [-] Running this scenario without either the 'network' or 'existing_network' context is deprecated
2019-06-14 02:48:12.267 26409 RALLYDEBUG rally.task.runner [-] Starting a worker. concurrency: 1 args: {"network_create_args": {}, "port_create_args": {}, "ports_per_network": 5} times: 40 method_name: run timeout: 0 duration: None cls:
2019-06-14 02:48:12.272 26413 RALLYDEBUG rally.task.runner [-] Starting a worker. concurrency: 1 args: {"network_create_args": {}, "port_create_args": {}, "ports_per_network": 5} times: 40 method_name: run timeout: 0 duration: None cls:
2019-06-14 02:48:12.274 26409 INFO rally.task.runner [-] Task 0f31d698-2db3-42d3-82fc-10e0f35374b3 | ITER: 17 START
2019-06-14 02:48:12.276 26409 WARNING rally_openstack.scenarios.neutron.utils [-] Running this scenario without either the 'network' or 'existing_network' context is deprecated
2019-06-14 02:48:12.279 26413 INFO rally.task.runner [-] Task 0f31d698-2db3-42d3-82fc-10e0f35374b3 | ITER: 18 START
2019-06-14 02:48:12.279 26414 RALLYDEBUG rally.task.runner [-] Starting a worker. concurrency: 1 args: {"network_create_args": {}, "port_create_args": {}, "ports_per_network": 5} times: 40 method_name: run timeout: 0 duration: None cls:
2019-06-14 02:48:12.281 26413 WARNING rally_openstack.scenarios.neutron.utils [-] Running this scenario without either the 'network' or 'existing_network' context is deprecated
2019-06-14 02:48:12.285 26414 INFO rally.task.runner [-] Task 0f31d698-2db3-42d3-82fc-10e0f35374b3 | ITER: 19 START
2019-06-14 02:48:12.285 26419 RALLYDEBUG rally.task.runner [-] Starting a worker. concurrency: 1 args: {"network_create_args": {}, "port_create_args": {}, "ports_per_network": 5} times: 40 method_name: run timeout: 0 duration: None cls:
2019-06-14 02:48:12.287 26414 WARNING rally_openstack.scenarios.neutron.utils [-] Running this scenario without either the 'network' or 'existing_network' context is deprecated
2019-06-14 02:48:12.290 26419 INFO rally.task.runner [-] Task 0f31d698-2db3-42d3-82fc-10e0f35374b3 | ITER: 20 START
2019-06-14 02:48:12.291 26419 WARNING rally_openstack.scenarios.neutron.utils [-] Running this scenario without either the 'network' or 'existing_network' context is deprecated
2019-06-14 02:48:21.945 26375 INFO rally.task.runner [-] Task 0f31d698-2db3-42d3-82fc-10e0f35374b3 | ITER: 7 END: OK
2019-06-14 02:48:21.951 26375 INFO rally.task.runner [-] Task 0f31d698-2db3-42d3-82fc-10e0f35374b3 | ITER: 21 START
2019-06-14 02:48:21.952 26375 WARNING rally_openstack.scenarios.neutron.utils [-] Running this scenario without either the 'network' or 'existing_network' context is deprecated
2019-06-14 02:48:21.965 26373 INFO rally.task.runner [-] Task 0f31d698-2db3-42d3-82fc-10e0f35374b3 | ITER: 5 END: OK
2019-06-14 02:48:21.970 26373 INFO rally.task.runner [-] Task 0f31d698-2db3-42d3-82fc-10e0f35374b3 | ITER: 22 START
2019-06-14 02:48:21.971 26373 WARNING rally_openstack.scenarios.neutron.utils [-] Running this scenario without either the 'network' or 'existing_network' context is deprecated
2019-06-14 02:48:22.019 26372 INFO rally.task.runner [-] Task 0f31d698-2db3-42d3-82fc-10e0f35374b3 | ITER: 3 END: OK
2019-06-14 02:48:22.023 26372 INFO rally.task.runner [-] Task 0f31d698-2db3-42d3-82fc-10e0f35374b3 | ITER: 23 START
2019-06-14 02:48:22.024 26372 WARNING rally_openstack.scenarios.neutron.utils [-] Running this scenario without either the 'network' or 'existing_network' context is deprecated
2019-06-14 02:48:22.074 26373 INFO rally.task.runner [-] Task 0f31d698-2db3-42d3-82fc-10e0f35374b3 | ITER: 2 END: OK
2019-06-14 02:48:22.078 26373 INFO rally.task.runner [-] Task 0f31d698-2db3-42d3-82fc-10e0f35374b3 | ITER: 24 START
2019-06-14 02:48:22.079 26373 WARNING rally_openstack.scenarios.neutron.utils [-] Running this scenario without either the 'network' or 'existing_network' context is deprecated
2019-06-14 02:48:22.219 26381 INFO rally.task.runner [-] Task 0f31d698-2db3-42d3-82fc-10e0f35374b3 | ITER: 10 END: OK
2019-06-14 02:48:22.224 26381 INFO rally.task.runner [-] Task 0f31d698-2db3-42d3-82fc-10e0f35374b3 | ITER: 25 START
2019-06-14 02:48:22.225 26381 WARNING rally_openstack.scenarios.neutron.utils [-] Running this scenario without either the 'network' or 'existing_network' context is deprecated
2019-06-14 02:48:22.437 26414 INFO rally.task.runner [-] Task 0f31d698-2db3-42d3-82fc-10e0f35374b3 | ITER: 19 END: OK
2019-06-14 02:48:22.442 26414 INFO rally.task.runner [-] Task 0f31d698-2db3-42d3-82fc-10e0f35374b3 | ITER: 26 START
2019-06-14 02:48:22.442 26414 WARNING rally_openstack.scenarios.neutron.utils [-] Running this scenario without either the 'network' or 'existing_network' context is deprecated
2019-06-14 02:48:22.521 26409 INFO rally.task.runner [-] Task 0f31d698-2db3-42d3-82fc-10e0f35374b3 | ITER: 17 END: OK
2019-06-14 02:48:22.526 26409 INFO rally.task.runner [-] Task 0f31d698-2db3-42d3-82fc-10e0f35374b3 | ITER: 27 START
2019-06-14 02:48:22.527 26409 WARNING rally_openstack.scenarios.neutron.utils [-] Running this scenario without either the 'network' or 'existing_network' context is deprecated
2019-06-14 02:48:22.731 26386 INFO rally.task.runner [-] Task 0f31d698-2db3-42d3-82fc-10e0f35374b3 | ITER: 11 END: OK
2019-06-14 02:48:22.736 26386 INFO rally.task.runner [-] Task 0f31d698-2db3-42d3-82fc-10e0f35374b3 | ITER: 28 START
2019-06-14 02:48:22.736 26386 WARNING rally_openstack.scenarios.neutron.utils [-] Running this scenario without either the 'network' or 'existing_network' context is deprecated
2019-06-14 02:48:22.929 26405 INFO rally.task.runner [-] Task 0f31d698-2db3-42d3-82fc-10e0f35374b3 | ITER: 16 END: OK
2019-06-14 02:48:22.934 26405 INFO rally.task.runner [-] Task 0f31d698-2db3-42d3-82fc-10e0f35374b3 | ITER: 29 START
2019-06-14 02:48:22.934 26405 WARNING rally_openstack.scenarios.neutron.utils [-] Running this scenario without either the 'network' or 'existing_network' context is deprecated
2019-06-14 02:48:22.996 26401 INFO rally.task.runner [-] Task 0f31d698-2db3-42d3-82fc-10e0f35374b3 | ITER: 15 END: OK
2019-06-14 02:48:22.998 26374 INFO rally.task.runner [-] Task 0f31d698-2db3-42d3-82fc-10e0f35374b3 | ITER: 6 END: OK
2019-06-14 02:48:23.002 26401 INFO rally.task.runner [-] Task 0f31d698-2db3-42d3-82fc-10e0f35374b3 | ITER: 30 START
2019-06-14 02:48:23.002 26401 WARNING rally_openstack.scenarios.neutron.utils [-] Running this scenario without either the 'network' or 'existing_network' context is deprecated
2019-06-14 02:48:23.003 26374 INFO rally.task.runner [-] Task 0f31d698-2db3-42d3-82fc-10e0f35374b3 | ITER: 31 START
2019-06-14 02:48:23.003 26374 WARNING rally_openstack.scenarios.neutron.utils [-] Running this scenario without either the 'network' or 'existing_network' context is deprecated
2019-06-14 02:48:23.044 26395 INFO rally.task.runner [-] Task 0f31d698-2db3-42d3-82fc-10e0f35374b3 | ITER: 14 END: OK
2019-06-14 02:48:23.049 26395 INFO rally.task.runner [-] Task 0f31d698-2db3-42d3-82fc-10e0f35374b3 | ITER: 32 START
2019-06-14 02:48:23.049 26395 WARNING rally_openstack.scenarios.neutron.utils [-] Running this scenario without either the 'network' or 'existing_network' context is deprecated
2019-06-14 02:48:23.109 26372 INFO rally.task.runner [-] Task 0f31d698-2db3-42d3-82fc-10e0f35374b3 | ITER: 1 END: OK
2019-06-14 02:48:23.113 26372 INFO rally.task.runner [-] Task 0f31d698-2db3-42d3-82fc-10e0f35374b3 | ITER: 33 START
2019-06-14 02:48:23.114 26372 WARNING rally_openstack.scenarios.neutron.utils [-] Running this scenario without either the 'network' or 'existing_network' context is deprecated
2019-06-14 02:48:23.152 26413 INFO rally.task.runner [-] Task 0f31d698-2db3-42d3-82fc-10e0f35374b3 | ITER: 18 END: OK
2019-06-14 02:48:23.157 26413 INFO rally.task.runner [-] Task 0f31d698-2db3-42d3-82fc-10e0f35374b3 | ITER: 34 START
2019-06-14 02:48:23.158 26413 WARNING rally_openstack.scenarios.neutron.utils [-] Running this scenario without either the 'network' or 'existing_network' context is deprecated
2019-06-14 02:48:23.542 26419 INFO rally.task.runner [-] Task 0f31d698-2db3-42d3-82fc-10e0f35374b3 | ITER: 20 END: OK
2019-06-14 02:48:23.546 26419 INFO rally.task.runner [-] Task 0f31d698-2db3-42d3-82fc-10e0f35374b3 | ITER: 35 START
2019-06-14 02:48:23.547 26419 WARNING rally_openstack.scenarios.neutron.utils [-] Running this scenario without either the 'network' or 'existing_network' context is deprecated
2019-06-14 02:48:23.741 26393 INFO rally.task.runner [-] Task 0f31d698-2db3-42d3-82fc-10e0f35374b3 | ITER: 13 END: OK
2019-06-14 02:48:23.746 26393 INFO rally.task.runner [-] Task 0f31d698-2db3-42d3-82fc-10e0f35374b3 | ITER: 36 START
2019-06-14 02:48:23.746 26393 WARNING rally_openstack.scenarios.neutron.utils [-] Running this scenario without either the 'network' or 'existing_network' context is deprecated
2019-06-14 02:48:24.050 26375 INFO rally.task.runner [-] Task 0f31d698-2db3-42d3-82fc-10e0f35374b3 | ITER: 8 END: OK
2019-06-14 02:48:24.055 26375 INFO rally.task.runner [-] Task 0f31d698-2db3-42d3-82fc-10e0f35374b3 | ITER: 37 START
2019-06-14 02:48:24.056 26375 WARNING rally_openstack.scenarios.neutron.utils [-] Running this scenario without either the 'network' or 'existing_network' context is deprecated
2019-06-14 02:48:24.142 26377 INFO rally.task.runner [-] Task 0f31d698-2db3-42d3-82fc-10e0f35374b3 | ITER: 9 END: OK
2019-06-14 02:48:24.146 26377 INFO rally.task.runner [-] Task 0f31d698-2db3-42d3-82fc-10e0f35374b3 | ITER: 38 START
2019-06-14 02:48:24.147 26377 WARNING rally_openstack.scenarios.neutron.utils [-] Running this scenario without either the 'network' or 'existing_network' context is deprecated
