2019-06-14 02:33:47.791 22117 RALLYDEBUG rally.api [-] INFO logs from urllib3 and requests module are hide.
2019-06-14 02:33:47.791 22117 RALLYDEBUG rally.api [-] urllib3 insecure warnings are hidden.
2019-06-14 02:33:47.792 22117 RALLYDEBUG rally.api [-] ERROR log from boto module is hide.
2019-06-14 02:33:50.416 22119 RALLYDEBUG rally.api [-] INFO logs from urllib3 and requests module are hide.
2019-06-14 02:33:50.416 22119 RALLYDEBUG rally.api [-] urllib3 insecure warnings are hidden.
2019-06-14 02:33:50.416 22119 RALLYDEBUG rally.api [-] ERROR log from boto module is hide.
2019-06-14 02:33:52.019 22119 WARNING rally_openstack.platforms.existing [-] endpoint is deprecated and not used.
2019-06-14 02:33:53.091 22121 RALLYDEBUG rally.api [-] INFO logs from urllib3 and requests module are hide.
2019-06-14 02:33:53.091 22121 RALLYDEBUG rally.api [-] urllib3 insecure warnings are hidden.
2019-06-14 02:33:53.091 22121 RALLYDEBUG rally.api [-] ERROR log from boto module is hide.
2019-06-14 02:33:56.352 22124 RALLYDEBUG rally.api [-] INFO logs from urllib3 and requests module are hide.
2019-06-14 02:33:56.352 22124 RALLYDEBUG rally.api [-] urllib3 insecure warnings are hidden.
2019-06-14 02:33:56.352 22124 RALLYDEBUG rally.api [-] ERROR log from boto module is hide.
2019-06-14 02:33:57.853 22126 RALLYDEBUG rally.api [-] INFO logs from urllib3 and requests module are hide.
2019-06-14 02:33:57.853 22126 RALLYDEBUG rally.api [-] urllib3 insecure warnings are hidden.
2019-06-14 02:33:57.853 22126 RALLYDEBUG rally.api [-] ERROR log from boto module is hide.
2019-06-14 02:33:59.256 22126 INFO rally.common.plugin.discover [-] Loading plugins from directories /root/.rally/plugins/*
2019-06-14 02:33:59.257 22126 INFO rally.common.plugin.discover [-] Loaded module with plugins: /root/.rally/plugins/__init__.py
2019-06-14 02:33:59.260 22126 INFO rally.common.plugin.discover [-] Loaded module with plugins: /root/.rally/plugins/trunk_scenario.py
2019-06-14 02:33:59.510 22126 INFO rally.task.engine [-] Task 0f31d698-2db3-42d3-82fc-10e0f35374b3 | Starting: Task validation.
2019-06-14 02:33:59.573 22126 INFO rally.task.engine [-] Task 0f31d698-2db3-42d3-82fc-10e0f35374b3 | Starting: Task validation of syntax.
2019-06-14 02:33:59.816 22126 INFO rally.task.engine [-] Task 0f31d698-2db3-42d3-82fc-10e0f35374b3 | Completed: Task validation of syntax.
2019-06-14 02:33:59.816 22126 INFO rally.task.engine [-] Task 0f31d698-2db3-42d3-82fc-10e0f35374b3 | Starting: Task validation of required platforms.
2019-06-14 02:33:59.887 22126 INFO rally.task.engine [-] Task 0f31d698-2db3-42d3-82fc-10e0f35374b3 | Completed: Task validation of required platforms.
2019-06-14 02:33:59.887 22126 INFO rally.task.engine [-] Task 0f31d698-2db3-42d3-82fc-10e0f35374b3 | Starting: Task validation of semantic.
2019-06-14 02:33:59.887 22126 INFO rally.task.engine [-] Check health of the environment '71af9148-0f6f-4788-b429-83e7bd26bdb0'.
2019-06-14 02:34:00.500 22126 INFO rally.task.engine [-] Platform existing@openstack (available: True): OK!
2019-06-14 02:34:00.519 22126 RALLYDEBUG rally_openstack.contexts.keystone.users [-] Creating 1 tenants using 20 threads
2019-06-14 02:34:01.417 22126 RALLYDEBUG rally_openstack.contexts.keystone.users [-] Creating 1 users using 20 threads
2019-06-14 02:34:02.874 22126 INFO rally.task.context [-] Task 0f31d698-2db3-42d3-82fc-10e0f35374b3 | Context users@openstack setup() finished in 2.36 sec
2019-06-14 02:34:07.663 22126 INFO rally.task.context [-] Task 0f31d698-2db3-42d3-82fc-10e0f35374b3 | Context users@openstack cleanup() started
2019-06-14 02:34:10.802 22126 INFO rally.task.context [-] Task 0f31d698-2db3-42d3-82fc-10e0f35374b3 | Context users@openstack cleanup() finished in 3.14 sec
2019-06-14 02:34:10.802 22126 INFO rally.task.engine [-] Task 0f31d698-2db3-42d3-82fc-10e0f35374b3 | Completed: Task validation of semantic.
2019-06-14 02:34:10.803 22126 INFO rally.task.engine [-] Task 0f31d698-2db3-42d3-82fc-10e0f35374b3 | Completed: Task validation.
2019-06-14 02:34:10.803 22126 INFO rally.api [-] Task 0f31d698-2db3-42d3-82fc-10e0f35374b3 input file is valid.
2019-06-14 02:34:10.803 22126 INFO rally.api [-] Run Task 0f31d698-2db3-42d3-82fc-10e0f35374b3 against Deployment 71af9148-0f6f-4788-b429-83e7bd26bdb0
2019-06-14 02:34:10.804 22126 INFO rally.task.engine [-] Task 0f31d698-2db3-42d3-82fc-10e0f35374b3 | Starting: Running task.
2019-06-14 02:34:11.018 22126 INFO rally.task.engine [-] Running workload: position = 0 config = { "version": 2, "title": "A cropped version of a bigger task.", "description": "Auto-generated task from a single workload (uuid=6dd1f8e2-dce3-4a9f-84ad-175d393b99bb)", "subtasks": [ { "title": "NeutronNetworks.create_and_list_networks", "description": "Check performance of list_networks action and ensure > network quotas are not exceeded", "scenario": { "NeutronNetworks.create_and_list_networks": {} }, "contexts": { "users": { "tenants": 1, "users_per_tenant": 1 }, "quotas": { "neutron": { "network": 119 } } }, "runner": { "constant": { "times": 100, "concurrency": 20 } }, "hooks": [], "sla": { "max_avg_duration_per_atomic": { "neutron.list_networks": 15 }, "failure_rate": { "max": 0 } } } ] }
2019-06-14 02:34:11.045 22126 RALLYDEBUG rally_openstack.contexts.keystone.users [-] Creating 1 tenants using 20 threads
2019-06-14 02:34:12.019 22126 RALLYDEBUG rally_openstack.contexts.keystone.users [-] Creating 1 users using 20 threads
2019-06-14 02:34:13.483 22126 INFO rally.task.context [-] Task 0f31d698-2db3-42d3-82fc-10e0f35374b3 | Context users@openstack setup() finished in 2.44 sec
2019-06-14 02:34:13.984 22126 INFO rally.task.context [-] Task 0f31d698-2db3-42d3-82fc-10e0f35374b3 | Context quotas@openstack setup() finished in 0.50 sec
2019-06-14 02:34:13.985 22126 INFO rally.task.context [-] Task 0f31d698-2db3-42d3-82fc-10e0f35374b3 | Context cleanup@openstack setup() finished in 0.01 msec
2019-06-14 02:34:13.993 22126 RALLYDEBUG rally.task.runner [-] Starting the constant runner (task UUID: 0f31d698-2db3-42d3-82fc-10e0f35374b3). timeout: 0 concurrency: 20 concurrency_per_worker: 1 times: 100 concurrency_overhead: 4 processes_to_start: 16 max_cpu_used: 16
2019-06-14 02:34:14.007 22250 RALLYDEBUG rally.task.runner [-] Starting a worker. concurrency: 2 args: {} times: 100 method_name: run timeout: 0 duration: None cls:
2019-06-14 02:34:14.010 22251 RALLYDEBUG rally.task.runner [-] Starting a worker. concurrency: 2 args: {} times: 100 method_name: run timeout: 0 duration: None cls:
2019-06-14 02:34:14.013 22252 RALLYDEBUG rally.task.runner [-] Starting a worker. concurrency: 2 args: {} times: 100 method_name: run timeout: 0 duration: None cls:
2019-06-14 02:34:14.014 22250 INFO rally.task.runner [-] Task 0f31d698-2db3-42d3-82fc-10e0f35374b3 | ITER: 1 START
2019-06-14 02:34:14.016 22253 RALLYDEBUG rally.task.runner [-] Starting a worker. concurrency: 2 args: {} times: 100 method_name: run timeout: 0 duration: None cls:
2019-06-14 02:34:14.019 22256 RALLYDEBUG rally.task.runner [-] Starting a worker. concurrency: 1 args: {} times: 100 method_name: run timeout: 0 duration: None cls:
2019-06-14 02:34:14.020 22251 INFO rally.task.runner [-] Task 0f31d698-2db3-42d3-82fc-10e0f35374b3 | ITER: 2 START
2019-06-14 02:34:14.022 22259 RALLYDEBUG rally.task.runner [-] Starting a worker. concurrency: 1 args: {} times: 100 method_name: run timeout: 0 duration: None cls:
2019-06-14 02:34:14.024 22252 INFO rally.task.runner [-] Task 0f31d698-2db3-42d3-82fc-10e0f35374b3 | ITER: 4 START
2019-06-14 02:34:14.025 22256 INFO rally.task.runner [-] Task 0f31d698-2db3-42d3-82fc-10e0f35374b3 | ITER: 8 START
2019-06-14 02:34:14.023 22253 INFO rally.task.runner [-] Task 0f31d698-2db3-42d3-82fc-10e0f35374b3 | ITER: 6 START
2019-06-14 02:34:14.026 22263 RALLYDEBUG rally.task.runner [-] Starting a worker. concurrency: 1 args: {} times: 100 method_name: run timeout: 0 duration: None cls:
2019-06-14 02:34:14.028 22250 INFO rally.task.runner [-] Task 0f31d698-2db3-42d3-82fc-10e0f35374b3 | ITER: 3 START
2019-06-14 02:34:14.022 22251 INFO rally.task.runner [-] Task 0f31d698-2db3-42d3-82fc-10e0f35374b3 | ITER: 5 START
2019-06-14 02:34:14.024 22252 INFO rally.task.runner [-] Task 0f31d698-2db3-42d3-82fc-10e0f35374b3 | ITER: 7 START
2019-06-14 02:34:14.029 22259 INFO rally.task.runner [-] Task 0f31d698-2db3-42d3-82fc-10e0f35374b3 | ITER: 10 START
2019-06-14 02:34:14.031 22270 RALLYDEBUG rally.task.runner [-] Starting a worker. concurrency: 1 args: {} times: 100 method_name: run timeout: 0 duration: None cls:
2019-06-14 02:34:14.034 22263 INFO rally.task.runner [-] Task 0f31d698-2db3-42d3-82fc-10e0f35374b3 | ITER: 11 START
2019-06-14 02:34:14.040 22253 INFO rally.task.runner [-] Task 0f31d698-2db3-42d3-82fc-10e0f35374b3 | ITER: 9 START
2019-06-14 02:34:14.039 22275 RALLYDEBUG rally.task.runner [-] Starting a worker. concurrency: 1 args: {} times: 100 method_name: run timeout: 0 duration: None cls:
2019-06-14 02:34:14.043 22270 INFO rally.task.runner [-] Task 0f31d698-2db3-42d3-82fc-10e0f35374b3 | ITER: 12 START
2019-06-14 02:34:14.043 22276 RALLYDEBUG rally.task.runner [-] Starting a worker. concurrency: 1 args: {} times: 100 method_name: run timeout: 0 duration: None cls:
2019-06-14 02:34:14.046 22280 RALLYDEBUG rally.task.runner [-] Starting a worker. concurrency: 1 args: {} times: 100 method_name: run timeout: 0 duration: None cls:
2019-06-14 02:34:14.049 22275 INFO rally.task.runner [-] Task 0f31d698-2db3-42d3-82fc-10e0f35374b3 | ITER: 13 START
2019-06-14 02:34:14.051 22276 INFO rally.task.runner [-] Task 0f31d698-2db3-42d3-82fc-10e0f35374b3 | ITER: 14 START
2019-06-14 02:34:14.052 22282 RALLYDEBUG rally.task.runner [-] Starting a worker. concurrency: 1 args: {} times: 100 method_name: run timeout: 0 duration: None cls:
2019-06-14 02:34:14.057 22285 RALLYDEBUG rally.task.runner [-] Starting a worker. concurrency: 1 args: {} times: 100 method_name: run timeout: 0 duration: None cls:
2019-06-14 02:34:14.059 22280 INFO rally.task.runner [-] Task 0f31d698-2db3-42d3-82fc-10e0f35374b3 | ITER: 15 START
2019-06-14 02:34:14.059 22282 INFO rally.task.runner [-] Task 0f31d698-2db3-42d3-82fc-10e0f35374b3 | ITER: 16 START
2019-06-14 02:34:14.060 22288 RALLYDEBUG rally.task.runner [-] Starting a worker. concurrency: 1 args: {} times: 100 method_name: run timeout: 0 duration: None cls:
2019-06-14 02:34:14.064 22292 RALLYDEBUG rally.task.runner [-] Starting a worker. concurrency: 1 args: {} times: 100 method_name: run timeout: 0 duration: None cls:
2019-06-14 02:34:14.067 22288 INFO rally.task.runner [-] Task 0f31d698-2db3-42d3-82fc-10e0f35374b3 | ITER: 18 START
2019-06-14 02:34:14.067 22285 INFO rally.task.runner [-] Task 0f31d698-2db3-42d3-82fc-10e0f35374b3 | ITER: 17 START
2019-06-14 02:34:14.069 22293 RALLYDEBUG rally.task.runner [-] Starting a worker. concurrency: 1 args: {} times: 100 method_name: run timeout: 0 duration: None cls:
2019-06-14 02:34:14.073 22292 INFO rally.task.runner [-] Task 0f31d698-2db3-42d3-82fc-10e0f35374b3 | ITER: 19 START
2019-06-14 02:34:14.075 22293 INFO rally.task.runner [-] Task 0f31d698-2db3-42d3-82fc-10e0f35374b3 | ITER: 20 START
2019-06-14 02:34:15.085 22252 INFO rally.task.runner [-] Task 0f31d698-2db3-42d3-82fc-10e0f35374b3 | ITER: 7 END: OK
2019-06-14 02:34:15.088 22252 INFO rally.task.runner [-] Task 0f31d698-2db3-42d3-82fc-10e0f35374b3 | ITER: 21 START
2019-06-14 02:34:15.174 22253 INFO rally.task.runner [-] Task 0f31d698-2db3-42d3-82fc-10e0f35374b3 | ITER: 9 END: OK
2019-06-14 02:34:15.178 22253 INFO rally.task.runner [-] Task 0f31d698-2db3-42d3-82fc-10e0f35374b3 | ITER: 22 START
2019-06-14 02:34:15.203 22270 INFO rally.task.runner [-] Task 0f31d698-2db3-42d3-82fc-10e0f35374b3 | ITER: 12 END: OK
2019-06-14 02:34:15.207 22270 INFO rally.task.runner [-] Task 0f31d698-2db3-42d3-82fc-10e0f35374b3 | ITER: 23 START
2019-06-14 02:34:15.225 22251 INFO rally.task.runner [-] Task 0f31d698-2db3-42d3-82fc-10e0f35374b3 | ITER: 2 END: OK
2019-06-14 02:34:15.228 22251 INFO rally.task.runner [-] Task 0f31d698-2db3-42d3-82fc-10e0f35374b3 | ITER: 24 START
2019-06-14 02:34:15.237 22252 INFO rally.task.runner [-] Task 0f31d698-2db3-42d3-82fc-10e0f35374b3 | ITER: 4 END: OK
2019-06-14 02:34:15.240 22252 INFO rally.task.runner [-] Task 0f31d698-2db3-42d3-82fc-10e0f35374b3 | ITER: 25 START
2019-06-14 02:34:15.264 22280 INFO rally.task.runner [-] Task 0f31d698-2db3-42d3-82fc-10e0f35374b3 | ITER: 15 END: OK
2019-06-14 02:34:15.268 22280 INFO rally.task.runner [-] Task 0f31d698-2db3-42d3-82fc-10e0f35374b3 | ITER: 26 START
2019-06-14 02:34:15.302 22250 INFO rally.task.runner [-] Task 0f31d698-2db3-42d3-82fc-10e0f35374b3 | ITER: 3 END: OK
2019-06-14 02:34:15.305 22250 INFO rally.task.runner [-] Task 0f31d698-2db3-42d3-82fc-10e0f35374b3 | ITER: 27 START
2019-06-14 02:34:15.363 22282 INFO rally.task.runner [-] Task 0f31d698-2db3-42d3-82fc-10e0f35374b3 | ITER: 16 END: OK
2019-06-14 02:34:15.367 22282 INFO rally.task.runner [-] Task 0f31d698-2db3-42d3-82fc-10e0f35374b3 | ITER: 28 START
2019-06-14 02:34:15.465 22253 INFO rally.task.runner [-] Task 0f31d698-2db3-42d3-82fc-10e0f35374b3 | ITER: 6 END: OK
2019-06-14 02:34:15.465 22256 INFO rally.task.runner [-] Task 0f31d698-2db3-42d3-82fc-10e0f35374b3 | ITER: 8 END: OK
2019-06-14 02:34:15.468 22253 INFO rally.task.runner [-] Task 0f31d698-2db3-42d3-82fc-10e0f35374b3 | ITER: 29 START
2019-06-14 02:34:15.469 22256 INFO rally.task.runner [-] Task 0f31d698-2db3-42d3-82fc-10e0f35374b3 | ITER: 30 START
2019-06-14 02:34:15.472 22285 INFO rally.task.runner [-] Task 0f31d698-2db3-42d3-82fc-10e0f35374b3 | ITER: 17 END: OK
2019-06-14 02:34:15.475 22285 INFO rally.task.runner [-] Task 0f31d698-2db3-42d3-82fc-10e0f35374b3 | ITER: 31 START
2019-06-14 02:34:15.495 22250 INFO rally.task.runner [-] Task 0f31d698-2db3-42d3-82fc-10e0f35374b3 | ITER: 1 END: OK
2019-06-14 02:34:15.497 22250 INFO rally.task.runner [-] Task 0f31d698-2db3-42d3-82fc-10e0f35374b3 | ITER: 32 START
2019-06-14 02:34:15.509 22259 INFO rally.task.runner [-] Task 0f31d698-2db3-42d3-82fc-10e0f35374b3 | ITER: 10 END: OK
2019-06-14 02:34:15.512 22259 INFO rally.task.runner [-] Task 0f31d698-2db3-42d3-82fc-10e0f35374b3 | ITER: 33 START
2019-06-14 02:34:15.602 22276 INFO rally.task.runner [-] Task 0f31d698-2db3-42d3-82fc-10e0f35374b3 | ITER: 14 END: OK
2019-06-14 02:34:15.605 22276 INFO rally.task.runner [-] Task 0f31d698-2db3-42d3-82fc-10e0f35374b3 | ITER: 34 START
2019-06-14 02:34:15.756 22263 INFO rally.task.runner [-] Task 0f31d698-2db3-42d3-82fc-10e0f35374b3 | ITER: 11 END: OK
2019-06-14 02:34:15.759 22263 INFO rally.task.runner [-] Task 0f31d698-2db3-42d3-82fc-10e0f35374b3 | ITER: 35 START
2019-06-14 02:34:15.783 22288 INFO rally.task.runner [-] Task 0f31d698-2db3-42d3-82fc-10e0f35374b3 | ITER: 18 END: OK
2019-06-14 02:34:15.786 22288 INFO rally.task.runner [-] Task 0f31d698-2db3-42d3-82fc-10e0f35374b3 | ITER: 36 START
2019-06-14 02:34:16.148 22256 INFO rally.task.runner [-] Task 0f31d698-2db3-42d3-82fc-10e0f35374b3 | ITER: 30 END: OK
2019-06-14 02:34:16.150 22251 INFO rally.task.runner [-] Task 0f31d698-2db3-42d3-82fc-10e0f35374b3 | ITER: 5 END: OK
2019-06-14 02:34:16.151 22256 INFO rally.task.runner [-] Task 0f31d698-2db3-42d3-82fc-10e0f35374b3 | ITER: 37 START
2019-06-14 02:34:16.153 22251 INFO rally.task.runner [-] Task 0f31d698-2db3-42d3-82fc-10e0f35374b3 | ITER: 38 START
2019-06-14 02:34:16.210 22275 INFO rally.task.runner [-] Task 0f31d698-2db3-42d3-82fc-10e0f35374b3 | ITER: 13 END: OK
2019-06-14 02:34:16.214 22275 INFO rally.task.runner [-] Task 0f31d698-2db3-42d3-82fc-10e0f35374b3 | ITER: 39 START
2019-06-14 02:34:16.270 22270 INFO rally.task.runner [-] Task 0f31d698-2db3-42d3-82fc-10e0f35374b3 | ITER: 23 END: OK
2019-06-14 02:34:16.274 22270 INFO rally.task.runner [-] Task 0f31d698-2db3-42d3-82fc-10e0f35374b3 | ITER: 40 START
2019-06-14 02:34:16.396 22292 INFO rally.task.runner [-] Task 0f31d698-2db3-42d3-82fc-10e0f35374b3 | ITER: 19 END: OK
2019-06-14 02:34:16.400 22292 INFO rally.task.runner [-] Task 0f31d698-2db3-42d3-82fc-10e0f35374b3 | ITER: 41 START
2019-06-14 02:34:16.415 22293 INFO rally.task.runner [-] Task 0f31d698-2db3-42d3-82fc-10e0f35374b3 | ITER: 20 END: OK
2019-06-14 02:34:16.418 22252 INFO rally.task.runner [-] Task 0f31d698-2db3-42d3-82fc-10e0f35374b3 | ITER: 21 END: OK
2019-06-14 02:34:16.420 22293 INFO rally.task.runner [-] Task 0f31d698-2db3-42d3-82fc-10e0f35374b3 | ITER: 42 START
2019-06-14 02:34:16.422 22252 INFO rally.task.runner [-] Task 0f31d698-2db3-42d3-82fc-10e0f35374b3 | ITER: 43 START
2019-06-14 02:34:16.442 22252 INFO rally.task.runner [-] Task 0f31d698-2db3-42d3-82fc-10e0f35374b3 | ITER: 25 END: OK
2019-06-14 02:34:16.449 22252 INFO rally.task.runner [-] Task 0f31d698-2db3-42d3-82fc-10e0f35374b3 | ITER: 44 START
2019-06-14 02:34:16.464 22251 INFO rally.task.runner [-] Task 0f31d698-2db3-42d3-82fc-10e0f35374b3 | ITER: 24 END: OK
2019-06-14 02:34:16.468 22251 INFO rally.task.runner [-] Task 0f31d698-2db3-42d3-82fc-10e0f35374b3 | ITER: 45 START
2019-06-14 02:34:16.778 22253 INFO rally.task.runner [-] Task 0f31d698-2db3-42d3-82fc-10e0f35374b3 | ITER: 22 END: OK
2019-06-14 02:34:16.781 22253 INFO rally.task.runner [-] Task 0f31d698-2db3-42d3-82fc-10e0f35374b3 | ITER: 46 START
2019-06-14 02:34:16.802 22280 INFO rally.task.runner [-] Task 0f31d698-2db3-42d3-82fc-10e0f35374b3 | ITER: 26 END: OK
2019-06-14 02:34:16.805 22280 INFO rally.task.runner [-] Task 0f31d698-2db3-42d3-82fc-10e0f35374b3 | ITER: 47 START
2019-06-14 02:34:16.817 22285 INFO rally.task.runner [-] Task 0f31d698-2db3-42d3-82fc-10e0f35374b3 | ITER: 31 END: OK
2019-06-14 02:34:16.821 22285 INFO rally.task.runner [-] Task 0f31d698-2db3-42d3-82fc-10e0f35374b3 | ITER: 48 START
2019-06-14 02:34:16.855 22250 INFO rally.task.runner [-] Task 0f31d698-2db3-42d3-82fc-10e0f35374b3 | ITER: 27 END: OK
2019-06-14 02:34:16.858 22253 INFO rally.task.runner [-] Task 0f31d698-2db3-42d3-82fc-10e0f35374b3 | ITER: 29 END: OK
2019-06-14 02:34:16.858 22250 INFO rally.task.runner [-] Task 0f31d698-2db3-42d3-82fc-10e0f35374b3 | ITER: 49 START
2019-06-14 02:34:16.861 22253 INFO rally.task.runner [-] Task 0f31d698-2db3-42d3-82fc-10e0f35374b3 | ITER: 50 START
2019-06-14 02:34:17.049 22282 INFO rally.task.runner [-] Task 0f31d698-2db3-42d3-82fc-10e0f35374b3 | ITER: 28 END: OK
2019-06-14 02:34:17.052 22282 INFO rally.task.runner [-] Task 0f31d698-2db3-42d3-82fc-10e0f35374b3 | ITER: 51 START
2019-06-14 02:34:17.239 22251 INFO rally.task.runner [-] Task 0f31d698-2db3-42d3-82fc-10e0f35374b3 | ITER: 38 END: OK
2019-06-14 02:34:17.243 22251 INFO rally.task.runner [-] Task 0f31d698-2db3-42d3-82fc-10e0f35374b3 | ITER: 52 START
2019-06-14 02:34:17.249 22259 INFO rally.task.runner [-] Task 0f31d698-2db3-42d3-82fc-10e0f35374b3 | ITER: 33 END: OK
2019-06-14 02:34:17.252 22259 INFO rally.task.runner [-] Task 0f31d698-2db3-42d3-82fc-10e0f35374b3 | ITER: 53 START
2019-06-14 02:34:17.281 22288 INFO rally.task.runner [-] Task 0f31d698-2db3-42d3-82fc-10e0f35374b3 | ITER: 36 END: OK
2019-06-14 02:34:17.285 22288 INFO rally.task.runner [-] Task 0f31d698-2db3-42d3-82fc-10e0f35374b3 | ITER: 54 START
2019-06-14 02:34:17.337 22252 INFO rally.task.runner [-] Task 0f31d698-2db3-42d3-82fc-10e0f35374b3 | ITER: 43 END: OK
2019-06-14 02:34:17.341 22252 INFO rally.task.runner [-] Task 0f31d698-2db3-42d3-82fc-10e0f35374b3 | ITER: 55 START
2019-06-14 02:34:17.467 22276 INFO rally.task.runner [-] Task 0f31d698-2db3-42d3-82fc-10e0f35374b3 | ITER: 34 END: OK
2019-06-14 02:34:17.471 22276 INFO rally.task.runner [-] Task 0f31d698-2db3-42d3-82fc-10e0f35374b3 | ITER: 56 START
2019-06-14 02:34:17.595 22256 INFO rally.task.runner [-] Task 0f31d698-2db3-42d3-82fc-10e0f35374b3 | ITER: 37 END: OK
2019-06-14 02:34:17.598 22256 INFO rally.task.runner [-] Task 0f31d698-2db3-42d3-82fc-10e0f35374b3 | ITER: 57 START
2019-06-14 02:34:17.613 22253 INFO rally.task.runner [-] Task 0f31d698-2db3-42d3-82fc-10e0f35374b3 | ITER: 50 END: OK
2019-06-14 02:34:17.621 22253 INFO rally.task.runner [-] Task 0f31d698-2db3-42d3-82fc-10e0f35374b3 | ITER: 58 START
2019-06-14 02:34:17.734 22250 INFO rally.task.runner [-] Task 0f31d698-2db3-42d3-82fc-10e0f35374b3 | ITER: 32 END: OK
2019-06-14 02:34:17.738 22250 INFO rally.task.runner [-] Task 0f31d698-2db3-42d3-82fc-10e0f35374b3 | ITER: 59 START
2019-06-14 02:34:17.753 22270 INFO rally.task.runner [-] Task 0f31d698-2db3-42d3-82fc-10e0f35374b3 | ITER: 40 END: OK
2019-06-14 02:34:17.756 22270 INFO rally.task.runner [-] Task 0f31d698-2db3-42d3-82fc-10e0f35374b3 | ITER: 60 START
2019-06-14 02:34:17.800 22293 INFO rally.task.runner [-] Task 0f31d698-2db3-42d3-82fc-10e0f35374b3 | ITER: 42 END: OK
2019-06-14 02:34:17.804 22293 INFO rally.task.runner [-] Task 0f31d698-2db3-42d3-82fc-10e0f35374b3 | ITER: 61 START
2019-06-14 02:34:17.892 22251 INFO rally.task.runner [-] Task 0f31d698-2db3-42d3-82fc-10e0f35374b3 | ITER: 45 END: OK
2019-06-14 02:34:17.896 22251 INFO rally.task.runner [-] Task 0f31d698-2db3-42d3-82fc-10e0f35374b3 | ITER: 62 START
2019-06-14 02:34:18.017 22275 INFO rally.task.runner [-] Task 0f31d698-2db3-42d3-82fc-10e0f35374b3 | ITER: 39 END: OK
2019-06-14 02:34:18.021 22263 INFO rally.task.runner [-] Task 0f31d698-2db3-42d3-82fc-10e0f35374b3 | ITER: 35 END: OK
2019-06-14 02:34:18.022 22275 INFO rally.task.runner [-] Task 0f31d698-2db3-42d3-82fc-10e0f35374b3 | ITER: 63 START
2019-06-14 02:34:18.024 22263 INFO rally.task.runner [-] Task 0f31d698-2db3-42d3-82fc-10e0f35374b3 | ITER: 64 START
2019-06-14 02:34:18.131 22251 INFO rally.task.runner [-] Task 0f31d698-2db3-42d3-82fc-10e0f35374b3 | ITER: 52 END: OK
2019-06-14 02:34:18.135 22251 INFO rally.task.runner [-] Task 0f31d698-2db3-42d3-82fc-10e0f35374b3 | ITER: 65 START
2019-06-14 02:34:18.289 22253 INFO rally.task.runner [-] Task 0f31d698-2db3-42d3-82fc-10e0f35374b3 | ITER: 46 END: OK
2019-06-14 02:34:18.293 22253 INFO rally.task.runner [-] Task 0f31d698-2db3-42d3-82fc-10e0f35374b3 | ITER: 66 START
2019-06-14 02:34:18.305 22292 INFO rally.task.runner [-] Task 0f31d698-2db3-42d3-82fc-10e0f35374b3 | ITER: 41 END: OK
2019-06-14 02:34:18.309 22292 INFO rally.task.runner [-] Task 0f31d698-2db3-42d3-82fc-10e0f35374b3 | ITER: 67 START
2019-06-14 02:34:18.365 22280 INFO rally.task.runner [-] Task 0f31d698-2db3-42d3-82fc-10e0f35374b3 | ITER: 47 END: OK
2019-06-14 02:34:18.368 22280 INFO rally.task.runner [-] Task 0f31d698-2db3-42d3-82fc-10e0f35374b3 | ITER: 68 START
2019-06-14 02:34:18.517 22285 INFO rally.task.runner [-] Task 0f31d698-2db3-42d3-82fc-10e0f35374b3 | ITER: 48 END: OK
2019-06-14 02:34:18.520 22285 INFO rally.task.runner [-] Task 0f31d698-2db3-42d3-82fc-10e0f35374b3 | ITER: 69 START
2019-06-14 02:34:18.587 22252 INFO rally.task.runner [-] Task 0f31d698-2db3-42d3-82fc-10e0f35374b3 | ITER: 55 END: OK
2019-06-14 02:34:18.590 22252 INFO rally.task.runner [-] Task 0f31d698-2db3-42d3-82fc-10e0f35374b3 | ITER: 70 START
2019-06-14 02:34:18.614 22288 INFO rally.task.runner [-] Task 0f31d698-2db3-42d3-82fc-10e0f35374b3 | ITER: 54 END: OK
2019-06-14 02:34:18.618 22288 INFO rally.task.runner [-] Task 0f31d698-2db3-42d3-82fc-10e0f35374b3 | ITER: 71 START
2019-06-14 02:34:18.672 22282 INFO rally.task.runner [-] Task 0f31d698-2db3-42d3-82fc-10e0f35374b3 | ITER: 51 END: OK
2019-06-14 02:34:18.676 22282 INFO rally.task.runner [-] Task 0f31d698-2db3-42d3-82fc-10e0f35374b3 | ITER: 72 START
2019-06-14 02:34:18.821 22250 INFO rally.task.runner [-] Task 0f31d698-2db3-42d3-82fc-10e0f35374b3 | ITER: 49 END: OK
2019-06-14 02:34:18.824 22250 INFO rally.task.runner [-] Task 0f31d698-2db3-42d3-82fc-10e0f35374b3 | ITER: 73 START
2019-06-14 02:34:19.153 22276 INFO rally.task.runner [-] Task 0f31d698-2db3-42d3-82fc-10e0f35374b3 | ITER: 56 END: OK
2019-06-14 02:34:19.156 22276 INFO rally.task.runner [-] Task 0f31d698-2db3-42d3-82fc-10e0f35374b3 | ITER: 74 START
2019-06-14 02:34:19.201 22263 INFO rally.task.runner [-] Task 0f31d698-2db3-42d3-82fc-10e0f35374b3 | ITER: 64 END: OK
2019-06-14 02:34:19.205 22263 INFO rally.task.runner [-] Task 0f31d698-2db3-42d3-82fc-10e0f35374b3 | ITER: 75 START
2019-06-14 02:34:19.286 22259 INFO rally.task.runner [-] Task 0f31d698-2db3-42d3-82fc-10e0f35374b3 | ITER: 53 END: OK
2019-06-14 02:34:19.289 22259 INFO rally.task.runner [-] Task 0f31d698-2db3-42d3-82fc-10e0f35374b3 | ITER: 76 START
2019-06-14 02:34:19.294 22251 INFO rally.task.runner [-] Task 0f31d698-2db3-42d3-82fc-10e0f35374b3 | ITER: 62 END: OK
2019-06-14 02:34:19.297 22251 INFO rally.task.runner [-] Task 0f31d698-2db3-42d3-82fc-10e0f35374b3 | ITER: 77 START
2019-06-14 02:34:19.399 22252 INFO rally.task.runner [-] Task 0f31d698-2db3-42d3-82fc-10e0f35374b3 | ITER: 44 END: OK
2019-06-14 02:34:19.411 22252 INFO rally.task.runner [-] Task 0f31d698-2db3-42d3-82fc-10e0f35374b3 | ITER: 78 START
2019-06-14 02:34:19.442 22253 INFO rally.task.runner [-] Task 0f31d698-2db3-42d3-82fc-10e0f35374b3 | ITER: 66 END: OK
2019-06-14 02:34:19.445 22253 INFO rally.task.runner [-] Task 0f31d698-2db3-42d3-82fc-10e0f35374b3 | ITER: 79 START
2019-06-14 02:34:19.469 22250 INFO rally.task.runner [-] Task 0f31d698-2db3-42d3-82fc-10e0f35374b3 | ITER: 59 END: OK
2019-06-14 02:34:19.472 22250 INFO rally.task.runner [-] Task 0f31d698-2db3-42d3-82fc-10e0f35374b3 | ITER: 80 START
2019-06-14 02:34:19.727 22280 INFO rally.task.runner [-] Task 0f31d698-2db3-42d3-82fc-10e0f35374b3 | ITER: 68 END: OK
2019-06-14 02:34:19.727 22270 INFO rally.task.runner [-] Task 0f31d698-2db3-42d3-82fc-10e0f35374b3 | ITER: 60 END: OK
2019-06-14 02:34:19.730 22270 INFO rally.task.runner [-] Task 0f31d698-2db3-42d3-82fc-10e0f35374b3 | ITER: 82 START
2019-06-14 02:34:19.730 22280 INFO rally.task.runner [-] Task 0f31d698-2db3-42d3-82fc-10e0f35374b3 | ITER: 81 START
2019-06-14 02:34:19.972 22285 INFO rally.task.runner [-] Task 0f31d698-2db3-42d3-82fc-10e0f35374b3 | ITER: 69 END: OK
2019-06-14 02:34:19.976 22285 INFO rally.task.runner [-] Task 0f31d698-2db3-42d3-82fc-10e0f35374b3 | ITER: 83 START
2019-06-14 02:34:20.006 22293 INFO rally.task.runner [-] Task 0f31d698-2db3-42d3-82fc-10e0f35374b3 | ITER: 61 END: OK
2019-06-14 02:34:20.009 22293 INFO rally.task.runner [-] Task 0f31d698-2db3-42d3-82fc-10e0f35374b3 | ITER: 84 START
2019-06-14 02:34:20.024 22256 INFO rally.task.runner [-] Task 0f31d698-2db3-42d3-82fc-10e0f35374b3 | ITER: 57 END: OK
2019-06-14 02:34:20.028 22256 INFO rally.task.runner [-] Task 0f31d698-2db3-42d3-82fc-10e0f35374b3 | ITER: 85 START
2019-06-14 02:34:20.039 22275 INFO rally.task.runner [-] Task 0f31d698-2db3-42d3-82fc-10e0f35374b3 | ITER: 63 END: OK
2019-06-14 02:34:20.042 22275 INFO rally.task.runner [-] Task 0f31d698-2db3-42d3-82fc-10e0f35374b3 | ITER: 86 START
2019-06-14 02:34:20.050 22252 INFO rally.task.runner [-] Task 0f31d698-2db3-42d3-82fc-10e0f35374b3 | ITER: 70 END: OK
2019-06-14 02:34:20.053 22252 INFO rally.task.runner [-] Task 0f31d698-2db3-42d3-82fc-10e0f35374b3 | ITER: 87 START
2019-06-14 02:34:20.224 22251 INFO rally.task.runner [-] Task 0f31d698-2db3-42d3-82fc-10e0f35374b3 | ITER: 65 END: OK
2019-06-14 02:34:20.228 22251 INFO rally.task.runner [-] Task 0f31d698-2db3-42d3-82fc-10e0f35374b3 | ITER: 88 START
2019-06-14 02:34:20.504 22253 INFO rally.task.runner [-] Task 0f31d698-2db3-42d3-82fc-10e0f35374b3 | ITER: 58 END: OK
2019-06-14 02:34:20.508 22253 INFO rally.task.runner [-] Task 0f31d698-2db3-42d3-82fc-10e0f35374b3 | ITER: 89 START
2019-06-14 02:34:20.516 22292 INFO rally.task.runner [-] Task 0f31d698-2db3-42d3-82fc-10e0f35374b3 | ITER: 67 END: OK
2019-06-14 02:34:20.520 22292 INFO rally.task.runner [-] Task 0f31d698-2db3-42d3-82fc-10e0f35374b3 | ITER: 90 START
2019-06-14 02:34:20.564 22251 INFO rally.task.runner [-] Task 0f31d698-2db3-42d3-82fc-10e0f35374b3 | ITER: 77 END: OK
2019-06-14 02:34:20.568 22251 INFO rally.task.runner [-] Task 0f31d698-2db3-42d3-82fc-10e0f35374b3 | ITER: 91 START
2019-06-14 02:34:20.664 22288 INFO rally.task.runner [-] Task 0f31d698-2db3-42d3-82fc-10e0f35374b3 | ITER: 71 END: OK
2019-06-14 02:34:20.668 22288 INFO rally.task.runner [-] Task 0f31d698-2db3-42d3-82fc-10e0f35374b3 | ITER: 92 START
2019-06-14 02:34:21.069 22282 INFO rally.task.runner [-] Task 0f31d698-2db3-42d3-82fc-10e0f35374b3 | ITER: 72 END: OK
2019-06-14 02:34:21.072 22282 INFO rally.task.runner [-] Task 0f31d698-2db3-42d3-82fc-10e0f35374b3 | ITER: 93 START
2019-06-14 02:34:21.155 22263 INFO rally.task.runner [-] Task 0f31d698-2db3-42d3-82fc-10e0f35374b3 | ITER: 75 END: OK
2019-06-14 02:34:21.158 22263 INFO rally.task.runner [-] Task 0f31d698-2db3-42d3-82fc-10e0f35374b3 | ITER: 94 START
2019-06-14 02:34:21.170 22270 INFO rally.task.runner [-] Task 0f31d698-2db3-42d3-82fc-10e0f35374b3 | ITER: 82 END: OK
2019-06-14 02:34:21.174 22270 INFO rally.task.runner [-] Task 0f31d698-2db3-42d3-82fc-10e0f35374b3 | ITER: 95 START
2019-06-14 02:34:21.211 22250 INFO rally.task.runner [-] Task 0f31d698-2db3-42d3-82fc-10e0f35374b3 | ITER: 73 END: OK
2019-06-14 02:34:21.214 22250 INFO rally.task.runner [-] Task 0f31d698-2db3-42d3-82fc-10e0f35374b3 | ITER: 96 START
2019-06-14 02:34:21.253 22252 INFO rally.task.runner [-] Task 0f31d698-2db3-42d3-82fc-10e0f35374b3 | ITER: 78 END: OK
2019-06-14 02:34:21.257 22252 INFO rally.task.runner [-] Task 0f31d698-2db3-42d3-82fc-10e0f35374b3 | ITER: 97 START
2019-06-14 02:34:21.377 22276 INFO rally.task.runner [-] Task 0f31d698-2db3-42d3-82fc-10e0f35374b3 | ITER: 74 END: OK
2019-06-14 02:34:21.380 22276 INFO rally.task.runner [-] Task 0f31d698-2db3-42d3-82fc-10e0f35374b3 | ITER: 98 START
2019-06-14 02:34:21.393 22250 INFO rally.task.runner [-] Task 0f31d698-2db3-42d3-82fc-10e0f35374b3 | ITER: 80 END: OK
2019-06-14 02:34:21.396 22250 INFO rally.task.runner [-] Task 0f31d698-2db3-42d3-82fc-10e0f35374b3 | ITER: 99 START
2019-06-14 02:34:21.477 22253 INFO rally.task.runner [-] Task 0f31d698-2db3-42d3-82fc-10e0f35374b3 | ITER: 79 END: OK
2019-06-14 02:34:21.480 22253 INFO rally.task.runner [-] Task 0f31d698-2db3-42d3-82fc-10e0f35374b3 | ITER: 100 START
2019-06-14 02:34:21.516 22259 INFO rally.task.runner [-] Task 0f31d698-2db3-42d3-82fc-10e0f35374b3 | ITER: 76 END: OK
2019-06-14 02:34:21.559 22285 INFO rally.task.runner [-] Task 0f31d698-2db3-42d3-82fc-10e0f35374b3 | ITER: 83 END: OK
2019-06-14 02:34:21.691 22293 INFO rally.task.runner [-] Task 0f31d698-2db3-42d3-82fc-10e0f35374b3 | ITER: 84 END: OK
2019-06-14 02:34:21.723 22253 INFO rally.task.runner [-] Task 0f31d698-2db3-42d3-82fc-10e0f35374b3 | ITER: 89 END: OK
2019-06-14 02:34:21.757 22251 INFO rally.task.runner [-] Task 0f31d698-2db3-42d3-82fc-10e0f35374b3 | ITER: 91 END: OK
2019-06-14 02:34:21.761 22280 INFO rally.task.runner [-] Task 0f31d698-2db3-42d3-82fc-10e0f35374b3 | ITER: 81 END: OK
2019-06-14 02:34:21.877 22251 INFO rally.task.runner [-] Task 0f31d698-2db3-42d3-82fc-10e0f35374b3 | ITER: 88 END: OK
2019-06-14 02:34:21.895 22256 INFO rally.task.runner [-] Task 0f31d698-2db3-42d3-82fc-10e0f35374b3 | ITER: 85 END: OK
2019-06-14 02:34:21.933 22288 INFO rally.task.runner [-] Task 0f31d698-2db3-42d3-82fc-10e0f35374b3 | ITER: 92 END: OK
2019-06-14 02:34:22.094 22252 INFO rally.task.runner [-] Task 0f31d698-2db3-42d3-82fc-10e0f35374b3 | ITER: 87 END: OK
2019-06-14 02:34:22.109 22275 INFO rally.task.runner [-] Task 0f31d698-2db3-42d3-82fc-10e0f35374b3 | ITER: 86 END: OK
2019-06-14 02:34:22.362 22292 INFO rally.task.runner [-] Task 0f31d698-2db3-42d3-82fc-10e0f35374b3 | ITER: 90 END: OK
2019-06-14 02:34:22.385 22282 INFO rally.task.runner [-] Task 0f31d698-2db3-42d3-82fc-10e0f35374b3 | ITER: 93 END: OK
2019-06-14 02:34:22.488 22263 INFO rally.task.runner [-] Task 0f31d698-2db3-42d3-82fc-10e0f35374b3 | ITER: 94 END: OK
2019-06-14 02:34:22.755 22276 INFO rally.task.runner [-] Task 0f31d698-2db3-42d3-82fc-10e0f35374b3 | ITER: 98 END: OK
2019-06-14 02:34:22.774 22252 INFO rally.task.runner [-] Task 0f31d698-2db3-42d3-82fc-10e0f35374b3 | ITER: 97 END: OK
2019-06-14 02:34:22.869 22250 INFO rally.task.runner [-] Task 0f31d698-2db3-42d3-82fc-10e0f35374b3 | ITER: 96 END: OK
2019-06-14 02:34:22.874 22270 INFO rally.task.runner [-] Task 0f31d698-2db3-42d3-82fc-10e0f35374b3 | ITER: 95 END: OK
2019-06-14 02:34:22.880 22253 INFO rally.task.runner [-] Task 0f31d698-2db3-42d3-82fc-10e0f35374b3 | ITER: 100 END: OK
2019-06-14 02:34:23.090 22250 INFO rally.task.runner [-] Task 0f31d698-2db3-42d3-82fc-10e0f35374b3 | ITER: 99 END: OK
2019-06-14 02:34:23.117 22126 INFO rally.task.context [-] Task 0f31d698-2db3-42d3-82fc-10e0f35374b3 | Context cleanup@openstack cleanup() started
2019-06-14 02:34:23.120 22126 RALLYDEBUG rally_openstack.cleanup.manager [-] Cleaning up neutron vip objects
2019-06-14 02:34:23.513 22126 RALLYDEBUG rally_openstack.cleanup.manager [-] Cleaning up neutron health_monitor objects
2019-06-14 02:34:23.927 22126 RALLYDEBUG rally_openstack.cleanup.manager [-] Cleaning up neutron pool objects
2019-06-14 02:34:24.323 22126 RALLYDEBUG rally_openstack.cleanup.manager [-] Cleaning up neutron loadbalancer objects
2019-06-14 02:34:24.715 22126 RALLYDEBUG rally_openstack.cleanup.manager [-] Cleaning up neutron floatingip objects
2019-06-14 02:34:25.162 22126 RALLYDEBUG rally_openstack.cleanup.manager [-] Cleaning up neutron port objects
2019-06-14 02:34:25.609 22126 RALLYDEBUG rally_openstack.cleanup.manager [-] Cleaning up neutron subnet objects
2019-06-14 02:34:26.023 22126 RALLYDEBUG rally_openstack.cleanup.manager [-] Cleaning up neutron network objects
2019-06-14 02:34:26.751 22126 RALLYDEBUG rally_openstack.cleanup.manager [-] Deleting neutron.network object s_rally_6dd1f8e2_iqaq5UiB (03c80206-9fcd-4c25-b652-8868cef44c91)
2019-06-14 02:34:26.754 22126 RALLYDEBUG rally_openstack.cleanup.manager [-] Deleting neutron.network object s_rally_6dd1f8e2_4rvpPfN4 (1ddedafd-271a-4db1-b0a8-cb407d4c80fb)
2019-06-14 02:34:26.760 22126 RALLYDEBUG rally_openstack.cleanup.manager [-] Deleting neutron.network object s_rally_6dd1f8e2_NnJtd1rR (0144e78c-e346-4965-8c05-90a603519634)
2019-06-14 02:34:26.765 22126 RALLYDEBUG rally_openstack.cleanup.manager [-] Deleting neutron.network object s_rally_6dd1f8e2_xYRwhyud (0518c221-17ea-411e-82e7-caff03edaa03)
2019-06-14 02:34:26.766 22126 RALLYDEBUG rally_openstack.cleanup.manager [-] Deleting neutron.network object s_rally_6dd1f8e2_wZYzww16 (0e3e8ef4-ac63-4030-9d7e-19e7c0aa3c73)
2019-06-14 02:34:26.774 22126 RALLYDEBUG rally_openstack.cleanup.manager [-] Deleting neutron.network object s_rally_6dd1f8e2_RYCMVZA0 (13bba840-9a9c-4e74-a034-bdc9de75dbaa)
2019-06-14 02:34:26.777 22126 RALLYDEBUG rally_openstack.cleanup.manager [-] Deleting neutron.network object s_rally_6dd1f8e2_Wgsioajv (02758fba-f25b-4ad3-bf38-22f67f22ed08)
2019-06-14 02:34:26.776 22126 RALLYDEBUG rally_openstack.cleanup.manager [-] Deleting neutron.network object s_rally_6dd1f8e2_DLlxKBTz (121ceaac-dcc0-41c1-a0c5-bda6102bbfba)
2019-06-14 02:34:26.787 22126 RALLYDEBUG rally_openstack.cleanup.manager [-] Deleting neutron.network object s_rally_6dd1f8e2_iVLjFPoQ (282fff12-7f69-4174-ac89-3d1bd8b46a95)
2019-06-14 02:34:26.796 22126 RALLYDEBUG rally_openstack.cleanup.manager [-] Deleting neutron.network object s_rally_6dd1f8e2_PaiPuRKz (0ee0e465-bb07-4e71-9882-d99c9cbdd0d8)
2019-06-14 02:34:26.794 22126 RALLYDEBUG rally_openstack.cleanup.manager [-] Deleting neutron.network object s_rally_6dd1f8e2_y3au5iwm (252e2d71-091f-42e2-bdce-d1aba7c93adb)
2019-06-14 02:34:26.816 22126 RALLYDEBUG rally_openstack.cleanup.manager [-] Deleting neutron.network object s_rally_6dd1f8e2_XCDrk1vj (10c16a61-e132-4ac2-b36c-2ec315327103)
2019-06-14 02:34:26.821 22126 RALLYDEBUG rally_openstack.cleanup.manager [-] Deleting neutron.network object s_rally_6dd1f8e2_cGBimxFq (0b2e3ced-cdb2-40ab-8e97-388d098c7e69)
2019-06-14 02:34:26.822 22126 RALLYDEBUG rally_openstack.cleanup.manager [-] Deleting neutron.network object s_rally_6dd1f8e2_eA7AsB1W (23ac95e6-2b5c-4376-bf26-5b7b883439b9)
2019-06-14 02:34:26.830 22126 RALLYDEBUG rally_openstack.cleanup.manager [-] Deleting neutron.network object s_rally_6dd1f8e2_rqMFUP4O (0814c5c2-4013-428e-ac65-a693618910ff)
2019-06-14 02:34:26.828 22126 RALLYDEBUG rally_openstack.cleanup.manager [-] Deleting neutron.network object s_rally_6dd1f8e2_PYXeLTzy (29b3a262-24a0-44c2-8e91-77effb7e241f)
2019-06-14 02:34:26.859 22126 RALLYDEBUG rally_openstack.cleanup.manager [-] Deleting neutron.network object s_rally_6dd1f8e2_8ALhPumi (08c2a818-3348-4b07-916d-2f21c63c5ec5)
2019-06-14 02:34:26.889 22126 RALLYDEBUG rally_openstack.cleanup.manager [-] Deleting neutron.network object s_rally_6dd1f8e2_I9Bm2Vil (262e9d81-8610-4fbf-ab8d-1648c6ce6ca2)
2019-06-14 02:34:26.900 22126 RALLYDEBUG rally_openstack.cleanup.manager [-] Deleting neutron.network object s_rally_6dd1f8e2_Ff1mrBev (2d265b76-2346-4c28-b212-056b721b1aed)
2019-06-14 02:34:26.911 22126 RALLYDEBUG rally_openstack.cleanup.manager [-] Deleting neutron.network object s_rally_6dd1f8e2_zpnbiR9B (2afc080d-a59f-4967-a948-0a7e9507fbb1)
2019-06-14 02:34:29.359 22126 RALLYDEBUG rally_openstack.cleanup.manager [-] Deleting neutron.network object s_rally_6dd1f8e2_EKOLNPfb (2ea767e5-dc7f-45e6-b5e7-478197226ecf)
2019-06-14 02:34:29.371 22126 RALLYDEBUG rally_openstack.cleanup.manager [-] Deleting neutron.network object s_rally_6dd1f8e2_9oMA4gKU (3011b703-d357-45de-9608-ddb97e8cda79)
2019-06-14 02:34:29.373 22126 RALLYDEBUG rally_openstack.cleanup.manager [-] Deleting neutron.network object s_rally_6dd1f8e2_4ZEXnYxG (2f10e99a-7345-4b1a-96cf-35a11b67b8b7)
2019-06-14 02:34:29.383 22126 RALLYDEBUG rally_openstack.cleanup.manager [-] Deleting neutron.network object s_rally_6dd1f8e2_84Hm87Jf (305222fb-b077-4dcd-be89-82545c39ee56)
2019-06-14 02:34:29.468 22126 RALLYDEBUG rally_openstack.cleanup.manager [-] Deleting neutron.network object s_rally_6dd1f8e2_6tlXxScg (3078fc9a-ca17-4ecc-b149-8bc743f7e081)
2019-06-14 02:34:29.698 22126 RALLYDEBUG rally_openstack.cleanup.manager [-] Deleting neutron.network object s_rally_6dd1f8e2_KEkwx7pS (32430c94-6b5e-4f07-bbc9-3011676732bd)
2019-06-14 02:34:29.747 22126 RALLYDEBUG rally_openstack.cleanup.manager [-] Deleting neutron.network object s_rally_6dd1f8e2_UjF07fSo (3348ebb0-baae-47e3-9d46-852b72449aba)
2019-06-14 02:34:29.796 22126 RALLYDEBUG rally_openstack.cleanup.manager [-] Deleting neutron.network object s_rally_6dd1f8e2_X5Ucfok4 (39e7f8e2-c15c-4a9c-aa74-a6f659612743)
2019-06-14 02:34:29.802 22126 RALLYDEBUG rally_openstack.cleanup.manager [-] Deleting neutron.network object s_rally_6dd1f8e2_Up9ZKjCT (3a69e7b2-496f-4577-a0a9-4a17c93c7082)
2019-06-14 02:34:29.956 22126 RALLYDEBUG rally_openstack.cleanup.manager [-] Deleting neutron.network object s_rally_6dd1f8e2_94Fg8Tv0 (3dc9d684-eca3-4806-b39a-bcf12a5888ab)
2019-06-14 02:34:29.977 22126 RALLYDEBUG rally_openstack.cleanup.manager [-] Deleting neutron.network object s_rally_6dd1f8e2_G6CLmAOS (3f8a14e5-3773-464b-bd44-151835d019ed)
2019-06-14 02:34:29.990 22126 RALLYDEBUG rally_openstack.cleanup.manager [-] Deleting neutron.network object s_rally_6dd1f8e2_ujYJ9LrN (446d17af-0fe8-4fed-9499-732d5c2790d4)
2019-06-14 02:34:30.064 22126 RALLYDEBUG rally_openstack.cleanup.manager [-] Deleting neutron.network object s_rally_6dd1f8e2_cH4g1gnO (4520cb53-8ed3-42f4-b120-cacae105492b)
2019-06-14 02:34:30.094 22126 RALLYDEBUG rally_openstack.cleanup.manager [-] Deleting neutron.network object s_rally_6dd1f8e2_msJqieVV (46ce57b5-94d2-4b59-8e56-d077e4f50acc)
2019-06-14 02:34:30.158 22126 RALLYDEBUG rally_openstack.cleanup.manager [-] Deleting neutron.network object s_rally_6dd1f8e2_5uorMpDk (4b517cf7-e707-4d68-b6b8-86d4f03f48ec)
2019-06-14 02:34:30.177 22126 RALLYDEBUG rally_openstack.cleanup.manager [-] Deleting neutron.network object s_rally_6dd1f8e2_6sC0214P (4fac2291-5a04-4274-afea-32b3a82ca889)
2019-06-14 02:34:30.300 22126 RALLYDEBUG rally_openstack.cleanup.manager [-] Deleting neutron.network object s_rally_6dd1f8e2_CuAY6C2q (50a94b22-8cf4-400f-a6c3-d960def6a56f)
2019-06-14 02:34:30.301 22126 RALLYDEBUG rally_openstack.cleanup.manager [-] Deleting neutron.network object s_rally_6dd1f8e2_Ikyuyc6s (51bca0e0-1366-4d11-89cc-d0de13626bcb)
2019-06-14 02:34:30.337 22126 RALLYDEBUG rally_openstack.cleanup.manager [-] Deleting neutron.network object s_rally_6dd1f8e2_lFZLFotW (54c54665-471b-4986-b83a-dda7846ce14e)
2019-06-14 02:34:30.399 22126 RALLYDEBUG rally_openstack.cleanup.manager [-] Deleting neutron.network object s_rally_6dd1f8e2_ZnLXYKRQ (551bdacd-fabb-46ec-b042-ed24ee017945)
2019-06-14 02:34:31.727 22126 RALLYDEBUG rally_openstack.cleanup.manager [-] Deleting neutron.network object s_rally_6dd1f8e2_gfScRjbF (56475939-3e5b-48ea-93cf-39e7fc3cde55)
2019-06-14 02:34:31.831 22126 RALLYDEBUG rally_openstack.cleanup.manager [-] Deleting neutron.network object s_rally_6dd1f8e2_NWx5oEeI (605469f0-20a6-4ba7-8acb-3c9f8d9de71c)
2019-06-14 02:34:31.949 22126 RALLYDEBUG rally_openstack.cleanup.manager [-] Deleting neutron.network object s_rally_6dd1f8e2_ien3BFmy (62ba320b-1c72-4766-b140-505dcb5fd55f)
2019-06-14 02:34:32.060 22126 RALLYDEBUG rally_openstack.cleanup.manager [-] Deleting neutron.network object s_rally_6dd1f8e2_9iZPr4dL (65300f13-fb1b-4dc4-a9bb-3ce53e01816a)
2019-06-14 02:34:32.180 22126 RALLYDEBUG rally_openstack.cleanup.manager [-] Deleting neutron.network object s_rally_6dd1f8e2_SpQztuwh (660fffaa-5d34-4961-8865-6766d1232cbb)
2019-06-14 02:34:32.201 22126 RALLYDEBUG rally_openstack.cleanup.manager [-] Deleting neutron.network object s_rally_6dd1f8e2_on1wxUR5 (6973ada6-8e26-4770-b3c8-c8d122a30e6d)
2019-06-14 02:34:32.218 22126 RALLYDEBUG rally_openstack.cleanup.manager [-] Deleting neutron.network object s_rally_6dd1f8e2_eEmXrscT (6b9f0b35-3e63-446d-b02e-69efcb2659c5)
2019-06-14 02:34:32.282 22126 RALLYDEBUG rally_openstack.cleanup.manager [-] Deleting neutron.network object s_rally_6dd1f8e2_DHQSscUG (6ef3de9e-2509-4f31-a67e-222cd4c6981c)
2019-06-14 02:34:32.442 22126 RALLYDEBUG rally_openstack.cleanup.manager [-] Deleting neutron.network object s_rally_6dd1f8e2_xuGVXjHZ (7178a502-5c83-41ff-b7bb-1304aa021b0c)
2019-06-14 02:34:32.485 22126 RALLYDEBUG rally_openstack.cleanup.manager [-] Deleting neutron.network object s_rally_6dd1f8e2_jjbTmsLq (74e13013-b4f0-423f-96c3-0166810eb00d)
2019-06-14 02:34:32.607 22126 RALLYDEBUG rally_openstack.cleanup.manager [-] Deleting neutron.network object s_rally_6dd1f8e2_t0zCZ5nZ (75a0b38e-3df2-4c54-b851-2f3896cc7b97)
2019-06-14 02:34:32.723 22126 RALLYDEBUG rally_openstack.cleanup.manager [-] Deleting neutron.network object s_rally_6dd1f8e2_j55Od1fN (76a5690f-fbe9-4ffd-a5db-8c4bbe2a246b)
2019-06-14 02:34:32.773 22126 RALLYDEBUG rally_openstack.cleanup.manager [-] Deleting neutron.network object s_rally_6dd1f8e2_QLEipZ38 (776282a9-9c2a-478f-a4c9-050240d96205)
2019-06-14 02:34:32.805 22126 RALLYDEBUG rally_openstack.cleanup.manager [-] Deleting neutron.network object s_rally_6dd1f8e2_SFKSglls (785040b7-0591-43e8-ac45-b153b6d61378)
2019-06-14 02:34:32.875 22126 RALLYDEBUG rally_openstack.cleanup.manager [-] Deleting neutron.network object s_rally_6dd1f8e2_vbx3dhf8 (8057ce8c-00cc-4c69-9a29-8854e7352598)
2019-06-14 02:34:33.002 22126 RALLYDEBUG rally_openstack.cleanup.manager [-] Deleting neutron.network object s_rally_6dd1f8e2_JNE8th7c (858bbd08-82cf-4bfa-a219-ee914090677c)
2019-06-14 02:34:33.038 22126 RALLYDEBUG rally_openstack.cleanup.manager [-] Deleting neutron.network object s_rally_6dd1f8e2_wMrVXB1A (86479d2e-9126-4104-83a4-3281bafa74fb)
2019-06-14 02:34:33.049 22126 RALLYDEBUG rally_openstack.cleanup.manager [-] Deleting neutron.network object s_rally_6dd1f8e2_a9Kr6iBm (8896c6b4-7996-4702-80bc-c62b652c934f)
2019-06-14 02:34:33.097 22126 RALLYDEBUG rally_openstack.cleanup.manager [-] Deleting neutron.network object s_rally_6dd1f8e2_1TJFZTA3 (89e459d6-e61f-424f-b0bb-f7ec5b515a83)
2019-06-14 02:34:33.312 22126 RALLYDEBUG rally_openstack.cleanup.manager [-] Deleting neutron.network object s_rally_6dd1f8e2_CnQc7kCd (8b77d0db-9ab3-4695-96c5-3ec9e728a232)
2019-06-14 02:34:33.653 22126 RALLYDEBUG rally_openstack.cleanup.manager [-] Deleting neutron.network object s_rally_6dd1f8e2_oue6SEQi (8bf09f6e-e0b5-4b46-b1d0-fba307dc7435)
2019-06-14 02:34:33.853 22126 RALLYDEBUG rally_openstack.cleanup.manager [-] Deleting neutron.network object s_rally_6dd1f8e2_mkMa0m20 (8d060227-9f92-448c-bb21-758931373849)
2019-06-14 02:34:33.868 22126 RALLYDEBUG rally_openstack.cleanup.manager [-] Deleting neutron.network object s_rally_6dd1f8e2_G7CQGSXX (8df09fff-88c2-454c-8e08-daefa6aee353)
2019-06-14 02:34:34.061 22126 RALLYDEBUG rally_openstack.cleanup.manager [-] Deleting neutron.network object s_rally_6dd1f8e2_bnVvMlit (92dc1b93-3266-4561-b9cd-71d35b3787fa)
2019-06-14 02:34:34.162 22126 RALLYDEBUG rally_openstack.cleanup.manager [-] Deleting neutron.network object s_rally_6dd1f8e2_o1jRAGfm (92f77d50-6f7d-4447-a137-7f314025fb00)
2019-06-14 02:34:34.455 22126 RALLYDEBUG rally_openstack.cleanup.manager [-] Deleting neutron.network object s_rally_6dd1f8e2_rGf0kxvq (9553fab3-a1ca-4622-b4b4-3945a162b05e)
2019-06-14 02:34:34.631 22126 RALLYDEBUG rally_openstack.cleanup.manager [-] Deleting neutron.network object s_rally_6dd1f8e2_tkNEXgUK (9b229440-427d-4c82-bc5f-b22364f2c837)
2019-06-14 02:34:34.720 22126 RALLYDEBUG rally_openstack.cleanup.manager [-] Deleting neutron.network object s_rally_6dd1f8e2_NR8YFq6C (9cdad61a-a868-4161-b964-1e87e35f0bcf)
2019-06-14 02:34:34.827 22126 RALLYDEBUG rally_openstack.cleanup.manager [-] Deleting neutron.network object s_rally_6dd1f8e2_DWxw1aZj (9df550ad-b2eb-4535-a7f0-6d1b97cd929d)
2019-06-14 02:34:35.017 22126 RALLYDEBUG rally_openstack.cleanup.manager [-] Deleting neutron.network object s_rally_6dd1f8e2_uoARw7oA (a9463234-fdec-4d3f-be26-707bdb681938)
2019-06-14 02:34:35.025 22126 RALLYDEBUG rally_openstack.cleanup.manager [-] Deleting neutron.network object s_rally_6dd1f8e2_OywX3ss4 (aab67e2d-6949-4193-99d8-fc431c220b2d)
2019-06-14 02:34:35.084 22126 RALLYDEBUG rally_openstack.cleanup.manager [-] Deleting neutron.network object s_rally_6dd1f8e2_WwpV1HK3 (adbbe81a-e13a-4079-bd77-0d25e49d6856)
2019-06-14 02:34:35.141 22126 RALLYDEBUG rally_openstack.cleanup.manager [-] Deleting neutron.network object s_rally_6dd1f8e2_MTkMks0N (b625e058-54cb-477f-9644-a286dd852ce6)
2019-06-14 02:34:35.302 22126 RALLYDEBUG rally_openstack.cleanup.manager [-] Deleting neutron.network object s_rally_6dd1f8e2_viyYFHUU (b7ba9d5e-61f9-4b61-9176-532e66ce19a5)
2019-06-14 02:34:35.660 22126 RALLYDEBUG rally_openstack.cleanup.manager [-] Deleting neutron.network object s_rally_6dd1f8e2_hxovLuMn (ba26edcd-12c6-434e-b25c-24d1acccca44)
2019-06-14 02:34:35.666 22126 RALLYDEBUG rally_openstack.cleanup.manager [-] Deleting neutron.network object s_rally_6dd1f8e2_3t0j5Gkk (bae92f13-bec6-49a9-ab10-bb015e7d8fa2)
2019-06-14 02:34:35.709 22126 RALLYDEBUG rally_openstack.cleanup.manager [-] Deleting neutron.network object s_rally_6dd1f8e2_QBFcZYp9 (bbeb0a45-edcd-4e35-a3e5-e4a3debe70c2)
2019-06-14 02:34:35.830 22126 RALLYDEBUG rally_openstack.cleanup.manager [-] Deleting neutron.network object s_rally_6dd1f8e2_oWqNIlFT (bf9cc9b1-7bc4-4732-9bc4-f9aa5a0d2fd4)
2019-06-14 02:34:35.838 22126 RALLYDEBUG rally_openstack.cleanup.manager [-] Deleting neutron.network object s_rally_6dd1f8e2_IT7vbD09 (c28fba4a-2c2e-4abb-9811-e2eb428c2020)
2019-06-14 02:34:35.941 22126 RALLYDEBUG rally_openstack.cleanup.manager [-] Deleting neutron.network object s_rally_6dd1f8e2_HgrQN5Zm (c4059747-10b3-40e6-af4f-91b7d0e4dca7)
2019-06-14 02:34:35.969 22126 RALLYDEBUG rally_openstack.cleanup.manager [-] Deleting neutron.network object s_rally_6dd1f8e2_9Vlhazkw (c79ff54f-907d-4b7a-bbb6-a779b29d457c)
2019-06-14 02:34:36.027 22126 RALLYDEBUG rally_openstack.cleanup.manager [-] Deleting neutron.network object s_rally_6dd1f8e2_b56HyrwR (c8350680-bd8f-4576-8e59-ecf7e3a7776b)
2019-06-14 02:34:36.398 22126 RALLYDEBUG rally_openstack.cleanup.manager [-] Deleting neutron.network object s_rally_6dd1f8e2_xJqsmclC (cd867ba9-d7b8-4209-a297-b89e9bf3d4b4)
2019-06-14 02:34:36.459 22126 RALLYDEBUG rally_openstack.cleanup.manager [-] Deleting neutron.network object s_rally_6dd1f8e2_2WUMxWmP (d2f3c67d-ef78-41e5-bfaa-d73aae2ccfc0)
2019-06-14 02:34:36.585 22126 RALLYDEBUG rally_openstack.cleanup.manager [-] Deleting neutron.network object s_rally_6dd1f8e2_XdjTWzkt (de14fc36-520b-42d5-9aaf-8dc61f08ecd3)
2019-06-14 02:34:36.642 22126 RALLYDEBUG rally_openstack.cleanup.manager [-] Deleting neutron.network object s_rally_6dd1f8e2_OM7TE8zj (e0b8e7f5-0939-4ed5-a81d-af34fb1cd044)
2019-06-14 02:34:36.836 22126 RALLYDEBUG rally_openstack.cleanup.manager [-] Deleting neutron.network object s_rally_6dd1f8e2_nWrgUdPQ (e13fe950-b837-434d-8cc0-38ec3c016bf6)
2019-06-14 02:34:37.055 22126 RALLYDEBUG rally_openstack.cleanup.manager [-] Deleting neutron.network object s_rally_6dd1f8e2_vlFQt4KF (e328cf98-7c71-459c-87fb-d6bc56c965e5)
2019-06-14 02:34:37.176 22126 RALLYDEBUG rally_openstack.cleanup.manager [-] Deleting neutron.network object s_rally_6dd1f8e2_8tA6kcyn (e43380e6-f32b-4720-a27c-a619e22d5090)
2019-06-14 02:34:37.215 22126 RALLYDEBUG rally_openstack.cleanup.manager [-] Deleting neutron.network object s_rally_6dd1f8e2_hjbrgcsM (e6932549-8827-41f6-8b9f-156cdb20fc29)
2019-06-14 02:34:37.434 22126 RALLYDEBUG rally_openstack.cleanup.manager [-] Deleting neutron.network object s_rally_6dd1f8e2_0eXfMsns (e88f839c-619d-4d64-a1de-be4d97c79f29)
2019-06-14 02:34:37.469 22126 RALLYDEBUG rally_openstack.cleanup.manager [-] Deleting neutron.network object s_rally_6dd1f8e2_pRsBHCP7 (ea96c73f-3267-4fe1-8e29-9140df278c59)
2019-06-14 02:34:37.564 22126 RALLYDEBUG rally_openstack.cleanup.manager [-] Deleting neutron.network object s_rally_6dd1f8e2_VoJJdx1O (eb523c9f-1b6e-4b2a-88f8-088ead28aa4b)
2019-06-14 02:34:37.714 22126 RALLYDEBUG rally_openstack.cleanup.manager [-] Deleting neutron.network object s_rally_6dd1f8e2_QyOp66Lx (ee586d6c-08f7-4913-b0bf-33cb07d27990)
2019-06-14 02:34:37.759 22126 RALLYDEBUG rally_openstack.cleanup.manager [-] Deleting neutron.network object s_rally_6dd1f8e2_bolcb0Dp (f2c4213f-0838-44eb-a111-b1e35c41902d)
2019-06-14 02:34:37.878 22126 RALLYDEBUG rally_openstack.cleanup.manager [-] Deleting neutron.network object s_rally_6dd1f8e2_tIeEGDUI (f89191a6-291f-447d-8ccc-d0b3116cffff)
