2019-06-14 02:38:39.523 24237 RALLYDEBUG rally.task.runner [-] Starting a worker. concurrency: 1 args: {"network_create_args": {}, "subnet_create_args": {}, "subnet_cidr_start": "1.1.0.0/30", "subnets_per_network": 2} times: 40 method_name: run timeout: 0 duration: None cls:
2019-06-14 02:38:39.523 24228 INFO rally.task.runner [-] Task 0f31d698-2db3-42d3-82fc-10e0f35374b3 | ITER: 10 START
2019-06-14 02:38:39.522 24223 WARNING rally_openstack.scenarios.neutron.utils [-] Running this scenario without either the 'network' or 'existing_network' context is deprecated
2019-06-14 02:38:39.526 24228 WARNING rally_openstack.scenarios.neutron.utils [-] Running this scenario without either the 'network' or 'existing_network' context is deprecated
2019-06-14 02:38:39.526 24232 INFO rally.task.runner [-] Task 0f31d698-2db3-42d3-82fc-10e0f35374b3 | ITER: 11 START
2019-06-14 02:38:39.527 24220 INFO rally.task.runner [-] Task 0f31d698-2db3-42d3-82fc-10e0f35374b3 | ITER: 3 START
2019-06-14 02:38:39.528 24232 WARNING rally_openstack.scenarios.neutron.utils [-] Running this scenario without either the 'network' or 'existing_network' context is deprecated
2019-06-14 02:38:39.528 24241 RALLYDEBUG rally.task.runner [-] Starting a worker. concurrency: 1 args: {"network_create_args": {}, "subnet_create_args": {}, "subnet_cidr_start": "1.1.0.0/30", "subnets_per_network": 2} times: 40 method_name: run timeout: 0 duration: None cls:
2019-06-14 02:38:39.527 24220 WARNING rally_openstack.scenarios.neutron.utils [-] Running this scenario without either the 'network' or 'existing_network' context is deprecated
2019-06-14 02:38:39.529 24237 INFO rally.task.runner [-] Task 0f31d698-2db3-42d3-82fc-10e0f35374b3 | ITER: 12 START
2019-06-14 02:38:39.531 24237 WARNING rally_openstack.scenarios.neutron.utils [-] Running this scenario without either the 'network' or 'existing_network' context is deprecated
2019-06-14 02:38:39.530 24245 RALLYDEBUG rally.task.runner [-] Starting a worker. concurrency: 1 args: {"network_create_args": {}, "subnet_create_args": {}, "subnet_cidr_start": "1.1.0.0/30", "subnets_per_network": 2} times: 40 method_name: run timeout: 0 duration: None cls:
2019-06-14 02:38:39.532 24222 INFO rally.task.runner [-] Task 0f31d698-2db3-42d3-82fc-10e0f35374b3 | ITER: 7 START
2019-06-14 02:38:39.534 24221 INFO rally.task.runner [-] Task 0f31d698-2db3-42d3-82fc-10e0f35374b3 | ITER: 5 START
2019-06-14 02:38:39.537 24245 INFO rally.task.runner [-] Task 0f31d698-2db3-42d3-82fc-10e0f35374b3 | ITER: 14 START
2019-06-14 02:38:39.537 24221 WARNING rally_openstack.scenarios.neutron.utils [-] Running this scenario without either the 'network' or 'existing_network' context is deprecated
2019-06-14 02:38:39.536 24222 WARNING rally_openstack.scenarios.neutron.utils [-] Running this scenario without either the 'network' or 'existing_network' context is deprecated
2019-06-14 02:38:39.538 24245 WARNING rally_openstack.scenarios.neutron.utils [-] Running this scenario without either the 'network' or 'existing_network' context is deprecated
2019-06-14 02:38:39.539 24241 INFO rally.task.runner [-] Task 0f31d698-2db3-42d3-82fc-10e0f35374b3 | ITER: 13 START
2019-06-14 02:38:39.538 24248 RALLYDEBUG rally.task.runner [-] Starting a worker. concurrency: 1 args: {"network_create_args": {}, "subnet_create_args": {}, "subnet_cidr_start": "1.1.0.0/30", "subnets_per_network": 2} times: 40 method_name: run timeout: 0 duration: None cls:
2019-06-14 02:38:39.524 24223 INFO rally.task.runner [-] Task 0f31d698-2db3-42d3-82fc-10e0f35374b3 | ITER: 9 START
2019-06-14 02:38:39.541 24241 WARNING rally_openstack.scenarios.neutron.utils [-] Running this scenario without either the 'network' or 'existing_network' context is deprecated
2019-06-14 02:38:39.540 24251 RALLYDEBUG rally.task.runner [-] Starting a worker. concurrency: 1 args: {"network_create_args": {}, "subnet_create_args": {}, "subnet_cidr_start": "1.1.0.0/30", "subnets_per_network": 2} times: 40 method_name: run timeout: 0 duration: None cls:
2019-06-14 02:38:39.541 24223 WARNING rally_openstack.scenarios.neutron.utils [-] Running this scenario without either the 'network' or 'existing_network' context is deprecated
2019-06-14 02:38:39.547 24248 INFO rally.task.runner [-] Task 0f31d698-2db3-42d3-82fc-10e0f35374b3 | ITER: 15 START
2019-06-14 02:38:39.547 24251 INFO rally.task.runner [-] Task 0f31d698-2db3-42d3-82fc-10e0f35374b3 | ITER: 16 START
2019-06-14 02:38:39.548 24248 WARNING rally_openstack.scenarios.neutron.utils [-] Running this scenario without either the 'network' or 'existing_network' context is deprecated
2019-06-14 02:38:39.549 24251 WARNING rally_openstack.scenarios.neutron.utils [-] Running this scenario without either the 'network' or 'existing_network' context is deprecated
2019-06-14 02:38:39.548 24256 RALLYDEBUG rally.task.runner [-] Starting a worker. concurrency: 1 args: {"network_create_args": {}, "subnet_create_args": {}, "subnet_cidr_start": "1.1.0.0/30", "subnets_per_network": 2} times: 40 method_name: run timeout: 0 duration: None cls:
2019-06-14 02:38:39.554 24256 INFO rally.task.runner [-] Task 0f31d698-2db3-42d3-82fc-10e0f35374b3 | ITER: 17 START
2019-06-14 02:38:39.557 24256 WARNING rally_openstack.scenarios.neutron.utils [-] Running this scenario without either the 'network' or 'existing_network' context is deprecated
2019-06-14 02:38:39.562 24261 RALLYDEBUG rally.task.runner [-] Starting a worker. concurrency: 1 args: {"network_create_args": {}, "subnet_create_args": {}, "subnet_cidr_start": "1.1.0.0/30", "subnets_per_network": 2} times: 40 method_name: run timeout: 0 duration: None cls:
2019-06-14 02:38:39.568 24264 RALLYDEBUG rally.task.runner [-] Starting a worker. concurrency: 1 args: {"network_create_args": {}, "subnet_create_args": {}, "subnet_cidr_start": "1.1.0.0/30", "subnets_per_network": 2} times: 40 method_name: run timeout: 0 duration: None cls:
2019-06-14 02:38:39.569 24261 INFO rally.task.runner [-] Task 0f31d698-2db3-42d3-82fc-10e0f35374b3 | ITER: 18 START
2019-06-14 02:38:39.571 24261 WARNING rally_openstack.scenarios.neutron.utils [-] Running this scenario without either the 'network' or 'existing_network' context is deprecated
2019-06-14 02:38:39.573 24264 INFO rally.task.runner [-] Task 0f31d698-2db3-42d3-82fc-10e0f35374b3 | ITER: 19 START
2019-06-14 02:38:39.575 24264 WARNING rally_openstack.scenarios.neutron.utils [-] Running this scenario without either the 'network' or 'existing_network' context is deprecated
2019-06-14 02:38:39.577 24267 RALLYDEBUG rally.task.runner [-] Starting a worker. concurrency: 1 args: {"network_create_args": {}, "subnet_create_args": {}, "subnet_cidr_start": "1.1.0.0/30", "subnets_per_network": 2} times: 40 method_name: run timeout: 0 duration: None cls:
2019-06-14 02:38:39.582 24267 INFO rally.task.runner [-] Task 0f31d698-2db3-42d3-82fc-10e0f35374b3 | ITER: 20 START
2019-06-14 02:38:39.583 24267 WARNING rally_openstack.scenarios.neutron.utils [-] Running this scenario without either the 'network' or 'existing_network' context is deprecated
2019-06-14 02:38:40.264 24220 RALLYDEBUG rally_openstack.wrappers.network [-] CIDR generated: 1.1.4.96/30
2019-06-14 02:38:40.265 24245 RALLYDEBUG rally_openstack.wrappers.network [-] CIDR generated: 1.1.4.100/30
2019-06-14 02:38:40.289 24220 RALLYDEBUG rally_openstack.wrappers.network [-] CIDR generated: 1.1.4.104/30
2019-06-14 02:38:40.313 24228 RALLYDEBUG rally_openstack.wrappers.network [-] CIDR generated: 1.1.4.108/30
2019-06-14 02:38:40.379 24225 RALLYDEBUG rally_openstack.wrappers.network [-] CIDR generated: 1.1.4.112/30
2019-06-14 02:38:40.454 24241 RALLYDEBUG rally_openstack.wrappers.network [-] CIDR generated: 1.1.4.116/30
2019-06-14 02:38:40.465 24221 RALLYDEBUG rally_openstack.wrappers.network [-] CIDR generated: 1.1.4.120/30
2019-06-14 02:38:40.474 24256 RALLYDEBUG rally_openstack.wrappers.network [-] CIDR generated: 1.1.4.124/30
2019-06-14 02:38:40.475 24232 RALLYDEBUG rally_openstack.wrappers.network [-] CIDR generated: 1.1.4.128/30
2019-06-14 02:38:40.510 24222 RALLYDEBUG rally_openstack.wrappers.network [-] CIDR generated: 1.1.4.132/30
2019-06-14 02:38:40.579 24223 RALLYDEBUG rally_openstack.wrappers.network [-] CIDR generated: 1.1.4.136/30
2019-06-14 02:38:40.606 24267 RALLYDEBUG rally_openstack.wrappers.network [-] CIDR generated: 1.1.4.140/30
2019-06-14 02:38:40.625 24221 RALLYDEBUG rally_openstack.wrappers.network [-] CIDR generated: 1.1.4.144/30
2019-06-14 02:38:40.639 24251 RALLYDEBUG rally_openstack.wrappers.network [-] CIDR generated: 1.1.4.148/30
2019-06-14 02:38:40.795 24223 RALLYDEBUG rally_openstack.wrappers.network [-] CIDR generated: 1.1.4.152/30
2019-06-14 02:38:40.882 24237 RALLYDEBUG rally_openstack.wrappers.network [-] CIDR generated: 1.1.4.156/30
2019-06-14 02:38:41.031 24222 RALLYDEBUG rally_openstack.wrappers.network [-] CIDR generated: 1.1.4.160/30
2019-06-14 02:38:41.110 24245 RALLYDEBUG rally_openstack.wrappers.network [-] CIDR generated: 1.1.4.164/30
2019-06-14 02:38:41.121 24248 RALLYDEBUG rally_openstack.wrappers.network [-] CIDR generated: 1.1.4.168/30
2019-06-14 02:38:41.132 24264 RALLYDEBUG rally_openstack.wrappers.network [-] CIDR generated: 1.1.4.172/30
2019-06-14 02:38:41.214 24220 RALLYDEBUG rally_openstack.wrappers.network [-] CIDR generated: 1.1.4.176/30
2019-06-14 02:38:41.275 24223 RALLYDEBUG rally_openstack.wrappers.network [-] CIDR generated: 1.1.4.180/30
2019-06-14 02:38:41.421 24221 RALLYDEBUG rally_openstack.wrappers.network [-] CIDR generated: 1.1.4.184/30
2019-06-14 02:38:41.501 24261 RALLYDEBUG rally_openstack.wrappers.network [-] CIDR generated: 1.1.4.188/30
2019-06-14 02:38:41.576 24237 RALLYDEBUG rally_openstack.wrappers.network [-] CIDR generated: 1.1.4.192/30
2019-06-14 02:38:42.044 24222 RALLYDEBUG rally_openstack.wrappers.network [-] CIDR generated: 1.1.4.196/30
2019-06-14 02:38:42.187 24228 RALLYDEBUG rally_openstack.wrappers.network [-] CIDR generated: 1.1.4.200/30
2019-06-14 02:38:42.221 24220 RALLYDEBUG rally_openstack.wrappers.network [-] CIDR generated: 1.1.4.204/30
2019-06-14 02:38:42.472 24232 RALLYDEBUG rally_openstack.wrappers.network [-] CIDR generated: 1.1.4.208/30
2019-06-14 02:38:42.482 24241 RALLYDEBUG rally_openstack.wrappers.network [-] CIDR generated: 1.1.4.212/30
2019-06-14 02:38:42.510 24251 RALLYDEBUG rally_openstack.wrappers.network [-] CIDR generated: 1.1.4.216/30
2019-06-14 02:38:42.543 24256 RALLYDEBUG rally_openstack.wrappers.network [-] CIDR generated: 1.1.4.220/30
2019-06-14 02:38:42.672 24221 RALLYDEBUG rally_openstack.wrappers.network [-] CIDR generated: 1.1.4.224/30
2019-06-14 02:38:43.285 24248 RALLYDEBUG rally_openstack.wrappers.network [-] CIDR generated: 1.1.4.228/30
2019-06-14 02:38:43.450 24261 RALLYDEBUG rally_openstack.wrappers.network [-] CIDR generated: 1.1.4.232/30
2019-06-14 02:38:43.563 24267 RALLYDEBUG rally_openstack.wrappers.network [-] CIDR generated: 1.1.4.236/30
2019-06-14 02:38:43.664 24225 RALLYDEBUG rally_openstack.wrappers.network [-] CIDR generated: 1.1.4.240/30
2019-06-14 02:38:43.770 24223 RALLYDEBUG rally_openstack.wrappers.network [-] CIDR generated: 1.1.4.244/30
2019-06-14 02:38:44.116 24222 RALLYDEBUG rally_openstack.wrappers.network [-] CIDR generated: 1.1.4.248/30
2019-06-14 02:38:44.227 24264 RALLYDEBUG rally_openstack.wrappers.network [-] CIDR generated: 1.1.4.252/30
2019-06-14 02:38:45.750 24220 INFO rally.task.runner [-] Task 0f31d698-2db3-42d3-82fc-10e0f35374b3 | ITER: 1 END: OK
2019-06-14 02:38:45.755 24220 INFO rally.task.runner [-] Task 0f31d698-2db3-42d3-82fc-10e0f35374b3 | ITER: 21 START
2019-06-14 02:38:45.756 24220 WARNING rally_openstack.scenarios.neutron.utils [-] Running this scenario without either the 'network' or 'existing_network' context is deprecated
2019-06-14 02:38:46.832 24225 INFO rally.task.runner [-] Task 0f31d698-2db3-42d3-82fc-10e0f35374b3 | ITER: 8 END: OK
2019-06-14 02:38:46.836 24225 INFO rally.task.runner [-] Task 0f31d698-2db3-42d3-82fc-10e0f35374b3 | ITER: 22 START
2019-06-14 02:38:46.837 24225 WARNING rally_openstack.scenarios.neutron.utils [-] Running this scenario without either the 'network' or 'existing_network' context is deprecated
2019-06-14 02:38:46.908 24220 INFO rally.task.runner [-] Task 0f31d698-2db3-42d3-82fc-10e0f35374b3 | ITER: 3 END: OK
2019-06-14 02:38:46.911 24223 INFO rally.task.runner [-] Task 0f31d698-2db3-42d3-82fc-10e0f35374b3 | ITER: 6 END: OK
2019-06-14 02:38:46.913 24220 INFO rally.task.runner [-] Task 0f31d698-2db3-42d3-82fc-10e0f35374b3 | ITER: 23 START
2019-06-14 02:38:46.914 24220 WARNING rally_openstack.scenarios.neutron.utils [-] Running this scenario without either the 'network' or 'existing_network' context is deprecated
2019-06-14 02:38:46.915 24223 INFO rally.task.runner [-] Task 0f31d698-2db3-42d3-82fc-10e0f35374b3 | ITER: 24 START
2019-06-14 02:38:46.916 24223 WARNING rally_openstack.scenarios.neutron.utils [-] Running this scenario without either the 'network' or 'existing_network' context is deprecated
2019-06-14 02:38:46.937 24220 RALLYDEBUG rally_openstack.wrappers.network [-] CIDR generated: 1.1.5.0/30
2019-06-14 02:38:47.506 24248 INFO rally.task.runner [-] Task 0f31d698-2db3-42d3-82fc-10e0f35374b3 | ITER: 15 END: OK
2019-06-14 02:38:47.510 24248 INFO rally.task.runner [-] Task 0f31d698-2db3-42d3-82fc-10e0f35374b3 | ITER: 25 START
2019-06-14 02:38:47.511 24248 WARNING rally_openstack.scenarios.neutron.utils [-] Running this scenario without either the 'network' or 'existing_network' context is deprecated
2019-06-14 02:38:47.577 24221 INFO rally.task.runner [-] Task 0f31d698-2db3-42d3-82fc-10e0f35374b3 | ITER: 5 END: OK
2019-06-14 02:38:47.581 24221 INFO rally.task.runner [-] Task 0f31d698-2db3-42d3-82fc-10e0f35374b3 | ITER: 26 START
2019-06-14 02:38:47.582 24221 WARNING rally_openstack.scenarios.neutron.utils [-] Running this scenario without either the 'network' or 'existing_network' context is deprecated
2019-06-14 02:38:47.588 24220 RALLYDEBUG rally_openstack.wrappers.network [-] CIDR generated: 1.1.5.4/30
2019-06-14 02:38:47.627 24225 RALLYDEBUG rally_openstack.wrappers.network [-] CIDR generated: 1.1.5.8/30
2019-06-14 02:38:47.713 24241 INFO rally.task.runner [-] Task 0f31d698-2db3-42d3-82fc-10e0f35374b3 | ITER: 13 END: OK
2019-06-14 02:38:47.718 24241 INFO rally.task.runner [-] Task 0f31d698-2db3-42d3-82fc-10e0f35374b3 | ITER: 27 START
2019-06-14 02:38:47.719 24241 WARNING rally_openstack.scenarios.neutron.utils [-] Running this scenario without either the 'network' or 'existing_network' context is deprecated
2019-06-14 02:38:47.889 24223 INFO rally.task.runner [-] Task 0f31d698-2db3-42d3-82fc-10e0f35374b3 | ITER: 9 END: OK
2019-06-14 02:38:47.894 24223 INFO rally.task.runner [-] Task 0f31d698-2db3-42d3-82fc-10e0f35374b3 | ITER: 28 START
2019-06-14 02:38:47.895 24223 WARNING rally_openstack.scenarios.neutron.utils [-] Running this scenario without either the 'network' or 'existing_network' context is deprecated
2019-06-14 02:38:47.931 24245 INFO rally.task.runner [-] Task 0f31d698-2db3-42d3-82fc-10e0f35374b3 | ITER: 14 END: OK
2019-06-14 02:38:47.936 24245 INFO rally.task.runner [-] Task 0f31d698-2db3-42d3-82fc-10e0f35374b3 | ITER: 29 START
2019-06-14 02:38:47.936 24245 WARNING rally_openstack.scenarios.neutron.utils [-] Running this scenario without either the 'network' or 'existing_network' context is deprecated
2019-06-14 02:38:48.079 24223 RALLYDEBUG rally_openstack.wrappers.network [-] CIDR generated: 1.1.5.12/30
2019-06-14 02:38:48.111 24267 INFO rally.task.runner [-] Task 0f31d698-2db3-42d3-82fc-10e0f35374b3 | ITER: 20 END: OK
2019-06-14 02:38:48.115 24267 INFO rally.task.runner [-] Task 0f31d698-2db3-42d3-82fc-10e0f35374b3 | ITER: 30 START
2019-06-14 02:38:48.116 24267 WARNING rally_openstack.scenarios.neutron.utils [-] Running this scenario without either the 'network' or 'existing_network' context is deprecated
2019-06-14 02:38:48.410 24221 RALLYDEBUG rally_openstack.wrappers.network [-] CIDR generated: 1.1.5.16/30
2019-06-14 02:38:48.688 24248 RALLYDEBUG rally_openstack.wrappers.network [-] CIDR generated: 1.1.5.20/30
2019-06-14 02:38:48.701 24222 INFO rally.task.runner [-] Task 0f31d698-2db3-42d3-82fc-10e0f35374b3 | ITER: 4 END: OK
2019-06-14 02:38:48.704 24222 INFO rally.task.runner [-] Task 0f31d698-2db3-42d3-82fc-10e0f35374b3 | ITER: 31 START
2019-06-14 02:38:48.705 24222 WARNING rally_openstack.scenarios.neutron.utils [-] Running this scenario without either the 'network' or 'existing_network' context is deprecated
2019-06-14 02:38:48.762 24222 INFO rally.task.runner [-] Task 0f31d698-2db3-42d3-82fc-10e0f35374b3 | ITER: 7 END: OK
2019-06-14 02:38:48.765 24222 INFO rally.task.runner [-] Task 0f31d698-2db3-42d3-82fc-10e0f35374b3 | ITER: 32 START
2019-06-14 02:38:48.766 24222 WARNING rally_openstack.scenarios.neutron.utils [-] Running this scenario without either the 'network' or 'existing_network' context is deprecated
2019-06-14 02:38:48.873 24241 RALLYDEBUG rally_openstack.wrappers.network [-] CIDR generated: 1.1.5.24/30
2019-06-14 02:38:48.904 24220 RALLYDEBUG rally_openstack.wrappers.network [-] CIDR generated: 1.1.5.28/30
2019-06-14 02:38:49.072 24220 RALLYDEBUG rally_openstack.wrappers.network [-] CIDR generated: 1.1.5.32/30
2019-06-14 02:38:49.099 24267 RALLYDEBUG rally_openstack.wrappers.network [-] CIDR generated: 1.1.5.36/30
2019-06-14 02:38:49.225 24223 RALLYDEBUG rally_openstack.wrappers.network [-] CIDR generated: 1.1.5.40/30
2019-06-14 02:38:49.390 24261 INFO rally.task.runner [-] Task 0f31d698-2db3-42d3-82fc-10e0f35374b3 | ITER: 18 END: OK
2019-06-14 02:38:49.393 24261 INFO rally.task.runner [-] Task 0f31d698-2db3-42d3-82fc-10e0f35374b3 | ITER: 33 START
2019-06-14 02:38:49.393 24261 WARNING rally_openstack.scenarios.neutron.utils [-] Running this scenario without either the 'network' or 'existing_network' context is deprecated
2019-06-14 02:38:49.428 24256 INFO rally.task.runner [-] Task 0f31d698-2db3-42d3-82fc-10e0f35374b3 | ITER: 17 END: OK
2019-06-14 02:38:49.431 24256 INFO rally.task.runner [-] Task 0f31d698-2db3-42d3-82fc-10e0f35374b3 | ITER: 34 START
2019-06-14 02:38:49.432 24256 WARNING rally_openstack.scenarios.neutron.utils [-] Running this scenario without either the 'network' or 'existing_network' context is deprecated
2019-06-14 02:38:49.478 24222 RALLYDEBUG rally_openstack.wrappers.network [-] CIDR generated: 1.1.5.44/30
2019-06-14 02:38:49.484 24222 RALLYDEBUG rally_openstack.wrappers.network [-] CIDR generated: 1.1.5.48/30
2019-06-14 02:38:49.575 24223 RALLYDEBUG rally_openstack.wrappers.network [-] CIDR generated: 1.1.5.52/30
2019-06-14 02:38:49.816 24225 RALLYDEBUG rally_openstack.wrappers.network [-] CIDR generated: 1.1.5.56/30
2019-06-14 02:38:49.945 24241 RALLYDEBUG rally_openstack.wrappers.network [-] CIDR generated: 1.1.5.60/30
2019-06-14 02:38:49.963 24267 RALLYDEBUG rally_openstack.wrappers.network [-] CIDR generated: 1.1.5.64/30
2019-06-14 02:38:50.071 24256 RALLYDEBUG rally_openstack.wrappers.network [-] CIDR generated: 1.1.5.68/30
2019-06-14 02:38:50.268 24245 RALLYDEBUG rally_openstack.wrappers.network [-] CIDR generated: 1.1.5.72/30
2019-06-14 02:38:50.342 24228 INFO rally.task.runner [-] Task 0f31d698-2db3-42d3-82fc-10e0f35374b3 | ITER: 10 END: OK
2019-06-14 02:38:50.345 24228 INFO rally.task.runner [-] Task 0f31d698-2db3-42d3-82fc-10e0f35374b3 | ITER: 35 START
2019-06-14 02:38:50.345 24228 WARNING rally_openstack.scenarios.neutron.utils [-] Running this scenario without either the 'network' or 'existing_network' context is deprecated
2019-06-14 02:38:50.361 24251 INFO rally.task.runner [-] Task 0f31d698-2db3-42d3-82fc-10e0f35374b3 | ITER: 16 END: OK
2019-06-14 02:38:50.365 24251 INFO rally.task.runner [-] Task 0f31d698-2db3-42d3-82fc-10e0f35374b3 | ITER: 36 START
2019-06-14 02:38:50.365 24251 WARNING rally_openstack.scenarios.neutron.utils [-] Running this scenario without either the 'network' or 'existing_network' context is deprecated
2019-06-14 02:38:50.769 24256 RALLYDEBUG rally_openstack.wrappers.network [-] CIDR generated: 1.1.5.76/30
2019-06-14 02:38:51.072 24222 RALLYDEBUG rally_openstack.wrappers.network [-] CIDR generated: 1.1.5.80/30
2019-06-14 02:38:51.431 24228 RALLYDEBUG rally_openstack.wrappers.network [-] CIDR generated: 1.1.5.84/30
2019-06-14 02:38:51.464 24251 RALLYDEBUG rally_openstack.wrappers.network [-] CIDR generated: 1.1.5.88/30
2019-06-14 02:38:52.078 24228 RALLYDEBUG rally_openstack.wrappers.network [-] CIDR generated: 1.1.5.92/30
2019-06-14 02:38:52.186 24261 RALLYDEBUG rally_openstack.wrappers.network [-] CIDR generated: 1.1.5.96/30
2019-06-14 02:38:52.403 24232 INFO rally.task.runner [-] Task 0f31d698-2db3-42d3-82fc-10e0f35374b3 | ITER: 11 END: OK
2019-06-14 02:38:52.407 24232 INFO rally.task.runner [-] Task 0f31d698-2db3-42d3-82fc-10e0f35374b3 | ITER: 37 START
2019-06-14 02:38:52.407 24232 WARNING rally_openstack.scenarios.neutron.utils [-] Running this scenario without either the 'network' or 'existing_network' context is deprecated
2019-06-14 02:38:52.836 24223 INFO rally.task.runner [-] Task 0f31d698-2db3-42d3-82fc-10e0f35374b3 | ITER: 24 END: OK
2019-06-14 02:38:52.841 24223 INFO rally.task.runner [-] Task 0f31d698-2db3-42d3-82fc-10e0f35374b3 | ITER: 38 START
2019-06-14 02:38:52.842 24223 WARNING rally_openstack.scenarios.neutron.utils [-] Running this scenario without either the 'network' or 'existing_network' context is deprecated
2019-06-14 02:38:53.352 24251 RALLYDEBUG rally_openstack.wrappers.network [-] CIDR generated: 1.1.5.100/30
2019-06-14 02:38:53.422 24223 RALLYDEBUG rally_openstack.wrappers.network [-] CIDR generated: 1.1.5.104/30
2019-06-14 02:38:53.506 24261 RALLYDEBUG rally_openstack.wrappers.network [-] CIDR generated: 1.1.5.108/30
2019-06-14 02:38:53.886 24237 INFO rally.task.runner [-] Task 0f31d698-2db3-42d3-82fc-10e0f35374b3 | ITER: 12 END: OK
2019-06-14 02:38:53.891 24237 INFO rally.task.runner [-] Task 0f31d698-2db3-42d3-82fc-10e0f35374b3 | ITER: 39 START
2019-06-14 02:38:53.892 24237 WARNING rally_openstack.scenarios.neutron.utils [-] Running this scenario without either the 'network' or 'existing_network' context is deprecated
2019-06-14 02:38:53.941 24221 RALLYDEBUG rally_openstack.wrappers.network [-] CIDR generated: 1.1.5.112/30
2019-06-14 02:38:54.041 24241 INFO rally.task.runner [-] Task 0f31d698-2db3-42d3-82fc-10e0f35374b3 | ITER: 27 END: OK
2019-06-14 02:38:54.046 24241 INFO rally.task.runner [-] Task 0f31d698-2db3-42d3-82fc-10e0f35374b3 | ITER: 40 START
2019-06-14 02:38:54.047 24241 WARNING rally_openstack.scenarios.neutron.utils [-] Running this scenario without either the 'network' or 'existing_network' context is deprecated
2019-06-14 02:38:54.138 24245 RALLYDEBUG rally_openstack.wrappers.network [-] CIDR generated: 1.1.5.116/30
2019-06-14 02:38:54.381 24220 INFO rally.task.runner [-] Task 0f31d698-2db3-42d3-82fc-10e0f35374b3 | ITER: 21 END: OK
2019-06-14 02:38:54.520 24248 RALLYDEBUG rally_openstack.wrappers.network [-] CIDR generated: 1.1.5.120/30
2019-06-14 02:38:54.577 24222 RALLYDEBUG rally_openstack.wrappers.network [-] CIDR generated: 1.1.5.124/30
2019-06-14 02:38:54.794 24241 RALLYDEBUG rally_openstack.wrappers.network [-] CIDR generated: 1.1.5.128/30
2019-06-14 02:38:54.840 24232 RALLYDEBUG rally_openstack.wrappers.network [-] CIDR generated: 1.1.5.132/30
2019-06-14 02:38:54.971 24223 RALLYDEBUG rally_openstack.wrappers.network [-] CIDR generated: 1.1.5.136/30
2019-06-14 02:38:55.063 24237 RALLYDEBUG rally_openstack.wrappers.network [-] CIDR generated: 1.1.5.140/30
2019-06-14 02:38:55.718 24221 INFO rally.task.runner [-] Task 0f31d698-2db3-42d3-82fc-10e0f35374b3 | ITER: 2 END: OK
2019-06-14 02:38:56.197 24223 RALLYDEBUG rally_openstack.wrappers.network [-] CIDR generated: 1.1.5.144/30
2019-06-14 02:38:56.443 24241 RALLYDEBUG rally_openstack.wrappers.network [-] CIDR generated: 1.1.5.148/30
2019-06-14 02:38:56.484 24232 RALLYDEBUG rally_openstack.wrappers.network [-] CIDR generated: 1.1.5.152/30
2019-06-14 02:38:56.616 24225 INFO rally.task.runner [-] Task 0f31d698-2db3-42d3-82fc-10e0f35374b3 | ITER: 22 END: OK
2019-06-14 02:38:56.862 24220 INFO rally.task.runner [-] Task 0f31d698-2db3-42d3-82fc-10e0f35374b3 | ITER: 23 END: OK
2019-06-14 02:38:56.964 24237 RALLYDEBUG rally_openstack.wrappers.network [-] CIDR generated: 1.1.5.156/30
2019-06-14 02:38:57.439 24251 INFO rally.task.runner [-] Task 0f31d698-2db3-42d3-82fc-10e0f35374b3 | ITER: 36 END: OK
2019-06-14 02:38:57.481 24264 INFO rally.task.runner [-] Task 0f31d698-2db3-42d3-82fc-10e0f35374b3 | ITER: 19 END: OK
2019-06-14 02:38:58.423 24222 INFO rally.task.runner [-] Task 0f31d698-2db3-42d3-82fc-10e0f35374b3 | ITER: 31 END: OK
2019-06-14 02:38:58.686 24245 INFO rally.task.runner [-] Task 0f31d698-2db3-42d3-82fc-10e0f35374b3 | ITER: 29 END: OK
2019-06-14 02:38:58.699 24221 INFO rally.task.runner [-] Task 0f31d698-2db3-42d3-82fc-10e0f35374b3 | ITER: 26 END: OK
2019-06-14 02:38:58.981 24267 INFO rally.task.runner [-] Task 0f31d698-2db3-42d3-82fc-10e0f35374b3 | ITER: 30 END: OK
2019-06-14 02:38:59.105 24256 INFO rally.task.runner [-] Task 0f31d698-2db3-42d3-82fc-10e0f35374b3 | ITER: 34 END: OK
2019-06-14 02:38:59.151 24228 INFO rally.task.runner [-] Task 0f31d698-2db3-42d3-82fc-10e0f35374b3 | ITER: 35 END: OK
2019-06-14 02:38:59.188 24261 INFO rally.task.runner [-] Task 0f31d698-2db3-42d3-82fc-10e0f35374b3 | ITER: 33 END: OK
2019-06-14 02:38:59.707 24223 INFO rally.task.runner [-] Task 0f31d698-2db3-42d3-82fc-10e0f35374b3 | ITER: 28 END: OK
2019-06-14 02:38:59.709 24222 INFO rally.task.runner [-] Task 0f31d698-2db3-42d3-82fc-10e0f35374b3 | ITER: 32 END: OK
2019-06-14 02:38:59.989 24241 INFO rally.task.runner [-] Task 0f31d698-2db3-42d3-82fc-10e0f35374b3 | ITER: 40 END: OK
2019-06-14 02:39:00.109 24223 INFO rally.task.runner [-] Task 0f31d698-2db3-42d3-82fc-10e0f35374b3 | ITER: 38 END: OK
2019-06-14 02:39:00.531 24248 INFO rally.task.runner [-] Task 0f31d698-2db3-42d3-82fc-10e0f35374b3 | ITER: 25 END: OK
2019-06-14 02:39:01.106 24232 INFO rally.task.runner [-] Task 0f31d698-2db3-42d3-82fc-10e0f35374b3 | ITER: 37 END: OK
2019-06-14 02:39:01.205 24237 INFO rally.task.runner [-] Task 0f31d698-2db3-42d3-82fc-10e0f35374b3 | ITER: 39 END: OK
2019-06-14 02:39:01.233 22126 INFO rally.task.context [-] Task 0f31d698-2db3-42d3-82fc-10e0f35374b3 | Context cleanup@openstack cleanup() started
2019-06-14 02:39:01.236 22126 RALLYDEBUG rally_openstack.cleanup.manager [-] Cleaning up neutron vip objects
2019-06-14 02:39:01.634 22126 RALLYDEBUG rally_openstack.cleanup.manager [-] Cleaning up neutron health_monitor objects
2019-06-14 02:39:02.036 22126 RALLYDEBUG rally_openstack.cleanup.manager [-] Cleaning up neutron pool objects
2019-06-14 02:39:02.421 22126 RALLYDEBUG rally_openstack.cleanup.manager [-] Cleaning up neutron loadbalancer objects
2019-06-14 02:39:02.809 22126 RALLYDEBUG rally_openstack.cleanup.manager [-] Cleaning up neutron floatingip objects
2019-06-14 02:39:03.226 22126 RALLYDEBUG rally_openstack.cleanup.manager [-] Cleaning up neutron port objects
2019-06-14 02:39:03.742 22126 RALLYDEBUG rally_openstack.cleanup.manager [-] Cleaning up neutron subnet objects
2019-06-14 02:39:04.171 22126 RALLYDEBUG rally_openstack.cleanup.manager [-] Cleaning up neutron network objects
2019-06-14 02:39:04.715 22126 RALLYDEBUG rally_openstack.cleanup.manager [-] Deleting neutron.network object s_rally_b21a1181_tNzI3z4i (001a2eb3-2acf-4f1e-bc16-14c9e13352e1)
2019-06-14 02:39:04.728 22126 RALLYDEBUG rally_openstack.cleanup.manager [-] Deleting neutron.network object s_rally_b21a1181_a68aMyds (0676e807-3faf-40eb-81a6-11d5fde1b68e)
2019-06-14 02:39:04.732 22126 RALLYDEBUG rally_openstack.cleanup.manager [-] Deleting neutron.network object s_rally_b21a1181_OJX4dxNx (17cf83a0-4bd0-4284-b1b8-d34add4bc88d)
2019-06-14 02:39:04.746 22126 RALLYDEBUG rally_openstack.cleanup.manager [-] Deleting neutron.network object s_rally_b21a1181_bisIFVgN (200d32d6-3a91-497f-bdb4-ea4cac9e01b3)
2019-06-14 02:39:04.745 22126 RALLYDEBUG rally_openstack.cleanup.manager [-] Deleting neutron.network object s_rally_b21a1181_Xw9w6FK7 (19e0217a-354a-4dd4-b0fc-d907133f4fe7)
2019-06-14 02:39:04.761 22126 RALLYDEBUG rally_openstack.cleanup.manager [-] Deleting neutron.network object s_rally_b21a1181_7ROS5mza (218c768a-c843-4a28-b690-44ca2861153e)
2019-06-14 02:39:04.801 22126 RALLYDEBUG rally_openstack.cleanup.manager [-] Deleting neutron.network object s_rally_b21a1181_Gw33l1Q4 (289a1b40-fc5e-4181-b0a7-a7a52af398a7)
2019-06-14 02:39:04.810 22126 RALLYDEBUG rally_openstack.cleanup.manager [-] Deleting neutron.network object s_rally_b21a1181_5ic0VDtJ (255f92cd-b231-4d22-a1af-40b2e9ea410c)
2019-06-14 02:39:04.826 22126 RALLYDEBUG rally_openstack.cleanup.manager [-] Deleting neutron.network object s_rally_b21a1181_4PXrUuBz (3408b9b4-47a9-48fe-b7e2-d8f87f6189ba)
2019-06-14 02:39:04.830 22126 RALLYDEBUG rally_openstack.cleanup.manager [-] Deleting neutron.network object s_rally_b21a1181_fwcl0qHo (35de5e3d-7063-41e3-8fc6-752d0d9ab6ea)
2019-06-14 02:39:04.863 22126 RALLYDEBUG rally_openstack.cleanup.manager [-] Deleting neutron.network object s_rally_b21a1181_6eHb1LRc (3b11c191-3f5d-49b3-92d6-678b6badcc56)
2019-06-14 02:39:04.894 22126 RALLYDEBUG rally_openstack.cleanup.manager [-] Deleting neutron.network object s_rally_b21a1181_Kin6Sdv6 (7940dc42-1e64-415e-b79f-6a45de6eb3b6)
2019-06-14 02:39:04.896 22126 RALLYDEBUG rally_openstack.cleanup.manager [-] Deleting neutron.network object s_rally_b21a1181_Q1O6opIo (55ac68e1-aab2-4798-b7e7-1f2f5aaf7e07)
2019-06-14 02:39:04.890 22126 RALLYDEBUG rally_openstack.cleanup.manager [-] Deleting neutron.network object s_rally_b21a1181_NRpVnA9i (3a8ea06c-07ee-426e-8bb7-7bb8a7f7631f)
2019-06-14 02:39:04.911 22126 RALLYDEBUG rally_openstack.cleanup.manager [-] Deleting neutron.network object s_rally_b21a1181_2f9vPhG3 (5576942b-2dbd-47cd-9420-af177e67a0c3)
2019-06-14 02:39:04.926 22126 RALLYDEBUG rally_openstack.cleanup.manager [-] Deleting neutron.network object s_rally_b21a1181_I0Jujbzo (6c9d1e8c-db82-4e6b-92ff-37a2c961c504)
2019-06-14 02:39:04.936 22126 RALLYDEBUG rally_openstack.cleanup.manager [-] Deleting neutron.network object s_rally_b21a1181_2aOksKvv (79a6e5f7-fe01-4a7d-87fa-631b137d2151)
2019-06-14 02:39:04.956 22126 RALLYDEBUG rally_openstack.cleanup.manager [-] Deleting neutron.network object s_rally_b21a1181_CAVO7wWI (82679245-12a5-41c2-82ef-705c0f30ab90)
2019-06-14 02:39:05.043 22126 RALLYDEBUG rally_openstack.cleanup.manager [-] Deleting neutron.network object s_rally_b21a1181_piQ42dES (8616584f-6892-44cf-8f0e-1841f58a0da7)
2019-06-14 02:39:05.060 22126 RALLYDEBUG rally_openstack.cleanup.manager [-] Deleting neutron.network object s_rally_b21a1181_oRrkq3Gj (8baddf35-be97-4ebd-9581-cb035daa8816)
2019-06-14 02:39:07.107 22126 RALLYDEBUG rally_openstack.cleanup.manager [-] Deleting neutron.network object s_rally_b21a1181_Q41Y2aW6 (8cdcffd7-885b-4375-8837-e7fc8e21de87)
2019-06-14 02:39:07.203 22126 RALLYDEBUG rally_openstack.cleanup.manager [-] Deleting neutron.network object s_rally_b21a1181_iiXwJGnT (913c2580-2238-4b11-8812-df9871ae1825)
2019-06-14 02:39:07.366 22126 RALLYDEBUG rally_openstack.cleanup.manager [-] Deleting neutron.network object s_rally_b21a1181_fjVXAxLW (9284cb86-a891-4cd9-99c6-4d787d16be26)
2019-06-14 02:39:07.372 22126 RALLYDEBUG rally_openstack.cleanup.manager [-] Deleting neutron.network object s_rally_b21a1181_5BojZKdJ (9c18ac78-496f-46ab-8c19-39ea6ada789c)
2019-06-14 02:39:07.385 22126 RALLYDEBUG rally_openstack.cleanup.manager [-] Deleting neutron.network object s_rally_b21a1181_uMvifSx4 (9e8cd5e4-3dc0-45d4-864b-5ad829b85f02)
2019-06-14 02:39:07.510 22126 RALLYDEBUG rally_openstack.cleanup.manager [-] Deleting neutron.network object s_rally_b21a1181_tsCdZb1q (aff18f2e-1bae-4fdf-bfb3-0b5dc9e2d54f)
2019-06-14 02:39:07.781 22126 RALLYDEBUG rally_openstack.cleanup.manager [-] Deleting neutron.network object s_rally_b21a1181_hGINkE19 (b3ae6e3a-4d98-4e42-adac-403db238a582)
2019-06-14 02:39:07.839 22126 RALLYDEBUG rally_openstack.cleanup.manager [-] Deleting neutron.network object s_rally_b21a1181_yNuYBcqB (c75ffce2-35e3-403f-b2a6-f7b502d0b0c2)
2019-06-14 02:39:07.875 22126 RALLYDEBUG rally_openstack.cleanup.manager [-] Deleting neutron.network object s_rally_b21a1181_BYzYutxA (c94e7010-545f-42d7-b975-318260b93a8c)
2019-06-14 02:39:07.910 22126 RALLYDEBUG rally_openstack.cleanup.manager [-] Deleting neutron.network object s_rally_b21a1181_HeFLIG2M (cc384f8c-e380-45b7-915c-234983aa56f0)
2019-06-14 02:39:07.935 22126 RALLYDEBUG rally_openstack.cleanup.manager [-] Deleting neutron.network object s_rally_b21a1181_CHbvNIvK (cd8b8270-5366-4adc-8df6-033826d27b15)
2019-06-14 02:39:07.938 22126 RALLYDEBUG rally_openstack.cleanup.manager [-] Deleting neutron.network object s_rally_b21a1181_DxudZglQ (d1585b53-70f6-4f58-83f8-bee9e002b4c6)
2019-06-14 02:39:07.964 22126 RALLYDEBUG rally_openstack.cleanup.manager [-] Deleting neutron.network object s_rally_b21a1181_CQTNAAli (d2f09973-0ee2-4780-b1ed-7882ee28773d)
2019-06-14 02:39:08.025 22126 RALLYDEBUG rally_openstack.cleanup.manager [-] Deleting neutron.network object s_rally_b21a1181_RVjZrxPr (d54eee2a-bc69-437a-877e-72f7dbe93e45)
2019-06-14 02:39:08.046 22126 RALLYDEBUG rally_openstack.cleanup.manager [-] Deleting neutron.network object s_rally_b21a1181_2YTqkmWQ (d7640e5c-425c-4de8-b669-17e64179acf5)
2019-06-14 02:39:08.146 22126 RALLYDEBUG rally_openstack.cleanup.manager [-] Deleting neutron.network object s_rally_b21a1181_iBGQIn2a (d7f43c2d-e6f4-43de-9162-3b41b3151bbb)
2019-06-14 02:39:08.146 22126 RALLYDEBUG rally_openstack.cleanup.manager [-] Deleting neutron.network object s_rally_b21a1181_PftAMJ2L (e8f152d1-0481-460c-827c-3f373fcc6978)
2019-06-14 02:39:08.250 22126 RALLYDEBUG rally_openstack.cleanup.manager [-] Deleting neutron.network object s_rally_b21a1181_fhpSlLvq (ed407868-5465-4259-8eb1-6b55247f6f70)
2019-06-14 02:39:08.383 22126 RALLYDEBUG rally_openstack.cleanup.manager [-] Deleting neutron.network object s_rally_b21a1181_t9dEbNwm (f6b98be4-5583-4c3f-b006-621479b6e5d1)
2019-06-14 02:39:08.666 22126 RALLYDEBUG rally_openstack.cleanup.manager [-] Deleting neutron.network object s_rally_b21a1181_pPyR6pCI (f9e99f9c-5ca7-4c20-8ab3-2d410de5ef64)
2019-06-14 02:39:11.603 22126 RALLYDEBUG rally_openstack.cleanup.manager [-] Cleaning up neutron router objects
2019-06-14 02:39:12.041 22126 RALLYDEBUG rally_openstack.cleanup.manager [-] Cleaning up neutron security_group objects
2019-06-14 02:39:12.472 22126 INFO rally.task.context [-] Task 0f31d698-2db3-42d3-82fc-10e0f35374b3 | Context cleanup@openstack cleanup() finished in 11.24 sec
2019-06-14 02:39:12.473 22126 INFO rally.task.context [-] Task 0f31d698-2db3-42d3-82fc-10e0f35374b3 | Context quotas@openstack cleanup() started
2019-06-14 02:39:12.561 22126 INFO rally.task.context [-] Task 0f31d698-2db3-42d3-82fc-10e0f35374b3 | Context quotas@openstack cleanup() finished in 88.07 msec
2019-06-14 02:39:12.561 22126 INFO rally.task.context [-] Task 0f31d698-2db3-42d3-82fc-10e0f35374b3 | Context users@openstack cleanup() started
2019-06-14 02:39:15.337 22126 INFO rally.task.context [-] Task 0f31d698-2db3-42d3-82fc-10e0f35374b3 | Context users@openstack cleanup() finished in 2.78 sec
2019-06-14 02:39:16.448 22126 INFO rally.task.engine [-] Load duration is: 21.695186
2019-06-14 02:39:16.449 22126 INFO rally.task.engine [-] Full runner duration is: 21.748319
2019-06-14 02:39:16.449 22126 INFO rally.task.engine [-] Full duration is: 39.062594
2019-06-14 02:39:16.876 22126 INFO rally.task.engine [-] Running workload: position = 0 config = { "version": 2, "title": "A cropped version of a bigger task.", "description": "Auto-generated task from a single workload (uuid=a5635915-cfc5-448e-9d9b-65d07de342f7)", "subtasks": [ { "title": "NeutronNetworks.create_and_list_routers", "description": "Create and a given number of routers and list all routers.", "scenario": { "NeutronNetworks.create_and_list_routers": { "network_create_args": null, "subnet_create_args": null, "subnet_cidr_start": "1.1.0.0/30", "subnets_per_network": 2, "router_create_args": null } }, "contexts": { "users": { "tenants": 1, "users_per_tenant": 1 }, "quotas": { "neutron": { "network": -1, "subnet": -1, "router": -1 } } }, "runner": { "constant": { "times": 40, "concurrency": 20 } }, "hooks": [], "sla": { "failure_rate": { "max": 0 } } } ] }
2019-06-14 02:39:16.908 22126 RALLYDEBUG rally_openstack.contexts.keystone.users [-] Creating 1 tenants using 20 threads
2019-06-14 02:39:17.890 22126 RALLYDEBUG rally_openstack.contexts.keystone.users [-] Creating 1 users using 20 threads
2019-06-14 02:39:19.319 22126 INFO rally.task.context [-] Task 0f31d698-2db3-42d3-82fc-10e0f35374b3 | Context users@openstack setup() finished in 2.41 sec
2019-06-14 02:39:19.839 22126 INFO rally.task.context [-] Task 0f31d698-2db3-42d3-82fc-10e0f35374b3 | Context quotas@openstack setup() finished in 0.52 sec
2019-06-14 02:39:19.840 22126 INFO rally.task.context [-] Task 0f31d698-2db3-42d3-82fc-10e0f35374b3 | Context cleanup@openstack setup() finished in 0.07 msec
2019-06-14 02:39:19.850 22126 RALLYDEBUG rally.task.runner [-] Starting the constant runner (task UUID: 0f31d698-2db3-42d3-82fc-10e0f35374b3). timeout: 0 concurrency: 20 concurrency_per_worker: 1 times: 40 concurrency_overhead: 4 processes_to_start: 16 max_cpu_used: 16
2019-06-14 02:39:19.864 24590 RALLYDEBUG rally.task.runner [-] Starting a worker. concurrency: 2 args: {"network_create_args": null, "subnet_create_args": null, "subnet_cidr_start": "1.1.0.0/30", "subnets_per_network": 2, "router_create_args": null} times: 40 method_name: run timeout: 0 duration: None cls:
2019-06-14 02:39:19.868 24591 RALLYDEBUG rally.task.runner [-] Starting a worker. concurrency: 2 args: {"network_create_args": null, "subnet_create_args": null, "subnet_cidr_start": "1.1.0.0/30", "subnets_per_network": 2, "router_create_args": null} times: 40 method_name: run timeout: 0 duration: None cls:
2019-06-14 02:39:19.871 24592 RALLYDEBUG rally.task.runner [-] Starting a worker. concurrency: 2 args: {"network_create_args": null, "subnet_create_args": null, "subnet_cidr_start": "1.1.0.0/30", "subnets_per_network": 2, "router_create_args": null} times: 40 method_name: run timeout: 0 duration: None cls:
2019-06-14 02:39:19.874 24593 RALLYDEBUG rally.task.runner [-] Starting a worker. concurrency: 2 args: {"network_create_args": null, "subnet_create_args": null, "subnet_cidr_start": "1.1.0.0/30", "subnets_per_network": 2, "router_create_args": null} times: 40 method_name: run timeout: 0 duration: None cls:
2019-06-14 02:39:19.875 24590 INFO rally.task.runner [-] Task 0f31d698-2db3-42d3-82fc-10e0f35374b3 | ITER: 1 START
2019-06-14 02:39:19.877 24595 RALLYDEBUG rally.task.runner [-] Starting a worker. concurrency: 1 args: {"network_create_args": null, "subnet_create_args": null, "subnet_cidr_start": "1.1.0.0/30", "subnets_per_network": 2, "router_create_args": null} times: 40 method_name: run timeout: 0 duration: None cls:
2019-06-14 02:39:19.879 24592 INFO rally.task.runner [-] Task 0f31d698-2db3-42d3-82fc-10e0f35374b3 | ITER: 4 START
2019-06-14 02:39:19.879 24591 INFO rally.task.runner [-] Task 0f31d698-2db3-42d3-82fc-10e0f35374b3 | ITER: 2 START
2019-06-14 02:39:19.880 24591 INFO rally.task.runner [-] Task 0f31d698-2db3-42d3-82fc-10e0f35374b3 | ITER: 5 START
2019-06-14 02:39:19.882 24593 INFO rally.task.runner [-] Task 0f31d698-2db3-42d3-82fc-10e0f35374b3 | ITER: 6 START
2019-06-14 02:39:19.882 24599 RALLYDEBUG rally.task.runner [-] Starting a worker. concurrency: 1 args: {"network_create_args": null, "subnet_create_args": null, "subnet_cidr_start": "1.1.0.0/30", "subnets_per_network": 2, "router_create_args": null} times: 40 method_name: run timeout: 0 duration: None cls:
2019-06-14 02:39:19.883 24595 INFO rally.task.runner [-] Task 0f31d698-2db3-42d3-82fc-10e0f35374b3 | ITER: 8 START
2019-06-14 02:39:19.875 24590 INFO rally.task.runner [-] Task 0f31d698-2db3-42d3-82fc-10e0f35374b3 | ITER: 3 START
2019-06-14 02:39:19.889 24599 INFO rally.task.runner [-] Task 0f31d698-2db3-42d3-82fc-10e0f35374b3 | ITER: 10 START
2019-06-14 02:39:19.888 24603 RALLYDEBUG rally.task.runner [-] Starting a worker. concurrency: 1 args: {"network_create_args": null, "subnet_create_args": null, "subnet_cidr_start": "1.1.0.0/30", "subnets_per_network": 2, "router_create_args": null} times: 40 method_name: run timeout: 0 duration: None cls:
2019-06-14 02:39:19.889 24607 RALLYDEBUG rally.task.runner [-] Starting a worker. concurrency: 1 args: {"network_create_args": null, "subnet_create_args": null, "subnet_cidr_start": "1.1.0.0/30", "subnets_per_network": 2, "router_create_args": null} times: 40 method_name: run timeout: 0 duration: None cls:
2019-06-14 02:39:19.896 24607 INFO rally.task.runner [-] Task 0f31d698-2db3-42d3-82fc-10e0f35374b3 | ITER: 12 START
2019-06-14 02:39:19.897 24603 INFO rally.task.runner [-] Task 0f31d698-2db3-42d3-82fc-10e0f35374b3 | ITER: 11 START
2019-06-14 02:39:19.897 24593 INFO rally.task.runner [-] Task 0f31d698-2db3-42d3-82fc-10e0f35374b3 | ITER: 9 START
2019-06-14 02:39:19.897 24612 RALLYDEBUG rally.task.runner [-] Starting a worker. concurrency: 1 args: {"network_create_args": null, "subnet_create_args": null, "subnet_cidr_start": "1.1.0.0/30", "subnets_per_network": 2, "router_create_args": null} times: 40 method_name: run timeout: 0 duration: None cls:
2019-06-14 02:39:19.900 24592 INFO rally.task.runner [-] Task 0f31d698-2db3-42d3-82fc-10e0f35374b3 | ITER: 7 START
2019-06-14 02:39:19.904 24612 INFO rally.task.runner [-] Task 0f31d698-2db3-42d3-82fc-10e0f35374b3 | ITER: 13 START
2019-06-14 02:39:19.906 24618 RALLYDEBUG rally.task.runner [-] Starting a worker. concurrency: 1 args: {"network_create_args": null, "subnet_create_args": null, "subnet_cidr_start": "1.1.0.0/30", "subnets_per_network": 2, "router_create_args": null} times: 40 method_name: run timeout: 0 duration: None cls:
2019-06-14 02:39:19.913 24618 INFO rally.task.runner [-] Task 0f31d698-2db3-42d3-82fc-10e0f35374b3 | ITER: 14 START
2019-06-14 02:39:19.914 24622 RALLYDEBUG rally.task.runner [-] Starting a worker. concurrency: 1 args: {"network_create_args": null, "subnet_create_args": null, "subnet_cidr_start": "1.1.0.0/30", "subnets_per_network": 2, "router_create_args": null} times: 40 method_name: run timeout: 0 duration: None cls:
2019-06-14 02:39:19.920 24622 INFO rally.task.runner [-] Task 0f31d698-2db3-42d3-82fc-10e0f35374b3 | ITER: 15 START
2019-06-14 02:39:19.921 24625 RALLYDEBUG rally.task.runner [-] Starting a worker. concurrency: 1 args: {"network_create_args": null, "subnet_create_args": null, "subnet_cidr_start": "1.1.0.0/30", "subnets_per_network": 2, "router_create_args": null} times: 40 method_name: run timeout: 0 duration: None cls:
2019-06-14 02:39:19.927 24625 INFO rally.task.runner [-] Task 0f31d698-2db3-42d3-82fc-10e0f35374b3 | ITER: 16 START
2019-06-14 02:39:19.931 24628 RALLYDEBUG rally.task.runner [-] Starting a worker. concurrency: 1 args: {"network_create_args": null, "subnet_create_args": null, "subnet_cidr_start": "1.1.0.0/30", "subnets_per_network": 2, "router_create_args": null} times: 40 method_name: run timeout: 0 duration: None cls:
2019-06-14 02:39:19.935 24631 RALLYDEBUG rally.task.runner [-] Starting a worker. concurrency: 1 args: {"network_create_args": null, "subnet_create_args": null, "subnet_cidr_start": "1.1.0.0/30", "subnets_per_network": 2, "router_create_args": null} times: 40 method_name: run timeout: 0 duration: None cls:
2019-06-14 02:39:19.938 24628 INFO rally.task.runner [-] Task 0f31d698-2db3-42d3-82fc-10e0f35374b3 | ITER: 17 START
2019-06-14 02:39:19.940 24632 RALLYDEBUG rally.task.runner [-] Starting a worker. concurrency: 1 args: {"network_create_args": null, "subnet_create_args": null, "subnet_cidr_start": "1.1.0.0/30", "subnets_per_network": 2, "router_create_args": null} times: 40 method_name: run timeout: 0 duration: None cls:
2019-06-14 02:39:19.940 24631 INFO rally.task.runner [-] Task 0f31d698-2db3-42d3-82fc-10e0f35374b3 | ITER: 18 START
2019-06-14 02:39:19.945 24632 INFO rally.task.runner [-] Task 0f31d698-2db3-42d3-82fc-10e0f35374b3 | ITER: 19 START
2019-06-14 02:39:19.944 24635 RALLYDEBUG rally.task.runner [-] Starting a worker. concurrency: 1 args: {"network_create_args": null, "subnet_create_args": null, "subnet_cidr_start": "1.1.0.0/30", "subnets_per_network": 2, "router_create_args": null} times: 40 method_name: run timeout: 0 duration: None cls:
2019-06-14 02:39:19.949 24635 INFO rally.task.runner [-] Task 0f31d698-2db3-42d3-82fc-10e0f35374b3 | ITER: 20 START
2019-06-14 02:39:20.651 24599 RALLYDEBUG rally_openstack.wrappers.network [-] CIDR generated: 1.1.5.160/30
2019-06-14 02:39:20.690 24591 RALLYDEBUG rally_openstack.wrappers.network [-] CIDR generated: 1.1.5.164/30
2019-06-14 02:39:20.706 24595 RALLYDEBUG rally_openstack.wrappers.network [-] CIDR generated: 1.1.5.168/30
2019-06-14 02:39:20.713 24593 RALLYDEBUG rally_openstack.wrappers.network [-] CIDR generated: 1.1.5.172/30
2019-06-14 02:39:20.719 24592 RALLYDEBUG rally_openstack.wrappers.network [-] CIDR generated: 1.1.5.176/30
2019-06-14 02:39:20.744 24590 RALLYDEBUG rally_openstack.wrappers.network [-] CIDR generated: 1.1.5.180/30
2019-06-14 02:39:20.769 24607 RALLYDEBUG rally_openstack.wrappers.network [-] CIDR generated: 1.1.5.184/30
2019-06-14 02:39:20.953 24631 RALLYDEBUG rally_openstack.wrappers.network [-] CIDR generated: 1.1.5.188/30
2019-06-14 02:39:20.957 24618 RALLYDEBUG rally_openstack.wrappers.network [-] CIDR generated: 1.1.5.192/30
2019-06-14 02:39:20.958 24603 RALLYDEBUG rally_openstack.wrappers.network [-] CIDR generated: 1.1.5.196/30
2019-06-14 02:39:20.996 24612 RALLYDEBUG rally_openstack.wrappers.network [-] CIDR generated: 1.1.5.200/30
2019-06-14 02:39:21.081 24632 RALLYDEBUG rally_openstack.wrappers.network [-] CIDR generated: 1.1.5.204/30
2019-06-14 02:39:21.091 24591 RALLYDEBUG rally_openstack.wrappers.network [-] CIDR generated: 1.1.5.208/30
2019-06-14 02:39:21.121 24635 RALLYDEBUG rally_openstack.wrappers.network [-] CIDR generated: 1.1.5.212/30
2019-06-14 02:39:21.140 24628 RALLYDEBUG rally_openstack.wrappers.network [-] CIDR generated: 1.1.5.216/30
2019-06-14 02:39:21.235 24625 RALLYDEBUG rally_openstack.wrappers.network [-] CIDR generated: 1.1.5.220/30
2019-06-14 02:39:21.250 24590 RALLYDEBUG rally_openstack.wrappers.network [-] CIDR generated: 1.1.5.224/30
2019-06-14 02:39:21.250 24622 RALLYDEBUG rally_openstack.wrappers.network [-] CIDR generated: 1.1.5.228/30
2019-06-14 02:39:21.366 24592 RALLYDEBUG rally_openstack.wrappers.network [-] CIDR generated: 1.1.5.232/30
2019-06-14 02:39:21.462 24593 RALLYDEBUG rally_openstack.wrappers.network [-] CIDR generated: 1.1.5.236/30
2019-06-14 02:39:21.765 24603 RALLYDEBUG rally_openstack.wrappers.network [-] CIDR generated: 1.1.5.240/30
2019-06-14 02:39:21.798 24618 RALLYDEBUG rally_openstack.wrappers.network [-] CIDR generated: 1.1.5.244/30
2019-06-14 02:39:22.190 24631 RALLYDEBUG rally_openstack.wrappers.network [-] CIDR generated: 1.1.5.248/30
2019-06-14 02:39:22.215 24592 RALLYDEBUG rally_openstack.wrappers.network [-] CIDR generated: 1.1.5.252/30
2019-06-14 02:39:22.229 24591 RALLYDEBUG rally_openstack.wrappers.network [-] CIDR generated: 1.1.6.0/30
2019-06-14 02:39:22.278 24622 RALLYDEBUG rally_openstack.wrappers.network [-] CIDR generated: 1.1.6.4/30
2019-06-14 02:39:22.296 24592 RALLYDEBUG rally_openstack.wrappers.network [-] CIDR generated: 1.1.6.8/30
2019-06-14 02:39:22.783 24612 RALLYDEBUG rally_openstack.wrappers.network [-] CIDR generated: 1.1.6.12/30
2019-06-14 02:39:22.815 24635 RALLYDEBUG rally_openstack.wrappers.network [-] CIDR generated: 1.1.6.16/30
2019-06-14 02:39:22.827 24593 RALLYDEBUG rally_openstack.wrappers.network [-] CIDR generated: 1.1.6.20/30
2019-06-14 02:39:22.831 24607 RALLYDEBUG rally_openstack.wrappers.network [-] CIDR generated: 1.1.6.24/30
2019-06-14 02:39:23.033 24628 RALLYDEBUG rally_openstack.wrappers.network [-] CIDR generated: 1.1.6.28/30
2019-06-14 02:39:23.069 24632 RALLYDEBUG rally_openstack.wrappers.network [-] CIDR generated: 1.1.6.32/30
2019-06-14 02:39:23.091 24590 RALLYDEBUG rally_openstack.wrappers.network [-] CIDR generated: 1.1.6.36/30
2019-06-14 02:39:23.163 24591 RALLYDEBUG rally_openstack.wrappers.network [-] CIDR generated: 1.1.6.40/30
2019-06-14 02:39:23.165 24625 RALLYDEBUG rally_openstack.wrappers.network [-] CIDR generated: 1.1.6.44/30
2019-06-14 02:39:23.429 24593 RALLYDEBUG rally_openstack.wrappers.network [-] CIDR generated: 1.1.6.48/30
2019-06-14 02:39:24.780 24590 RALLYDEBUG rally_openstack.wrappers.network [-] CIDR generated: 1.1.6.52/30
2019-06-14 02:39:24.820 24595 RALLYDEBUG rally_openstack.wrappers.network [-] CIDR generated: 1.1.6.56/30
2019-06-14 02:39:24.907 24599 RALLYDEBUG rally_openstack.wrappers.network [-] CIDR generated: 1.1.6.60/30
2019-06-14 02:39:31.730 24618 INFO rally.task.runner [-] Task 0f31d698-2db3-42d3-82fc-10e0f35374b3 | ITER: 14 END: OK
2019-06-14 02:39:31.736 24618 INFO rally.task.runner [-] Task 0f31d698-2db3-42d3-82fc-10e0f35374b3 | ITER: 21 START
2019-06-14 02:39:32.300 24618 RALLYDEBUG rally_openstack.wrappers.network [-] CIDR generated: 1.1.6.64/30
2019-06-14 02:39:33.396 24591 INFO rally.task.runner [-] Task 0f31d698-2db3-42d3-82fc-10e0f35374b3 | ITER: 5 END: OK
2019-06-14 02:39:33.401 24591 INFO rally.task.runner [-] Task 0f31d698-2db3-42d3-82fc-10e0f35374b3 | ITER: 22 START
2019-06-14 02:39:33.940 24607 INFO rally.task.runner [-] Task 0f31d698-2db3-42d3-82fc-10e0f35374b3 | ITER: 12 END: OK
2019-06-14 02:39:33.944 24607 INFO rally.task.runner [-] Task 0f31d698-2db3-42d3-82fc-10e0f35374b3 | ITER: 23 START
2019-06-14 02:39:34.509 24607 RALLYDEBUG rally_openstack.wrappers.network [-] CIDR generated: 1.1.6.68/30
2019-06-14 02:39:34.908 24591 RALLYDEBUG rally_openstack.wrappers.network [-] CIDR generated: 1.1.6.72/30
2019-06-14 02:39:35.771 24612 INFO rally.task.runner [-] Task 0f31d698-2db3-42d3-82fc-10e0f35374b3 | ITER: 13 END: OK
