2019-06-14 02:46:50.404 22126 RALLYDEBUG rally_openstack.cleanup.manager [-] Deleting neutron.port object s_rally_c1e5ebf3_cVc9RahB (da7167b4-045e-44d0-89ee-9fd4630ec535)
2019-06-14 02:46:50.436 22126 RALLYDEBUG rally_openstack.cleanup.manager [-] Deleting neutron.port object s_rally_c1e5ebf3_iDViZXqV (daa5c654-3c25-4f2e-b424-fcfb62c85bad)
2019-06-14 02:46:50.436 22126 RALLYDEBUG rally_openstack.cleanup.manager [-] Deleting neutron.port object s_rally_c1e5ebf3_S64xwucM (dbab4eaf-ad83-4ca0-bd62-9ec39dea6261)
2019-06-14 02:46:50.437 22126 RALLYDEBUG rally_openstack.cleanup.manager [-] Deleting neutron.port object s_rally_c1e5ebf3_884a7KKF (dae98e7f-80de-4b5f-8fcd-e5e3bf87bb53)
2019-06-14 02:46:50.476 22126 RALLYDEBUG rally_openstack.cleanup.manager [-] Deleting neutron.port object s_rally_c1e5ebf3_OOmn3mDK (dc611d4c-7972-44c9-9e99-2435d50ff7de)
2019-06-14 02:46:50.593 22126 RALLYDEBUG rally_openstack.cleanup.manager [-] Deleting neutron.port object s_rally_c1e5ebf3_Eu7PR26A (de1cbfd4-1d5d-4603-8347-da748c1ce394)
2019-06-14 02:46:50.711 22126 RALLYDEBUG rally_openstack.cleanup.manager [-] Deleting neutron.port object s_rally_c1e5ebf3_Rodrr4H3 (de3b1ff7-771f-4396-bd71-73baf5762a5e)
2019-06-14 02:46:50.718 22126 RALLYDEBUG rally_openstack.cleanup.manager [-] Deleting neutron.port object s_rally_c1e5ebf3_8BsiIbb9 (dee858e0-8fbe-4630-b5a5-ad60b50d43c0)
2019-06-14 02:46:50.826 22126 RALLYDEBUG rally_openstack.cleanup.manager [-] Deleting neutron.port object s_rally_c1e5ebf3_Ycd7WcD0 (df0a7ddc-b639-4f87-a6ba-b0b08b987ded)
2019-06-14 02:46:50.951 22126 RALLYDEBUG rally_openstack.cleanup.manager [-] Deleting neutron.port object s_rally_c1e5ebf3_3erXtGjA (dfa0a198-dab9-4590-b2bf-a3483a6ee3e9)
2019-06-14 02:46:51.140 22126 RALLYDEBUG rally_openstack.cleanup.manager [-] Deleting neutron.port object s_rally_c1e5ebf3_gaAHrUoL (e028c367-0d00-4f15-8fc4-7054e2353010)
2019-06-14 02:46:51.253 22126 RALLYDEBUG rally_openstack.cleanup.manager [-] Deleting neutron.port object s_rally_c1e5ebf3_1YB4EqYU (e0a8f01e-1b4a-49b0-86a1-d419e5ab8111)
2019-06-14 02:46:51.396 22126 RALLYDEBUG rally_openstack.cleanup.manager [-] Deleting neutron.port object s_rally_c1e5ebf3_ffMiDEX7 (e0f4dda5-1ba8-4553-966d-9659b2bc22a9)
2019-06-14 02:46:51.413 22126 RALLYDEBUG rally_openstack.cleanup.manager [-] Deleting neutron.port object s_rally_c1e5ebf3_ryX3JqQz (e2a32aeb-e6e0-492f-bc72-446392c9990c)
2019-06-14 02:46:51.531 22126 RALLYDEBUG rally_openstack.cleanup.manager [-] Deleting neutron.port object s_rally_c1e5ebf3_j9Xsly5S (e2e0cb33-a424-4e0e-95e4-97f7d941cc14)
2019-06-14 02:46:51.587 22126 RALLYDEBUG rally_openstack.cleanup.manager [-] Deleting neutron.port object s_rally_c1e5ebf3_w43v6csg (e3554073-0acd-4096-b464-b856c4312c61)
2019-06-14 02:46:51.761 22126 RALLYDEBUG rally_openstack.cleanup.manager [-] Deleting neutron.port object s_rally_c1e5ebf3_XBMh2Bm2 (e364c5c1-78e0-4509-9f7d-ab8c67a997f6)
2019-06-14 02:46:51.801 22126 RALLYDEBUG rally_openstack.cleanup.manager [-] Deleting neutron.port object s_rally_c1e5ebf3_5c78hVjH (e441185b-4e1c-4fce-a14c-85dbf886d5ba)
2019-06-14 02:46:51.907 22126 RALLYDEBUG rally_openstack.cleanup.manager [-] Deleting neutron.port object s_rally_c1e5ebf3_st3qJX7j (e45be3f2-1976-4560-a257-14a25e9c25d0)
2019-06-14 02:46:51.981 22126 RALLYDEBUG rally_openstack.cleanup.manager [-] Deleting neutron.port object s_rally_c1e5ebf3_nuo0v3uM (e48889aa-8288-458c-a269-f911844a8ecd)
2019-06-14 02:46:52.284 22126 RALLYDEBUG rally_openstack.cleanup.manager [-] Deleting neutron.port object s_rally_c1e5ebf3_9p2UHyMg (e4c14aa6-262f-4280-a60d-d2cfe100e10a)
2019-06-14 02:46:52.311 22126 RALLYDEBUG rally_openstack.cleanup.manager [-] Deleting neutron.port object s_rally_c1e5ebf3_FXz4MBrg (e4fbf849-28ff-4eec-83f9-dfe9f0ac5720)
2019-06-14 02:46:52.399 22126 RALLYDEBUG rally_openstack.cleanup.manager [-] Deleting neutron.port object s_rally_c1e5ebf3_KRzgBGAz (e534d727-159b-4bdb-b623-adff44b40ca1)
2019-06-14 02:46:52.415 22126 RALLYDEBUG rally_openstack.cleanup.manager [-] Deleting neutron.port object s_rally_c1e5ebf3_BH9pgIeg (e577f054-5a24-4d30-a4fd-48b42fb9eba4)
2019-06-14 02:46:52.428 22126 RALLYDEBUG rally_openstack.cleanup.manager [-] Deleting neutron.port object s_rally_c1e5ebf3_Ey0hIKue (e662fd26-8540-4e7d-b1ba-ce2c029f72b4)
2019-06-14 02:46:52.619 22126 RALLYDEBUG rally_openstack.cleanup.manager [-] Deleting neutron.port object s_rally_c1e5ebf3_kS0jFu4M (e737f575-ce61-4d47-a058-c027fe12a280)
2019-06-14 02:46:52.668 22126 RALLYDEBUG rally_openstack.cleanup.manager [-] Deleting neutron.port object s_rally_c1e5ebf3_pOrhT2gU (e80c6178-5e03-4fab-af3d-2022b333919f)
2019-06-14 02:46:52.870 22126 RALLYDEBUG rally_openstack.cleanup.manager [-] Deleting neutron.port object s_rally_c1e5ebf3_8HlZYfCX (e82fdfa3-0df6-4128-b632-81b0f6c800af)
2019-06-14 02:46:52.870 22126 RALLYDEBUG rally_openstack.cleanup.manager [-] Deleting neutron.port object s_rally_c1e5ebf3_cT2mhIG3 (e863f630-1d0b-4eb7-88b7-a4d0ffbb9b43)
2019-06-14 02:46:52.935 22126 RALLYDEBUG rally_openstack.cleanup.manager [-] Deleting neutron.port object s_rally_c1e5ebf3_8Vu4qNcK (e899f4be-193e-4dd7-a2e6-2e8eff639cc5)
2019-06-14 02:46:52.955 22126 RALLYDEBUG rally_openstack.cleanup.manager [-] Deleting neutron.port object s_rally_c1e5ebf3_BzWbwv9k (e8b8dc24-fb82-4c09-b2bc-ffa8bb5bd973)
2019-06-14 02:46:53.227 22126 RALLYDEBUG rally_openstack.cleanup.manager [-] Deleting neutron.port object s_rally_c1e5ebf3_rpGzsA9W (eac8d4d1-e88c-4b26-a189-75ee2e899316)
2019-06-14 02:46:53.358 22126 RALLYDEBUG rally_openstack.cleanup.manager [-] Deleting neutron.port object s_rally_c1e5ebf3_4uz7qAPH (eaea2eac-df61-48b3-af98-5027fdee17eb)
2019-06-14 02:46:53.434 22126 RALLYDEBUG rally_openstack.cleanup.manager [-] Deleting neutron.port object s_rally_c1e5ebf3_Ulc1QcnX (eafd97a0-97c2-446b-8c9e-c7ede2b562e4)
2019-06-14 02:46:53.543 22126 RALLYDEBUG rally_openstack.cleanup.manager [-] Deleting neutron.port object s_rally_c1e5ebf3_0izicCyD (eb8abe54-8d4c-4075-bd3f-d1db94c910e4)
2019-06-14 02:46:53.604 22126 RALLYDEBUG rally_openstack.cleanup.manager [-] Deleting neutron.port object s_rally_c1e5ebf3_PLhsEHwE (eb8ec288-b601-40df-9904-504e7e55a3cc)
2019-06-14 02:46:53.793 22126 RALLYDEBUG rally_openstack.cleanup.manager [-] Deleting neutron.port object s_rally_c1e5ebf3_DiId8HGE (ec3b81fc-5618-4b59-beb8-ab2335f1a67b)
2019-06-14 02:46:53.828 22126 RALLYDEBUG rally_openstack.cleanup.manager [-] Deleting neutron.port object s_rally_c1e5ebf3_kgUfpK7i (ed5888c7-7046-4b53-9038-7436037007b0)
2019-06-14 02:46:53.916 22126 RALLYDEBUG rally_openstack.cleanup.manager [-] Deleting neutron.port object s_rally_c1e5ebf3_0jt9RAYN (edaf05ec-5364-4ace-b6e5-f4b161814650)
2019-06-14 02:46:53.923 22126 RALLYDEBUG rally_openstack.cleanup.manager [-] Deleting neutron.port object s_rally_c1e5ebf3_txtUInqY (ee1ad096-a16f-4a75-b3c4-65e35b696632)
2019-06-14 02:46:54.265 22126 RALLYDEBUG rally_openstack.cleanup.manager [-] Deleting neutron.port object s_rally_c1e5ebf3_sLRWPymi (eefe71e4-49df-475d-af13-985f0e973c88)
2019-06-14 02:46:54.389 22126 RALLYDEBUG rally_openstack.cleanup.manager [-] Deleting neutron.port object s_rally_c1e5ebf3_lJjDiEBP (eff03672-ee59-41ec-abaa-1cf79fd0c247)
2019-06-14 02:46:54.427 22126 RALLYDEBUG rally_openstack.cleanup.manager [-] Deleting neutron.port object s_rally_c1e5ebf3_xewjn9IQ (f0296ac6-a739-4426-be29-df21f95cd373)
2019-06-14 02:46:54.525 22126 RALLYDEBUG rally_openstack.cleanup.manager [-] Deleting neutron.port object s_rally_c1e5ebf3_M4t4AhjU (f043fddd-603f-4ca2-ab54-94c9f49ac21f)
2019-06-14 02:46:54.543 22126 RALLYDEBUG rally_openstack.cleanup.manager [-] Deleting neutron.port object s_rally_c1e5ebf3_g3eJQiTH (f27866b5-59d5-42fa-b288-e3a58a153cae)
2019-06-14 02:46:54.635 22126 RALLYDEBUG rally_openstack.cleanup.manager [-] Deleting neutron.port object s_rally_c1e5ebf3_NY2B0NyT (f2d99a05-dad4-4c77-8746-7a6017df402e)
2019-06-14 02:46:54.708 22126 RALLYDEBUG rally_openstack.cleanup.manager [-] Deleting neutron.port object s_rally_c1e5ebf3_9QxIFsTX (f39e85ca-71da-4828-a214-6245158017b6)
2019-06-14 02:46:54.843 22126 RALLYDEBUG rally_openstack.cleanup.manager [-] Deleting neutron.port object s_rally_c1e5ebf3_ixurmY1X (f454c284-e3b0-49b9-8e0d-acc19ff26b85)
2019-06-14 02:46:54.851 22126 RALLYDEBUG rally_openstack.cleanup.manager [-] Deleting neutron.port object s_rally_c1e5ebf3_xciv9ChH (f45b5445-3763-41f1-afad-2a4035baf50a)
2019-06-14 02:46:54.976 22126 RALLYDEBUG rally_openstack.cleanup.manager [-] Deleting neutron.port object s_rally_c1e5ebf3_mm1lX5Ci (f488afd8-7d09-47b2-aece-a378e131a78e)
2019-06-14 02:46:55.071 22126 RALLYDEBUG rally_openstack.cleanup.manager [-] Deleting neutron.port object s_rally_c1e5ebf3_g3yLn0De (f4bdc7d6-af4e-4810-b7b0-9715291d4870)
2019-06-14 02:46:55.115 22126 RALLYDEBUG rally_openstack.cleanup.manager [-] Deleting neutron.port object s_rally_c1e5ebf3_743rqNMZ (f6911084-ecba-48d6-9358-21c386859bf7)
2019-06-14 02:46:55.306 22126 RALLYDEBUG rally_openstack.cleanup.manager [-] Deleting neutron.port object s_rally_c1e5ebf3_yfMgpGkO (f70c4c9b-6277-441b-bea2-c0730ce94e02)
2019-06-14 02:46:55.340 22126 RALLYDEBUG rally_openstack.cleanup.manager [-] Deleting neutron.port object s_rally_c1e5ebf3_9So4aAgh (f7304704-7f1f-4dc0-a3ef-942ccb0ae0e7)
2019-06-14 02:46:55.426 22126 RALLYDEBUG rally_openstack.cleanup.manager [-] Deleting neutron.port object s_rally_c1e5ebf3_Svb111OJ (f8e976da-48b3-4ac3-98c3-724a2029dca2)
2019-06-14 02:46:55.556 22126 RALLYDEBUG rally_openstack.cleanup.manager [-] Deleting neutron.port object s_rally_c1e5ebf3_ksjlr8Ot (f9225f1c-a7a2-4186-8534-c388c9b918e1)
2019-06-14 02:46:55.677 22126 RALLYDEBUG rally_openstack.cleanup.manager [-] Deleting neutron.port object s_rally_c1e5ebf3_7XJU2IJM (f92316c3-9656-48be-a117-59d9b246e7e6)
2019-06-14 02:46:55.715 22126 RALLYDEBUG rally_openstack.cleanup.manager [-] Deleting neutron.port object s_rally_c1e5ebf3_UuQGevSX (fb67a42f-bf9b-4b4c-ad01-c245c10d87a2)
2019-06-14 02:46:55.736 22126 RALLYDEBUG rally_openstack.cleanup.manager [-] Deleting neutron.port object s_rally_c1e5ebf3_bdO72hm0 (fc5a445a-7c10-44d6-a9a0-c86bfe06b83e)
2019-06-14 02:46:55.819 22126 RALLYDEBUG rally_openstack.cleanup.manager [-] Deleting neutron.port object s_rally_c1e5ebf3_amce0sfq (fe578b02-46a7-4f05-af27-7429f41a5a5d)
2019-06-14 02:46:56.100 22126 RALLYDEBUG rally_openstack.cleanup.manager [-] Deleting neutron.port object s_rally_c1e5ebf3_J87cBJIA (ff9c491e-a08e-4b10-bb2e-b520086e8617)
2019-06-14 02:46:56.257 22126 RALLYDEBUG rally_openstack.cleanup.manager [-] Deleting neutron.port object s_rally_c1e5ebf3_XAOKzqx8 (ffe96101-f6aa-469d-9127-afbd24648408)
2019-06-14 02:46:58.324 22126 RALLYDEBUG rally_openstack.cleanup.manager [-] Cleaning up neutron subnet objects
2019-06-14 02:46:58.752 22126 RALLYDEBUG rally_openstack.cleanup.manager [-] Cleaning up neutron network objects
2019-06-14 02:46:59.246 22126 RALLYDEBUG rally_openstack.cleanup.manager [-] Deleting neutron.network object s_rally_c1e5ebf3_CMNFfKzb (242cde42-fdd2-4fce-a347-92a2fcc57ad1)
2019-06-14 02:46:59.253 22126 RALLYDEBUG rally_openstack.cleanup.manager [-] Deleting neutron.network object s_rally_c1e5ebf3_IPynXEzX (4869b39e-f5ff-4bb0-8513-d862b13032c3)
2019-06-14 02:46:59.272 22126 RALLYDEBUG rally_openstack.cleanup.manager [-] Deleting neutron.network object s_rally_c1e5ebf3_ZzoOIQHL (519d73f7-5483-496f-9c84-2c4ced939cfd)
2019-06-14 02:46:59.274 22126 RALLYDEBUG rally_openstack.cleanup.manager [-] Deleting neutron.network object s_rally_c1e5ebf3_IxpXxJ2h (61bbcdb3-ec41-4e88-b826-e3f22f5a0d3b)
2019-06-14 02:46:59.287 22126 RALLYDEBUG rally_openstack.cleanup.manager [-] Deleting neutron.network object s_rally_c1e5ebf3_hAePYmFT (7928da8d-4baa-4638-9936-1962cbed7f9e)
2019-06-14 02:46:59.289 22126 RALLYDEBUG rally_openstack.cleanup.manager [-] Deleting neutron.network object s_rally_c1e5ebf3_WIaMVtR4 (70a34cc6-d331-46b8-aed9-dd29b935faf3)
2019-06-14 02:46:59.292 22126 RALLYDEBUG rally_openstack.cleanup.manager [-] Deleting neutron.network object s_rally_c1e5ebf3_mA3H9nTJ (d26bf066-176f-4f0a-bb71-1b261d96674a)
2019-06-14 02:46:59.327 22126 RALLYDEBUG rally_openstack.cleanup.manager [-] Deleting neutron.network object s_rally_c1e5ebf3_7DZkyQ3V (eb615102-c9fb-4dd9-8613-07e816aa28c5)
2019-06-14 02:47:02.207 22126 RALLYDEBUG rally_openstack.cleanup.manager [-] Cleaning up neutron router objects
2019-06-14 02:47:02.649 22126 RALLYDEBUG rally_openstack.cleanup.manager [-] Cleaning up neutron security_group objects
2019-06-14 02:47:03.116 22126 INFO rally.task.context [-] Task 0f31d698-2db3-42d3-82fc-10e0f35374b3 | Context cleanup@openstack cleanup() finished in 51.12 sec
2019-06-14 02:47:03.117 22126 INFO rally.task.context [-] Task 0f31d698-2db3-42d3-82fc-10e0f35374b3 | Context quotas@openstack cleanup() started
2019-06-14 02:47:03.211 22126 INFO rally.task.context [-] Task 0f31d698-2db3-42d3-82fc-10e0f35374b3 | Context quotas@openstack cleanup() finished in 94.65 msec
2019-06-14 02:47:03.212 22126 INFO rally.task.context [-] Task 0f31d698-2db3-42d3-82fc-10e0f35374b3 | Context users@openstack cleanup() started
2019-06-14 02:47:06.089 22126 INFO rally.task.context [-] Task 0f31d698-2db3-42d3-82fc-10e0f35374b3 | Context users@openstack cleanup() finished in 2.88 sec
2019-06-14 02:47:06.194 22126 INFO rally.task.engine [-] Load duration is: 57.295264
2019-06-14 02:47:06.194 22126 INFO rally.task.engine [-] Full runner duration is: 57.3499
2019-06-14 02:47:06.194 22126 INFO rally.task.engine [-] Full duration is: 114.488981
2019-06-14 02:47:06.508 22126 INFO rally.task.engine [-] Running workload: position = 1 config = { "version": 2, "title": "A cropped version of a bigger task.", "description": "Auto-generated task from a single workload (uuid=c6189bb9-4d37-4836-9a83-4cd62a71474e)", "subtasks": [ { "title": "NeutronNetworks.create_and_update_ports", "description": "Create and update a given number of ports.", "scenario": { "NeutronNetworks.create_and_update_ports": { "network_create_args": {}, "port_create_args": {}, "ports_per_network": 5, "port_update_args": { "admin_state_up": false, "device_id": "dummy_id", "device_owner": "dummy_owner", "name": "_port_updated" } } }, "contexts": { "users": { "tenants": 1, "users_per_tenant": 1 }, "quotas": { "neutron": { "network": -1, "port": -1 } } }, "runner": { "constant": { "times": 40, "concurrency": 20 } }, "hooks": [], "sla": { "failure_rate": { "max": 0 } } } ] }
2019-06-14 02:47:06.534 22126 RALLYDEBUG rally_openstack.contexts.keystone.users [-] Creating 1 tenants using 20 threads
2019-06-14 02:47:07.506 22126 RALLYDEBUG rally_openstack.contexts.keystone.users [-] Creating 1 users using 20 threads
2019-06-14 02:47:08.979 22126 INFO rally.task.context [-] Task 0f31d698-2db3-42d3-82fc-10e0f35374b3 | Context users@openstack setup() finished in 2.44 sec
2019-06-14 02:47:09.563 22126 INFO rally.task.context [-] Task 0f31d698-2db3-42d3-82fc-10e0f35374b3 | Context quotas@openstack setup() finished in 0.58 sec
2019-06-14 02:47:09.563 22126 INFO rally.task.context [-] Task 0f31d698-2db3-42d3-82fc-10e0f35374b3 | Context cleanup@openstack setup() finished in 0.01 msec
2019-06-14 02:47:09.573 22126 RALLYDEBUG rally.task.runner [-] Starting the constant runner (task UUID: 0f31d698-2db3-42d3-82fc-10e0f35374b3). timeout: 0 concurrency: 20 concurrency_per_worker: 1 times: 40 concurrency_overhead: 4 processes_to_start: 16 max_cpu_used: 16
2019-06-14 02:47:09.587 26002 RALLYDEBUG rally.task.runner [-] Starting a worker. concurrency: 2 args: {"network_create_args": {}, "port_create_args": {}, "ports_per_network": 5, "port_update_args": {"admin_state_up": false, "device_id": "dummy_id", "device_owner": "dummy_owner", "name": "_port_updated"}} times: 40 method_name: run timeout: 0 duration: None cls:
2019-06-14 02:47:09.590 26003 RALLYDEBUG rally.task.runner [-] Starting a worker. concurrency: 2 args: {"network_create_args": {}, "port_create_args": {}, "ports_per_network": 5, "port_update_args": {"admin_state_up": false, "device_id": "dummy_id", "device_owner": "dummy_owner", "name": "_port_updated"}} times: 40 method_name: run timeout: 0 duration: None cls:
2019-06-14 02:47:09.593 26004 RALLYDEBUG rally.task.runner [-] Starting a worker. concurrency: 2 args: {"network_create_args": {}, "port_create_args": {}, "ports_per_network": 5, "port_update_args": {"admin_state_up": false, "device_id": "dummy_id", "device_owner": "dummy_owner", "name": "_port_updated"}} times: 40 method_name: run timeout: 0 duration: None cls:
2019-06-14 02:47:09.596 26005 RALLYDEBUG rally.task.runner [-] Starting a worker. concurrency: 2 args: {"network_create_args": {}, "port_create_args": {}, "ports_per_network": 5, "port_update_args": {"admin_state_up": false, "device_id": "dummy_id", "device_owner": "dummy_owner", "name": "_port_updated"}} times: 40 method_name: run timeout: 0 duration: None cls:
2019-06-14 02:47:09.599 26002 INFO rally.task.runner [-] Task 0f31d698-2db3-42d3-82fc-10e0f35374b3 | ITER: 1 START
2019-06-14 02:47:09.600 26006 RALLYDEBUG rally.task.runner [-] Starting a worker. concurrency: 1 args: {"network_create_args": {}, "port_create_args": {}, "ports_per_network": 5, "port_update_args": {"admin_state_up": false, "device_id": "dummy_id", "device_owner": "dummy_owner", "name": "_port_updated"}} times: 40 method_name: run timeout: 0 duration: None cls:
2019-06-14 02:47:09.600 26003 INFO rally.task.runner [-] Task 0f31d698-2db3-42d3-82fc-10e0f35374b3 | ITER: 2 START
2019-06-14 02:47:09.602 26002 WARNING rally_openstack.scenarios.neutron.utils [-] Running this scenario without either the 'network' or 'existing_network' context is deprecated
2019-06-14 02:47:09.603 26004 INFO rally.task.runner [-] Task 0f31d698-2db3-42d3-82fc-10e0f35374b3 | ITER: 4 START
2019-06-14 02:47:09.603 26011 RALLYDEBUG rally.task.runner [-] Starting a worker. concurrency: 1 args: {"network_create_args": {}, "port_create_args": {}, "ports_per_network": 5, "port_update_args": {"admin_state_up": false, "device_id": "dummy_id", "device_owner": "dummy_owner", "name": "_port_updated"}} times: 40 method_name: run timeout: 0 duration: None cls:
2019-06-14 02:47:09.603 26003 WARNING rally_openstack.scenarios.neutron.utils [-] Running this scenario without either the 'network' or 'existing_network' context is deprecated
2019-06-14 02:47:09.603 26002 INFO rally.task.runner [-] Task 0f31d698-2db3-42d3-82fc-10e0f35374b3 | ITER: 3 START
2019-06-14 02:47:09.606 26004 WARNING rally_openstack.scenarios.neutron.utils [-] Running this scenario without either the 'network' or 'existing_network' context is deprecated
2019-06-14 02:47:09.606 26005 INFO rally.task.runner [-] Task 0f31d698-2db3-42d3-82fc-10e0f35374b3 | ITER: 6 START
2019-06-14 02:47:09.606 26016 RALLYDEBUG rally.task.runner [-] Starting a worker. concurrency: 1 args: {"network_create_args": {}, "port_create_args": {}, "ports_per_network": 5, "port_update_args": {"admin_state_up": false, "device_id": "dummy_id", "device_owner": "dummy_owner", "name": "_port_updated"}} times: 40 method_name: run timeout: 0 duration: None cls:
2019-06-14 02:47:09.607 26006 INFO rally.task.runner [-] Task 0f31d698-2db3-42d3-82fc-10e0f35374b3 | ITER: 8 START
2019-06-14 02:47:09.606 26002 WARNING rally_openstack.scenarios.neutron.utils [-] Running this scenario without either the 'network' or 'existing_network' context is deprecated
2019-06-14 02:47:09.609 26006 WARNING rally_openstack.scenarios.neutron.utils [-] Running this scenario without either the 'network' or 'existing_network' context is deprecated
2019-06-14 02:47:09.609 26005 WARNING rally_openstack.scenarios.neutron.utils [-] Running this scenario without either the 'network' or 'existing_network' context is deprecated
2019-06-14 02:47:09.606 26003 INFO rally.task.runner [-] Task 0f31d698-2db3-42d3-82fc-10e0f35374b3 | ITER: 5 START
2019-06-14 02:47:09.610 26011 INFO rally.task.runner [-] Task 0f31d698-2db3-42d3-82fc-10e0f35374b3 | ITER: 10 START
2019-06-14 02:47:09.612 26011 WARNING rally_openstack.scenarios.neutron.utils [-] Running this scenario without either the 'network' or 'existing_network' context is deprecated
2019-06-14 02:47:09.613 26019 RALLYDEBUG rally.task.runner [-] Starting a worker. concurrency: 1 args: {"network_create_args": {}, "port_create_args": {}, "ports_per_network": 5, "port_update_args": {"admin_state_up": false, "device_id": "dummy_id", "device_owner": "dummy_owner", "name": "_port_updated"}} times: 40 method_name: run timeout: 0 duration: None cls:
2019-06-14 02:47:09.615 26003 WARNING rally_openstack.scenarios.neutron.utils [-] Running this scenario without either the 'network' or 'existing_network' context is deprecated
2019-06-14 02:47:09.615 26016 INFO rally.task.runner [-] Task 0f31d698-2db3-42d3-82fc-10e0f35374b3 | ITER: 11 START
2019-06-14 02:47:09.615 26005 INFO rally.task.runner [-] Task 0f31d698-2db3-42d3-82fc-10e0f35374b3 | ITER: 9 START
2019-06-14 02:47:09.617 26016 WARNING rally_openstack.scenarios.neutron.utils [-] Running this scenario without either the 'network' or 'existing_network' context is deprecated
2019-06-14 02:47:09.620 26019 INFO rally.task.runner [-] Task 0f31d698-2db3-42d3-82fc-10e0f35374b3 | ITER: 12 START
2019-06-14 02:47:09.619 26025 RALLYDEBUG rally.task.runner [-] Starting a worker. concurrency: 1 args: {"network_create_args": {}, "port_create_args": {}, "ports_per_network": 5, "port_update_args": {"admin_state_up": false, "device_id": "dummy_id", "device_owner": "dummy_owner", "name": "_port_updated"}} times: 40 method_name: run timeout: 0 duration: None cls:
2019-06-14 02:47:09.620 26004 INFO rally.task.runner [-] Task 0f31d698-2db3-42d3-82fc-10e0f35374b3 | ITER: 7 START
2019-06-14 02:47:09.621 26004 WARNING rally_openstack.scenarios.neutron.utils [-] Running this scenario without either the 'network' or 'existing_network' context is deprecated
2019-06-14 02:47:09.621 26019 WARNING rally_openstack.scenarios.neutron.utils [-] Running this scenario without either the 'network' or 'existing_network' context is deprecated
2019-06-14 02:47:09.624 26005 WARNING rally_openstack.scenarios.neutron.utils [-] Running this scenario without either the 'network' or 'existing_network' context is deprecated
2019-06-14 02:47:09.625 26031 RALLYDEBUG rally.task.runner [-] Starting a worker. concurrency: 1 args: {"network_create_args": {}, "port_create_args": {}, "ports_per_network": 5, "port_update_args": {"admin_state_up": false, "device_id": "dummy_id", "device_owner": "dummy_owner", "name": "_port_updated"}} times: 40 method_name: run timeout: 0 duration: None cls:
2019-06-14 02:47:09.627 26025 INFO rally.task.runner [-] Task 0f31d698-2db3-42d3-82fc-10e0f35374b3 | ITER: 13 START
2019-06-14 02:47:09.629 26025 WARNING rally_openstack.scenarios.neutron.utils [-] Running this scenario without either the 'network' or 'existing_network' context is deprecated
2019-06-14 02:47:09.630 26032 RALLYDEBUG rally.task.runner [-] Starting a worker. concurrency: 1 args: {"network_create_args": {}, "port_create_args": {}, "ports_per_network": 5, "port_update_args": {"admin_state_up": false, "device_id": "dummy_id", "device_owner": "dummy_owner", "name": "_port_updated"}} times: 40 method_name: run timeout: 0 duration: None cls:
2019-06-14 02:47:09.632 26031 INFO rally.task.runner [-] Task 0f31d698-2db3-42d3-82fc-10e0f35374b3 | ITER: 14 START
2019-06-14 02:47:09.634 26031 WARNING rally_openstack.scenarios.neutron.utils [-] Running this scenario without either the 'network' or 'existing_network' context is deprecated
2019-06-14 02:47:09.638 26032 INFO rally.task.runner [-] Task 0f31d698-2db3-42d3-82fc-10e0f35374b3 | ITER: 15 START
2019-06-14 02:47:09.641 26032 WARNING rally_openstack.scenarios.neutron.utils [-] Running this scenario without either the 'network' or 'existing_network' context is deprecated
2019-06-14 02:47:09.641 26037 RALLYDEBUG rally.task.runner [-] Starting a worker. concurrency: 1 args: {"network_create_args": {}, "port_create_args": {}, "ports_per_network": 5, "port_update_args": {"admin_state_up": false, "device_id": "dummy_id", "device_owner": "dummy_owner", "name": "_port_updated"}} times: 40 method_name: run timeout: 0 duration: None cls:
2019-06-14 02:47:09.650 26037 INFO rally.task.runner [-] Task 0f31d698-2db3-42d3-82fc-10e0f35374b3 | ITER: 16 START
2019-06-14 02:47:09.650 26040 RALLYDEBUG rally.task.runner [-] Starting a worker. concurrency: 1 args: {"network_create_args": {}, "port_create_args": {}, "ports_per_network": 5, "port_update_args": {"admin_state_up": false, "device_id": "dummy_id", "device_owner": "dummy_owner", "name": "_port_updated"}} times: 40 method_name: run timeout: 0 duration: None cls:
2019-06-14 02:47:09.652 26037 WARNING rally_openstack.scenarios.neutron.utils [-] Running this scenario without either the 'network' or 'existing_network' context is deprecated
2019-06-14 02:47:09.656 26040 INFO rally.task.runner [-] Task 0f31d698-2db3-42d3-82fc-10e0f35374b3 | ITER: 17 START
2019-06-14 02:47:09.657 26043 RALLYDEBUG rally.task.runner [-] Starting a worker. concurrency: 1 args: {"network_create_args": {}, "port_create_args": {}, "ports_per_network": 5, "port_update_args": {"admin_state_up": false, "device_id": "dummy_id", "device_owner": "dummy_owner", "name": "_port_updated"}} times: 40 method_name: run timeout: 0 duration: None cls:
2019-06-14 02:47:09.659 26040 WARNING rally_openstack.scenarios.neutron.utils [-] Running this scenario without either the 'network' or 'existing_network' context is deprecated
2019-06-14 02:47:09.662 26046 RALLYDEBUG rally.task.runner [-] Starting a worker. concurrency: 1 args: {"network_create_args": {}, "port_create_args": {}, "ports_per_network": 5, "port_update_args": {"admin_state_up": false, "device_id": "dummy_id", "device_owner": "dummy_owner", "name": "_port_updated"}} times: 40 method_name: run timeout: 0 duration: None cls:
2019-06-14 02:47:09.664 26043 INFO rally.task.runner [-] Task 0f31d698-2db3-42d3-82fc-10e0f35374b3 | ITER: 18 START
2019-06-14 02:47:09.665 26043 WARNING rally_openstack.scenarios.neutron.utils [-] Running this scenario without either the 'network' or 'existing_network' context is deprecated
2019-06-14 02:47:09.667 26047 RALLYDEBUG rally.task.runner [-] Starting a worker. concurrency: 1 args: {"network_create_args": {}, "port_create_args": {}, "ports_per_network": 5, "port_update_args": {"admin_state_up": false, "device_id": "dummy_id", "device_owner": "dummy_owner", "name": "_port_updated"}} times: 40 method_name: run timeout: 0 duration: None cls:
2019-06-14 02:47:09.668 26046 INFO rally.task.runner [-] Task 0f31d698-2db3-42d3-82fc-10e0f35374b3 | ITER: 19 START
2019-06-14 02:47:09.670 26046 WARNING rally_openstack.scenarios.neutron.utils [-] Running this scenario without either the 'network' or 'existing_network' context is deprecated
2019-06-14 02:47:09.672 26047 INFO rally.task.runner [-] Task 0f31d698-2db3-42d3-82fc-10e0f35374b3 | ITER: 20 START
2019-06-14 02:47:09.673 26047 WARNING rally_openstack.scenarios.neutron.utils [-] Running this scenario without either the 'network' or 'existing_network' context is deprecated
2019-06-14 02:47:17.694 26002 INFO rally.task.runner [-] Task 0f31d698-2db3-42d3-82fc-10e0f35374b3 | ITER: 1 END: OK
2019-06-14 02:47:17.699 26002 INFO rally.task.runner [-] Task 0f31d698-2db3-42d3-82fc-10e0f35374b3 | ITER: 21 START
2019-06-14 02:47:17.700 26002 WARNING rally_openstack.scenarios.neutron.utils [-] Running this scenario without either the 'network' or 'existing_network' context is deprecated
2019-06-14 02:47:17.920 26046 INFO rally.task.runner [-] Task 0f31d698-2db3-42d3-82fc-10e0f35374b3 | ITER: 19 END: OK
2019-06-14 02:47:17.925 26046 INFO rally.task.runner [-] Task 0f31d698-2db3-42d3-82fc-10e0f35374b3 | ITER: 22 START
2019-06-14 02:47:17.926 26046 WARNING rally_openstack.scenarios.neutron.utils [-] Running this scenario without either the 'network' or 'existing_network' context is deprecated
2019-06-14 02:47:18.385 26004 INFO rally.task.runner [-] Task 0f31d698-2db3-42d3-82fc-10e0f35374b3 | ITER: 4 END: OK
2019-06-14 02:47:18.391 26004 INFO rally.task.runner [-] Task 0f31d698-2db3-42d3-82fc-10e0f35374b3 | ITER: 23 START
2019-06-14 02:47:18.391 26004 WARNING rally_openstack.scenarios.neutron.utils [-] Running this scenario without either the 'network' or 'existing_network' context is deprecated
2019-06-14 02:47:18.507 26037 INFO rally.task.runner [-] Task 0f31d698-2db3-42d3-82fc-10e0f35374b3 | ITER: 16 END: OK
2019-06-14 02:47:18.512 26037 INFO rally.task.runner [-] Task 0f31d698-2db3-42d3-82fc-10e0f35374b3 | ITER: 24 START
2019-06-14 02:47:18.513 26037 WARNING rally_openstack.scenarios.neutron.utils [-] Running this scenario without either the 'network' or 'existing_network' context is deprecated
2019-06-14 02:47:19.112 26003 INFO rally.task.runner [-] Task 0f31d698-2db3-42d3-82fc-10e0f35374b3 | ITER: 5 END: OK
2019-06-14 02:47:19.116 26003 INFO rally.task.runner [-] Task 0f31d698-2db3-42d3-82fc-10e0f35374b3 | ITER: 25 START
2019-06-14 02:47:19.117 26003 WARNING rally_openstack.scenarios.neutron.utils [-] Running this scenario without either the 'network' or 'existing_network' context is deprecated
2019-06-14 02:47:19.149 26005 INFO rally.task.runner [-] Task 0f31d698-2db3-42d3-82fc-10e0f35374b3 | ITER: 6 END: OK
2019-06-14 02:47:19.153 26005 INFO rally.task.runner [-] Task 0f31d698-2db3-42d3-82fc-10e0f35374b3 | ITER: 26 START
2019-06-14 02:47:19.154 26005 WARNING rally_openstack.scenarios.neutron.utils [-] Running this scenario without either the 'network' or 'existing_network' context is deprecated
2019-06-14 02:47:19.627 26043 INFO rally.task.runner [-] Task 0f31d698-2db3-42d3-82fc-10e0f35374b3 | ITER: 18 END: OK
2019-06-14 02:47:19.633 26043 INFO rally.task.runner [-] Task 0f31d698-2db3-42d3-82fc-10e0f35374b3 | ITER: 27 START
2019-06-14 02:47:19.633 26002 INFO rally.task.runner [-] Task 0f31d698-2db3-42d3-82fc-10e0f35374b3 | ITER: 3 END: OK
2019-06-14 02:47:19.633 26043 WARNING rally_openstack.scenarios.neutron.utils [-] Running this scenario without either the 'network' or 'existing_network' context is deprecated
2019-06-14 02:47:19.638 26002 INFO rally.task.runner [-] Task 0f31d698-2db3-42d3-82fc-10e0f35374b3 | ITER: 28 START
2019-06-14 02:47:19.638 26002 WARNING rally_openstack.scenarios.neutron.utils [-] Running this scenario without either the 'network' or 'existing_network' context is deprecated
2019-06-14 02:47:19.758 26011 INFO rally.task.runner [-] Task 0f31d698-2db3-42d3-82fc-10e0f35374b3 | ITER: 10 END: OK
2019-06-14 02:47:19.763 26011 INFO rally.task.runner [-] Task 0f31d698-2db3-42d3-82fc-10e0f35374b3 | ITER: 29 START
2019-06-14 02:47:19.764 26011 WARNING rally_openstack.scenarios.neutron.utils [-] Running this scenario without either the 'network' or 'existing_network' context is deprecated
2019-06-14 02:47:20.006 26019 INFO rally.task.runner [-] Task 0f31d698-2db3-42d3-82fc-10e0f35374b3 | ITER: 12 END: OK
2019-06-14 02:47:20.011 26019 INFO rally.task.runner [-] Task 0f31d698-2db3-42d3-82fc-10e0f35374b3 | ITER: 30 START
2019-06-14 02:47:20.011 26019 WARNING rally_openstack.scenarios.neutron.utils [-] Running this scenario without either the 'network' or 'existing_network' context is deprecated
2019-06-14 02:47:20.015 26032 INFO rally.task.runner [-] Task 0f31d698-2db3-42d3-82fc-10e0f35374b3 | ITER: 15 END: OK
2019-06-14 02:47:20.019 26032 INFO rally.task.runner [-] Task 0f31d698-2db3-42d3-82fc-10e0f35374b3 | ITER: 31 START
2019-06-14 02:47:20.020 26032 WARNING rally_openstack.scenarios.neutron.utils [-] Running this scenario without either the 'network' or 'existing_network' context is deprecated
2019-06-14 02:47:20.109 26005 INFO rally.task.runner [-] Task 0f31d698-2db3-42d3-82fc-10e0f35374b3 | ITER: 9 END: OK
2019-06-14 02:47:20.114 26005 INFO rally.task.runner [-] Task 0f31d698-2db3-42d3-82fc-10e0f35374b3 | ITER: 32 START
2019-06-14 02:47:20.115 26005 WARNING rally_openstack.scenarios.neutron.utils [-] Running this scenario without either the 'network' or 'existing_network' context is deprecated
2019-06-14 02:47:20.231 26006 INFO rally.task.runner [-] Task 0f31d698-2db3-42d3-82fc-10e0f35374b3 | ITER: 8 END: OK
2019-06-14 02:47:20.236 26006 INFO rally.task.runner [-] Task 0f31d698-2db3-42d3-82fc-10e0f35374b3 | ITER: 33 START
2019-06-14 02:47:20.237 26006 WARNING rally_openstack.scenarios.neutron.utils [-] Running this scenario without either the 'network' or 'existing_network' context is deprecated
2019-06-14 02:47:20.402 26031 INFO rally.task.runner [-] Task 0f31d698-2db3-42d3-82fc-10e0f35374b3 | ITER: 14 END: OK
2019-06-14 02:47:20.407 26031 INFO rally.task.runner [-] Task 0f31d698-2db3-42d3-82fc-10e0f35374b3 | ITER: 34 START
2019-06-14 02:47:20.407 26031 WARNING rally_openstack.scenarios.neutron.utils [-] Running this scenario without either the 'network' or 'existing_network' context is deprecated
2019-06-14 02:47:21.093 26047 INFO rally.task.runner [-] Task 0f31d698-2db3-42d3-82fc-10e0f35374b3 | ITER: 20 END: OK
2019-06-14 02:47:21.097 26047 INFO rally.task.runner [-] Task 0f31d698-2db3-42d3-82fc-10e0f35374b3 | ITER: 35 START
2019-06-14 02:47:21.098 26047 WARNING rally_openstack.scenarios.neutron.utils [-] Running this scenario without either the 'network' or 'existing_network' context is deprecated
2019-06-14 02:47:21.880 26004 INFO rally.task.runner [-] Task 0f31d698-2db3-42d3-82fc-10e0f35374b3 | ITER: 7 END: OK
2019-06-14 02:47:21.883 26025 INFO rally.task.runner [-] Task 0f31d698-2db3-42d3-82fc-10e0f35374b3 | ITER: 13 END: OK
2019-06-14 02:47:21.885 26004 INFO rally.task.runner [-] Task 0f31d698-2db3-42d3-82fc-10e0f35374b3 | ITER: 36 START
2019-06-14 02:47:21.885 26004 WARNING rally_openstack.scenarios.neutron.utils [-] Running this scenario without either the 'network' or 'existing_network' context is deprecated
2019-06-14 02:47:21.887 26025 INFO rally.task.runner [-] Task 0f31d698-2db3-42d3-82fc-10e0f35374b3 | ITER: 37 START
2019-06-14 02:47:21.888 26025 WARNING rally_openstack.scenarios.neutron.utils [-] Running this scenario without either the 'network' or 'existing_network' context is deprecated
2019-06-14 02:47:21.892 26040 INFO rally.task.runner [-] Task 0f31d698-2db3-42d3-82fc-10e0f35374b3 | ITER: 17 END: OK
2019-06-14 02:47:21.897 26040 INFO rally.task.runner [-] Task 0f31d698-2db3-42d3-82fc-10e0f35374b3 | ITER: 38 START
2019-06-14 02:47:21.898 26040 WARNING rally_openstack.scenarios.neutron.utils [-] Running this scenario without either the 'network' or 'existing_network' context is deprecated
2019-06-14 02:47:22.050 26003 INFO rally.task.runner [-] Task 0f31d698-2db3-42d3-82fc-10e0f35374b3 | ITER: 2 END: OK
2019-06-14 02:47:22.055 26003 INFO rally.task.runner [-] Task 0f31d698-2db3-42d3-82fc-10e0f35374b3 | ITER: 39 START
2019-06-14 02:47:22.055 26003 WARNING rally_openstack.scenarios.neutron.utils [-] Running this scenario without either the 'network' or 'existing_network' context is deprecated
2019-06-14 02:47:23.115 26016 INFO rally.task.runner [-] Task 0f31d698-2db3-42d3-82fc-10e0f35374b3 | ITER: 11 END: OK
2019-06-14 02:47:23.118 26016 INFO rally.task.runner [-] Task 0f31d698-2db3-42d3-82fc-10e0f35374b3 | ITER: 40 START
2019-06-14 02:47:23.119 26016 WARNING rally_openstack.scenarios.neutron.utils [-] Running this scenario without either the 'network' or 'existing_network' context is deprecated
2019-06-14 02:47:26.669 26037 INFO rally.task.runner [-] Task 0f31d698-2db3-42d3-82fc-10e0f35374b3 | ITER: 24 END: OK
2019-06-14 02:47:26.747 26046 INFO rally.task.runner [-] Task 0f31d698-2db3-42d3-82fc-10e0f35374b3 | ITER: 22 END: OK
2019-06-14 02:47:26.816 26002 INFO rally.task.runner [-] Task 0f31d698-2db3-42d3-82fc-10e0f35374b3 | ITER: 21 END: OK
2019-06-14 02:47:27.543 26019 INFO rally.task.runner [-] Task 0f31d698-2db3-42d3-82fc-10e0f35374b3 | ITER: 30 END: OK
2019-06-14 02:47:28.012 26004 INFO rally.task.runner [-] Task 0f31d698-2db3-42d3-82fc-10e0f35374b3 | ITER: 23 END: OK
2019-06-14 02:47:28.536 26003 INFO rally.task.runner [-] Task 0f31d698-2db3-42d3-82fc-10e0f35374b3 | ITER: 25 END: OK
2019-06-14 02:47:28.623 26006 INFO rally.task.runner [-] Task 0f31d698-2db3-42d3-82fc-10e0f35374b3 | ITER: 33 END: OK
2019-06-14 02:47:29.016 26031 INFO rally.task.runner [-] Task 0f31d698-2db3-42d3-82fc-10e0f35374b3 | ITER: 34 END: OK
2019-06-14 02:47:29.062 26005 INFO rally.task.runner [-] Task 0f31d698-2db3-42d3-82fc-10e0f35374b3 | ITER: 26 END: OK
2019-06-14 02:47:29.156 26043 INFO rally.task.runner [-] Task 0f31d698-2db3-42d3-82fc-10e0f35374b3 | ITER: 27 END: OK
2019-06-14 02:47:29.673 26004 INFO rally.task.runner [-] Task 0f31d698-2db3-42d3-82fc-10e0f35374b3 | ITER: 36 END: OK
2019-06-14 02:47:29.943 26003 INFO rally.task.runner [-] Task 0f31d698-2db3-42d3-82fc-10e0f35374b3 | ITER: 39 END: OK
2019-06-14 02:47:30.151 26047 INFO rally.task.runner [-] Task 0f31d698-2db3-42d3-82fc-10e0f35374b3 | ITER: 35 END: OK
2019-06-14 02:47:30.245 26002 INFO rally.task.runner [-] Task 0f31d698-2db3-42d3-82fc-10e0f35374b3 | ITER: 28 END: OK
2019-06-14 02:47:30.340 26005 INFO rally.task.runner [-] Task 0f31d698-2db3-42d3-82fc-10e0f35374b3 | ITER: 32 END: OK
2019-06-14 02:47:30.398 26011 INFO rally.task.runner [-] Task 0f31d698-2db3-42d3-82fc-10e0f35374b3 | ITER: 29 END: OK
2019-06-14 02:47:30.499 26032 INFO rally.task.runner [-] Task 0f31d698-2db3-42d3-82fc-10e0f35374b3 | ITER: 31 END: OK
2019-06-14 02:47:30.688 26040 INFO rally.task.runner [-] Task 0f31d698-2db3-42d3-82fc-10e0f35374b3 | ITER: 38 END: OK
2019-06-14 02:47:31.435 26016 INFO rally.task.runner [-] Task 0f31d698-2db3-42d3-82fc-10e0f35374b3 | ITER: 40 END: OK
2019-06-14 02:47:31.456 26025 INFO rally.task.runner [-] Task 0f31d698-2db3-42d3-82fc-10e0f35374b3 | ITER: 37 END: OK
2019-06-14 02:47:31.484 22126 INFO rally.task.context [-] Task 0f31d698-2db3-42d3-82fc-10e0f35374b3 | Context cleanup@openstack cleanup() started
2019-06-14 02:47:31.486 22126 RALLYDEBUG rally_openstack.cleanup.manager [-] Cleaning up neutron vip objects
2019-06-14 02:47:31.891 22126 RALLYDEBUG rally_openstack.cleanup.manager [-] Cleaning up neutron health_monitor objects
2019-06-14 02:47:32.289 22126 RALLYDEBUG rally_openstack.cleanup.manager [-] Cleaning up neutron pool objects
2019-06-14 02:47:32.686 22126 RALLYDEBUG rally_openstack.cleanup.manager [-] Cleaning up neutron loadbalancer objects
2019-06-14 02:47:33.090 22126 RALLYDEBUG rally_openstack.cleanup.manager [-] Cleaning up neutron floatingip objects
2019-06-14 02:47:33.519 22126 RALLYDEBUG rally_openstack.cleanup.manager [-] Cleaning up neutron port objects
2019-06-14 02:47:34.620 22126 RALLYDEBUG rally_openstack.cleanup.manager [-] Deleting neutron.port object s_rally_c6189bb9_Fl90X5R1 (061c6024-f4ec-431d-83c1-816544aeb46e)
2019-06-14 02:47:34.622 22126 RALLYDEBUG rally_openstack.cleanup.manager [-] Deleting neutron.port object s_rally_c6189bb9_jvE32zMH (0f925e0a-31cd-40a7-82c8-f445899f8460)
2019-06-14 02:47:34.623 22126 RALLYDEBUG rally_openstack.cleanup.manager [-] Deleting neutron.port object s_rally_c6189bb9_0MChsZLs (04f6701e-a26c-4c6b-a50d-36ef8826635f)
2019-06-14 02:47:34.627 22126 RALLYDEBUG rally_openstack.cleanup.manager [-] Deleting neutron.port object s_rally_c6189bb9_Dsmue3yK (09219e09-bfaf-4afe-ac91-e94a86e3ea49)
2019-06-14 02:47:34.632 22126 RALLYDEBUG rally_openstack.cleanup.manager [-] Deleting neutron.port object s_rally_c6189bb9_Wd6h85CQ (022d2370-2b45-47f6-a3ba-80d6b6acee91)
2019-06-14 02:47:34.640 22126 RALLYDEBUG rally_openstack.cleanup.manager [-] Deleting neutron.port object s_rally_c6189bb9_RoJuaxYW (02a43d77-8150-479a-9230-8a36c5362f27)
2019-06-14 02:47:34.653 22126 RALLYDEBUG rally_openstack.cleanup.manager [-] Deleting neutron.port object s_rally_c6189bb9_8iLPK2u5 (0479f63d-a678-45d0-984b-f6d490943300)
2019-06-14 02:47:34.656 22126 RALLYDEBUG rally_openstack.cleanup.manager [-] Deleting neutron.port object s_rally_c6189bb9_TMFoGFge (0f321bc6-7649-4e7b-9a34-a46cba12615f)
2019-06-14 02:47:34.656 22126 RALLYDEBUG rally_openstack.cleanup.manager [-] Deleting neutron.port object s_rally_c6189bb9_2JZbZIo4 (0f9e81e2-2cb2-4b84-8609-c53c4aecbf53)
2019-06-14 02:47:34.659 22126 RALLYDEBUG rally_openstack.cleanup.manager [-] Deleting neutron.port object s_rally_c6189bb9_tfygStZy (01a1d15e-feb5-49bc-a30b-b191f51be0ab)
2019-06-14 02:47:34.666 22126 RALLYDEBUG rally_openstack.cleanup.manager [-] Deleting neutron.port object s_rally_c6189bb9_ClL7Nl8K (100fdba9-ac6a-43f6-ab59-03893524e290)
2019-06-14 02:47:34.672 22126 RALLYDEBUG rally_openstack.cleanup.manager [-] Deleting neutron.port object s_rally_c6189bb9_Zom8UchF (0ba09323-bc4e-4fd4-b0dd-cd02b051997b)
2019-06-14 02:47:34.674 22126 RALLYDEBUG rally_openstack.cleanup.manager [-] Deleting neutron.port object s_rally_c6189bb9_LRHMtkfK (10c44dce-03b1-46f3-a0f6-3db9232bd4e8)
2019-06-14 02:47:34.676 22126 RALLYDEBUG rally_openstack.cleanup.manager [-] Deleting neutron.port object s_rally_c6189bb9_T1VEn9l4 (0b556064-dee6-4bed-8beb-28ab46f04da2)
2019-06-14 02:47:34.690 22126 RALLYDEBUG rally_openstack.cleanup.manager [-] Deleting neutron.port object s_rally_c6189bb9_4aEeWwFd (0cb6654d-e33a-4f5c-ab5c-0a574e98b072)
2019-06-14 02:47:34.692 22126 RALLYDEBUG rally_openstack.cleanup.manager [-] Deleting neutron.port object s_rally_c6189bb9_kLNEaSsO (0490673c-51c2-4741-a4c5-603df75a1550)
2019-06-14 02:47:34.696 22126 RALLYDEBUG rally_openstack.cleanup.manager [-] Deleting neutron.port object s_rally_c6189bb9_PKqxcOja (033090d7-97ad-4cdb-ab24-91b50189be0d)
2019-06-14 02:47:34.715 22126 RALLYDEBUG rally_openstack.cleanup.manager [-] Deleting neutron.port object s_rally_c6189bb9_yR2n4mct (11bf4904-18da-413a-b4b0-bcf31d619f2b)
2019-06-14 02:47:34.720 22126 RALLYDEBUG rally_openstack.cleanup.manager [-] Deleting neutron.port object s_rally_c6189bb9_Dr9wRpk6 (0816815b-e599-4631-af28-554f524bde79)
2019-06-14 02:47:34.722 22126 RALLYDEBUG rally_openstack.cleanup.manager [-] Deleting neutron.port object s_rally_c6189bb9_lMK12bQY (051b3938-7273-423c-9240-e2ecb244d8b8)
2019-06-14 02:47:36.927 22126 RALLYDEBUG rally_openstack.cleanup.manager [-] Deleting neutron.port object s_rally_c6189bb9_5mD80ZYV (131aabcf-9d51-4360-a063-3fce0803adf4)
2019-06-14 02:47:36.949 22126 RALLYDEBUG rally_openstack.cleanup.manager [-] Deleting neutron.port object s_rally_c6189bb9_IV5OH35L (136d4baf-12ef-44b8-b4fe-26cdd3555520)
2019-06-14 02:47:36.986 22126 RALLYDEBUG rally_openstack.cleanup.manager [-] Deleting neutron.port object s_rally_c6189bb9_FvgjHQw7 (13d379f1-a377-4311-a8e7-8737b8536ddd)
2019-06-14 02:47:37.040 22126 RALLYDEBUG rally_openstack.cleanup.manager [-] Deleting neutron.port object s_rally_c6189bb9_wG5vqyaa (15d48dd6-d615-4f69-b701-01c2211672d6)
2019-06-14 02:47:37.063 22126 RALLYDEBUG rally_openstack.cleanup.manager [-] Deleting neutron.port object s_rally_c6189bb9_P0KYDIqu (17313ac9-8744-4aad-b8fa-cea25fecb87f)
2019-06-14 02:47:37.100 22126 RALLYDEBUG rally_openstack.cleanup.manager [-] Deleting neutron.port object s_rally_c6189bb9_oA2TKej2 (1a1a6040-3005-430f-9790-e0858f39b59d)
2019-06-14 02:47:37.120 22126 RALLYDEBUG rally_openstack.cleanup.manager [-] Deleting neutron.port object s_rally_c6189bb9_QiEPZoNZ (1cb8a255-bdad-41da-a3c8-35995e3cf711)
2019-06-14 02:47:37.137 22126 RALLYDEBUG rally_openstack.cleanup.manager [-] Deleting neutron.port object s_rally_c6189bb9_bczaeYVb (1d3365b7-5938-41df-b328-d0fd6843fec0)
2019-06-14 02:47:37.477 22126 RALLYDEBUG rally_openstack.cleanup.manager [-] Deleting neutron.port object s_rally_c6189bb9_QUPSpWxP (1ecff39e-ad8a-4003-be9f-4d28cd50ba8b)
2019-06-14 02:47:37.485 22126 RALLYDEBUG rally_openstack.cleanup.manager [-] Deleting neutron.port object s_rally_c6189bb9_S09nhRpI (1f8943d4-a3ee-4b70-b3b1-b337ada12c1a)
2019-06-14 02:47:37.685 22126 RALLYDEBUG rally_openstack.cleanup.manager [-] Deleting neutron.port object s_rally_c6189bb9_kg2ksIDL (1f9b52ed-219c-4d81-aa3e-0dd3ed63b589)
2019-06-14 02:47:37.785 22126 RALLYDEBUG rally_openstack.cleanup.manager [-] Deleting neutron.port object s_rally_c6189bb9_6ZoTRdcv (230f189e-c4e0-4c19-8b04-4d15472d640c)
2019-06-14 02:47:37.798 22126 RALLYDEBUG rally_openstack.cleanup.manager [-] Deleting neutron.port object s_rally_c6189bb9_BoaZ5Np8 (23a0aa1a-b319-4329-a0ab-6b1838a27e97)
2019-06-14 02:47:37.800 22126 RALLYDEBUG rally_openstack.cleanup.manager [-] Deleting neutron.port object s_rally_c6189bb9_a3K0CtLH (249bf3d4-a8b2-42d9-83f8-64a3b8b2a50e)
2019-06-14 02:47:38.235 22126 RALLYDEBUG rally_openstack.cleanup.manager [-] Deleting neutron.port object s_rally_c6189bb9_skzyutj8 (27987840-f47d-461e-a045-8870a085e031)
2019-06-14 02:47:38.258 22126 RALLYDEBUG rally_openstack.cleanup.manager [-] Deleting neutron.port object s_rally_c6189bb9_lkmEFLSX (27fa5c86-aa2a-4ea4-a6bb-3944d6442425)
2019-06-14 02:47:38.303 22126 RALLYDEBUG rally_openstack.cleanup.manager [-] Deleting neutron.port object s_rally_c6189bb9_YCkXNjzm (2913f08d-48bb-4934-92b7-790881f0e7c6)
2019-06-14 02:47:38.443 22126 RALLYDEBUG rally_openstack.cleanup.manager [-] Deleting neutron.port object s_rally_c6189bb9_vHSotYZu (2a22ecd5-cbf5-4a4a-b4da-449ae9865974)
2019-06-14 02:47:38.446 22126 RALLYDEBUG rally_openstack.cleanup.manager [-] Deleting neutron.port object s_rally_c6189bb9_P2YYocZ3 (2c702812-a059-434a-8557-608fa2518e6a)
2019-06-14 02:47:38.463 22126 RALLYDEBUG rally_openstack.cleanup.manager [-] Deleting neutron.port object s_rally_c6189bb9_ITsS4Khh (2c9e763e-667c-4834-8524-dfbdb5ba5a43)
2019-06-14 02:47:38.734 22126 RALLYDEBUG rally_openstack.cleanup.manager [-] Deleting neutron.port object s_rally_c6189bb9_YefdSoW7 (2cdcd76d-faa4-4e2b-bfb9-5c773087e45c)
2019-06-14 02:47:38.768 22126 RALLYDEBUG rally_openstack.cleanup.manager [-] Deleting neutron.port object s_rally_c6189bb9_nDgTdFwW (2db90774-7daf-4b92-a040-90d62c55f97e)
2019-06-14 02:47:38.885 22126 RALLYDEBUG rally_openstack.cleanup.manager [-] Deleting neutron.port object s_rally_c6189bb9_JQ93G4S8 (2ddc76fa-58a4-4efe-9507-1c0e862fa482)
2019-06-14 02:47:38.892 22126 RALLYDEBUG rally_openstack.cleanup.manager [-] Deleting neutron.port object s_rally_c6189bb9_RAU2pwty (2f6a8735-9337-4003-956c-d9e7b4901bb0)
2019-06-14 02:47:38.919 22126 RALLYDEBUG rally_openstack.cleanup.manager [-] Deleting neutron.port object s_rally_c6189bb9_jRdq5bk3 (2fe997d1-b7f3-4572-9c23-c18f6fbe7a66)
2019-06-14 02:47:39.042 22126 RALLYDEBUG rally_openstack.cleanup.manager [-] Deleting neutron.port object s_rally_c6189bb9_sK6tYHiB (3065235d-ced9-49dc-93db-78ec5feb355e)
2019-06-14 02:47:39.266 22126 RALLYDEBUG rally_openstack.cleanup.manager [-] Deleting neutron.port object s_rally_c6189bb9_Y0NKr84P (31320dae-2434-49e0-9419-6181e9655c4f)
2019-06-14 02:47:39.281 22126 RALLYDEBUG rally_openstack.cleanup.manager [-] Deleting neutron.port object s_rally_c6189bb9_U9DQrkLD (3189400c-4376-4bc0-a7b3-3a9f77e0a10e)
2019-06-14 02:47:39.376 22126 RALLYDEBUG rally_openstack.cleanup.manager [-] Deleting neutron.port object s_rally_c6189bb9_d4UKcX2A (35ea2795-be24-434e-bfcb-01e616633807)
2019-06-14 02:47:39.401 22126 RALLYDEBUG rally_openstack.cleanup.manager [-] Deleting neutron.port object s_rally_c6189bb9_NE0hjV2Z (3a1f8546-662f-434b-b1d1-88455af3b8a4)
2019-06-14 02:47:39.497 22126 RALLYDEBUG rally_openstack.cleanup.manager [-] Deleting neutron.port object s_rally_c6189bb9_7OZcf1ZW (3a653226-9602-48c9-88e4-2330f2edbadb)
2019-06-14 02:47:39.626 22126 RALLYDEBUG rally_openstack.cleanup.manager [-] Deleting neutron.port object s_rally_c6189bb9_m5ylOpyX (3b647c55-9f58-4df6-b2b9-3fb3e7cd2ef6)
2019-06-14 02:47:39.921 22126 RALLYDEBUG rally_openstack.cleanup.manager [-] Deleting neutron.port object s_rally_c6189bb9_3s9MnGGT (3d05f45c-afab-4a38-9956-284a5413c617)
2019-06-14 02:47:39.980 22126 RALLYDEBUG rally_openstack.cleanup.manager [-] Deleting neutron.port object s_rally_c6189bb9_tZrNb8lQ (3d305767-c6ff-44b7-8ba5-eb64d12aa45f)
2019-06-14 02:47:40.086 22126 RALLYDEBUG rally_openstack.cleanup.manager [-] Deleting neutron.port object s_rally_c6189bb9_tQ63iSk6 (3e01d2dc-140f-49ff-8538-bca343b50f56)
2019-06-14 02:47:40.103 22126 RALLYDEBUG rally_openstack.cleanup.manager [-] Deleting neutron.port object s_rally_c6189bb9_QOZqAHMq (3eb261f7-1e50-4cbf-afb2-dbd67ed90bb7)
2019-06-14 02:47:40.115 22126 RALLYDEBUG rally_openstack.cleanup.manager [-] Deleting neutron.port object s_rally_c6189bb9_3s1lIiA7 (3fb36ca0-e411-4a01-ada3-97f7a5aa031f)
2019-06-14 02:47:40.390 22126 RALLYDEBUG rally_openstack.cleanup.manager [-] Deleting neutron.port object s_rally_c6189bb9_dVFluwaP (40590c26-6168-42f6-a6b5-192cca65130c)
2019-06-14 02:47:40.438 22126 RALLYDEBUG rally_openstack.cleanup.manager [-] Deleting neutron.port object s_rally_c6189bb9_rEj2xeeF (408274b6-52cd-4cf0-8b39-e53d183a8bec)
2019-06-14 02:47:40.713 22126 RALLYDEBUG rally_openstack.cleanup.manager [-] Deleting neutron.port object s_rally_c6189bb9_Ky0rnzf2 (4126c466-9665-4ed4-9538-733119ef34f2)
2019-06-14 02:47:40.757 22126 RALLYDEBUG rally_openstack.cleanup.manager [-] Deleting neutron.port object s_rally_c6189bb9_MjkQHZrN (414e12c0-e98e-4a4d-afa9-a6a2aef0a0c7)
2019-06-14 02:47:40.819 22126 RALLYDEBUG rally_openstack.cleanup.manager [-] Deleting neutron.port object s_rally_c6189bb9_GTjQaAzI (41b1b0ad-045f-4880-8ee5-57b94a2d0af4)
2019-06-14 02:47:40.956 22126 RALLYDEBUG rally_openstack.cleanup.manager [-] Deleting neutron.port object s_rally_c6189bb9_iLyZFG4B (430289f8-6692-4e61-9a75-ac969b6fbf6c)
2019-06-14 02:47:41.074 22126 RALLYDEBUG rally_openstack.cleanup.manager [-] Deleting neutron.port object s_rally_c6189bb9_UbW6klq2 (448fa7cd-b601-4d58-9713-2704677716b8)
2019-06-14 02:47:41.184 22126 RALLYDEBUG rally_openstack.cleanup.manager [-] Deleting neutron.port object s_rally_c6189bb9_U6V9Nqv1 (469be385-5de2-491d-b00c-281d051f3b34)
2019-06-14 02:47:41.283 22126 RALLYDEBUG rally_openstack.cleanup.manager [-] Deleting neutron.port object s_rally_c6189bb9_oBZthPdq (4a940309-287a-4e33-8dc8-57c7df210e23)
2019-06-14 02:47:41.292 22126 RALLYDEBUG rally_openstack.cleanup.manager [-] Deleting neutron.port object s_rally_c6189bb9_xlhkSwd4 (4b2036ab-3506-4c98-8df8-a76b8a0aa217)
