2019-06-14 00:42:00.431 8 RALLYDEBUG rally.api [-] INFO logs from urllib3 and requests module are hide.
2019-06-14 00:42:00.431 8 RALLYDEBUG rally.api [-] urllib3 insecure warnings are hidden.
2019-06-14 00:42:00.432 8 RALLYDEBUG rally.api [-] ERROR log from boto module is hide.
2019-06-14 00:42:02.325 8 ERROR rally.cli.cliutils [-] Unexpected exception in CLI: DBRecordNotFound: Record for uuid or name is opnfv-rally not found in table envs
2019-06-14 00:42:02.325 8 ERROR rally.cli.cliutils
Traceback (most recent call last):
2019-06-14 00:42:02.325 8 ERROR rally.cli.cliutils
File "/usr/lib/python2.7/site-packages/rally/cli/cliutils.py", line 674, in run
2019-06-14 00:42:02.325 8 ERROR rally.cli.cliutils ret = fn(*fn_args, **fn_kwargs)
2019-06-14 00:42:02.325 8 ERROR rally.cli.cliutils File "", line 2, in destroy
2019-06-14 00:42:02.325 8 ERROR rally.cli.cliutils
File "/usr/lib/python2.7/site-packages/rally/cli/envutils.py", line 69, in default_from_global
2019-06-14 00:42:02.325 8 ERROR rally.cli.cliutils return f(*args, **kwargs)
2019-06-14 00:42:02.325 8 ERROR rally.cli.cliutils File "", line 2, in destroy
2019-06-14 00:42:02.325 8 ERROR rally.cli.cliutils
File "/usr/lib/python2.7/site-packages/rally/plugins/__init__.py", line 51, in ensure_plugins_are_loaded
2019-06-14 00:42:02.325 8 ERROR rally.cli.cliutils return f(*args, **kwargs)
2019-06-14 00:42:02.325 8 ERROR rally.cli.cliutils
File "/usr/lib/python2.7/site-packages/rally/cli/commands/deployment.py", line 140, in destroy
2019-06-14 00:42:02.325 8 ERROR rally.cli.cliutils api.deployment.destroy(deployment=deployment)
2019-06-14 00:42:02.325 8 ERROR rally.cli.cliutils
File "/usr/lib/python2.7/site-packages/rally/api.py", line 115, in destroy
2019-06-14 00:42:02.325 8 ERROR rally.cli.cliutils deploy = objects.Deployment.get(deployment)
2019-06-14 00:42:02.325 8 ERROR rally.cli.cliutils
File "/usr/lib/python2.7/site-packages/rally/common/objects/deploy.py", line 124, in get
2019-06-14 00:42:02.325 8 ERROR rally.cli.cliutils return Deployment(env_mgr.EnvManager.get(deploy))
2019-06-14 00:42:02.325 8 ERROR rally.cli.cliutils
File "/usr/lib/python2.7/site-packages/rally/env/env_mgr.py", line 212, in get
2019-06-14 00:42:02.325 8 ERROR rally.cli.cliutils return cls(db.env_get(uuid_or_name))
2019-06-14 00:42:02.325 8 ERROR rally.cli.cliutils
File "/usr/lib/python2.7/site-packages/rally/common/db/api.py", line 135, in wrapper
2019-06-14 00:42:02.325 8 ERROR rally.cli.cliutils result = f(session, *args, **kwargs)
2019-06-14 00:42:02.325 8 ERROR rally.cli.cliutils
File "/usr/lib/python2.7/site-packages/rally/common/db/api.py", line 521, in env_get
2019-06-14 00:42:02.325 8 ERROR rally.cli.cliutils criteria="uuid or name is %s" % uuid_or_name, table="envs")
2019-06-14 00:42:02.325 8 ERROR rally.cli.cliutils DBRecordNotFound: Record for uuid or name is opnfv-rally not found in table envs
2019-06-14 00:42:02.325 8 ERROR rally.cli.cliutils
2019-06-14 00:42:03.100 10 RALLYDEBUG rally.api [-] INFO logs from urllib3 and requests module are hide.
2019-06-14 00:42:03.101 10 RALLYDEBUG rally.api [-] urllib3 insecure warnings are hidden.
2019-06-14 00:42:03.101 10 RALLYDEBUG rally.api [-] ERROR log from boto module is hide.
2019-06-14 00:42:04.835 10 WARNING rally_openstack.platforms.existing [-] endpoint is deprecated and not used.
2019-06-14 00:42:05.956 12 RALLYDEBUG rally.api [-] INFO logs from urllib3 and requests module are hide.
2019-06-14 00:42:05.957 12 RALLYDEBUG rally.api [-] urllib3 insecure warnings are hidden.
2019-06-14 00:42:05.957 12 RALLYDEBUG rally.api [-] ERROR log from boto module is hide.
2019-06-14 00:42:09.188 15 RALLYDEBUG rally.api [-] INFO logs from urllib3 and requests module are hide.
2019-06-14 00:42:09.189 15 RALLYDEBUG rally.api [-] urllib3 insecure warnings are hidden.
2019-06-14 00:42:09.189 15 RALLYDEBUG rally.api [-] ERROR log from boto module is hide.
2019-06-14 00:42:10.413 17 RALLYDEBUG rally.api [-] INFO logs from urllib3 and requests module are hide.
2019-06-14 00:42:10.414 17 RALLYDEBUG rally.api [-] urllib3 insecure warnings are hidden.
2019-06-14 00:42:10.414 17 RALLYDEBUG rally.api [-] ERROR log from boto module is hide.
2019-06-14 00:42:11.787 17 INFO rally.task.engine [-] Task e38c4d62-c4c6-4cc2-8946-d455cdeb0a63 | Starting: Task validation.
2019-06-14 00:42:11.838 17 INFO rally.task.engine [-] Task e38c4d62-c4c6-4cc2-8946-d455cdeb0a63 | Starting: Task validation of syntax.
2019-06-14 00:42:11.909 17 INFO rally.task.engine [-] Task e38c4d62-c4c6-4cc2-8946-d455cdeb0a63 | Completed: Task validation of syntax.
2019-06-14 00:42:11.910 17 INFO rally.task.engine [-] Task e38c4d62-c4c6-4cc2-8946-d455cdeb0a63 | Starting: Task validation of required platforms.
2019-06-14 00:42:11.946 17 INFO rally.task.engine [-] Task e38c4d62-c4c6-4cc2-8946-d455cdeb0a63 | Completed: Task validation of required platforms.
2019-06-14 00:42:11.947 17 INFO rally.task.engine [-] Task e38c4d62-c4c6-4cc2-8946-d455cdeb0a63 | Starting: Task validation of semantic.
2019-06-14 00:42:11.947 17 INFO rally.task.engine [-] Check health of the environment '9b630907-9d19-47bd-963e-caca5ef97447'.
2019-06-14 00:42:12.554 17 INFO rally.task.engine [-] Platform existing@openstack (available: True): OK!
2019-06-14 00:42:12.575 17 RALLYDEBUG rally_openstack.contexts.keystone.users [-] Creating 1 tenants using 20 threads
2019-06-14 00:42:13.473 17 RALLYDEBUG rally_openstack.contexts.keystone.users [-] Creating 1 users using 20 threads
2019-06-14 00:42:14.903 17 INFO rally.task.context [-] Task e38c4d62-c4c6-4cc2-8946-d455cdeb0a63 | Context users@openstack setup() finished in 2.33 sec
2019-06-14 00:42:14.946 17 INFO rally.task.context [-] Task e38c4d62-c4c6-4cc2-8946-d455cdeb0a63 | Context users@openstack cleanup() started
2019-06-14 00:42:18.008 17 INFO rally.task.context [-] Task e38c4d62-c4c6-4cc2-8946-d455cdeb0a63 | Context users@openstack cleanup() finished in 3.06 sec
2019-06-14 00:42:18.008 17 INFO rally.task.engine [-] Task e38c4d62-c4c6-4cc2-8946-d455cdeb0a63 | Completed: Task validation of semantic.
2019-06-14 00:42:18.009 17 INFO rally.task.engine [-] Task e38c4d62-c4c6-4cc2-8946-d455cdeb0a63 | Completed: Task validation.
2019-06-14 00:42:18.009 17 INFO rally.api [-] Task e38c4d62-c4c6-4cc2-8946-d455cdeb0a63 input file is valid.
2019-06-14 00:42:18.009 17 INFO rally.api [-] Run Task e38c4d62-c4c6-4cc2-8946-d455cdeb0a63 against Deployment 9b630907-9d19-47bd-963e-caca5ef97447
2019-06-14 00:42:18.010 17 INFO rally.task.engine [-] Task e38c4d62-c4c6-4cc2-8946-d455cdeb0a63 | Starting: Running task.
2019-06-14 00:42:18.229 17 INFO rally.task.engine [-] Running workload: position = 0 config = { "version": 2, "title": "A cropped version of a bigger task.", "description": "Auto-generated task from a single workload (uuid=2fb0ddd8-c061-4f5b-a6d4-f74d62ef3355)", "subtasks": [ { "title": "Authenticate.keystone", "description": "Check Keystone Client.", "scenario": { "Authenticate.keystone": {} }, "contexts": { "users": { "tenants": 3, "users_per_tenant": 2 } }, "runner": { "constant": { "concurrency": 4, "times": 10 } }, "hooks": [], "sla": { "failure_rate": { "max": 0 } } } ] }
2019-06-14 00:42:18.251 17 RALLYDEBUG rally_openstack.contexts.keystone.users [-] Creating 3 tenants using 20 threads
2019-06-14 00:42:19.263 17 RALLYDEBUG rally_openstack.contexts.keystone.users [-] Creating 6 users using 20 threads
2019-06-14 00:42:21.075 17 INFO rally.task.context [-] Task e38c4d62-c4c6-4cc2-8946-d455cdeb0a63 | Context users@openstack setup() finished in 2.82 sec
2019-06-14 00:42:21.085 17 RALLYDEBUG rally.task.runner [-] Starting the constant runner (task UUID: e38c4d62-c4c6-4cc2-8946-d455cdeb0a63). timeout: 0 concurrency: 4 concurrency_per_worker: 1 times: 10 concurrency_overhead: 0 processes_to_start: 4 max_cpu_used: 16
2019-06-14 00:42:21.157 141 RALLYDEBUG rally.task.runner [-] Starting a worker. concurrency: 1 args: {} times: 10 method_name: run timeout: 0 duration: None cls:
2019-06-14 00:42:21.159 142 RALLYDEBUG rally.task.runner [-] Starting a worker. concurrency: 1 args: {} times: 10 method_name: run timeout: 0 duration: None cls:
2019-06-14 00:42:21.164 142 INFO rally.task.runner [-] Task e38c4d62-c4c6-4cc2-8946-d455cdeb0a63 | ITER: 2 START
2019-06-14 00:42:21.164 141 INFO rally.task.runner [-] Task e38c4d62-c4c6-4cc2-8946-d455cdeb0a63 | ITER: 1 START
2019-06-14 00:42:21.163 143 RALLYDEBUG rally.task.runner [-] Starting a worker. concurrency: 1 args: {} times: 10 method_name: run timeout: 0 duration: None cls:
2019-06-14 00:42:21.167 144 RALLYDEBUG rally.task.runner [-] Starting a worker. concurrency: 1 args: {} times: 10 method_name: run timeout: 0 duration: None cls:
2019-06-14 00:42:21.170 143 INFO rally.task.runner [-] Task e38c4d62-c4c6-4cc2-8946-d455cdeb0a63 | ITER: 3 START
2019-06-14 00:42:21.174 144 INFO rally.task.runner [-] Task e38c4d62-c4c6-4cc2-8946-d455cdeb0a63 | ITER: 4 START
2019-06-14 00:42:21.594 141 INFO rally.task.runner [-] Task e38c4d62-c4c6-4cc2-8946-d455cdeb0a63 | ITER: 1 END: OK
2019-06-14 00:42:21.596 142 INFO rally.task.runner [-] Task e38c4d62-c4c6-4cc2-8946-d455cdeb0a63 | ITER: 2 END: OK
2019-06-14 00:42:21.599 141 INFO rally.task.runner [-] Task e38c4d62-c4c6-4cc2-8946-d455cdeb0a63 | ITER: 5 START
2019-06-14 00:42:21.600 142 INFO rally.task.runner [-] Task e38c4d62-c4c6-4cc2-8946-d455cdeb0a63 | ITER: 6 START
2019-06-14 00:42:21.619 143 INFO rally.task.runner [-] Task e38c4d62-c4c6-4cc2-8946-d455cdeb0a63 | ITER: 3 END: OK
2019-06-14 00:42:21.623 143 INFO rally.task.runner [-] Task e38c4d62-c4c6-4cc2-8946-d455cdeb0a63 | ITER: 7 START
2019-06-14 00:42:21.670 144 INFO rally.task.runner [-] Task e38c4d62-c4c6-4cc2-8946-d455cdeb0a63 | ITER: 4 END: OK
2019-06-14 00:42:21.674 144 INFO rally.task.runner [-] Task e38c4d62-c4c6-4cc2-8946-d455cdeb0a63 | ITER: 8 START
2019-06-14 00:42:21.945 142 INFO rally.task.runner [-] Task e38c4d62-c4c6-4cc2-8946-d455cdeb0a63 | ITER: 6 END: OK
2019-06-14 00:42:21.948 142 INFO rally.task.runner [-] Task e38c4d62-c4c6-4cc2-8946-d455cdeb0a63 | ITER: 9 START
2019-06-14 00:42:21.962 143 INFO rally.task.runner [-] Task e38c4d62-c4c6-4cc2-8946-d455cdeb0a63 | ITER: 7 END: OK
2019-06-14 00:42:21.966 143 INFO rally.task.runner [-] Task e38c4d62-c4c6-4cc2-8946-d455cdeb0a63 | ITER: 10 START
2019-06-14 00:42:22.034 141 INFO rally.task.runner [-] Task e38c4d62-c4c6-4cc2-8946-d455cdeb0a63 | ITER: 5 END: OK
2019-06-14 00:42:22.110 144 INFO rally.task.runner [-] Task e38c4d62-c4c6-4cc2-8946-d455cdeb0a63 | ITER: 8 END: OK
2019-06-14 00:42:22.284 142 INFO rally.task.runner [-] Task e38c4d62-c4c6-4cc2-8946-d455cdeb0a63 | ITER: 9 END: OK
2019-06-14 00:42:22.312 143 INFO rally.task.runner [-] Task e38c4d62-c4c6-4cc2-8946-d455cdeb0a63 | ITER: 10 END: OK
2019-06-14 00:42:22.339 17 INFO rally.task.context [-] Task e38c4d62-c4c6-4cc2-8946-d455cdeb0a63 | Context users@openstack cleanup() started
2019-06-14 00:42:27.067 17 INFO rally.task.context [-] Task e38c4d62-c4c6-4cc2-8946-d455cdeb0a63 | Context users@openstack cleanup() finished in 4.73 sec
2019-06-14 00:42:28.336 17 INFO rally.task.engine [-] Load duration is: 1.145769
2019-06-14 00:42:28.337 17 INFO rally.task.engine [-] Full runner duration is: 1.255158
2019-06-14 00:42:28.337 17 INFO rally.task.engine [-] Full duration is: 8.820492
2019-06-14 00:42:28.691 17 INFO rally.task.engine [-] Running workload: position = 0 config = { "version": 2, "title": "A cropped version of a bigger task.", "description": "Auto-generated task from a single workload (uuid=39e750fd-128e-4f54-a302-4ec5b92fefa9)", "subtasks": [ { "title": "Authenticate.validate_cinder", "description": "Check Cinder Client to ensure validation of token.", "scenario": { "Authenticate.validate_cinder": { "repetitions": 2 } }, "contexts": { "users": { "tenants": 3, "users_per_tenant": 2 } }, "runner": { "constant": { "concurrency": 4, "times": 10 } }, "hooks": [], "sla": { "failure_rate": { "max": 0 } } } ] }
2019-06-14 00:42:28.717 17 RALLYDEBUG rally_openstack.contexts.keystone.users [-] Creating 3 tenants using 20 threads
2019-06-14 00:42:29.814 17 RALLYDEBUG rally_openstack.contexts.keystone.users [-] Creating 6 users using 20 threads
2019-06-14 00:42:31.451 17 INFO rally.task.context [-] Task e38c4d62-c4c6-4cc2-8946-d455cdeb0a63 | Context users@openstack setup() finished in 2.73 sec
2019-06-14 00:42:31.474 17 RALLYDEBUG rally.task.runner [-] Starting the constant runner (task UUID: e38c4d62-c4c6-4cc2-8946-d455cdeb0a63). timeout: 0 concurrency: 4 concurrency_per_worker: 1 times: 10 concurrency_overhead: 0 processes_to_start: 4 max_cpu_used: 16
2019-06-14 00:42:31.489 245 RALLYDEBUG rally.task.runner [-] Starting a worker. concurrency: 1 args: {"repetitions": 2} times: 10 method_name: run timeout: 0 duration: None cls:
2019-06-14 00:42:31.491 246 RALLYDEBUG rally.task.runner [-] Starting a worker. concurrency: 1 args: {"repetitions": 2} times: 10 method_name: run timeout: 0 duration: None cls:
2019-06-14 00:42:31.494 247 RALLYDEBUG rally.task.runner [-] Starting a worker. concurrency: 1 args: {"repetitions": 2} times: 10 method_name: run timeout: 0 duration: None cls:
2019-06-14 00:42:31.496 248 RALLYDEBUG rally.task.runner [-] Starting a worker. concurrency: 1 args: {"repetitions": 2} times: 10 method_name: run timeout: 0 duration: None cls:
2019-06-14 00:42:31.498 245 INFO rally.task.runner [-] Task e38c4d62-c4c6-4cc2-8946-d455cdeb0a63 | ITER: 1 START
2019-06-14 00:42:31.499 246 INFO rally.task.runner [-] Task e38c4d62-c4c6-4cc2-8946-d455cdeb0a63 | ITER: 2 START
2019-06-14 00:42:31.501 247 INFO rally.task.runner [-] Task e38c4d62-c4c6-4cc2-8946-d455cdeb0a63 | ITER: 3 START
2019-06-14 00:42:31.503 248 INFO rally.task.runner [-] Task e38c4d62-c4c6-4cc2-8946-d455cdeb0a63 | ITER: 4 START
2019-06-14 00:42:32.195 248 INFO rally.task.runner [-] Task e38c4d62-c4c6-4cc2-8946-d455cdeb0a63 | ITER: 4 END: OK
2019-06-14 00:42:32.197 245 INFO rally.task.runner [-] Task e38c4d62-c4c6-4cc2-8946-d455cdeb0a63 | ITER: 1 END: OK
2019-06-14 00:42:32.200 248 INFO rally.task.runner [-] Task e38c4d62-c4c6-4cc2-8946-d455cdeb0a63 | ITER: 5 START
2019-06-14 00:42:32.202 245 INFO rally.task.runner [-] Task e38c4d62-c4c6-4cc2-8946-d455cdeb0a63 | ITER: 6 START
2019-06-14 00:42:32.205 246 INFO rally.task.runner [-] Task e38c4d62-c4c6-4cc2-8946-d455cdeb0a63 | ITER: 2 END: OK
2019-06-14 00:42:32.210 246 INFO rally.task.runner [-] Task e38c4d62-c4c6-4cc2-8946-d455cdeb0a63 | ITER: 7 START
2019-06-14 00:42:32.383 247 INFO rally.task.runner [-] Task e38c4d62-c4c6-4cc2-8946-d455cdeb0a63 | ITER: 3 END: OK
2019-06-14 00:42:32.387 247 INFO rally.task.runner [-] Task e38c4d62-c4c6-4cc2-8946-d455cdeb0a63 | ITER: 8 START
2019-06-14 00:42:32.631 248 INFO rally.task.runner [-] Task e38c4d62-c4c6-4cc2-8946-d455cdeb0a63 | ITER: 5 END: OK
2019-06-14 00:42:32.635 248 INFO rally.task.runner [-] Task e38c4d62-c4c6-4cc2-8946-d455cdeb0a63 | ITER: 9 START
2019-06-14 00:42:32.684 246 INFO rally.task.runner [-] Task e38c4d62-c4c6-4cc2-8946-d455cdeb0a63 | ITER: 7 END: OK
2019-06-14 00:42:32.684 245 INFO rally.task.runner [-] Task e38c4d62-c4c6-4cc2-8946-d455cdeb0a63 | ITER: 6 END: OK
2019-06-14 00:42:32.688 246 INFO rally.task.runner [-] Task e38c4d62-c4c6-4cc2-8946-d455cdeb0a63 | ITER: 10 START
2019-06-14 00:42:33.061 248 INFO rally.task.runner [-] Task e38c4d62-c4c6-4cc2-8946-d455cdeb0a63 | ITER: 9 END: OK
2019-06-14 00:42:33.092 247 INFO rally.task.runner [-] Task e38c4d62-c4c6-4cc2-8946-d455cdeb0a63 | ITER: 8 END: OK
2019-06-14 00:42:33.121 246 INFO rally.task.runner [-] Task e38c4d62-c4c6-4cc2-8946-d455cdeb0a63 | ITER: 10 END: OK
2019-06-14 00:42:33.149 17 INFO rally.task.context [-] Task e38c4d62-c4c6-4cc2-8946-d455cdeb0a63 | Context users@openstack cleanup() started
2019-06-14 00:42:37.967 17 INFO rally.task.context [-] Task e38c4d62-c4c6-4cc2-8946-d455cdeb0a63 | Context users@openstack cleanup() finished in 4.82 sec
2019-06-14 00:42:38.822 17 INFO rally.task.engine [-] Load duration is: 1.620392
2019-06-14 00:42:38.823 17 INFO rally.task.engine [-] Full runner duration is: 1.676162
2019-06-14 00:42:38.823 17 INFO rally.task.engine [-] Full duration is: 9.256445
2019-06-14 00:42:39.139 17 INFO rally.task.engine [-] Running workload: position = 0 config = { "version": 2, "title": "A cropped version of a bigger task.", "description": "Auto-generated task from a single workload (uuid=127e48a5-ee5e-4eae-93b9-3732d68d384f)", "subtasks": [ { "title": "Authenticate.validate_glance", "description": "Check Glance Client to ensure validation of token.", "scenario": { "Authenticate.validate_glance": { "repetitions": 2 } }, "contexts": { "users": { "tenants": 3, "users_per_tenant": 2 } }, "runner": { "constant": { "concurrency": 4, "times": 10 } }, "hooks": [], "sla": { "failure_rate": { "max": 0 } } } ] }
2019-06-14 00:42:39.168 17 RALLYDEBUG rally_openstack.contexts.keystone.users [-] Creating 3 tenants using 20 threads
2019-06-14 00:42:40.289 17 RALLYDEBUG rally_openstack.contexts.keystone.users [-] Creating 6 users using 20 threads
2019-06-14 00:42:42.207 17 INFO rally.task.context [-] Task e38c4d62-c4c6-4cc2-8946-d455cdeb0a63 | Context users@openstack setup() finished in 3.04 sec
2019-06-14 00:42:42.217 17 RALLYDEBUG rally.task.runner [-] Starting the constant runner (task UUID: e38c4d62-c4c6-4cc2-8946-d455cdeb0a63). timeout: 0 concurrency: 4 concurrency_per_worker: 1 times: 10 concurrency_overhead: 0 processes_to_start: 4 max_cpu_used: 16
2019-06-14 00:42:42.231 349 RALLYDEBUG rally.task.runner [-] Starting a worker. concurrency: 1 args: {"repetitions": 2} times: 10 method_name: run timeout: 0 duration: None cls:
2019-06-14 00:42:42.233 350 RALLYDEBUG rally.task.runner [-] Starting a worker. concurrency: 1 args: {"repetitions": 2} times: 10 method_name: run timeout: 0 duration: None cls:
2019-06-14 00:42:42.237 351 RALLYDEBUG rally.task.runner [-] Starting a worker. concurrency: 1 args: {"repetitions": 2} times: 10 method_name: run timeout: 0 duration: None cls:
2019-06-14 00:42:42.238 349 INFO rally.task.runner [-] Task e38c4d62-c4c6-4cc2-8946-d455cdeb0a63 | ITER: 1 START
2019-06-14 00:42:42.240 350 INFO rally.task.runner [-] Task e38c4d62-c4c6-4cc2-8946-d455cdeb0a63 | ITER: 2 START
2019-06-14 00:42:42.240 352 RALLYDEBUG rally.task.runner [-] Starting a worker. concurrency: 1 args: {"repetitions": 2} times: 10 method_name: run timeout: 0 duration: None cls:
2019-06-14 00:42:42.243 351 INFO rally.task.runner [-] Task e38c4d62-c4c6-4cc2-8946-d455cdeb0a63 | ITER: 3 START
2019-06-14 00:42:42.247 352 INFO rally.task.runner [-] Task e38c4d62-c4c6-4cc2-8946-d455cdeb0a63 | ITER: 4 START
2019-06-14 00:42:42.977 350 INFO rally.task.runner [-] Task e38c4d62-c4c6-4cc2-8946-d455cdeb0a63 | ITER: 2 END: OK
2019-06-14 00:42:42.977 351 INFO rally.task.runner [-] Task e38c4d62-c4c6-4cc2-8946-d455cdeb0a63 | ITER: 3 END: OK
2019-06-14 00:42:42.981 350 INFO rally.task.runner [-] Task e38c4d62-c4c6-4cc2-8946-d455cdeb0a63 | ITER: 5 START
2019-06-14 00:42:42.983 351 INFO rally.task.runner [-] Task e38c4d62-c4c6-4cc2-8946-d455cdeb0a63 | ITER: 6 START
2019-06-14 00:42:42.998 349 INFO rally.task.runner [-] Task e38c4d62-c4c6-4cc2-8946-d455cdeb0a63 | ITER: 1 END: OK
2019-06-14 00:42:43.002 349 INFO rally.task.runner [-] Task e38c4d62-c4c6-4cc2-8946-d455cdeb0a63 | ITER: 7 START
2019-06-14 00:42:43.066 352 INFO rally.task.runner [-] Task e38c4d62-c4c6-4cc2-8946-d455cdeb0a63 | ITER: 4 END: OK
2019-06-14 00:42:43.071 352 INFO rally.task.runner [-] Task e38c4d62-c4c6-4cc2-8946-d455cdeb0a63 | ITER: 8 START
2019-06-14 00:42:43.609 350 INFO rally.task.runner [-] Task e38c4d62-c4c6-4cc2-8946-d455cdeb0a63 | ITER: 5 END: OK
2019-06-14 00:42:43.613 350 INFO rally.task.runner [-] Task e38c4d62-c4c6-4cc2-8946-d455cdeb0a63 | ITER: 9 START
2019-06-14 00:42:43.649 352 INFO rally.task.runner [-] Task e38c4d62-c4c6-4cc2-8946-d455cdeb0a63 | ITER: 8 END: OK
2019-06-14 00:42:43.653 352 INFO rally.task.runner [-] Task e38c4d62-c4c6-4cc2-8946-d455cdeb0a63 | ITER: 10 START
2019-06-14 00:42:43.656 351 INFO rally.task.runner [-] Task e38c4d62-c4c6-4cc2-8946-d455cdeb0a63 | ITER: 6 END: OK
2019-06-14 00:42:43.675 349 INFO rally.task.runner [-] Task e38c4d62-c4c6-4cc2-8946-d455cdeb0a63 | ITER: 7 END: OK
2019-06-14 00:42:44.238 352 INFO rally.task.runner [-] Task e38c4d62-c4c6-4cc2-8946-d455cdeb0a63 | ITER: 10 END: OK
2019-06-14 00:42:44.312 350 INFO rally.task.runner [-] Task e38c4d62-c4c6-4cc2-8946-d455cdeb0a63 | ITER: 9 END: OK
2019-06-14 00:42:44.340 17 INFO rally.task.context [-] Task e38c4d62-c4c6-4cc2-8946-d455cdeb0a63 | Context users@openstack cleanup() started
2019-06-14 00:42:49.081 17 INFO rally.task.context [-] Task e38c4d62-c4c6-4cc2-8946-d455cdeb0a63 | Context users@openstack cleanup() finished in 4.74 sec
2019-06-14 00:42:49.226 17 INFO rally.task.engine [-] Load duration is: 2.07241
2019-06-14 00:42:49.226 17 INFO rally.task.engine [-] Full runner duration is: 2.123311
2019-06-14 00:42:49.226 17 INFO rally.task.engine [-] Full duration is: 9.915875
2019-06-14 00:42:49.685 17 INFO rally.task.engine [-] Running workload: position = 0 config = { "version": 2, "title": "A cropped version of a bigger task.", "description": "Auto-generated task from a single workload (uuid=60752a3d-1b65-4df7-ba7a-9ba0e06aafb0)", "subtasks": [ { "title": "Authenticate.validate_heat", "description": "Check Heat Client to ensure validation of token.", "scenario": { "Authenticate.validate_heat": { "repetitions": 2 } }, "contexts": { "users": { "tenants": 3, "users_per_tenant": 2 } }, "runner": { "constant": { "concurrency": 4, "times": 10 } }, "hooks": [], "sla": { "failure_rate": { "max": 0 } } } ] }
2019-06-14 00:42:49.711 17 RALLYDEBUG rally_openstack.contexts.keystone.users [-] Creating 3 tenants using 20 threads
2019-06-14 00:42:50.737 17 RALLYDEBUG rally_openstack.contexts.keystone.users [-] Creating 6 users using 20 threads
2019-06-14 00:42:52.440 17 INFO rally.task.context [-] Task e38c4d62-c4c6-4cc2-8946-d455cdeb0a63 | Context users@openstack setup() finished in 2.73 sec
2019-06-14 00:42:52.449 17 RALLYDEBUG rally.task.runner [-] Starting the constant runner (task UUID: e38c4d62-c4c6-4cc2-8946-d455cdeb0a63). timeout: 0 concurrency: 4 concurrency_per_worker: 1 times: 10 concurrency_overhead: 0 processes_to_start: 4 max_cpu_used: 16
2019-06-14 00:42:52.463 453 RALLYDEBUG rally.task.runner [-] Starting a worker. concurrency: 1 args: {"repetitions": 2} times: 10 method_name: run timeout: 0 duration: None cls:
2019-06-14 00:42:52.466 454 RALLYDEBUG rally.task.runner [-] Starting a worker. concurrency: 1 args: {"repetitions": 2} times: 10 method_name: run timeout: 0 duration: None cls:
2019-06-14 00:42:52.469 455 RALLYDEBUG rally.task.runner [-] Starting a worker. concurrency: 1 args: {"repetitions": 2} times: 10 method_name: run timeout: 0 duration: None cls:
2019-06-14 00:42:52.470 453 INFO rally.task.runner [-] Task e38c4d62-c4c6-4cc2-8946-d455cdeb0a63 | ITER: 1 START
2019-06-14 00:42:52.472 456 RALLYDEBUG rally.task.runner [-] Starting a worker. concurrency: 1 args: {"repetitions": 2} times: 10 method_name: run timeout: 0 duration: None cls:
2019-06-14 00:42:52.474 454 INFO rally.task.runner [-] Task e38c4d62-c4c6-4cc2-8946-d455cdeb0a63 | ITER: 2 START
2019-06-14 00:42:52.476 455 INFO rally.task.runner [-] Task e38c4d62-c4c6-4cc2-8946-d455cdeb0a63 | ITER: 3 START
2019-06-14 00:42:52.479 456 INFO rally.task.runner [-] Task e38c4d62-c4c6-4cc2-8946-d455cdeb0a63 | ITER: 4 START
2019-06-14 00:42:53.513 456 INFO rally.task.runner [-] Task e38c4d62-c4c6-4cc2-8946-d455cdeb0a63 | ITER: 4 END: OK
2019-06-14 00:42:53.517 456 INFO rally.task.runner [-] Task e38c4d62-c4c6-4cc2-8946-d455cdeb0a63 | ITER: 5 START
2019-06-14 00:42:53.800 454 INFO rally.task.runner [-] Task e38c4d62-c4c6-4cc2-8946-d455cdeb0a63 | ITER: 2 END: OK
2019-06-14 00:42:53.805 454 INFO rally.task.runner [-] Task e38c4d62-c4c6-4cc2-8946-d455cdeb0a63 | ITER: 6 START
2019-06-14 00:42:53.816 455 INFO rally.task.runner [-] Task e38c4d62-c4c6-4cc2-8946-d455cdeb0a63 | ITER: 3 END: OK
2019-06-14 00:42:53.820 455 INFO rally.task.runner [-] Task e38c4d62-c4c6-4cc2-8946-d455cdeb0a63 | ITER: 7 START
2019-06-14 00:42:53.860 453 INFO rally.task.runner [-] Task e38c4d62-c4c6-4cc2-8946-d455cdeb0a63 | ITER: 1 END: OK
2019-06-14 00:42:53.864 453 INFO rally.task.runner [-] Task e38c4d62-c4c6-4cc2-8946-d455cdeb0a63 | ITER: 8 START
2019-06-14 00:42:54.037 456 INFO rally.task.runner [-] Task e38c4d62-c4c6-4cc2-8946-d455cdeb0a63 | ITER: 5 END: OK
2019-06-14 00:42:54.042 456 INFO rally.task.runner [-] Task e38c4d62-c4c6-4cc2-8946-d455cdeb0a63 | ITER: 9 START
2019-06-14 00:42:54.286 455 INFO rally.task.runner [-] Task e38c4d62-c4c6-4cc2-8946-d455cdeb0a63 | ITER: 7 END: OK
2019-06-14 00:42:54.290 455 INFO rally.task.runner [-] Task e38c4d62-c4c6-4cc2-8946-d455cdeb0a63 | ITER: 10 START
2019-06-14 00:42:54.594 453 INFO rally.task.runner [-] Task e38c4d62-c4c6-4cc2-8946-d455cdeb0a63 | ITER: 8 END: OK
2019-06-14 00:42:54.692 456 INFO rally.task.runner [-] Task e38c4d62-c4c6-4cc2-8946-d455cdeb0a63 | ITER: 9 END: OK
2019-06-14 00:42:54.752 455 INFO rally.task.runner [-] Task e38c4d62-c4c6-4cc2-8946-d455cdeb0a63 | ITER: 10 END: OK
2019-06-14 00:42:54.870 454 INFO rally.task.runner [-] Task e38c4d62-c4c6-4cc2-8946-d455cdeb0a63 | ITER: 6 END: OK
2019-06-14 00:42:54.898 17 INFO rally.task.context [-] Task e38c4d62-c4c6-4cc2-8946-d455cdeb0a63 | Context users@openstack cleanup() started
2019-06-14 00:42:59.588 17 INFO rally.task.context [-] Task e38c4d62-c4c6-4cc2-8946-d455cdeb0a63 | Context users@openstack cleanup() finished in 4.69 sec
2019-06-14 00:42:59.772 17 INFO rally.task.engine [-] Load duration is: 2.397895
2019-06-14 00:42:59.773 17 INFO rally.task.engine [-] Full runner duration is: 2.448794
2019-06-14 00:42:59.773 17 INFO rally.task.engine [-] Full duration is: 9.881865
2019-06-14 00:43:00.333 17 INFO rally.task.engine [-] Running workload: position = 0 config = { "version": 2, "title": "A cropped version of a bigger task.", "description": "Auto-generated task from a single workload (uuid=04dcce10-6a69-4ebd-9b63-2329320e2602)", "subtasks": [ { "title": "Authenticate.validate_neutron", "description": "Check Neutron Client to ensure validation of token.", "scenario": { "Authenticate.validate_neutron": { "repetitions": 2 } }, "contexts": { "users": { "tenants": 3, "users_per_tenant": 2 } }, "runner": { "constant": { "concurrency": 4, "times": 10 } }, "hooks": [], "sla": { "failure_rate": { "max": 0 } } } ] }
2019-06-14 00:43:00.357 17 RALLYDEBUG rally_openstack.contexts.keystone.users [-] Creating 3 tenants using 20 threads
2019-06-14 00:43:01.432 17 RALLYDEBUG rally_openstack.contexts.keystone.users [-] Creating 6 users using 20 threads
2019-06-14 00:43:03.100 17 INFO rally.task.context [-] Task e38c4d62-c4c6-4cc2-8946-d455cdeb0a63 | Context users@openstack setup() finished in 2.74 sec
2019-06-14 00:43:03.109 17 RALLYDEBUG rally.task.runner [-] Starting the constant runner (task UUID: e38c4d62-c4c6-4cc2-8946-d455cdeb0a63). timeout: 0 concurrency: 4 concurrency_per_worker: 1 times: 10 concurrency_overhead: 0 processes_to_start: 4 max_cpu_used: 16
2019-06-14 00:43:03.122 557 RALLYDEBUG rally.task.runner [-] Starting a worker. concurrency: 1 args: {"repetitions": 2} times: 10 method_name: run timeout: 0 duration: None cls:
2019-06-14 00:43:03.125 558 RALLYDEBUG rally.task.runner [-] Starting a worker. concurrency: 1 args: {"repetitions": 2} times: 10 method_name: run timeout: 0 duration: None cls:
2019-06-14 00:43:03.128 559 RALLYDEBUG rally.task.runner [-] Starting a worker. concurrency: 1 args: {"repetitions": 2} times: 10 method_name: run timeout: 0 duration: None cls:
2019-06-14 00:43:03.130 557 INFO rally.task.runner [-] Task e38c4d62-c4c6-4cc2-8946-d455cdeb0a63 | ITER: 1 START
2019-06-14 00:43:03.132 560 RALLYDEBUG rally.task.runner [-] Starting a worker. concurrency: 1 args: {"repetitions": 2} times: 10 method_name: run timeout: 0 duration: None cls:
2019-06-14 00:43:03.133 558 INFO rally.task.runner [-] Task e38c4d62-c4c6-4cc2-8946-d455cdeb0a63 | ITER: 2 START
2019-06-14 00:43:03.136 559 INFO rally.task.runner [-] Task e38c4d62-c4c6-4cc2-8946-d455cdeb0a63 | ITER: 3 START
2019-06-14 00:43:03.139 560 INFO rally.task.runner [-] Task e38c4d62-c4c6-4cc2-8946-d455cdeb0a63 | ITER: 4 START
2019-06-14 00:43:03.937 557 INFO rally.task.runner [-] Task e38c4d62-c4c6-4cc2-8946-d455cdeb0a63 | ITER: 1 END: OK
2019-06-14 00:43:03.942 557 INFO rally.task.runner [-] Task e38c4d62-c4c6-4cc2-8946-d455cdeb0a63 | ITER: 5 START
2019-06-14 00:43:03.959 558 INFO rally.task.runner [-] Task e38c4d62-c4c6-4cc2-8946-d455cdeb0a63 | ITER: 2 END: OK
2019-06-14 00:43:03.963 558 INFO rally.task.runner [-] Task e38c4d62-c4c6-4cc2-8946-d455cdeb0a63 | ITER: 6 START
2019-06-14 00:43:04.126 559 INFO rally.task.runner [-] Task e38c4d62-c4c6-4cc2-8946-d455cdeb0a63 | ITER: 3 END: OK
2019-06-14 00:43:04.131 559 INFO rally.task.runner [-] Task e38c4d62-c4c6-4cc2-8946-d455cdeb0a63 | ITER: 7 START
2019-06-14 00:43:04.187 560 INFO rally.task.runner [-] Task e38c4d62-c4c6-4cc2-8946-d455cdeb0a63 | ITER: 4 END: OK
2019-06-14 00:43:04.193 560 INFO rally.task.runner [-] Task e38c4d62-c4c6-4cc2-8946-d455cdeb0a63 | ITER: 8 START
2019-06-14 00:43:04.591 557 INFO rally.task.runner [-] Task e38c4d62-c4c6-4cc2-8946-d455cdeb0a63 | ITER: 5 END: OK
2019-06-14 00:43:04.595 557 INFO rally.task.runner [-] Task e38c4d62-c4c6-4cc2-8946-d455cdeb0a63 | ITER: 9 START
2019-06-14 00:43:04.735 558 INFO rally.task.runner [-] Task e38c4d62-c4c6-4cc2-8946-d455cdeb0a63 | ITER: 6 END: OK
2019-06-14 00:43:04.739 558 INFO rally.task.runner [-] Task e38c4d62-c4c6-4cc2-8946-d455cdeb0a63 | ITER: 10 START
2019-06-14 00:43:04.766 560 INFO rally.task.runner [-] Task e38c4d62-c4c6-4cc2-8946-d455cdeb0a63 | ITER: 8 END: OK
2019-06-14 00:43:04.801 559 INFO rally.task.runner [-] Task e38c4d62-c4c6-4cc2-8946-d455cdeb0a63 | ITER: 7 END: OK
2019-06-14 00:43:05.266 557 INFO rally.task.runner [-] Task e38c4d62-c4c6-4cc2-8946-d455cdeb0a63 | ITER: 9 END: OK
2019-06-14 00:43:05.389 558 INFO rally.task.runner [-] Task e38c4d62-c4c6-4cc2-8946-d455cdeb0a63 | ITER: 10 END: OK
2019-06-14 00:43:05.413 17 INFO rally.task.context [-] Task e38c4d62-c4c6-4cc2-8946-d455cdeb0a63 | Context users@openstack cleanup() started
2019-06-14 00:43:10.081 17 INFO rally.task.context [-] Task e38c4d62-c4c6-4cc2-8946-d455cdeb0a63 | Context users@openstack cleanup() finished in 4.67 sec
2019-06-14 00:43:10.423 17 INFO rally.task.engine [-] Load duration is: 2.258031
2019-06-14 00:43:10.423 17 INFO rally.task.engine [-] Full runner duration is: 2.304465
2019-06-14 00:43:10.424 17 INFO rally.task.engine [-] Full duration is: 9.72664
2019-06-14 00:43:11.070 17 INFO rally.task.engine [-] Running workload: position = 0 config = { "version": 2, "title": "A cropped version of a bigger task.", "description": "Auto-generated task from a single workload (uuid=b01ae0ae-649a-4da0-9746-0d9746964e5f)", "subtasks": [ { "title": "Authenticate.validate_nova", "description": "Check Nova Client to ensure validation of token.", "scenario": { "Authenticate.validate_nova": { "repetitions": 2 } }, "contexts": { "users": { "tenants": 3, "users_per_tenant": 2 } }, "runner": { "constant": { "concurrency": 4, "times": 10 } }, "hooks": [], "sla": { "failure_rate": { "max": 0 } } } ] }
2019-06-14 00:43:11.103 17 RALLYDEBUG rally_openstack.contexts.keystone.users [-] Creating 3 tenants using 20 threads
2019-06-14 00:43:12.119 17 RALLYDEBUG rally_openstack.contexts.keystone.users [-] Creating 6 users using 20 threads
2019-06-14 00:43:13.747 17 INFO rally.task.context [-] Task e38c4d62-c4c6-4cc2-8946-d455cdeb0a63 | Context users@openstack setup() finished in 2.64 sec
2019-06-14 00:43:13.752 17 RALLYDEBUG rally.task.runner [-] Starting the constant runner (task UUID: e38c4d62-c4c6-4cc2-8946-d455cdeb0a63). timeout: 0 concurrency: 4 concurrency_per_worker: 1 times: 10 concurrency_overhead: 0 processes_to_start: 4 max_cpu_used: 16
2019-06-14 00:43:13.763 661 RALLYDEBUG rally.task.runner [-] Starting a worker. concurrency: 1 args: {"repetitions": 2} times: 10 method_name: run timeout: 0 duration: None cls:
2019-06-14 00:43:13.765 662 RALLYDEBUG rally.task.runner [-] Starting a worker. concurrency: 1 args: {"repetitions": 2} times: 10 method_name: run timeout: 0 duration: None cls:
2019-06-14 00:43:13.766 663 RALLYDEBUG rally.task.runner [-] Starting a worker. concurrency: 1 args: {"repetitions": 2} times: 10 method_name: run timeout: 0 duration: None cls:
2019-06-14 00:43:13.768 664 RALLYDEBUG rally.task.runner [-] Starting a worker. concurrency: 1 args: {"repetitions": 2} times: 10 method_name: run timeout: 0 duration: None cls:
2019-06-14 00:43:13.771 661 INFO rally.task.runner [-] Task e38c4d62-c4c6-4cc2-8946-d455cdeb0a63 | ITER: 1 START
2019-06-14 00:43:13.773 662 INFO rally.task.runner [-] Task e38c4d62-c4c6-4cc2-8946-d455cdeb0a63 | ITER: 2 START
2019-06-14 00:43:13.774 663 INFO rally.task.runner [-] Task e38c4d62-c4c6-4cc2-8946-d455cdeb0a63 | ITER: 3 START
2019-06-14 00:43:13.776 664 INFO rally.task.runner [-] Task e38c4d62-c4c6-4cc2-8946-d455cdeb0a63 | ITER: 4 START
2019-06-14 00:43:14.257 664 DEBUG novaclient.v2.client [-] REQ: curl -g -i --cacert "/etc/ssl/certs/mcp_os_cacert" -X GET http://10.167.4.35:8774/v2.1/flavors/detail -H "Accept: application/json" -H "User-Agent: python-novaclient" -H "X-Auth-Token: {SHA1}0d411fec63295e077881f51c6297eaf9025a2ac2" _http_log_request /usr/lib/python2.7/site-packages/keystoneauth1/session.py:448
2019-06-14 00:43:14.257 663 DEBUG novaclient.v2.client [-] REQ: curl -g -i --cacert "/etc/ssl/certs/mcp_os_cacert" -X GET http://10.167.4.35:8774/v2.1/flavors/detail -H "Accept: application/json" -H "User-Agent: python-novaclient" -H "X-Auth-Token: {SHA1}441c404aecc7a5322257c0494b332456029a1459" _http_log_request /usr/lib/python2.7/site-packages/keystoneauth1/session.py:448
2019-06-14 00:43:14.269 662 DEBUG novaclient.v2.client [-] REQ: curl -g -i --cacert "/etc/ssl/certs/mcp_os_cacert" -X GET http://10.167.4.35:8774/v2.1/flavors/detail -H "Accept: application/json" -H "User-Agent: python-novaclient" -H "X-Auth-Token: {SHA1}1392d44df96967955907e119fd9d19f3aa6991fe" _http_log_request /usr/lib/python2.7/site-packages/keystoneauth1/session.py:448
2019-06-14 00:43:14.271 661 DEBUG novaclient.v2.client [-] REQ: curl -g -i --cacert "/etc/ssl/certs/mcp_os_cacert" -X GET http://10.167.4.35:8774/v2.1/flavors/detail -H "Accept: application/json" -H "User-Agent: python-novaclient" -H "X-Auth-Token: {SHA1}af86111ab2aae776ba424b23258ca740df4ee410" _http_log_request /usr/lib/python2.7/site-packages/keystoneauth1/session.py:448
2019-06-14 00:43:14.376 663 DEBUG novaclient.v2.client [-] RESP: [200] Connection: close Content-Length: 1014 Content-Type: application/json Date: Fri, 14 Jun 2019 00:43:14 GMT Openstack-Api-Version: compute 2.1 Vary: OpenStack-API-Version, X-OpenStack-Nova-API-Version X-Compute-Request-Id: req-8fd5039e-8e77-4aa8-81c8-abd4aa801c3a X-Openstack-Nova-Api-Version: 2.1 X-Openstack-Request-Id: req-8fd5039e-8e77-4aa8-81c8-abd4aa801c3a _http_log_response /usr/lib/python2.7/site-packages/keystoneauth1/session.py:479
2019-06-14 00:43:14.378 663 DEBUG novaclient.v2.client [-] RESP BODY: {"flavors": [{"name": "rally_full-flavor_362b0065-1c89-4901-9e2a-9e64f19680ee", "links": [{"href": "http://10.167.4.35:8774/v2.1/flavors/6232446e-2a84-4199-b7fc-25da310355eb", "rel": "self"}, {"href": "http://10.167.4.35:8774/flavors/6232446e-2a84-4199-b7fc-25da310355eb", "rel": "bookmark"}], "ram": 512, "OS-FLV-DISABLED:disabled": false, "vcpus": 1, "swap": "", "os-flavor-access:is_public": true, "rxtx_factor": 1.0, "OS-FLV-EXT-DATA:ephemeral": 0, "disk": 1, "id": "6232446e-2a84-4199-b7fc-25da310355eb"}, {"name": "rally_full-flavor_alt_362b0065-1c89-4901-9e2a-9e64f19680ee", "links": [{"href": "http://10.167.4.35:8774/v2.1/flavors/d4d00b54-abcc-4bdc-85ee-a200e358c024", "rel": "self"}, {"href": "http://10.167.4.35:8774/flavors/d4d00b54-abcc-4bdc-85ee-a200e358c024", "rel": "bookmark"}], "ram": 1024, "OS-FLV-DISABLED:disabled": false, "vcpus": 1, "swap": "", "os-flavor-access:is_public": true, "rxtx_factor": 1.0, "OS-FLV-EXT-DATA:ephemeral": 0, "disk": 1, "id": "d4d00b54-abcc-4bdc-85ee-a200e358c024"}]} _http_log_response /usr/lib/python2.7/site-packages/keystoneauth1/session.py:511
2019-06-14 00:43:14.378 663 DEBUG novaclient.v2.client [-] GET call to compute for http://10.167.4.35:8774/v2.1/flavors/detail used request id req-8fd5039e-8e77-4aa8-81c8-abd4aa801c3a request /usr/lib/python2.7/site-packages/keystoneauth1/session.py:844
2019-06-14 00:43:14.381 663 DEBUG novaclient.v2.client [-] REQ: curl -g -i --cacert "/etc/ssl/certs/mcp_os_cacert" -X GET http://10.167.4.35:8774/v2.1/flavors/detail -H "Accept: application/json" -H "User-Agent: python-novaclient" -H "X-Auth-Token: {SHA1}441c404aecc7a5322257c0494b332456029a1459" _http_log_request /usr/lib/python2.7/site-packages/keystoneauth1/session.py:448
2019-06-14 00:43:14.389 662 DEBUG novaclient.v2.client [-] RESP: [200] Connection: close Content-Length: 1014 Content-Type: application/json Date: Fri, 14 Jun 2019 00:43:14 GMT Openstack-Api-Version: compute 2.1 Vary: OpenStack-API-Version, X-OpenStack-Nova-API-Version X-Compute-Request-Id: req-9798bf73-b5dd-4096-aabd-50b91d7f58df X-Openstack-Nova-Api-Version: 2.1 X-Openstack-Request-Id: req-9798bf73-b5dd-4096-aabd-50b91d7f58df _http_log_response /usr/lib/python2.7/site-packages/keystoneauth1/session.py:479
2019-06-14 00:43:14.390 662 DEBUG novaclient.v2.client [-] RESP BODY: {"flavors": [{"name": "rally_full-flavor_362b0065-1c89-4901-9e2a-9e64f19680ee", "links": [{"href": "http://10.167.4.35:8774/v2.1/flavors/6232446e-2a84-4199-b7fc-25da310355eb", "rel": "self"}, {"href": "http://10.167.4.35:8774/flavors/6232446e-2a84-4199-b7fc-25da310355eb", "rel": "bookmark"}], "ram": 512, "OS-FLV-DISABLED:disabled": false, "vcpus": 1, "swap": "", "os-flavor-access:is_public": true, "rxtx_factor": 1.0, "OS-FLV-EXT-DATA:ephemeral": 0, "disk": 1, "id": "6232446e-2a84-4199-b7fc-25da310355eb"}, {"name": "rally_full-flavor_alt_362b0065-1c89-4901-9e2a-9e64f19680ee", "links": [{"href": "http://10.167.4.35:8774/v2.1/flavors/d4d00b54-abcc-4bdc-85ee-a200e358c024", "rel": "self"}, {"href": "http://10.167.4.35:8774/flavors/d4d00b54-abcc-4bdc-85ee-a200e358c024", "rel": "bookmark"}], "ram": 1024, "OS-FLV-DISABLED:disabled": false, "vcpus": 1, "swap": "", "os-flavor-access:is_public": true, "rxtx_factor": 1.0, "OS-FLV-EXT-DATA:ephemeral": 0, "disk": 1, "id": "d4d00b54-abcc-4bdc-85ee-a200e358c024"}]} _http_log_response /usr/lib/python2.7/site-packages/keystoneauth1/session.py:511
2019-06-14 00:43:14.391 662 DEBUG novaclient.v2.client [-] GET call to compute for http://10.167.4.35:8774/v2.1/flavors/detail used request id req-9798bf73-b5dd-4096-aabd-50b91d7f58df request /usr/lib/python2.7/site-packages/keystoneauth1/session.py:844
2019-06-14 00:43:14.392 662 DEBUG novaclient.v2.client [-] REQ: curl -g -i --cacert "/etc/ssl/certs/mcp_os_cacert" -X GET http://10.167.4.35:8774/v2.1/flavors/detail -H "Accept: application/json" -H "User-Agent: python-novaclient" -H "X-Auth-Token: {SHA1}1392d44df96967955907e119fd9d19f3aa6991fe" _http_log_request /usr/lib/python2.7/site-packages/keystoneauth1/session.py:448
2019-06-14 00:43:14.395 664 DEBUG novaclient.v2.client [-] RESP: [200] Connection: close Content-Length: 1014 Content-Type: application/json Date: Fri, 14 Jun 2019 00:43:14 GMT Openstack-Api-Version: compute 2.1 Vary: OpenStack-API-Version, X-OpenStack-Nova-API-Version X-Compute-Request-Id: req-3b9247e5-78d8-48c9-b1e0-a1d5e4168541 X-Openstack-Nova-Api-Version: 2.1 X-Openstack-Request-Id: req-3b9247e5-78d8-48c9-b1e0-a1d5e4168541 _http_log_response /usr/lib/python2.7/site-packages/keystoneauth1/session.py:479
2019-06-14 00:43:14.396 664 DEBUG novaclient.v2.client [-] RESP BODY: {"flavors": [{"name": "rally_full-flavor_362b0065-1c89-4901-9e2a-9e64f19680ee", "links": [{"href": "http://10.167.4.35:8774/v2.1/flavors/6232446e-2a84-4199-b7fc-25da310355eb", "rel": "self"}, {"href": "http://10.167.4.35:8774/flavors/6232446e-2a84-4199-b7fc-25da310355eb", "rel": "bookmark"}], "ram": 512, "OS-FLV-DISABLED:disabled": false, "vcpus": 1, "swap": "", "os-flavor-access:is_public": true, "rxtx_factor": 1.0, "OS-FLV-EXT-DATA:ephemeral": 0, "disk": 1, "id": "6232446e-2a84-4199-b7fc-25da310355eb"}, {"name": "rally_full-flavor_alt_362b0065-1c89-4901-9e2a-9e64f19680ee", "links": [{"href": "http://10.167.4.35:8774/v2.1/flavors/d4d00b54-abcc-4bdc-85ee-a200e358c024", "rel": "self"}, {"href": "http://10.167.4.35:8774/flavors/d4d00b54-abcc-4bdc-85ee-a200e358c024", "rel": "bookmark"}], "ram": 1024, "OS-FLV-DISABLED:disabled": false, "vcpus": 1, "swap": "", "os-flavor-access:is_public": true, "rxtx_factor": 1.0, "OS-FLV-EXT-DATA:ephemeral": 0, "disk": 1, "id": "d4d00b54-abcc-4bdc-85ee-a200e358c024"}]} _http_log_response /usr/lib/python2.7/site-packages/keystoneauth1/session.py:511
2019-06-14 00:43:14.397 664 DEBUG novaclient.v2.client [-] GET call to compute for http://10.167.4.35:8774/v2.1/flavors/detail used request id req-3b9247e5-78d8-48c9-b1e0-a1d5e4168541 request /usr/lib/python2.7/site-packages/keystoneauth1/session.py:844
2019-06-14 00:43:14.399 664 DEBUG novaclient.v2.client [-] REQ: curl -g -i --cacert "/etc/ssl/certs/mcp_os_cacert" -X GET http://10.167.4.35:8774/v2.1/flavors/detail -H "Accept: application/json" -H "User-Agent: python-novaclient" -H "X-Auth-Token: {SHA1}0d411fec63295e077881f51c6297eaf9025a2ac2" _http_log_request /usr/lib/python2.7/site-packages/keystoneauth1/session.py:448
2019-06-14 00:43:14.400 663 DEBUG novaclient.v2.client [-] RESP: [200] Connection: close Content-Length: 1014 Content-Type: application/json Date: Fri, 14 Jun 2019 00:43:14 GMT Openstack-Api-Version: compute 2.1 Vary: OpenStack-API-Version, X-OpenStack-Nova-API-Version X-Compute-Request-Id: req-eeef1896-ca45-4b9b-9fc7-b5e3c7652d6f X-Openstack-Nova-Api-Version: 2.1 X-Openstack-Request-Id: req-eeef1896-ca45-4b9b-9fc7-b5e3c7652d6f _http_log_response /usr/lib/python2.7/site-packages/keystoneauth1/session.py:479
2019-06-14 00:43:14.401 663 DEBUG novaclient.v2.client [-] RESP BODY: {"flavors": [{"name": "rally_full-flavor_362b0065-1c89-4901-9e2a-9e64f19680ee", "links": [{"href": "http://10.167.4.35:8774/v2.1/flavors/6232446e-2a84-4199-b7fc-25da310355eb", "rel": "self"}, {"href": "http://10.167.4.35:8774/flavors/6232446e-2a84-4199-b7fc-25da310355eb", "rel": "bookmark"}], "ram": 512, "OS-FLV-DISABLED:disabled": false, "vcpus": 1, "swap": "", "os-flavor-access:is_public": true, "rxtx_factor": 1.0, "OS-FLV-EXT-DATA:ephemeral": 0, "disk": 1, "id": "6232446e-2a84-4199-b7fc-25da310355eb"}, {"name": "rally_full-flavor_alt_362b0065-1c89-4901-9e2a-9e64f19680ee", "links": [{"href": "http://10.167.4.35:8774/v2.1/flavors/d4d00b54-abcc-4bdc-85ee-a200e358c024", "rel": "self"}, {"href": "http://10.167.4.35:8774/flavors/d4d00b54-abcc-4bdc-85ee-a200e358c024", "rel": "bookmark"}], "ram": 1024, "OS-FLV-DISABLED:disabled": false, "vcpus": 1, "swap": "", "os-flavor-access:is_public": true, "rxtx_factor": 1.0, "OS-FLV-EXT-DATA:ephemeral": 0, "disk": 1, "id": "d4d00b54-abcc-4bdc-85ee-a200e358c024"}]} _http_log_response /usr/lib/python2.7/site-packages/keystoneauth1/session.py:511
2019-06-14 00:43:14.402 663 DEBUG novaclient.v2.client [-] GET call to compute for http://10.167.4.35:8774/v2.1/flavors/detail used request id req-eeef1896-ca45-4b9b-9fc7-b5e3c7652d6f request /usr/lib/python2.7/site-packages/keystoneauth1/session.py:844
2019-06-14 00:43:14.403 663 INFO rally.task.runner [-] Task e38c4d62-c4c6-4cc2-8946-d455cdeb0a63 | ITER: 3 END: OK
2019-06-14 00:43:14.405 663 INFO rally.task.runner [-] Task e38c4d62-c4c6-4cc2-8946-d455cdeb0a63 | ITER: 5 START
2019-06-14 00:43:14.412 662 DEBUG novaclient.v2.client [-] RESP: [200] Connection: close Content-Length: 1014 Content-Type: application/json Date: Fri, 14 Jun 2019 00:43:14 GMT Openstack-Api-Version: compute 2.1 Vary: OpenStack-API-Version, X-OpenStack-Nova-API-Version X-Compute-Request-Id: req-d4e9f663-bc30-4dd7-ba27-d1ae943abf23 X-Openstack-Nova-Api-Version: 2.1 X-Openstack-Request-Id: req-d4e9f663-bc30-4dd7-ba27-d1ae943abf23 _http_log_response /usr/lib/python2.7/site-packages/keystoneauth1/session.py:479
2019-06-14 00:43:14.413 662 DEBUG novaclient.v2.client [-] RESP BODY: {"flavors": [{"name": "rally_full-flavor_362b0065-1c89-4901-9e2a-9e64f19680ee", "links": [{"href": "http://10.167.4.35:8774/v2.1/flavors/6232446e-2a84-4199-b7fc-25da310355eb", "rel": "self"}, {"href": "http://10.167.4.35:8774/flavors/6232446e-2a84-4199-b7fc-25da310355eb", "rel": "bookmark"}], "ram": 512, "OS-FLV-DISABLED:disabled": false, "vcpus": 1, "swap": "", "os-flavor-access:is_public": true, "rxtx_factor": 1.0, "OS-FLV-EXT-DATA:ephemeral": 0, "disk": 1, "id": "6232446e-2a84-4199-b7fc-25da310355eb"}, {"name": "rally_full-flavor_alt_362b0065-1c89-4901-9e2a-9e64f19680ee", "links": [{"href": "http://10.167.4.35:8774/v2.1/flavors/d4d00b54-abcc-4bdc-85ee-a200e358c024", "rel": "self"}, {"href": "http://10.167.4.35:8774/flavors/d4d00b54-abcc-4bdc-85ee-a200e358c024", "rel": "bookmark"}], "ram": 1024, "OS-FLV-DISABLED:disabled": false, "vcpus": 1, "swap": "", "os-flavor-access:is_public": true, "rxtx_factor": 1.0, "OS-FLV-EXT-DATA:ephemeral": 0, "disk": 1, "id": "d4d00b54-abcc-4bdc-85ee-a200e358c024"}]} _http_log_response /usr/lib/python2.7/site-packages/keystoneauth1/session.py:511
2019-06-14 00:43:14.413 662 DEBUG novaclient.v2.client [-] GET call to compute for http://10.167.4.35:8774/v2.1/flavors/detail used request id req-d4e9f663-bc30-4dd7-ba27-d1ae943abf23 request /usr/lib/python2.7/site-packages/keystoneauth1/session.py:844
2019-06-14 00:43:14.413 661 DEBUG novaclient.v2.client [-] RESP: [200] Connection: close Content-Length: 1014 Content-Type: application/json Date: Fri, 14 Jun 2019 00:43:14 GMT Openstack-Api-Version: compute 2.1 Vary: OpenStack-API-Version, X-OpenStack-Nova-API-Version X-Compute-Request-Id: req-66f8e562-c888-4cbb-bb53-19f716e3c5d5 X-Openstack-Nova-Api-Version: 2.1 X-Openstack-Request-Id: req-66f8e562-c888-4cbb-bb53-19f716e3c5d5 _http_log_response /usr/lib/python2.7/site-packages/keystoneauth1/session.py:479
2019-06-14 00:43:14.414 662 INFO rally.task.runner [-] Task e38c4d62-c4c6-4cc2-8946-d455cdeb0a63 | ITER: 2 END: OK
2019-06-14 00:43:14.414 661 DEBUG novaclient.v2.client [-] RESP BODY: {"flavors": [{"name": "rally_full-flavor_362b0065-1c89-4901-9e2a-9e64f19680ee", "links": [{"href": "http://10.167.4.35:8774/v2.1/flavors/6232446e-2a84-4199-b7fc-25da310355eb", "rel": "self"}, {"href": "http://10.167.4.35:8774/flavors/6232446e-2a84-4199-b7fc-25da310355eb", "rel": "bookmark"}], "ram": 512, "OS-FLV-DISABLED:disabled": false, "vcpus": 1, "swap": "", "os-flavor-access:is_public": true, "rxtx_factor": 1.0, "OS-FLV-EXT-DATA:ephemeral": 0, "disk": 1, "id": "6232446e-2a84-4199-b7fc-25da310355eb"}, {"name": "rally_full-flavor_alt_362b0065-1c89-4901-9e2a-9e64f19680ee", "links": [{"href": "http://10.167.4.35:8774/v2.1/flavors/d4d00b54-abcc-4bdc-85ee-a200e358c024", "rel": "self"}, {"href": "http://10.167.4.35:8774/flavors/d4d00b54-abcc-4bdc-85ee-a200e358c024", "rel": "bookmark"}], "ram": 1024, "OS-FLV-DISABLED:disabled": false, "vcpus": 1, "swap": "", "os-flavor-access:is_public": true, "rxtx_factor": 1.0, "OS-FLV-EXT-DATA:ephemeral": 0, "disk": 1, "id": "d4d00b54-abcc-4bdc-85ee-a200e358c024"}]} _http_log_response /usr/lib/python2.7/site-packages/keystoneauth1/session.py:511
2019-06-14 00:43:14.415 661 DEBUG novaclient.v2.client [-] GET call to compute for http://10.167.4.35:8774/v2.1/flavors/detail used request id req-66f8e562-c888-4cbb-bb53-19f716e3c5d5 request /usr/lib/python2.7/site-packages/keystoneauth1/session.py:844
2019-06-14 00:43:14.416 661 DEBUG novaclient.v2.client [-] REQ: curl -g -i --cacert "/etc/ssl/certs/mcp_os_cacert" -X GET http://10.167.4.35:8774/v2.1/flavors/detail -H "Accept: application/json" -H "User-Agent: python-novaclient" -H "X-Auth-Token: {SHA1}af86111ab2aae776ba424b23258ca740df4ee410" _http_log_request /usr/lib/python2.7/site-packages/keystoneauth1/session.py:448
2019-06-14 00:43:14.417 662 INFO rally.task.runner [-] Task e38c4d62-c4c6-4cc2-8946-d455cdeb0a63 | ITER: 6 START
2019-06-14 00:43:14.421 664 DEBUG novaclient.v2.client [-] RESP: [200] Connection: close Content-Length: 1014 Content-Type: application/json Date: Fri, 14 Jun 2019 00:43:14 GMT Openstack-Api-Version: compute 2.1 Vary: OpenStack-API-Version, X-OpenStack-Nova-API-Version X-Compute-Request-Id: req-a24b2c58-94d0-448d-a121-3d67372b51eb X-Openstack-Nova-Api-Version: 2.1 X-Openstack-Request-Id: req-a24b2c58-94d0-448d-a121-3d67372b51eb _http_log_response /usr/lib/python2.7/site-packages/keystoneauth1/session.py:479
2019-06-14 00:43:14.422 664 DEBUG novaclient.v2.client [-] RESP BODY: {"flavors": [{"name": "rally_full-flavor_362b0065-1c89-4901-9e2a-9e64f19680ee", "links": [{"href": "http://10.167.4.35:8774/v2.1/flavors/6232446e-2a84-4199-b7fc-25da310355eb", "rel": "self"}, {"href": "http://10.167.4.35:8774/flavors/6232446e-2a84-4199-b7fc-25da310355eb", "rel": "bookmark"}], "ram": 512, "OS-FLV-DISABLED:disabled": false, "vcpus": 1, "swap": "", "os-flavor-access:is_public": true, "rxtx_factor": 1.0, "OS-FLV-EXT-DATA:ephemeral": 0, "disk": 1, "id": "6232446e-2a84-4199-b7fc-25da310355eb"}, {"name": "rally_full-flavor_alt_362b0065-1c89-4901-9e2a-9e64f19680ee", "links": [{"href": "http://10.167.4.35:8774/v2.1/flavors/d4d00b54-abcc-4bdc-85ee-a200e358c024", "rel": "self"}, {"href": "http://10.167.4.35:8774/flavors/d4d00b54-abcc-4bdc-85ee-a200e358c024", "rel": "bookmark"}], "ram": 1024, "OS-FLV-DISABLED:disabled": false, "vcpus": 1, "swap": "", "os-flavor-access:is_public": true, "rxtx_factor": 1.0, "OS-FLV-EXT-DATA:ephemeral": 0, "disk": 1, "id": "d4d00b54-abcc-4bdc-85ee-a200e358c024"}]} _http_log_response /usr/lib/python2.7/site-packages/keystoneauth1/session.py:511
