2019-06-12 08:26:25.544 23767 RALLYDEBUG rally.task.runner [-] Starting a worker. concurrency: 1 args: {"network_create_args": {}, "subnet_create_args": {}, "subnet_cidr_start": "1.1.0.0/30", "subnets_per_network": 2} times: 40 method_name: run timeout: 0 duration: None cls:
2019-06-12 08:26:25.546 23757 WARNING rally_openstack.scenarios.neutron.utils [-] Running this scenario without either the 'network' or 'existing_network' context is deprecated
2019-06-12 08:26:25.547 23761 INFO rally.task.runner [-] Task 19efb881-e6b5-4448-a379-328943702eba | ITER: 10 START
2019-06-12 08:26:25.549 23755 INFO rally.task.runner [-] Task 19efb881-e6b5-4448-a379-328943702eba | ITER: 5 START
2019-06-12 08:26:25.550 23761 WARNING rally_openstack.scenarios.neutron.utils [-] Running this scenario without either the 'network' or 'existing_network' context is deprecated
2019-06-12 08:26:25.550 23755 WARNING rally_openstack.scenarios.neutron.utils [-] Running this scenario without either the 'network' or 'existing_network' context is deprecated
2019-06-12 08:26:25.551 23767 INFO rally.task.runner [-] Task 19efb881-e6b5-4448-a379-328943702eba | ITER: 11 START
2019-06-12 08:26:25.550 23774 RALLYDEBUG rally.task.runner [-] Starting a worker. concurrency: 1 args: {"network_create_args": {}, "subnet_create_args": {}, "subnet_cidr_start": "1.1.0.0/30", "subnets_per_network": 2} times: 40 method_name: run timeout: 0 duration: None cls:
2019-06-12 08:26:25.543 23756 WARNING rally_openstack.scenarios.neutron.utils [-] Running this scenario without either the 'network' or 'existing_network' context is deprecated
2019-06-12 08:26:25.552 23767 WARNING rally_openstack.scenarios.neutron.utils [-] Running this scenario without either the 'network' or 'existing_network' context is deprecated
2019-06-12 08:26:25.550 23757 INFO rally.task.runner [-] Task 19efb881-e6b5-4448-a379-328943702eba | ITER: 9 START
2019-06-12 08:26:25.557 23778 RALLYDEBUG rally.task.runner [-] Starting a worker. concurrency: 1 args: {"network_create_args": {}, "subnet_create_args": {}, "subnet_cidr_start": "1.1.0.0/30", "subnets_per_network": 2} times: 40 method_name: run timeout: 0 duration: None cls:
2019-06-12 08:26:25.559 23774 INFO rally.task.runner [-] Task 19efb881-e6b5-4448-a379-328943702eba | ITER: 12 START
2019-06-12 08:26:25.558 23757 WARNING rally_openstack.scenarios.neutron.utils [-] Running this scenario without either the 'network' or 'existing_network' context is deprecated
2019-06-12 08:26:25.561 23774 WARNING rally_openstack.scenarios.neutron.utils [-] Running this scenario without either the 'network' or 'existing_network' context is deprecated
2019-06-12 08:26:25.564 23778 INFO rally.task.runner [-] Task 19efb881-e6b5-4448-a379-328943702eba | ITER: 13 START
2019-06-12 08:26:25.566 23778 WARNING rally_openstack.scenarios.neutron.utils [-] Running this scenario without either the 'network' or 'existing_network' context is deprecated
2019-06-12 08:26:25.566 23782 RALLYDEBUG rally.task.runner [-] Starting a worker. concurrency: 1 args: {"network_create_args": {}, "subnet_create_args": {}, "subnet_cidr_start": "1.1.0.0/30", "subnets_per_network": 2} times: 40 method_name: run timeout: 0 duration: None cls:
2019-06-12 08:26:25.571 23786 RALLYDEBUG rally.task.runner [-] Starting a worker. concurrency: 1 args: {"network_create_args": {}, "subnet_create_args": {}, "subnet_cidr_start": "1.1.0.0/30", "subnets_per_network": 2} times: 40 method_name: run timeout: 0 duration: None cls:
2019-06-12 08:26:25.576 23782 INFO rally.task.runner [-] Task 19efb881-e6b5-4448-a379-328943702eba | ITER: 14 START
2019-06-12 08:26:25.578 23786 INFO rally.task.runner [-] Task 19efb881-e6b5-4448-a379-328943702eba | ITER: 15 START
2019-06-12 08:26:25.578 23782 WARNING rally_openstack.scenarios.neutron.utils [-] Running this scenario without either the 'network' or 'existing_network' context is deprecated
2019-06-12 08:26:25.579 23786 WARNING rally_openstack.scenarios.neutron.utils [-] Running this scenario without either the 'network' or 'existing_network' context is deprecated
2019-06-12 08:26:25.583 23790 RALLYDEBUG rally.task.runner [-] Starting a worker. concurrency: 1 args: {"network_create_args": {}, "subnet_create_args": {}, "subnet_cidr_start": "1.1.0.0/30", "subnets_per_network": 2} times: 40 method_name: run timeout: 0 duration: None cls:
2019-06-12 08:26:25.590 23790 INFO rally.task.runner [-] Task 19efb881-e6b5-4448-a379-328943702eba | ITER: 16 START
2019-06-12 08:26:25.592 23790 WARNING rally_openstack.scenarios.neutron.utils [-] Running this scenario without either the 'network' or 'existing_network' context is deprecated
2019-06-12 08:26:25.592 23792 RALLYDEBUG rally.task.runner [-] Starting a worker. concurrency: 1 args: {"network_create_args": {}, "subnet_create_args": {}, "subnet_cidr_start": "1.1.0.0/30", "subnets_per_network": 2} times: 40 method_name: run timeout: 0 duration: None cls:
2019-06-12 08:26:25.598 23792 INFO rally.task.runner [-] Task 19efb881-e6b5-4448-a379-328943702eba | ITER: 17 START
2019-06-12 08:26:25.599 23795 RALLYDEBUG rally.task.runner [-] Starting a worker. concurrency: 1 args: {"network_create_args": {}, "subnet_create_args": {}, "subnet_cidr_start": "1.1.0.0/30", "subnets_per_network": 2} times: 40 method_name: run timeout: 0 duration: None cls:
2019-06-12 08:26:25.600 23792 WARNING rally_openstack.scenarios.neutron.utils [-] Running this scenario without either the 'network' or 'existing_network' context is deprecated
2019-06-12 08:26:25.604 23795 INFO rally.task.runner [-] Task 19efb881-e6b5-4448-a379-328943702eba | ITER: 18 START
2019-06-12 08:26:25.604 23798 RALLYDEBUG rally.task.runner [-] Starting a worker. concurrency: 1 args: {"network_create_args": {}, "subnet_create_args": {}, "subnet_cidr_start": "1.1.0.0/30", "subnets_per_network": 2} times: 40 method_name: run timeout: 0 duration: None cls:
2019-06-12 08:26:25.605 23795 WARNING rally_openstack.scenarios.neutron.utils [-] Running this scenario without either the 'network' or 'existing_network' context is deprecated
2019-06-12 08:26:25.609 23801 RALLYDEBUG rally.task.runner [-] Starting a worker. concurrency: 1 args: {"network_create_args": {}, "subnet_create_args": {}, "subnet_cidr_start": "1.1.0.0/30", "subnets_per_network": 2} times: 40 method_name: run timeout: 0 duration: None cls:
2019-06-12 08:26:25.610 23798 INFO rally.task.runner [-] Task 19efb881-e6b5-4448-a379-328943702eba | ITER: 19 START
2019-06-12 08:26:25.611 23798 WARNING rally_openstack.scenarios.neutron.utils [-] Running this scenario without either the 'network' or 'existing_network' context is deprecated
2019-06-12 08:26:25.613 23801 INFO rally.task.runner [-] Task 19efb881-e6b5-4448-a379-328943702eba | ITER: 20 START
2019-06-12 08:26:25.614 23801 WARNING rally_openstack.scenarios.neutron.utils [-] Running this scenario without either the 'network' or 'existing_network' context is deprecated
2019-06-12 08:26:26.522 23754 RALLYDEBUG rally_openstack.wrappers.network [-] CIDR generated: 1.1.4.96/30
2019-06-12 08:26:26.546 23782 RALLYDEBUG rally_openstack.wrappers.network [-] CIDR generated: 1.1.4.100/30
2019-06-12 08:26:26.557 23778 RALLYDEBUG rally_openstack.wrappers.network [-] CIDR generated: 1.1.4.104/30
2019-06-12 08:26:26.565 23759 RALLYDEBUG rally_openstack.wrappers.network [-] CIDR generated: 1.1.4.108/30
2019-06-12 08:26:26.565 23761 RALLYDEBUG rally_openstack.wrappers.network [-] CIDR generated: 1.1.4.112/30
2019-06-12 08:26:26.567 23767 RALLYDEBUG rally_openstack.wrappers.network [-] CIDR generated: 1.1.4.116/30
2019-06-12 08:26:26.602 23792 RALLYDEBUG rally_openstack.wrappers.network [-] CIDR generated: 1.1.4.120/30
2019-06-12 08:26:26.615 23801 RALLYDEBUG rally_openstack.wrappers.network [-] CIDR generated: 1.1.4.124/30
2019-06-12 08:26:26.746 23786 RALLYDEBUG rally_openstack.wrappers.network [-] CIDR generated: 1.1.4.128/30
2019-06-12 08:26:26.803 23756 RALLYDEBUG rally_openstack.wrappers.network [-] CIDR generated: 1.1.4.132/30
2019-06-12 08:26:26.810 23755 RALLYDEBUG rally_openstack.wrappers.network [-] CIDR generated: 1.1.4.136/30
2019-06-12 08:26:26.851 23757 RALLYDEBUG rally_openstack.wrappers.network [-] CIDR generated: 1.1.4.140/30
2019-06-12 08:26:26.871 23755 RALLYDEBUG rally_openstack.wrappers.network [-] CIDR generated: 1.1.4.144/30
2019-06-12 08:26:26.900 23757 RALLYDEBUG rally_openstack.wrappers.network [-] CIDR generated: 1.1.4.148/30
2019-06-12 08:26:26.981 23795 RALLYDEBUG rally_openstack.wrappers.network [-] CIDR generated: 1.1.4.152/30
2019-06-12 08:26:27.013 23798 RALLYDEBUG rally_openstack.wrappers.network [-] CIDR generated: 1.1.4.156/30
2019-06-12 08:26:27.074 23774 RALLYDEBUG rally_openstack.wrappers.network [-] CIDR generated: 1.1.4.160/30
2019-06-12 08:26:27.091 23790 RALLYDEBUG rally_openstack.wrappers.network [-] CIDR generated: 1.1.4.164/30
2019-06-12 08:26:27.221 23756 RALLYDEBUG rally_openstack.wrappers.network [-] CIDR generated: 1.1.4.168/30
2019-06-12 08:26:27.408 23754 RALLYDEBUG rally_openstack.wrappers.network [-] CIDR generated: 1.1.4.172/30
2019-06-12 08:26:27.744 23792 RALLYDEBUG rally_openstack.wrappers.network [-] CIDR generated: 1.1.4.176/30
2019-06-12 08:26:27.818 23755 RALLYDEBUG rally_openstack.wrappers.network [-] CIDR generated: 1.1.4.180/30
2019-06-12 08:26:27.951 23757 RALLYDEBUG rally_openstack.wrappers.network [-] CIDR generated: 1.1.4.184/30
2019-06-12 08:26:28.003 23757 RALLYDEBUG rally_openstack.wrappers.network [-] CIDR generated: 1.1.4.188/30
2019-06-12 08:26:28.081 23778 RALLYDEBUG rally_openstack.wrappers.network [-] CIDR generated: 1.1.4.192/30
2019-06-12 08:26:28.216 23756 RALLYDEBUG rally_openstack.wrappers.network [-] CIDR generated: 1.1.4.196/30
2019-06-12 08:26:28.264 23767 RALLYDEBUG rally_openstack.wrappers.network [-] CIDR generated: 1.1.4.200/30
2019-06-12 08:26:28.693 23755 RALLYDEBUG rally_openstack.wrappers.network [-] CIDR generated: 1.1.4.204/30
2019-06-12 08:26:28.723 23754 RALLYDEBUG rally_openstack.wrappers.network [-] CIDR generated: 1.1.4.208/30
2019-06-12 08:26:28.748 23798 RALLYDEBUG rally_openstack.wrappers.network [-] CIDR generated: 1.1.4.212/30
2019-06-12 08:26:28.860 23774 RALLYDEBUG rally_openstack.wrappers.network [-] CIDR generated: 1.1.4.216/30
2019-06-12 08:26:28.862 23759 RALLYDEBUG rally_openstack.wrappers.network [-] CIDR generated: 1.1.4.220/30
2019-06-12 08:26:28.924 23754 RALLYDEBUG rally_openstack.wrappers.network [-] CIDR generated: 1.1.4.224/30
2019-06-12 08:26:29.063 23795 RALLYDEBUG rally_openstack.wrappers.network [-] CIDR generated: 1.1.4.228/30
2019-06-12 08:26:29.324 23756 RALLYDEBUG rally_openstack.wrappers.network [-] CIDR generated: 1.1.4.232/30
2019-06-12 08:26:29.704 23786 RALLYDEBUG rally_openstack.wrappers.network [-] CIDR generated: 1.1.4.236/30
2019-06-12 08:26:29.838 23782 RALLYDEBUG rally_openstack.wrappers.network [-] CIDR generated: 1.1.4.240/30
2019-06-12 08:26:29.890 23801 RALLYDEBUG rally_openstack.wrappers.network [-] CIDR generated: 1.1.4.244/30
2019-06-12 08:26:30.071 23761 RALLYDEBUG rally_openstack.wrappers.network [-] CIDR generated: 1.1.4.248/30
2019-06-12 08:26:31.040 23757 INFO rally.task.runner [-] Task 19efb881-e6b5-4448-a379-328943702eba | ITER: 6 END: OK
2019-06-12 08:26:31.045 23757 INFO rally.task.runner [-] Task 19efb881-e6b5-4448-a379-328943702eba | ITER: 21 START
2019-06-12 08:26:31.046 23757 WARNING rally_openstack.scenarios.neutron.utils [-] Running this scenario without either the 'network' or 'existing_network' context is deprecated
2019-06-12 08:26:31.247 23790 RALLYDEBUG rally_openstack.wrappers.network [-] CIDR generated: 1.1.4.252/30
2019-06-12 08:26:31.856 23756 INFO rally.task.runner [-] Task 19efb881-e6b5-4448-a379-328943702eba | ITER: 4 END: OK
2019-06-12 08:26:31.861 23756 INFO rally.task.runner [-] Task 19efb881-e6b5-4448-a379-328943702eba | ITER: 22 START
2019-06-12 08:26:31.862 23756 WARNING rally_openstack.scenarios.neutron.utils [-] Running this scenario without either the 'network' or 'existing_network' context is deprecated
2019-06-12 08:26:31.968 23757 RALLYDEBUG rally_openstack.wrappers.network [-] CIDR generated: 1.1.5.0/30
2019-06-12 08:26:32.255 23774 INFO rally.task.runner [-] Task 19efb881-e6b5-4448-a379-328943702eba | ITER: 12 END: OK
2019-06-12 08:26:32.259 23774 INFO rally.task.runner [-] Task 19efb881-e6b5-4448-a379-328943702eba | ITER: 23 START
2019-06-12 08:26:32.260 23774 WARNING rally_openstack.scenarios.neutron.utils [-] Running this scenario without either the 'network' or 'existing_network' context is deprecated
2019-06-12 08:26:32.378 23757 INFO rally.task.runner [-] Task 19efb881-e6b5-4448-a379-328943702eba | ITER: 9 END: OK
2019-06-12 08:26:32.381 23757 INFO rally.task.runner [-] Task 19efb881-e6b5-4448-a379-328943702eba | ITER: 24 START
2019-06-12 08:26:32.381 23757 WARNING rally_openstack.scenarios.neutron.utils [-] Running this scenario without either the 'network' or 'existing_network' context is deprecated
2019-06-12 08:26:32.985 23757 RALLYDEBUG rally_openstack.wrappers.network [-] CIDR generated: 1.1.5.4/30
2019-06-12 08:26:33.132 23756 RALLYDEBUG rally_openstack.wrappers.network [-] CIDR generated: 1.1.5.8/30
2019-06-12 08:26:33.201 23761 INFO rally.task.runner [-] Task 19efb881-e6b5-4448-a379-328943702eba | ITER: 10 END: OK
2019-06-12 08:26:33.205 23761 INFO rally.task.runner [-] Task 19efb881-e6b5-4448-a379-328943702eba | ITER: 25 START
2019-06-12 08:26:33.206 23761 WARNING rally_openstack.scenarios.neutron.utils [-] Running this scenario without either the 'network' or 'existing_network' context is deprecated
2019-06-12 08:26:33.306 23757 RALLYDEBUG rally_openstack.wrappers.network [-] CIDR generated: 1.1.5.12/30
2019-06-12 08:26:33.651 23757 RALLYDEBUG rally_openstack.wrappers.network [-] CIDR generated: 1.1.5.16/30
2019-06-12 08:26:33.754 23795 INFO rally.task.runner [-] Task 19efb881-e6b5-4448-a379-328943702eba | ITER: 18 END: OK
2019-06-12 08:26:33.758 23795 INFO rally.task.runner [-] Task 19efb881-e6b5-4448-a379-328943702eba | ITER: 26 START
2019-06-12 08:26:33.759 23795 WARNING rally_openstack.scenarios.neutron.utils [-] Running this scenario without either the 'network' or 'existing_network' context is deprecated
2019-06-12 08:26:33.809 23761 RALLYDEBUG rally_openstack.wrappers.network [-] CIDR generated: 1.1.5.20/30
2019-06-12 08:26:33.882 23774 RALLYDEBUG rally_openstack.wrappers.network [-] CIDR generated: 1.1.5.24/30
2019-06-12 08:26:33.994 23755 INFO rally.task.runner [-] Task 19efb881-e6b5-4448-a379-328943702eba | ITER: 5 END: OK
2019-06-12 08:26:34.000 23755 INFO rally.task.runner [-] Task 19efb881-e6b5-4448-a379-328943702eba | ITER: 27 START
2019-06-12 08:26:34.000 23755 WARNING rally_openstack.scenarios.neutron.utils [-] Running this scenario without either the 'network' or 'existing_network' context is deprecated
2019-06-12 08:26:34.355 23756 RALLYDEBUG rally_openstack.wrappers.network [-] CIDR generated: 1.1.5.28/30
2019-06-12 08:26:34.594 23755 RALLYDEBUG rally_openstack.wrappers.network [-] CIDR generated: 1.1.5.32/30
2019-06-12 08:26:34.617 23755 INFO rally.task.runner [-] Task 19efb881-e6b5-4448-a379-328943702eba | ITER: 2 END: OK
2019-06-12 08:26:34.620 23755 INFO rally.task.runner [-] Task 19efb881-e6b5-4448-a379-328943702eba | ITER: 28 START
2019-06-12 08:26:34.621 23755 WARNING rally_openstack.scenarios.neutron.utils [-] Running this scenario without either the 'network' or 'existing_network' context is deprecated
2019-06-12 08:26:34.637 23778 INFO rally.task.runner [-] Task 19efb881-e6b5-4448-a379-328943702eba | ITER: 13 END: OK
2019-06-12 08:26:34.642 23778 INFO rally.task.runner [-] Task 19efb881-e6b5-4448-a379-328943702eba | ITER: 29 START
2019-06-12 08:26:34.643 23778 WARNING rally_openstack.scenarios.neutron.utils [-] Running this scenario without either the 'network' or 'existing_network' context is deprecated
2019-06-12 08:26:34.731 23759 INFO rally.task.runner [-] Task 19efb881-e6b5-4448-a379-328943702eba | ITER: 8 END: OK
2019-06-12 08:26:34.736 23759 INFO rally.task.runner [-] Task 19efb881-e6b5-4448-a379-328943702eba | ITER: 30 START
2019-06-12 08:26:34.737 23759 WARNING rally_openstack.scenarios.neutron.utils [-] Running this scenario without either the 'network' or 'existing_network' context is deprecated
2019-06-12 08:26:35.156 23761 RALLYDEBUG rally_openstack.wrappers.network [-] CIDR generated: 1.1.5.36/30
2019-06-12 08:26:35.214 23774 RALLYDEBUG rally_openstack.wrappers.network [-] CIDR generated: 1.1.5.40/30
2019-06-12 08:26:35.232 23755 RALLYDEBUG rally_openstack.wrappers.network [-] CIDR generated: 1.1.5.44/30
2019-06-12 08:26:35.441 23778 RALLYDEBUG rally_openstack.wrappers.network [-] CIDR generated: 1.1.5.48/30
2019-06-12 08:26:35.497 23756 INFO rally.task.runner [-] Task 19efb881-e6b5-4448-a379-328943702eba | ITER: 7 END: OK
2019-06-12 08:26:35.502 23756 INFO rally.task.runner [-] Task 19efb881-e6b5-4448-a379-328943702eba | ITER: 31 START
2019-06-12 08:26:35.502 23756 WARNING rally_openstack.scenarios.neutron.utils [-] Running this scenario without either the 'network' or 'existing_network' context is deprecated
2019-06-12 08:26:35.546 23759 RALLYDEBUG rally_openstack.wrappers.network [-] CIDR generated: 1.1.5.52/30
2019-06-12 08:26:35.617 23755 RALLYDEBUG rally_openstack.wrappers.network [-] CIDR generated: 1.1.5.56/30
2019-06-12 08:26:35.827 23798 INFO rally.task.runner [-] Task 19efb881-e6b5-4448-a379-328943702eba | ITER: 19 END: OK
2019-06-12 08:26:35.832 23798 INFO rally.task.runner [-] Task 19efb881-e6b5-4448-a379-328943702eba | ITER: 32 START
2019-06-12 08:26:35.833 23798 WARNING rally_openstack.scenarios.neutron.utils [-] Running this scenario without either the 'network' or 'existing_network' context is deprecated
2019-06-12 08:26:36.143 23778 RALLYDEBUG rally_openstack.wrappers.network [-] CIDR generated: 1.1.5.60/30
2019-06-12 08:26:36.380 23798 RALLYDEBUG rally_openstack.wrappers.network [-] CIDR generated: 1.1.5.64/30
2019-06-12 08:26:36.600 23795 RALLYDEBUG rally_openstack.wrappers.network [-] CIDR generated: 1.1.5.68/30
2019-06-12 08:26:36.744 23755 RALLYDEBUG rally_openstack.wrappers.network [-] CIDR generated: 1.1.5.72/30
2019-06-12 08:26:36.882 23756 RALLYDEBUG rally_openstack.wrappers.network [-] CIDR generated: 1.1.5.76/30
2019-06-12 08:26:37.691 23795 RALLYDEBUG rally_openstack.wrappers.network [-] CIDR generated: 1.1.5.80/30
2019-06-12 08:26:37.723 23801 INFO rally.task.runner [-] Task 19efb881-e6b5-4448-a379-328943702eba | ITER: 20 END: OK
2019-06-12 08:26:37.727 23801 INFO rally.task.runner [-] Task 19efb881-e6b5-4448-a379-328943702eba | ITER: 33 START
2019-06-12 08:26:37.728 23801 WARNING rally_openstack.scenarios.neutron.utils [-] Running this scenario without either the 'network' or 'existing_network' context is deprecated
2019-06-12 08:26:37.802 23755 INFO rally.task.runner [-] Task 19efb881-e6b5-4448-a379-328943702eba | ITER: 27 END: OK
2019-06-12 08:26:37.805 23755 INFO rally.task.runner [-] Task 19efb881-e6b5-4448-a379-328943702eba | ITER: 34 START
2019-06-12 08:26:37.806 23755 WARNING rally_openstack.scenarios.neutron.utils [-] Running this scenario without either the 'network' or 'existing_network' context is deprecated
2019-06-12 08:26:37.870 23756 RALLYDEBUG rally_openstack.wrappers.network [-] CIDR generated: 1.1.5.84/30
2019-06-12 08:26:38.334 23757 INFO rally.task.runner [-] Task 19efb881-e6b5-4448-a379-328943702eba | ITER: 21 END: OK
2019-06-12 08:26:38.339 23757 INFO rally.task.runner [-] Task 19efb881-e6b5-4448-a379-328943702eba | ITER: 35 START
2019-06-12 08:26:38.340 23757 WARNING rally_openstack.scenarios.neutron.utils [-] Running this scenario without either the 'network' or 'existing_network' context is deprecated
2019-06-12 08:26:38.362 23801 RALLYDEBUG rally_openstack.wrappers.network [-] CIDR generated: 1.1.5.88/30
2019-06-12 08:26:38.463 23767 INFO rally.task.runner [-] Task 19efb881-e6b5-4448-a379-328943702eba | ITER: 11 END: OK
2019-06-12 08:26:38.467 23767 INFO rally.task.runner [-] Task 19efb881-e6b5-4448-a379-328943702eba | ITER: 36 START
2019-06-12 08:26:38.468 23767 WARNING rally_openstack.scenarios.neutron.utils [-] Running this scenario without either the 'network' or 'existing_network' context is deprecated
2019-06-12 08:26:38.514 23755 RALLYDEBUG rally_openstack.wrappers.network [-] CIDR generated: 1.1.5.92/30
2019-06-12 08:26:38.993 23757 RALLYDEBUG rally_openstack.wrappers.network [-] CIDR generated: 1.1.5.96/30
2019-06-12 08:26:38.999 23801 RALLYDEBUG rally_openstack.wrappers.network [-] CIDR generated: 1.1.5.100/30
2019-06-12 08:26:39.752 23786 INFO rally.task.runner [-] Task 19efb881-e6b5-4448-a379-328943702eba | ITER: 15 END: OK
2019-06-12 08:26:39.756 23786 INFO rally.task.runner [-] Task 19efb881-e6b5-4448-a379-328943702eba | ITER: 37 START
2019-06-12 08:26:39.757 23786 WARNING rally_openstack.scenarios.neutron.utils [-] Running this scenario without either the 'network' or 'existing_network' context is deprecated
2019-06-12 08:26:39.787 23792 INFO rally.task.runner [-] Task 19efb881-e6b5-4448-a379-328943702eba | ITER: 17 END: OK
2019-06-12 08:26:39.791 23792 INFO rally.task.runner [-] Task 19efb881-e6b5-4448-a379-328943702eba | ITER: 38 START
2019-06-12 08:26:39.792 23792 WARNING rally_openstack.scenarios.neutron.utils [-] Running this scenario without either the 'network' or 'existing_network' context is deprecated
2019-06-12 08:26:39.911 23757 RALLYDEBUG rally_openstack.wrappers.network [-] CIDR generated: 1.1.5.104/30
2019-06-12 08:26:40.390 23786 RALLYDEBUG rally_openstack.wrappers.network [-] CIDR generated: 1.1.5.108/30
2019-06-12 08:26:40.420 23792 RALLYDEBUG rally_openstack.wrappers.network [-] CIDR generated: 1.1.5.112/30
2019-06-12 08:26:40.615 23767 RALLYDEBUG rally_openstack.wrappers.network [-] CIDR generated: 1.1.5.116/30
2019-06-12 08:26:40.904 23801 INFO rally.task.runner [-] Task 19efb881-e6b5-4448-a379-328943702eba | ITER: 33 END: OK
2019-06-12 08:26:40.908 23801 INFO rally.task.runner [-] Task 19efb881-e6b5-4448-a379-328943702eba | ITER: 39 START
2019-06-12 08:26:40.909 23801 WARNING rally_openstack.scenarios.neutron.utils [-] Running this scenario without either the 'network' or 'existing_network' context is deprecated
2019-06-12 08:26:41.007 23786 RALLYDEBUG rally_openstack.wrappers.network [-] CIDR generated: 1.1.5.120/30
2019-06-12 08:26:41.296 23767 RALLYDEBUG rally_openstack.wrappers.network [-] CIDR generated: 1.1.5.124/30
2019-06-12 08:26:41.476 23801 RALLYDEBUG rally_openstack.wrappers.network [-] CIDR generated: 1.1.5.128/30
2019-06-12 08:26:42.773 23757 INFO rally.task.runner [-] Task 19efb881-e6b5-4448-a379-328943702eba | ITER: 35 END: OK
2019-06-12 08:26:42.777 23757 INFO rally.task.runner [-] Task 19efb881-e6b5-4448-a379-328943702eba | ITER: 40 START
2019-06-12 08:26:42.778 23757 WARNING rally_openstack.scenarios.neutron.utils [-] Running this scenario without either the 'network' or 'existing_network' context is deprecated
2019-06-12 08:26:42.860 23754 INFO rally.task.runner [-] Task 19efb881-e6b5-4448-a379-328943702eba | ITER: 3 END: OK
2019-06-12 08:26:43.217 23774 INFO rally.task.runner [-] Task 19efb881-e6b5-4448-a379-328943702eba | ITER: 23 END: OK
2019-06-12 08:26:43.322 23790 INFO rally.task.runner [-] Task 19efb881-e6b5-4448-a379-328943702eba | ITER: 16 END: OK
2019-06-12 08:26:43.344 23757 RALLYDEBUG rally_openstack.wrappers.network [-] CIDR generated: 1.1.5.132/30
2019-06-12 08:26:43.598 23792 RALLYDEBUG rally_openstack.wrappers.network [-] CIDR generated: 1.1.5.136/30
2019-06-12 08:26:43.658 23761 INFO rally.task.runner [-] Task 19efb881-e6b5-4448-a379-328943702eba | ITER: 25 END: OK
2019-06-12 08:26:43.664 23755 RALLYDEBUG rally_openstack.wrappers.network [-] CIDR generated: 1.1.5.140/30
2019-06-12 08:26:44.100 23786 INFO rally.task.runner [-] Task 19efb881-e6b5-4448-a379-328943702eba | ITER: 37 END: OK
2019-06-12 08:26:45.018 23759 RALLYDEBUG rally_openstack.wrappers.network [-] CIDR generated: 1.1.5.144/30
2019-06-12 08:26:45.088 23801 RALLYDEBUG rally_openstack.wrappers.network [-] CIDR generated: 1.1.5.148/30
2019-06-12 08:26:45.331 23755 INFO rally.task.runner [-] Task 19efb881-e6b5-4448-a379-328943702eba | ITER: 28 END: OK
2019-06-12 08:26:45.400 23795 INFO rally.task.runner [-] Task 19efb881-e6b5-4448-a379-328943702eba | ITER: 26 END: OK
2019-06-12 08:26:46.177 23757 RALLYDEBUG rally_openstack.wrappers.network [-] CIDR generated: 1.1.5.152/30
2019-06-12 08:26:46.347 23782 INFO rally.task.runner [-] Task 19efb881-e6b5-4448-a379-328943702eba | ITER: 14 END: OK
2019-06-12 08:26:46.588 23798 RALLYDEBUG rally_openstack.wrappers.network [-] CIDR generated: 1.1.5.156/30
2019-06-12 08:26:46.666 23755 INFO rally.task.runner [-] Task 19efb881-e6b5-4448-a379-328943702eba | ITER: 34 END: OK
2019-06-12 08:26:46.947 23754 INFO rally.task.runner [-] Task 19efb881-e6b5-4448-a379-328943702eba | ITER: 1 END: OK
2019-06-12 08:26:47.404 23801 INFO rally.task.runner [-] Task 19efb881-e6b5-4448-a379-328943702eba | ITER: 39 END: OK
2019-06-12 08:26:47.414 23767 INFO rally.task.runner [-] Task 19efb881-e6b5-4448-a379-328943702eba | ITER: 36 END: OK
2019-06-12 08:26:48.067 23792 INFO rally.task.runner [-] Task 19efb881-e6b5-4448-a379-328943702eba | ITER: 38 END: OK
2019-06-12 08:26:48.760 23798 INFO rally.task.runner [-] Task 19efb881-e6b5-4448-a379-328943702eba | ITER: 32 END: OK
2019-06-12 08:26:48.776 23756 INFO rally.task.runner [-] Task 19efb881-e6b5-4448-a379-328943702eba | ITER: 22 END: OK
2019-06-12 08:26:49.162 23759 INFO rally.task.runner [-] Task 19efb881-e6b5-4448-a379-328943702eba | ITER: 30 END: OK
2019-06-12 08:26:49.681 23757 INFO rally.task.runner [-] Task 19efb881-e6b5-4448-a379-328943702eba | ITER: 24 END: OK
2019-06-12 08:26:49.961 23778 INFO rally.task.runner [-] Task 19efb881-e6b5-4448-a379-328943702eba | ITER: 29 END: OK
2019-06-12 08:26:50.063 23756 INFO rally.task.runner [-] Task 19efb881-e6b5-4448-a379-328943702eba | ITER: 31 END: OK
2019-06-12 08:26:50.393 23757 INFO rally.task.runner [-] Task 19efb881-e6b5-4448-a379-328943702eba | ITER: 40 END: OK
2019-06-12 08:26:50.415 21660 INFO rally.task.context [-] Task 19efb881-e6b5-4448-a379-328943702eba | Context cleanup@openstack cleanup() started
2019-06-12 08:26:50.417 21660 RALLYDEBUG rally_openstack.cleanup.manager [-] Cleaning up neutron vip objects
2019-06-12 08:26:50.829 21660 RALLYDEBUG rally_openstack.cleanup.manager [-] Cleaning up neutron health_monitor objects
2019-06-12 08:26:51.212 21660 RALLYDEBUG rally_openstack.cleanup.manager [-] Cleaning up neutron pool objects
2019-06-12 08:26:51.595 21660 RALLYDEBUG rally_openstack.cleanup.manager [-] Cleaning up neutron loadbalancer objects
2019-06-12 08:26:51.972 21660 RALLYDEBUG rally_openstack.cleanup.manager [-] Cleaning up neutron floatingip objects
2019-06-12 08:26:52.396 21660 RALLYDEBUG rally_openstack.cleanup.manager [-] Cleaning up neutron port objects
2019-06-12 08:26:52.899 21660 RALLYDEBUG rally_openstack.cleanup.manager [-] Cleaning up neutron subnet objects
2019-06-12 08:26:53.317 21660 RALLYDEBUG rally_openstack.cleanup.manager [-] Cleaning up neutron network objects
2019-06-12 08:26:53.854 21660 RALLYDEBUG rally_openstack.cleanup.manager [-] Deleting neutron.network object s_rally_91e3ac30_rlwj37Nl (042bc564-7e20-48b1-bae9-69baba0f2881)
2019-06-12 08:26:53.868 21660 RALLYDEBUG rally_openstack.cleanup.manager [-] Deleting neutron.network object s_rally_91e3ac30_XqPsvzWC (07703de7-02bc-4975-8d31-9c8aa5cab68d)
2019-06-12 08:26:53.868 21660 RALLYDEBUG rally_openstack.cleanup.manager [-] Deleting neutron.network object s_rally_91e3ac30_gkUrAQYc (170db7b3-9d7d-4ca2-9b4d-0c12853b219f)
2019-06-12 08:26:53.880 21660 RALLYDEBUG rally_openstack.cleanup.manager [-] Deleting neutron.network object s_rally_91e3ac30_yLthsfwh (1aba8cac-d077-4215-85e6-c13381e7f48d)
2019-06-12 08:26:53.887 21660 RALLYDEBUG rally_openstack.cleanup.manager [-] Deleting neutron.network object s_rally_91e3ac30_APD8uH7Q (1b7a7eeb-50a4-44ce-a8bd-17bdc572b3e2)
2019-06-12 08:26:53.939 21660 RALLYDEBUG rally_openstack.cleanup.manager [-] Deleting neutron.network object s_rally_91e3ac30_7DrkewPD (25ace1bf-cf35-4b72-911a-40940fed4a7e)
2019-06-12 08:26:53.957 21660 RALLYDEBUG rally_openstack.cleanup.manager [-] Deleting neutron.network object s_rally_91e3ac30_3JyyiIiH (23630079-decd-42a9-a1d9-242131d56322)
2019-06-12 08:26:53.965 21660 RALLYDEBUG rally_openstack.cleanup.manager [-] Deleting neutron.network object s_rally_91e3ac30_BtaXqj3V (3b93795c-d2f3-4dc2-badd-55902cf3afee)
2019-06-12 08:26:53.978 21660 RALLYDEBUG rally_openstack.cleanup.manager [-] Deleting neutron.network object s_rally_91e3ac30_MgCDzRCE (44af09a2-4805-4891-9632-f43a9373fe09)
2019-06-12 08:26:53.983 21660 RALLYDEBUG rally_openstack.cleanup.manager [-] Deleting neutron.network object s_rally_91e3ac30_QBi0Fslc (268761f0-a734-4c0c-bd21-7f9e6c12c237)
2019-06-12 08:26:53.992 21660 RALLYDEBUG rally_openstack.cleanup.manager [-] Deleting neutron.network object s_rally_91e3ac30_qP8GDfp9 (25f7723f-65f3-4a87-9ee6-296a691a7108)
2019-06-12 08:26:54.011 21660 RALLYDEBUG rally_openstack.cleanup.manager [-] Deleting neutron.network object s_rally_91e3ac30_U5CCTYkb (493f0b54-0d35-43a9-9f7d-6454e4b813f5)
2019-06-12 08:26:54.018 21660 RALLYDEBUG rally_openstack.cleanup.manager [-] Deleting neutron.network object s_rally_91e3ac30_HWCR1UGE (50085375-99da-4e86-aa5f-f743f2920e60)
2019-06-12 08:26:54.024 21660 RALLYDEBUG rally_openstack.cleanup.manager [-] Deleting neutron.network object s_rally_91e3ac30_bmMQHAIl (4685fcaa-4b90-4c93-b7a3-dbcb172f8f1b)
2019-06-12 08:26:54.044 21660 RALLYDEBUG rally_openstack.cleanup.manager [-] Deleting neutron.network object s_rally_91e3ac30_6XLK9dOI (5e3ab974-26d9-48db-8036-93a33207c75d)
2019-06-12 08:26:54.065 21660 RALLYDEBUG rally_openstack.cleanup.manager [-] Deleting neutron.network object s_rally_91e3ac30_sCku8SJ6 (5dcc2d87-4f53-47ff-982d-bdf8a6100137)
2019-06-12 08:26:54.095 21660 RALLYDEBUG rally_openstack.cleanup.manager [-] Deleting neutron.network object s_rally_91e3ac30_vb6fUB6s (5fb40d91-8573-4a7f-9515-e6c1ccb4c860)
2019-06-12 08:26:54.121 21660 RALLYDEBUG rally_openstack.cleanup.manager [-] Deleting neutron.network object s_rally_91e3ac30_D4wV4t5G (6129b316-1726-4f62-af31-eb43e43d6eb1)
2019-06-12 08:26:54.134 21660 RALLYDEBUG rally_openstack.cleanup.manager [-] Deleting neutron.network object s_rally_91e3ac30_kuW7rVJj (6abe1a4a-ab7b-4e15-ae31-0b6614c01e05)
2019-06-12 08:26:54.142 21660 RALLYDEBUG rally_openstack.cleanup.manager [-] Deleting neutron.network object s_rally_91e3ac30_c3G14xwY (658fdc02-ebc7-4a92-931f-7d47275b696c)
2019-06-12 08:26:56.077 21660 RALLYDEBUG rally_openstack.cleanup.manager [-] Deleting neutron.network object s_rally_91e3ac30_wxeLE9li (7353c162-8367-4ef8-b180-0f0afe08d74c)
2019-06-12 08:26:56.342 21660 RALLYDEBUG rally_openstack.cleanup.manager [-] Deleting neutron.network object s_rally_91e3ac30_ltwBrWtN (757fae1f-1f3b-41f6-911f-aad0d472190a)
2019-06-12 08:26:56.464 21660 RALLYDEBUG rally_openstack.cleanup.manager [-] Deleting neutron.network object s_rally_91e3ac30_X1xLbNC4 (7def67a0-3b13-4569-befa-5020965033db)
2019-06-12 08:26:56.741 21660 RALLYDEBUG rally_openstack.cleanup.manager [-] Deleting neutron.network object s_rally_91e3ac30_O7tDfNnJ (8245ddb7-8b03-44c0-9c3b-2d41ce74a353)
2019-06-12 08:26:56.748 21660 RALLYDEBUG rally_openstack.cleanup.manager [-] Deleting neutron.network object s_rally_91e3ac30_uuH3Do5j (8392170e-1198-4e6d-93a6-3fb7f8a8d18e)
2019-06-12 08:26:56.862 21660 RALLYDEBUG rally_openstack.cleanup.manager [-] Deleting neutron.network object s_rally_91e3ac30_z75DHEKX (8631c0d9-31dc-40e6-aa5a-d2c5db67e724)
2019-06-12 08:26:56.902 21660 RALLYDEBUG rally_openstack.cleanup.manager [-] Deleting neutron.network object s_rally_91e3ac30_i1ypAPQy (86412cef-9302-4804-9c03-937cc0c35225)
2019-06-12 08:26:57.016 21660 RALLYDEBUG rally_openstack.cleanup.manager [-] Deleting neutron.network object s_rally_91e3ac30_5GgJLOvy (8866d150-e176-4538-a24c-a6a78beec3b9)
2019-06-12 08:26:57.079 21660 RALLYDEBUG rally_openstack.cleanup.manager [-] Deleting neutron.network object s_rally_91e3ac30_WPETA7W1 (a57e233d-5a58-40fa-8a32-32fa555ffe0d)
2019-06-12 08:26:57.160 21660 RALLYDEBUG rally_openstack.cleanup.manager [-] Deleting neutron.network object s_rally_91e3ac30_icGfOPuH (b3ee47d4-d288-4d68-b711-da669ea3cb15)
2019-06-12 08:26:57.166 21660 RALLYDEBUG rally_openstack.cleanup.manager [-] Deleting neutron.network object s_rally_91e3ac30_0Ea4BrRB (bf56d336-d316-47fd-8ce9-a54580f80a2f)
2019-06-12 08:26:57.252 21660 RALLYDEBUG rally_openstack.cleanup.manager [-] Deleting neutron.network object s_rally_91e3ac30_dSJBJJ2R (bfff6412-3d4a-417f-bd49-28f72293b6fd)
2019-06-12 08:26:57.274 21660 RALLYDEBUG rally_openstack.cleanup.manager [-] Deleting neutron.network object s_rally_91e3ac30_A3R4UP6k (c323d67c-3010-4000-ace3-b4e244a9e907)
2019-06-12 08:26:57.317 21660 RALLYDEBUG rally_openstack.cleanup.manager [-] Deleting neutron.network object s_rally_91e3ac30_HkCx32O7 (d02d724f-8660-45fc-bbd0-240a1ad4fa46)
2019-06-12 08:26:57.372 21660 RALLYDEBUG rally_openstack.cleanup.manager [-] Deleting neutron.network object s_rally_91e3ac30_KyExkvrm (e08cb842-29da-45e2-8d4a-3bf307365230)
2019-06-12 08:26:57.478 21660 RALLYDEBUG rally_openstack.cleanup.manager [-] Deleting neutron.network object s_rally_91e3ac30_CTygqZAM (e83c144d-5370-4e93-8432-dab4117e3826)
2019-06-12 08:26:57.764 21660 RALLYDEBUG rally_openstack.cleanup.manager [-] Deleting neutron.network object s_rally_91e3ac30_Q4jE5ftW (ed124c54-f661-4f8d-9589-af6172cd975c)
2019-06-12 08:26:57.807 21660 RALLYDEBUG rally_openstack.cleanup.manager [-] Deleting neutron.network object s_rally_91e3ac30_rWhXOi7c (f03792ed-1871-43fd-ac6f-405830ee1ab5)
2019-06-12 08:26:57.972 21660 RALLYDEBUG rally_openstack.cleanup.manager [-] Deleting neutron.network object s_rally_91e3ac30_dHXYik9A (f3c579ad-26ea-479f-8eb6-1eebbbbcc5ef)
2019-06-12 08:26:58.265 21660 RALLYDEBUG rally_openstack.cleanup.manager [-] Deleting neutron.network object s_rally_91e3ac30_N0GHYm8T (fdeb42f0-47b7-46ab-a4bf-0b10291a8d8c)
2019-06-12 08:27:01.373 21660 RALLYDEBUG rally_openstack.cleanup.manager [-] Cleaning up neutron router objects
2019-06-12 08:27:01.806 21660 RALLYDEBUG rally_openstack.cleanup.manager [-] Cleaning up neutron security_group objects
2019-06-12 08:27:02.236 21660 INFO rally.task.context [-] Task 19efb881-e6b5-4448-a379-328943702eba | Context cleanup@openstack cleanup() finished in 11.82 sec
2019-06-12 08:27:02.236 21660 INFO rally.task.context [-] Task 19efb881-e6b5-4448-a379-328943702eba | Context quotas@openstack cleanup() started
2019-06-12 08:27:02.317 21660 INFO rally.task.context [-] Task 19efb881-e6b5-4448-a379-328943702eba | Context quotas@openstack cleanup() finished in 80.52 msec
2019-06-12 08:27:02.317 21660 INFO rally.task.context [-] Task 19efb881-e6b5-4448-a379-328943702eba | Context users@openstack cleanup() started
2019-06-12 08:27:04.970 21660 INFO rally.task.context [-] Task 19efb881-e6b5-4448-a379-328943702eba | Context users@openstack cleanup() finished in 2.65 sec
2019-06-12 08:27:06.758 21660 INFO rally.task.engine [-] Load duration is: 24.858483
2019-06-12 08:27:06.759 21660 INFO rally.task.engine [-] Full runner duration is: 24.908338
2019-06-12 08:27:06.759 21660 INFO rally.task.engine [-] Full duration is: 42.389196
2019-06-12 08:27:07.089 21660 INFO rally.task.engine [-] Running workload: position = 0 config = { "version": 2, "title": "A cropped version of a bigger task.", "description": "Auto-generated task from a single workload (uuid=79d00224-d223-4670-86e6-23d9149d1fef)", "subtasks": [ { "title": "NeutronNetworks.create_and_list_routers", "description": "Create and a given number of routers and list all routers.", "scenario": { "NeutronNetworks.create_and_list_routers": { "network_create_args": null, "subnet_create_args": null, "subnet_cidr_start": "1.1.0.0/30", "subnets_per_network": 2, "router_create_args": null } }, "contexts": { "users": { "tenants": 1, "users_per_tenant": 1 }, "quotas": { "neutron": { "network": -1, "subnet": -1, "router": -1 } } }, "runner": { "constant": { "times": 40, "concurrency": 20 } }, "hooks": [], "sla": { "failure_rate": { "max": 0 } } } ] }
2019-06-12 08:27:07.116 21660 RALLYDEBUG rally_openstack.contexts.keystone.users [-] Creating 1 tenants using 20 threads
2019-06-12 08:27:08.143 21660 RALLYDEBUG rally_openstack.contexts.keystone.users [-] Creating 1 users using 20 threads
2019-06-12 08:27:09.589 21660 INFO rally.task.context [-] Task 19efb881-e6b5-4448-a379-328943702eba | Context users@openstack setup() finished in 2.47 sec
2019-06-12 08:27:10.131 21660 INFO rally.task.context [-] Task 19efb881-e6b5-4448-a379-328943702eba | Context quotas@openstack setup() finished in 0.54 sec
2019-06-12 08:27:10.131 21660 INFO rally.task.context [-] Task 19efb881-e6b5-4448-a379-328943702eba | Context cleanup@openstack setup() finished in 0.01 msec
2019-06-12 08:27:10.140 21660 RALLYDEBUG rally.task.runner [-] Starting the constant runner (task UUID: 19efb881-e6b5-4448-a379-328943702eba). timeout: 0 concurrency: 20 concurrency_per_worker: 1 times: 40 concurrency_overhead: 4 processes_to_start: 16 max_cpu_used: 16
2019-06-12 08:27:10.155 24124 RALLYDEBUG rally.task.runner [-] Starting a worker. concurrency: 2 args: {"network_create_args": null, "subnet_create_args": null, "subnet_cidr_start": "1.1.0.0/30", "subnets_per_network": 2, "router_create_args": null} times: 40 method_name: run timeout: 0 duration: None cls:
2019-06-12 08:27:10.158 24125 RALLYDEBUG rally.task.runner [-] Starting a worker. concurrency: 2 args: {"network_create_args": null, "subnet_create_args": null, "subnet_cidr_start": "1.1.0.0/30", "subnets_per_network": 2, "router_create_args": null} times: 40 method_name: run timeout: 0 duration: None cls:
2019-06-12 08:27:10.161 24126 RALLYDEBUG rally.task.runner [-] Starting a worker. concurrency: 2 args: {"network_create_args": null, "subnet_create_args": null, "subnet_cidr_start": "1.1.0.0/30", "subnets_per_network": 2, "router_create_args": null} times: 40 method_name: run timeout: 0 duration: None cls:
2019-06-12 08:27:10.165 24127 RALLYDEBUG rally.task.runner [-] Starting a worker. concurrency: 2 args: {"network_create_args": null, "subnet_create_args": null, "subnet_cidr_start": "1.1.0.0/30", "subnets_per_network": 2, "router_create_args": null} times: 40 method_name: run timeout: 0 duration: None cls:
2019-06-12 08:27:10.166 24124 INFO rally.task.runner [-] Task 19efb881-e6b5-4448-a379-328943702eba | ITER: 1 START
2019-06-12 08:27:10.168 24125 INFO rally.task.runner [-] Task 19efb881-e6b5-4448-a379-328943702eba | ITER: 2 START
2019-06-12 08:27:10.168 24129 RALLYDEBUG rally.task.runner [-] Starting a worker. concurrency: 1 args: {"network_create_args": null, "subnet_create_args": null, "subnet_cidr_start": "1.1.0.0/30", "subnets_per_network": 2, "router_create_args": null} times: 40 method_name: run timeout: 0 duration: None cls:
2019-06-12 08:27:10.170 24126 INFO rally.task.runner [-] Task 19efb881-e6b5-4448-a379-328943702eba | ITER: 4 START
2019-06-12 08:27:10.174 24129 INFO rally.task.runner [-] Task 19efb881-e6b5-4448-a379-328943702eba | ITER: 8 START
2019-06-12 08:27:10.174 24127 INFO rally.task.runner [-] Task 19efb881-e6b5-4448-a379-328943702eba | ITER: 6 START
2019-06-12 08:27:10.174 24133 RALLYDEBUG rally.task.runner [-] Starting a worker. concurrency: 1 args: {"network_create_args": null, "subnet_create_args": null, "subnet_cidr_start": "1.1.0.0/30", "subnets_per_network": 2, "router_create_args": null} times: 40 method_name: run timeout: 0 duration: None cls:
2019-06-12 08:27:10.170 24124 INFO rally.task.runner [-] Task 19efb881-e6b5-4448-a379-328943702eba | ITER: 3 START
2019-06-12 08:27:10.176 24138 RALLYDEBUG rally.task.runner [-] Starting a worker. concurrency: 1 args: {"network_create_args": null, "subnet_create_args": null, "subnet_cidr_start": "1.1.0.0/30", "subnets_per_network": 2, "router_create_args": null} times: 40 method_name: run timeout: 0 duration: None cls:
2019-06-12 08:27:10.182 24138 INFO rally.task.runner [-] Task 19efb881-e6b5-4448-a379-328943702eba | ITER: 11 START
2019-06-12 08:27:10.183 24133 INFO rally.task.runner [-] Task 19efb881-e6b5-4448-a379-328943702eba | ITER: 10 START
2019-06-12 08:27:10.182 24141 RALLYDEBUG rally.task.runner [-] Starting a worker. concurrency: 1 args: {"network_create_args": null, "subnet_create_args": null, "subnet_cidr_start": "1.1.0.0/30", "subnets_per_network": 2, "router_create_args": null} times: 40 method_name: run timeout: 0 duration: None cls:
2019-06-12 08:27:10.183 24144 RALLYDEBUG rally.task.runner [-] Starting a worker. concurrency: 1 args: {"network_create_args": null, "subnet_create_args": null, "subnet_cidr_start": "1.1.0.0/30", "subnets_per_network": 2, "router_create_args": null} times: 40 method_name: run timeout: 0 duration: None cls:
2019-06-12 08:27:10.186 24125 INFO rally.task.runner [-] Task 19efb881-e6b5-4448-a379-328943702eba | ITER: 5 START
2019-06-12 08:27:10.186 24126 INFO rally.task.runner [-] Task 19efb881-e6b5-4448-a379-328943702eba | ITER: 7 START
2019-06-12 08:27:10.189 24144 INFO rally.task.runner [-] Task 19efb881-e6b5-4448-a379-328943702eba | ITER: 13 START
2019-06-12 08:27:10.190 24141 INFO rally.task.runner [-] Task 19efb881-e6b5-4448-a379-328943702eba | ITER: 12 START
2019-06-12 08:27:10.191 24150 RALLYDEBUG rally.task.runner [-] Starting a worker. concurrency: 1 args: {"network_create_args": null, "subnet_create_args": null, "subnet_cidr_start": "1.1.0.0/30", "subnets_per_network": 2, "router_create_args": null} times: 40 method_name: run timeout: 0 duration: None cls:
2019-06-12 08:27:10.191 24127 INFO rally.task.runner [-] Task 19efb881-e6b5-4448-a379-328943702eba | ITER: 9 START
2019-06-12 08:27:10.198 24150 INFO rally.task.runner [-] Task 19efb881-e6b5-4448-a379-328943702eba | ITER: 14 START
2019-06-12 08:27:10.206 24158 RALLYDEBUG rally.task.runner [-] Starting a worker. concurrency: 1 args: {"network_create_args": null, "subnet_create_args": null, "subnet_cidr_start": "1.1.0.0/30", "subnets_per_network": 2, "router_create_args": null} times: 40 method_name: run timeout: 0 duration: None cls:
2019-06-12 08:27:10.215 24158 INFO rally.task.runner [-] Task 19efb881-e6b5-4448-a379-328943702eba | ITER: 15 START
2019-06-12 08:27:10.216 24159 RALLYDEBUG rally.task.runner [-] Starting a worker. concurrency: 1 args: {"network_create_args": null, "subnet_create_args": null, "subnet_cidr_start": "1.1.0.0/30", "subnets_per_network": 2, "router_create_args": null} times: 40 method_name: run timeout: 0 duration: None cls:
2019-06-12 08:27:10.222 24159 INFO rally.task.runner [-] Task 19efb881-e6b5-4448-a379-328943702eba | ITER: 16 START
2019-06-12 08:27:10.222 24162 RALLYDEBUG rally.task.runner [-] Starting a worker. concurrency: 1 args: {"network_create_args": null, "subnet_create_args": null, "subnet_cidr_start": "1.1.0.0/30", "subnets_per_network": 2, "router_create_args": null} times: 40 method_name: run timeout: 0 duration: None cls:
2019-06-12 08:27:10.226 24162 INFO rally.task.runner [-] Task 19efb881-e6b5-4448-a379-328943702eba | ITER: 17 START
2019-06-12 08:27:10.230 24165 RALLYDEBUG rally.task.runner [-] Starting a worker. concurrency: 1 args: {"network_create_args": null, "subnet_create_args": null, "subnet_cidr_start": "1.1.0.0/30", "subnets_per_network": 2, "router_create_args": null} times: 40 method_name: run timeout: 0 duration: None cls:
2019-06-12 08:27:10.234 24168 RALLYDEBUG rally.task.runner [-] Starting a worker. concurrency: 1 args: {"network_create_args": null, "subnet_create_args": null, "subnet_cidr_start": "1.1.0.0/30", "subnets_per_network": 2, "router_create_args": null} times: 40 method_name: run timeout: 0 duration: None cls:
2019-06-12 08:27:10.236 24165 INFO rally.task.runner [-] Task 19efb881-e6b5-4448-a379-328943702eba | ITER: 18 START
2019-06-12 08:27:10.238 24169 RALLYDEBUG rally.task.runner [-] Starting a worker. concurrency: 1 args: {"network_create_args": null, "subnet_create_args": null, "subnet_cidr_start": "1.1.0.0/30", "subnets_per_network": 2, "router_create_args": null} times: 40 method_name: run timeout: 0 duration: None cls:
2019-06-12 08:27:10.238 24168 INFO rally.task.runner [-] Task 19efb881-e6b5-4448-a379-328943702eba | ITER: 19 START
2019-06-12 08:27:10.242 24169 INFO rally.task.runner [-] Task 19efb881-e6b5-4448-a379-328943702eba | ITER: 20 START
2019-06-12 08:27:10.938 24133 RALLYDEBUG rally_openstack.wrappers.network [-] CIDR generated: 1.1.5.160/30
2019-06-12 08:27:10.979 24144 RALLYDEBUG rally_openstack.wrappers.network [-] CIDR generated: 1.1.5.164/30
2019-06-12 08:27:11.075 24150 RALLYDEBUG rally_openstack.wrappers.network [-] CIDR generated: 1.1.5.168/30
2019-06-12 08:27:11.128 24126 RALLYDEBUG rally_openstack.wrappers.network [-] CIDR generated: 1.1.5.172/30
2019-06-12 08:27:11.159 24126 RALLYDEBUG rally_openstack.wrappers.network [-] CIDR generated: 1.1.5.176/30
2019-06-12 08:27:11.196 24125 RALLYDEBUG rally_openstack.wrappers.network [-] CIDR generated: 1.1.5.180/30
2019-06-12 08:27:11.227 24127 RALLYDEBUG rally_openstack.wrappers.network [-] CIDR generated: 1.1.5.184/30
2019-06-12 08:27:11.227 24141 RALLYDEBUG rally_openstack.wrappers.network [-] CIDR generated: 1.1.5.188/30
2019-06-12 08:27:11.228 24159 RALLYDEBUG rally_openstack.wrappers.network [-] CIDR generated: 1.1.5.192/30
2019-06-12 08:27:11.228 24129 RALLYDEBUG rally_openstack.wrappers.network [-] CIDR generated: 1.1.5.196/30
2019-06-12 08:27:11.253 24124 RALLYDEBUG rally_openstack.wrappers.network [-] CIDR generated: 1.1.5.200/30
2019-06-12 08:27:11.297 24138 RALLYDEBUG rally_openstack.wrappers.network [-] CIDR generated: 1.1.5.204/30
2019-06-12 08:27:11.344 24125 RALLYDEBUG rally_openstack.wrappers.network [-] CIDR generated: 1.1.5.208/30
2019-06-12 08:27:11.346 24165 RALLYDEBUG rally_openstack.wrappers.network [-] CIDR generated: 1.1.5.212/30
2019-06-12 08:27:11.364 24162 RALLYDEBUG rally_openstack.wrappers.network [-] CIDR generated: 1.1.5.216/30
2019-06-12 08:27:11.376 24168 RALLYDEBUG rally_openstack.wrappers.network [-] CIDR generated: 1.1.5.220/30
2019-06-12 08:27:11.378 24124 RALLYDEBUG rally_openstack.wrappers.network [-] CIDR generated: 1.1.5.224/30
2019-06-12 08:27:11.415 24127 RALLYDEBUG rally_openstack.wrappers.network [-] CIDR generated: 1.1.5.228/30
2019-06-12 08:27:11.811 24133 RALLYDEBUG rally_openstack.wrappers.network [-] CIDR generated: 1.1.5.232/30
2019-06-12 08:27:12.047 24158 RALLYDEBUG rally_openstack.wrappers.network [-] CIDR generated: 1.1.5.236/30
2019-06-12 08:27:12.054 24126 RALLYDEBUG rally_openstack.wrappers.network [-] CIDR generated: 1.1.5.240/30
2019-06-12 08:27:12.305 24169 RALLYDEBUG rally_openstack.wrappers.network [-] CIDR generated: 1.1.5.244/30
2019-06-12 08:27:12.530 24165 RALLYDEBUG rally_openstack.wrappers.network [-] CIDR generated: 1.1.5.248/30
2019-06-12 08:27:12.598 24126 RALLYDEBUG rally_openstack.wrappers.network [-] CIDR generated: 1.1.5.252/30
2019-06-12 08:27:12.999 24129 RALLYDEBUG rally_openstack.wrappers.network [-] CIDR generated: 1.1.6.0/30
2019-06-12 08:27:13.017 24138 RALLYDEBUG rally_openstack.wrappers.network [-] CIDR generated: 1.1.6.4/30
2019-06-12 08:27:13.024 24127 RALLYDEBUG rally_openstack.wrappers.network [-] CIDR generated: 1.1.6.8/30
2019-06-12 08:27:13.160 24150 RALLYDEBUG rally_openstack.wrappers.network [-] CIDR generated: 1.1.6.12/30
2019-06-12 08:27:13.374 24125 RALLYDEBUG rally_openstack.wrappers.network [-] CIDR generated: 1.1.6.16/30
2019-06-12 08:27:13.453 24141 RALLYDEBUG rally_openstack.wrappers.network [-] CIDR generated: 1.1.6.20/30
2019-06-12 08:27:13.489 24124 RALLYDEBUG rally_openstack.wrappers.network [-] CIDR generated: 1.1.6.24/30
2019-06-12 08:27:14.010 24168 RALLYDEBUG rally_openstack.wrappers.network [-] CIDR generated: 1.1.6.28/30
2019-06-12 08:27:14.064 24159 RALLYDEBUG rally_openstack.wrappers.network [-] CIDR generated: 1.1.6.32/30
2019-06-12 08:27:14.221 24125 RALLYDEBUG rally_openstack.wrappers.network [-] CIDR generated: 1.1.6.36/30
2019-06-12 08:27:14.267 24169 RALLYDEBUG rally_openstack.wrappers.network [-] CIDR generated: 1.1.6.40/30
2019-06-12 08:27:14.365 24162 RALLYDEBUG rally_openstack.wrappers.network [-] CIDR generated: 1.1.6.44/30
2019-06-12 08:27:14.925 24127 RALLYDEBUG rally_openstack.wrappers.network [-] CIDR generated: 1.1.6.48/30
2019-06-12 08:27:14.944 24158 RALLYDEBUG rally_openstack.wrappers.network [-] CIDR generated: 1.1.6.52/30
2019-06-12 08:27:15.020 24124 RALLYDEBUG rally_openstack.wrappers.network [-] CIDR generated: 1.1.6.56/30
2019-06-12 08:27:15.644 24144 RALLYDEBUG rally_openstack.wrappers.network [-] CIDR generated: 1.1.6.60/30
2019-06-12 08:27:21.515 24126 INFO rally.task.runner [-] Task 19efb881-e6b5-4448-a379-328943702eba | ITER: 4 END: OK
2019-06-12 08:27:21.519 24126 INFO rally.task.runner [-] Task 19efb881-e6b5-4448-a379-328943702eba | ITER: 21 START
2019-06-12 08:27:21.983 24150 INFO rally.task.runner [-] Task 19efb881-e6b5-4448-a379-328943702eba | ITER: 14 END: OK
2019-06-12 08:27:21.987 24150 INFO rally.task.runner [-] Task 19efb881-e6b5-4448-a379-328943702eba | ITER: 22 START
2019-06-12 08:27:22.281 24126 RALLYDEBUG rally_openstack.wrappers.network [-] CIDR generated: 1.1.6.64/30
2019-06-12 08:27:22.335 24126 INFO rally.task.runner [-] Task 19efb881-e6b5-4448-a379-328943702eba | ITER: 7 END: OK
2019-06-12 08:27:22.339 24126 INFO rally.task.runner [-] Task 19efb881-e6b5-4448-a379-328943702eba | ITER: 23 START
2019-06-12 08:27:22.989 24126 RALLYDEBUG rally_openstack.wrappers.network [-] CIDR generated: 1.1.6.68/30
2019-06-12 08:27:23.240 24129 INFO rally.task.runner [-] Task 19efb881-e6b5-4448-a379-328943702eba | ITER: 8 END: OK
2019-06-12 08:27:23.244 24129 INFO rally.task.runner [-] Task 19efb881-e6b5-4448-a379-328943702eba | ITER: 24 START
2019-06-12 08:27:23.562 24150 RALLYDEBUG rally_openstack.wrappers.network [-] CIDR generated: 1.1.6.72/30
