2019-06-12 08:35:22.061 25909 INFO rally.task.runner [-] Task 19efb881-e6b5-4448-a379-328943702eba | ITER: 9 END: OK
2019-06-12 08:35:22.065 25909 INFO rally.task.runner [-] Task 19efb881-e6b5-4448-a379-328943702eba | ITER: 39 START
2019-06-12 08:35:22.066 25909 WARNING rally_openstack.scenarios.neutron.utils [-] Running this scenario without either the 'network' or 'existing_network' context is deprecated
2019-06-12 08:35:23.081 25906 INFO rally.task.runner [-] Task 19efb881-e6b5-4448-a379-328943702eba | ITER: 1 END: OK
2019-06-12 08:35:23.084 25906 INFO rally.task.runner [-] Task 19efb881-e6b5-4448-a379-328943702eba | ITER: 40 START
2019-06-12 08:35:23.085 25906 WARNING rally_openstack.scenarios.neutron.utils [-] Running this scenario without either the 'network' or 'existing_network' context is deprecated
2019-06-12 08:35:27.537 25908 INFO rally.task.runner [-] Task 19efb881-e6b5-4448-a379-328943702eba | ITER: 24 END: OK
2019-06-12 08:35:28.523 25935 INFO rally.task.runner [-] Task 19efb881-e6b5-4448-a379-328943702eba | ITER: 22 END: OK
2019-06-12 08:35:28.697 25906 INFO rally.task.runner [-] Task 19efb881-e6b5-4448-a379-328943702eba | ITER: 21 END: OK
2019-06-12 08:35:28.881 25909 INFO rally.task.runner [-] Task 19efb881-e6b5-4448-a379-328943702eba | ITER: 30 END: OK
2019-06-12 08:35:29.640 25907 INFO rally.task.runner [-] Task 19efb881-e6b5-4448-a379-328943702eba | ITER: 23 END: OK
2019-06-12 08:35:29.901 25908 INFO rally.task.runner [-] Task 19efb881-e6b5-4448-a379-328943702eba | ITER: 26 END: OK
2019-06-12 08:35:30.017 25930 INFO rally.task.runner [-] Task 19efb881-e6b5-4448-a379-328943702eba | ITER: 28 END: OK
2019-06-12 08:35:30.299 25944 INFO rally.task.runner [-] Task 19efb881-e6b5-4448-a379-328943702eba | ITER: 25 END: OK
2019-06-12 08:35:30.764 25937 INFO rally.task.runner [-] Task 19efb881-e6b5-4448-a379-328943702eba | ITER: 29 END: OK
2019-06-12 08:35:30.896 25907 INFO rally.task.runner [-] Task 19efb881-e6b5-4448-a379-328943702eba | ITER: 31 END: OK
2019-06-12 08:35:30.933 25941 INFO rally.task.runner [-] Task 19efb881-e6b5-4448-a379-328943702eba | ITER: 37 END: OK
2019-06-12 08:35:30.937 25951 INFO rally.task.runner [-] Task 19efb881-e6b5-4448-a379-328943702eba | ITER: 32 END: OK
2019-06-12 08:35:31.157 25913 INFO rally.task.runner [-] Task 19efb881-e6b5-4448-a379-328943702eba | ITER: 33 END: OK
2019-06-12 08:35:31.166 25923 INFO rally.task.runner [-] Task 19efb881-e6b5-4448-a379-328943702eba | ITER: 27 END: OK
2019-06-12 08:35:31.267 25910 INFO rally.task.runner [-] Task 19efb881-e6b5-4448-a379-328943702eba | ITER: 38 END: OK
2019-06-12 08:35:31.675 25947 INFO rally.task.runner [-] Task 19efb881-e6b5-4448-a379-328943702eba | ITER: 34 END: OK
2019-06-12 08:35:31.725 25950 INFO rally.task.runner [-] Task 19efb881-e6b5-4448-a379-328943702eba | ITER: 35 END: OK
2019-06-12 08:35:32.384 25909 INFO rally.task.runner [-] Task 19efb881-e6b5-4448-a379-328943702eba | ITER: 39 END: OK
2019-06-12 08:35:32.569 25918 INFO rally.task.runner [-] Task 19efb881-e6b5-4448-a379-328943702eba | ITER: 36 END: OK
2019-06-12 08:35:33.106 25906 INFO rally.task.runner [-] Task 19efb881-e6b5-4448-a379-328943702eba | ITER: 40 END: OK
2019-06-12 08:35:33.127 21660 INFO rally.task.context [-] Task 19efb881-e6b5-4448-a379-328943702eba | Context cleanup@openstack cleanup() started
2019-06-12 08:35:33.130 21660 RALLYDEBUG rally_openstack.cleanup.manager [-] Cleaning up neutron vip objects
2019-06-12 08:35:33.518 21660 RALLYDEBUG rally_openstack.cleanup.manager [-] Cleaning up neutron health_monitor objects
2019-06-12 08:35:33.919 21660 RALLYDEBUG rally_openstack.cleanup.manager [-] Cleaning up neutron pool objects
2019-06-12 08:35:34.307 21660 RALLYDEBUG rally_openstack.cleanup.manager [-] Cleaning up neutron loadbalancer objects
2019-06-12 08:35:34.692 21660 RALLYDEBUG rally_openstack.cleanup.manager [-] Cleaning up neutron floatingip objects
2019-06-12 08:35:35.132 21660 RALLYDEBUG rally_openstack.cleanup.manager [-] Cleaning up neutron port objects
2019-06-12 08:35:35.553 21660 RALLYDEBUG rally_openstack.cleanup.manager [-] Cleaning up neutron subnet objects
2019-06-12 08:35:35.949 21660 RALLYDEBUG rally_openstack.cleanup.manager [-] Cleaning up neutron network objects
2019-06-12 08:35:36.885 21660 RALLYDEBUG rally_openstack.cleanup.manager [-] Deleting neutron.network object s_rally_04b78467_fvsvN6bB (2059f03e-495b-4e5f-bf44-88ee3636c69f)
2019-06-12 08:35:36.886 21660 RALLYDEBUG rally_openstack.cleanup.manager [-] Deleting neutron.network object s_rally_04b78467_wvdUnNjj (25cb4294-0166-4a4e-ab70-02fd09d7aa2c)
2019-06-12 08:35:36.890 21660 RALLYDEBUG rally_openstack.cleanup.manager [-] Deleting neutron.network object s_rally_04b78467_G59wC8kB (3a874b01-9c8b-4c92-a938-6f72280c6cb2)
2019-06-12 08:35:36.891 21660 RALLYDEBUG rally_openstack.cleanup.manager [-] Deleting neutron.network object s_rally_04b78467_4ocjoEfz (33b740cc-8b92-47a8-a641-6ec359bc5f5a)
2019-06-12 08:35:36.891 21660 RALLYDEBUG rally_openstack.cleanup.manager [-] Deleting neutron.network object s_rally_04b78467_k18JVZXq (3866dc01-c0c6-4f83-957c-39d0f00e06e6)
2019-06-12 08:35:36.894 21660 RALLYDEBUG rally_openstack.cleanup.manager [-] Deleting neutron.network object s_rally_04b78467_8qOADPMk (097d9ed6-9631-44a9-b90a-a9ca7201dc21)
2019-06-12 08:35:36.896 21660 RALLYDEBUG rally_openstack.cleanup.manager [-] Deleting neutron.network object s_rally_04b78467_jw8HnOBW (3430f1e2-ca7d-40cf-b074-a3c17940da0e)
2019-06-12 08:35:36.898 21660 RALLYDEBUG rally_openstack.cleanup.manager [-] Deleting neutron.network object s_rally_04b78467_q4eWdVKH (11a5f0e0-574f-4c10-874c-00ce648ddd10)
2019-06-12 08:35:36.899 21660 RALLYDEBUG rally_openstack.cleanup.manager [-] Deleting neutron.network object s_rally_04b78467_XYYKiOuL (207db8f7-924f-4397-8ca4-8f4fb57bb267)
2019-06-12 08:35:36.904 21660 RALLYDEBUG rally_openstack.cleanup.manager [-] Deleting neutron.network object s_rally_04b78467_sQa81g9n (7a981472-47b7-4fb2-a004-fb03ef518c6f)
2019-06-12 08:35:36.917 21660 RALLYDEBUG rally_openstack.cleanup.manager [-] Deleting neutron.network object s_rally_04b78467_6L1YGAtH (313e12a7-7887-4bd2-a78a-e0ae9f1764a2)
2019-06-12 08:35:36.930 21660 RALLYDEBUG rally_openstack.cleanup.manager [-] Deleting neutron.network object s_rally_04b78467_taduUHLZ (11018f6c-89a2-41d9-bdba-37db47d3c8df)
2019-06-12 08:35:36.940 21660 RALLYDEBUG rally_openstack.cleanup.manager [-] Deleting neutron.network object s_rally_04b78467_kaEYF2SP (59884f6e-5bdd-47d2-b8b5-7e2db8cb149d)
2019-06-12 08:35:36.952 21660 RALLYDEBUG rally_openstack.cleanup.manager [-] Deleting neutron.network object s_rally_04b78467_LfFtJqPU (6924ca0a-8600-40c0-86d2-9c8ee76b6558)
2019-06-12 08:35:36.953 21660 RALLYDEBUG rally_openstack.cleanup.manager [-] Deleting neutron.network object s_rally_04b78467_KOADN9hM (62ae3dcb-07ba-40bf-919f-0a4bc8a632b4)
2019-06-12 08:35:36.958 21660 RALLYDEBUG rally_openstack.cleanup.manager [-] Deleting neutron.network object s_rally_04b78467_PwmhiDnO (1295e965-e1d4-4334-98a7-0db6451d21f9)
2019-06-12 08:35:36.960 21660 RALLYDEBUG rally_openstack.cleanup.manager [-] Deleting neutron.network object s_rally_04b78467_omMRuuWO (4df24a84-be49-4ab1-9696-00a7530803e6)
2019-06-12 08:35:36.974 21660 RALLYDEBUG rally_openstack.cleanup.manager [-] Deleting neutron.network object s_rally_04b78467_G3ZARi47 (3d5b5366-b5cb-4fe4-9b8d-b080cbb5b749)
2019-06-12 08:35:36.992 21660 RALLYDEBUG rally_openstack.cleanup.manager [-] Deleting neutron.network object s_rally_04b78467_GnLTI28W (1e5eb352-e16a-4fc7-b36d-64c27931c996)
2019-06-12 08:35:37.020 21660 RALLYDEBUG rally_openstack.cleanup.manager [-] Deleting neutron.network object s_rally_04b78467_eYZnICK0 (27bba4d0-05e4-4236-8097-b4d0a86ae219)
2019-06-12 08:35:39.215 21660 RALLYDEBUG rally_openstack.cleanup.manager [-] Deleting neutron.network object s_rally_04b78467_6dHb9XYt (8adcc492-deec-4b9e-8627-6c92164300fb)
2019-06-12 08:35:39.437 21660 RALLYDEBUG rally_openstack.cleanup.manager [-] Deleting neutron.network object s_rally_04b78467_36SYX99a (8cc73c04-92ec-4c3b-8bb3-0ef5b03d3548)
2019-06-12 08:35:39.540 21660 RALLYDEBUG rally_openstack.cleanup.manager [-] Deleting neutron.network object s_rally_04b78467_cygvR9HS (94e66b8e-c9c8-488f-97b0-39785f212f79)
2019-06-12 08:35:39.725 21660 RALLYDEBUG rally_openstack.cleanup.manager [-] Deleting neutron.network object s_rally_04b78467_3PJ5XKmp (99fac707-9dd1-4b04-96f1-706ac11f241a)
2019-06-12 08:35:39.788 21660 RALLYDEBUG rally_openstack.cleanup.manager [-] Deleting neutron.network object s_rally_04b78467_qa6FvVZl (a4d942e4-9e75-4300-b9ee-0c347169c647)
2019-06-12 08:35:39.948 21660 RALLYDEBUG rally_openstack.cleanup.manager [-] Deleting neutron.network object s_rally_04b78467_Sn7vParK (a53706e8-9d44-424e-ae5b-f9e83a57b00b)
2019-06-12 08:35:40.099 21660 RALLYDEBUG rally_openstack.cleanup.manager [-] Deleting neutron.network object s_rally_04b78467_Xei6eUoW (a83d0d06-9568-46e1-9b12-2f6e34d71718)
2019-06-12 08:35:40.133 21660 RALLYDEBUG rally_openstack.cleanup.manager [-] Deleting neutron.network object s_rally_04b78467_4uhpAeDl (a925943b-2b95-4e2e-b2e8-2ab7ce10b582)
2019-06-12 08:35:40.142 21660 RALLYDEBUG rally_openstack.cleanup.manager [-] Deleting neutron.network object s_rally_04b78467_B99hhIuz (b13d8e25-c1df-4b6e-871b-69623fead799)
2019-06-12 08:35:40.160 21660 RALLYDEBUG rally_openstack.cleanup.manager [-] Deleting neutron.network object s_rally_04b78467_SsAXYxGQ (b4251790-68a1-4dcd-9eb7-b441dd950a0f)
2019-06-12 08:35:40.241 21660 RALLYDEBUG rally_openstack.cleanup.manager [-] Deleting neutron.network object s_rally_04b78467_xbsKv9VH (b56a4abd-a634-4e0d-910a-0907f18ae9b2)
2019-06-12 08:35:40.379 21660 RALLYDEBUG rally_openstack.cleanup.manager [-] Deleting neutron.network object s_rally_04b78467_ev7tcCXW (bc66dc25-e757-45bd-837a-5a8dcd44c47d)
2019-06-12 08:35:40.477 21660 RALLYDEBUG rally_openstack.cleanup.manager [-] Deleting neutron.network object s_rally_04b78467_24ToSYQm (c1278def-1dd0-4a5b-a4a6-aaa3e4b21cf1)
2019-06-12 08:35:40.513 21660 RALLYDEBUG rally_openstack.cleanup.manager [-] Deleting neutron.network object s_rally_04b78467_uFIU8QNA (c8f8798f-606d-4df2-bd9f-fc6bfc51e132)
2019-06-12 08:35:40.541 21660 RALLYDEBUG rally_openstack.cleanup.manager [-] Deleting neutron.network object s_rally_04b78467_Li3vTsTc (cb5eb135-961b-4f6e-a66f-abcbf19c9762)
2019-06-12 08:35:40.564 21660 RALLYDEBUG rally_openstack.cleanup.manager [-] Deleting neutron.network object s_rally_04b78467_KHXBOR7V (d13a13c6-80be-414c-a01d-c155f9446bc1)
2019-06-12 08:35:40.597 21660 RALLYDEBUG rally_openstack.cleanup.manager [-] Deleting neutron.network object s_rally_04b78467_OzCSLdOS (e6325484-3649-4faf-a534-4358222ce886)
2019-06-12 08:35:40.599 21660 RALLYDEBUG rally_openstack.cleanup.manager [-] Deleting neutron.network object s_rally_04b78467_DIuMZxvV (df25a024-883b-41fa-a1ce-2ca8d6cd88ab)
2019-06-12 08:35:40.620 21660 RALLYDEBUG rally_openstack.cleanup.manager [-] Deleting neutron.network object s_rally_04b78467_bNE4cRHx (e81f3dab-e83a-4aea-a804-6baf7d027f6e)
2019-06-12 08:35:40.630 21660 RALLYDEBUG rally_openstack.cleanup.manager [-] Deleting neutron.network object s_rally_04b78467_WEesgYj5 (fa3ccf38-2be3-4e89-8cf8-e4da8f629be5)
2019-06-12 08:35:43.509 21660 RALLYDEBUG rally_openstack.cleanup.manager [-] Cleaning up neutron router objects
2019-06-12 08:35:43.936 21660 RALLYDEBUG rally_openstack.cleanup.manager [-] Cleaning up neutron security_group objects
2019-06-12 08:35:44.380 21660 INFO rally.task.context [-] Task 19efb881-e6b5-4448-a379-328943702eba | Context cleanup@openstack cleanup() finished in 11.25 sec
2019-06-12 08:35:44.381 21660 INFO rally.task.context [-] Task 19efb881-e6b5-4448-a379-328943702eba | Context quotas@openstack cleanup() started
2019-06-12 08:35:44.461 21660 INFO rally.task.context [-] Task 19efb881-e6b5-4448-a379-328943702eba | Context quotas@openstack cleanup() finished in 80.77 msec
2019-06-12 08:35:44.462 21660 INFO rally.task.context [-] Task 19efb881-e6b5-4448-a379-328943702eba | Context users@openstack cleanup() started
2019-06-12 08:35:47.155 21660 INFO rally.task.context [-] Task 19efb881-e6b5-4448-a379-328943702eba | Context users@openstack cleanup() finished in 2.69 sec
2019-06-12 08:35:47.403 21660 INFO rally.task.engine [-] Load duration is: 25.238753
2019-06-12 08:35:47.403 21660 INFO rally.task.engine [-] Full runner duration is: 25.287212
2019-06-12 08:35:47.404 21660 INFO rally.task.engine [-] Full duration is: 42.179605
2019-06-12 08:35:47.804 21660 INFO rally.task.engine [-] Running workload: position = 0 config = { "version": 2, "title": "A cropped version of a bigger task.", "description": "Auto-generated task from a single workload (uuid=d0277ea5-8f31-4fa2-aa57-612cf52c0a62)", "subtasks": [ { "title": "Quotas.neutron_update", "description": "Update quotas for neutron.", "scenario": { "Quotas.neutron_update": { "max_quota": 1024 } }, "contexts": { "users": { "tenants": 20, "users_per_tenant": 1 } }, "runner": { "constant": { "times": 40, "concurrency": 20 } }, "hooks": [], "sla": { "failure_rate": { "max": 0 } } } ] }
2019-06-12 08:35:47.829 21660 RALLYDEBUG rally_openstack.contexts.keystone.users [-] Creating 20 tenants using 20 threads
2019-06-12 08:35:50.073 21660 RALLYDEBUG rally_openstack.contexts.keystone.users [-] Creating 20 users using 20 threads
2019-06-12 08:35:52.891 21660 INFO rally.task.context [-] Task 19efb881-e6b5-4448-a379-328943702eba | Context users@openstack setup() finished in 5.06 sec
2019-06-12 08:35:52.892 21660 INFO rally.task.context [-] Task 19efb881-e6b5-4448-a379-328943702eba | Context admin_cleanup@openstack setup() finished in 0.01 msec
2019-06-12 08:35:52.901 21660 RALLYDEBUG rally.task.runner [-] Starting the constant runner (task UUID: 19efb881-e6b5-4448-a379-328943702eba). timeout: 0 concurrency: 20 concurrency_per_worker: 1 times: 40 concurrency_overhead: 4 processes_to_start: 16 max_cpu_used: 16
2019-06-12 08:35:52.917 26276 RALLYDEBUG rally.task.runner [-] Starting a worker. concurrency: 2 args: {"max_quota": 1024} times: 40 method_name: run timeout: 0 duration: None cls:
2019-06-12 08:35:52.920 26277 RALLYDEBUG rally.task.runner [-] Starting a worker. concurrency: 2 args: {"max_quota": 1024} times: 40 method_name: run timeout: 0 duration: None cls:
2019-06-12 08:35:52.923 26278 RALLYDEBUG rally.task.runner [-] Starting a worker. concurrency: 2 args: {"max_quota": 1024} times: 40 method_name: run timeout: 0 duration: None cls:
2019-06-12 08:35:52.927 26279 RALLYDEBUG rally.task.runner [-] Starting a worker. concurrency: 2 args: {"max_quota": 1024} times: 40 method_name: run timeout: 0 duration: None cls:
2019-06-12 08:35:52.930 26276 INFO rally.task.runner [-] Task 19efb881-e6b5-4448-a379-328943702eba | ITER: 1 START
2019-06-12 08:35:52.930 26280 RALLYDEBUG rally.task.runner [-] Starting a worker. concurrency: 1 args: {"max_quota": 1024} times: 40 method_name: run timeout: 0 duration: None cls:
2019-06-12 08:35:52.935 26281 RALLYDEBUG rally.task.runner [-] Starting a worker. concurrency: 1 args: {"max_quota": 1024} times: 40 method_name: run timeout: 0 duration: None cls:
2019-06-12 08:35:52.938 26278 INFO rally.task.runner [-] Task 19efb881-e6b5-4448-a379-328943702eba | ITER: 3 START
2019-06-12 08:35:52.940 26284 RALLYDEBUG rally.task.runner [-] Starting a worker. concurrency: 1 args: {"max_quota": 1024} times: 40 method_name: run timeout: 0 duration: None cls:
2019-06-12 08:35:52.941 26280 INFO rally.task.runner [-] Task 19efb881-e6b5-4448-a379-328943702eba | ITER: 7 START
2019-06-12 08:35:52.942 26277 INFO rally.task.runner [-] Task 19efb881-e6b5-4448-a379-328943702eba | ITER: 2 START
2019-06-12 08:35:52.942 26288 RALLYDEBUG rally.task.runner [-] Starting a worker. concurrency: 1 args: {"max_quota": 1024} times: 40 method_name: run timeout: 0 duration: None cls:
2019-06-12 08:35:52.943 26277 INFO rally.task.runner [-] Task 19efb881-e6b5-4448-a379-328943702eba | ITER: 6 START
2019-06-12 08:35:52.948 26279 INFO rally.task.runner [-] Task 19efb881-e6b5-4448-a379-328943702eba | ITER: 5 START
2019-06-12 08:35:52.947 26291 RALLYDEBUG rally.task.runner [-] Starting a worker. concurrency: 1 args: {"max_quota": 1024} times: 40 method_name: run timeout: 0 duration: None cls:
2019-06-12 08:35:52.949 26281 INFO rally.task.runner [-] Task 19efb881-e6b5-4448-a379-328943702eba | ITER: 9 START
2019-06-12 08:35:52.949 26295 RALLYDEBUG rally.task.runner [-] Starting a worker. concurrency: 1 args: {"max_quota": 1024} times: 40 method_name: run timeout: 0 duration: None cls:
2019-06-12 08:35:52.953 26276 INFO rally.task.runner [-] Task 19efb881-e6b5-4448-a379-328943702eba | ITER: 4 START
2019-06-12 08:35:52.954 26284 INFO rally.task.runner [-] Task 19efb881-e6b5-4448-a379-328943702eba | ITER: 11 START
2019-06-12 08:35:52.956 26288 INFO rally.task.runner [-] Task 19efb881-e6b5-4448-a379-328943702eba | ITER: 12 START
2019-06-12 08:35:52.956 26279 INFO rally.task.runner [-] Task 19efb881-e6b5-4448-a379-328943702eba | ITER: 10 START
2019-06-12 08:35:52.959 26295 INFO rally.task.runner [-] Task 19efb881-e6b5-4448-a379-328943702eba | ITER: 14 START
2019-06-12 08:35:52.961 26300 RALLYDEBUG rally.task.runner [-] Starting a worker. concurrency: 1 args: {"max_quota": 1024} times: 40 method_name: run timeout: 0 duration: None cls:
2019-06-12 08:35:52.962 26278 INFO rally.task.runner [-] Task 19efb881-e6b5-4448-a379-328943702eba | ITER: 8 START
2019-06-12 08:35:52.963 26291 INFO rally.task.runner [-] Task 19efb881-e6b5-4448-a379-328943702eba | ITER: 13 START
2019-06-12 08:35:52.966 26307 RALLYDEBUG rally.task.runner [-] Starting a worker. concurrency: 1 args: {"max_quota": 1024} times: 40 method_name: run timeout: 0 duration: None cls:
2019-06-12 08:35:52.975 26300 INFO rally.task.runner [-] Task 19efb881-e6b5-4448-a379-328943702eba | ITER: 15 START
2019-06-12 08:35:52.975 26312 RALLYDEBUG rally.task.runner [-] Starting a worker. concurrency: 1 args: {"max_quota": 1024} times: 40 method_name: run timeout: 0 duration: None cls:
2019-06-12 08:35:52.975 26307 INFO rally.task.runner [-] Task 19efb881-e6b5-4448-a379-328943702eba | ITER: 16 START
2019-06-12 08:35:52.983 26316 RALLYDEBUG rally.task.runner [-] Starting a worker. concurrency: 1 args: {"max_quota": 1024} times: 40 method_name: run timeout: 0 duration: None cls:
2019-06-12 08:35:52.986 26312 INFO rally.task.runner [-] Task 19efb881-e6b5-4448-a379-328943702eba | ITER: 17 START
2019-06-12 08:35:52.992 26316 INFO rally.task.runner [-] Task 19efb881-e6b5-4448-a379-328943702eba | ITER: 18 START
2019-06-12 08:35:52.992 26318 RALLYDEBUG rally.task.runner [-] Starting a worker. concurrency: 1 args: {"max_quota": 1024} times: 40 method_name: run timeout: 0 duration: None cls:
2019-06-12 08:35:52.998 26323 RALLYDEBUG rally.task.runner [-] Starting a worker. concurrency: 1 args: {"max_quota": 1024} times: 40 method_name: run timeout: 0 duration: None cls:
2019-06-12 08:35:53.001 26318 INFO rally.task.runner [-] Task 19efb881-e6b5-4448-a379-328943702eba | ITER: 19 START
2019-06-12 08:35:53.005 26323 INFO rally.task.runner [-] Task 19efb881-e6b5-4448-a379-328943702eba | ITER: 20 START
2019-06-12 08:35:53.511 26295 INFO rally.task.runner [-] Task 19efb881-e6b5-4448-a379-328943702eba | ITER: 14 END: OK
2019-06-12 08:35:53.518 26295 INFO rally.task.runner [-] Task 19efb881-e6b5-4448-a379-328943702eba | ITER: 21 START
2019-06-12 08:35:53.527 26281 INFO rally.task.runner [-] Task 19efb881-e6b5-4448-a379-328943702eba | ITER: 9 END: OK
2019-06-12 08:35:53.534 26281 INFO rally.task.runner [-] Task 19efb881-e6b5-4448-a379-328943702eba | ITER: 22 START
2019-06-12 08:35:53.544 26280 INFO rally.task.runner [-] Task 19efb881-e6b5-4448-a379-328943702eba | ITER: 7 END: OK
2019-06-12 08:35:53.550 26280 INFO rally.task.runner [-] Task 19efb881-e6b5-4448-a379-328943702eba | ITER: 23 START
2019-06-12 08:35:53.565 26288 INFO rally.task.runner [-] Task 19efb881-e6b5-4448-a379-328943702eba | ITER: 12 END: OK
2019-06-12 08:35:53.573 26288 INFO rally.task.runner [-] Task 19efb881-e6b5-4448-a379-328943702eba | ITER: 24 START
2019-06-12 08:35:53.580 26279 INFO rally.task.runner [-] Task 19efb881-e6b5-4448-a379-328943702eba | ITER: 5 END: OK
2019-06-12 08:35:53.580 26277 INFO rally.task.runner [-] Task 19efb881-e6b5-4448-a379-328943702eba | ITER: 6 END: OK
2019-06-12 08:35:53.586 26277 INFO rally.task.runner [-] Task 19efb881-e6b5-4448-a379-328943702eba | ITER: 26 START
2019-06-12 08:35:53.587 26279 INFO rally.task.runner [-] Task 19efb881-e6b5-4448-a379-328943702eba | ITER: 25 START
2019-06-12 08:35:53.600 26276 INFO rally.task.runner [-] Task 19efb881-e6b5-4448-a379-328943702eba | ITER: 4 END: OK
2019-06-12 08:35:53.602 26284 INFO rally.task.runner [-] Task 19efb881-e6b5-4448-a379-328943702eba | ITER: 11 END: OK
2019-06-12 08:35:53.606 26307 INFO rally.task.runner [-] Task 19efb881-e6b5-4448-a379-328943702eba | ITER: 16 END: OK
2019-06-12 08:35:53.608 26276 INFO rally.task.runner [-] Task 19efb881-e6b5-4448-a379-328943702eba | ITER: 27 START
2019-06-12 08:35:53.609 26284 INFO rally.task.runner [-] Task 19efb881-e6b5-4448-a379-328943702eba | ITER: 28 START
2019-06-12 08:35:53.616 26307 INFO rally.task.runner [-] Task 19efb881-e6b5-4448-a379-328943702eba | ITER: 29 START
2019-06-12 08:35:53.642 26276 INFO rally.task.runner [-] Task 19efb881-e6b5-4448-a379-328943702eba | ITER: 1 END: OK
2019-06-12 08:35:53.649 26276 INFO rally.task.runner [-] Task 19efb881-e6b5-4448-a379-328943702eba | ITER: 30 START
2019-06-12 08:35:53.672 26291 INFO rally.task.runner [-] Task 19efb881-e6b5-4448-a379-328943702eba | ITER: 13 END: OK
2019-06-12 08:35:53.679 26291 INFO rally.task.runner [-] Task 19efb881-e6b5-4448-a379-328943702eba | ITER: 31 START
2019-06-12 08:35:53.704 26278 INFO rally.task.runner [-] Task 19efb881-e6b5-4448-a379-328943702eba | ITER: 3 END: OK
2019-06-12 08:35:53.710 26278 INFO rally.task.runner [-] Task 19efb881-e6b5-4448-a379-328943702eba | ITER: 32 START
2019-06-12 08:35:53.752 26279 INFO rally.task.runner [-] Task 19efb881-e6b5-4448-a379-328943702eba | ITER: 10 END: OK
2019-06-12 08:35:53.759 26279 INFO rally.task.runner [-] Task 19efb881-e6b5-4448-a379-328943702eba | ITER: 33 START
2019-06-12 08:35:53.778 26278 INFO rally.task.runner [-] Task 19efb881-e6b5-4448-a379-328943702eba | ITER: 8 END: OK
2019-06-12 08:35:53.785 26278 INFO rally.task.runner [-] Task 19efb881-e6b5-4448-a379-328943702eba | ITER: 34 START
2019-06-12 08:35:53.823 26277 INFO rally.task.runner [-] Task 19efb881-e6b5-4448-a379-328943702eba | ITER: 2 END: OK
2019-06-12 08:35:53.829 26277 INFO rally.task.runner [-] Task 19efb881-e6b5-4448-a379-328943702eba | ITER: 35 START
2019-06-12 08:35:53.912 26300 INFO rally.task.runner [-] Task 19efb881-e6b5-4448-a379-328943702eba | ITER: 15 END: OK
2019-06-12 08:35:53.919 26300 INFO rally.task.runner [-] Task 19efb881-e6b5-4448-a379-328943702eba | ITER: 36 START
2019-06-12 08:35:53.922 26323 INFO rally.task.runner [-] Task 19efb881-e6b5-4448-a379-328943702eba | ITER: 20 END: OK
2019-06-12 08:35:53.928 26323 INFO rally.task.runner [-] Task 19efb881-e6b5-4448-a379-328943702eba | ITER: 37 START
2019-06-12 08:35:53.931 26318 INFO rally.task.runner [-] Task 19efb881-e6b5-4448-a379-328943702eba | ITER: 19 END: OK
2019-06-12 08:35:53.938 26318 INFO rally.task.runner [-] Task 19efb881-e6b5-4448-a379-328943702eba | ITER: 38 START
2019-06-12 08:35:53.945 26316 INFO rally.task.runner [-] Task 19efb881-e6b5-4448-a379-328943702eba | ITER: 18 END: OK
2019-06-12 08:35:53.951 26316 INFO rally.task.runner [-] Task 19efb881-e6b5-4448-a379-328943702eba | ITER: 39 START
2019-06-12 08:35:54.010 26312 INFO rally.task.runner [-] Task 19efb881-e6b5-4448-a379-328943702eba | ITER: 17 END: OK
2019-06-12 08:35:54.018 26312 INFO rally.task.runner [-] Task 19efb881-e6b5-4448-a379-328943702eba | ITER: 40 START
2019-06-12 08:35:54.121 26295 INFO rally.task.runner [-] Task 19efb881-e6b5-4448-a379-328943702eba | ITER: 21 END: OK
2019-06-12 08:35:54.132 26280 INFO rally.task.runner [-] Task 19efb881-e6b5-4448-a379-328943702eba | ITER: 23 END: OK
2019-06-12 08:35:54.150 26307 INFO rally.task.runner [-] Task 19efb881-e6b5-4448-a379-328943702eba | ITER: 29 END: OK
2019-06-12 08:35:54.154 26281 INFO rally.task.runner [-] Task 19efb881-e6b5-4448-a379-328943702eba | ITER: 22 END: OK
2019-06-12 08:35:54.161 26279 INFO rally.task.runner [-] Task 19efb881-e6b5-4448-a379-328943702eba | ITER: 25 END: OK
2019-06-12 08:35:54.176 26284 INFO rally.task.runner [-] Task 19efb881-e6b5-4448-a379-328943702eba | ITER: 28 END: OK
2019-06-12 08:35:54.189 26291 INFO rally.task.runner [-] Task 19efb881-e6b5-4448-a379-328943702eba | ITER: 31 END: OK
2019-06-12 08:35:54.247 26277 INFO rally.task.runner [-] Task 19efb881-e6b5-4448-a379-328943702eba | ITER: 26 END: OK
2019-06-12 08:35:54.251 26288 INFO rally.task.runner [-] Task 19efb881-e6b5-4448-a379-328943702eba | ITER: 24 END: OK
2019-06-12 08:35:54.279 26278 INFO rally.task.runner [-] Task 19efb881-e6b5-4448-a379-328943702eba | ITER: 32 END: OK
2019-06-12 08:35:54.341 26276 INFO rally.task.runner [-] Task 19efb881-e6b5-4448-a379-328943702eba | ITER: 30 END: OK
2019-06-12 08:35:54.427 26276 INFO rally.task.runner [-] Task 19efb881-e6b5-4448-a379-328943702eba | ITER: 27 END: OK
2019-06-12 08:35:54.429 26278 INFO rally.task.runner [-] Task 19efb881-e6b5-4448-a379-328943702eba | ITER: 34 END: OK
2019-06-12 08:35:54.501 26279 INFO rally.task.runner [-] Task 19efb881-e6b5-4448-a379-328943702eba | ITER: 33 END: OK
2019-06-12 08:35:54.521 26300 INFO rally.task.runner [-] Task 19efb881-e6b5-4448-a379-328943702eba | ITER: 36 END: OK
2019-06-12 08:35:54.545 26277 INFO rally.task.runner [-] Task 19efb881-e6b5-4448-a379-328943702eba | ITER: 35 END: OK
2019-06-12 08:35:54.596 26316 INFO rally.task.runner [-] Task 19efb881-e6b5-4448-a379-328943702eba | ITER: 39 END: OK
2019-06-12 08:35:54.600 26323 INFO rally.task.runner [-] Task 19efb881-e6b5-4448-a379-328943702eba | ITER: 37 END: OK
2019-06-12 08:35:54.641 26312 INFO rally.task.runner [-] Task 19efb881-e6b5-4448-a379-328943702eba | ITER: 40 END: OK
2019-06-12 08:35:54.704 26318 INFO rally.task.runner [-] Task 19efb881-e6b5-4448-a379-328943702eba | ITER: 38 END: OK
2019-06-12 08:35:54.728 21660 INFO rally.task.context [-] Task 19efb881-e6b5-4448-a379-328943702eba | Context admin_cleanup@openstack cleanup() started
2019-06-12 08:35:54.731 21660 RALLYDEBUG rally_openstack.cleanup.manager [-] Cleaning up neutron quota objects
2019-06-12 08:35:56.378 21660 INFO rally.task.context [-] Task 19efb881-e6b5-4448-a379-328943702eba | Context admin_cleanup@openstack cleanup() finished in 1.65 sec
2019-06-12 08:35:56.379 21660 INFO rally.task.context [-] Task 19efb881-e6b5-4448-a379-328943702eba | Context users@openstack cleanup() started
2019-06-12 08:36:18.964 21660 INFO rally.task.context [-] Task 19efb881-e6b5-4448-a379-328943702eba | Context users@openstack cleanup() finished in 22.59 sec
2019-06-12 08:36:20.051 21660 INFO rally.task.engine [-] Load duration is: 1.771142
2019-06-12 08:36:20.051 21660 INFO rally.task.engine [-] Full runner duration is: 1.827073
2019-06-12 08:36:20.052 21660 INFO rally.task.engine [-] Full duration is: 31.140349
2019-06-12 08:36:20.379 21660 INFO rally.task.engine [-] Running workload: position = 0 config = { "version": 2, "title": "A cropped version of a bigger task.", "description": "Auto-generated task from a single workload (uuid=a85687df-6b91-475c-bd08-ad4d03e9b196)", "subtasks": [ { "title": "NeutronTrunks.create_and_list_trunk_subports", "description": "", "scenario": { "NeutronTrunks.create_and_list_trunk_subports": { "subport_count": 125 } }, "contexts": { "users": { "tenants": 1, "users_per_tenant": 1 }, "quotas": { "neutron": { "network": -1, "port": 1000 } } }, "runner": { "constant": { "times": 4, "concurrency": 4 } }, "hooks": [], "sla": { "failure_rate": { "max": 0 } } } ] }
2019-06-12 08:36:20.407 21660 RALLYDEBUG rally_openstack.contexts.keystone.users [-] Creating 1 tenants using 20 threads
2019-06-12 08:36:21.387 21660 RALLYDEBUG rally_openstack.contexts.keystone.users [-] Creating 1 users using 20 threads
2019-06-12 08:36:22.944 21660 INFO rally.task.context [-] Task 19efb881-e6b5-4448-a379-328943702eba | Context users@openstack setup() finished in 2.54 sec
2019-06-12 08:36:23.463 21660 INFO rally.task.context [-] Task 19efb881-e6b5-4448-a379-328943702eba | Context quotas@openstack setup() finished in 0.52 sec
2019-06-12 08:36:23.464 21660 INFO rally.task.context [-] Task 19efb881-e6b5-4448-a379-328943702eba | Context cleanup@openstack setup() finished in 0.01 msec
2019-06-12 08:36:23.473 21660 RALLYDEBUG rally.task.runner [-] Starting the constant runner (task UUID: 19efb881-e6b5-4448-a379-328943702eba). timeout: 0 concurrency: 4 concurrency_per_worker: 1 times: 4 concurrency_overhead: 0 processes_to_start: 4 max_cpu_used: 16
2019-06-12 08:36:23.488 26466 RALLYDEBUG rally.task.runner [-] Starting a worker. concurrency: 1 args: {"subport_count": 125} times: 4 method_name: run timeout: 0 duration: None cls:
2019-06-12 08:36:23.490 26467 RALLYDEBUG rally.task.runner [-] Starting a worker. concurrency: 1 args: {"subport_count": 125} times: 4 method_name: run timeout: 0 duration: None cls:
2019-06-12 08:36:23.494 26466 INFO rally.task.runner [-] Task 19efb881-e6b5-4448-a379-328943702eba | ITER: 1 START
2019-06-12 08:36:23.494 26468 RALLYDEBUG rally.task.runner [-] Starting a worker. concurrency: 1 args: {"subport_count": 125} times: 4 method_name: run timeout: 0 duration: None cls:
2019-06-12 08:36:23.496 26467 INFO rally.task.runner [-] Task 19efb881-e6b5-4448-a379-328943702eba | ITER: 2 START
2019-06-12 08:36:23.497 26469 RALLYDEBUG rally.task.runner [-] Starting a worker. concurrency: 1 args: {"subport_count": 125} times: 4 method_name: run timeout: 0 duration: None cls:
2019-06-12 08:36:23.500 26468 INFO rally.task.runner [-] Task 19efb881-e6b5-4448-a379-328943702eba | ITER: 3 START
2019-06-12 08:36:23.503 26469 INFO rally.task.runner [-] Task 19efb881-e6b5-4448-a379-328943702eba | ITER: 4 START
2019-06-12 08:38:02.373 26469 WARNING rally.task.atomic [-] 'optional_action_timer' is deprecated since rally v0.10.0.Please use action_timer instead, we have improved atomic actions, now do not need to explicitly close original action.
2019-06-12 08:38:02.415 26469 WARNING rally.task.atomic [-] 'optional_action_timer' is deprecated since rally v0.10.0.Please use action_timer instead, we have improved atomic actions, now do not need to explicitly close original action.
2019-06-12 08:38:03.417 26469 INFO rally.task.runner [-] Task 19efb881-e6b5-4448-a379-328943702eba | ITER: 4 END: OK
2019-06-12 08:38:03.956 26467 WARNING rally.task.atomic [-] 'optional_action_timer' is deprecated since rally v0.10.0.Please use action_timer instead, we have improved atomic actions, now do not need to explicitly close original action.
2019-06-12 08:38:03.990 26467 WARNING rally.task.atomic [-] 'optional_action_timer' is deprecated since rally v0.10.0.Please use action_timer instead, we have improved atomic actions, now do not need to explicitly close original action.
2019-06-12 08:38:04.500 26467 INFO rally.task.runner [-] Task 19efb881-e6b5-4448-a379-328943702eba | ITER: 2 END: OK
2019-06-12 08:38:07.812 26466 WARNING rally.task.atomic [-] 'optional_action_timer' is deprecated since rally v0.10.0.Please use action_timer instead, we have improved atomic actions, now do not need to explicitly close original action.
2019-06-12 08:38:08.107 26466 WARNING rally.task.atomic [-] 'optional_action_timer' is deprecated since rally v0.10.0.Please use action_timer instead, we have improved atomic actions, now do not need to explicitly close original action.
2019-06-12 08:38:08.131 26468 WARNING rally.task.atomic [-] 'optional_action_timer' is deprecated since rally v0.10.0.Please use action_timer instead, we have improved atomic actions, now do not need to explicitly close original action.
2019-06-12 08:38:08.165 26468 WARNING rally.task.atomic [-] 'optional_action_timer' is deprecated since rally v0.10.0.Please use action_timer instead, we have improved atomic actions, now do not need to explicitly close original action.
2019-06-12 08:38:08.685 26466 INFO rally.task.runner [-] Task 19efb881-e6b5-4448-a379-328943702eba | ITER: 1 END: OK
2019-06-12 08:38:09.006 26468 INFO rally.task.runner [-] Task 19efb881-e6b5-4448-a379-328943702eba | ITER: 3 END: OK
2019-06-12 08:38:09.037 21660 INFO rally.task.context [-] Task 19efb881-e6b5-4448-a379-328943702eba | Context cleanup@openstack cleanup() started
2019-06-12 08:38:09.040 21660 RALLYDEBUG rally_openstack.cleanup.manager [-] Cleaning up neutron vip objects
2019-06-12 08:38:09.433 21660 RALLYDEBUG rally_openstack.cleanup.manager [-] Cleaning up neutron health_monitor objects
2019-06-12 08:38:09.831 21660 RALLYDEBUG rally_openstack.cleanup.manager [-] Cleaning up neutron pool objects
2019-06-12 08:38:10.234 21660 RALLYDEBUG rally_openstack.cleanup.manager [-] Cleaning up neutron loadbalancer objects
2019-06-12 08:38:10.632 21660 RALLYDEBUG rally_openstack.cleanup.manager [-] Cleaning up neutron floatingip objects
2019-06-12 08:38:11.052 21660 RALLYDEBUG rally_openstack.cleanup.manager [-] Cleaning up neutron port objects
2019-06-12 08:38:12.387 21660 RALLYDEBUG rally_openstack.cleanup.manager [-] Deleting neutron.port object s_rally_a85687df_QszF1xHK (01b409b8-1ce9-4ef6-85b0-23a9d654e680)
2019-06-12 08:38:12.388 21660 RALLYDEBUG rally_openstack.cleanup.manager [-] Deleting neutron.port object s_rally_a85687df_sCWuIiRq (0e29b293-2d4f-4274-862c-ac2d08b5fb46)
2019-06-12 08:38:12.399 21660 RALLYDEBUG rally_openstack.cleanup.manager [-] Deleting neutron.port object s_rally_a85687df_7WLaaQB3 (072d334a-b33a-4468-9e97-6e8e40bf946e)
2019-06-12 08:38:12.400 21660 RALLYDEBUG rally_openstack.cleanup.manager [-] Deleting neutron.port object s_rally_a85687df_dxztMWAF (021a6a14-55c7-4a8c-94bd-155c9fd29aa9)
2019-06-12 08:38:12.404 21660 RALLYDEBUG rally_openstack.cleanup.manager [-] Deleting neutron.port object s_rally_a85687df_qR2xj3DS (049783b3-727e-445b-8d35-41461dc58d03)
2019-06-12 08:38:12.407 21660 RALLYDEBUG rally_openstack.cleanup.manager [-] Deleting neutron.port object s_rally_a85687df_UH9hYhUx (09dbe6b3-691d-48dc-99e5-9752f65b4b3d)
2019-06-12 08:38:12.412 21660 RALLYDEBUG rally_openstack.cleanup.manager [-] Deleting neutron.port object s_rally_a85687df_d1KuM6OV (0aa3bc63-a751-4dd1-98b4-64f188e519e3)
2019-06-12 08:38:12.419 21660 RALLYDEBUG rally_openstack.cleanup.manager [-] Deleting neutron.port object s_rally_a85687df_8i6kFkkT (00af5d8a-7734-4101-ae8b-21e2bd4fc953)
2019-06-12 08:38:12.421 21660 RALLYDEBUG rally_openstack.cleanup.manager [-] Deleting neutron.port object s_rally_a85687df_Fio85tSk (0e03e4dc-8bda-4c54-850f-1c09e1a7dbd0)
2019-06-12 08:38:12.438 21660 RALLYDEBUG rally_openstack.cleanup.manager [-] Deleting neutron.port object s_rally_a85687df_h6fiaBMS (0cf4b5db-d457-481a-94aa-1a6360811914)
2019-06-12 08:38:12.440 21660 RALLYDEBUG rally_openstack.cleanup.manager [-] Deleting neutron.port object s_rally_a85687df_oUfAShFA (0575beda-b77e-45f9-95c3-4cfbd30e44d7)
2019-06-12 08:38:12.448 21660 RALLYDEBUG rally_openstack.cleanup.manager [-] Deleting neutron.port object s_rally_a85687df_Aioqjy27 (03ed25f7-2c53-4908-8644-18e55e47b654)
2019-06-12 08:38:12.449 21660 RALLYDEBUG rally_openstack.cleanup.manager [-] Deleting neutron.port object s_rally_a85687df_fBKE3rP3 (06ed3dea-e058-46c9-a6a9-d483090d0e5b)
2019-06-12 08:38:12.449 21660 RALLYDEBUG rally_openstack.cleanup.manager [-] Deleting neutron.port object s_rally_a85687df_vcfFWb6g (0255c9d9-8f8e-4023-9728-7dd9dd21ee90)
2019-06-12 08:38:12.453 21660 RALLYDEBUG rally_openstack.cleanup.manager [-] Deleting neutron.port object s_rally_a85687df_IotwvwCE (0e1e6d07-569f-485a-93c7-e0e200724298)
2019-06-12 08:38:12.456 21660 RALLYDEBUG rally_openstack.cleanup.manager [-] Deleting neutron.port object s_rally_a85687df_NWTcjfDV (0f0037a4-b6f2-4eb3-af11-e5e0d5969529)
2019-06-12 08:38:12.461 21660 RALLYDEBUG rally_openstack.cleanup.manager [-] Deleting neutron.port object s_rally_a85687df_eRnwc25d (0c4dc810-5f2c-4f39-8ef2-98cdfdd37c99)
2019-06-12 08:38:12.483 21660 RALLYDEBUG rally_openstack.cleanup.manager [-] Deleting neutron.port object s_rally_a85687df_MAIo9RPx (02a31149-05cb-47f1-ba4b-96205a055033)
2019-06-12 08:38:12.489 21660 RALLYDEBUG rally_openstack.cleanup.manager [-] Deleting neutron.port object s_rally_a85687df_C1Mf3HuH (01e84875-4db7-491f-aa31-519b0a053a34)
2019-06-12 08:38:12.522 21660 RALLYDEBUG rally_openstack.cleanup.manager [-] Deleting neutron.port object s_rally_a85687df_W6hd0Aco (0a7d8ce9-a9eb-401b-a8d5-403ca6148d09)
2019-06-12 08:38:14.451 21660 RALLYDEBUG rally_openstack.cleanup.manager [-] Deleting neutron.port object s_rally_a85687df_ZKWRufeh (0f0468aa-14ef-4815-a3ad-e216fefaf5de)
2019-06-12 08:38:14.573 21660 RALLYDEBUG rally_openstack.cleanup.manager [-] Deleting neutron.port object s_rally_a85687df_YXrUDJC5 (0f26fe20-ecec-4cd0-9c0f-43217f8fbfd7)
2019-06-12 08:38:14.737 21660 RALLYDEBUG rally_openstack.cleanup.manager [-] Deleting neutron.port object s_rally_a85687df_ToRebqUQ (0f2f6f1b-31fe-4dfc-aa6d-21f12e0c80d8)
2019-06-12 08:38:14.801 21660 RALLYDEBUG rally_openstack.cleanup.manager [-] Deleting neutron.port object s_rally_a85687df_ZLSsfkXG (0fc521bc-c2a6-43f3-b895-0c654d6f781d)
2019-06-12 08:38:14.950 21660 RALLYDEBUG rally_openstack.cleanup.manager [-] Deleting neutron.port object s_rally_a85687df_vTNVCheL (1098d77d-20c8-4833-a235-10310c06ee66)
2019-06-12 08:38:15.062 21660 RALLYDEBUG rally_openstack.cleanup.manager [-] Deleting neutron.port object s_rally_a85687df_K6zgE216 (10b71442-8273-4dd0-b8f8-051c661144b8)
2019-06-12 08:38:15.084 21660 RALLYDEBUG rally_openstack.cleanup.manager [-] Deleting neutron.port object s_rally_a85687df_hn4OlL8F (10d4fac9-2812-4528-bbb4-5253b9ec0893)
2019-06-12 08:38:15.101 21660 RALLYDEBUG rally_openstack.cleanup.manager [-] Deleting neutron.port object s_rally_a85687df_Y8W0wW88 (10e268e5-b929-4b51-8aad-8e498440585b)
2019-06-12 08:38:15.287 21660 RALLYDEBUG rally_openstack.cleanup.manager [-] Deleting neutron.port object s_rally_a85687df_c2BGxRPX (111ecb36-4c12-41a1-a8cd-57d50a8920c1)
2019-06-12 08:38:15.348 21660 RALLYDEBUG rally_openstack.cleanup.manager [-] Deleting neutron.port object s_rally_a85687df_0d1ObzGb (1172e084-9c32-4690-a59e-c6edf42ca52d)
2019-06-12 08:38:15.367 21660 RALLYDEBUG rally_openstack.cleanup.manager [-] Deleting neutron.port object s_rally_a85687df_7MtcJ76K (11b0a4a9-8de3-4e97-b08e-c1a374036fe3)
2019-06-12 08:38:15.418 21660 RALLYDEBUG rally_openstack.cleanup.manager [-] Deleting neutron.port object s_rally_a85687df_ItKzRavx (11bed442-d1da-4dc0-b3b8-0172fd630ffd)
2019-06-12 08:38:15.544 21660 RALLYDEBUG rally_openstack.cleanup.manager [-] Deleting neutron.port object s_rally_a85687df_tVdh2Ru2 (11c787ae-8dcd-466c-b47a-d1aaa70c5985)
2019-06-12 08:38:16.094 21660 RALLYDEBUG rally_openstack.cleanup.manager [-] Deleting neutron.port object s_rally_a85687df_Vx0fDKg1 (12032222-3a1b-4583-b214-8e6f91cd8ea0)
2019-06-12 08:38:16.123 21660 RALLYDEBUG rally_openstack.cleanup.manager [-] Deleting neutron.port object s_rally_a85687df_UsEzd7Ht (120921b5-ebf6-4c70-a3fa-081091b6fdd5)
2019-06-12 08:38:16.133 21660 RALLYDEBUG rally_openstack.cleanup.manager [-] Deleting neutron.port object s_rally_a85687df_lruoXhx9 (12a7c723-528b-49d9-a15e-2eee5f52cb3d)
2019-06-12 08:38:16.402 21660 RALLYDEBUG rally_openstack.cleanup.manager [-] Deleting neutron.port object s_rally_a85687df_MWAFrDk1 (12ffcc4b-aa08-44d0-88d5-a567ef7d9d77)
2019-06-12 08:38:16.485 21660 RALLYDEBUG rally_openstack.cleanup.manager [-] Deleting neutron.port object s_rally_a85687df_7jMdSOfP (137f29e1-fce9-4387-b297-333b08529d46)
2019-06-12 08:38:16.708 21660 RALLYDEBUG rally_openstack.cleanup.manager [-] Deleting neutron.port object s_rally_a85687df_B8MMD6uB (13863caa-5bf1-4d55-8fab-37d6a86be0cf)
2019-06-12 08:38:16.912 21660 RALLYDEBUG rally_openstack.cleanup.manager [-] Deleting neutron.port object s_rally_a85687df_yt8V6nVb (13c0e77b-1f48-4573-a777-6f5dcc4c0ed8)
2019-06-12 08:38:17.006 21660 RALLYDEBUG rally_openstack.cleanup.manager [-] Deleting neutron.port object s_rally_a85687df_ky1WV3j8 (13cdbd33-7424-4cc1-986f-9b54cdbbef40)
2019-06-12 08:38:17.023 21660 RALLYDEBUG rally_openstack.cleanup.manager [-] Deleting neutron.port object s_rally_a85687df_oJSY5ugT (14355373-b501-4a9b-9538-85083407d2ba)
2019-06-12 08:38:17.070 21660 RALLYDEBUG rally_openstack.cleanup.manager [-] Deleting neutron.port object s_rally_a85687df_hMvbY6up (14c9040f-761c-4d7a-b329-b286f9813396)
2019-06-12 08:38:17.154 21660 RALLYDEBUG rally_openstack.cleanup.manager [-] Deleting neutron.port object s_rally_a85687df_NJ1GPr0w (14ddf080-ebcf-4a83-b452-2e27eaff0708)
2019-06-12 08:38:17.178 21660 RALLYDEBUG rally_openstack.cleanup.manager [-] Deleting neutron.port object s_rally_a85687df_xEr2Dh7c (150fdb47-95fd-4c01-8ea7-caed7a430c10)
2019-06-12 08:38:17.182 21660 RALLYDEBUG rally_openstack.cleanup.manager [-] Deleting neutron.port object s_rally_a85687df_unj49HV1 (15311153-023b-4e74-8ea0-19d8cf1de06f)
2019-06-12 08:38:17.513 21660 RALLYDEBUG rally_openstack.cleanup.manager [-] Deleting neutron.port object s_rally_a85687df_vrhhZ9Pf (153e30f2-54ee-4a60-88b3-de6599ce0f64)
2019-06-12 08:38:17.517 21660 RALLYDEBUG rally_openstack.cleanup.manager [-] Deleting neutron.port object s_rally_a85687df_dfs7tfht (15b6b4e7-33cb-46e6-b599-1bad23c54649)
2019-06-12 08:38:17.569 21660 RALLYDEBUG rally_openstack.cleanup.manager [-] Deleting neutron.port object s_rally_a85687df_pGBiApIa (15dbb3b6-c57b-4a07-9647-96f31d31bc7c)
2019-06-12 08:38:17.584 21660 RALLYDEBUG rally_openstack.cleanup.manager [-] Deleting neutron.port object s_rally_a85687df_HRzw7EWE (16a486a2-69a5-4f18-bd35-152ba7aad3e5)
2019-06-12 08:38:17.707 21660 RALLYDEBUG rally_openstack.cleanup.manager [-] Deleting neutron.port object s_rally_a85687df_KFz6Wmgp (16b74004-8795-40a9-8eeb-711a0462e839)
2019-06-12 08:38:17.868 21660 RALLYDEBUG rally_openstack.cleanup.manager [-] Deleting neutron.port object s_rally_a85687df_VSQokqpc (1753609f-14fa-449e-8a3c-c11dcf9085bc)
2019-06-12 08:38:18.022 21660 RALLYDEBUG rally_openstack.cleanup.manager [-] Deleting neutron.port object s_rally_a85687df_jJxCDLFU (17f17793-901d-4a4e-8f9a-76ca12d99c4c)
2019-06-12 08:38:18.167 21660 RALLYDEBUG rally_openstack.cleanup.manager [-] Deleting neutron.port object s_rally_a85687df_ggfo0pb2 (1807f1c1-bfc8-4e59-ac63-11e5ab445ce4)
2019-06-12 08:38:18.245 21660 RALLYDEBUG rally_openstack.cleanup.manager [-] Deleting neutron.port object s_rally_a85687df_2Qin0axy (1823d371-efab-47be-a63d-02143fa140c3)
2019-06-12 08:38:18.362 21660 RALLYDEBUG rally_openstack.cleanup.manager [-] Deleting neutron.port object s_rally_a85687df_TOGU28Cp (1910a372-e42a-4bd2-86b4-36d2f82d5938)
2019-06-12 08:38:18.418 21660 RALLYDEBUG rally_openstack.cleanup.manager [-] Deleting neutron.port object s_rally_a85687df_cDi9uN5y (1a1315f3-88f9-4c55-9e79-4e44b6e456b9)
2019-06-12 08:38:18.736 21660 RALLYDEBUG rally_openstack.cleanup.manager [-] Deleting neutron.port object s_rally_a85687df_9PLa6sJ8 (1a5dd583-e14b-4706-a6c4-0c73dfa64bba)
2019-06-12 08:38:18.882 21660 RALLYDEBUG rally_openstack.cleanup.manager [-] Deleting neutron.port object s_rally_a85687df_tG29KEvh (1b2e720e-85ba-4b4b-b99a-1486f77f9425)
2019-06-12 08:38:18.889 21660 RALLYDEBUG rally_openstack.cleanup.manager [-] Deleting neutron.port object s_rally_a85687df_PNVIwQ20 (1b36bb05-0f6b-45e7-813b-db9a72409a3d)
2019-06-12 08:38:18.971 21660 RALLYDEBUG rally_openstack.cleanup.manager [-] Deleting neutron.port object s_rally_a85687df_rzmNuKP9 (1bb166ec-928f-4be7-9eeb-f2020437d840)
2019-06-12 08:38:19.146 21660 RALLYDEBUG rally_openstack.cleanup.manager [-] Deleting neutron.port object s_rally_a85687df_Lk8jpXo0 (1be0e4eb-4a74-464e-8397-dc0830f8b435)
2019-06-12 08:38:19.275 21660 RALLYDEBUG rally_openstack.cleanup.manager [-] Deleting neutron.port object s_rally_a85687df_0QOkLP22 (1c2aa9e0-c72c-4542-a578-9125c813f57b)
2019-06-12 08:38:19.359 21660 RALLYDEBUG rally_openstack.cleanup.manager [-] Deleting neutron.port object s_rally_a85687df_SI7q4IE6 (1c72a453-2cfd-4083-b847-42ce372aba42)
2019-06-12 08:38:19.468 21660 RALLYDEBUG rally_openstack.cleanup.manager [-] Deleting neutron.port object s_rally_a85687df_0nXR0RX8 (1ca65e4f-3e66-4a6b-8832-9bcecba275a2)
2019-06-12 08:38:19.588 21660 RALLYDEBUG rally_openstack.cleanup.manager [-] Deleting neutron.port object s_rally_a85687df_maw8QgK1 (1d37d7cc-45f5-43e2-a737-fd4ebea9764a)
2019-06-12 08:38:19.663 21660 RALLYDEBUG rally_openstack.cleanup.manager [-] Deleting neutron.port object s_rally_a85687df_FTw0Zq2P (1dfe96b7-c2d2-4716-9022-387537e94cbf)
2019-06-12 08:38:19.856 21660 RALLYDEBUG rally_openstack.cleanup.manager [-] Deleting neutron.port object s_rally_a85687df_In5ftlPm (1ea1af70-9ab4-42b7-9414-5121e745e728)
2019-06-12 08:38:19.903 21660 RALLYDEBUG rally_openstack.cleanup.manager [-] Deleting neutron.port object s_rally_a85687df_JjPmoBzb (1f4b7419-48fa-47c5-b9f8-0e3f9661dca9)
2019-06-12 08:38:20.226 21660 RALLYDEBUG rally_openstack.cleanup.manager [-] Deleting neutron.port object s_rally_a85687df_NXwY81co (1faf9543-7f97-486b-8403-f0159a3fadca)
2019-06-12 08:38:20.364 21660 RALLYDEBUG rally_openstack.cleanup.manager [-] Deleting neutron.port object s_rally_a85687df_lKa9xyhT (1fe4065c-03cc-4627-9ca4-8203e5b49cd8)
2019-06-12 08:38:20.467 21660 RALLYDEBUG rally_openstack.cleanup.manager [-] Deleting neutron.port object s_rally_a85687df_ECTx8twn (20905bdb-0ee2-4126-a1df-d6625ee95985)
2019-06-12 08:38:20.586 21660 RALLYDEBUG rally_openstack.cleanup.manager [-] Deleting neutron.port object s_rally_a85687df_xqehw2nK (2119012a-a191-4b5c-bf7b-472a25aa6a30)
2019-06-12 08:38:20.841 21660 RALLYDEBUG rally_openstack.cleanup.manager [-] Deleting neutron.port object s_rally_a85687df_eWBKgvqm (2132f95a-332c-4ed5-b32d-3fc60e326957)
2019-06-12 08:38:20.841 21660 RALLYDEBUG rally_openstack.cleanup.manager [-] Deleting neutron.port object s_rally_a85687df_OGUc2V3a (22d070e6-71bc-49c3-92cb-49f56a1cf91c)
2019-06-12 08:38:20.913 21660 RALLYDEBUG rally_openstack.cleanup.manager [-] Deleting neutron.port object s_rally_a85687df_eUQUO7L8 (238dc0ec-8236-4664-93bd-42450ff1f651)
2019-06-12 08:38:21.046 21660 RALLYDEBUG rally_openstack.cleanup.manager [-] Deleting neutron.port object s_rally_a85687df_NgbgCGec (23ab9ac6-e72d-4df1-a376-63cb7dd2feac)
2019-06-12 08:38:21.213 21660 RALLYDEBUG rally_openstack.cleanup.manager [-] Deleting neutron.port object s_rally_a85687df_TgHOPxF2 (24e3f1d0-f069-481c-b90c-b1198738b3de)
2019-06-12 08:38:21.223 21660 RALLYDEBUG rally_openstack.cleanup.manager [-] Deleting neutron.port object s_rally_a85687df_QOG4NngI (255ce2fc-839f-464c-a04b-3105bb5b8b4f)
2019-06-12 08:38:21.454 21660 RALLYDEBUG rally_openstack.cleanup.manager [-] Deleting neutron.port object s_rally_a85687df_bhorV7W7 (26026694-5dd2-4fd2-b39f-9c7181b86bbd)
2019-06-12 08:38:21.515 21660 RALLYDEBUG rally_openstack.cleanup.manager [-] Deleting neutron.port object s_rally_a85687df_5sNGz2dV (267b0cf2-c7f9-4626-b21b-37989b5ae887)
2019-06-12 08:38:21.557 21660 RALLYDEBUG rally_openstack.cleanup.manager [-] Deleting neutron.port object s_rally_a85687df_am9ou54t (2727de1c-3046-46ba-b113-75cf066ec64f)
2019-06-12 08:38:21.590 21660 RALLYDEBUG rally_openstack.cleanup.manager [-] Deleting neutron.port object s_rally_a85687df_hCksmf05 (275f2db1-afcb-421f-a096-ec02324bb096)
2019-06-12 08:38:21.835 21660 RALLYDEBUG rally_openstack.cleanup.manager [-] Deleting neutron.port object s_rally_a85687df_9zW0L1O7 (276d0cfa-b5df-46f0-8100-2f59d4bf0e47)
2019-06-12 08:38:21.868 21660 RALLYDEBUG rally_openstack.cleanup.manager [-] Deleting neutron.port object s_rally_a85687df_Nk6vnH2K (27cfa3c5-dbdb-4785-90f8-bb97a5ee49ce)
2019-06-12 08:38:21.890 21660 RALLYDEBUG rally_openstack.cleanup.manager [-] Deleting neutron.port object s_rally_a85687df_hAIa0fMn (29d3e308-57cc-4fef-8af8-87e9eceb0303)
2019-06-12 08:38:22.029 21660 RALLYDEBUG rally_openstack.cleanup.manager [-] Deleting neutron.port object s_rally_a85687df_yE2OglbK (2aa04804-4f1d-419f-bebb-48f76982f519)
2019-06-12 08:38:22.203 21660 RALLYDEBUG rally_openstack.cleanup.manager [-] Deleting neutron.port object s_rally_a85687df_lVZphJGi (2ab8444c-fc30-43c4-9d74-2845fef2a943)
2019-06-12 08:38:22.436 21660 RALLYDEBUG rally_openstack.cleanup.manager [-] Deleting neutron.port object s_rally_a85687df_twt7SqTE (2bc964d5-6feb-4542-bf2f-c9e1e41e9d6c)
2019-06-12 08:38:22.445 21660 RALLYDEBUG rally_openstack.cleanup.manager [-] Deleting neutron.port object s_rally_a85687df_JnUianus (2c0050d0-41e4-4c3e-8f04-a5ffb426b301)
2019-06-12 08:38:22.599 21660 RALLYDEBUG rally_openstack.cleanup.manager [-] Deleting neutron.port object s_rally_a85687df_9b96uyEz (2c30e8c4-59ee-46fd-aaac-a001badf43a3)
2019-06-12 08:38:22.648 21660 RALLYDEBUG rally_openstack.cleanup.manager [-] Deleting neutron.port object s_rally_a85687df_Or5t9DJ2 (2c502228-1ad2-476a-b9ab-fe1f571b691e)
2019-06-12 08:38:22.889 21660 RALLYDEBUG rally_openstack.cleanup.manager [-] Deleting neutron.port object s_rally_a85687df_8GXB909g (2cab4979-f114-4d4d-aabb-8abe19b4cfc6)
2019-06-12 08:38:22.962 21660 RALLYDEBUG rally_openstack.cleanup.manager [-] Deleting neutron.port object s_rally_a85687df_giBILdW5 (2df1e452-eac1-470f-9e1f-74e572c4412a)
2019-06-12 08:38:23.129 21660 RALLYDEBUG rally_openstack.cleanup.manager [-] Deleting neutron.port object s_rally_a85687df_XBWKb6Km (2dfc24ec-961e-4563-b363-e29a9f7dc5d1)
2019-06-12 08:38:23.165 21660 RALLYDEBUG rally_openstack.cleanup.manager [-] Deleting neutron.port object s_rally_a85687df_0CsSiOkT (2e362f2f-3001-4c22-940d-0ece23939f5f)
2019-06-12 08:38:23.493 21660 RALLYDEBUG rally_openstack.cleanup.manager [-] Deleting neutron.port object s_rally_a85687df_6Y1R18Us (2ef40c2f-50ac-48e3-8735-4e635dea8e30)
2019-06-12 08:38:23.628 21660 RALLYDEBUG rally_openstack.cleanup.manager [-] Deleting neutron.port object s_rally_a85687df_kPQl6vP0 (3095caa1-2f79-47dd-9372-55bb5aa7000e)
