2019-06-12 08:21:39.557 21651 RALLYDEBUG rally.api [-] INFO logs from urllib3 and requests module are hide.
2019-06-12 08:21:39.557 21651 RALLYDEBUG rally.api [-] urllib3 insecure warnings are hidden.
2019-06-12 08:21:39.557 21651 RALLYDEBUG rally.api [-] ERROR log from boto module is hide.
2019-06-12 08:21:42.052 21653 RALLYDEBUG rally.api [-] INFO logs from urllib3 and requests module are hide.
2019-06-12 08:21:42.052 21653 RALLYDEBUG rally.api [-] urllib3 insecure warnings are hidden.
2019-06-12 08:21:42.052 21653 RALLYDEBUG rally.api [-] ERROR log from boto module is hide.
2019-06-12 08:21:43.542 21653 WARNING rally_openstack.platforms.existing [-] endpoint is deprecated and not used.
2019-06-12 08:21:44.658 21655 RALLYDEBUG rally.api [-] INFO logs from urllib3 and requests module are hide.
2019-06-12 08:21:44.658 21655 RALLYDEBUG rally.api [-] urllib3 insecure warnings are hidden.
2019-06-12 08:21:44.658 21655 RALLYDEBUG rally.api [-] ERROR log from boto module is hide.
2019-06-12 08:21:47.950 21658 RALLYDEBUG rally.api [-] INFO logs from urllib3 and requests module are hide.
2019-06-12 08:21:47.951 21658 RALLYDEBUG rally.api [-] urllib3 insecure warnings are hidden.
2019-06-12 08:21:47.951 21658 RALLYDEBUG rally.api [-] ERROR log from boto module is hide.
2019-06-12 08:21:49.817 21660 RALLYDEBUG rally.api [-] INFO logs from urllib3 and requests module are hide.
2019-06-12 08:21:49.818 21660 RALLYDEBUG rally.api [-] urllib3 insecure warnings are hidden.
2019-06-12 08:21:49.818 21660 RALLYDEBUG rally.api [-] ERROR log from boto module is hide.
2019-06-12 08:21:51.218 21660 INFO rally.common.plugin.discover [-] Loading plugins from directories /root/.rally/plugins/*
2019-06-12 08:21:51.219 21660 INFO rally.common.plugin.discover [-] Loaded module with plugins: /root/.rally/plugins/__init__.py
2019-06-12 08:21:51.221 21660 INFO rally.common.plugin.discover [-] Loaded module with plugins: /root/.rally/plugins/trunk_scenario.py
2019-06-12 08:21:51.466 21660 INFO rally.task.engine [-] Task 19efb881-e6b5-4448-a379-328943702eba | Starting: Task validation.
2019-06-12 08:21:51.519 21660 INFO rally.task.engine [-] Task 19efb881-e6b5-4448-a379-328943702eba | Starting: Task validation of syntax.
2019-06-12 08:21:51.765 21660 INFO rally.task.engine [-] Task 19efb881-e6b5-4448-a379-328943702eba | Completed: Task validation of syntax.
2019-06-12 08:21:51.765 21660 INFO rally.task.engine [-] Task 19efb881-e6b5-4448-a379-328943702eba | Starting: Task validation of required platforms.
2019-06-12 08:21:51.835 21660 INFO rally.task.engine [-] Task 19efb881-e6b5-4448-a379-328943702eba | Completed: Task validation of required platforms.
2019-06-12 08:21:51.836 21660 INFO rally.task.engine [-] Task 19efb881-e6b5-4448-a379-328943702eba | Starting: Task validation of semantic.
2019-06-12 08:21:51.836 21660 INFO rally.task.engine [-] Check health of the environment '4a1d7221-59d8-4a98-98fa-bd23210ac690'.
2019-06-12 08:21:52.406 21660 INFO rally.task.engine [-] Platform existing@openstack (available: True): OK!
2019-06-12 08:21:52.423 21660 RALLYDEBUG rally_openstack.contexts.keystone.users [-] Creating 1 tenants using 20 threads
2019-06-12 08:21:53.290 21660 RALLYDEBUG rally_openstack.contexts.keystone.users [-] Creating 1 users using 20 threads
2019-06-12 08:21:54.699 21660 INFO rally.task.context [-] Task 19efb881-e6b5-4448-a379-328943702eba | Context users@openstack setup() finished in 2.28 sec
2019-06-12 08:21:59.301 21660 INFO rally.task.context [-] Task 19efb881-e6b5-4448-a379-328943702eba | Context users@openstack cleanup() started
2019-06-12 08:22:03.145 21660 INFO rally.task.context [-] Task 19efb881-e6b5-4448-a379-328943702eba | Context users@openstack cleanup() finished in 3.84 sec
2019-06-12 08:22:03.145 21660 INFO rally.task.engine [-] Task 19efb881-e6b5-4448-a379-328943702eba | Completed: Task validation of semantic.
2019-06-12 08:22:03.146 21660 INFO rally.task.engine [-] Task 19efb881-e6b5-4448-a379-328943702eba | Completed: Task validation.
2019-06-12 08:22:03.146 21660 INFO rally.api [-] Task 19efb881-e6b5-4448-a379-328943702eba input file is valid.
2019-06-12 08:22:03.147 21660 INFO rally.api [-] Run Task 19efb881-e6b5-4448-a379-328943702eba against Deployment 4a1d7221-59d8-4a98-98fa-bd23210ac690
2019-06-12 08:22:03.147 21660 INFO rally.task.engine [-] Task 19efb881-e6b5-4448-a379-328943702eba | Starting: Running task.
2019-06-12 08:22:03.320 21660 INFO rally.task.engine [-] Running workload: position = 0 config = { "version": 2, "title": "A cropped version of a bigger task.", "description": "Auto-generated task from a single workload (uuid=d37a01b8-4087-4de2-8429-57f69dd7f10e)", "subtasks": [ { "title": "NeutronNetworks.create_and_list_networks", "description": "Check performance of list_networks action and ensure > network quotas are not exceeded", "scenario": { "NeutronNetworks.create_and_list_networks": {} }, "contexts": { "users": { "tenants": 1, "users_per_tenant": 1 }, "quotas": { "neutron": { "network": 119 } } }, "runner": { "constant": { "times": 100, "concurrency": 20 } }, "hooks": [], "sla": { "max_avg_duration_per_atomic": { "neutron.list_networks": 15 }, "failure_rate": { "max": 0 } } } ] }
2019-06-12 08:22:03.344 21660 RALLYDEBUG rally_openstack.contexts.keystone.users [-] Creating 1 tenants using 20 threads
2019-06-12 08:22:04.258 21660 RALLYDEBUG rally_openstack.contexts.keystone.users [-] Creating 1 users using 20 threads
2019-06-12 08:22:05.617 21660 INFO rally.task.context [-] Task 19efb881-e6b5-4448-a379-328943702eba | Context users@openstack setup() finished in 2.27 sec
2019-06-12 08:22:06.385 21660 INFO rally.task.context [-] Task 19efb881-e6b5-4448-a379-328943702eba | Context quotas@openstack setup() finished in 0.77 sec
2019-06-12 08:22:06.385 21660 INFO rally.task.context [-] Task 19efb881-e6b5-4448-a379-328943702eba | Context cleanup@openstack setup() finished in 0.01 msec
2019-06-12 08:22:06.393 21660 RALLYDEBUG rally.task.runner [-] Starting the constant runner (task UUID: 19efb881-e6b5-4448-a379-328943702eba). timeout: 0 concurrency: 20 concurrency_per_worker: 1 times: 100 concurrency_overhead: 4 processes_to_start: 16 max_cpu_used: 16
2019-06-12 08:22:06.407 21784 RALLYDEBUG rally.task.runner [-] Starting a worker. concurrency: 2 args: {} times: 100 method_name: run timeout: 0 duration: None cls:
2019-06-12 08:22:06.410 21785 RALLYDEBUG rally.task.runner [-] Starting a worker. concurrency: 2 args: {} times: 100 method_name: run timeout: 0 duration: None cls:
2019-06-12 08:22:06.413 21786 RALLYDEBUG rally.task.runner [-] Starting a worker. concurrency: 2 args: {} times: 100 method_name: run timeout: 0 duration: None cls:
2019-06-12 08:22:06.416 21787 RALLYDEBUG rally.task.runner [-] Starting a worker. concurrency: 2 args: {} times: 100 method_name: run timeout: 0 duration: None cls:
2019-06-12 08:22:06.414 21784 INFO rally.task.runner [-] Task 19efb881-e6b5-4448-a379-328943702eba | ITER: 1 START
2019-06-12 08:22:06.417 21785 INFO rally.task.runner [-] Task 19efb881-e6b5-4448-a379-328943702eba | ITER: 2 START
2019-06-12 08:22:06.419 21790 RALLYDEBUG rally.task.runner [-] Starting a worker. concurrency: 1 args: {} times: 100 method_name: run timeout: 0 duration: None cls:
2019-06-12 08:22:06.422 21784 INFO rally.task.runner [-] Task 19efb881-e6b5-4448-a379-328943702eba | ITER: 3 START
2019-06-12 08:22:06.422 21793 RALLYDEBUG rally.task.runner [-] Starting a worker. concurrency: 1 args: {} times: 100 method_name: run timeout: 0 duration: None cls:
2019-06-12 08:22:06.424 21786 INFO rally.task.runner [-] Task 19efb881-e6b5-4448-a379-328943702eba | ITER: 4 START
2019-06-12 08:22:06.427 21787 INFO rally.task.runner [-] Task 19efb881-e6b5-4448-a379-328943702eba | ITER: 6 START
2019-06-12 08:22:06.426 21796 RALLYDEBUG rally.task.runner [-] Starting a worker. concurrency: 1 args: {} times: 100 method_name: run timeout: 0 duration: None cls:
2019-06-12 08:22:06.426 21790 INFO rally.task.runner [-] Task 19efb881-e6b5-4448-a379-328943702eba | ITER: 9 START
2019-06-12 08:22:06.428 21786 INFO rally.task.runner [-] Task 19efb881-e6b5-4448-a379-328943702eba | ITER: 7 START
2019-06-12 08:22:06.428 21800 RALLYDEBUG rally.task.runner [-] Starting a worker. concurrency: 1 args: {} times: 100 method_name: run timeout: 0 duration: None cls:
2019-06-12 08:22:06.428 21793 INFO rally.task.runner [-] Task 19efb881-e6b5-4448-a379-328943702eba | ITER: 10 START
2019-06-12 08:22:06.429 21787 INFO rally.task.runner [-] Task 19efb881-e6b5-4448-a379-328943702eba | ITER: 8 START
2019-06-12 08:22:06.431 21785 INFO rally.task.runner [-] Task 19efb881-e6b5-4448-a379-328943702eba | ITER: 5 START
2019-06-12 08:22:06.436 21796 INFO rally.task.runner [-] Task 19efb881-e6b5-4448-a379-328943702eba | ITER: 11 START
2019-06-12 08:22:06.435 21808 RALLYDEBUG rally.task.runner [-] Starting a worker. concurrency: 1 args: {} times: 100 method_name: run timeout: 0 duration: None cls:
2019-06-12 08:22:06.437 21800 INFO rally.task.runner [-] Task 19efb881-e6b5-4448-a379-328943702eba | ITER: 12 START
2019-06-12 08:22:06.442 21813 RALLYDEBUG rally.task.runner [-] Starting a worker. concurrency: 1 args: {} times: 100 method_name: run timeout: 0 duration: None cls:
2019-06-12 08:22:06.449 21815 RALLYDEBUG rally.task.runner [-] Starting a worker. concurrency: 1 args: {} times: 100 method_name: run timeout: 0 duration: None cls:
2019-06-12 08:22:06.451 21813 INFO rally.task.runner [-] Task 19efb881-e6b5-4448-a379-328943702eba | ITER: 14 START
2019-06-12 08:22:06.452 21808 INFO rally.task.runner [-] Task 19efb881-e6b5-4448-a379-328943702eba | ITER: 13 START
2019-06-12 08:22:06.455 21817 RALLYDEBUG rally.task.runner [-] Starting a worker. concurrency: 1 args: {} times: 100 method_name: run timeout: 0 duration: None cls:
2019-06-12 08:22:06.458 21815 INFO rally.task.runner [-] Task 19efb881-e6b5-4448-a379-328943702eba | ITER: 15 START
2019-06-12 08:22:06.465 21817 INFO rally.task.runner [-] Task 19efb881-e6b5-4448-a379-328943702eba | ITER: 16 START
2019-06-12 08:22:06.467 21822 RALLYDEBUG rally.task.runner [-] Starting a worker. concurrency: 1 args: {} times: 100 method_name: run timeout: 0 duration: None cls:
2019-06-12 08:22:06.470 21825 RALLYDEBUG rally.task.runner [-] Starting a worker. concurrency: 1 args: {} times: 100 method_name: run timeout: 0 duration: None cls:
2019-06-12 08:22:06.474 21826 RALLYDEBUG rally.task.runner [-] Starting a worker. concurrency: 1 args: {} times: 100 method_name: run timeout: 0 duration: None cls:
2019-06-12 08:22:06.475 21822 INFO rally.task.runner [-] Task 19efb881-e6b5-4448-a379-328943702eba | ITER: 17 START
2019-06-12 08:22:06.476 21825 INFO rally.task.runner [-] Task 19efb881-e6b5-4448-a379-328943702eba | ITER: 18 START
2019-06-12 08:22:06.479 21827 RALLYDEBUG rally.task.runner [-] Starting a worker. concurrency: 1 args: {} times: 100 method_name: run timeout: 0 duration: None cls:
2019-06-12 08:22:06.481 21826 INFO rally.task.runner [-] Task 19efb881-e6b5-4448-a379-328943702eba | ITER: 19 START
2019-06-12 08:22:06.485 21827 INFO rally.task.runner [-] Task 19efb881-e6b5-4448-a379-328943702eba | ITER: 20 START
2019-06-12 08:22:07.438 21786 INFO rally.task.runner [-] Task 19efb881-e6b5-4448-a379-328943702eba | ITER: 4 END: OK
2019-06-12 08:22:07.443 21786 INFO rally.task.runner [-] Task 19efb881-e6b5-4448-a379-328943702eba | ITER: 21 START
2019-06-12 08:22:07.498 21784 INFO rally.task.runner [-] Task 19efb881-e6b5-4448-a379-328943702eba | ITER: 3 END: OK
2019-06-12 08:22:07.502 21784 INFO rally.task.runner [-] Task 19efb881-e6b5-4448-a379-328943702eba | ITER: 22 START
2019-06-12 08:22:07.507 21787 INFO rally.task.runner [-] Task 19efb881-e6b5-4448-a379-328943702eba | ITER: 6 END: OK
2019-06-12 08:22:07.510 21787 INFO rally.task.runner [-] Task 19efb881-e6b5-4448-a379-328943702eba | ITER: 23 START
2019-06-12 08:22:07.674 21785 INFO rally.task.runner [-] Task 19efb881-e6b5-4448-a379-328943702eba | ITER: 5 END: OK
2019-06-12 08:22:07.679 21785 INFO rally.task.runner [-] Task 19efb881-e6b5-4448-a379-328943702eba | ITER: 24 START
2019-06-12 08:22:07.718 21808 INFO rally.task.runner [-] Task 19efb881-e6b5-4448-a379-328943702eba | ITER: 13 END: OK
2019-06-12 08:22:07.721 21808 INFO rally.task.runner [-] Task 19efb881-e6b5-4448-a379-328943702eba | ITER: 25 START
2019-06-12 08:22:07.749 21785 INFO rally.task.runner [-] Task 19efb881-e6b5-4448-a379-328943702eba | ITER: 2 END: OK
2019-06-12 08:22:07.753 21785 INFO rally.task.runner [-] Task 19efb881-e6b5-4448-a379-328943702eba | ITER: 26 START
2019-06-12 08:22:07.758 21787 INFO rally.task.runner [-] Task 19efb881-e6b5-4448-a379-328943702eba | ITER: 8 END: OK
2019-06-12 08:22:07.761 21787 INFO rally.task.runner [-] Task 19efb881-e6b5-4448-a379-328943702eba | ITER: 27 START
2019-06-12 08:22:07.777 21790 INFO rally.task.runner [-] Task 19efb881-e6b5-4448-a379-328943702eba | ITER: 9 END: OK
2019-06-12 08:22:07.780 21790 INFO rally.task.runner [-] Task 19efb881-e6b5-4448-a379-328943702eba | ITER: 28 START
2019-06-12 08:22:07.896 21813 INFO rally.task.runner [-] Task 19efb881-e6b5-4448-a379-328943702eba | ITER: 14 END: OK
2019-06-12 08:22:07.900 21813 INFO rally.task.runner [-] Task 19efb881-e6b5-4448-a379-328943702eba | ITER: 29 START
2019-06-12 08:22:07.918 21817 INFO rally.task.runner [-] Task 19efb881-e6b5-4448-a379-328943702eba | ITER: 16 END: OK
2019-06-12 08:22:07.922 21817 INFO rally.task.runner [-] Task 19efb881-e6b5-4448-a379-328943702eba | ITER: 30 START
2019-06-12 08:22:08.000 21796 INFO rally.task.runner [-] Task 19efb881-e6b5-4448-a379-328943702eba | ITER: 11 END: OK
2019-06-12 08:22:08.004 21796 INFO rally.task.runner [-] Task 19efb881-e6b5-4448-a379-328943702eba | ITER: 31 START
2019-06-12 08:22:08.015 21800 INFO rally.task.runner [-] Task 19efb881-e6b5-4448-a379-328943702eba | ITER: 12 END: OK
2019-06-12 08:22:08.019 21784 INFO rally.task.runner [-] Task 19efb881-e6b5-4448-a379-328943702eba | ITER: 1 END: OK
2019-06-12 08:22:08.020 21800 INFO rally.task.runner [-] Task 19efb881-e6b5-4448-a379-328943702eba | ITER: 32 START
2019-06-12 08:22:08.022 21784 INFO rally.task.runner [-] Task 19efb881-e6b5-4448-a379-328943702eba | ITER: 33 START
2019-06-12 08:22:08.070 21827 INFO rally.task.runner [-] Task 19efb881-e6b5-4448-a379-328943702eba | ITER: 20 END: OK
2019-06-12 08:22:08.074 21827 INFO rally.task.runner [-] Task 19efb881-e6b5-4448-a379-328943702eba | ITER: 34 START
2019-06-12 08:22:08.161 21793 INFO rally.task.runner [-] Task 19efb881-e6b5-4448-a379-328943702eba | ITER: 10 END: OK
2019-06-12 08:22:08.161 21825 INFO rally.task.runner [-] Task 19efb881-e6b5-4448-a379-328943702eba | ITER: 18 END: OK
2019-06-12 08:22:08.163 21793 INFO rally.task.runner [-] Task 19efb881-e6b5-4448-a379-328943702eba | ITER: 35 START
2019-06-12 08:22:08.165 21825 INFO rally.task.runner [-] Task 19efb881-e6b5-4448-a379-328943702eba | ITER: 36 START
2019-06-12 08:22:08.208 21822 INFO rally.task.runner [-] Task 19efb881-e6b5-4448-a379-328943702eba | ITER: 17 END: OK
2019-06-12 08:22:08.212 21822 INFO rally.task.runner [-] Task 19efb881-e6b5-4448-a379-328943702eba | ITER: 37 START
2019-06-12 08:22:08.252 21826 INFO rally.task.runner [-] Task 19efb881-e6b5-4448-a379-328943702eba | ITER: 19 END: OK
2019-06-12 08:22:08.256 21826 INFO rally.task.runner [-] Task 19efb881-e6b5-4448-a379-328943702eba | ITER: 38 START
2019-06-12 08:22:08.341 21786 INFO rally.task.runner [-] Task 19efb881-e6b5-4448-a379-328943702eba | ITER: 7 END: OK
2019-06-12 08:22:08.345 21786 INFO rally.task.runner [-] Task 19efb881-e6b5-4448-a379-328943702eba | ITER: 39 START
2019-06-12 08:22:08.423 21784 INFO rally.task.runner [-] Task 19efb881-e6b5-4448-a379-328943702eba | ITER: 22 END: OK
2019-06-12 08:22:08.426 21815 INFO rally.task.runner [-] Task 19efb881-e6b5-4448-a379-328943702eba | ITER: 15 END: OK
2019-06-12 08:22:08.427 21784 INFO rally.task.runner [-] Task 19efb881-e6b5-4448-a379-328943702eba | ITER: 40 START
2019-06-12 08:22:08.429 21815 INFO rally.task.runner [-] Task 19efb881-e6b5-4448-a379-328943702eba | ITER: 41 START
2019-06-12 08:22:08.442 21786 INFO rally.task.runner [-] Task 19efb881-e6b5-4448-a379-328943702eba | ITER: 21 END: OK
2019-06-12 08:22:08.446 21786 INFO rally.task.runner [-] Task 19efb881-e6b5-4448-a379-328943702eba | ITER: 42 START
2019-06-12 08:22:08.715 21785 INFO rally.task.runner [-] Task 19efb881-e6b5-4448-a379-328943702eba | ITER: 26 END: OK
2019-06-12 08:22:08.718 21785 INFO rally.task.runner [-] Task 19efb881-e6b5-4448-a379-328943702eba | ITER: 43 START
2019-06-12 08:22:08.721 21787 INFO rally.task.runner [-] Task 19efb881-e6b5-4448-a379-328943702eba | ITER: 23 END: OK
2019-06-12 08:22:08.725 21787 INFO rally.task.runner [-] Task 19efb881-e6b5-4448-a379-328943702eba | ITER: 44 START
2019-06-12 08:22:08.780 21785 INFO rally.task.runner [-] Task 19efb881-e6b5-4448-a379-328943702eba | ITER: 24 END: OK
2019-06-12 08:22:08.783 21785 INFO rally.task.runner [-] Task 19efb881-e6b5-4448-a379-328943702eba | ITER: 45 START
2019-06-12 08:22:08.882 21796 INFO rally.task.runner [-] Task 19efb881-e6b5-4448-a379-328943702eba | ITER: 31 END: OK
2019-06-12 08:22:08.885 21796 INFO rally.task.runner [-] Task 19efb881-e6b5-4448-a379-328943702eba | ITER: 46 START
2019-06-12 08:22:08.928 21808 INFO rally.task.runner [-] Task 19efb881-e6b5-4448-a379-328943702eba | ITER: 25 END: OK
2019-06-12 08:22:08.931 21808 INFO rally.task.runner [-] Task 19efb881-e6b5-4448-a379-328943702eba | ITER: 47 START
2019-06-12 08:22:08.977 21790 INFO rally.task.runner [-] Task 19efb881-e6b5-4448-a379-328943702eba | ITER: 28 END: OK
2019-06-12 08:22:08.981 21790 INFO rally.task.runner [-] Task 19efb881-e6b5-4448-a379-328943702eba | ITER: 48 START
2019-06-12 08:22:09.022 21825 INFO rally.task.runner [-] Task 19efb881-e6b5-4448-a379-328943702eba | ITER: 36 END: OK
2019-06-12 08:22:09.026 21825 INFO rally.task.runner [-] Task 19efb881-e6b5-4448-a379-328943702eba | ITER: 49 START
2019-06-12 08:22:09.173 21787 INFO rally.task.runner [-] Task 19efb881-e6b5-4448-a379-328943702eba | ITER: 27 END: OK
2019-06-12 08:22:09.177 21787 INFO rally.task.runner [-] Task 19efb881-e6b5-4448-a379-328943702eba | ITER: 50 START
2019-06-12 08:22:09.331 21784 INFO rally.task.runner [-] Task 19efb881-e6b5-4448-a379-328943702eba | ITER: 40 END: OK
2019-06-12 08:22:09.335 21784 INFO rally.task.runner [-] Task 19efb881-e6b5-4448-a379-328943702eba | ITER: 51 START
2019-06-12 08:22:09.378 21793 INFO rally.task.runner [-] Task 19efb881-e6b5-4448-a379-328943702eba | ITER: 35 END: OK
2019-06-12 08:22:09.381 21793 INFO rally.task.runner [-] Task 19efb881-e6b5-4448-a379-328943702eba | ITER: 52 START
2019-06-12 08:22:09.406 21817 INFO rally.task.runner [-] Task 19efb881-e6b5-4448-a379-328943702eba | ITER: 30 END: OK
2019-06-12 08:22:09.409 21817 INFO rally.task.runner [-] Task 19efb881-e6b5-4448-a379-328943702eba | ITER: 53 START
2019-06-12 08:22:09.512 21784 INFO rally.task.runner [-] Task 19efb881-e6b5-4448-a379-328943702eba | ITER: 33 END: OK
2019-06-12 08:22:09.515 21784 INFO rally.task.runner [-] Task 19efb881-e6b5-4448-a379-328943702eba | ITER: 54 START
2019-06-12 08:22:09.520 21813 INFO rally.task.runner [-] Task 19efb881-e6b5-4448-a379-328943702eba | ITER: 29 END: OK
2019-06-12 08:22:09.524 21813 INFO rally.task.runner [-] Task 19efb881-e6b5-4448-a379-328943702eba | ITER: 55 START
2019-06-12 08:22:09.574 21826 INFO rally.task.runner [-] Task 19efb881-e6b5-4448-a379-328943702eba | ITER: 38 END: OK
2019-06-12 08:22:09.578 21826 INFO rally.task.runner [-] Task 19efb881-e6b5-4448-a379-328943702eba | ITER: 56 START
2019-06-12 08:22:09.737 21827 INFO rally.task.runner [-] Task 19efb881-e6b5-4448-a379-328943702eba | ITER: 34 END: OK
2019-06-12 08:22:09.740 21827 INFO rally.task.runner [-] Task 19efb881-e6b5-4448-a379-328943702eba | ITER: 57 START
2019-06-12 08:22:09.755 21786 INFO rally.task.runner [-] Task 19efb881-e6b5-4448-a379-328943702eba | ITER: 39 END: OK
2019-06-12 08:22:09.758 21786 INFO rally.task.runner [-] Task 19efb881-e6b5-4448-a379-328943702eba | ITER: 58 START
2019-06-12 08:22:09.766 21815 INFO rally.task.runner [-] Task 19efb881-e6b5-4448-a379-328943702eba | ITER: 41 END: OK
2019-06-12 08:22:09.770 21815 INFO rally.task.runner [-] Task 19efb881-e6b5-4448-a379-328943702eba | ITER: 59 START
2019-06-12 08:22:09.916 21785 INFO rally.task.runner [-] Task 19efb881-e6b5-4448-a379-328943702eba | ITER: 43 END: OK
2019-06-12 08:22:09.920 21785 INFO rally.task.runner [-] Task 19efb881-e6b5-4448-a379-328943702eba | ITER: 60 START
2019-06-12 08:22:09.935 21787 INFO rally.task.runner [-] Task 19efb881-e6b5-4448-a379-328943702eba | ITER: 44 END: OK
2019-06-12 08:22:09.939 21787 INFO rally.task.runner [-] Task 19efb881-e6b5-4448-a379-328943702eba | ITER: 61 START
2019-06-12 08:22:10.007 21822 INFO rally.task.runner [-] Task 19efb881-e6b5-4448-a379-328943702eba | ITER: 37 END: OK
2019-06-12 08:22:10.011 21822 INFO rally.task.runner [-] Task 19efb881-e6b5-4448-a379-328943702eba | ITER: 62 START
2019-06-12 08:22:10.090 21800 INFO rally.task.runner [-] Task 19efb881-e6b5-4448-a379-328943702eba | ITER: 32 END: OK
2019-06-12 08:22:10.094 21800 INFO rally.task.runner [-] Task 19efb881-e6b5-4448-a379-328943702eba | ITER: 63 START
2019-06-12 08:22:10.285 21784 INFO rally.task.runner [-] Task 19efb881-e6b5-4448-a379-328943702eba | ITER: 54 END: OK
2019-06-12 08:22:10.289 21784 INFO rally.task.runner [-] Task 19efb881-e6b5-4448-a379-328943702eba | ITER: 64 START
2019-06-12 08:22:10.366 21790 INFO rally.task.runner [-] Task 19efb881-e6b5-4448-a379-328943702eba | ITER: 48 END: OK
2019-06-12 08:22:10.369 21790 INFO rally.task.runner [-] Task 19efb881-e6b5-4448-a379-328943702eba | ITER: 65 START
2019-06-12 08:22:10.463 21786 INFO rally.task.runner [-] Task 19efb881-e6b5-4448-a379-328943702eba | ITER: 42 END: OK
2019-06-12 08:22:10.466 21786 INFO rally.task.runner [-] Task 19efb881-e6b5-4448-a379-328943702eba | ITER: 66 START
2019-06-12 08:22:10.522 21786 INFO rally.task.runner [-] Task 19efb881-e6b5-4448-a379-328943702eba | ITER: 58 END: OK
2019-06-12 08:22:10.526 21786 INFO rally.task.runner [-] Task 19efb881-e6b5-4448-a379-328943702eba | ITER: 67 START
2019-06-12 08:22:10.529 21825 INFO rally.task.runner [-] Task 19efb881-e6b5-4448-a379-328943702eba | ITER: 49 END: OK
2019-06-12 08:22:10.532 21825 INFO rally.task.runner [-] Task 19efb881-e6b5-4448-a379-328943702eba | ITER: 68 START
2019-06-12 08:22:10.611 21785 INFO rally.task.runner [-] Task 19efb881-e6b5-4448-a379-328943702eba | ITER: 45 END: OK
2019-06-12 08:22:10.615 21785 INFO rally.task.runner [-] Task 19efb881-e6b5-4448-a379-328943702eba | ITER: 69 START
2019-06-12 08:22:10.658 21808 INFO rally.task.runner [-] Task 19efb881-e6b5-4448-a379-328943702eba | ITER: 47 END: OK
2019-06-12 08:22:10.661 21808 INFO rally.task.runner [-] Task 19efb881-e6b5-4448-a379-328943702eba | ITER: 70 START
2019-06-12 08:22:10.746 21796 INFO rally.task.runner [-] Task 19efb881-e6b5-4448-a379-328943702eba | ITER: 46 END: OK
2019-06-12 08:22:10.750 21796 INFO rally.task.runner [-] Task 19efb881-e6b5-4448-a379-328943702eba | ITER: 71 START
2019-06-12 08:22:11.144 21787 INFO rally.task.runner [-] Task 19efb881-e6b5-4448-a379-328943702eba | ITER: 50 END: OK
2019-06-12 08:22:11.147 21787 INFO rally.task.runner [-] Task 19efb881-e6b5-4448-a379-328943702eba | ITER: 72 START
2019-06-12 08:22:11.451 21784 INFO rally.task.runner [-] Task 19efb881-e6b5-4448-a379-328943702eba | ITER: 51 END: OK
2019-06-12 08:22:11.455 21784 INFO rally.task.runner [-] Task 19efb881-e6b5-4448-a379-328943702eba | ITER: 73 START
2019-06-12 08:22:11.509 21793 INFO rally.task.runner [-] Task 19efb881-e6b5-4448-a379-328943702eba | ITER: 52 END: OK
2019-06-12 08:22:11.513 21793 INFO rally.task.runner [-] Task 19efb881-e6b5-4448-a379-328943702eba | ITER: 74 START
2019-06-12 08:22:11.711 21785 INFO rally.task.runner [-] Task 19efb881-e6b5-4448-a379-328943702eba | ITER: 60 END: OK
2019-06-12 08:22:11.715 21785 INFO rally.task.runner [-] Task 19efb881-e6b5-4448-a379-328943702eba | ITER: 75 START
2019-06-12 08:22:11.741 21825 INFO rally.task.runner [-] Task 19efb881-e6b5-4448-a379-328943702eba | ITER: 68 END: OK
2019-06-12 08:22:11.744 21825 INFO rally.task.runner [-] Task 19efb881-e6b5-4448-a379-328943702eba | ITER: 76 START
2019-06-12 08:22:11.753 21784 INFO rally.task.runner [-] Task 19efb881-e6b5-4448-a379-328943702eba | ITER: 64 END: OK
2019-06-12 08:22:11.756 21784 INFO rally.task.runner [-] Task 19efb881-e6b5-4448-a379-328943702eba | ITER: 77 START
2019-06-12 08:22:11.761 21787 INFO rally.task.runner [-] Task 19efb881-e6b5-4448-a379-328943702eba | ITER: 61 END: OK
2019-06-12 08:22:11.764 21787 INFO rally.task.runner [-] Task 19efb881-e6b5-4448-a379-328943702eba | ITER: 78 START
2019-06-12 08:22:11.836 21822 INFO rally.task.runner [-] Task 19efb881-e6b5-4448-a379-328943702eba | ITER: 62 END: OK
2019-06-12 08:22:11.839 21822 INFO rally.task.runner [-] Task 19efb881-e6b5-4448-a379-328943702eba | ITER: 79 START
2019-06-12 08:22:11.878 21827 INFO rally.task.runner [-] Task 19efb881-e6b5-4448-a379-328943702eba | ITER: 57 END: OK
2019-06-12 08:22:11.879 21826 INFO rally.task.runner [-] Task 19efb881-e6b5-4448-a379-328943702eba | ITER: 56 END: OK
2019-06-12 08:22:11.882 21827 INFO rally.task.runner [-] Task 19efb881-e6b5-4448-a379-328943702eba | ITER: 80 START
2019-06-12 08:22:11.883 21826 INFO rally.task.runner [-] Task 19efb881-e6b5-4448-a379-328943702eba | ITER: 81 START
2019-06-12 08:22:11.915 21813 INFO rally.task.runner [-] Task 19efb881-e6b5-4448-a379-328943702eba | ITER: 55 END: OK
2019-06-12 08:22:11.918 21813 INFO rally.task.runner [-] Task 19efb881-e6b5-4448-a379-328943702eba | ITER: 82 START
2019-06-12 08:22:11.930 21817 INFO rally.task.runner [-] Task 19efb881-e6b5-4448-a379-328943702eba | ITER: 53 END: OK
2019-06-12 08:22:11.934 21817 INFO rally.task.runner [-] Task 19efb881-e6b5-4448-a379-328943702eba | ITER: 83 START
2019-06-12 08:22:12.255 21785 INFO rally.task.runner [-] Task 19efb881-e6b5-4448-a379-328943702eba | ITER: 69 END: OK
2019-06-12 08:22:12.259 21785 INFO rally.task.runner [-] Task 19efb881-e6b5-4448-a379-328943702eba | ITER: 84 START
2019-06-12 08:22:12.377 21800 INFO rally.task.runner [-] Task 19efb881-e6b5-4448-a379-328943702eba | ITER: 63 END: OK
2019-06-12 08:22:12.381 21800 INFO rally.task.runner [-] Task 19efb881-e6b5-4448-a379-328943702eba | ITER: 85 START
2019-06-12 08:22:12.430 21790 INFO rally.task.runner [-] Task 19efb881-e6b5-4448-a379-328943702eba | ITER: 65 END: OK
2019-06-12 08:22:12.434 21790 INFO rally.task.runner [-] Task 19efb881-e6b5-4448-a379-328943702eba | ITER: 86 START
2019-06-12 08:22:12.610 21815 INFO rally.task.runner [-] Task 19efb881-e6b5-4448-a379-328943702eba | ITER: 59 END: OK
2019-06-12 08:22:12.614 21815 INFO rally.task.runner [-] Task 19efb881-e6b5-4448-a379-328943702eba | ITER: 87 START
2019-06-12 08:22:12.628 21787 INFO rally.task.runner [-] Task 19efb881-e6b5-4448-a379-328943702eba | ITER: 78 END: OK
2019-06-12 08:22:12.631 21787 INFO rally.task.runner [-] Task 19efb881-e6b5-4448-a379-328943702eba | ITER: 88 START
2019-06-12 08:22:12.802 21787 INFO rally.task.runner [-] Task 19efb881-e6b5-4448-a379-328943702eba | ITER: 72 END: OK
2019-06-12 08:22:12.804 21787 INFO rally.task.runner [-] Task 19efb881-e6b5-4448-a379-328943702eba | ITER: 89 START
2019-06-12 08:22:12.889 21796 INFO rally.task.runner [-] Task 19efb881-e6b5-4448-a379-328943702eba | ITER: 71 END: OK
2019-06-12 08:22:12.891 21796 INFO rally.task.runner [-] Task 19efb881-e6b5-4448-a379-328943702eba | ITER: 90 START
2019-06-12 08:22:12.892 21786 INFO rally.task.runner [-] Task 19efb881-e6b5-4448-a379-328943702eba | ITER: 66 END: OK
2019-06-12 08:22:12.895 21786 INFO rally.task.runner [-] Task 19efb881-e6b5-4448-a379-328943702eba | ITER: 91 START
2019-06-12 08:22:12.992 21786 INFO rally.task.runner [-] Task 19efb881-e6b5-4448-a379-328943702eba | ITER: 67 END: OK
2019-06-12 08:22:12.996 21786 INFO rally.task.runner [-] Task 19efb881-e6b5-4448-a379-328943702eba | ITER: 92 START
2019-06-12 08:22:13.047 21808 INFO rally.task.runner [-] Task 19efb881-e6b5-4448-a379-328943702eba | ITER: 70 END: OK
2019-06-12 08:22:13.051 21808 INFO rally.task.runner [-] Task 19efb881-e6b5-4448-a379-328943702eba | ITER: 93 START
2019-06-12 08:22:13.237 21827 INFO rally.task.runner [-] Task 19efb881-e6b5-4448-a379-328943702eba | ITER: 80 END: OK
2019-06-12 08:22:13.240 21827 INFO rally.task.runner [-] Task 19efb881-e6b5-4448-a379-328943702eba | ITER: 94 START
2019-06-12 08:22:13.242 21826 INFO rally.task.runner [-] Task 19efb881-e6b5-4448-a379-328943702eba | ITER: 81 END: OK
2019-06-12 08:22:13.247 21826 INFO rally.task.runner [-] Task 19efb881-e6b5-4448-a379-328943702eba | ITER: 95 START
2019-06-12 08:22:13.409 21784 INFO rally.task.runner [-] Task 19efb881-e6b5-4448-a379-328943702eba | ITER: 73 END: OK
2019-06-12 08:22:13.413 21784 INFO rally.task.runner [-] Task 19efb881-e6b5-4448-a379-328943702eba | ITER: 96 START
2019-06-12 08:22:13.426 21813 INFO rally.task.runner [-] Task 19efb881-e6b5-4448-a379-328943702eba | ITER: 82 END: OK
2019-06-12 08:22:13.430 21813 INFO rally.task.runner [-] Task 19efb881-e6b5-4448-a379-328943702eba | ITER: 97 START
2019-06-12 08:22:13.539 21785 INFO rally.task.runner [-] Task 19efb881-e6b5-4448-a379-328943702eba | ITER: 75 END: OK
2019-06-12 08:22:13.542 21785 INFO rally.task.runner [-] Task 19efb881-e6b5-4448-a379-328943702eba | ITER: 98 START
2019-06-12 08:22:13.590 21793 INFO rally.task.runner [-] Task 19efb881-e6b5-4448-a379-328943702eba | ITER: 74 END: OK
2019-06-12 08:22:13.594 21793 INFO rally.task.runner [-] Task 19efb881-e6b5-4448-a379-328943702eba | ITER: 99 START
2019-06-12 08:22:13.623 21822 INFO rally.task.runner [-] Task 19efb881-e6b5-4448-a379-328943702eba | ITER: 79 END: OK
2019-06-12 08:22:13.627 21822 INFO rally.task.runner [-] Task 19efb881-e6b5-4448-a379-328943702eba | ITER: 100 START
2019-06-12 08:22:13.841 21796 INFO rally.task.runner [-] Task 19efb881-e6b5-4448-a379-328943702eba | ITER: 90 END: OK
2019-06-12 08:22:13.843 21817 INFO rally.task.runner [-] Task 19efb881-e6b5-4448-a379-328943702eba | ITER: 83 END: OK
2019-06-12 08:22:14.027 21800 INFO rally.task.runner [-] Task 19efb881-e6b5-4448-a379-328943702eba | ITER: 85 END: OK
2019-06-12 08:22:14.029 21784 INFO rally.task.runner [-] Task 19efb881-e6b5-4448-a379-328943702eba | ITER: 77 END: OK
2019-06-12 08:22:14.042 21825 INFO rally.task.runner [-] Task 19efb881-e6b5-4448-a379-328943702eba | ITER: 76 END: OK
2019-06-12 08:22:14.137 21785 INFO rally.task.runner [-] Task 19efb881-e6b5-4448-a379-328943702eba | ITER: 84 END: OK
2019-06-12 08:22:14.161 21815 INFO rally.task.runner [-] Task 19efb881-e6b5-4448-a379-328943702eba | ITER: 87 END: OK
2019-06-12 08:22:14.602 21786 INFO rally.task.runner [-] Task 19efb881-e6b5-4448-a379-328943702eba | ITER: 92 END: OK
2019-06-12 08:22:14.652 21826 INFO rally.task.runner [-] Task 19efb881-e6b5-4448-a379-328943702eba | ITER: 95 END: OK
2019-06-12 08:22:14.706 21827 INFO rally.task.runner [-] Task 19efb881-e6b5-4448-a379-328943702eba | ITER: 94 END: OK
2019-06-12 08:22:14.800 21786 INFO rally.task.runner [-] Task 19efb881-e6b5-4448-a379-328943702eba | ITER: 91 END: OK
2019-06-12 08:22:14.835 21808 INFO rally.task.runner [-] Task 19efb881-e6b5-4448-a379-328943702eba | ITER: 93 END: OK
2019-06-12 08:22:14.970 21787 INFO rally.task.runner [-] Task 19efb881-e6b5-4448-a379-328943702eba | ITER: 89 END: OK
2019-06-12 08:22:15.041 21790 INFO rally.task.runner [-] Task 19efb881-e6b5-4448-a379-328943702eba | ITER: 86 END: OK
2019-06-12 08:22:15.064 21787 INFO rally.task.runner [-] Task 19efb881-e6b5-4448-a379-328943702eba | ITER: 88 END: OK
2019-06-12 08:22:15.122 21793 INFO rally.task.runner [-] Task 19efb881-e6b5-4448-a379-328943702eba | ITER: 99 END: OK
2019-06-12 08:22:15.132 21822 INFO rally.task.runner [-] Task 19efb881-e6b5-4448-a379-328943702eba | ITER: 100 END: OK
2019-06-12 08:22:15.288 21785 INFO rally.task.runner [-] Task 19efb881-e6b5-4448-a379-328943702eba | ITER: 98 END: OK
2019-06-12 08:22:15.367 21784 INFO rally.task.runner [-] Task 19efb881-e6b5-4448-a379-328943702eba | ITER: 96 END: OK
2019-06-12 08:22:15.628 21813 INFO rally.task.runner [-] Task 19efb881-e6b5-4448-a379-328943702eba | ITER: 97 END: OK
2019-06-12 08:22:15.655 21660 INFO rally.task.context [-] Task 19efb881-e6b5-4448-a379-328943702eba | Context cleanup@openstack cleanup() started
2019-06-12 08:22:15.658 21660 RALLYDEBUG rally_openstack.cleanup.manager [-] Cleaning up neutron vip objects
2019-06-12 08:22:16.053 21660 RALLYDEBUG rally_openstack.cleanup.manager [-] Cleaning up neutron health_monitor objects
2019-06-12 08:22:16.429 21660 RALLYDEBUG rally_openstack.cleanup.manager [-] Cleaning up neutron pool objects
2019-06-12 08:22:16.817 21660 RALLYDEBUG rally_openstack.cleanup.manager [-] Cleaning up neutron loadbalancer objects
2019-06-12 08:22:17.224 21660 RALLYDEBUG rally_openstack.cleanup.manager [-] Cleaning up neutron floatingip objects
2019-06-12 08:22:17.916 21660 RALLYDEBUG rally_openstack.cleanup.manager [-] Cleaning up neutron port objects
2019-06-12 08:22:18.331 21660 RALLYDEBUG rally_openstack.cleanup.manager [-] Cleaning up neutron subnet objects
2019-06-12 08:22:18.746 21660 RALLYDEBUG rally_openstack.cleanup.manager [-] Cleaning up neutron network objects
2019-06-12 08:22:19.704 21660 RALLYDEBUG rally_openstack.cleanup.manager [-] Deleting neutron.network object s_rally_d37a01b8_GsaMuDns (12cbf4d1-51d6-4335-9f9c-baad5bd07e9a)
2019-06-12 08:22:19.703 21660 RALLYDEBUG rally_openstack.cleanup.manager [-] Deleting neutron.network object s_rally_d37a01b8_NhI7eINg (059597bd-51b1-4bc8-a518-1c05d4983826)
2019-06-12 08:22:19.705 21660 RALLYDEBUG rally_openstack.cleanup.manager [-] Deleting neutron.network object s_rally_d37a01b8_gsC1eFnR (08ab65d9-ad4a-4aca-b10c-2da01a36d00d)
2019-06-12 08:22:19.720 21660 RALLYDEBUG rally_openstack.cleanup.manager [-] Deleting neutron.network object s_rally_d37a01b8_rwrbodgf (0b446299-ed87-4010-8754-d7fdd8ed7391)
2019-06-12 08:22:19.723 21660 RALLYDEBUG rally_openstack.cleanup.manager [-] Deleting neutron.network object s_rally_d37a01b8_j4EgCFfj (1781a3e6-51f0-454c-bba1-45fa774d4a3f)
2019-06-12 08:22:19.723 21660 RALLYDEBUG rally_openstack.cleanup.manager [-] Deleting neutron.network object s_rally_d37a01b8_T0OMY3lo (06ec0191-4347-4ecf-8a41-64d4f786d10e)
2019-06-12 08:22:19.725 21660 RALLYDEBUG rally_openstack.cleanup.manager [-] Deleting neutron.network object s_rally_d37a01b8_KfelLs2w (185a817f-10fc-4d80-be61-dcf7e1c51ee4)
2019-06-12 08:22:19.731 21660 RALLYDEBUG rally_openstack.cleanup.manager [-] Deleting neutron.network object s_rally_d37a01b8_oL1Fj9cj (0862d393-dae0-4cae-89e1-f539a9578689)
2019-06-12 08:22:19.733 21660 RALLYDEBUG rally_openstack.cleanup.manager [-] Deleting neutron.network object s_rally_d37a01b8_29gz6tvJ (08597d26-dc65-4b33-bae3-9a3d369a6563)
2019-06-12 08:22:19.763 21660 RALLYDEBUG rally_openstack.cleanup.manager [-] Deleting neutron.network object s_rally_d37a01b8_VuK7VDsv (24a57ef3-12ef-4b77-937c-9cdaec832c62)
2019-06-12 08:22:19.768 21660 RALLYDEBUG rally_openstack.cleanup.manager [-] Deleting neutron.network object s_rally_d37a01b8_zEnPQx7s (044d58d8-502f-4a48-888e-49ec52aad0e0)
2019-06-12 08:22:19.771 21660 RALLYDEBUG rally_openstack.cleanup.manager [-] Deleting neutron.network object s_rally_d37a01b8_Mxb63WDM (06d43191-b8b3-41c0-be5c-3047467e4882)
2019-06-12 08:22:19.788 21660 RALLYDEBUG rally_openstack.cleanup.manager [-] Deleting neutron.network object s_rally_d37a01b8_jswJnkmO (283212ce-3534-4f47-af03-e05b09e2fff8)
2019-06-12 08:22:19.791 21660 RALLYDEBUG rally_openstack.cleanup.manager [-] Deleting neutron.network object s_rally_d37a01b8_WqsYzCCv (2720e017-a35b-44e1-a447-dcedaf1bcd5a)
2019-06-12 08:22:19.793 21660 RALLYDEBUG rally_openstack.cleanup.manager [-] Deleting neutron.network object s_rally_d37a01b8_dQY0wusG (05cc4262-7a6b-4f83-9023-457d4a57a602)
2019-06-12 08:22:19.798 21660 RALLYDEBUG rally_openstack.cleanup.manager [-] Deleting neutron.network object s_rally_d37a01b8_0q4bFbqd (05a70eb2-f174-4f00-b1c5-545d3fb853cd)
2019-06-12 08:22:19.798 21660 RALLYDEBUG rally_openstack.cleanup.manager [-] Deleting neutron.network object s_rally_d37a01b8_hA1x5e3H (28cee712-b496-4354-b11e-4b219d5672fe)
2019-06-12 08:22:19.813 21660 RALLYDEBUG rally_openstack.cleanup.manager [-] Deleting neutron.network object s_rally_d37a01b8_fL0M5E1E (2903e84c-3616-4503-8bf8-6e597ca1ae6b)
2019-06-12 08:22:19.820 21660 RALLYDEBUG rally_openstack.cleanup.manager [-] Deleting neutron.network object s_rally_d37a01b8_LcyIwhrB (290013a9-0b7e-49bc-8c8d-47dabe56aa24)
2019-06-12 08:22:19.864 21660 RALLYDEBUG rally_openstack.cleanup.manager [-] Deleting neutron.network object s_rally_d37a01b8_q7XMoOEX (2dc8321e-7440-41e7-9b4a-18e98b39e089)
2019-06-12 08:22:21.847 21660 RALLYDEBUG rally_openstack.cleanup.manager [-] Deleting neutron.network object s_rally_d37a01b8_2uPer0r3 (30b9bde8-fbca-420b-b7cd-3277e475d8ca)
2019-06-12 08:22:22.191 21660 RALLYDEBUG rally_openstack.cleanup.manager [-] Deleting neutron.network object s_rally_d37a01b8_OayrGFmD (36d8c23a-8a77-41f4-9b72-ed60a66c590c)
2019-06-12 08:22:22.250 21660 RALLYDEBUG rally_openstack.cleanup.manager [-] Deleting neutron.network object s_rally_d37a01b8_L0VgBB2x (390aa289-c9e9-4f0c-b57e-111c06f86156)
2019-06-12 08:22:22.410 21660 RALLYDEBUG rally_openstack.cleanup.manager [-] Deleting neutron.network object s_rally_d37a01b8_dqN1vSTk (3ba34cf0-4302-447c-8cb1-afbcc0d79680)
2019-06-12 08:22:22.435 21660 RALLYDEBUG rally_openstack.cleanup.manager [-] Deleting neutron.network object s_rally_d37a01b8_ZSQTWSSp (3e8ecc40-1dbc-4952-93ed-68b6d1308906)
2019-06-12 08:22:22.436 21660 RALLYDEBUG rally_openstack.cleanup.manager [-] Deleting neutron.network object s_rally_d37a01b8_kt2HiHaR (3f9fa90b-4720-49d0-8123-25ef38a79188)
2019-06-12 08:22:22.512 21660 RALLYDEBUG rally_openstack.cleanup.manager [-] Deleting neutron.network object s_rally_d37a01b8_MM9LAptq (442a3772-5644-4acf-a8d1-420207aa34c5)
2019-06-12 08:22:22.748 21660 RALLYDEBUG rally_openstack.cleanup.manager [-] Deleting neutron.network object s_rally_d37a01b8_M34lKIde (4bac8a4c-c833-4f01-abbf-d1668e71dc03)
2019-06-12 08:22:22.946 21660 RALLYDEBUG rally_openstack.cleanup.manager [-] Deleting neutron.network object s_rally_d37a01b8_E4hLMxiB (4d8740c4-2fba-4e2f-97f2-bda74529116a)
2019-06-12 08:22:23.069 21660 RALLYDEBUG rally_openstack.cleanup.manager [-] Deleting neutron.network object s_rally_d37a01b8_S1E9rhSL (4de9d86e-7fed-40df-a55d-86421f178149)
2019-06-12 08:22:23.335 21660 RALLYDEBUG rally_openstack.cleanup.manager [-] Deleting neutron.network object s_rally_d37a01b8_eyQxYWvd (54223859-e352-4cae-8f95-7ed8ba831ebe)
2019-06-12 08:22:23.449 21660 RALLYDEBUG rally_openstack.cleanup.manager [-] Deleting neutron.network object s_rally_d37a01b8_UFf50uvJ (54c76d4d-873a-4c66-ac6d-58ee3e22e5eb)
2019-06-12 08:22:23.472 21660 RALLYDEBUG rally_openstack.cleanup.manager [-] Deleting neutron.network object s_rally_d37a01b8_nzOCbezX (592e40bb-c776-4428-afa8-ebb1bc7cc6d8)
2019-06-12 08:22:23.554 21660 RALLYDEBUG rally_openstack.cleanup.manager [-] Deleting neutron.network object s_rally_d37a01b8_jUEeXXr3 (598cafd0-289a-438d-8a5f-147acd99826d)
2019-06-12 08:22:23.554 21660 RALLYDEBUG rally_openstack.cleanup.manager [-] Deleting neutron.network object s_rally_d37a01b8_tL3LNZyQ (5989c5b4-8163-49ee-8b35-ae91ac59ff5b)
2019-06-12 08:22:23.657 21660 RALLYDEBUG rally_openstack.cleanup.manager [-] Deleting neutron.network object s_rally_d37a01b8_JvffDqv6 (5a4e013c-aaa0-420d-93c9-c2a92c463343)
2019-06-12 08:22:23.792 21660 RALLYDEBUG rally_openstack.cleanup.manager [-] Deleting neutron.network object s_rally_d37a01b8_GOazsrQk (5e102be3-1206-428e-9491-958ca66d0850)
2019-06-12 08:22:23.981 21660 RALLYDEBUG rally_openstack.cleanup.manager [-] Deleting neutron.network object s_rally_d37a01b8_qDpdeoie (5eed34b4-e4d6-4095-950b-598f7689cf3f)
2019-06-12 08:22:24.057 21660 RALLYDEBUG rally_openstack.cleanup.manager [-] Deleting neutron.network object s_rally_d37a01b8_jQDLpeV1 (5f0b0bb8-8ad3-4e8f-a959-933d3ecb6d6a)
2019-06-12 08:22:24.083 21660 RALLYDEBUG rally_openstack.cleanup.manager [-] Deleting neutron.network object s_rally_d37a01b8_mNS2fqD7 (63a2a985-8f53-4771-8dfd-bc8cf536817e)
2019-06-12 08:22:24.167 21660 RALLYDEBUG rally_openstack.cleanup.manager [-] Deleting neutron.network object s_rally_d37a01b8_Ep4Iz6H1 (6c53fe5c-3fa7-4c7d-9784-fb1474e79929)
2019-06-12 08:22:24.211 21660 RALLYDEBUG rally_openstack.cleanup.manager [-] Deleting neutron.network object s_rally_d37a01b8_quROEe2y (6e8735f4-c539-49d5-91b6-d968b7357796)
2019-06-12 08:22:24.354 21660 RALLYDEBUG rally_openstack.cleanup.manager [-] Deleting neutron.network object s_rally_d37a01b8_8vdO0zy3 (725f82f4-adec-4d68-8dc3-74519bc1086d)
2019-06-12 08:22:24.491 21660 RALLYDEBUG rally_openstack.cleanup.manager [-] Deleting neutron.network object s_rally_d37a01b8_7E6xtqkg (738edc41-5de8-48f6-b484-294bdbbb9d28)
2019-06-12 08:22:24.688 21660 RALLYDEBUG rally_openstack.cleanup.manager [-] Deleting neutron.network object s_rally_d37a01b8_lQ6o2qEC (80d658ff-5c71-4014-af9b-d40cef5fa0fe)
2019-06-12 08:22:24.711 21660 RALLYDEBUG rally_openstack.cleanup.manager [-] Deleting neutron.network object s_rally_d37a01b8_XQCf3SO4 (81d8c532-ba5a-4c6e-a547-310bfe769484)
2019-06-12 08:22:24.735 21660 RALLYDEBUG rally_openstack.cleanup.manager [-] Deleting neutron.network object s_rally_d37a01b8_suzE2D7Y (8309ecdf-799d-4ec5-a1b0-7c4ce52bb9f3)
2019-06-12 08:22:24.832 21660 RALLYDEBUG rally_openstack.cleanup.manager [-] Deleting neutron.network object s_rally_d37a01b8_tqOdaXeW (85055613-d713-460f-b2f7-83d3394b57b3)
2019-06-12 08:22:25.149 21660 RALLYDEBUG rally_openstack.cleanup.manager [-] Deleting neutron.network object s_rally_d37a01b8_RirxvwVB (85e6039b-ecde-4048-8d7d-68b27b40466d)
2019-06-12 08:22:25.270 21660 RALLYDEBUG rally_openstack.cleanup.manager [-] Deleting neutron.network object s_rally_d37a01b8_NbsEg25D (8b16209a-7cbb-4279-8c76-54026b02e758)
2019-06-12 08:22:25.287 21660 RALLYDEBUG rally_openstack.cleanup.manager [-] Deleting neutron.network object s_rally_d37a01b8_iEIO1ciH (8c94e72f-9c81-4ba0-b781-084118076656)
2019-06-12 08:22:25.615 21660 RALLYDEBUG rally_openstack.cleanup.manager [-] Deleting neutron.network object s_rally_d37a01b8_3Xx5shHe (8cd69a89-dd4a-4e19-ab7c-d25e63e1d9f3)
2019-06-12 08:22:25.705 21660 RALLYDEBUG rally_openstack.cleanup.manager [-] Deleting neutron.network object s_rally_d37a01b8_e71glgK9 (8f6b6f56-e161-4c75-acf9-fde1f76819ad)
2019-06-12 08:22:25.865 21660 RALLYDEBUG rally_openstack.cleanup.manager [-] Deleting neutron.network object s_rally_d37a01b8_9Y7cP1U9 (8faeed1f-229b-419a-bf74-ebe1057a2549)
2019-06-12 08:22:26.114 21660 RALLYDEBUG rally_openstack.cleanup.manager [-] Deleting neutron.network object s_rally_d37a01b8_vymYF9r8 (9152a74d-3622-4b90-9f47-21736c2b8dab)
2019-06-12 08:22:26.116 21660 RALLYDEBUG rally_openstack.cleanup.manager [-] Deleting neutron.network object s_rally_d37a01b8_EHRbPBcN (908dd70f-06ae-4d79-b8b6-2e8904bc96ba)
2019-06-12 08:22:26.345 21660 RALLYDEBUG rally_openstack.cleanup.manager [-] Deleting neutron.network object s_rally_d37a01b8_BqPKUlvZ (92d8c12d-1971-4620-978a-4a87a26f8f7a)
2019-06-12 08:22:26.386 21660 RALLYDEBUG rally_openstack.cleanup.manager [-] Deleting neutron.network object s_rally_d37a01b8_FxqY521O (934486a7-e82c-4202-a6a5-ac6b58327ddc)
2019-06-12 08:22:26.417 21660 RALLYDEBUG rally_openstack.cleanup.manager [-] Deleting neutron.network object s_rally_d37a01b8_KIi0IIFJ (94242f24-926f-466f-9eae-16552dffa940)
2019-06-12 08:22:26.424 21660 RALLYDEBUG rally_openstack.cleanup.manager [-] Deleting neutron.network object s_rally_d37a01b8_5WrVtMgm (94fa0b13-17fe-46bf-b9c6-347d7b4cd73e)
2019-06-12 08:22:26.446 21660 RALLYDEBUG rally_openstack.cleanup.manager [-] Deleting neutron.network object s_rally_d37a01b8_jYdPi9YT (9ff3195b-1e2c-466e-bfad-3ddf00c60824)
2019-06-12 08:22:26.953 21660 RALLYDEBUG rally_openstack.cleanup.manager [-] Deleting neutron.network object s_rally_d37a01b8_7BnHAIlE (a3042f75-3065-402c-aecf-31bd7249474d)
2019-06-12 08:22:27.046 21660 RALLYDEBUG rally_openstack.cleanup.manager [-] Deleting neutron.network object s_rally_d37a01b8_RhhRd5Bs (a34b5774-e2c0-468d-af45-c4fea26503de)
2019-06-12 08:22:27.314 21660 RALLYDEBUG rally_openstack.cleanup.manager [-] Deleting neutron.network object s_rally_d37a01b8_wfI6u9lN (a3628cde-9951-41b0-ad39-edd5b28bb07c)
2019-06-12 08:22:27.342 21660 RALLYDEBUG rally_openstack.cleanup.manager [-] Deleting neutron.network object s_rally_d37a01b8_SlO3mpRZ (a9015fe0-386f-42e5-bfd3-414256055613)
2019-06-12 08:22:27.354 21660 RALLYDEBUG rally_openstack.cleanup.manager [-] Deleting neutron.network object s_rally_d37a01b8_cZBtG4A8 (a9a13011-690d-4e2d-9396-c21a9f187432)
2019-06-12 08:22:27.362 21660 RALLYDEBUG rally_openstack.cleanup.manager [-] Deleting neutron.network object s_rally_d37a01b8_itGPbFAi (aa0bb83a-4eb5-4751-9960-fd21eb56bd90)
2019-06-12 08:22:27.523 21660 RALLYDEBUG rally_openstack.cleanup.manager [-] Deleting neutron.network object s_rally_d37a01b8_CuuDvsB7 (aaecafef-71dd-44dc-9f19-ed4d5287cf8d)
2019-06-12 08:22:27.780 21660 RALLYDEBUG rally_openstack.cleanup.manager [-] Deleting neutron.network object s_rally_d37a01b8_UunIaFF2 (af32a17b-4b95-4926-a58e-711cd1348ec8)
2019-06-12 08:22:27.860 21660 RALLYDEBUG rally_openstack.cleanup.manager [-] Deleting neutron.network object s_rally_d37a01b8_bkDoqiCb (afd0c170-6140-422d-ba73-689e3f85d163)
2019-06-12 08:22:28.127 21660 RALLYDEBUG rally_openstack.cleanup.manager [-] Deleting neutron.network object s_rally_d37a01b8_wb9lvA9m (b0280e98-b98a-4b1d-9d41-5292f21ca10b)
2019-06-12 08:22:28.310 21660 RALLYDEBUG rally_openstack.cleanup.manager [-] Deleting neutron.network object s_rally_d37a01b8_AjvIhVSB (b0486e48-16b1-4e7d-9137-c66bef970cbe)
2019-06-12 08:22:28.378 21660 RALLYDEBUG rally_openstack.cleanup.manager [-] Deleting neutron.network object s_rally_d37a01b8_XGV7cHlF (b24f9a9c-ea8a-4ff8-9b7a-ce4d649551f2)
2019-06-12 08:22:28.473 21660 RALLYDEBUG rally_openstack.cleanup.manager [-] Deleting neutron.network object s_rally_d37a01b8_2juKWfXy (b60faef7-6725-4374-8181-b62f6474a3b4)
2019-06-12 08:22:28.512 21660 RALLYDEBUG rally_openstack.cleanup.manager [-] Deleting neutron.network object s_rally_d37a01b8_OydM1zze (b8de10d4-c44c-429b-a88e-bfe06c896238)
2019-06-12 08:22:28.523 21660 RALLYDEBUG rally_openstack.cleanup.manager [-] Deleting neutron.network object s_rally_d37a01b8_5Si2pVmV (b9e517c4-4d66-4e05-8d7e-d3dd4330dcf9)
2019-06-12 08:22:28.699 21660 RALLYDEBUG rally_openstack.cleanup.manager [-] Deleting neutron.network object s_rally_d37a01b8_jj4G6zM5 (c00f9c35-1bda-4d40-a293-02b1c8aa5e7a)
2019-06-12 08:22:28.716 21660 RALLYDEBUG rally_openstack.cleanup.manager [-] Deleting neutron.network object s_rally_d37a01b8_HN0zE0YN (c21489f4-dff7-4b81-8893-3a6683a98300)
2019-06-12 08:22:28.738 21660 RALLYDEBUG rally_openstack.cleanup.manager [-] Deleting neutron.network object s_rally_d37a01b8_CbsffuGp (c745fc3d-3ed6-47ef-a599-33de80867a73)
2019-06-12 08:22:28.925 21660 RALLYDEBUG rally_openstack.cleanup.manager [-] Deleting neutron.network object s_rally_d37a01b8_CrdGKmwy (c79aae9c-f66e-4d5d-8034-cc24dc568c66)
2019-06-12 08:22:29.231 21660 RALLYDEBUG rally_openstack.cleanup.manager [-] Deleting neutron.network object s_rally_d37a01b8_xx56nRhB (c8b00778-e244-48d0-a9b6-5b1444f8e113)
2019-06-12 08:22:29.317 21660 RALLYDEBUG rally_openstack.cleanup.manager [-] Deleting neutron.network object s_rally_d37a01b8_ovOwagKn (ccb86bdd-a806-4ec0-8978-65fac77b7fc7)
2019-06-12 08:22:29.383 21660 RALLYDEBUG rally_openstack.cleanup.manager [-] Deleting neutron.network object s_rally_d37a01b8_SWcB854z (d07c88bc-79ef-45b8-b97d-755b04095b30)
2019-06-12 08:22:29.411 21660 RALLYDEBUG rally_openstack.cleanup.manager [-] Deleting neutron.network object s_rally_d37a01b8_3vnYHZJN (d201bcfe-0db3-455a-8a73-27a829174db5)
2019-06-12 08:22:29.411 21660 RALLYDEBUG rally_openstack.cleanup.manager [-] Deleting neutron.network object s_rally_d37a01b8_exxgWqF7 (d89a7fd1-5c4a-4628-a27b-fa83986fce58)
2019-06-12 08:22:29.445 21660 RALLYDEBUG rally_openstack.cleanup.manager [-] Deleting neutron.network object s_rally_d37a01b8_PdIiWDUg (d945fc63-4840-44b0-b9c8-6af42d783225)
2019-06-12 08:22:29.886 21660 RALLYDEBUG rally_openstack.cleanup.manager [-] Deleting neutron.network object s_rally_d37a01b8_iN4u5Lm4 (da49cb37-af02-4dd8-af1d-c43ca1fb2c1f)
2019-06-12 08:22:29.893 21660 RALLYDEBUG rally_openstack.cleanup.manager [-] Deleting neutron.network object s_rally_d37a01b8_TdgOKaAA (dcb05fe6-d419-46ab-8791-582913a9da98)
2019-06-12 08:22:29.924 21660 RALLYDEBUG rally_openstack.cleanup.manager [-] Deleting neutron.network object s_rally_d37a01b8_JqYUxj8u (dfa9c47f-1ed2-4e54-a32e-9f987126056c)
2019-06-12 08:22:30.098 21660 RALLYDEBUG rally_openstack.cleanup.manager [-] Deleting neutron.network object s_rally_d37a01b8_DABXhSC2 (e1607bd7-87f8-41d0-874e-e51b0aa38958)
2019-06-12 08:22:30.439 21660 RALLYDEBUG rally_openstack.cleanup.manager [-] Deleting neutron.network object s_rally_d37a01b8_HjbYCSdX (e4027ec2-465d-464e-a41c-fed261e80065)
2019-06-12 08:22:30.468 21660 RALLYDEBUG rally_openstack.cleanup.manager [-] Deleting neutron.network object s_rally_d37a01b8_XQNmi2yf (e403f6ad-5dfe-4b02-8642-e1ae88eb565e)
2019-06-12 08:22:30.608 21660 RALLYDEBUG rally_openstack.cleanup.manager [-] Deleting neutron.network object s_rally_d37a01b8_PvlxPv98 (e6599216-eb03-40b4-816b-fda067b166d8)
2019-06-12 08:22:30.711 21660 RALLYDEBUG rally_openstack.cleanup.manager [-] Deleting neutron.network object s_rally_d37a01b8_qUesmO1a (ea9b4b6a-5a39-4552-a98e-b64baf1e1890)
2019-06-12 08:22:30.915 21660 RALLYDEBUG rally_openstack.cleanup.manager [-] Deleting neutron.network object s_rally_d37a01b8_5PKGlhQn (edcdbe75-62f2-4c75-b2b6-40fa01b56e93)
2019-06-12 08:22:30.938 21660 RALLYDEBUG rally_openstack.cleanup.manager [-] Deleting neutron.network object s_rally_d37a01b8_sg1qhohB (ef40f90e-ab7b-4c63-8dcb-b5e1ae36eb1d)
