2019-06-12 08:34:35.747 21660 RALLYDEBUG rally_openstack.cleanup.manager [-] Deleting neutron.port object s_rally_ae926c73_yM3K5LAf (578dc0e3-f103-4ecd-a093-b0df6fef2194)
2019-06-12 08:34:35.755 21660 RALLYDEBUG rally_openstack.cleanup.manager [-] Deleting neutron.port object s_rally_ae926c73_sXjWP5gN (57e069c9-c781-44bf-89ac-288295abb02c)
2019-06-12 08:34:36.156 21660 RALLYDEBUG rally_openstack.cleanup.manager [-] Deleting neutron.port object s_rally_ae926c73_xiCRlfad (59263ac8-0983-44f4-aff8-1a7fcb9412f8)
2019-06-12 08:34:36.187 21660 RALLYDEBUG rally_openstack.cleanup.manager [-] Deleting neutron.port object s_rally_ae926c73_zO7cqGvy (59ec708b-ad30-48ac-aced-4b4bf7cdbbac)
2019-06-12 08:34:36.208 21660 RALLYDEBUG rally_openstack.cleanup.manager [-] Deleting neutron.port object s_rally_ae926c73_w4TxnYsS (5de5a6d7-64f7-4464-8752-0b7a00102557)
2019-06-12 08:34:36.328 21660 RALLYDEBUG rally_openstack.cleanup.manager [-] Deleting neutron.port object s_rally_ae926c73_QtuqgAbY (5e43e08c-22d8-47db-bcd3-7482eaccfd6f)
2019-06-12 08:34:36.338 21660 RALLYDEBUG rally_openstack.cleanup.manager [-] Deleting neutron.port object s_rally_ae926c73_WB0LsUGK (5e79908f-daa3-48f9-b3a4-eefc2d266f22)
2019-06-12 08:34:36.408 21660 RALLYDEBUG rally_openstack.cleanup.manager [-] Deleting neutron.port object s_rally_ae926c73_29kirqr2 (5f14c874-f194-47d6-923f-a37eb9e77515)
2019-06-12 08:34:36.560 21660 RALLYDEBUG rally_openstack.cleanup.manager [-] Deleting neutron.port object s_rally_ae926c73_DacJ2a1U (608e0fd4-0c9c-4a62-9c6f-59cd04063da0)
2019-06-12 08:34:36.609 21660 RALLYDEBUG rally_openstack.cleanup.manager [-] Deleting neutron.port object s_rally_ae926c73_548UvjWz (621eb371-2d3b-442e-b472-29a37fc49ec3)
2019-06-12 08:34:36.653 21660 RALLYDEBUG rally_openstack.cleanup.manager [-] Deleting neutron.port object s_rally_ae926c73_J90JhbIB (62da8724-f33c-4361-8bca-d675d28c36e8)
2019-06-12 08:34:36.682 21660 RALLYDEBUG rally_openstack.cleanup.manager [-] Deleting neutron.port object s_rally_ae926c73_7QoJohYt (64ba73b8-ce67-44e0-b681-e1fbe01b9d07)
2019-06-12 08:34:36.844 21660 RALLYDEBUG rally_openstack.cleanup.manager [-] Deleting neutron.port object s_rally_ae926c73_qiDL3nMi (6513e1b2-ca78-4ecc-99a0-d8e5cff7264f)
2019-06-12 08:34:37.035 21660 RALLYDEBUG rally_openstack.cleanup.manager [-] Deleting neutron.port object s_rally_ae926c73_Y9RZS1JZ (65988ae4-88e0-43d2-a77e-8af6f0f4901c)
2019-06-12 08:34:37.060 21660 RALLYDEBUG rally_openstack.cleanup.manager [-] Deleting neutron.port object s_rally_ae926c73_mVOLtdFu (6627cbd3-3dac-4041-acfc-82c0687ab81f)
2019-06-12 08:34:37.336 21660 RALLYDEBUG rally_openstack.cleanup.manager [-] Deleting neutron.port object s_rally_ae926c73_GnOcZXAF (6760269f-fdae-4d78-b091-6a477698ae41)
2019-06-12 08:34:37.600 21660 RALLYDEBUG rally_openstack.cleanup.manager [-] Deleting neutron.port object s_rally_ae926c73_T2YOnK80 (67dbfef9-fb82-4688-b243-c7719649c90b)
2019-06-12 08:34:37.602 21660 RALLYDEBUG rally_openstack.cleanup.manager [-] Deleting neutron.port object s_rally_ae926c73_XSDJxacC (683bf337-7c33-4466-ac4c-622bd9cdef7e)
2019-06-12 08:34:37.720 21660 RALLYDEBUG rally_openstack.cleanup.manager [-] Deleting neutron.port object s_rally_ae926c73_kxmb5QRb (683d3d58-6cd6-4a75-b789-17649011a965)
2019-06-12 08:34:37.845 21660 RALLYDEBUG rally_openstack.cleanup.manager [-] Deleting neutron.port object s_rally_ae926c73_h0HEJpQT (691d7f43-c827-4dd5-b23e-6e1cef2aea7c)
2019-06-12 08:34:38.065 21660 RALLYDEBUG rally_openstack.cleanup.manager [-] Deleting neutron.port object s_rally_ae926c73_DhFA7sou (6b7089ab-6e72-49a1-8185-e7d51a4da195)
2019-06-12 08:34:38.075 21660 RALLYDEBUG rally_openstack.cleanup.manager [-] Deleting neutron.port object s_rally_ae926c73_96WN7m8U (6cf724d3-f39f-4002-932e-ff2073faa629)
2019-06-12 08:34:38.115 21660 RALLYDEBUG rally_openstack.cleanup.manager [-] Deleting neutron.port object s_rally_ae926c73_gwX8sDcI (6d18d4da-531d-438a-afa0-9d961b352bd9)
2019-06-12 08:34:38.361 21660 RALLYDEBUG rally_openstack.cleanup.manager [-] Deleting neutron.port object s_rally_ae926c73_K8jOxVa6 (6e9ab9f6-2b64-4860-8a46-ed600ecce53a)
2019-06-12 08:34:38.429 21660 RALLYDEBUG rally_openstack.cleanup.manager [-] Deleting neutron.port object s_rally_ae926c73_3I3g47dT (6ebb700a-916b-42f6-98f6-9aa78429a328)
2019-06-12 08:34:38.485 21660 RALLYDEBUG rally_openstack.cleanup.manager [-] Deleting neutron.port object s_rally_ae926c73_Ws1zzcal (6fd09d99-64eb-48b2-b794-692a772c9287)
2019-06-12 08:34:38.563 21660 RALLYDEBUG rally_openstack.cleanup.manager [-] Deleting neutron.port object s_rally_ae926c73_DPcGX7We (73b93c28-4205-4805-ab5a-340e9579467a)
2019-06-12 08:34:38.626 21660 RALLYDEBUG rally_openstack.cleanup.manager [-] Deleting neutron.port object s_rally_ae926c73_XXDrCtgV (73cb7459-58c6-45bf-a091-93a5ef95d8fa)
2019-06-12 08:34:38.647 21660 RALLYDEBUG rally_openstack.cleanup.manager [-] Deleting neutron.port object s_rally_ae926c73_meHmedyq (74b24a8f-3d23-4720-839f-8f2b289a7e01)
2019-06-12 08:34:38.720 21660 RALLYDEBUG rally_openstack.cleanup.manager [-] Deleting neutron.port object s_rally_ae926c73_iSoWvtS8 (752dc1a0-2440-4f5c-a846-48c3d0e3ecc1)
2019-06-12 08:34:38.779 21660 RALLYDEBUG rally_openstack.cleanup.manager [-] Deleting neutron.port object s_rally_ae926c73_YEsvXKqo (753912b2-fe2c-486f-8d60-384cb477a3aa)
2019-06-12 08:34:38.784 21660 RALLYDEBUG rally_openstack.cleanup.manager [-] Deleting neutron.port object s_rally_ae926c73_PM62FdXv (75cc9b5f-a71d-47a4-989e-cc3516e3e63d)
2019-06-12 08:34:38.857 21660 RALLYDEBUG rally_openstack.cleanup.manager [-] Deleting neutron.port object s_rally_ae926c73_e0c0hyk5 (78af9f01-0bfa-46e9-95c2-0a2b3be49fe9)
2019-06-12 08:34:39.017 21660 RALLYDEBUG rally_openstack.cleanup.manager [-] Deleting neutron.port object s_rally_ae926c73_S9IVKTlx (78dded06-52d7-42a6-9fa2-492d3dfa6d05)
2019-06-12 08:34:39.078 21660 RALLYDEBUG rally_openstack.cleanup.manager [-] Deleting neutron.port object s_rally_ae926c73_GxqW5Ejw (7e69693e-3817-4fb8-b01f-189fa0c31f25)
2019-06-12 08:34:39.225 21660 RALLYDEBUG rally_openstack.cleanup.manager [-] Deleting neutron.port object s_rally_ae926c73_Qw6iFmIS (7ee956e5-963d-4d69-9490-f3f1970100ec)
2019-06-12 08:34:39.421 21660 RALLYDEBUG rally_openstack.cleanup.manager [-] Deleting neutron.port object s_rally_ae926c73_Jc7UkgLh (8020aa01-2e1e-4ce5-b450-140a39e7e212)
2019-06-12 08:34:39.453 21660 RALLYDEBUG rally_openstack.cleanup.manager [-] Deleting neutron.port object s_rally_ae926c73_xp2k3UEn (80eeef82-8f3c-45df-9320-348764514e0f)
2019-06-12 08:34:39.514 21660 RALLYDEBUG rally_openstack.cleanup.manager [-] Deleting neutron.port object s_rally_ae926c73_Bs7VJyQ2 (814d6862-1c2a-462a-9e39-de9a41d8435f)
2019-06-12 08:34:39.759 21660 RALLYDEBUG rally_openstack.cleanup.manager [-] Deleting neutron.port object s_rally_ae926c73_UjoepYkG (824c669c-4613-4c65-9683-8ed1aedf6238)
2019-06-12 08:34:39.879 21660 RALLYDEBUG rally_openstack.cleanup.manager [-] Deleting neutron.port object s_rally_ae926c73_uWrrZqyu (87592994-c114-4232-9539-e87f0a2af8bb)
2019-06-12 08:34:39.900 21660 RALLYDEBUG rally_openstack.cleanup.manager [-] Deleting neutron.port object s_rally_ae926c73_CH7vNZM4 (89139e44-03de-4a0e-9015-a650e69470a8)
2019-06-12 08:34:40.171 21660 RALLYDEBUG rally_openstack.cleanup.manager [-] Deleting neutron.port object s_rally_ae926c73_RWiQn9K3 (8affdcf8-dca9-4fe1-8ef6-de01b51005b6)
2019-06-12 08:34:40.332 21660 RALLYDEBUG rally_openstack.cleanup.manager [-] Deleting neutron.port object s_rally_ae926c73_jtEOF3jl (8c85210a-69a7-4c9a-aca0-d4b9afb7cc44)
2019-06-12 08:34:40.407 21660 RALLYDEBUG rally_openstack.cleanup.manager [-] Deleting neutron.port object s_rally_ae926c73_OfOMkKAs (8cc8ace4-e16e-453d-934a-0f14a4a19dc5)
2019-06-12 08:34:40.530 21660 RALLYDEBUG rally_openstack.cleanup.manager [-] Deleting neutron.port object s_rally_ae926c73_ANtWPUX6 (8dcf93fc-e6e8-4469-8054-99eddc6dff0d)
2019-06-12 08:34:40.537 21660 RALLYDEBUG rally_openstack.cleanup.manager [-] Deleting neutron.port object s_rally_ae926c73_PufNqxjy (8e0410be-42d9-40a1-90d5-91fc5ec2e30e)
2019-06-12 08:34:40.910 21660 RALLYDEBUG rally_openstack.cleanup.manager [-] Deleting neutron.port object s_rally_ae926c73_K3ZvAsXZ (8eb6a64b-3627-43ad-80f7-a7af0fb76835)
2019-06-12 08:34:41.008 21660 RALLYDEBUG rally_openstack.cleanup.manager [-] Deleting neutron.port object s_rally_ae926c73_eEFHPA93 (8ecec88f-a614-4e3c-b86e-82f66ac548e1)
2019-06-12 08:34:41.106 21660 RALLYDEBUG rally_openstack.cleanup.manager [-] Deleting neutron.port object s_rally_ae926c73_ZxIePYjX (8f8ba851-88c7-41a7-82ad-c5d485ab886d)
2019-06-12 08:34:41.108 21660 RALLYDEBUG rally_openstack.cleanup.manager [-] Deleting neutron.port object s_rally_ae926c73_16xItmRz (913164c9-ac10-42bc-a4fd-c9fd63129359)
2019-06-12 08:34:41.176 21660 RALLYDEBUG rally_openstack.cleanup.manager [-] Deleting neutron.port object s_rally_ae926c73_GziTivQt (9179bc7c-d982-46fd-86b6-6346c4f13643)
2019-06-12 08:34:41.294 21660 RALLYDEBUG rally_openstack.cleanup.manager [-] Deleting neutron.port object s_rally_ae926c73_zs5ytipR (919e06dc-5e0a-42a5-8108-f819945c7514)
2019-06-12 08:34:41.344 21660 RALLYDEBUG rally_openstack.cleanup.manager [-] Deleting neutron.port object s_rally_ae926c73_iNtVTHMj (92eb4b5d-d12d-41ea-a73e-29a3db6e2bfd)
2019-06-12 08:34:41.455 21660 RALLYDEBUG rally_openstack.cleanup.manager [-] Deleting neutron.port object s_rally_ae926c73_TtnS7kkl (960d13f5-48b8-4705-9e0f-5ae5940b305b)
2019-06-12 08:34:41.636 21660 RALLYDEBUG rally_openstack.cleanup.manager [-] Deleting neutron.port object s_rally_ae926c73_bqNFAMh8 (96f5d4c8-f8fd-4cd3-9764-36d92eea1b25)
2019-06-12 08:34:41.667 21660 RALLYDEBUG rally_openstack.cleanup.manager [-] Deleting neutron.port object s_rally_ae926c73_y5GBjm9S (9aff4f60-52a8-4f49-8223-135717bfa9b3)
2019-06-12 08:34:41.773 21660 RALLYDEBUG rally_openstack.cleanup.manager [-] Deleting neutron.port object s_rally_ae926c73_4YTZdvx7 (9f456c0d-7a50-4eef-b03c-6f1ced026edf)
2019-06-12 08:34:41.959 21660 RALLYDEBUG rally_openstack.cleanup.manager [-] Deleting neutron.port object s_rally_ae926c73_730rB5Dw (a1df1c3d-af0a-4164-8be7-14a0841f3414)
2019-06-12 08:34:42.198 21660 RALLYDEBUG rally_openstack.cleanup.manager [-] Deleting neutron.port object s_rally_ae926c73_dmIcnWBT (a285d408-28ff-4d90-97d0-ca203ed927a9)
2019-06-12 08:34:42.203 21660 RALLYDEBUG rally_openstack.cleanup.manager [-] Deleting neutron.port object s_rally_ae926c73_OIhFEPOr (a2f71dcb-22c6-4018-bb13-ed55cd77b2f4)
2019-06-12 08:34:42.286 21660 RALLYDEBUG rally_openstack.cleanup.manager [-] Deleting neutron.port object s_rally_ae926c73_LRG528hP (a3fe6c0f-9933-4c7e-a535-da1fcaaa97ac)
2019-06-12 08:34:42.307 21660 RALLYDEBUG rally_openstack.cleanup.manager [-] Deleting neutron.port object s_rally_ae926c73_8nVRIkZa (a5948689-5053-444c-bf2b-cc433c04dba1)
2019-06-12 08:34:42.358 21660 RALLYDEBUG rally_openstack.cleanup.manager [-] Deleting neutron.port object s_rally_ae926c73_7rEOMzEp (a614fa87-026c-446a-8307-ae644f63ffb0)
2019-06-12 08:34:42.397 21660 RALLYDEBUG rally_openstack.cleanup.manager [-] Deleting neutron.port object s_rally_ae926c73_67qfIOf6 (a64c9399-0eb7-43c6-bab4-7416c7654707)
2019-06-12 08:34:42.617 21660 RALLYDEBUG rally_openstack.cleanup.manager [-] Deleting neutron.port object s_rally_ae926c73_UAxmMPVt (a740630c-4be5-42f9-8489-e06511dd1612)
2019-06-12 08:34:42.717 21660 RALLYDEBUG rally_openstack.cleanup.manager [-] Deleting neutron.port object s_rally_ae926c73_Cae0MAFy (a7f0d4a7-b3d2-42e2-9386-ede25719598d)
2019-06-12 08:34:42.773 21660 RALLYDEBUG rally_openstack.cleanup.manager [-] Deleting neutron.port object s_rally_ae926c73_nLF1vZb2 (aa0a36db-ecba-4a60-83d5-78cb00a18979)
2019-06-12 08:34:42.959 21660 RALLYDEBUG rally_openstack.cleanup.manager [-] Deleting neutron.port object s_rally_ae926c73_fwBKVNSC (ad98541d-5d60-4790-8fa3-3399e5bbd36c)
2019-06-12 08:34:43.107 21660 RALLYDEBUG rally_openstack.cleanup.manager [-] Deleting neutron.port object s_rally_ae926c73_sLfDy3kC (aeb8d0f1-7d29-41bf-a214-31d346b884f6)
2019-06-12 08:34:43.264 21660 RALLYDEBUG rally_openstack.cleanup.manager [-] Deleting neutron.port object s_rally_ae926c73_zO26WmCJ (af461a06-8afb-445d-973b-9209a01fdb24)
2019-06-12 08:34:43.333 21660 RALLYDEBUG rally_openstack.cleanup.manager [-] Deleting neutron.port object s_rally_ae926c73_Lpeo8lIE (b0a77796-81cd-474f-a2d0-6f37e93a84bd)
2019-06-12 08:34:43.366 21660 RALLYDEBUG rally_openstack.cleanup.manager [-] Deleting neutron.port object s_rally_ae926c73_75Xx4oDG (b117b051-98be-4856-87c0-7fb5157a6ebd)
2019-06-12 08:34:43.453 21660 RALLYDEBUG rally_openstack.cleanup.manager [-] Deleting neutron.port object s_rally_ae926c73_h75Kwbm9 (b3dec8e8-ff02-47c7-92f6-a74761800eaf)
2019-06-12 08:34:43.650 21660 RALLYDEBUG rally_openstack.cleanup.manager [-] Deleting neutron.port object s_rally_ae926c73_sVT0qw09 (b4b415fa-f674-45a8-ab91-f14601210497)
2019-06-12 08:34:43.679 21660 RALLYDEBUG rally_openstack.cleanup.manager [-] Deleting neutron.port object s_rally_ae926c73_VDEzuoiz (b7592c41-dfd5-4786-a586-44941aff5080)
2019-06-12 08:34:43.699 21660 RALLYDEBUG rally_openstack.cleanup.manager [-] Deleting neutron.port object s_rally_ae926c73_IxQSIvHn (b868a890-2f48-40bd-8fb0-e092d43ad211)
2019-06-12 08:34:43.723 21660 RALLYDEBUG rally_openstack.cleanup.manager [-] Deleting neutron.port object s_rally_ae926c73_mk0ZZHlO (ba4d8037-ec3b-408a-ba3f-cbc8a6494b2c)
2019-06-12 08:34:44.055 21660 RALLYDEBUG rally_openstack.cleanup.manager [-] Deleting neutron.port object s_rally_ae926c73_n6pwxDQv (bae82005-b16a-42af-8426-0d9bd6a1f878)
2019-06-12 08:34:44.296 21660 RALLYDEBUG rally_openstack.cleanup.manager [-] Deleting neutron.port object s_rally_ae926c73_JOHMnaz1 (bc7bae21-33e9-4d0c-875e-b9a5e5749812)
2019-06-12 08:34:44.323 21660 RALLYDEBUG rally_openstack.cleanup.manager [-] Deleting neutron.port object s_rally_ae926c73_Ogr4zDu1 (bcfd4ad1-543c-4aee-9808-e5144e752f23)
2019-06-12 08:34:44.339 21660 RALLYDEBUG rally_openstack.cleanup.manager [-] Deleting neutron.port object s_rally_ae926c73_pMHWBjM4 (bd32c838-82d6-428b-b73d-830fd6bf44e6)
2019-06-12 08:34:44.370 21660 RALLYDEBUG rally_openstack.cleanup.manager [-] Deleting neutron.port object s_rally_ae926c73_GXFbdi3J (be673822-4da2-4d08-9f97-0f3d3c2ca97d)
2019-06-12 08:34:44.470 21660 RALLYDEBUG rally_openstack.cleanup.manager [-] Deleting neutron.port object s_rally_ae926c73_JG1p1G7u (bf407f95-2be4-4ad4-af1b-25fc12c21fc3)
2019-06-12 08:34:44.661 21660 RALLYDEBUG rally_openstack.cleanup.manager [-] Deleting neutron.port object s_rally_ae926c73_BCKWPJB3 (c1e7e3c3-7dea-4bf5-bbe2-750bbb61faa3)
2019-06-12 08:34:44.775 21660 RALLYDEBUG rally_openstack.cleanup.manager [-] Deleting neutron.port object s_rally_ae926c73_s5viEwe7 (c362f833-f2be-4b2a-abfd-8876c8d436fd)
2019-06-12 08:34:44.799 21660 RALLYDEBUG rally_openstack.cleanup.manager [-] Deleting neutron.port object s_rally_ae926c73_liq5TMC9 (c3fedb64-f8f0-4475-ab60-d028ee3223d9)
2019-06-12 08:34:45.051 21660 RALLYDEBUG rally_openstack.cleanup.manager [-] Deleting neutron.port object s_rally_ae926c73_sqR209Xz (c4129ec4-399a-4e43-b836-cd7f688b708f)
2019-06-12 08:34:45.327 21660 RALLYDEBUG rally_openstack.cleanup.manager [-] Deleting neutron.port object s_rally_ae926c73_aiQQllw8 (c5ffd8f5-ef26-4e66-a3c5-d13b90542180)
2019-06-12 08:34:45.374 21660 RALLYDEBUG rally_openstack.cleanup.manager [-] Deleting neutron.port object s_rally_ae926c73_pREugDAD (c60f4764-b4b8-4d27-8aca-e939b820c9bd)
2019-06-12 08:34:45.487 21660 RALLYDEBUG rally_openstack.cleanup.manager [-] Deleting neutron.port object s_rally_ae926c73_duyAsBOB (c61d3fa2-6a76-415d-bc3f-a7f6ddbadfa1)
2019-06-12 08:34:45.520 21660 RALLYDEBUG rally_openstack.cleanup.manager [-] Deleting neutron.port object s_rally_ae926c73_O9A8W1je (c7110619-4a7f-4244-8b0f-39bb434263b7)
2019-06-12 08:34:45.742 21660 RALLYDEBUG rally_openstack.cleanup.manager [-] Deleting neutron.port object s_rally_ae926c73_qbWROIZl (c7d2f347-2c1a-4158-a195-78b9cd876b3a)
2019-06-12 08:34:45.899 21660 RALLYDEBUG rally_openstack.cleanup.manager [-] Deleting neutron.port object s_rally_ae926c73_VlKkApcb (c92d142d-c309-4e4f-ab45-7a35a5f888f8)
2019-06-12 08:34:45.920 21660 RALLYDEBUG rally_openstack.cleanup.manager [-] Deleting neutron.port object s_rally_ae926c73_VAdaE5Ip (c9830fd1-30b0-4ec8-9e60-95d2a180f9a8)
2019-06-12 08:34:45.976 21660 RALLYDEBUG rally_openstack.cleanup.manager [-] Deleting neutron.port object s_rally_ae926c73_GFX3zayn (cc750daa-06c9-4ccb-8a54-313997a55549)
2019-06-12 08:34:46.102 21660 RALLYDEBUG rally_openstack.cleanup.manager [-] Deleting neutron.port object s_rally_ae926c73_sna856Gv (cc894e80-29cd-4f88-812c-d6ace53065d2)
2019-06-12 08:34:46.200 21660 RALLYDEBUG rally_openstack.cleanup.manager [-] Deleting neutron.port object s_rally_ae926c73_8PWVxfyx (d0a7132f-cee8-4e4d-b8ea-a1bae9826462)
2019-06-12 08:34:46.368 21660 RALLYDEBUG rally_openstack.cleanup.manager [-] Deleting neutron.port object s_rally_ae926c73_QYdXxj6D (d1666842-7a21-4089-8693-5edf9da1f7d0)
2019-06-12 08:34:46.605 21660 RALLYDEBUG rally_openstack.cleanup.manager [-] Deleting neutron.port object s_rally_ae926c73_l24viVD5 (d3207104-e084-4d30-b9db-da4bee078b14)
2019-06-12 08:34:46.714 21660 RALLYDEBUG rally_openstack.cleanup.manager [-] Deleting neutron.port object s_rally_ae926c73_rZ3XVopu (d580e1c5-e1e6-478d-a386-16d2118be965)
2019-06-12 08:34:46.877 21660 RALLYDEBUG rally_openstack.cleanup.manager [-] Deleting neutron.port object s_rally_ae926c73_PygLreI8 (d7dfea51-2cf5-4739-b74f-0b67ad072641)
2019-06-12 08:34:47.136 21660 RALLYDEBUG rally_openstack.cleanup.manager [-] Deleting neutron.port object s_rally_ae926c73_5n14EvHj (dae648ee-157c-4802-ae5a-2380426135aa)
2019-06-12 08:34:47.147 21660 RALLYDEBUG rally_openstack.cleanup.manager [-] Deleting neutron.port object s_rally_ae926c73_sVcc8fWC (db6b2360-0af7-4414-83a5-75f8f20c425a)
2019-06-12 08:34:47.162 21660 RALLYDEBUG rally_openstack.cleanup.manager [-] Deleting neutron.port object s_rally_ae926c73_gktHygjT (dbf47801-f2f3-481f-a225-084cba2204e5)
2019-06-12 08:34:47.174 21660 RALLYDEBUG rally_openstack.cleanup.manager [-] Deleting neutron.port object s_rally_ae926c73_2r2lVWBm (dc5cc398-e4d8-4bb9-a33f-efdeb06e14e9)
2019-06-12 08:34:47.196 21660 RALLYDEBUG rally_openstack.cleanup.manager [-] Deleting neutron.port object s_rally_ae926c73_T9cXJoUn (dcb1ccd0-7d40-455d-9422-ec9109ecd0ed)
2019-06-12 08:34:47.429 21660 RALLYDEBUG rally_openstack.cleanup.manager [-] Deleting neutron.port object s_rally_ae926c73_ZriIBXV5 (de52f526-c1b8-409b-b24a-ffc049778671)
2019-06-12 08:34:47.549 21660 RALLYDEBUG rally_openstack.cleanup.manager [-] Deleting neutron.port object s_rally_ae926c73_1csQ29MH (e0d893e2-bb6c-4011-af4b-640e6ffcdc0a)
2019-06-12 08:34:47.656 21660 RALLYDEBUG rally_openstack.cleanup.manager [-] Deleting neutron.port object s_rally_ae926c73_FRq8cwtp (e1838d6e-45e0-49e9-83fd-34c54696eea0)
2019-06-12 08:34:47.714 21660 RALLYDEBUG rally_openstack.cleanup.manager [-] Deleting neutron.port object s_rally_ae926c73_UdBMGcIb (e51e5a03-880b-4507-a1a1-0da4ff2a89fd)
2019-06-12 08:34:47.742 21660 RALLYDEBUG rally_openstack.cleanup.manager [-] Deleting neutron.port object s_rally_ae926c73_Ae65OkXf (e561dddd-24bd-46c1-a198-f93c5c75844c)
2019-06-12 08:34:47.812 21660 RALLYDEBUG rally_openstack.cleanup.manager [-] Deleting neutron.port object s_rally_ae926c73_7rv6G8kA (e602d162-b6ef-4a6c-93d0-ce659e2ef97d)
2019-06-12 08:34:47.979 21660 RALLYDEBUG rally_openstack.cleanup.manager [-] Deleting neutron.port object s_rally_ae926c73_C3TtiGHG (eaa19312-1876-4d04-9e3b-f2b1b7947fb5)
2019-06-12 08:34:48.071 21660 RALLYDEBUG rally_openstack.cleanup.manager [-] Deleting neutron.port object s_rally_ae926c73_TJTn2Fmp (eb466af2-021e-4ac5-9db7-2ae47e1c3a6c)
2019-06-12 08:34:48.080 21660 RALLYDEBUG rally_openstack.cleanup.manager [-] Deleting neutron.port object s_rally_ae926c73_RhbgV39P (ebf999bb-4650-4192-843f-1159e440d693)
2019-06-12 08:34:48.107 21660 RALLYDEBUG rally_openstack.cleanup.manager [-] Deleting neutron.port object s_rally_ae926c73_5IKgMArH (ef4a1487-6872-44d2-b394-9338047beea9)
2019-06-12 08:34:48.371 21660 RALLYDEBUG rally_openstack.cleanup.manager [-] Deleting neutron.port object s_rally_ae926c73_pzHJ0lIi (f21b00e5-7ac8-4630-aceb-7b51735310a7)
2019-06-12 08:34:48.422 21660 RALLYDEBUG rally_openstack.cleanup.manager [-] Deleting neutron.port object s_rally_ae926c73_dtOllzzt (f24bf605-1264-4a75-b827-f8d0f54049c0)
2019-06-12 08:34:48.706 21660 RALLYDEBUG rally_openstack.cleanup.manager [-] Deleting neutron.port object s_rally_ae926c73_d4IZfZCU (f316a4f4-a9cc-4eac-8452-c3f0923ad993)
2019-06-12 08:34:48.748 21660 RALLYDEBUG rally_openstack.cleanup.manager [-] Deleting neutron.port object s_rally_ae926c73_63mVhAVu (f4103110-3d8b-4468-8362-0585cf217879)
2019-06-12 08:34:48.805 21660 RALLYDEBUG rally_openstack.cleanup.manager [-] Deleting neutron.port object s_rally_ae926c73_mCXQIsWn (f63e2716-a09f-4279-91d5-97df8a5f25c0)
2019-06-12 08:34:49.063 21660 RALLYDEBUG rally_openstack.cleanup.manager [-] Deleting neutron.port object s_rally_ae926c73_08IEkDqH (f8b806e4-7cc6-4ba5-8372-fb151542380a)
2019-06-12 08:34:49.064 21660 RALLYDEBUG rally_openstack.cleanup.manager [-] Deleting neutron.port object s_rally_ae926c73_O5FGCQPW (f8c8f8b8-3f35-4ed3-86bf-5041204534c2)
2019-06-12 08:34:49.121 21660 RALLYDEBUG rally_openstack.cleanup.manager [-] Deleting neutron.port object s_rally_ae926c73_qwcGynFB (f9ab31ca-27b3-4f91-8a5a-0dbdae9aa438)
2019-06-12 08:34:49.299 21660 RALLYDEBUG rally_openstack.cleanup.manager [-] Deleting neutron.port object s_rally_ae926c73_ZHSRdVzl (f9bb4ab8-97dc-42e4-8d16-83d6f1ce89ca)
2019-06-12 08:34:49.464 21660 RALLYDEBUG rally_openstack.cleanup.manager [-] Deleting neutron.port object s_rally_ae926c73_NjUknLeZ (fbbab8d4-a359-48e6-b78d-eb35f3519f03)
2019-06-12 08:34:49.693 21660 RALLYDEBUG rally_openstack.cleanup.manager [-] Deleting neutron.port object s_rally_ae926c73_9AQThpRL (fd71ce8d-d83b-4e5a-aa80-af7a9a39151f)
2019-06-12 08:34:49.770 21660 RALLYDEBUG rally_openstack.cleanup.manager [-] Deleting neutron.port object s_rally_ae926c73_y39aaZD9 (fdd93e4a-cbbd-4223-a84b-22276cad1d18)
2019-06-12 08:34:49.772 21660 RALLYDEBUG rally_openstack.cleanup.manager [-] Deleting neutron.port object s_rally_ae926c73_Xdw6qkPg (fe27fdaa-3b8d-4ed4-a33c-33d22ccafe79)
2019-06-12 08:34:49.790 21660 RALLYDEBUG rally_openstack.cleanup.manager [-] Deleting neutron.port object s_rally_ae926c73_B0MXTMHX (fe927d1b-f663-4f94-bf36-d23aef01c790)
2019-06-12 08:34:49.817 21660 RALLYDEBUG rally_openstack.cleanup.manager [-] Deleting neutron.port object s_rally_ae926c73_lYpYZHPr (ff03d963-5a87-4e01-b7a6-fbaa2c77a70e)
2019-06-12 08:34:49.896 21660 RALLYDEBUG rally_openstack.cleanup.manager [-] Deleting neutron.port object s_rally_ae926c73_7cePpSn3 (ff5bacec-546d-4ff5-875f-f251c196b9a4)
2019-06-12 08:34:51.968 21660 RALLYDEBUG rally_openstack.cleanup.manager [-] Cleaning up neutron subnet objects
2019-06-12 08:34:52.392 21660 RALLYDEBUG rally_openstack.cleanup.manager [-] Cleaning up neutron network objects
2019-06-12 08:34:53.205 21660 RALLYDEBUG rally_openstack.cleanup.manager [-] Deleting neutron.network object s_rally_ae926c73_w306p48r (0f94f189-21fc-403a-80d6-333a4c159e69)
2019-06-12 08:34:53.214 21660 RALLYDEBUG rally_openstack.cleanup.manager [-] Deleting neutron.network object s_rally_ae926c73_4R0Q1DBq (0fa93540-6baf-4859-b147-a6c3ed4a4058)
2019-06-12 08:34:53.224 21660 RALLYDEBUG rally_openstack.cleanup.manager [-] Deleting neutron.network object s_rally_ae926c73_Vd8s0yl8 (0fb7b794-199f-4563-9a19-d1318a22b22a)
2019-06-12 08:34:53.225 21660 RALLYDEBUG rally_openstack.cleanup.manager [-] Deleting neutron.network object s_rally_ae926c73_b94bKseg (0fd3c551-2737-45de-9dd8-ada0987e2157)
2019-06-12 08:34:53.233 21660 RALLYDEBUG rally_openstack.cleanup.manager [-] Deleting neutron.network object s_rally_ae926c73_NEFC5U9T (1a3408c7-48d3-416d-b12a-693465472c6f)
2019-06-12 08:34:53.241 21660 RALLYDEBUG rally_openstack.cleanup.manager [-] Deleting neutron.network object s_rally_ae926c73_yCXaIWtr (2b2236d1-ad05-422a-93d1-997e1141fc5c)
2019-06-12 08:34:53.258 21660 RALLYDEBUG rally_openstack.cleanup.manager [-] Deleting neutron.network object s_rally_ae926c73_1BRWeuWd (3f9ef16d-9e11-4cfb-8865-991cc244f432)
2019-06-12 08:34:53.274 21660 RALLYDEBUG rally_openstack.cleanup.manager [-] Deleting neutron.network object s_rally_ae926c73_XAFyQF6X (458c59a3-fa84-4222-84e8-01930a144b47)
2019-06-12 08:34:53.277 21660 RALLYDEBUG rally_openstack.cleanup.manager [-] Deleting neutron.network object s_rally_ae926c73_6rQWsUDY (48c6bb10-b89c-4782-b191-0e2fd60fd555)
2019-06-12 08:34:53.281 21660 RALLYDEBUG rally_openstack.cleanup.manager [-] Deleting neutron.network object s_rally_ae926c73_JV60opEw (4772b9a7-cf51-4fa6-beca-4128e5af3869)
2019-06-12 08:34:53.311 21660 RALLYDEBUG rally_openstack.cleanup.manager [-] Deleting neutron.network object s_rally_ae926c73_QHqYNwsp (4c96b2eb-b81e-4d31-b2bc-3d1a3ada4300)
2019-06-12 08:34:53.334 21660 RALLYDEBUG rally_openstack.cleanup.manager [-] Deleting neutron.network object s_rally_ae926c73_XW2Nty38 (4e84524e-43ae-47c0-9d32-3f1c5d210bea)
2019-06-12 08:34:53.347 21660 RALLYDEBUG rally_openstack.cleanup.manager [-] Deleting neutron.network object s_rally_ae926c73_RXpQsjKD (49cd30e3-39b8-4d1e-bd9a-16ac4cea40c1)
2019-06-12 08:34:53.397 21660 RALLYDEBUG rally_openstack.cleanup.manager [-] Deleting neutron.network object s_rally_ae926c73_LAzbLWut (5bd25ac0-8aff-4315-9a0f-e0a98a0a7a0a)
2019-06-12 08:34:53.418 21660 RALLYDEBUG rally_openstack.cleanup.manager [-] Deleting neutron.network object s_rally_ae926c73_ezBXqJyx (60b7bd9d-6a9c-4063-80c3-62b7d25b28cb)
2019-06-12 08:34:53.414 21660 RALLYDEBUG rally_openstack.cleanup.manager [-] Deleting neutron.network object s_rally_ae926c73_egWW1che (7b6aa251-6503-4f4f-8aab-398ef5104996)
2019-06-12 08:34:53.430 21660 RALLYDEBUG rally_openstack.cleanup.manager [-] Deleting neutron.network object s_rally_ae926c73_VZuQm1Eo (6ea98878-a551-4264-b7fe-c8378ced8737)
2019-06-12 08:34:53.443 21660 RALLYDEBUG rally_openstack.cleanup.manager [-] Deleting neutron.network object s_rally_ae926c73_5UL0NJMW (6d0280b1-8a72-47d9-9a6c-a42e34db22f4)
2019-06-12 08:34:53.487 21660 RALLYDEBUG rally_openstack.cleanup.manager [-] Deleting neutron.network object s_rally_ae926c73_HxWwb6qW (7ff74d6e-b3e9-460c-9a03-45bb54141ad0)
2019-06-12 08:34:53.493 21660 RALLYDEBUG rally_openstack.cleanup.manager [-] Deleting neutron.network object s_rally_ae926c73_tws7QR1Z (7e27854f-1676-4425-a341-4ac81ae507d2)
2019-06-12 08:34:55.416 21660 RALLYDEBUG rally_openstack.cleanup.manager [-] Deleting neutron.network object s_rally_ae926c73_QAFBYU2T (812afde6-8def-4076-ac1f-37a9dc95fa39)
2019-06-12 08:34:55.620 21660 RALLYDEBUG rally_openstack.cleanup.manager [-] Deleting neutron.network object s_rally_ae926c73_B5ouBOHJ (83e86a59-eb77-4a90-9eab-a70ea74745f9)
2019-06-12 08:34:55.635 21660 RALLYDEBUG rally_openstack.cleanup.manager [-] Deleting neutron.network object s_rally_ae926c73_Q2TTN6OK (84cea34d-d956-420b-a44e-2b166eeb305a)
2019-06-12 08:34:55.868 21660 RALLYDEBUG rally_openstack.cleanup.manager [-] Deleting neutron.network object s_rally_ae926c73_2OpvFbQj (852f7f5d-79d6-4a0b-bff9-3d22db119a1b)
2019-06-12 08:34:56.151 21660 RALLYDEBUG rally_openstack.cleanup.manager [-] Deleting neutron.network object s_rally_ae926c73_siKkggcd (9247faa1-7824-4b27-82f4-8d5af2676afe)
2019-06-12 08:34:56.245 21660 RALLYDEBUG rally_openstack.cleanup.manager [-] Deleting neutron.network object s_rally_ae926c73_g0D9IKxn (9402e677-b19c-4b51-9553-9a104ba70a6b)
2019-06-12 08:34:56.246 21660 RALLYDEBUG rally_openstack.cleanup.manager [-] Deleting neutron.network object s_rally_ae926c73_ioxkYbtu (9f1462db-6ca6-43c8-8f41-0214ee2d6b5e)
2019-06-12 08:34:56.260 21660 RALLYDEBUG rally_openstack.cleanup.manager [-] Deleting neutron.network object s_rally_ae926c73_fbVj5Rdi (9f62642c-ee86-48c2-b63e-680e6ead0bc2)
2019-06-12 08:34:56.320 21660 RALLYDEBUG rally_openstack.cleanup.manager [-] Deleting neutron.network object s_rally_ae926c73_FGLt33wS (a34a9df4-06f3-43e4-ad71-f2571fbd21e7)
2019-06-12 08:34:56.378 21660 RALLYDEBUG rally_openstack.cleanup.manager [-] Deleting neutron.network object s_rally_ae926c73_7MJMcISI (a69bfb30-ad94-4540-9b7c-b81314724115)
2019-06-12 08:34:56.381 21660 RALLYDEBUG rally_openstack.cleanup.manager [-] Deleting neutron.network object s_rally_ae926c73_8T2mFoJn (b5265865-e0b4-4ab6-be45-713a37129d1e)
2019-06-12 08:34:56.417 21660 RALLYDEBUG rally_openstack.cleanup.manager [-] Deleting neutron.network object s_rally_ae926c73_D0MSErva (b5649c79-8afc-4c01-8a40-30957b6b2c5e)
2019-06-12 08:34:56.487 21660 RALLYDEBUG rally_openstack.cleanup.manager [-] Deleting neutron.network object s_rally_ae926c73_qMLIuwCP (b75d44be-fce0-4f1b-80e8-b69985607869)
2019-06-12 08:34:56.528 21660 RALLYDEBUG rally_openstack.cleanup.manager [-] Deleting neutron.network object s_rally_ae926c73_Py1iksgQ (c6b50621-97e4-4f73-a86c-f8f89e3c9598)
2019-06-12 08:34:56.613 21660 RALLYDEBUG rally_openstack.cleanup.manager [-] Deleting neutron.network object s_rally_ae926c73_MQF8Y6iy (ca9fde24-46df-4c9f-b812-5131edecad6a)
2019-06-12 08:34:56.710 21660 RALLYDEBUG rally_openstack.cleanup.manager [-] Deleting neutron.network object s_rally_ae926c73_7GD4ShUa (d521099a-770c-4bbb-9470-e50c3eaf5284)
2019-06-12 08:34:56.744 21660 RALLYDEBUG rally_openstack.cleanup.manager [-] Deleting neutron.network object s_rally_ae926c73_RPhK0Kch (daa3de38-c75a-45b3-954c-5a03b2222041)
2019-06-12 08:34:56.968 21660 RALLYDEBUG rally_openstack.cleanup.manager [-] Deleting neutron.network object s_rally_ae926c73_1FwBRvVK (dc0fabed-5ddb-45f1-b2c6-b9de334fdcc1)
2019-06-12 08:34:57.084 21660 RALLYDEBUG rally_openstack.cleanup.manager [-] Deleting neutron.network object s_rally_ae926c73_dLbmwh8J (e337bd79-932b-45c3-9e5c-751837622c2d)
2019-06-12 08:34:57.090 21660 RALLYDEBUG rally_openstack.cleanup.manager [-] Deleting neutron.network object s_rally_ae926c73_sCaVdqFM (fcb99637-6ff1-49db-bebf-25a00fa30537)
2019-06-12 08:34:59.395 21660 RALLYDEBUG rally_openstack.cleanup.manager [-] Cleaning up neutron router objects
2019-06-12 08:34:59.833 21660 RALLYDEBUG rally_openstack.cleanup.manager [-] Cleaning up neutron security_group objects
2019-06-12 08:35:00.276 21660 INFO rally.task.context [-] Task 19efb881-e6b5-4448-a379-328943702eba | Context cleanup@openstack cleanup() finished in 34.73 sec
2019-06-12 08:35:00.276 21660 INFO rally.task.context [-] Task 19efb881-e6b5-4448-a379-328943702eba | Context quotas@openstack cleanup() started
2019-06-12 08:35:00.377 21660 INFO rally.task.context [-] Task 19efb881-e6b5-4448-a379-328943702eba | Context quotas@openstack cleanup() finished in 0.10 sec
2019-06-12 08:35:00.378 21660 INFO rally.task.context [-] Task 19efb881-e6b5-4448-a379-328943702eba | Context users@openstack cleanup() started
2019-06-12 08:35:03.073 21660 INFO rally.task.context [-] Task 19efb881-e6b5-4448-a379-328943702eba | Context users@openstack cleanup() finished in 2.70 sec
2019-06-12 08:35:04.673 21660 INFO rally.task.engine [-] Load duration is: 22.225896
2019-06-12 08:35:04.673 21660 INFO rally.task.engine [-] Full runner duration is: 22.274726
2019-06-12 08:35:04.674 21660 INFO rally.task.engine [-] Full duration is: 62.716804
2019-06-12 08:35:04.953 21660 INFO rally.task.engine [-] Running workload: position = 2 config = { "version": 2, "title": "A cropped version of a bigger task.", "description": "Auto-generated task from a single workload (uuid=04b78467-6650-4292-a4ba-2630b1715a1c)", "subtasks": [ { "title": "NeutronNetworks.create_and_delete_ports", "description": "Create and delete a port.", "scenario": { "NeutronNetworks.create_and_delete_ports": { "network_create_args": {}, "port_create_args": {}, "ports_per_network": 5 } }, "contexts": { "users": { "tenants": 1, "users_per_tenant": 1 }, "quotas": { "neutron": { "network": -1, "port": -1 } } }, "runner": { "constant": { "times": 40, "concurrency": 20 } }, "hooks": [], "sla": { "failure_rate": { "max": 0 } } } ] }
2019-06-12 08:35:04.980 21660 RALLYDEBUG rally_openstack.contexts.keystone.users [-] Creating 1 tenants using 20 threads
2019-06-12 08:35:05.920 21660 RALLYDEBUG rally_openstack.contexts.keystone.users [-] Creating 1 users using 20 threads
2019-06-12 08:35:07.296 21660 INFO rally.task.context [-] Task 19efb881-e6b5-4448-a379-328943702eba | Context users@openstack setup() finished in 2.32 sec
2019-06-12 08:35:07.830 21660 INFO rally.task.context [-] Task 19efb881-e6b5-4448-a379-328943702eba | Context quotas@openstack setup() finished in 0.53 sec
2019-06-12 08:35:07.831 21660 INFO rally.task.context [-] Task 19efb881-e6b5-4448-a379-328943702eba | Context cleanup@openstack setup() finished in 0.01 msec
2019-06-12 08:35:07.840 21660 RALLYDEBUG rally.task.runner [-] Starting the constant runner (task UUID: 19efb881-e6b5-4448-a379-328943702eba). timeout: 0 concurrency: 20 concurrency_per_worker: 1 times: 40 concurrency_overhead: 4 processes_to_start: 16 max_cpu_used: 16
2019-06-12 08:35:07.854 25906 RALLYDEBUG rally.task.runner [-] Starting a worker. concurrency: 2 args: {"network_create_args": {}, "port_create_args": {}, "ports_per_network": 5} times: 40 method_name: run timeout: 0 duration: None cls:
2019-06-12 08:35:07.857 25907 RALLYDEBUG rally.task.runner [-] Starting a worker. concurrency: 2 args: {"network_create_args": {}, "port_create_args": {}, "ports_per_network": 5} times: 40 method_name: run timeout: 0 duration: None cls:
2019-06-12 08:35:07.861 25908 RALLYDEBUG rally.task.runner [-] Starting a worker. concurrency: 2 args: {"network_create_args": {}, "port_create_args": {}, "ports_per_network": 5} times: 40 method_name: run timeout: 0 duration: None cls:
2019-06-12 08:35:07.864 25909 RALLYDEBUG rally.task.runner [-] Starting a worker. concurrency: 2 args: {"network_create_args": {}, "port_create_args": {}, "ports_per_network": 5} times: 40 method_name: run timeout: 0 duration: None cls:
2019-06-12 08:35:07.865 25906 INFO rally.task.runner [-] Task 19efb881-e6b5-4448-a379-328943702eba | ITER: 1 START
2019-06-12 08:35:07.868 25907 INFO rally.task.runner [-] Task 19efb881-e6b5-4448-a379-328943702eba | ITER: 2 START
2019-06-12 08:35:07.868 25910 RALLYDEBUG rally.task.runner [-] Starting a worker. concurrency: 1 args: {"network_create_args": {}, "port_create_args": {}, "ports_per_network": 5} times: 40 method_name: run timeout: 0 duration: None cls:
2019-06-12 08:35:07.868 25906 WARNING rally_openstack.scenarios.neutron.utils [-] Running this scenario without either the 'network' or 'existing_network' context is deprecated
2019-06-12 08:35:07.870 25907 WARNING rally_openstack.scenarios.neutron.utils [-] Running this scenario without either the 'network' or 'existing_network' context is deprecated
2019-06-12 08:35:07.870 25913 RALLYDEBUG rally.task.runner [-] Starting a worker. concurrency: 1 args: {"network_create_args": {}, "port_create_args": {}, "ports_per_network": 5} times: 40 method_name: run timeout: 0 duration: None cls:
2019-06-12 08:35:07.871 25908 INFO rally.task.runner [-] Task 19efb881-e6b5-4448-a379-328943702eba | ITER: 4 START
2019-06-12 08:35:07.874 25909 INFO rally.task.runner [-] Task 19efb881-e6b5-4448-a379-328943702eba | ITER: 6 START
2019-06-12 08:35:07.875 25910 INFO rally.task.runner [-] Task 19efb881-e6b5-4448-a379-328943702eba | ITER: 8 START
2019-06-12 08:35:07.874 25908 WARNING rally_openstack.scenarios.neutron.utils [-] Running this scenario without either the 'network' or 'existing_network' context is deprecated
2019-06-12 08:35:07.869 25906 INFO rally.task.runner [-] Task 19efb881-e6b5-4448-a379-328943702eba | ITER: 3 START
2019-06-12 08:35:07.874 25918 RALLYDEBUG rally.task.runner [-] Starting a worker. concurrency: 1 args: {"network_create_args": {}, "port_create_args": {}, "ports_per_network": 5} times: 40 method_name: run timeout: 0 duration: None cls:
2019-06-12 08:35:07.876 25910 WARNING rally_openstack.scenarios.neutron.utils [-] Running this scenario without either the 'network' or 'existing_network' context is deprecated
2019-06-12 08:35:07.876 25909 WARNING rally_openstack.scenarios.neutron.utils [-] Running this scenario without either the 'network' or 'existing_network' context is deprecated
2019-06-12 08:35:07.877 25913 INFO rally.task.runner [-] Task 19efb881-e6b5-4448-a379-328943702eba | ITER: 10 START
2019-06-12 08:35:07.878 25913 WARNING rally_openstack.scenarios.neutron.utils [-] Running this scenario without either the 'network' or 'existing_network' context is deprecated
2019-06-12 08:35:07.879 25923 RALLYDEBUG rally.task.runner [-] Starting a worker. concurrency: 1 args: {"network_create_args": {}, "port_create_args": {}, "ports_per_network": 5} times: 40 method_name: run timeout: 0 duration: None cls:
2019-06-12 08:35:07.878 25909 INFO rally.task.runner [-] Task 19efb881-e6b5-4448-a379-328943702eba | ITER: 9 START
2019-06-12 08:35:07.881 25918 INFO rally.task.runner [-] Task 19efb881-e6b5-4448-a379-328943702eba | ITER: 11 START
2019-06-12 08:35:07.881 25909 WARNING rally_openstack.scenarios.neutron.utils [-] Running this scenario without either the 'network' or 'existing_network' context is deprecated
2019-06-12 08:35:07.882 25918 WARNING rally_openstack.scenarios.neutron.utils [-] Running this scenario without either the 'network' or 'existing_network' context is deprecated
2019-06-12 08:35:07.884 25907 INFO rally.task.runner [-] Task 19efb881-e6b5-4448-a379-328943702eba | ITER: 5 START
2019-06-12 08:35:07.885 25907 WARNING rally_openstack.scenarios.neutron.utils [-] Running this scenario without either the 'network' or 'existing_network' context is deprecated
2019-06-12 08:35:07.886 25923 INFO rally.task.runner [-] Task 19efb881-e6b5-4448-a379-328943702eba | ITER: 12 START
2019-06-12 08:35:07.886 25930 RALLYDEBUG rally.task.runner [-] Starting a worker. concurrency: 1 args: {"network_create_args": {}, "port_create_args": {}, "ports_per_network": 5} times: 40 method_name: run timeout: 0 duration: None cls:
2019-06-12 08:35:07.876 25906 WARNING rally_openstack.scenarios.neutron.utils [-] Running this scenario without either the 'network' or 'existing_network' context is deprecated
2019-06-12 08:35:07.888 25923 WARNING rally_openstack.scenarios.neutron.utils [-] Running this scenario without either the 'network' or 'existing_network' context is deprecated
2019-06-12 08:35:07.892 25935 RALLYDEBUG rally.task.runner [-] Starting a worker. concurrency: 1 args: {"network_create_args": {}, "port_create_args": {}, "ports_per_network": 5} times: 40 method_name: run timeout: 0 duration: None cls:
2019-06-12 08:35:07.893 25930 INFO rally.task.runner [-] Task 19efb881-e6b5-4448-a379-328943702eba | ITER: 13 START
2019-06-12 08:35:07.893 25908 INFO rally.task.runner [-] Task 19efb881-e6b5-4448-a379-328943702eba | ITER: 7 START
2019-06-12 08:35:07.894 25908 WARNING rally_openstack.scenarios.neutron.utils [-] Running this scenario without either the 'network' or 'existing_network' context is deprecated
2019-06-12 08:35:07.895 25930 WARNING rally_openstack.scenarios.neutron.utils [-] Running this scenario without either the 'network' or 'existing_network' context is deprecated
2019-06-12 08:35:07.898 25935 INFO rally.task.runner [-] Task 19efb881-e6b5-4448-a379-328943702eba | ITER: 14 START
2019-06-12 08:35:07.899 25935 WARNING rally_openstack.scenarios.neutron.utils [-] Running this scenario without either the 'network' or 'existing_network' context is deprecated
2019-06-12 08:35:07.899 25937 RALLYDEBUG rally.task.runner [-] Starting a worker. concurrency: 1 args: {"network_create_args": {}, "port_create_args": {}, "ports_per_network": 5} times: 40 method_name: run timeout: 0 duration: None cls:
2019-06-12 08:35:07.907 25937 INFO rally.task.runner [-] Task 19efb881-e6b5-4448-a379-328943702eba | ITER: 15 START
2019-06-12 08:35:07.909 25937 WARNING rally_openstack.scenarios.neutron.utils [-] Running this scenario without either the 'network' or 'existing_network' context is deprecated
2019-06-12 08:35:07.912 25941 RALLYDEBUG rally.task.runner [-] Starting a worker. concurrency: 1 args: {"network_create_args": {}, "port_create_args": {}, "ports_per_network": 5} times: 40 method_name: run timeout: 0 duration: None cls:
2019-06-12 08:35:07.918 25941 INFO rally.task.runner [-] Task 19efb881-e6b5-4448-a379-328943702eba | ITER: 16 START
2019-06-12 08:35:07.918 25944 RALLYDEBUG rally.task.runner [-] Starting a worker. concurrency: 1 args: {"network_create_args": {}, "port_create_args": {}, "ports_per_network": 5} times: 40 method_name: run timeout: 0 duration: None cls:
2019-06-12 08:35:07.919 25941 WARNING rally_openstack.scenarios.neutron.utils [-] Running this scenario without either the 'network' or 'existing_network' context is deprecated
2019-06-12 08:35:07.925 25944 INFO rally.task.runner [-] Task 19efb881-e6b5-4448-a379-328943702eba | ITER: 17 START
2019-06-12 08:35:07.926 25944 WARNING rally_openstack.scenarios.neutron.utils [-] Running this scenario without either the 'network' or 'existing_network' context is deprecated
2019-06-12 08:35:07.927 25947 RALLYDEBUG rally.task.runner [-] Starting a worker. concurrency: 1 args: {"network_create_args": {}, "port_create_args": {}, "ports_per_network": 5} times: 40 method_name: run timeout: 0 duration: None cls:
2019-06-12 08:35:07.931 25950 RALLYDEBUG rally.task.runner [-] Starting a worker. concurrency: 1 args: {"network_create_args": {}, "port_create_args": {}, "ports_per_network": 5} times: 40 method_name: run timeout: 0 duration: None cls:
2019-06-12 08:35:07.933 25947 INFO rally.task.runner [-] Task 19efb881-e6b5-4448-a379-328943702eba | ITER: 18 START
2019-06-12 08:35:07.935 25947 WARNING rally_openstack.scenarios.neutron.utils [-] Running this scenario without either the 'network' or 'existing_network' context is deprecated
2019-06-12 08:35:07.935 25951 RALLYDEBUG rally.task.runner [-] Starting a worker. concurrency: 1 args: {"network_create_args": {}, "port_create_args": {}, "ports_per_network": 5} times: 40 method_name: run timeout: 0 duration: None cls:
2019-06-12 08:35:07.936 25950 INFO rally.task.runner [-] Task 19efb881-e6b5-4448-a379-328943702eba | ITER: 19 START
2019-06-12 08:35:07.938 25950 WARNING rally_openstack.scenarios.neutron.utils [-] Running this scenario without either the 'network' or 'existing_network' context is deprecated
2019-06-12 08:35:07.940 25951 INFO rally.task.runner [-] Task 19efb881-e6b5-4448-a379-328943702eba | ITER: 20 START
2019-06-12 08:35:07.942 25951 WARNING rally_openstack.scenarios.neutron.utils [-] Running this scenario without either the 'network' or 'existing_network' context is deprecated
2019-06-12 08:35:17.346 25906 INFO rally.task.runner [-] Task 19efb881-e6b5-4448-a379-328943702eba | ITER: 3 END: OK
2019-06-12 08:35:17.351 25906 INFO rally.task.runner [-] Task 19efb881-e6b5-4448-a379-328943702eba | ITER: 21 START
2019-06-12 08:35:17.351 25906 WARNING rally_openstack.scenarios.neutron.utils [-] Running this scenario without either the 'network' or 'existing_network' context is deprecated
2019-06-12 08:35:17.550 25935 INFO rally.task.runner [-] Task 19efb881-e6b5-4448-a379-328943702eba | ITER: 14 END: OK
2019-06-12 08:35:17.555 25935 INFO rally.task.runner [-] Task 19efb881-e6b5-4448-a379-328943702eba | ITER: 22 START
2019-06-12 08:35:17.555 25935 WARNING rally_openstack.scenarios.neutron.utils [-] Running this scenario without either the 'network' or 'existing_network' context is deprecated
2019-06-12 08:35:18.228 25907 INFO rally.task.runner [-] Task 19efb881-e6b5-4448-a379-328943702eba | ITER: 2 END: OK
2019-06-12 08:35:18.233 25907 INFO rally.task.runner [-] Task 19efb881-e6b5-4448-a379-328943702eba | ITER: 23 START
2019-06-12 08:35:18.234 25907 WARNING rally_openstack.scenarios.neutron.utils [-] Running this scenario without either the 'network' or 'existing_network' context is deprecated
2019-06-12 08:35:18.825 25908 INFO rally.task.runner [-] Task 19efb881-e6b5-4448-a379-328943702eba | ITER: 7 END: OK
2019-06-12 08:35:18.830 25908 INFO rally.task.runner [-] Task 19efb881-e6b5-4448-a379-328943702eba | ITER: 24 START
2019-06-12 08:35:18.831 25908 WARNING rally_openstack.scenarios.neutron.utils [-] Running this scenario without either the 'network' or 'existing_network' context is deprecated
2019-06-12 08:35:19.001 25944 INFO rally.task.runner [-] Task 19efb881-e6b5-4448-a379-328943702eba | ITER: 17 END: OK
2019-06-12 08:35:19.005 25944 INFO rally.task.runner [-] Task 19efb881-e6b5-4448-a379-328943702eba | ITER: 25 START
2019-06-12 08:35:19.006 25944 WARNING rally_openstack.scenarios.neutron.utils [-] Running this scenario without either the 'network' or 'existing_network' context is deprecated
2019-06-12 08:35:19.066 25908 INFO rally.task.runner [-] Task 19efb881-e6b5-4448-a379-328943702eba | ITER: 4 END: OK
2019-06-12 08:35:19.071 25908 INFO rally.task.runner [-] Task 19efb881-e6b5-4448-a379-328943702eba | ITER: 26 START
2019-06-12 08:35:19.071 25908 WARNING rally_openstack.scenarios.neutron.utils [-] Running this scenario without either the 'network' or 'existing_network' context is deprecated
2019-06-12 08:35:19.377 25923 INFO rally.task.runner [-] Task 19efb881-e6b5-4448-a379-328943702eba | ITER: 12 END: OK
2019-06-12 08:35:19.382 25923 INFO rally.task.runner [-] Task 19efb881-e6b5-4448-a379-328943702eba | ITER: 27 START
2019-06-12 08:35:19.383 25923 WARNING rally_openstack.scenarios.neutron.utils [-] Running this scenario without either the 'network' or 'existing_network' context is deprecated
2019-06-12 08:35:19.463 25930 INFO rally.task.runner [-] Task 19efb881-e6b5-4448-a379-328943702eba | ITER: 13 END: OK
2019-06-12 08:35:19.468 25930 INFO rally.task.runner [-] Task 19efb881-e6b5-4448-a379-328943702eba | ITER: 28 START
2019-06-12 08:35:19.469 25930 WARNING rally_openstack.scenarios.neutron.utils [-] Running this scenario without either the 'network' or 'existing_network' context is deprecated
2019-06-12 08:35:19.776 25937 INFO rally.task.runner [-] Task 19efb881-e6b5-4448-a379-328943702eba | ITER: 15 END: OK
2019-06-12 08:35:19.780 25937 INFO rally.task.runner [-] Task 19efb881-e6b5-4448-a379-328943702eba | ITER: 29 START
2019-06-12 08:35:19.781 25937 WARNING rally_openstack.scenarios.neutron.utils [-] Running this scenario without either the 'network' or 'existing_network' context is deprecated
2019-06-12 08:35:19.941 25909 INFO rally.task.runner [-] Task 19efb881-e6b5-4448-a379-328943702eba | ITER: 6 END: OK
2019-06-12 08:35:19.945 25909 INFO rally.task.runner [-] Task 19efb881-e6b5-4448-a379-328943702eba | ITER: 30 START
2019-06-12 08:35:19.946 25909 WARNING rally_openstack.scenarios.neutron.utils [-] Running this scenario without either the 'network' or 'existing_network' context is deprecated
2019-06-12 08:35:20.130 25907 INFO rally.task.runner [-] Task 19efb881-e6b5-4448-a379-328943702eba | ITER: 5 END: OK
2019-06-12 08:35:20.135 25907 INFO rally.task.runner [-] Task 19efb881-e6b5-4448-a379-328943702eba | ITER: 31 START
2019-06-12 08:35:20.135 25907 WARNING rally_openstack.scenarios.neutron.utils [-] Running this scenario without either the 'network' or 'existing_network' context is deprecated
2019-06-12 08:35:20.544 25951 INFO rally.task.runner [-] Task 19efb881-e6b5-4448-a379-328943702eba | ITER: 20 END: OK
2019-06-12 08:35:20.548 25951 INFO rally.task.runner [-] Task 19efb881-e6b5-4448-a379-328943702eba | ITER: 32 START
2019-06-12 08:35:20.549 25951 WARNING rally_openstack.scenarios.neutron.utils [-] Running this scenario without either the 'network' or 'existing_network' context is deprecated
2019-06-12 08:35:20.822 25913 INFO rally.task.runner [-] Task 19efb881-e6b5-4448-a379-328943702eba | ITER: 10 END: OK
2019-06-12 08:35:20.826 25913 INFO rally.task.runner [-] Task 19efb881-e6b5-4448-a379-328943702eba | ITER: 33 START
2019-06-12 08:35:20.827 25913 WARNING rally_openstack.scenarios.neutron.utils [-] Running this scenario without either the 'network' or 'existing_network' context is deprecated
2019-06-12 08:35:21.298 25947 INFO rally.task.runner [-] Task 19efb881-e6b5-4448-a379-328943702eba | ITER: 18 END: OK
2019-06-12 08:35:21.301 25947 INFO rally.task.runner [-] Task 19efb881-e6b5-4448-a379-328943702eba | ITER: 34 START
2019-06-12 08:35:21.302 25947 WARNING rally_openstack.scenarios.neutron.utils [-] Running this scenario without either the 'network' or 'existing_network' context is deprecated
2019-06-12 08:35:21.409 25950 INFO rally.task.runner [-] Task 19efb881-e6b5-4448-a379-328943702eba | ITER: 19 END: OK
2019-06-12 08:35:21.412 25950 INFO rally.task.runner [-] Task 19efb881-e6b5-4448-a379-328943702eba | ITER: 35 START
2019-06-12 08:35:21.412 25950 WARNING rally_openstack.scenarios.neutron.utils [-] Running this scenario without either the 'network' or 'existing_network' context is deprecated
2019-06-12 08:35:21.413 25918 INFO rally.task.runner [-] Task 19efb881-e6b5-4448-a379-328943702eba | ITER: 11 END: OK
2019-06-12 08:35:21.417 25918 INFO rally.task.runner [-] Task 19efb881-e6b5-4448-a379-328943702eba | ITER: 36 START
2019-06-12 08:35:21.417 25918 WARNING rally_openstack.scenarios.neutron.utils [-] Running this scenario without either the 'network' or 'existing_network' context is deprecated
2019-06-12 08:35:21.480 25941 INFO rally.task.runner [-] Task 19efb881-e6b5-4448-a379-328943702eba | ITER: 16 END: OK
2019-06-12 08:35:21.485 25941 INFO rally.task.runner [-] Task 19efb881-e6b5-4448-a379-328943702eba | ITER: 37 START
2019-06-12 08:35:21.486 25941 WARNING rally_openstack.scenarios.neutron.utils [-] Running this scenario without either the 'network' or 'existing_network' context is deprecated
2019-06-12 08:35:21.678 25910 INFO rally.task.runner [-] Task 19efb881-e6b5-4448-a379-328943702eba | ITER: 8 END: OK
2019-06-12 08:35:21.682 25910 INFO rally.task.runner [-] Task 19efb881-e6b5-4448-a379-328943702eba | ITER: 38 START
2019-06-12 08:35:21.683 25910 WARNING rally_openstack.scenarios.neutron.utils [-] Running this scenario without either the 'network' or 'existing_network' context is deprecated
