2019-06-12 08:33:42.283 21660 RALLYDEBUG rally_openstack.cleanup.manager [-] Deleting neutron.port object s_rally_8bad4fd9_OUFVUHPN (db39a34a-0015-4e33-b3c6-79725b80af31)
2019-06-12 08:33:42.314 21660 RALLYDEBUG rally_openstack.cleanup.manager [-] Deleting neutron.port object s_rally_8bad4fd9_lggDWR25 (dc8a4724-a0a4-4809-8095-b556897d5ec3)
2019-06-12 08:33:42.376 21660 RALLYDEBUG rally_openstack.cleanup.manager [-] Deleting neutron.port object s_rally_8bad4fd9_aGEVJOiV (dd50579f-73e1-4829-8995-13638dbe61c6)
2019-06-12 08:33:42.532 21660 RALLYDEBUG rally_openstack.cleanup.manager [-] Deleting neutron.port object s_rally_8bad4fd9_GpudmEPH (dd6dc4b1-c263-469b-80e1-d3b4e78f1403)
2019-06-12 08:33:42.748 21660 RALLYDEBUG rally_openstack.cleanup.manager [-] Deleting neutron.port object s_rally_8bad4fd9_G05BBpfg (dd9db50a-a4ef-4f2c-8a15-fe07f3a565c2)
2019-06-12 08:33:42.864 21660 RALLYDEBUG rally_openstack.cleanup.manager [-] Deleting neutron.port object s_rally_8bad4fd9_ddHZ5Wh4 (df94bf91-ebef-402e-8915-90c30aeb93e0)
2019-06-12 08:33:42.878 21660 RALLYDEBUG rally_openstack.cleanup.manager [-] Deleting neutron.port object s_rally_8bad4fd9_jaq3ilVA (e0cc4a1b-57e3-4c46-b569-3b42e529f922)
2019-06-12 08:33:42.915 21660 RALLYDEBUG rally_openstack.cleanup.manager [-] Deleting neutron.port object s_rally_8bad4fd9_B83o8v56 (e0f3c4f7-a63c-4475-985f-9a9587e6342a)
2019-06-12 08:33:43.219 21660 RALLYDEBUG rally_openstack.cleanup.manager [-] Deleting neutron.port object s_rally_8bad4fd9_lcRHCJyo (e19de304-61a7-4e46-92ac-7bdc6f66c2db)
2019-06-12 08:33:43.311 21660 RALLYDEBUG rally_openstack.cleanup.manager [-] Deleting neutron.port object s_rally_8bad4fd9_ZwxryxIT (e1b9e7c4-3a6c-48bd-9096-5bf9d23e1816)
2019-06-12 08:33:43.328 21660 RALLYDEBUG rally_openstack.cleanup.manager [-] Deleting neutron.port object s_rally_8bad4fd9_Judax3iS (e1d32718-2bee-4a6c-bcf4-ac0503c9a8c6)
2019-06-12 08:33:43.615 21660 RALLYDEBUG rally_openstack.cleanup.manager [-] Deleting neutron.port object s_rally_8bad4fd9_nb1jggeA (e1fd3490-c133-468e-a601-d9947b1262df)
2019-06-12 08:33:43.639 21660 RALLYDEBUG rally_openstack.cleanup.manager [-] Deleting neutron.port object s_rally_8bad4fd9_Vq0Gu3vQ (e21d4b19-3040-4f8e-8162-30bffdd7c648)
2019-06-12 08:33:43.768 21660 RALLYDEBUG rally_openstack.cleanup.manager [-] Deleting neutron.port object s_rally_8bad4fd9_io7K3vAO (e29e29c0-117f-441b-8fbd-c6fcf67debe4)
2019-06-12 08:33:43.819 21660 RALLYDEBUG rally_openstack.cleanup.manager [-] Deleting neutron.port object s_rally_8bad4fd9_INVSc98E (e38c0822-8132-4d3d-be98-ca59d4443c67)
2019-06-12 08:33:44.137 21660 RALLYDEBUG rally_openstack.cleanup.manager [-] Deleting neutron.port object s_rally_8bad4fd9_JZrGjuGf (e49700f2-9755-4970-bd45-4d387a97af23)
2019-06-12 08:33:44.152 21660 RALLYDEBUG rally_openstack.cleanup.manager [-] Deleting neutron.port object s_rally_8bad4fd9_azxA03Vf (e497f7da-02b9-434e-92a8-a0e66fc7a0ea)
2019-06-12 08:33:44.162 21660 RALLYDEBUG rally_openstack.cleanup.manager [-] Deleting neutron.port object s_rally_8bad4fd9_TYrprfuu (e543df91-c7df-4a81-8289-b3f401c6e948)
2019-06-12 08:33:44.321 21660 RALLYDEBUG rally_openstack.cleanup.manager [-] Deleting neutron.port object s_rally_8bad4fd9_qpOGO6Ml (e6000c9a-7681-4b10-9898-92f2f8ca1d1b)
2019-06-12 08:33:44.362 21660 RALLYDEBUG rally_openstack.cleanup.manager [-] Deleting neutron.port object s_rally_8bad4fd9_MaXzmtaZ (e612e674-6db2-4006-a195-5ef47917a677)
2019-06-12 08:33:44.782 21660 RALLYDEBUG rally_openstack.cleanup.manager [-] Deleting neutron.port object s_rally_8bad4fd9_QOjCIRRz (e61d8096-dba5-49d0-975d-d5f5a701609d)
2019-06-12 08:33:44.783 21660 RALLYDEBUG rally_openstack.cleanup.manager [-] Deleting neutron.port object s_rally_8bad4fd9_iMrNdAgC (e76f6ebb-678c-4c84-a557-40d657630e68)
2019-06-12 08:33:44.810 21660 RALLYDEBUG rally_openstack.cleanup.manager [-] Deleting neutron.port object s_rally_8bad4fd9_JkCJAt0a (e819a9ef-703f-40d4-8eb5-7aa8fa02ea98)
2019-06-12 08:33:44.853 21660 RALLYDEBUG rally_openstack.cleanup.manager [-] Deleting neutron.port object s_rally_8bad4fd9_X0nCVGdV (e88d18d8-a942-4ef6-9fae-b1d0fcd658f5)
2019-06-12 08:33:44.891 21660 RALLYDEBUG rally_openstack.cleanup.manager [-] Deleting neutron.port object s_rally_8bad4fd9_HiGdTFLv (e94c36b0-67a1-47c8-a35c-8678582d1e50)
2019-06-12 08:33:44.913 21660 RALLYDEBUG rally_openstack.cleanup.manager [-] Deleting neutron.port object s_rally_8bad4fd9_3roZHAvq (eb67ab9d-1f4e-40d2-9440-518ed3555e5c)
2019-06-12 08:33:45.016 21660 RALLYDEBUG rally_openstack.cleanup.manager [-] Deleting neutron.port object s_rally_8bad4fd9_5AFVEAtS (ebd74cb5-c696-46d3-ab0b-2a752ae72968)
2019-06-12 08:33:45.174 21660 RALLYDEBUG rally_openstack.cleanup.manager [-] Deleting neutron.port object s_rally_8bad4fd9_AAPolYw1 (ebe121f5-6ad3-4481-88a7-56d96102f95a)
2019-06-12 08:33:45.189 21660 RALLYDEBUG rally_openstack.cleanup.manager [-] Deleting neutron.port object s_rally_8bad4fd9_2MsociDE (ec016367-8a51-44bc-be1d-7ef61910442f)
2019-06-12 08:33:45.331 21660 RALLYDEBUG rally_openstack.cleanup.manager [-] Deleting neutron.port object s_rally_8bad4fd9_ab4T1BTA (ec4000e3-400a-4a18-8e77-131f2eb46071)
2019-06-12 08:33:45.343 21660 RALLYDEBUG rally_openstack.cleanup.manager [-] Deleting neutron.port object s_rally_8bad4fd9_GQOPyXEt (ec912f10-5a08-43ea-a004-bb0535257167)
2019-06-12 08:33:45.661 21660 RALLYDEBUG rally_openstack.cleanup.manager [-] Deleting neutron.port object s_rally_8bad4fd9_P4SINmJQ (edb606b4-caef-40a4-af96-43225ff01499)
2019-06-12 08:33:45.751 21660 RALLYDEBUG rally_openstack.cleanup.manager [-] Deleting neutron.port object s_rally_8bad4fd9_xvn3ANdb (ee59927b-0277-4fcb-b5cf-d339b57e4ede)
2019-06-12 08:33:45.782 21660 RALLYDEBUG rally_openstack.cleanup.manager [-] Deleting neutron.port object s_rally_8bad4fd9_27BHkaF9 (ef0758f2-37aa-458c-b06d-cd48972600a2)
2019-06-12 08:33:45.987 21660 RALLYDEBUG rally_openstack.cleanup.manager [-] Deleting neutron.port object s_rally_8bad4fd9_IiBSpvIB (ef61443e-0eeb-4a81-90a7-63f1d2900a4c)
2019-06-12 08:33:46.032 21660 RALLYDEBUG rally_openstack.cleanup.manager [-] Deleting neutron.port object s_rally_8bad4fd9_qw2R97jT (f049b755-28d4-486e-8b6a-712453eaf408)
2019-06-12 08:33:46.049 21660 RALLYDEBUG rally_openstack.cleanup.manager [-] Deleting neutron.port object s_rally_8bad4fd9_CgO28z0G (f0fd0f3e-acdf-495b-99d6-549bf7b5db6f)
2019-06-12 08:33:46.207 21660 RALLYDEBUG rally_openstack.cleanup.manager [-] Deleting neutron.port object s_rally_8bad4fd9_Wj9aGDbF (f26a4700-f78d-4bb7-b5b7-985ed6eac62a)
2019-06-12 08:33:46.248 21660 RALLYDEBUG rally_openstack.cleanup.manager [-] Deleting neutron.port object s_rally_8bad4fd9_gkFQM9kn (f26e28ff-7fb5-44fb-90e1-6b5d3a816588)
2019-06-12 08:33:46.397 21660 RALLYDEBUG rally_openstack.cleanup.manager [-] Deleting neutron.port object s_rally_8bad4fd9_knj3s4U4 (f2ad52e3-ce68-4b1f-8c67-9f8aa0061bf8)
2019-06-12 08:33:46.656 21660 RALLYDEBUG rally_openstack.cleanup.manager [-] Deleting neutron.port object s_rally_8bad4fd9_ZlPPGNFe (f2c3d20b-d55a-4b41-b6ec-0015d260d41b)
2019-06-12 08:33:46.891 21660 RALLYDEBUG rally_openstack.cleanup.manager [-] Deleting neutron.port object s_rally_8bad4fd9_Q0kiHdrS (f2fc82f6-45f5-4b03-8943-094f793e682c)
2019-06-12 08:33:46.896 21660 RALLYDEBUG rally_openstack.cleanup.manager [-] Deleting neutron.port object s_rally_8bad4fd9_gtGK5o9q (f38d61a8-e855-42b2-b036-97c0751e5329)
2019-06-12 08:33:46.991 21660 RALLYDEBUG rally_openstack.cleanup.manager [-] Deleting neutron.port object s_rally_8bad4fd9_Bp5GqGPe (f3a88cf9-2a2b-461d-87fb-13770a0e0c21)
2019-06-12 08:33:47.076 21660 RALLYDEBUG rally_openstack.cleanup.manager [-] Deleting neutron.port object s_rally_8bad4fd9_D2HROPH8 (f442be0e-9820-461c-801f-4820d7970b52)
2019-06-12 08:33:47.089 21660 RALLYDEBUG rally_openstack.cleanup.manager [-] Deleting neutron.port object s_rally_8bad4fd9_2qrKVws6 (f486c180-46f5-46ce-bb2d-d70010a9c0fd)
2019-06-12 08:33:47.233 21660 RALLYDEBUG rally_openstack.cleanup.manager [-] Deleting neutron.port object s_rally_8bad4fd9_Wna4XDuj (f49596ac-74cb-4751-8419-9c0692649a6e)
2019-06-12 08:33:47.522 21660 RALLYDEBUG rally_openstack.cleanup.manager [-] Deleting neutron.port object s_rally_8bad4fd9_uUN3tHhj (f5beca6c-c10e-46ad-a69c-d124806f5995)
2019-06-12 08:33:47.547 21660 RALLYDEBUG rally_openstack.cleanup.manager [-] Deleting neutron.port object s_rally_8bad4fd9_w9UWfiHz (f6a94c31-5d5b-4a4c-a8a0-156bd40813cd)
2019-06-12 08:33:47.571 21660 RALLYDEBUG rally_openstack.cleanup.manager [-] Deleting neutron.port object s_rally_8bad4fd9_kkhGchML (f90ed2fc-fef8-4870-b921-ad6345c7785c)
2019-06-12 08:33:47.656 21660 RALLYDEBUG rally_openstack.cleanup.manager [-] Deleting neutron.port object s_rally_8bad4fd9_yLEe8urD (f9271056-52ed-4591-9684-86133fad4464)
2019-06-12 08:33:47.994 21660 RALLYDEBUG rally_openstack.cleanup.manager [-] Deleting neutron.port object s_rally_8bad4fd9_TpC72hdW (fa4772dc-cf9e-4989-b7db-e5f977d98ec1)
2019-06-12 08:33:47.998 21660 RALLYDEBUG rally_openstack.cleanup.manager [-] Deleting neutron.port object s_rally_8bad4fd9_zfbT6dYK (f955a4a7-985c-432b-99eb-d74b1ba7bd19)
2019-06-12 08:33:48.086 21660 RALLYDEBUG rally_openstack.cleanup.manager [-] Deleting neutron.port object s_rally_8bad4fd9_GdVdswJL (fc0a7f97-d271-412d-8bf9-e044ad715e4b)
2019-06-12 08:33:48.087 21660 RALLYDEBUG rally_openstack.cleanup.manager [-] Deleting neutron.port object s_rally_8bad4fd9_PUYBADkG (fb4e57c5-411e-400e-8455-1890f87d7863)
2019-06-12 08:33:48.292 21660 RALLYDEBUG rally_openstack.cleanup.manager [-] Deleting neutron.port object s_rally_8bad4fd9_RIBK0Nt4 (fc36b0f5-1bf8-425c-971d-5a12f6db2f79)
2019-06-12 08:33:48.299 21660 RALLYDEBUG rally_openstack.cleanup.manager [-] Deleting neutron.port object s_rally_8bad4fd9_0w1s6rVU (fc2a9c61-6806-4800-9d2d-2c9d080af528)
2019-06-12 08:33:48.300 21660 RALLYDEBUG rally_openstack.cleanup.manager [-] Deleting neutron.port object s_rally_8bad4fd9_Vt0WfD6X (fcc99e31-eaa0-4d60-af2b-8bd9203a73f5)
2019-06-12 08:33:48.388 21660 RALLYDEBUG rally_openstack.cleanup.manager [-] Deleting neutron.port object s_rally_8bad4fd9_f62cxejR (fe48a5c4-8691-47c9-9448-a5ced95b1146)
2019-06-12 08:33:48.591 21660 RALLYDEBUG rally_openstack.cleanup.manager [-] Deleting neutron.port object s_rally_8bad4fd9_aSIyUVdw (fe5e1166-50f1-4eab-aaf5-f0a406f4c542)
2019-06-12 08:33:48.698 21660 RALLYDEBUG rally_openstack.cleanup.manager [-] Deleting neutron.port object s_rally_8bad4fd9_4GzcwtLN (ff9c4bdc-68ef-4d95-bac7-e89fee0342a0)
2019-06-12 08:33:48.890 21660 RALLYDEBUG rally_openstack.cleanup.manager [-] Deleting neutron.port object s_rally_8bad4fd9_Uz75t2Cw (ffc22ec6-d7b9-4c24-8b76-16db560d4253)
2019-06-12 08:33:50.876 21660 RALLYDEBUG rally_openstack.cleanup.manager [-] Cleaning up neutron subnet objects
2019-06-12 08:33:51.290 21660 RALLYDEBUG rally_openstack.cleanup.manager [-] Cleaning up neutron network objects
2019-06-12 08:33:51.773 21660 RALLYDEBUG rally_openstack.cleanup.manager [-] Deleting neutron.network object s_rally_8bad4fd9_14jWkgz5 (1259b31a-09c7-4c90-a969-a90dac26ee42)
2019-06-12 08:33:51.783 21660 RALLYDEBUG rally_openstack.cleanup.manager [-] Deleting neutron.network object s_rally_8bad4fd9_pfV8OgoP (1e0b02de-18b5-4e5e-923b-83e198df755b)
2019-06-12 08:33:51.797 21660 RALLYDEBUG rally_openstack.cleanup.manager [-] Deleting neutron.network object s_rally_8bad4fd9_y1HDMPXG (39a17c95-acb4-45dd-bfc3-768babd137d3)
2019-06-12 08:33:51.808 21660 RALLYDEBUG rally_openstack.cleanup.manager [-] Deleting neutron.network object s_rally_8bad4fd9_u8ZPVZ94 (7d072700-5f06-4cea-b972-0e7489e2b183)
2019-06-12 08:33:51.808 21660 RALLYDEBUG rally_openstack.cleanup.manager [-] Deleting neutron.network object s_rally_8bad4fd9_fJ3WkBoW (9aafbeac-0485-4cef-88fb-2930e281ce63)
2019-06-12 08:33:51.808 21660 RALLYDEBUG rally_openstack.cleanup.manager [-] Deleting neutron.network object s_rally_8bad4fd9_nzio9Ggj (7aa2fd96-8054-4738-a7ae-0acd6e806c88)
2019-06-12 08:33:51.825 21660 RALLYDEBUG rally_openstack.cleanup.manager [-] Deleting neutron.network object s_rally_8bad4fd9_D4kXMSlr (a2f20f7e-65ab-48b4-8890-a91095b92d50)
2019-06-12 08:33:51.828 21660 RALLYDEBUG rally_openstack.cleanup.manager [-] Deleting neutron.network object s_rally_8bad4fd9_VeG3sR7Q (d5e682fa-23f4-4442-a4c1-753171d7e859)
2019-06-12 08:33:54.611 21660 RALLYDEBUG rally_openstack.cleanup.manager [-] Cleaning up neutron router objects
2019-06-12 08:33:55.042 21660 RALLYDEBUG rally_openstack.cleanup.manager [-] Cleaning up neutron security_group objects
2019-06-12 08:33:55.467 21660 INFO rally.task.context [-] Task 19efb881-e6b5-4448-a379-328943702eba | Context cleanup@openstack cleanup() finished in 52.83 sec
2019-06-12 08:33:55.467 21660 INFO rally.task.context [-] Task 19efb881-e6b5-4448-a379-328943702eba | Context quotas@openstack cleanup() started
2019-06-12 08:33:55.548 21660 INFO rally.task.context [-] Task 19efb881-e6b5-4448-a379-328943702eba | Context quotas@openstack cleanup() finished in 80.35 msec
2019-06-12 08:33:55.548 21660 INFO rally.task.context [-] Task 19efb881-e6b5-4448-a379-328943702eba | Context users@openstack cleanup() started
2019-06-12 08:33:58.234 21660 INFO rally.task.context [-] Task 19efb881-e6b5-4448-a379-328943702eba | Context users@openstack cleanup() finished in 2.69 sec
2019-06-12 08:34:00.068 21660 INFO rally.task.engine [-] Load duration is: 54.052628
2019-06-12 08:34:00.068 21660 INFO rally.task.engine [-] Full runner duration is: 54.105812
2019-06-12 08:34:00.069 21660 INFO rally.task.engine [-] Full duration is: 112.747334
2019-06-12 08:34:00.336 21660 INFO rally.task.engine [-] Running workload: position = 1 config = { "version": 2, "title": "A cropped version of a bigger task.", "description": "Auto-generated task from a single workload (uuid=ae926c73-7365-40be-ad8c-2d7b0b6c6e27)", "subtasks": [ { "title": "NeutronNetworks.create_and_update_ports", "description": "Create and update a given number of ports.", "scenario": { "NeutronNetworks.create_and_update_ports": { "network_create_args": {}, "port_create_args": {}, "ports_per_network": 5, "port_update_args": { "admin_state_up": false, "device_id": "dummy_id", "device_owner": "dummy_owner", "name": "_port_updated" } } }, "contexts": { "users": { "tenants": 1, "users_per_tenant": 1 }, "quotas": { "neutron": { "network": -1, "port": -1 } } }, "runner": { "constant": { "times": 40, "concurrency": 20 } }, "hooks": [], "sla": { "failure_rate": { "max": 0 } } } ] }
2019-06-12 08:34:00.365 21660 RALLYDEBUG rally_openstack.contexts.keystone.users [-] Creating 1 tenants using 20 threads
2019-06-12 08:34:01.286 21660 RALLYDEBUG rally_openstack.contexts.keystone.users [-] Creating 1 users using 20 threads
2019-06-12 08:34:02.704 21660 INFO rally.task.context [-] Task 19efb881-e6b5-4448-a379-328943702eba | Context users@openstack setup() finished in 2.34 sec
2019-06-12 08:34:03.261 21660 INFO rally.task.context [-] Task 19efb881-e6b5-4448-a379-328943702eba | Context quotas@openstack setup() finished in 0.56 sec
2019-06-12 08:34:03.262 21660 INFO rally.task.context [-] Task 19efb881-e6b5-4448-a379-328943702eba | Context cleanup@openstack setup() finished in 0.01 msec
2019-06-12 08:34:03.271 21660 RALLYDEBUG rally.task.runner [-] Starting the constant runner (task UUID: 19efb881-e6b5-4448-a379-328943702eba). timeout: 0 concurrency: 20 concurrency_per_worker: 1 times: 40 concurrency_overhead: 4 processes_to_start: 16 max_cpu_used: 16
2019-06-12 08:34:03.285 25536 RALLYDEBUG rally.task.runner [-] Starting a worker. concurrency: 2 args: {"network_create_args": {}, "port_create_args": {}, "ports_per_network": 5, "port_update_args": {"admin_state_up": false, "device_id": "dummy_id", "device_owner": "dummy_owner", "name": "_port_updated"}} times: 40 method_name: run timeout: 0 duration: None cls:
2019-06-12 08:34:03.289 25537 RALLYDEBUG rally.task.runner [-] Starting a worker. concurrency: 2 args: {"network_create_args": {}, "port_create_args": {}, "ports_per_network": 5, "port_update_args": {"admin_state_up": false, "device_id": "dummy_id", "device_owner": "dummy_owner", "name": "_port_updated"}} times: 40 method_name: run timeout: 0 duration: None cls:
2019-06-12 08:34:03.292 25538 RALLYDEBUG rally.task.runner [-] Starting a worker. concurrency: 2 args: {"network_create_args": {}, "port_create_args": {}, "ports_per_network": 5, "port_update_args": {"admin_state_up": false, "device_id": "dummy_id", "device_owner": "dummy_owner", "name": "_port_updated"}} times: 40 method_name: run timeout: 0 duration: None cls:
2019-06-12 08:34:03.296 25536 INFO rally.task.runner [-] Task 19efb881-e6b5-4448-a379-328943702eba | ITER: 1 START
2019-06-12 08:34:03.295 25539 RALLYDEBUG rally.task.runner [-] Starting a worker. concurrency: 2 args: {"network_create_args": {}, "port_create_args": {}, "ports_per_network": 5, "port_update_args": {"admin_state_up": false, "device_id": "dummy_id", "device_owner": "dummy_owner", "name": "_port_updated"}} times: 40 method_name: run timeout: 0 duration: None cls:
2019-06-12 08:34:03.298 25536 WARNING rally_openstack.scenarios.neutron.utils [-] Running this scenario without either the 'network' or 'existing_network' context is deprecated
2019-06-12 08:34:03.298 25541 RALLYDEBUG rally.task.runner [-] Starting a worker. concurrency: 1 args: {"network_create_args": {}, "port_create_args": {}, "ports_per_network": 5, "port_update_args": {"admin_state_up": false, "device_id": "dummy_id", "device_owner": "dummy_owner", "name": "_port_updated"}} times: 40 method_name: run timeout: 0 duration: None cls:
2019-06-12 08:34:03.299 25537 INFO rally.task.runner [-] Task 19efb881-e6b5-4448-a379-328943702eba | ITER: 2 START
2019-06-12 08:34:03.301 25538 INFO rally.task.runner [-] Task 19efb881-e6b5-4448-a379-328943702eba | ITER: 4 START
2019-06-12 08:34:03.302 25537 WARNING rally_openstack.scenarios.neutron.utils [-] Running this scenario without either the 'network' or 'existing_network' context is deprecated
2019-06-12 08:34:03.304 25538 WARNING rally_openstack.scenarios.neutron.utils [-] Running this scenario without either the 'network' or 'existing_network' context is deprecated
2019-06-12 08:34:03.304 25541 INFO rally.task.runner [-] Task 19efb881-e6b5-4448-a379-328943702eba | ITER: 8 START
2019-06-12 08:34:03.304 25539 INFO rally.task.runner [-] Task 19efb881-e6b5-4448-a379-328943702eba | ITER: 6 START
2019-06-12 08:34:03.304 25546 RALLYDEBUG rally.task.runner [-] Starting a worker. concurrency: 1 args: {"network_create_args": {}, "port_create_args": {}, "ports_per_network": 5, "port_update_args": {"admin_state_up": false, "device_id": "dummy_id", "device_owner": "dummy_owner", "name": "_port_updated"}} times: 40 method_name: run timeout: 0 duration: None cls:
2019-06-12 08:34:03.306 25541 WARNING rally_openstack.scenarios.neutron.utils [-] Running this scenario without either the 'network' or 'existing_network' context is deprecated
2019-06-12 08:34:03.302 25536 INFO rally.task.runner [-] Task 19efb881-e6b5-4448-a379-328943702eba | ITER: 3 START
2019-06-12 08:34:03.306 25550 RALLYDEBUG rally.task.runner [-] Starting a worker. concurrency: 1 args: {"network_create_args": {}, "port_create_args": {}, "ports_per_network": 5, "port_update_args": {"admin_state_up": false, "device_id": "dummy_id", "device_owner": "dummy_owner", "name": "_port_updated"}} times: 40 method_name: run timeout: 0 duration: None cls:
2019-06-12 08:34:03.308 25539 WARNING rally_openstack.scenarios.neutron.utils [-] Running this scenario without either the 'network' or 'existing_network' context is deprecated
2019-06-12 08:34:03.307 25536 WARNING rally_openstack.scenarios.neutron.utils [-] Running this scenario without either the 'network' or 'existing_network' context is deprecated
2019-06-12 08:34:03.312 25546 INFO rally.task.runner [-] Task 19efb881-e6b5-4448-a379-328943702eba | ITER: 10 START
2019-06-12 08:34:03.305 25537 INFO rally.task.runner [-] Task 19efb881-e6b5-4448-a379-328943702eba | ITER: 5 START
2019-06-12 08:34:03.312 25550 INFO rally.task.runner [-] Task 19efb881-e6b5-4448-a379-328943702eba | ITER: 11 START
2019-06-12 08:34:03.314 25550 WARNING rally_openstack.scenarios.neutron.utils [-] Running this scenario without either the 'network' or 'existing_network' context is deprecated
2019-06-12 08:34:03.314 25546 WARNING rally_openstack.scenarios.neutron.utils [-] Running this scenario without either the 'network' or 'existing_network' context is deprecated
2019-06-12 08:34:03.314 25553 RALLYDEBUG rally.task.runner [-] Starting a worker. concurrency: 1 args: {"network_create_args": {}, "port_create_args": {}, "ports_per_network": 5, "port_update_args": {"admin_state_up": false, "device_id": "dummy_id", "device_owner": "dummy_owner", "name": "_port_updated"}} times: 40 method_name: run timeout: 0 duration: None cls:
2019-06-12 08:34:03.314 25556 RALLYDEBUG rally.task.runner [-] Starting a worker. concurrency: 1 args: {"network_create_args": {}, "port_create_args": {}, "ports_per_network": 5, "port_update_args": {"admin_state_up": false, "device_id": "dummy_id", "device_owner": "dummy_owner", "name": "_port_updated"}} times: 40 method_name: run timeout: 0 duration: None cls:
2019-06-12 08:34:03.315 25537 WARNING rally_openstack.scenarios.neutron.utils [-] Running this scenario without either the 'network' or 'existing_network' context is deprecated
2019-06-12 08:34:03.316 25538 INFO rally.task.runner [-] Task 19efb881-e6b5-4448-a379-328943702eba | ITER: 7 START
2019-06-12 08:34:03.317 25538 WARNING rally_openstack.scenarios.neutron.utils [-] Running this scenario without either the 'network' or 'existing_network' context is deprecated
2019-06-12 08:34:03.321 25556 INFO rally.task.runner [-] Task 19efb881-e6b5-4448-a379-328943702eba | ITER: 13 START
2019-06-12 08:34:03.323 25556 WARNING rally_openstack.scenarios.neutron.utils [-] Running this scenario without either the 'network' or 'existing_network' context is deprecated
2019-06-12 08:34:03.323 25553 INFO rally.task.runner [-] Task 19efb881-e6b5-4448-a379-328943702eba | ITER: 12 START
2019-06-12 08:34:03.322 25563 RALLYDEBUG rally.task.runner [-] Starting a worker. concurrency: 1 args: {"network_create_args": {}, "port_create_args": {}, "ports_per_network": 5, "port_update_args": {"admin_state_up": false, "device_id": "dummy_id", "device_owner": "dummy_owner", "name": "_port_updated"}} times: 40 method_name: run timeout: 0 duration: None cls:
2019-06-12 08:34:03.323 25539 INFO rally.task.runner [-] Task 19efb881-e6b5-4448-a379-328943702eba | ITER: 9 START
2019-06-12 08:34:03.324 25539 WARNING rally_openstack.scenarios.neutron.utils [-] Running this scenario without either the 'network' or 'existing_network' context is deprecated
2019-06-12 08:34:03.325 25553 WARNING rally_openstack.scenarios.neutron.utils [-] Running this scenario without either the 'network' or 'existing_network' context is deprecated
2019-06-12 08:34:03.329 25563 INFO rally.task.runner [-] Task 19efb881-e6b5-4448-a379-328943702eba | ITER: 14 START
2019-06-12 08:34:03.331 25563 WARNING rally_openstack.scenarios.neutron.utils [-] Running this scenario without either the 'network' or 'existing_network' context is deprecated
2019-06-12 08:34:03.331 25568 RALLYDEBUG rally.task.runner [-] Starting a worker. concurrency: 1 args: {"network_create_args": {}, "port_create_args": {}, "ports_per_network": 5, "port_update_args": {"admin_state_up": false, "device_id": "dummy_id", "device_owner": "dummy_owner", "name": "_port_updated"}} times: 40 method_name: run timeout: 0 duration: None cls:
2019-06-12 08:34:03.338 25568 INFO rally.task.runner [-] Task 19efb881-e6b5-4448-a379-328943702eba | ITER: 15 START
2019-06-12 08:34:03.339 25568 WARNING rally_openstack.scenarios.neutron.utils [-] Running this scenario without either the 'network' or 'existing_network' context is deprecated
2019-06-12 08:34:03.340 25571 RALLYDEBUG rally.task.runner [-] Starting a worker. concurrency: 1 args: {"network_create_args": {}, "port_create_args": {}, "ports_per_network": 5, "port_update_args": {"admin_state_up": false, "device_id": "dummy_id", "device_owner": "dummy_owner", "name": "_port_updated"}} times: 40 method_name: run timeout: 0 duration: None cls:
2019-06-12 08:34:03.348 25571 INFO rally.task.runner [-] Task 19efb881-e6b5-4448-a379-328943702eba | ITER: 16 START
2019-06-12 08:34:03.350 25571 WARNING rally_openstack.scenarios.neutron.utils [-] Running this scenario without either the 'network' or 'existing_network' context is deprecated
2019-06-12 08:34:03.352 25575 RALLYDEBUG rally.task.runner [-] Starting a worker. concurrency: 1 args: {"network_create_args": {}, "port_create_args": {}, "ports_per_network": 5, "port_update_args": {"admin_state_up": false, "device_id": "dummy_id", "device_owner": "dummy_owner", "name": "_port_updated"}} times: 40 method_name: run timeout: 0 duration: None cls:
2019-06-12 08:34:03.358 25575 INFO rally.task.runner [-] Task 19efb881-e6b5-4448-a379-328943702eba | ITER: 17 START
2019-06-12 08:34:03.360 25575 WARNING rally_openstack.scenarios.neutron.utils [-] Running this scenario without either the 'network' or 'existing_network' context is deprecated
2019-06-12 08:34:03.361 25577 RALLYDEBUG rally.task.runner [-] Starting a worker. concurrency: 1 args: {"network_create_args": {}, "port_create_args": {}, "ports_per_network": 5, "port_update_args": {"admin_state_up": false, "device_id": "dummy_id", "device_owner": "dummy_owner", "name": "_port_updated"}} times: 40 method_name: run timeout: 0 duration: None cls:
2019-06-12 08:34:03.364 25580 RALLYDEBUG rally.task.runner [-] Starting a worker. concurrency: 1 args: {"network_create_args": {}, "port_create_args": {}, "ports_per_network": 5, "port_update_args": {"admin_state_up": false, "device_id": "dummy_id", "device_owner": "dummy_owner", "name": "_port_updated"}} times: 40 method_name: run timeout: 0 duration: None cls:
2019-06-12 08:34:03.366 25577 INFO rally.task.runner [-] Task 19efb881-e6b5-4448-a379-328943702eba | ITER: 18 START
2019-06-12 08:34:03.367 25577 WARNING rally_openstack.scenarios.neutron.utils [-] Running this scenario without either the 'network' or 'existing_network' context is deprecated
2019-06-12 08:34:03.367 25581 RALLYDEBUG rally.task.runner [-] Starting a worker. concurrency: 1 args: {"network_create_args": {}, "port_create_args": {}, "ports_per_network": 5, "port_update_args": {"admin_state_up": false, "device_id": "dummy_id", "device_owner": "dummy_owner", "name": "_port_updated"}} times: 40 method_name: run timeout: 0 duration: None cls:
2019-06-12 08:34:03.369 25580 INFO rally.task.runner [-] Task 19efb881-e6b5-4448-a379-328943702eba | ITER: 19 START
2019-06-12 08:34:03.370 25580 WARNING rally_openstack.scenarios.neutron.utils [-] Running this scenario without either the 'network' or 'existing_network' context is deprecated
2019-06-12 08:34:03.372 25581 INFO rally.task.runner [-] Task 19efb881-e6b5-4448-a379-328943702eba | ITER: 20 START
2019-06-12 08:34:03.373 25581 WARNING rally_openstack.scenarios.neutron.utils [-] Running this scenario without either the 'network' or 'existing_network' context is deprecated
2019-06-12 08:34:10.203 25577 INFO rally.task.runner [-] Task 19efb881-e6b5-4448-a379-328943702eba | ITER: 18 END: OK
2019-06-12 08:34:10.209 25577 INFO rally.task.runner [-] Task 19efb881-e6b5-4448-a379-328943702eba | ITER: 21 START
2019-06-12 08:34:10.210 25577 WARNING rally_openstack.scenarios.neutron.utils [-] Running this scenario without either the 'network' or 'existing_network' context is deprecated
2019-06-12 08:34:11.886 25536 INFO rally.task.runner [-] Task 19efb881-e6b5-4448-a379-328943702eba | ITER: 3 END: OK
2019-06-12 08:34:11.892 25536 INFO rally.task.runner [-] Task 19efb881-e6b5-4448-a379-328943702eba | ITER: 22 START
2019-06-12 08:34:11.892 25536 WARNING rally_openstack.scenarios.neutron.utils [-] Running this scenario without either the 'network' or 'existing_network' context is deprecated
2019-06-12 08:34:12.390 25580 INFO rally.task.runner [-] Task 19efb881-e6b5-4448-a379-328943702eba | ITER: 19 END: OK
2019-06-12 08:34:12.395 25580 INFO rally.task.runner [-] Task 19efb881-e6b5-4448-a379-328943702eba | ITER: 23 START
2019-06-12 08:34:12.396 25580 WARNING rally_openstack.scenarios.neutron.utils [-] Running this scenario without either the 'network' or 'existing_network' context is deprecated
2019-06-12 08:34:12.545 25537 INFO rally.task.runner [-] Task 19efb881-e6b5-4448-a379-328943702eba | ITER: 5 END: OK
2019-06-12 08:34:12.549 25537 INFO rally.task.runner [-] Task 19efb881-e6b5-4448-a379-328943702eba | ITER: 24 START
2019-06-12 08:34:12.550 25537 WARNING rally_openstack.scenarios.neutron.utils [-] Running this scenario without either the 'network' or 'existing_network' context is deprecated
2019-06-12 08:34:12.676 25575 INFO rally.task.runner [-] Task 19efb881-e6b5-4448-a379-328943702eba | ITER: 17 END: OK
2019-06-12 08:34:12.681 25575 INFO rally.task.runner [-] Task 19efb881-e6b5-4448-a379-328943702eba | ITER: 25 START
2019-06-12 08:34:12.682 25575 WARNING rally_openstack.scenarios.neutron.utils [-] Running this scenario without either the 'network' or 'existing_network' context is deprecated
2019-06-12 08:34:13.205 25537 INFO rally.task.runner [-] Task 19efb881-e6b5-4448-a379-328943702eba | ITER: 2 END: OK
2019-06-12 08:34:13.209 25537 INFO rally.task.runner [-] Task 19efb881-e6b5-4448-a379-328943702eba | ITER: 26 START
2019-06-12 08:34:13.210 25537 WARNING rally_openstack.scenarios.neutron.utils [-] Running this scenario without either the 'network' or 'existing_network' context is deprecated
2019-06-12 08:34:13.783 25541 INFO rally.task.runner [-] Task 19efb881-e6b5-4448-a379-328943702eba | ITER: 8 END: OK
2019-06-12 08:34:13.788 25541 INFO rally.task.runner [-] Task 19efb881-e6b5-4448-a379-328943702eba | ITER: 27 START
2019-06-12 08:34:13.789 25541 WARNING rally_openstack.scenarios.neutron.utils [-] Running this scenario without either the 'network' or 'existing_network' context is deprecated
2019-06-12 08:34:13.793 25538 INFO rally.task.runner [-] Task 19efb881-e6b5-4448-a379-328943702eba | ITER: 7 END: OK
2019-06-12 08:34:13.797 25538 INFO rally.task.runner [-] Task 19efb881-e6b5-4448-a379-328943702eba | ITER: 28 START
2019-06-12 08:34:13.798 25538 WARNING rally_openstack.scenarios.neutron.utils [-] Running this scenario without either the 'network' or 'existing_network' context is deprecated
2019-06-12 08:34:13.820 25563 INFO rally.task.runner [-] Task 19efb881-e6b5-4448-a379-328943702eba | ITER: 14 END: OK
2019-06-12 08:34:13.824 25563 INFO rally.task.runner [-] Task 19efb881-e6b5-4448-a379-328943702eba | ITER: 29 START
2019-06-12 08:34:13.824 25563 WARNING rally_openstack.scenarios.neutron.utils [-] Running this scenario without either the 'network' or 'existing_network' context is deprecated
2019-06-12 08:34:13.868 25571 INFO rally.task.runner [-] Task 19efb881-e6b5-4448-a379-328943702eba | ITER: 16 END: OK
2019-06-12 08:34:13.873 25571 INFO rally.task.runner [-] Task 19efb881-e6b5-4448-a379-328943702eba | ITER: 30 START
2019-06-12 08:34:13.874 25571 WARNING rally_openstack.scenarios.neutron.utils [-] Running this scenario without either the 'network' or 'existing_network' context is deprecated
2019-06-12 08:34:14.102 25568 INFO rally.task.runner [-] Task 19efb881-e6b5-4448-a379-328943702eba | ITER: 15 END: OK
2019-06-12 08:34:14.107 25568 INFO rally.task.runner [-] Task 19efb881-e6b5-4448-a379-328943702eba | ITER: 31 START
2019-06-12 08:34:14.107 25568 WARNING rally_openstack.scenarios.neutron.utils [-] Running this scenario without either the 'network' or 'existing_network' context is deprecated
2019-06-12 08:34:14.195 25536 INFO rally.task.runner [-] Task 19efb881-e6b5-4448-a379-328943702eba | ITER: 1 END: OK
2019-06-12 08:34:14.200 25536 INFO rally.task.runner [-] Task 19efb881-e6b5-4448-a379-328943702eba | ITER: 32 START
2019-06-12 08:34:14.200 25536 WARNING rally_openstack.scenarios.neutron.utils [-] Running this scenario without either the 'network' or 'existing_network' context is deprecated
2019-06-12 08:34:14.631 25539 INFO rally.task.runner [-] Task 19efb881-e6b5-4448-a379-328943702eba | ITER: 6 END: OK
2019-06-12 08:34:14.636 25539 INFO rally.task.runner [-] Task 19efb881-e6b5-4448-a379-328943702eba | ITER: 33 START
2019-06-12 08:34:14.637 25539 WARNING rally_openstack.scenarios.neutron.utils [-] Running this scenario without either the 'network' or 'existing_network' context is deprecated
2019-06-12 08:34:15.344 25581 INFO rally.task.runner [-] Task 19efb881-e6b5-4448-a379-328943702eba | ITER: 20 END: OK
2019-06-12 08:34:15.349 25581 INFO rally.task.runner [-] Task 19efb881-e6b5-4448-a379-328943702eba | ITER: 34 START
2019-06-12 08:34:15.350 25581 WARNING rally_openstack.scenarios.neutron.utils [-] Running this scenario without either the 'network' or 'existing_network' context is deprecated
2019-06-12 08:34:15.401 25556 INFO rally.task.runner [-] Task 19efb881-e6b5-4448-a379-328943702eba | ITER: 13 END: OK
2019-06-12 08:34:15.406 25556 INFO rally.task.runner [-] Task 19efb881-e6b5-4448-a379-328943702eba | ITER: 35 START
2019-06-12 08:34:15.407 25556 WARNING rally_openstack.scenarios.neutron.utils [-] Running this scenario without either the 'network' or 'existing_network' context is deprecated
2019-06-12 08:34:15.638 25539 INFO rally.task.runner [-] Task 19efb881-e6b5-4448-a379-328943702eba | ITER: 9 END: OK
2019-06-12 08:34:15.643 25539 INFO rally.task.runner [-] Task 19efb881-e6b5-4448-a379-328943702eba | ITER: 36 START
2019-06-12 08:34:15.643 25539 WARNING rally_openstack.scenarios.neutron.utils [-] Running this scenario without either the 'network' or 'existing_network' context is deprecated
2019-06-12 08:34:15.750 25538 INFO rally.task.runner [-] Task 19efb881-e6b5-4448-a379-328943702eba | ITER: 4 END: OK
2019-06-12 08:34:15.755 25538 INFO rally.task.runner [-] Task 19efb881-e6b5-4448-a379-328943702eba | ITER: 37 START
2019-06-12 08:34:15.756 25538 WARNING rally_openstack.scenarios.neutron.utils [-] Running this scenario without either the 'network' or 'existing_network' context is deprecated
2019-06-12 08:34:16.229 25546 INFO rally.task.runner [-] Task 19efb881-e6b5-4448-a379-328943702eba | ITER: 10 END: OK
2019-06-12 08:34:16.235 25546 INFO rally.task.runner [-] Task 19efb881-e6b5-4448-a379-328943702eba | ITER: 38 START
2019-06-12 08:34:16.236 25546 WARNING rally_openstack.scenarios.neutron.utils [-] Running this scenario without either the 'network' or 'existing_network' context is deprecated
2019-06-12 08:34:16.402 25553 INFO rally.task.runner [-] Task 19efb881-e6b5-4448-a379-328943702eba | ITER: 12 END: OK
2019-06-12 08:34:16.407 25553 INFO rally.task.runner [-] Task 19efb881-e6b5-4448-a379-328943702eba | ITER: 39 START
2019-06-12 08:34:16.408 25553 WARNING rally_openstack.scenarios.neutron.utils [-] Running this scenario without either the 'network' or 'existing_network' context is deprecated
2019-06-12 08:34:17.149 25550 INFO rally.task.runner [-] Task 19efb881-e6b5-4448-a379-328943702eba | ITER: 11 END: OK
2019-06-12 08:34:17.152 25550 INFO rally.task.runner [-] Task 19efb881-e6b5-4448-a379-328943702eba | ITER: 40 START
2019-06-12 08:34:17.152 25550 WARNING rally_openstack.scenarios.neutron.utils [-] Running this scenario without either the 'network' or 'existing_network' context is deprecated
2019-06-12 08:34:19.904 25577 INFO rally.task.runner [-] Task 19efb881-e6b5-4448-a379-328943702eba | ITER: 21 END: OK
2019-06-12 08:34:21.022 25536 INFO rally.task.runner [-] Task 19efb881-e6b5-4448-a379-328943702eba | ITER: 22 END: OK
2019-06-12 08:34:21.183 25541 INFO rally.task.runner [-] Task 19efb881-e6b5-4448-a379-328943702eba | ITER: 27 END: OK
2019-06-12 08:34:22.789 25563 INFO rally.task.runner [-] Task 19efb881-e6b5-4448-a379-328943702eba | ITER: 29 END: OK
2019-06-12 08:34:22.919 25556 INFO rally.task.runner [-] Task 19efb881-e6b5-4448-a379-328943702eba | ITER: 35 END: OK
2019-06-12 08:34:23.172 25538 INFO rally.task.runner [-] Task 19efb881-e6b5-4448-a379-328943702eba | ITER: 28 END: OK
2019-06-12 08:34:23.206 25536 INFO rally.task.runner [-] Task 19efb881-e6b5-4448-a379-328943702eba | ITER: 32 END: OK
2019-06-12 08:34:23.683 25580 INFO rally.task.runner [-] Task 19efb881-e6b5-4448-a379-328943702eba | ITER: 23 END: OK
2019-06-12 08:34:23.820 25537 INFO rally.task.runner [-] Task 19efb881-e6b5-4448-a379-328943702eba | ITER: 26 END: OK
2019-06-12 08:34:23.902 25538 INFO rally.task.runner [-] Task 19efb881-e6b5-4448-a379-328943702eba | ITER: 37 END: OK
2019-06-12 08:34:23.988 25568 INFO rally.task.runner [-] Task 19efb881-e6b5-4448-a379-328943702eba | ITER: 31 END: OK
2019-06-12 08:34:24.039 25537 INFO rally.task.runner [-] Task 19efb881-e6b5-4448-a379-328943702eba | ITER: 24 END: OK
2019-06-12 08:34:24.348 25575 INFO rally.task.runner [-] Task 19efb881-e6b5-4448-a379-328943702eba | ITER: 25 END: OK
2019-06-12 08:34:24.486 25539 INFO rally.task.runner [-] Task 19efb881-e6b5-4448-a379-328943702eba | ITER: 33 END: OK
2019-06-12 08:34:24.532 25571 INFO rally.task.runner [-] Task 19efb881-e6b5-4448-a379-328943702eba | ITER: 30 END: OK
2019-06-12 08:34:25.080 25546 INFO rally.task.runner [-] Task 19efb881-e6b5-4448-a379-328943702eba | ITER: 38 END: OK
2019-06-12 08:34:25.100 25550 INFO rally.task.runner [-] Task 19efb881-e6b5-4448-a379-328943702eba | ITER: 40 END: OK
2019-06-12 08:34:25.112 25581 INFO rally.task.runner [-] Task 19efb881-e6b5-4448-a379-328943702eba | ITER: 34 END: OK
2019-06-12 08:34:25.363 25553 INFO rally.task.runner [-] Task 19efb881-e6b5-4448-a379-328943702eba | ITER: 39 END: OK
2019-06-12 08:34:25.524 25539 INFO rally.task.runner [-] Task 19efb881-e6b5-4448-a379-328943702eba | ITER: 36 END: OK
2019-06-12 08:34:25.546 21660 INFO rally.task.context [-] Task 19efb881-e6b5-4448-a379-328943702eba | Context cleanup@openstack cleanup() started
2019-06-12 08:34:25.549 21660 RALLYDEBUG rally_openstack.cleanup.manager [-] Cleaning up neutron vip objects
2019-06-12 08:34:25.948 21660 RALLYDEBUG rally_openstack.cleanup.manager [-] Cleaning up neutron health_monitor objects
2019-06-12 08:34:26.345 21660 RALLYDEBUG rally_openstack.cleanup.manager [-] Cleaning up neutron pool objects
2019-06-12 08:34:26.733 21660 RALLYDEBUG rally_openstack.cleanup.manager [-] Cleaning up neutron loadbalancer objects
2019-06-12 08:34:27.126 21660 RALLYDEBUG rally_openstack.cleanup.manager [-] Cleaning up neutron floatingip objects
2019-06-12 08:34:27.575 21660 RALLYDEBUG rally_openstack.cleanup.manager [-] Cleaning up neutron port objects
2019-06-12 08:34:28.598 21660 RALLYDEBUG rally_openstack.cleanup.manager [-] Deleting neutron.port object s_rally_ae926c73_8Bz4cIRd (0558f719-bcd1-44fe-818e-752dabd579b9)
2019-06-12 08:34:28.601 21660 RALLYDEBUG rally_openstack.cleanup.manager [-] Deleting neutron.port object s_rally_ae926c73_jbHebOJz (10ab7a0e-9408-4c7f-bb0d-fc9e05ba68d5)
2019-06-12 08:34:28.603 21660 RALLYDEBUG rally_openstack.cleanup.manager [-] Deleting neutron.port object s_rally_ae926c73_H7dWMG4E (04662c74-95aa-4e3f-a451-a11a5049ca15)
2019-06-12 08:34:28.604 21660 RALLYDEBUG rally_openstack.cleanup.manager [-] Deleting neutron.port object s_rally_ae926c73_wFcVinVK (034a98af-289c-4f1a-bdc1-9761f481cbab)
2019-06-12 08:34:28.603 21660 RALLYDEBUG rally_openstack.cleanup.manager [-] Deleting neutron.port object s_rally_ae926c73_CGVK4tv8 (0ef2af0c-ecba-485b-89ee-0b3ca7a37834)
2019-06-12 08:34:28.602 21660 RALLYDEBUG rally_openstack.cleanup.manager [-] Deleting neutron.port object s_rally_ae926c73_f7pjVSrx (1bb5a7a0-3f76-4309-9257-0e4eaac98317)
2019-06-12 08:34:28.607 21660 RALLYDEBUG rally_openstack.cleanup.manager [-] Deleting neutron.port object s_rally_ae926c73_WYKXGvUQ (0c4413ac-a284-4a93-befd-7be2b506dd7e)
2019-06-12 08:34:28.608 21660 RALLYDEBUG rally_openstack.cleanup.manager [-] Deleting neutron.port object s_rally_ae926c73_DNxdx5dP (05e7416d-e8f6-4e0e-ab95-41dd3092d17b)
2019-06-12 08:34:28.611 21660 RALLYDEBUG rally_openstack.cleanup.manager [-] Deleting neutron.port object s_rally_ae926c73_yZuK3MBn (0712b6a3-fff5-462e-abbb-cf694fc6d91b)
2019-06-12 08:34:28.619 21660 RALLYDEBUG rally_openstack.cleanup.manager [-] Deleting neutron.port object s_rally_ae926c73_kgkJZloo (01b263b7-ad5b-4489-8def-a0d6b058dedd)
2019-06-12 08:34:28.620 21660 RALLYDEBUG rally_openstack.cleanup.manager [-] Deleting neutron.port object s_rally_ae926c73_BMDPUJGc (1669b14d-c710-4835-8686-018ec7b3829a)
2019-06-12 08:34:28.628 21660 RALLYDEBUG rally_openstack.cleanup.manager [-] Deleting neutron.port object s_rally_ae926c73_qiP3FLU5 (11f5f1dd-1bf8-4d74-8eef-bf606c576c25)
2019-06-12 08:34:28.632 21660 RALLYDEBUG rally_openstack.cleanup.manager [-] Deleting neutron.port object s_rally_ae926c73_wzXHEO9I (16f71ecd-a354-46bc-b2ca-695a92b57e4d)
2019-06-12 08:34:28.637 21660 RALLYDEBUG rally_openstack.cleanup.manager [-] Deleting neutron.port object s_rally_ae926c73_V8wDy9bA (04a10dd6-8a49-4d5b-84e6-3b7224ec4a90)
2019-06-12 08:34:28.671 21660 RALLYDEBUG rally_openstack.cleanup.manager [-] Deleting neutron.port object s_rally_ae926c73_aY6l75T8 (0352f4e4-b81b-4ef9-94e5-d1760e2ff3dc)
2019-06-12 08:34:28.680 21660 RALLYDEBUG rally_openstack.cleanup.manager [-] Deleting neutron.port object s_rally_ae926c73_ArgmUHZg (0149088f-1d99-498b-8a58-e29d9ca9b363)
2019-06-12 08:34:28.687 21660 RALLYDEBUG rally_openstack.cleanup.manager [-] Deleting neutron.port object s_rally_ae926c73_pVxQVHyB (07a41c9d-803f-4e2a-ab50-afd6b39c137a)
2019-06-12 08:34:28.688 21660 RALLYDEBUG rally_openstack.cleanup.manager [-] Deleting neutron.port object s_rally_ae926c73_XWZsKLdu (15ce9b28-f8c5-4111-bc39-ae8c10905e35)
2019-06-12 08:34:28.688 21660 RALLYDEBUG rally_openstack.cleanup.manager [-] Deleting neutron.port object s_rally_ae926c73_9YKs2DKh (10b24258-2f59-4ca9-ae4b-af2f9db9ec0c)
2019-06-12 08:34:28.748 21660 RALLYDEBUG rally_openstack.cleanup.manager [-] Deleting neutron.port object s_rally_ae926c73_ec0od2GP (023d4969-0aba-48fa-af5f-90d9216aa5ef)
2019-06-12 08:34:30.871 21660 RALLYDEBUG rally_openstack.cleanup.manager [-] Deleting neutron.port object s_rally_ae926c73_dAbZ3XJl (1f87e610-95a8-4179-86b5-d13e561637d8)
2019-06-12 08:34:31.038 21660 RALLYDEBUG rally_openstack.cleanup.manager [-] Deleting neutron.port object s_rally_ae926c73_saYh0vML (227e4b5a-a76e-4bb4-ad72-cf341ae3c3e8)
2019-06-12 08:34:31.089 21660 RALLYDEBUG rally_openstack.cleanup.manager [-] Deleting neutron.port object s_rally_ae926c73_9biyPZVL (26397d79-6a3d-4899-a9f3-f7cce7e31ae8)
2019-06-12 08:34:31.090 21660 RALLYDEBUG rally_openstack.cleanup.manager [-] Deleting neutron.port object s_rally_ae926c73_DAorO8dd (26c8d036-74c7-45e9-96f1-1fb8585a1c18)
2019-06-12 08:34:31.241 21660 RALLYDEBUG rally_openstack.cleanup.manager [-] Deleting neutron.port object s_rally_ae926c73_rDgPFZUK (26e01b49-fca6-46f2-a5b8-877cfd19f09e)
2019-06-12 08:34:31.276 21660 RALLYDEBUG rally_openstack.cleanup.manager [-] Deleting neutron.port object s_rally_ae926c73_2ASjDIRj (287027bf-214d-4a7c-a659-366df54c3529)
2019-06-12 08:34:31.369 21660 RALLYDEBUG rally_openstack.cleanup.manager [-] Deleting neutron.port object s_rally_ae926c73_T4WMR9u1 (2965f8bc-03ce-4746-8913-68dc5a9f8e41)
2019-06-12 08:34:31.432 21660 RALLYDEBUG rally_openstack.cleanup.manager [-] Deleting neutron.port object s_rally_ae926c73_lcFCvoN6 (2aafbc4f-f955-47cd-a71f-b60ba617fd60)
2019-06-12 08:34:31.449 21660 RALLYDEBUG rally_openstack.cleanup.manager [-] Deleting neutron.port object s_rally_ae926c73_Ep6xbIZt (2ba9066e-600d-46b0-b999-7150becadb4a)
2019-06-12 08:34:31.623 21660 RALLYDEBUG rally_openstack.cleanup.manager [-] Deleting neutron.port object s_rally_ae926c73_MS7MNtJC (2bacdfc0-9731-4f6e-82e7-1011af120c01)
2019-06-12 08:34:31.725 21660 RALLYDEBUG rally_openstack.cleanup.manager [-] Deleting neutron.port object s_rally_ae926c73_bgElXQQT (2bb3d007-39df-4422-bf83-16ae15476199)
2019-06-12 08:34:31.728 21660 RALLYDEBUG rally_openstack.cleanup.manager [-] Deleting neutron.port object s_rally_ae926c73_Cd8FijvK (2e3aed46-a360-4403-946e-d836c052a53f)
2019-06-12 08:34:31.975 21660 RALLYDEBUG rally_openstack.cleanup.manager [-] Deleting neutron.port object s_rally_ae926c73_IQB6G7pA (30f4d30c-f8ee-4472-a8e8-2fc7a06e1941)
2019-06-12 08:34:32.025 21660 RALLYDEBUG rally_openstack.cleanup.manager [-] Deleting neutron.port object s_rally_ae926c73_jo8mEYJo (31c41fb0-54fe-4609-8b13-10a345be3898)
2019-06-12 08:34:32.132 21660 RALLYDEBUG rally_openstack.cleanup.manager [-] Deleting neutron.port object s_rally_ae926c73_RQ72nbvz (33556757-8cce-4387-92c5-1ac86895844c)
2019-06-12 08:34:32.267 21660 RALLYDEBUG rally_openstack.cleanup.manager [-] Deleting neutron.port object s_rally_ae926c73_vUmmFTg9 (360099e7-7b4f-4fed-b9ae-ed04c50d359e)
2019-06-12 08:34:32.381 21660 RALLYDEBUG rally_openstack.cleanup.manager [-] Deleting neutron.port object s_rally_ae926c73_tQCgxTcU (377eed18-7a88-417a-9619-c5e0b4ca4c4a)
2019-06-12 08:34:32.389 21660 RALLYDEBUG rally_openstack.cleanup.manager [-] Deleting neutron.port object s_rally_ae926c73_TDrvWJWM (38350213-03bb-4f80-9a1a-5f61cb21a5a6)
2019-06-12 08:34:32.389 21660 RALLYDEBUG rally_openstack.cleanup.manager [-] Deleting neutron.port object s_rally_ae926c73_94ifVC2K (361b439d-4cc4-459c-ad98-9e5280045871)
2019-06-12 08:34:32.395 21660 RALLYDEBUG rally_openstack.cleanup.manager [-] Deleting neutron.port object s_rally_ae926c73_Ar0QBAmQ (387a8c73-981d-4f8c-a9a9-4a3be684dd21)
2019-06-12 08:34:32.802 21660 RALLYDEBUG rally_openstack.cleanup.manager [-] Deleting neutron.port object s_rally_ae926c73_lZdpeXPu (394f3ad6-93c1-4ed6-a916-c5dd32124ddd)
2019-06-12 08:34:32.919 21660 RALLYDEBUG rally_openstack.cleanup.manager [-] Deleting neutron.port object s_rally_ae926c73_HP4fc4Gk (397fddfb-5606-4d04-8cae-259dd58424c4)
2019-06-12 08:34:32.939 21660 RALLYDEBUG rally_openstack.cleanup.manager [-] Deleting neutron.port object s_rally_ae926c73_IMACkwuv (3d0b98fc-9901-4858-932c-90bd0b82c7fb)
2019-06-12 08:34:33.146 21660 RALLYDEBUG rally_openstack.cleanup.manager [-] Deleting neutron.port object s_rally_ae926c73_Ufjnlg5W (3e3781c2-416f-49af-b28b-3234fd9275f4)
2019-06-12 08:34:33.263 21660 RALLYDEBUG rally_openstack.cleanup.manager [-] Deleting neutron.port object s_rally_ae926c73_JJSRgGBi (3ec67d7d-522a-4e55-b663-d72bd40ae8bf)
2019-06-12 08:34:33.352 21660 RALLYDEBUG rally_openstack.cleanup.manager [-] Deleting neutron.port object s_rally_ae926c73_fZWebDxI (3ee139e1-bc9b-4165-af0d-af0d52c8846e)
2019-06-12 08:34:33.373 21660 RALLYDEBUG rally_openstack.cleanup.manager [-] Deleting neutron.port object s_rally_ae926c73_u5hrFkSJ (3f81a646-cf51-41e4-934f-ddbbaffaf85e)
2019-06-12 08:34:33.388 21660 RALLYDEBUG rally_openstack.cleanup.manager [-] Deleting neutron.port object s_rally_ae926c73_K8gG1839 (445e6b35-5136-4116-9a5f-0ff8636c4e22)
2019-06-12 08:34:33.484 21660 RALLYDEBUG rally_openstack.cleanup.manager [-] Deleting neutron.port object s_rally_ae926c73_Qzd4C2no (44c539e7-31d9-4d88-a0ee-805d7c3eedce)
2019-06-12 08:34:33.835 21660 RALLYDEBUG rally_openstack.cleanup.manager [-] Deleting neutron.port object s_rally_ae926c73_kUvzHn1o (48b4dbef-67a5-4407-a487-ec7c03de43c1)
2019-06-12 08:34:33.905 21660 RALLYDEBUG rally_openstack.cleanup.manager [-] Deleting neutron.port object s_rally_ae926c73_MR9pcV4W (498e408a-70ca-4acb-9c97-bbcc7c339dce)
2019-06-12 08:34:33.921 21660 RALLYDEBUG rally_openstack.cleanup.manager [-] Deleting neutron.port object s_rally_ae926c73_6VQotIjz (49abac92-f291-460a-b85d-f902f2e80ae9)
2019-06-12 08:34:34.077 21660 RALLYDEBUG rally_openstack.cleanup.manager [-] Deleting neutron.port object s_rally_ae926c73_XWf5BOAk (49c51d3d-73b3-45bb-941d-a358f0f34829)
2019-06-12 08:34:34.141 21660 RALLYDEBUG rally_openstack.cleanup.manager [-] Deleting neutron.port object s_rally_ae926c73_2733kgz1 (4a4d2462-fb8a-4906-91f8-05251399bd5d)
2019-06-12 08:34:34.224 21660 RALLYDEBUG rally_openstack.cleanup.manager [-] Deleting neutron.port object s_rally_ae926c73_YZG1DRet (4b3eb265-b749-40b3-b1f3-a55a336d3f97)
2019-06-12 08:34:34.430 21660 RALLYDEBUG rally_openstack.cleanup.manager [-] Deleting neutron.port object s_rally_ae926c73_D5z26Krj (4bd1ded5-f617-47f1-8a09-fe888568d21e)
2019-06-12 08:34:34.431 21660 RALLYDEBUG rally_openstack.cleanup.manager [-] Deleting neutron.port object s_rally_ae926c73_xmmZc71b (4d5a789b-bd14-40ac-a2ba-c7920545064d)
2019-06-12 08:34:34.500 21660 RALLYDEBUG rally_openstack.cleanup.manager [-] Deleting neutron.port object s_rally_ae926c73_yZNckw8D (4e93adae-aa7a-4c90-a07f-50e15ef61f54)
2019-06-12 08:34:34.525 21660 RALLYDEBUG rally_openstack.cleanup.manager [-] Deleting neutron.port object s_rally_ae926c73_23Brxk8W (4fa471f5-f5bb-42da-abec-d4ba31d62a90)
2019-06-12 08:34:34.774 21660 RALLYDEBUG rally_openstack.cleanup.manager [-] Deleting neutron.port object s_rally_ae926c73_ctZmPT1T (4fbdf14f-1a12-4d55-a96b-425151929957)
2019-06-12 08:34:34.797 21660 RALLYDEBUG rally_openstack.cleanup.manager [-] Deleting neutron.port object s_rally_ae926c73_9yQY8vtK (4ffb3a5c-dcf1-41dd-9a0b-573ec8a582a4)
2019-06-12 08:34:34.994 21660 RALLYDEBUG rally_openstack.cleanup.manager [-] Deleting neutron.port object s_rally_ae926c73_SecF87DQ (520e7a55-2e7c-40a4-b53f-5da226ba1919)
2019-06-12 08:34:35.039 21660 RALLYDEBUG rally_openstack.cleanup.manager [-] Deleting neutron.port object s_rally_ae926c73_2x82DKNP (52b8f745-243d-4cd1-9fb9-9cef07e39939)
2019-06-12 08:34:35.323 21660 RALLYDEBUG rally_openstack.cleanup.manager [-] Deleting neutron.port object s_rally_ae926c73_hmvJ14vn (52d5124b-e097-486a-b9a8-4a5390c0ec7e)
2019-06-12 08:34:35.414 21660 RALLYDEBUG rally_openstack.cleanup.manager [-] Deleting neutron.port object s_rally_ae926c73_AQ6bzuF8 (53a96676-dd4a-4d3a-94e1-64f30e10b241)
2019-06-12 08:34:35.446 21660 RALLYDEBUG rally_openstack.cleanup.manager [-] Deleting neutron.port object s_rally_ae926c73_mwAVRLKM (5478bebf-b881-47bb-825b-c662fa101e74)
2019-06-12 08:34:35.492 21660 RALLYDEBUG rally_openstack.cleanup.manager [-] Deleting neutron.port object s_rally_ae926c73_eaYoJOdW (56a9d838-0e70-4b7b-806f-a9eba55d8b6c)
