2019-06-12 06:48:03.689 8 RALLYDEBUG rally.api [-] INFO logs from urllib3 and requests module are hide.
2019-06-12 06:48:03.689 8 RALLYDEBUG rally.api [-] urllib3 insecure warnings are hidden.
2019-06-12 06:48:03.690 8 RALLYDEBUG rally.api [-] ERROR log from boto module is hide.
2019-06-12 06:48:05.196 8 ERROR rally.cli.cliutils [-] Unexpected exception in CLI: DBRecordNotFound: Record for uuid or name is opnfv-rally not found in table envs
2019-06-12 06:48:05.196 8 ERROR rally.cli.cliutils
Traceback (most recent call last):
2019-06-12 06:48:05.196 8 ERROR rally.cli.cliutils
File "/usr/lib/python2.7/site-packages/rally/cli/cliutils.py", line 674, in run
2019-06-12 06:48:05.196 8 ERROR rally.cli.cliutils ret = fn(*fn_args, **fn_kwargs)
2019-06-12 06:48:05.196 8 ERROR rally.cli.cliutils File "", line 2, in destroy
2019-06-12 06:48:05.196 8 ERROR rally.cli.cliutils
File "/usr/lib/python2.7/site-packages/rally/cli/envutils.py", line 69, in default_from_global
2019-06-12 06:48:05.196 8 ERROR rally.cli.cliutils return f(*args, **kwargs)
2019-06-12 06:48:05.196 8 ERROR rally.cli.cliutils File "", line 2, in destroy
2019-06-12 06:48:05.196 8 ERROR rally.cli.cliutils
File "/usr/lib/python2.7/site-packages/rally/plugins/__init__.py", line 51, in ensure_plugins_are_loaded
2019-06-12 06:48:05.196 8 ERROR rally.cli.cliutils return f(*args, **kwargs)
2019-06-12 06:48:05.196 8 ERROR rally.cli.cliutils
File "/usr/lib/python2.7/site-packages/rally/cli/commands/deployment.py", line 140, in destroy
2019-06-12 06:48:05.196 8 ERROR rally.cli.cliutils api.deployment.destroy(deployment=deployment)
2019-06-12 06:48:05.196 8 ERROR rally.cli.cliutils
File "/usr/lib/python2.7/site-packages/rally/api.py", line 115, in destroy
2019-06-12 06:48:05.196 8 ERROR rally.cli.cliutils deploy = objects.Deployment.get(deployment)
2019-06-12 06:48:05.196 8 ERROR rally.cli.cliutils
File "/usr/lib/python2.7/site-packages/rally/common/objects/deploy.py", line 124, in get
2019-06-12 06:48:05.196 8 ERROR rally.cli.cliutils return Deployment(env_mgr.EnvManager.get(deploy))
2019-06-12 06:48:05.196 8 ERROR rally.cli.cliutils
File "/usr/lib/python2.7/site-packages/rally/env/env_mgr.py", line 212, in get
2019-06-12 06:48:05.196 8 ERROR rally.cli.cliutils return cls(db.env_get(uuid_or_name))
2019-06-12 06:48:05.196 8 ERROR rally.cli.cliutils
File "/usr/lib/python2.7/site-packages/rally/common/db/api.py", line 135, in wrapper
2019-06-12 06:48:05.196 8 ERROR rally.cli.cliutils result = f(session, *args, **kwargs)
2019-06-12 06:48:05.196 8 ERROR rally.cli.cliutils
File "/usr/lib/python2.7/site-packages/rally/common/db/api.py", line 521, in env_get
2019-06-12 06:48:05.196 8 ERROR rally.cli.cliutils criteria="uuid or name is %s" % uuid_or_name, table="envs")
2019-06-12 06:48:05.196 8 ERROR rally.cli.cliutils DBRecordNotFound: Record for uuid or name is opnfv-rally not found in table envs
2019-06-12 06:48:05.196 8 ERROR rally.cli.cliutils
2019-06-12 06:48:06.029 10 RALLYDEBUG rally.api [-] INFO logs from urllib3 and requests module are hide.
2019-06-12 06:48:06.029 10 RALLYDEBUG rally.api [-] urllib3 insecure warnings are hidden.
2019-06-12 06:48:06.029 10 RALLYDEBUG rally.api [-] ERROR log from boto module is hide.
2019-06-12 06:48:07.783 10 WARNING rally_openstack.platforms.existing [-] endpoint is deprecated and not used.
2019-06-12 06:48:08.859 12 RALLYDEBUG rally.api [-] INFO logs from urllib3 and requests module are hide.
2019-06-12 06:48:08.859 12 RALLYDEBUG rally.api [-] urllib3 insecure warnings are hidden.
2019-06-12 06:48:08.859 12 RALLYDEBUG rally.api [-] ERROR log from boto module is hide.
2019-06-12 06:48:12.149 15 RALLYDEBUG rally.api [-] INFO logs from urllib3 and requests module are hide.
2019-06-12 06:48:12.149 15 RALLYDEBUG rally.api [-] urllib3 insecure warnings are hidden.
2019-06-12 06:48:12.149 15 RALLYDEBUG rally.api [-] ERROR log from boto module is hide.
2019-06-12 06:48:13.357 17 RALLYDEBUG rally.api [-] INFO logs from urllib3 and requests module are hide.
2019-06-12 06:48:13.357 17 RALLYDEBUG rally.api [-] urllib3 insecure warnings are hidden.
2019-06-12 06:48:13.357 17 RALLYDEBUG rally.api [-] ERROR log from boto module is hide.
2019-06-12 06:48:14.943 17 INFO rally.task.engine [-] Task d37eb300-3746-4b46-ad1f-604d657e046a | Starting: Task validation.
2019-06-12 06:48:14.989 17 INFO rally.task.engine [-] Task d37eb300-3746-4b46-ad1f-604d657e046a | Starting: Task validation of syntax.
2019-06-12 06:48:15.080 17 INFO rally.task.engine [-] Task d37eb300-3746-4b46-ad1f-604d657e046a | Completed: Task validation of syntax.
2019-06-12 06:48:15.080 17 INFO rally.task.engine [-] Task d37eb300-3746-4b46-ad1f-604d657e046a | Starting: Task validation of required platforms.
2019-06-12 06:48:15.123 17 INFO rally.task.engine [-] Task d37eb300-3746-4b46-ad1f-604d657e046a | Completed: Task validation of required platforms.
2019-06-12 06:48:15.123 17 INFO rally.task.engine [-] Task d37eb300-3746-4b46-ad1f-604d657e046a | Starting: Task validation of semantic.
2019-06-12 06:48:15.123 17 INFO rally.task.engine [-] Check health of the environment '18d67d7a-e191-4f63-af88-f25689bb6dc8'.
2019-06-12 06:48:15.713 17 INFO rally.task.engine [-] Platform existing@openstack (available: True): OK!
2019-06-12 06:48:15.728 17 RALLYDEBUG rally_openstack.contexts.keystone.users [-] Creating 1 tenants using 20 threads
2019-06-12 06:48:16.644 17 RALLYDEBUG rally_openstack.contexts.keystone.users [-] Creating 1 users using 20 threads
2019-06-12 06:48:18.043 17 INFO rally.task.context [-] Task d37eb300-3746-4b46-ad1f-604d657e046a | Context users@openstack setup() finished in 2.32 sec
2019-06-12 06:48:18.101 17 INFO rally.task.context [-] Task d37eb300-3746-4b46-ad1f-604d657e046a | Context users@openstack cleanup() started
2019-06-12 06:48:21.107 17 INFO rally.task.context [-] Task d37eb300-3746-4b46-ad1f-604d657e046a | Context users@openstack cleanup() finished in 3.01 sec
2019-06-12 06:48:21.107 17 INFO rally.task.engine [-] Task d37eb300-3746-4b46-ad1f-604d657e046a | Completed: Task validation of semantic.
2019-06-12 06:48:21.108 17 INFO rally.task.engine [-] Task d37eb300-3746-4b46-ad1f-604d657e046a | Completed: Task validation.
2019-06-12 06:48:21.108 17 INFO rally.api [-] Task d37eb300-3746-4b46-ad1f-604d657e046a input file is valid.
2019-06-12 06:48:21.108 17 INFO rally.api [-] Run Task d37eb300-3746-4b46-ad1f-604d657e046a against Deployment 18d67d7a-e191-4f63-af88-f25689bb6dc8
2019-06-12 06:48:21.109 17 INFO rally.task.engine [-] Task d37eb300-3746-4b46-ad1f-604d657e046a | Starting: Running task.
2019-06-12 06:48:21.320 17 INFO rally.task.engine [-] Running workload: position = 0 config = { "version": 2, "title": "A cropped version of a bigger task.", "description": "Auto-generated task from a single workload (uuid=dea3e559-79c5-40fe-9fc9-285e353ce1ef)", "subtasks": [ { "title": "Authenticate.keystone", "description": "Check Keystone Client.", "scenario": { "Authenticate.keystone": {} }, "contexts": { "users": { "tenants": 3, "users_per_tenant": 2 } }, "runner": { "constant": { "concurrency": 4, "times": 10 } }, "hooks": [], "sla": { "failure_rate": { "max": 0 } } } ] }
2019-06-12 06:48:21.340 17 RALLYDEBUG rally_openstack.contexts.keystone.users [-] Creating 3 tenants using 20 threads
2019-06-12 06:48:22.376 17 RALLYDEBUG rally_openstack.contexts.keystone.users [-] Creating 6 users using 20 threads
2019-06-12 06:48:24.015 17 INFO rally.task.context [-] Task d37eb300-3746-4b46-ad1f-604d657e046a | Context users@openstack setup() finished in 2.67 sec
2019-06-12 06:48:24.023 17 RALLYDEBUG rally.task.runner [-] Starting the constant runner (task UUID: d37eb300-3746-4b46-ad1f-604d657e046a). timeout: 0 concurrency: 4 concurrency_per_worker: 1 times: 10 concurrency_overhead: 0 processes_to_start: 4 max_cpu_used: 16
2019-06-12 06:48:24.037 141 RALLYDEBUG rally.task.runner [-] Starting a worker. concurrency: 1 args: {} times: 10 method_name: run timeout: 0 duration: None cls:
2019-06-12 06:48:24.039 142 RALLYDEBUG rally.task.runner [-] Starting a worker. concurrency: 1 args: {} times: 10 method_name: run timeout: 0 duration: None cls:
2019-06-12 06:48:24.042 143 RALLYDEBUG rally.task.runner [-] Starting a worker. concurrency: 1 args: {} times: 10 method_name: run timeout: 0 duration: None cls:
2019-06-12 06:48:24.043 141 INFO rally.task.runner [-] Task d37eb300-3746-4b46-ad1f-604d657e046a | ITER: 1 START
2019-06-12 06:48:24.045 142 INFO rally.task.runner [-] Task d37eb300-3746-4b46-ad1f-604d657e046a | ITER: 2 START
2019-06-12 06:48:24.045 144 RALLYDEBUG rally.task.runner [-] Starting a worker. concurrency: 1 args: {} times: 10 method_name: run timeout: 0 duration: None cls:
2019-06-12 06:48:24.049 143 INFO rally.task.runner [-] Task d37eb300-3746-4b46-ad1f-604d657e046a | ITER: 3 START
2019-06-12 06:48:24.051 144 INFO rally.task.runner [-] Task d37eb300-3746-4b46-ad1f-604d657e046a | ITER: 4 START
2019-06-12 06:48:24.471 143 INFO rally.task.runner [-] Task d37eb300-3746-4b46-ad1f-604d657e046a | ITER: 3 END: OK
2019-06-12 06:48:24.472 144 INFO rally.task.runner [-] Task d37eb300-3746-4b46-ad1f-604d657e046a | ITER: 4 END: OK
2019-06-12 06:48:24.475 143 INFO rally.task.runner [-] Task d37eb300-3746-4b46-ad1f-604d657e046a | ITER: 5 START
2019-06-12 06:48:24.477 144 INFO rally.task.runner [-] Task d37eb300-3746-4b46-ad1f-604d657e046a | ITER: 6 START
2019-06-12 06:48:24.478 142 INFO rally.task.runner [-] Task d37eb300-3746-4b46-ad1f-604d657e046a | ITER: 2 END: OK
2019-06-12 06:48:24.483 142 INFO rally.task.runner [-] Task d37eb300-3746-4b46-ad1f-604d657e046a | ITER: 7 START
2019-06-12 06:48:24.512 141 INFO rally.task.runner [-] Task d37eb300-3746-4b46-ad1f-604d657e046a | ITER: 1 END: OK
2019-06-12 06:48:24.516 141 INFO rally.task.runner [-] Task d37eb300-3746-4b46-ad1f-604d657e046a | ITER: 8 START
2019-06-12 06:48:24.809 143 INFO rally.task.runner [-] Task d37eb300-3746-4b46-ad1f-604d657e046a | ITER: 5 END: OK
2019-06-12 06:48:24.813 143 INFO rally.task.runner [-] Task d37eb300-3746-4b46-ad1f-604d657e046a | ITER: 9 START
2019-06-12 06:48:24.847 141 INFO rally.task.runner [-] Task d37eb300-3746-4b46-ad1f-604d657e046a | ITER: 8 END: OK
2019-06-12 06:48:24.851 141 INFO rally.task.runner [-] Task d37eb300-3746-4b46-ad1f-604d657e046a | ITER: 10 START
2019-06-12 06:48:24.899 144 INFO rally.task.runner [-] Task d37eb300-3746-4b46-ad1f-604d657e046a | ITER: 6 END: OK
2019-06-12 06:48:24.900 142 INFO rally.task.runner [-] Task d37eb300-3746-4b46-ad1f-604d657e046a | ITER: 7 END: OK
2019-06-12 06:48:25.155 143 INFO rally.task.runner [-] Task d37eb300-3746-4b46-ad1f-604d657e046a | ITER: 9 END: OK
2019-06-12 06:48:25.180 141 INFO rally.task.runner [-] Task d37eb300-3746-4b46-ad1f-604d657e046a | ITER: 10 END: OK
2019-06-12 06:48:25.200 17 INFO rally.task.context [-] Task d37eb300-3746-4b46-ad1f-604d657e046a | Context users@openstack cleanup() started
2019-06-12 06:48:30.833 17 INFO rally.task.context [-] Task d37eb300-3746-4b46-ad1f-604d657e046a | Context users@openstack cleanup() finished in 5.63 sec
2019-06-12 06:48:31.412 17 INFO rally.task.engine [-] Load duration is: 1.135302
2019-06-12 06:48:31.412 17 INFO rally.task.engine [-] Full runner duration is: 1.177156
2019-06-12 06:48:31.413 17 INFO rally.task.engine [-] Full duration is: 9.49528
2019-06-12 06:48:31.753 17 INFO rally.task.engine [-] Running workload: position = 0 config = { "version": 2, "title": "A cropped version of a bigger task.", "description": "Auto-generated task from a single workload (uuid=70a11b47-2d88-40c7-8a0f-e920401b5ef4)", "subtasks": [ { "title": "Authenticate.validate_cinder", "description": "Check Cinder Client to ensure validation of token.", "scenario": { "Authenticate.validate_cinder": { "repetitions": 2 } }, "contexts": { "users": { "tenants": 3, "users_per_tenant": 2 } }, "runner": { "constant": { "concurrency": 4, "times": 10 } }, "hooks": [], "sla": { "failure_rate": { "max": 0 } } } ] }
2019-06-12 06:48:31.779 17 RALLYDEBUG rally_openstack.contexts.keystone.users [-] Creating 3 tenants using 20 threads
2019-06-12 06:48:32.790 17 RALLYDEBUG rally_openstack.contexts.keystone.users [-] Creating 6 users using 20 threads
2019-06-12 06:48:34.427 17 INFO rally.task.context [-] Task d37eb300-3746-4b46-ad1f-604d657e046a | Context users@openstack setup() finished in 2.65 sec
2019-06-12 06:48:34.436 17 RALLYDEBUG rally.task.runner [-] Starting the constant runner (task UUID: d37eb300-3746-4b46-ad1f-604d657e046a). timeout: 0 concurrency: 4 concurrency_per_worker: 1 times: 10 concurrency_overhead: 0 processes_to_start: 4 max_cpu_used: 16
2019-06-12 06:48:34.450 245 RALLYDEBUG rally.task.runner [-] Starting a worker. concurrency: 1 args: {"repetitions": 2} times: 10 method_name: run timeout: 0 duration: None cls:
2019-06-12 06:48:34.453 246 RALLYDEBUG rally.task.runner [-] Starting a worker. concurrency: 1 args: {"repetitions": 2} times: 10 method_name: run timeout: 0 duration: None cls:
2019-06-12 06:48:34.456 247 RALLYDEBUG rally.task.runner [-] Starting a worker. concurrency: 1 args: {"repetitions": 2} times: 10 method_name: run timeout: 0 duration: None cls:
2019-06-12 06:48:34.457 245 INFO rally.task.runner [-] Task d37eb300-3746-4b46-ad1f-604d657e046a | ITER: 1 START
2019-06-12 06:48:34.460 248 RALLYDEBUG rally.task.runner [-] Starting a worker. concurrency: 1 args: {"repetitions": 2} times: 10 method_name: run timeout: 0 duration: None cls:
2019-06-12 06:48:34.461 246 INFO rally.task.runner [-] Task d37eb300-3746-4b46-ad1f-604d657e046a | ITER: 2 START
2019-06-12 06:48:34.463 247 INFO rally.task.runner [-] Task d37eb300-3746-4b46-ad1f-604d657e046a | ITER: 3 START
2019-06-12 06:48:34.467 248 INFO rally.task.runner [-] Task d37eb300-3746-4b46-ad1f-604d657e046a | ITER: 4 START
2019-06-12 06:48:35.168 245 INFO rally.task.runner [-] Task d37eb300-3746-4b46-ad1f-604d657e046a | ITER: 1 END: OK
2019-06-12 06:48:35.173 245 INFO rally.task.runner [-] Task d37eb300-3746-4b46-ad1f-604d657e046a | ITER: 5 START
2019-06-12 06:48:35.175 248 INFO rally.task.runner [-] Task d37eb300-3746-4b46-ad1f-604d657e046a | ITER: 4 END: OK
2019-06-12 06:48:35.180 248 INFO rally.task.runner [-] Task d37eb300-3746-4b46-ad1f-604d657e046a | ITER: 6 START
2019-06-12 06:48:35.197 246 INFO rally.task.runner [-] Task d37eb300-3746-4b46-ad1f-604d657e046a | ITER: 2 END: OK
2019-06-12 06:48:35.201 246 INFO rally.task.runner [-] Task d37eb300-3746-4b46-ad1f-604d657e046a | ITER: 7 START
2019-06-12 06:48:35.446 247 INFO rally.task.runner [-] Task d37eb300-3746-4b46-ad1f-604d657e046a | ITER: 3 END: OK
2019-06-12 06:48:35.451 247 INFO rally.task.runner [-] Task d37eb300-3746-4b46-ad1f-604d657e046a | ITER: 8 START
2019-06-12 06:48:35.675 245 INFO rally.task.runner [-] Task d37eb300-3746-4b46-ad1f-604d657e046a | ITER: 5 END: OK
2019-06-12 06:48:35.680 245 INFO rally.task.runner [-] Task d37eb300-3746-4b46-ad1f-604d657e046a | ITER: 9 START
2019-06-12 06:48:35.891 248 INFO rally.task.runner [-] Task d37eb300-3746-4b46-ad1f-604d657e046a | ITER: 6 END: OK
2019-06-12 06:48:35.895 248 INFO rally.task.runner [-] Task d37eb300-3746-4b46-ad1f-604d657e046a | ITER: 10 START
2019-06-12 06:48:35.958 246 INFO rally.task.runner [-] Task d37eb300-3746-4b46-ad1f-604d657e046a | ITER: 7 END: OK
2019-06-12 06:48:36.117 245 INFO rally.task.runner [-] Task d37eb300-3746-4b46-ad1f-604d657e046a | ITER: 9 END: OK
2019-06-12 06:48:36.243 247 INFO rally.task.runner [-] Task d37eb300-3746-4b46-ad1f-604d657e046a | ITER: 8 END: OK
2019-06-12 06:48:36.422 248 INFO rally.task.runner [-] Task d37eb300-3746-4b46-ad1f-604d657e046a | ITER: 10 END: OK
2019-06-12 06:48:36.448 17 INFO rally.task.context [-] Task d37eb300-3746-4b46-ad1f-604d657e046a | Context users@openstack cleanup() started
2019-06-12 06:48:41.419 17 INFO rally.task.context [-] Task d37eb300-3746-4b46-ad1f-604d657e046a | Context users@openstack cleanup() finished in 4.97 sec
2019-06-12 06:48:41.918 17 INFO rally.task.engine [-] Load duration is: 1.962403
2019-06-12 06:48:41.918 17 INFO rally.task.engine [-] Full runner duration is: 2.012406
2019-06-12 06:48:41.919 17 INFO rally.task.engine [-] Full duration is: 9.643119
2019-06-12 06:48:42.274 17 INFO rally.task.engine [-] Running workload: position = 0 config = { "version": 2, "title": "A cropped version of a bigger task.", "description": "Auto-generated task from a single workload (uuid=b3a5b44d-b82c-4578-94b4-ba8205467ed4)", "subtasks": [ { "title": "Authenticate.validate_glance", "description": "Check Glance Client to ensure validation of token.", "scenario": { "Authenticate.validate_glance": { "repetitions": 2 } }, "contexts": { "users": { "tenants": 3, "users_per_tenant": 2 } }, "runner": { "constant": { "concurrency": 4, "times": 10 } }, "hooks": [], "sla": { "failure_rate": { "max": 0 } } } ] }
2019-06-12 06:48:42.299 17 RALLYDEBUG rally_openstack.contexts.keystone.users [-] Creating 3 tenants using 20 threads
2019-06-12 06:48:43.376 17 RALLYDEBUG rally_openstack.contexts.keystone.users [-] Creating 6 users using 20 threads
2019-06-12 06:48:45.149 17 INFO rally.task.context [-] Task d37eb300-3746-4b46-ad1f-604d657e046a | Context users@openstack setup() finished in 2.85 sec
2019-06-12 06:48:45.158 17 RALLYDEBUG rally.task.runner [-] Starting the constant runner (task UUID: d37eb300-3746-4b46-ad1f-604d657e046a). timeout: 0 concurrency: 4 concurrency_per_worker: 1 times: 10 concurrency_overhead: 0 processes_to_start: 4 max_cpu_used: 16
2019-06-12 06:48:45.171 349 RALLYDEBUG rally.task.runner [-] Starting a worker. concurrency: 1 args: {"repetitions": 2} times: 10 method_name: run timeout: 0 duration: None cls:
2019-06-12 06:48:45.174 350 RALLYDEBUG rally.task.runner [-] Starting a worker. concurrency: 1 args: {"repetitions": 2} times: 10 method_name: run timeout: 0 duration: None cls:
2019-06-12 06:48:45.177 351 RALLYDEBUG rally.task.runner [-] Starting a worker. concurrency: 1 args: {"repetitions": 2} times: 10 method_name: run timeout: 0 duration: None cls:
2019-06-12 06:48:45.178 349 INFO rally.task.runner [-] Task d37eb300-3746-4b46-ad1f-604d657e046a | ITER: 1 START
2019-06-12 06:48:45.180 352 RALLYDEBUG rally.task.runner [-] Starting a worker. concurrency: 1 args: {"repetitions": 2} times: 10 method_name: run timeout: 0 duration: None cls:
2019-06-12 06:48:45.181 350 INFO rally.task.runner [-] Task d37eb300-3746-4b46-ad1f-604d657e046a | ITER: 2 START
2019-06-12 06:48:45.183 351 INFO rally.task.runner [-] Task d37eb300-3746-4b46-ad1f-604d657e046a | ITER: 3 START
2019-06-12 06:48:45.187 352 INFO rally.task.runner [-] Task d37eb300-3746-4b46-ad1f-604d657e046a | ITER: 4 START
2019-06-12 06:48:46.026 350 INFO rally.task.runner [-] Task d37eb300-3746-4b46-ad1f-604d657e046a | ITER: 2 END: OK
2019-06-12 06:48:46.032 350 INFO rally.task.runner [-] Task d37eb300-3746-4b46-ad1f-604d657e046a | ITER: 5 START
2019-06-12 06:48:46.042 351 INFO rally.task.runner [-] Task d37eb300-3746-4b46-ad1f-604d657e046a | ITER: 3 END: OK
2019-06-12 06:48:46.047 351 INFO rally.task.runner [-] Task d37eb300-3746-4b46-ad1f-604d657e046a | ITER: 6 START
2019-06-12 06:48:46.048 349 INFO rally.task.runner [-] Task d37eb300-3746-4b46-ad1f-604d657e046a | ITER: 1 END: OK
2019-06-12 06:48:46.052 349 INFO rally.task.runner [-] Task d37eb300-3746-4b46-ad1f-604d657e046a | ITER: 7 START
2019-06-12 06:48:46.230 352 INFO rally.task.runner [-] Task d37eb300-3746-4b46-ad1f-604d657e046a | ITER: 4 END: OK
2019-06-12 06:48:46.236 352 INFO rally.task.runner [-] Task d37eb300-3746-4b46-ad1f-604d657e046a | ITER: 8 START
2019-06-12 06:48:46.554 349 INFO rally.task.runner [-] Task d37eb300-3746-4b46-ad1f-604d657e046a | ITER: 7 END: OK
2019-06-12 06:48:46.559 349 INFO rally.task.runner [-] Task d37eb300-3746-4b46-ad1f-604d657e046a | ITER: 9 START
2019-06-12 06:48:46.648 351 INFO rally.task.runner [-] Task d37eb300-3746-4b46-ad1f-604d657e046a | ITER: 6 END: OK
2019-06-12 06:48:46.652 351 INFO rally.task.runner [-] Task d37eb300-3746-4b46-ad1f-604d657e046a | ITER: 10 START
2019-06-12 06:48:46.684 350 INFO rally.task.runner [-] Task d37eb300-3746-4b46-ad1f-604d657e046a | ITER: 5 END: OK
2019-06-12 06:48:46.735 352 INFO rally.task.runner [-] Task d37eb300-3746-4b46-ad1f-604d657e046a | ITER: 8 END: OK
2019-06-12 06:48:47.158 349 INFO rally.task.runner [-] Task d37eb300-3746-4b46-ad1f-604d657e046a | ITER: 9 END: OK
2019-06-12 06:48:47.378 351 INFO rally.task.runner [-] Task d37eb300-3746-4b46-ad1f-604d657e046a | ITER: 10 END: OK
2019-06-12 06:48:47.406 17 INFO rally.task.context [-] Task d37eb300-3746-4b46-ad1f-604d657e046a | Context users@openstack cleanup() started
2019-06-12 06:48:52.291 17 INFO rally.task.context [-] Task d37eb300-3746-4b46-ad1f-604d657e046a | Context users@openstack cleanup() finished in 4.88 sec
2019-06-12 06:48:52.372 17 INFO rally.task.engine [-] Load duration is: 2.198071
2019-06-12 06:48:52.372 17 INFO rally.task.engine [-] Full runner duration is: 2.249033
2019-06-12 06:48:52.372 17 INFO rally.task.engine [-] Full duration is: 9.995121
2019-06-12 06:48:52.806 17 INFO rally.task.engine [-] Running workload: position = 0 config = { "version": 2, "title": "A cropped version of a bigger task.", "description": "Auto-generated task from a single workload (uuid=d91ac2c0-b798-4dcc-82de-3afce9d19535)", "subtasks": [ { "title": "Authenticate.validate_heat", "description": "Check Heat Client to ensure validation of token.", "scenario": { "Authenticate.validate_heat": { "repetitions": 2 } }, "contexts": { "users": { "tenants": 3, "users_per_tenant": 2 } }, "runner": { "constant": { "concurrency": 4, "times": 10 } }, "hooks": [], "sla": { "failure_rate": { "max": 0 } } } ] }
2019-06-12 06:48:52.833 17 RALLYDEBUG rally_openstack.contexts.keystone.users [-] Creating 3 tenants using 20 threads
2019-06-12 06:48:53.962 17 RALLYDEBUG rally_openstack.contexts.keystone.users [-] Creating 6 users using 20 threads
2019-06-12 06:48:55.681 17 INFO rally.task.context [-] Task d37eb300-3746-4b46-ad1f-604d657e046a | Context users@openstack setup() finished in 2.85 sec
2019-06-12 06:48:55.690 17 RALLYDEBUG rally.task.runner [-] Starting the constant runner (task UUID: d37eb300-3746-4b46-ad1f-604d657e046a). timeout: 0 concurrency: 4 concurrency_per_worker: 1 times: 10 concurrency_overhead: 0 processes_to_start: 4 max_cpu_used: 16
2019-06-12 06:48:55.704 453 RALLYDEBUG rally.task.runner [-] Starting a worker. concurrency: 1 args: {"repetitions": 2} times: 10 method_name: run timeout: 0 duration: None cls:
2019-06-12 06:48:55.707 454 RALLYDEBUG rally.task.runner [-] Starting a worker. concurrency: 1 args: {"repetitions": 2} times: 10 method_name: run timeout: 0 duration: None cls:
2019-06-12 06:48:55.711 455 RALLYDEBUG rally.task.runner [-] Starting a worker. concurrency: 1 args: {"repetitions": 2} times: 10 method_name: run timeout: 0 duration: None cls:
2019-06-12 06:48:55.712 453 INFO rally.task.runner [-] Task d37eb300-3746-4b46-ad1f-604d657e046a | ITER: 1 START
2019-06-12 06:48:55.714 454 INFO rally.task.runner [-] Task d37eb300-3746-4b46-ad1f-604d657e046a | ITER: 2 START
2019-06-12 06:48:55.713 456 RALLYDEBUG rally.task.runner [-] Starting a worker. concurrency: 1 args: {"repetitions": 2} times: 10 method_name: run timeout: 0 duration: None cls:
2019-06-12 06:48:55.718 455 INFO rally.task.runner [-] Task d37eb300-3746-4b46-ad1f-604d657e046a | ITER: 3 START
2019-06-12 06:48:55.721 456 INFO rally.task.runner [-] Task d37eb300-3746-4b46-ad1f-604d657e046a | ITER: 4 START
2019-06-12 06:48:56.717 454 INFO rally.task.runner [-] Task d37eb300-3746-4b46-ad1f-604d657e046a | ITER: 2 END: OK
2019-06-12 06:48:56.717 453 INFO rally.task.runner [-] Task d37eb300-3746-4b46-ad1f-604d657e046a | ITER: 1 END: OK
2019-06-12 06:48:56.721 453 INFO rally.task.runner [-] Task d37eb300-3746-4b46-ad1f-604d657e046a | ITER: 5 START
2019-06-12 06:48:56.722 454 INFO rally.task.runner [-] Task d37eb300-3746-4b46-ad1f-604d657e046a | ITER: 6 START
2019-06-12 06:48:56.780 456 INFO rally.task.runner [-] Task d37eb300-3746-4b46-ad1f-604d657e046a | ITER: 4 END: OK
2019-06-12 06:48:56.785 456 INFO rally.task.runner [-] Task d37eb300-3746-4b46-ad1f-604d657e046a | ITER: 7 START
2019-06-12 06:48:56.872 455 INFO rally.task.runner [-] Task d37eb300-3746-4b46-ad1f-604d657e046a | ITER: 3 END: OK
2019-06-12 06:48:56.877 455 INFO rally.task.runner [-] Task d37eb300-3746-4b46-ad1f-604d657e046a | ITER: 8 START
2019-06-12 06:48:57.429 456 INFO rally.task.runner [-] Task d37eb300-3746-4b46-ad1f-604d657e046a | ITER: 7 END: OK
2019-06-12 06:48:57.433 456 INFO rally.task.runner [-] Task d37eb300-3746-4b46-ad1f-604d657e046a | ITER: 9 START
2019-06-12 06:48:57.484 453 INFO rally.task.runner [-] Task d37eb300-3746-4b46-ad1f-604d657e046a | ITER: 5 END: OK
2019-06-12 06:48:57.489 453 INFO rally.task.runner [-] Task d37eb300-3746-4b46-ad1f-604d657e046a | ITER: 10 START
2019-06-12 06:48:57.549 455 INFO rally.task.runner [-] Task d37eb300-3746-4b46-ad1f-604d657e046a | ITER: 8 END: OK
2019-06-12 06:48:57.551 454 INFO rally.task.runner [-] Task d37eb300-3746-4b46-ad1f-604d657e046a | ITER: 6 END: OK
2019-06-12 06:48:58.276 456 INFO rally.task.runner [-] Task d37eb300-3746-4b46-ad1f-604d657e046a | ITER: 9 END: OK
2019-06-12 06:48:58.368 453 INFO rally.task.runner [-] Task d37eb300-3746-4b46-ad1f-604d657e046a | ITER: 10 END: OK
2019-06-12 06:48:58.397 17 INFO rally.task.context [-] Task d37eb300-3746-4b46-ad1f-604d657e046a | Context users@openstack cleanup() started
2019-06-12 06:49:03.644 17 INFO rally.task.context [-] Task d37eb300-3746-4b46-ad1f-604d657e046a | Context users@openstack cleanup() finished in 5.25 sec
2019-06-12 06:49:04.915 17 INFO rally.task.engine [-] Load duration is: 2.654718
2019-06-12 06:49:04.916 17 INFO rally.task.engine [-] Full runner duration is: 2.707265
2019-06-12 06:49:04.916 17 INFO rally.task.engine [-] Full duration is: 10.815345
2019-06-12 06:49:05.417 17 INFO rally.task.engine [-] Running workload: position = 0 config = { "version": 2, "title": "A cropped version of a bigger task.", "description": "Auto-generated task from a single workload (uuid=71af51ec-23bf-4a95-a68a-2af99f43ac85)", "subtasks": [ { "title": "Authenticate.validate_neutron", "description": "Check Neutron Client to ensure validation of token.", "scenario": { "Authenticate.validate_neutron": { "repetitions": 2 } }, "contexts": { "users": { "tenants": 3, "users_per_tenant": 2 } }, "runner": { "constant": { "concurrency": 4, "times": 10 } }, "hooks": [], "sla": { "failure_rate": { "max": 0 } } } ] }
2019-06-12 06:49:05.443 17 RALLYDEBUG rally_openstack.contexts.keystone.users [-] Creating 3 tenants using 20 threads
2019-06-12 06:49:06.554 17 RALLYDEBUG rally_openstack.contexts.keystone.users [-] Creating 6 users using 20 threads
2019-06-12 06:49:08.158 17 INFO rally.task.context [-] Task d37eb300-3746-4b46-ad1f-604d657e046a | Context users@openstack setup() finished in 2.72 sec
2019-06-12 06:49:08.166 17 RALLYDEBUG rally.task.runner [-] Starting the constant runner (task UUID: d37eb300-3746-4b46-ad1f-604d657e046a). timeout: 0 concurrency: 4 concurrency_per_worker: 1 times: 10 concurrency_overhead: 0 processes_to_start: 4 max_cpu_used: 16
2019-06-12 06:49:08.179 557 RALLYDEBUG rally.task.runner [-] Starting a worker. concurrency: 1 args: {"repetitions": 2} times: 10 method_name: run timeout: 0 duration: None cls:
2019-06-12 06:49:08.181 558 RALLYDEBUG rally.task.runner [-] Starting a worker. concurrency: 1 args: {"repetitions": 2} times: 10 method_name: run timeout: 0 duration: None cls:
2019-06-12 06:49:08.184 559 RALLYDEBUG rally.task.runner [-] Starting a worker. concurrency: 1 args: {"repetitions": 2} times: 10 method_name: run timeout: 0 duration: None cls:
2019-06-12 06:49:08.186 557 INFO rally.task.runner [-] Task d37eb300-3746-4b46-ad1f-604d657e046a | ITER: 1 START
2019-06-12 06:49:08.187 560 RALLYDEBUG rally.task.runner [-] Starting a worker. concurrency: 1 args: {"repetitions": 2} times: 10 method_name: run timeout: 0 duration: None cls:
2019-06-12 06:49:08.189 558 INFO rally.task.runner [-] Task d37eb300-3746-4b46-ad1f-604d657e046a | ITER: 2 START
2019-06-12 06:49:08.191 559 INFO rally.task.runner [-] Task d37eb300-3746-4b46-ad1f-604d657e046a | ITER: 3 START
2019-06-12 06:49:08.194 560 INFO rally.task.runner [-] Task d37eb300-3746-4b46-ad1f-604d657e046a | ITER: 4 START
2019-06-12 06:49:08.886 558 INFO rally.task.runner [-] Task d37eb300-3746-4b46-ad1f-604d657e046a | ITER: 2 END: OK
2019-06-12 06:49:08.891 558 INFO rally.task.runner [-] Task d37eb300-3746-4b46-ad1f-604d657e046a | ITER: 5 START
2019-06-12 06:49:08.981 560 INFO rally.task.runner [-] Task d37eb300-3746-4b46-ad1f-604d657e046a | ITER: 4 END: OK
2019-06-12 06:49:08.985 560 INFO rally.task.runner [-] Task d37eb300-3746-4b46-ad1f-604d657e046a | ITER: 6 START
2019-06-12 06:49:09.039 559 INFO rally.task.runner [-] Task d37eb300-3746-4b46-ad1f-604d657e046a | ITER: 3 END: OK
2019-06-12 06:49:09.042 557 INFO rally.task.runner [-] Task d37eb300-3746-4b46-ad1f-604d657e046a | ITER: 1 END: OK
2019-06-12 06:49:09.044 559 INFO rally.task.runner [-] Task d37eb300-3746-4b46-ad1f-604d657e046a | ITER: 7 START
2019-06-12 06:49:09.047 557 INFO rally.task.runner [-] Task d37eb300-3746-4b46-ad1f-604d657e046a | ITER: 8 START
2019-06-12 06:49:09.614 558 INFO rally.task.runner [-] Task d37eb300-3746-4b46-ad1f-604d657e046a | ITER: 5 END: OK
2019-06-12 06:49:09.618 558 INFO rally.task.runner [-] Task d37eb300-3746-4b46-ad1f-604d657e046a | ITER: 9 START
2019-06-12 06:49:09.679 559 INFO rally.task.runner [-] Task d37eb300-3746-4b46-ad1f-604d657e046a | ITER: 7 END: OK
2019-06-12 06:49:09.683 559 INFO rally.task.runner [-] Task d37eb300-3746-4b46-ad1f-604d657e046a | ITER: 10 START
2019-06-12 06:49:09.750 557 INFO rally.task.runner [-] Task d37eb300-3746-4b46-ad1f-604d657e046a | ITER: 8 END: OK
2019-06-12 06:49:09.932 560 INFO rally.task.runner [-] Task d37eb300-3746-4b46-ad1f-604d657e046a | ITER: 6 END: OK
2019-06-12 06:49:10.228 558 INFO rally.task.runner [-] Task d37eb300-3746-4b46-ad1f-604d657e046a | ITER: 9 END: OK
2019-06-12 06:49:10.547 559 INFO rally.task.runner [-] Task d37eb300-3746-4b46-ad1f-604d657e046a | ITER: 10 END: OK
2019-06-12 06:49:10.573 17 INFO rally.task.context [-] Task d37eb300-3746-4b46-ad1f-604d657e046a | Context users@openstack cleanup() started
2019-06-12 06:49:15.505 17 INFO rally.task.context [-] Task d37eb300-3746-4b46-ad1f-604d657e046a | Context users@openstack cleanup() finished in 4.93 sec
2019-06-12 06:49:15.575 17 INFO rally.task.engine [-] Load duration is: 2.358774
2019-06-12 06:49:15.576 17 INFO rally.task.engine [-] Full runner duration is: 2.40679
2019-06-12 06:49:15.576 17 INFO rally.task.engine [-] Full duration is: 10.065464
2019-06-12 06:49:16.072 17 INFO rally.task.engine [-] Running workload: position = 0 config = { "version": 2, "title": "A cropped version of a bigger task.", "description": "Auto-generated task from a single workload (uuid=9489c256-fa20-4fe2-969c-53d5d83a2ab3)", "subtasks": [ { "title": "Authenticate.validate_nova", "description": "Check Nova Client to ensure validation of token.", "scenario": { "Authenticate.validate_nova": { "repetitions": 2 } }, "contexts": { "users": { "tenants": 3, "users_per_tenant": 2 } }, "runner": { "constant": { "concurrency": 4, "times": 10 } }, "hooks": [], "sla": { "failure_rate": { "max": 0 } } } ] }
2019-06-12 06:49:16.107 17 RALLYDEBUG rally_openstack.contexts.keystone.users [-] Creating 3 tenants using 20 threads
2019-06-12 06:49:17.148 17 RALLYDEBUG rally_openstack.contexts.keystone.users [-] Creating 6 users using 20 threads
2019-06-12 06:49:18.847 17 INFO rally.task.context [-] Task d37eb300-3746-4b46-ad1f-604d657e046a | Context users@openstack setup() finished in 2.74 sec
2019-06-12 06:49:18.856 17 RALLYDEBUG rally.task.runner [-] Starting the constant runner (task UUID: d37eb300-3746-4b46-ad1f-604d657e046a). timeout: 0 concurrency: 4 concurrency_per_worker: 1 times: 10 concurrency_overhead: 0 processes_to_start: 4 max_cpu_used: 16
2019-06-12 06:49:18.870 661 RALLYDEBUG rally.task.runner [-] Starting a worker. concurrency: 1 args: {"repetitions": 2} times: 10 method_name: run timeout: 0 duration: None cls:
2019-06-12 06:49:18.873 662 RALLYDEBUG rally.task.runner [-] Starting a worker. concurrency: 1 args: {"repetitions": 2} times: 10 method_name: run timeout: 0 duration: None cls:
2019-06-12 06:49:18.875 663 RALLYDEBUG rally.task.runner [-] Starting a worker. concurrency: 1 args: {"repetitions": 2} times: 10 method_name: run timeout: 0 duration: None cls:
2019-06-12 06:49:18.878 661 INFO rally.task.runner [-] Task d37eb300-3746-4b46-ad1f-604d657e046a | ITER: 1 START
2019-06-12 06:49:18.879 664 RALLYDEBUG rally.task.runner [-] Starting a worker. concurrency: 1 args: {"repetitions": 2} times: 10 method_name: run timeout: 0 duration: None cls:
2019-06-12 06:49:18.880 662 INFO rally.task.runner [-] Task d37eb300-3746-4b46-ad1f-604d657e046a | ITER: 2 START
2019-06-12 06:49:18.882 663 INFO rally.task.runner [-] Task d37eb300-3746-4b46-ad1f-604d657e046a | ITER: 3 START
2019-06-12 06:49:18.886 664 INFO rally.task.runner [-] Task d37eb300-3746-4b46-ad1f-604d657e046a | ITER: 4 START
2019-06-12 06:49:19.361 663 DEBUG novaclient.v2.client [-] REQ: curl -g -i --cacert "/etc/ssl/certs/mcp_os_cacert" -X GET http://10.167.4.35:8774/v2.1/flavors/detail -H "Accept: application/json" -H "User-Agent: python-novaclient" -H "X-Auth-Token: {SHA1}08d9beed5762f91e9f7615e2a1bb11c4613e3337" _http_log_request /usr/lib/python2.7/site-packages/keystoneauth1/session.py:448
2019-06-12 06:49:19.361 661 DEBUG novaclient.v2.client [-] REQ: curl -g -i --cacert "/etc/ssl/certs/mcp_os_cacert" -X GET http://10.167.4.35:8774/v2.1/flavors/detail -H "Accept: application/json" -H "User-Agent: python-novaclient" -H "X-Auth-Token: {SHA1}9f4f85f71eadf51e1b7044fbcda4ec0647c31026" _http_log_request /usr/lib/python2.7/site-packages/keystoneauth1/session.py:448
2019-06-12 06:49:19.362 662 DEBUG novaclient.v2.client [-] REQ: curl -g -i --cacert "/etc/ssl/certs/mcp_os_cacert" -X GET http://10.167.4.35:8774/v2.1/flavors/detail -H "Accept: application/json" -H "User-Agent: python-novaclient" -H "X-Auth-Token: {SHA1}4cd8aa65b3ab4ddfba87b6eec07e0955e8521686" _http_log_request /usr/lib/python2.7/site-packages/keystoneauth1/session.py:448
2019-06-12 06:49:19.362 664 DEBUG novaclient.v2.client [-] REQ: curl -g -i --cacert "/etc/ssl/certs/mcp_os_cacert" -X GET http://10.167.4.35:8774/v2.1/flavors/detail -H "Accept: application/json" -H "User-Agent: python-novaclient" -H "X-Auth-Token: {SHA1}4346bd96fe4c0d7800cc958ef7949cd9e5ca145c" _http_log_request /usr/lib/python2.7/site-packages/keystoneauth1/session.py:448
2019-06-12 06:49:19.537 661 DEBUG novaclient.v2.client [-] RESP: [200] Connection: close Content-Length: 1014 Content-Type: application/json Date: Wed, 12 Jun 2019 06:49:19 GMT Openstack-Api-Version: compute 2.1 Vary: OpenStack-API-Version, X-OpenStack-Nova-API-Version X-Compute-Request-Id: req-e18fe69c-2539-4f7a-ab8b-0bdcf3b7d05a X-Openstack-Nova-Api-Version: 2.1 X-Openstack-Request-Id: req-e18fe69c-2539-4f7a-ab8b-0bdcf3b7d05a _http_log_response /usr/lib/python2.7/site-packages/keystoneauth1/session.py:479
2019-06-12 06:49:19.538 661 DEBUG novaclient.v2.client [-] RESP BODY: {"flavors": [{"name": "rally_full-flavor_alt_9128a7d1-09c3-4323-8db4-5dbfafa3f673", "links": [{"href": "http://10.167.4.35:8774/v2.1/flavors/e05b98de-125a-44f3-a163-1704114c19aa", "rel": "self"}, {"href": "http://10.167.4.35:8774/flavors/e05b98de-125a-44f3-a163-1704114c19aa", "rel": "bookmark"}], "ram": 1024, "OS-FLV-DISABLED:disabled": false, "vcpus": 1, "swap": "", "os-flavor-access:is_public": true, "rxtx_factor": 1.0, "OS-FLV-EXT-DATA:ephemeral": 0, "disk": 1, "id": "e05b98de-125a-44f3-a163-1704114c19aa"}, {"name": "rally_full-flavor_9128a7d1-09c3-4323-8db4-5dbfafa3f673", "links": [{"href": "http://10.167.4.35:8774/v2.1/flavors/f100ef88-2dc6-4cdf-a415-7a34b0769720", "rel": "self"}, {"href": "http://10.167.4.35:8774/flavors/f100ef88-2dc6-4cdf-a415-7a34b0769720", "rel": "bookmark"}], "ram": 512, "OS-FLV-DISABLED:disabled": false, "vcpus": 1, "swap": "", "os-flavor-access:is_public": true, "rxtx_factor": 1.0, "OS-FLV-EXT-DATA:ephemeral": 0, "disk": 1, "id": "f100ef88-2dc6-4cdf-a415-7a34b0769720"}]} _http_log_response /usr/lib/python2.7/site-packages/keystoneauth1/session.py:511
2019-06-12 06:49:19.539 661 DEBUG novaclient.v2.client [-] GET call to compute for http://10.167.4.35:8774/v2.1/flavors/detail used request id req-e18fe69c-2539-4f7a-ab8b-0bdcf3b7d05a request /usr/lib/python2.7/site-packages/keystoneauth1/session.py:844
2019-06-12 06:49:19.541 661 DEBUG novaclient.v2.client [-] REQ: curl -g -i --cacert "/etc/ssl/certs/mcp_os_cacert" -X GET http://10.167.4.35:8774/v2.1/flavors/detail -H "Accept: application/json" -H "User-Agent: python-novaclient" -H "X-Auth-Token: {SHA1}9f4f85f71eadf51e1b7044fbcda4ec0647c31026" _http_log_request /usr/lib/python2.7/site-packages/keystoneauth1/session.py:448
2019-06-12 06:49:19.545 664 DEBUG novaclient.v2.client [-] RESP: [200] Connection: close Content-Length: 1014 Content-Type: application/json Date: Wed, 12 Jun 2019 06:49:19 GMT Openstack-Api-Version: compute 2.1 Vary: OpenStack-API-Version, X-OpenStack-Nova-API-Version X-Compute-Request-Id: req-1fc5976c-8313-4df3-a918-e5ca54f47299 X-Openstack-Nova-Api-Version: 2.1 X-Openstack-Request-Id: req-1fc5976c-8313-4df3-a918-e5ca54f47299 _http_log_response /usr/lib/python2.7/site-packages/keystoneauth1/session.py:479
2019-06-12 06:49:19.546 664 DEBUG novaclient.v2.client [-] RESP BODY: {"flavors": [{"name": "rally_full-flavor_alt_9128a7d1-09c3-4323-8db4-5dbfafa3f673", "links": [{"href": "http://10.167.4.35:8774/v2.1/flavors/e05b98de-125a-44f3-a163-1704114c19aa", "rel": "self"}, {"href": "http://10.167.4.35:8774/flavors/e05b98de-125a-44f3-a163-1704114c19aa", "rel": "bookmark"}], "ram": 1024, "OS-FLV-DISABLED:disabled": false, "vcpus": 1, "swap": "", "os-flavor-access:is_public": true, "rxtx_factor": 1.0, "OS-FLV-EXT-DATA:ephemeral": 0, "disk": 1, "id": "e05b98de-125a-44f3-a163-1704114c19aa"}, {"name": "rally_full-flavor_9128a7d1-09c3-4323-8db4-5dbfafa3f673", "links": [{"href": "http://10.167.4.35:8774/v2.1/flavors/f100ef88-2dc6-4cdf-a415-7a34b0769720", "rel": "self"}, {"href": "http://10.167.4.35:8774/flavors/f100ef88-2dc6-4cdf-a415-7a34b0769720", "rel": "bookmark"}], "ram": 512, "OS-FLV-DISABLED:disabled": false, "vcpus": 1, "swap": "", "os-flavor-access:is_public": true, "rxtx_factor": 1.0, "OS-FLV-EXT-DATA:ephemeral": 0, "disk": 1, "id": "f100ef88-2dc6-4cdf-a415-7a34b0769720"}]} _http_log_response /usr/lib/python2.7/site-packages/keystoneauth1/session.py:511
2019-06-12 06:49:19.546 664 DEBUG novaclient.v2.client [-] GET call to compute for http://10.167.4.35:8774/v2.1/flavors/detail used request id req-1fc5976c-8313-4df3-a918-e5ca54f47299 request /usr/lib/python2.7/site-packages/keystoneauth1/session.py:844
2019-06-12 06:49:19.548 664 DEBUG novaclient.v2.client [-] REQ: curl -g -i --cacert "/etc/ssl/certs/mcp_os_cacert" -X GET http://10.167.4.35:8774/v2.1/flavors/detail -H "Accept: application/json" -H "User-Agent: python-novaclient" -H "X-Auth-Token: {SHA1}4346bd96fe4c0d7800cc958ef7949cd9e5ca145c" _http_log_request /usr/lib/python2.7/site-packages/keystoneauth1/session.py:448
2019-06-12 06:49:19.553 663 DEBUG novaclient.v2.client [-] RESP: [200] Connection: close Content-Length: 1014 Content-Type: application/json Date: Wed, 12 Jun 2019 06:49:19 GMT Openstack-Api-Version: compute 2.1 Vary: OpenStack-API-Version, X-OpenStack-Nova-API-Version X-Compute-Request-Id: req-63958f0f-ed10-47c0-b7ed-aaf469957261 X-Openstack-Nova-Api-Version: 2.1 X-Openstack-Request-Id: req-63958f0f-ed10-47c0-b7ed-aaf469957261 _http_log_response /usr/lib/python2.7/site-packages/keystoneauth1/session.py:479
2019-06-12 06:49:19.554 663 DEBUG novaclient.v2.client [-] RESP BODY: {"flavors": [{"name": "rally_full-flavor_alt_9128a7d1-09c3-4323-8db4-5dbfafa3f673", "links": [{"href": "http://10.167.4.35:8774/v2.1/flavors/e05b98de-125a-44f3-a163-1704114c19aa", "rel": "self"}, {"href": "http://10.167.4.35:8774/flavors/e05b98de-125a-44f3-a163-1704114c19aa", "rel": "bookmark"}], "ram": 1024, "OS-FLV-DISABLED:disabled": false, "vcpus": 1, "swap": "", "os-flavor-access:is_public": true, "rxtx_factor": 1.0, "OS-FLV-EXT-DATA:ephemeral": 0, "disk": 1, "id": "e05b98de-125a-44f3-a163-1704114c19aa"}, {"name": "rally_full-flavor_9128a7d1-09c3-4323-8db4-5dbfafa3f673", "links": [{"href": "http://10.167.4.35:8774/v2.1/flavors/f100ef88-2dc6-4cdf-a415-7a34b0769720", "rel": "self"}, {"href": "http://10.167.4.35:8774/flavors/f100ef88-2dc6-4cdf-a415-7a34b0769720", "rel": "bookmark"}], "ram": 512, "OS-FLV-DISABLED:disabled": false, "vcpus": 1, "swap": "", "os-flavor-access:is_public": true, "rxtx_factor": 1.0, "OS-FLV-EXT-DATA:ephemeral": 0, "disk": 1, "id": "f100ef88-2dc6-4cdf-a415-7a34b0769720"}]} _http_log_response /usr/lib/python2.7/site-packages/keystoneauth1/session.py:511
2019-06-12 06:49:19.554 663 DEBUG novaclient.v2.client [-] GET call to compute for http://10.167.4.35:8774/v2.1/flavors/detail used request id req-63958f0f-ed10-47c0-b7ed-aaf469957261 request /usr/lib/python2.7/site-packages/keystoneauth1/session.py:844
2019-06-12 06:49:19.555 663 DEBUG novaclient.v2.client [-] REQ: curl -g -i --cacert "/etc/ssl/certs/mcp_os_cacert" -X GET http://10.167.4.35:8774/v2.1/flavors/detail -H "Accept: application/json" -H "User-Agent: python-novaclient" -H "X-Auth-Token: {SHA1}08d9beed5762f91e9f7615e2a1bb11c4613e3337" _http_log_request /usr/lib/python2.7/site-packages/keystoneauth1/session.py:448
2019-06-12 06:49:19.565 661 DEBUG novaclient.v2.client [-] RESP: [200] Connection: close Content-Length: 1014 Content-Type: application/json Date: Wed, 12 Jun 2019 06:49:19 GMT Openstack-Api-Version: compute 2.1 Vary: OpenStack-API-Version, X-OpenStack-Nova-API-Version X-Compute-Request-Id: req-f7a20810-6daf-4720-9d39-59ce120e9504 X-Openstack-Nova-Api-Version: 2.1 X-Openstack-Request-Id: req-f7a20810-6daf-4720-9d39-59ce120e9504 _http_log_response /usr/lib/python2.7/site-packages/keystoneauth1/session.py:479
2019-06-12 06:49:19.565 661 DEBUG novaclient.v2.client [-] RESP BODY: {"flavors": [{"name": "rally_full-flavor_alt_9128a7d1-09c3-4323-8db4-5dbfafa3f673", "links": [{"href": "http://10.167.4.35:8774/v2.1/flavors/e05b98de-125a-44f3-a163-1704114c19aa", "rel": "self"}, {"href": "http://10.167.4.35:8774/flavors/e05b98de-125a-44f3-a163-1704114c19aa", "rel": "bookmark"}], "ram": 1024, "OS-FLV-DISABLED:disabled": false, "vcpus": 1, "swap": "", "os-flavor-access:is_public": true, "rxtx_factor": 1.0, "OS-FLV-EXT-DATA:ephemeral": 0, "disk": 1, "id": "e05b98de-125a-44f3-a163-1704114c19aa"}, {"name": "rally_full-flavor_9128a7d1-09c3-4323-8db4-5dbfafa3f673", "links": [{"href": "http://10.167.4.35:8774/v2.1/flavors/f100ef88-2dc6-4cdf-a415-7a34b0769720", "rel": "self"}, {"href": "http://10.167.4.35:8774/flavors/f100ef88-2dc6-4cdf-a415-7a34b0769720", "rel": "bookmark"}], "ram": 512, "OS-FLV-DISABLED:disabled": false, "vcpus": 1, "swap": "", "os-flavor-access:is_public": true, "rxtx_factor": 1.0, "OS-FLV-EXT-DATA:ephemeral": 0, "disk": 1, "id": "f100ef88-2dc6-4cdf-a415-7a34b0769720"}]} _http_log_response /usr/lib/python2.7/site-packages/keystoneauth1/session.py:511
2019-06-12 06:49:19.566 661 DEBUG novaclient.v2.client [-] GET call to compute for http://10.167.4.35:8774/v2.1/flavors/detail used request id req-f7a20810-6daf-4720-9d39-59ce120e9504 request /usr/lib/python2.7/site-packages/keystoneauth1/session.py:844
2019-06-12 06:49:19.567 662 DEBUG novaclient.v2.client [-] RESP: [200] Connection: close Content-Length: 1014 Content-Type: application/json Date: Wed, 12 Jun 2019 06:49:19 GMT Openstack-Api-Version: compute 2.1 Vary: OpenStack-API-Version, X-OpenStack-Nova-API-Version X-Compute-Request-Id: req-a4074aff-300b-4257-8faa-e3f9bbd59956 X-Openstack-Nova-Api-Version: 2.1 X-Openstack-Request-Id: req-a4074aff-300b-4257-8faa-e3f9bbd59956 _http_log_response /usr/lib/python2.7/site-packages/keystoneauth1/session.py:479
2019-06-12 06:49:19.567 661 INFO rally.task.runner [-] Task d37eb300-3746-4b46-ad1f-604d657e046a | ITER: 1 END: OK
2019-06-12 06:49:19.568 662 DEBUG novaclient.v2.client [-] RESP BODY: {"flavors": [{"name": "rally_full-flavor_alt_9128a7d1-09c3-4323-8db4-5dbfafa3f673", "links": [{"href": "http://10.167.4.35:8774/v2.1/flavors/e05b98de-125a-44f3-a163-1704114c19aa", "rel": "self"}, {"href": "http://10.167.4.35:8774/flavors/e05b98de-125a-44f3-a163-1704114c19aa", "rel": "bookmark"}], "ram": 1024, "OS-FLV-DISABLED:disabled": false, "vcpus": 1, "swap": "", "os-flavor-access:is_public": true, "rxtx_factor": 1.0, "OS-FLV-EXT-DATA:ephemeral": 0, "disk": 1, "id": "e05b98de-125a-44f3-a163-1704114c19aa"}, {"name": "rally_full-flavor_9128a7d1-09c3-4323-8db4-5dbfafa3f673", "links": [{"href": "http://10.167.4.35:8774/v2.1/flavors/f100ef88-2dc6-4cdf-a415-7a34b0769720", "rel": "self"}, {"href": "http://10.167.4.35:8774/flavors/f100ef88-2dc6-4cdf-a415-7a34b0769720", "rel": "bookmark"}], "ram": 512, "OS-FLV-DISABLED:disabled": false, "vcpus": 1, "swap": "", "os-flavor-access:is_public": true, "rxtx_factor": 1.0, "OS-FLV-EXT-DATA:ephemeral": 0, "disk": 1, "id": "f100ef88-2dc6-4cdf-a415-7a34b0769720"}]} _http_log_response /usr/lib/python2.7/site-packages/keystoneauth1/session.py:511
2019-06-12 06:49:19.568 662 DEBUG novaclient.v2.client [-] GET call to compute for http://10.167.4.35:8774/v2.1/flavors/detail used request id req-a4074aff-300b-4257-8faa-e3f9bbd59956 request /usr/lib/python2.7/site-packages/keystoneauth1/session.py:844
2019-06-12 06:49:19.570 662 DEBUG novaclient.v2.client [-] REQ: curl -g -i --cacert "/etc/ssl/certs/mcp_os_cacert" -X GET http://10.167.4.35:8774/v2.1/flavors/detail -H "Accept: application/json" -H "User-Agent: python-novaclient" -H "X-Auth-Token: {SHA1}4cd8aa65b3ab4ddfba87b6eec07e0955e8521686" _http_log_request /usr/lib/python2.7/site-packages/keystoneauth1/session.py:448
2019-06-12 06:49:19.571 661 INFO rally.task.runner [-] Task d37eb300-3746-4b46-ad1f-604d657e046a | ITER: 5 START
2019-06-12 06:49:19.572 664 DEBUG novaclient.v2.client [-] RESP: [200] Connection: close Content-Length: 1014 Content-Type: application/json Date: Wed, 12 Jun 2019 06:49:19 GMT Openstack-Api-Version: compute 2.1 Vary: OpenStack-API-Version, X-OpenStack-Nova-API-Version X-Compute-Request-Id: req-ea8e2b92-1f17-438c-be05-63682bc835ed X-Openstack-Nova-Api-Version: 2.1 X-Openstack-Request-Id: req-ea8e2b92-1f17-438c-be05-63682bc835ed _http_log_response /usr/lib/python2.7/site-packages/keystoneauth1/session.py:479
2019-06-12 06:49:19.572 664 DEBUG novaclient.v2.client [-] RESP BODY: {"flavors": [{"name": "rally_full-flavor_alt_9128a7d1-09c3-4323-8db4-5dbfafa3f673", "links": [{"href": "http://10.167.4.35:8774/v2.1/flavors/e05b98de-125a-44f3-a163-1704114c19aa", "rel": "self"}, {"href": "http://10.167.4.35:8774/flavors/e05b98de-125a-44f3-a163-1704114c19aa", "rel": "bookmark"}], "ram": 1024, "OS-FLV-DISABLED:disabled": false, "vcpus": 1, "swap": "", "os-flavor-access:is_public": true, "rxtx_factor": 1.0, "OS-FLV-EXT-DATA:ephemeral": 0, "disk": 1, "id": "e05b98de-125a-44f3-a163-1704114c19aa"}, {"name": "rally_full-flavor_9128a7d1-09c3-4323-8db4-5dbfafa3f673", "links": [{"href": "http://10.167.4.35:8774/v2.1/flavors/f100ef88-2dc6-4cdf-a415-7a34b0769720", "rel": "self"}, {"href": "http://10.167.4.35:8774/flavors/f100ef88-2dc6-4cdf-a415-7a34b0769720", "rel": "bookmark"}], "ram": 512, "OS-FLV-DISABLED:disabled": false, "vcpus": 1, "swap": "", "os-flavor-access:is_public": true, "rxtx_factor": 1.0, "OS-FLV-EXT-DATA:ephemeral": 0, "disk": 1, "id": "f100ef88-2dc6-4cdf-a415-7a34b0769720"}]} _http_log_response /usr/lib/python2.7/site-packages/keystoneauth1/session.py:511
2019-06-12 06:49:19.573 664 DEBUG novaclient.v2.client [-] GET call to compute for http://10.167.4.35:8774/v2.1/flavors/detail used request id req-ea8e2b92-1f17-438c-be05-63682bc835ed request /usr/lib/python2.7/site-packages/keystoneauth1/session.py:844
2019-06-12 06:49:19.574 664 INFO rally.task.runner [-] Task d37eb300-3746-4b46-ad1f-604d657e046a | ITER: 4 END: OK
2019-06-12 06:49:19.576 663 DEBUG novaclient.v2.client [-] RESP: [200] Connection: close Content-Length: 1014 Content-Type: application/json Date: Wed, 12 Jun 2019 06:49:19 GMT Openstack-Api-Version: compute 2.1 Vary: OpenStack-API-Version, X-OpenStack-Nova-API-Version X-Compute-Request-Id: req-74a5fe78-a514-473e-bb46-2f0f7f250245 X-Openstack-Nova-Api-Version: 2.1 X-Openstack-Request-Id: req-74a5fe78-a514-473e-bb46-2f0f7f250245 _http_log_response /usr/lib/python2.7/site-packages/keystoneauth1/session.py:479
2019-06-12 06:49:19.577 663 DEBUG novaclient.v2.client [-] RESP BODY: {"flavors": [{"name": "rally_full-flavor_alt_9128a7d1-09c3-4323-8db4-5dbfafa3f673", "links": [{"href": "http://10.167.4.35:8774/v2.1/flavors/e05b98de-125a-44f3-a163-1704114c19aa", "rel": "self"}, {"href": "http://10.167.4.35:8774/flavors/e05b98de-125a-44f3-a163-1704114c19aa", "rel": "bookmark"}], "ram": 1024, "OS-FLV-DISABLED:disabled": false, "vcpus": 1, "swap": "", "os-flavor-access:is_public": true, "rxtx_factor": 1.0, "OS-FLV-EXT-DATA:ephemeral": 0, "disk": 1, "id": "e05b98de-125a-44f3-a163-1704114c19aa"}, {"name": "rally_full-flavor_9128a7d1-09c3-4323-8db4-5dbfafa3f673", "links": [{"href": "http://10.167.4.35:8774/v2.1/flavors/f100ef88-2dc6-4cdf-a415-7a34b0769720", "rel": "self"}, {"href": "http://10.167.4.35:8774/flavors/f100ef88-2dc6-4cdf-a415-7a34b0769720", "rel": "bookmark"}], "ram": 512, "OS-FLV-DISABLED:disabled": false, "vcpus": 1, "swap": "", "os-flavor-access:is_public": true, "rxtx_factor": 1.0, "OS-FLV-EXT-DATA:ephemeral": 0, "disk": 1, "id": "f100ef88-2dc6-4cdf-a415-7a34b0769720"}]} _http_log_response /usr/lib/python2.7/site-packages/keystoneauth1/session.py:511
2019-06-12 06:49:19.577 663 DEBUG novaclient.v2.client [-] GET call to compute for http://10.167.4.35:8774/v2.1/flavors/detail used request id req-74a5fe78-a514-473e-bb46-2f0f7f250245 request /usr/lib/python2.7/site-packages/keystoneauth1/session.py:844
