2019-06-05 08:48:23.069 14284 RALLYDEBUG rally_openstack.cleanup.manager [-] Deleting neutron.port object s_rally_6f972b35_PLdkayMp (db810894-b56b-49c0-8213-42893c8ead6a)
2019-06-05 08:48:23.189 14284 RALLYDEBUG rally_openstack.cleanup.manager [-] Deleting neutron.port object s_rally_6f972b35_HO0iVP4I (dbde336f-3ec9-4e3c-99bd-19eb9142b21e)
2019-06-05 08:48:23.198 14284 RALLYDEBUG rally_openstack.cleanup.manager [-] Deleting neutron.port object s_rally_6f972b35_sb88xLxT (dbf02662-4acb-4059-9e04-b0626226254b)
2019-06-05 08:48:23.269 14284 RALLYDEBUG rally_openstack.cleanup.manager [-] Deleting neutron.port object s_rally_6f972b35_SfLc1Gqu (dc000378-b393-40c1-8d52-dee33c551a3d)
2019-06-05 08:48:23.274 14284 RALLYDEBUG rally_openstack.cleanup.manager [-] Deleting neutron.port object s_rally_6f972b35_SnpWQ7fH (dc5aa1ce-513d-4cd3-9830-85c3d817464f)
2019-06-05 08:48:23.288 14284 RALLYDEBUG rally_openstack.cleanup.manager [-] Deleting neutron.port object s_rally_6f972b35_BYcwEdPa (dcc05aa0-dd46-444a-9da0-9b9161fd262a)
2019-06-05 08:48:23.635 14284 RALLYDEBUG rally_openstack.cleanup.manager [-] Deleting neutron.port object s_rally_6f972b35_XprAp9GP (dd241db3-24c1-4407-a3c6-3925d639bb96)
2019-06-05 08:48:23.663 14284 RALLYDEBUG rally_openstack.cleanup.manager [-] Deleting neutron.port object s_rally_6f972b35_M4GpqqPi (dda74410-f205-4aa9-b7f3-ce6fa26c5088)
2019-06-05 08:48:23.664 14284 RALLYDEBUG rally_openstack.cleanup.manager [-] Deleting neutron.port object s_rally_6f972b35_LlvHd4cY (ddb41d99-7a73-47ed-b837-46317b2453bd)
2019-06-05 08:48:23.998 14284 RALLYDEBUG rally_openstack.cleanup.manager [-] Deleting neutron.port object s_rally_6f972b35_uGllUqgt (dddc5122-a2de-4074-aa3a-8c653b135238)
2019-06-05 08:48:24.099 14284 RALLYDEBUG rally_openstack.cleanup.manager [-] Deleting neutron.port object s_rally_6f972b35_c7j8tnqQ (df7dacb2-4f1c-4299-ba56-96200e618426)
2019-06-05 08:48:24.263 14284 RALLYDEBUG rally_openstack.cleanup.manager [-] Deleting neutron.port object s_rally_6f972b35_u5U7LY7G (e0224e69-4862-47b8-8ea7-0103da52248a)
2019-06-05 08:48:24.315 14284 RALLYDEBUG rally_openstack.cleanup.manager [-] Deleting neutron.port object s_rally_6f972b35_8iqxfptf (e097e198-8e77-4f5b-aea1-845715f44574)
2019-06-05 08:48:24.333 14284 RALLYDEBUG rally_openstack.cleanup.manager [-] Deleting neutron.port object s_rally_6f972b35_52RdHdUh (e1b45acf-d906-4a1b-b040-b30ad85473a1)
2019-06-05 08:48:24.488 14284 RALLYDEBUG rally_openstack.cleanup.manager [-] Deleting neutron.port object s_rally_6f972b35_rN9YNdds (e1dd645b-74e0-435f-b21c-56242a42ebff)
2019-06-05 08:48:24.632 14284 RALLYDEBUG rally_openstack.cleanup.manager [-] Deleting neutron.port object s_rally_6f972b35_Kzo5oRja (e3fe5b53-7364-4a0a-a5b2-f12c8e4d6c2c)
2019-06-05 08:48:24.800 14284 RALLYDEBUG rally_openstack.cleanup.manager [-] Deleting neutron.port object s_rally_6f972b35_bR0ums9j (e4fcebd8-c70d-40b3-8d8d-9441f122ae7e)
2019-06-05 08:48:24.801 14284 RALLYDEBUG rally_openstack.cleanup.manager [-] Deleting neutron.port object s_rally_6f972b35_JpGYQvTU (e51f0c2b-774f-4335-99c7-862fb1730f42)
2019-06-05 08:48:25.012 14284 RALLYDEBUG rally_openstack.cleanup.manager [-] Deleting neutron.port object s_rally_6f972b35_pZHrTOx1 (e5a695f7-1959-4f7f-989c-9862719c70ac)
2019-06-05 08:48:25.117 14284 RALLYDEBUG rally_openstack.cleanup.manager [-] Deleting neutron.port object s_rally_6f972b35_WgVFS4Tz (e5c1cf7e-b7b3-4819-8d85-93c487d6b2b7)
2019-06-05 08:48:25.230 14284 RALLYDEBUG rally_openstack.cleanup.manager [-] Deleting neutron.port object s_rally_6f972b35_ZIUyAmVT (e7efc644-526c-4246-bc24-1fad163eb03b)
2019-06-05 08:48:25.268 14284 RALLYDEBUG rally_openstack.cleanup.manager [-] Deleting neutron.port object s_rally_6f972b35_BWvPwKQy (e83e9273-9a69-490b-b3f6-17a83de6ff69)
2019-06-05 08:48:25.340 14284 RALLYDEBUG rally_openstack.cleanup.manager [-] Deleting neutron.port object s_rally_6f972b35_YVe0R7Po (e8f58bd4-f994-4c87-95ae-1e3861678d31)
2019-06-05 08:48:25.531 14284 RALLYDEBUG rally_openstack.cleanup.manager [-] Deleting neutron.port object s_rally_6f972b35_ubA56Wct (e903a5d3-c5af-4a88-a634-aa172f5deef6)
2019-06-05 08:48:25.571 14284 RALLYDEBUG rally_openstack.cleanup.manager [-] Deleting neutron.port object s_rally_6f972b35_nrHbEFrV (eabf052c-d331-48a5-91ff-a8f858f012f8)
2019-06-05 08:48:25.611 14284 RALLYDEBUG rally_openstack.cleanup.manager [-] Deleting neutron.port object s_rally_6f972b35_iVGIAWCj (eb01da93-ae5a-4473-93e6-d1e053980cc3)
2019-06-05 08:48:25.754 14284 RALLYDEBUG rally_openstack.cleanup.manager [-] Deleting neutron.port object s_rally_6f972b35_UMoszE5g (eb08fa44-f120-4ccf-a667-407bd6c15a03)
2019-06-05 08:48:25.867 14284 RALLYDEBUG rally_openstack.cleanup.manager [-] Deleting neutron.port object s_rally_6f972b35_IaHEXp2U (eb438e8e-55c4-420a-9b89-ba63878971d7)
2019-06-05 08:48:25.881 14284 RALLYDEBUG rally_openstack.cleanup.manager [-] Deleting neutron.port object s_rally_6f972b35_DHHadzcx (ec824622-de79-4a85-ac61-cb2c581644ac)
2019-06-05 08:48:26.152 14284 RALLYDEBUG rally_openstack.cleanup.manager [-] Deleting neutron.port object s_rally_6f972b35_pd2StNji (ed855aa5-63b2-4d3a-be56-a35c2c11d7e4)
2019-06-05 08:48:26.191 14284 RALLYDEBUG rally_openstack.cleanup.manager [-] Deleting neutron.port object s_rally_6f972b35_CbIuqHjB (ede29745-3c12-4d9d-992e-8d405736a4a5)
2019-06-05 08:48:26.334 14284 RALLYDEBUG rally_openstack.cleanup.manager [-] Deleting neutron.port object s_rally_6f972b35_DaG0HW6g (ee653593-8fe8-4b50-a658-780206689bc9)
2019-06-05 08:48:26.358 14284 RALLYDEBUG rally_openstack.cleanup.manager [-] Deleting neutron.port object s_rally_6f972b35_cKX0GYZq (ef17058c-3130-4634-bfee-f7a62ae179da)
2019-06-05 08:48:26.383 14284 RALLYDEBUG rally_openstack.cleanup.manager [-] Deleting neutron.port object s_rally_6f972b35_MVEpIXP0 (ef88f100-f71b-4c5b-95b2-ca44ca13506a)
2019-06-05 08:48:26.828 14284 RALLYDEBUG rally_openstack.cleanup.manager [-] Deleting neutron.port object s_rally_6f972b35_eZIwyh6v (f12b8224-25ae-4cd9-8715-7fe619b14c6a)
2019-06-05 08:48:26.908 14284 RALLYDEBUG rally_openstack.cleanup.manager [-] Deleting neutron.port object s_rally_6f972b35_Voo5BiD5 (f17e2dcd-3289-4e62-9102-30689a6efc8f)
2019-06-05 08:48:26.924 14284 RALLYDEBUG rally_openstack.cleanup.manager [-] Deleting neutron.port object s_rally_6f972b35_fV8AsWUV (f200c663-6380-40b3-9faf-ae4746abe8c3)
2019-06-05 08:48:26.959 14284 RALLYDEBUG rally_openstack.cleanup.manager [-] Deleting neutron.port object s_rally_6f972b35_55Xclvlg (f337584e-0fed-4c73-8ade-6392c4e86ad3)
2019-06-05 08:48:27.333 14284 RALLYDEBUG rally_openstack.cleanup.manager [-] Deleting neutron.port object s_rally_6f972b35_KK87Q5Ym (f345a9fc-0b0e-46d1-a51a-d79625570c61)
2019-06-05 08:48:27.433 14284 RALLYDEBUG rally_openstack.cleanup.manager [-] Deleting neutron.port object s_rally_6f972b35_2WvX4X51 (f3e58c5a-13e3-4f34-8bd3-1facb9119c5f)
2019-06-05 08:48:27.555 14284 RALLYDEBUG rally_openstack.cleanup.manager [-] Deleting neutron.port object s_rally_6f972b35_soA08IM1 (f455ab1b-4b19-40bc-9ee6-b99db1372893)
2019-06-05 08:48:27.683 14284 RALLYDEBUG rally_openstack.cleanup.manager [-] Deleting neutron.port object s_rally_6f972b35_i0ehMNtE (f4a85743-12d0-4c32-8b31-8984a73bc9df)
2019-06-05 08:48:27.724 14284 RALLYDEBUG rally_openstack.cleanup.manager [-] Deleting neutron.port object s_rally_6f972b35_UFspezM7 (f54712c2-d801-4f76-8cd0-341b13acbadd)
2019-06-05 08:48:27.847 14284 RALLYDEBUG rally_openstack.cleanup.manager [-] Deleting neutron.port object s_rally_6f972b35_wWkfmdrt (f57a3fcb-6c70-4ea2-a3b2-e15e5ea8e59e)
2019-06-05 08:48:27.967 14284 RALLYDEBUG rally_openstack.cleanup.manager [-] Deleting neutron.port object s_rally_6f972b35_gf4uMF2z (f5aec358-b93b-4e09-a6f3-2928c407d576)
2019-06-05 08:48:28.013 14284 RALLYDEBUG rally_openstack.cleanup.manager [-] Deleting neutron.port object s_rally_6f972b35_t48rBWRC (f63771dd-eeae-40a0-8b1b-e16341e707ce)
2019-06-05 08:48:28.156 14284 RALLYDEBUG rally_openstack.cleanup.manager [-] Deleting neutron.port object s_rally_6f972b35_MIv5hKwF (f70c1e5b-39d5-4f3f-86e4-fede9af7599f)
2019-06-05 08:48:28.229 14284 RALLYDEBUG rally_openstack.cleanup.manager [-] Deleting neutron.port object s_rally_6f972b35_GZXFSTjc (f7b270ee-bbb0-44df-9467-b0083f993bd8)
2019-06-05 08:48:28.373 14284 RALLYDEBUG rally_openstack.cleanup.manager [-] Deleting neutron.port object s_rally_6f972b35_y9yf2zyd (f7f98af0-cab7-4487-8a9d-b89d7a2fb20d)
2019-06-05 08:48:28.417 14284 RALLYDEBUG rally_openstack.cleanup.manager [-] Deleting neutron.port object s_rally_6f972b35_HdTRRw2C (f88940db-5907-4c27-a2d1-a313310f58ec)
2019-06-05 08:48:28.507 14284 RALLYDEBUG rally_openstack.cleanup.manager [-] Deleting neutron.port object s_rally_6f972b35_6U8fjoFS (f902e32c-6dd2-4298-8454-dbb26ed45d09)
2019-06-05 08:48:28.633 14284 RALLYDEBUG rally_openstack.cleanup.manager [-] Deleting neutron.port object s_rally_6f972b35_e7kgPTav (f9bca21f-be74-4763-b8a9-66c088122553)
2019-06-05 08:48:28.765 14284 RALLYDEBUG rally_openstack.cleanup.manager [-] Deleting neutron.port object s_rally_6f972b35_rOvljpYQ (fa39afd2-7311-4c58-af45-7f77c024f93b)
2019-06-05 08:48:28.918 14284 RALLYDEBUG rally_openstack.cleanup.manager [-] Deleting neutron.port object s_rally_6f972b35_oFL0cNXy (fb5bafee-b863-4476-8a72-1fa404c381e3)
2019-06-05 08:48:29.222 14284 RALLYDEBUG rally_openstack.cleanup.manager [-] Deleting neutron.port object s_rally_6f972b35_Os2Rdp5I (fc3b4c80-f5d3-435c-86b3-3a4e72997b40)
2019-06-05 08:48:29.222 14284 RALLYDEBUG rally_openstack.cleanup.manager [-] Deleting neutron.port object s_rally_6f972b35_ZU2ASd7I (fcf8e67f-effc-42b9-82a0-3c2f193ad7cd)
2019-06-05 08:48:29.379 14284 RALLYDEBUG rally_openstack.cleanup.manager [-] Deleting neutron.port object s_rally_6f972b35_Rqd6f9Fp (fd63fe3f-9b6f-4b14-abce-737db0de685b)
2019-06-05 08:48:29.418 14284 RALLYDEBUG rally_openstack.cleanup.manager [-] Deleting neutron.port object s_rally_6f972b35_XaUP0auD (fd9ae11d-4079-4efa-9fcf-139c3533af0e)
2019-06-05 08:48:29.513 14284 RALLYDEBUG rally_openstack.cleanup.manager [-] Deleting neutron.port object s_rally_6f972b35_WZSxFhBu (fdef93ca-a843-4765-9ca2-9198e4929d24)
2019-06-05 08:48:29.789 14284 RALLYDEBUG rally_openstack.cleanup.manager [-] Deleting neutron.port object s_rally_6f972b35_2zEp1z0b (ff727ae2-cfa2-4ede-8184-d02cf4674995)
2019-06-05 08:48:31.955 14284 RALLYDEBUG rally_openstack.cleanup.manager [-] Cleaning up neutron subnet objects
2019-06-05 08:48:32.406 14284 RALLYDEBUG rally_openstack.cleanup.manager [-] Cleaning up neutron network objects
2019-06-05 08:48:33.145 14284 RALLYDEBUG rally_openstack.cleanup.manager [-] Deleting neutron.network object s_rally_6f972b35_rgzExxFI (04e90ec6-6bbe-46d7-800c-8c58bc195d40)
2019-06-05 08:48:33.155 14284 RALLYDEBUG rally_openstack.cleanup.manager [-] Deleting neutron.network object s_rally_6f972b35_uY6kNgUp (4db3fec5-c9cf-483f-8aff-4d1acf6fd6e7)
2019-06-05 08:48:33.163 14284 RALLYDEBUG rally_openstack.cleanup.manager [-] Deleting neutron.network object s_rally_6f972b35_0kHi2DJ4 (810d6e39-d312-49c4-b590-c99c41c99933)
2019-06-05 08:48:33.176 14284 RALLYDEBUG rally_openstack.cleanup.manager [-] Deleting neutron.network object s_rally_6f972b35_k9orTLME (ad7b81bd-e927-43dd-a0b8-0626b7cb7871)
2019-06-05 08:48:33.177 14284 RALLYDEBUG rally_openstack.cleanup.manager [-] Deleting neutron.network object s_rally_6f972b35_J8RiOEgz (b6f46586-a26b-44bd-85f9-744293412c30)
2019-06-05 08:48:33.188 14284 RALLYDEBUG rally_openstack.cleanup.manager [-] Deleting neutron.network object s_rally_6f972b35_P9ODnx6a (de3f5716-56bf-4ad6-a97c-ad3675fe92c5)
2019-06-05 08:48:33.202 14284 RALLYDEBUG rally_openstack.cleanup.manager [-] Deleting neutron.network object s_rally_6f972b35_AX64uPiv (eb949d69-a4c2-40c8-8caf-70ee7ec0442b)
2019-06-05 08:48:33.206 14284 RALLYDEBUG rally_openstack.cleanup.manager [-] Deleting neutron.network object s_rally_6f972b35_rw9eEqHH (db3ba9c0-8f52-45ee-a6f2-9f9beacf4474)
2019-06-05 08:48:36.032 14284 RALLYDEBUG rally_openstack.cleanup.manager [-] Cleaning up neutron router objects
2019-06-05 08:48:36.466 14284 RALLYDEBUG rally_openstack.cleanup.manager [-] Cleaning up neutron security_group objects
2019-06-05 08:48:36.898 14284 INFO rally.task.context [-] Task e5d1e08e-6154-4daa-bc1e-bdf159d20181 | Context cleanup@openstack cleanup() finished in 55.63 sec
2019-06-05 08:48:36.898 14284 INFO rally.task.context [-] Task e5d1e08e-6154-4daa-bc1e-bdf159d20181 | Context quotas@openstack cleanup() started
2019-06-05 08:48:36.994 14284 INFO rally.task.context [-] Task e5d1e08e-6154-4daa-bc1e-bdf159d20181 | Context quotas@openstack cleanup() finished in 96.21 msec
2019-06-05 08:48:36.995 14284 INFO rally.task.context [-] Task e5d1e08e-6154-4daa-bc1e-bdf159d20181 | Context users@openstack cleanup() started
2019-06-05 08:48:39.801 14284 INFO rally.task.context [-] Task e5d1e08e-6154-4daa-bc1e-bdf159d20181 | Context users@openstack cleanup() finished in 2.81 sec
2019-06-05 08:48:41.579 14284 INFO rally.task.engine [-] Load duration is: 59.435033
2019-06-05 08:48:41.579 14284 INFO rally.task.engine [-] Full runner duration is: 59.481287
2019-06-05 08:48:41.580 14284 INFO rally.task.engine [-] Full duration is: 120.859261
2019-06-05 08:48:41.879 14284 INFO rally.task.engine [-] Running workload: position = 1 config = { "version": 2, "title": "A cropped version of a bigger task.", "description": "Auto-generated task from a single workload (uuid=869a1438-83c4-4723-ba48-1060e54d0f9d)", "subtasks": [ { "title": "NeutronNetworks.create_and_update_ports", "description": "Create and update a given number of ports.", "scenario": { "NeutronNetworks.create_and_update_ports": { "network_create_args": {}, "port_create_args": {}, "ports_per_network": 5, "port_update_args": { "admin_state_up": false, "device_id": "dummy_id", "device_owner": "dummy_owner", "name": "_port_updated" } } }, "contexts": { "users": { "tenants": 1, "users_per_tenant": 1 }, "quotas": { "neutron": { "network": -1, "port": -1 } } }, "runner": { "constant": { "times": 40, "concurrency": 20 } }, "hooks": [], "sla": { "failure_rate": { "max": 0 } } } ] }
2019-06-05 08:48:41.908 14284 RALLYDEBUG rally_openstack.contexts.keystone.users [-] Creating 1 tenants using 20 threads
2019-06-05 08:48:42.850 14284 RALLYDEBUG rally_openstack.contexts.keystone.users [-] Creating 1 users using 20 threads
2019-06-05 08:48:44.252 14284 INFO rally.task.context [-] Task e5d1e08e-6154-4daa-bc1e-bdf159d20181 | Context users@openstack setup() finished in 2.34 sec
2019-06-05 08:48:44.794 14284 INFO rally.task.context [-] Task e5d1e08e-6154-4daa-bc1e-bdf159d20181 | Context quotas@openstack setup() finished in 0.54 sec
2019-06-05 08:48:44.795 14284 INFO rally.task.context [-] Task e5d1e08e-6154-4daa-bc1e-bdf159d20181 | Context cleanup@openstack setup() finished in 0.01 msec
2019-06-05 08:48:44.804 14284 RALLYDEBUG rally.task.runner [-] Starting the constant runner (task UUID: e5d1e08e-6154-4daa-bc1e-bdf159d20181). timeout: 0 concurrency: 20 concurrency_per_worker: 1 times: 40 concurrency_overhead: 4 processes_to_start: 16 max_cpu_used: 16
2019-06-05 08:48:44.819 18160 RALLYDEBUG rally.task.runner [-] Starting a worker. concurrency: 2 args: {"network_create_args": {}, "port_create_args": {}, "ports_per_network": 5, "port_update_args": {"admin_state_up": false, "device_id": "dummy_id", "device_owner": "dummy_owner", "name": "_port_updated"}} times: 40 method_name: run timeout: 0 duration: None cls:
2019-06-05 08:48:44.823 18161 RALLYDEBUG rally.task.runner [-] Starting a worker. concurrency: 2 args: {"network_create_args": {}, "port_create_args": {}, "ports_per_network": 5, "port_update_args": {"admin_state_up": false, "device_id": "dummy_id", "device_owner": "dummy_owner", "name": "_port_updated"}} times: 40 method_name: run timeout: 0 duration: None cls:
2019-06-05 08:48:44.826 18162 RALLYDEBUG rally.task.runner [-] Starting a worker. concurrency: 2 args: {"network_create_args": {}, "port_create_args": {}, "ports_per_network": 5, "port_update_args": {"admin_state_up": false, "device_id": "dummy_id", "device_owner": "dummy_owner", "name": "_port_updated"}} times: 40 method_name: run timeout: 0 duration: None cls:
2019-06-05 08:48:44.829 18163 RALLYDEBUG rally.task.runner [-] Starting a worker. concurrency: 2 args: {"network_create_args": {}, "port_create_args": {}, "ports_per_network": 5, "port_update_args": {"admin_state_up": false, "device_id": "dummy_id", "device_owner": "dummy_owner", "name": "_port_updated"}} times: 40 method_name: run timeout: 0 duration: None cls:
2019-06-05 08:48:44.831 18160 INFO rally.task.runner [-] Task e5d1e08e-6154-4daa-bc1e-bdf159d20181 | ITER: 1 START
2019-06-05 08:48:44.832 18161 INFO rally.task.runner [-] Task e5d1e08e-6154-4daa-bc1e-bdf159d20181 | ITER: 2 START
2019-06-05 08:48:44.833 18164 RALLYDEBUG rally.task.runner [-] Starting a worker. concurrency: 1 args: {"network_create_args": {}, "port_create_args": {}, "ports_per_network": 5, "port_update_args": {"admin_state_up": false, "device_id": "dummy_id", "device_owner": "dummy_owner", "name": "_port_updated"}} times: 40 method_name: run timeout: 0 duration: None cls:
2019-06-05 08:48:44.836 18163 INFO rally.task.runner [-] Task e5d1e08e-6154-4daa-bc1e-bdf159d20181 | ITER: 6 START
2019-06-05 08:48:44.832 18160 INFO rally.task.runner [-] Task e5d1e08e-6154-4daa-bc1e-bdf159d20181 | ITER: 3 START
2019-06-05 08:48:44.836 18161 WARNING rally_openstack.scenarios.neutron.utils [-] Running this scenario without either the 'network' or 'existing_network' context is deprecated
2019-06-05 08:48:44.837 18162 INFO rally.task.runner [-] Task e5d1e08e-6154-4daa-bc1e-bdf159d20181 | ITER: 4 START
2019-06-05 08:48:44.836 18160 WARNING rally_openstack.scenarios.neutron.utils [-] Running this scenario without either the 'network' or 'existing_network' context is deprecated
2019-06-05 08:48:44.837 18160 WARNING rally_openstack.scenarios.neutron.utils [-] Running this scenario without either the 'network' or 'existing_network' context is deprecated
2019-06-05 08:48:44.839 18163 WARNING rally_openstack.scenarios.neutron.utils [-] Running this scenario without either the 'network' or 'existing_network' context is deprecated
2019-06-05 08:48:44.838 18167 RALLYDEBUG rally.task.runner [-] Starting a worker. concurrency: 1 args: {"network_create_args": {}, "port_create_args": {}, "ports_per_network": 5, "port_update_args": {"admin_state_up": false, "device_id": "dummy_id", "device_owner": "dummy_owner", "name": "_port_updated"}} times: 40 method_name: run timeout: 0 duration: None cls:
2019-06-05 08:48:44.840 18164 INFO rally.task.runner [-] Task e5d1e08e-6154-4daa-bc1e-bdf159d20181 | ITER: 8 START
2019-06-05 08:48:44.840 18162 WARNING rally_openstack.scenarios.neutron.utils [-] Running this scenario without either the 'network' or 'existing_network' context is deprecated
2019-06-05 08:48:44.840 18162 INFO rally.task.runner [-] Task e5d1e08e-6154-4daa-bc1e-bdf159d20181 | ITER: 7 START
2019-06-05 08:48:44.842 18173 RALLYDEBUG rally.task.runner [-] Starting a worker. concurrency: 1 args: {"network_create_args": {}, "port_create_args": {}, "ports_per_network": 5, "port_update_args": {"admin_state_up": false, "device_id": "dummy_id", "device_owner": "dummy_owner", "name": "_port_updated"}} times: 40 method_name: run timeout: 0 duration: None cls:
2019-06-05 08:48:44.843 18164 WARNING rally_openstack.scenarios.neutron.utils [-] Running this scenario without either the 'network' or 'existing_network' context is deprecated
2019-06-05 08:48:44.844 18177 RALLYDEBUG rally.task.runner [-] Starting a worker. concurrency: 1 args: {"network_create_args": {}, "port_create_args": {}, "ports_per_network": 5, "port_update_args": {"admin_state_up": false, "device_id": "dummy_id", "device_owner": "dummy_owner", "name": "_port_updated"}} times: 40 method_name: run timeout: 0 duration: None cls:
2019-06-05 08:48:44.849 18167 INFO rally.task.runner [-] Task e5d1e08e-6154-4daa-bc1e-bdf159d20181 | ITER: 10 START
2019-06-05 08:48:44.851 18173 INFO rally.task.runner [-] Task e5d1e08e-6154-4daa-bc1e-bdf159d20181 | ITER: 11 START
2019-06-05 08:48:44.851 18167 WARNING rally_openstack.scenarios.neutron.utils [-] Running this scenario without either the 'network' or 'existing_network' context is deprecated
2019-06-05 08:48:44.853 18173 WARNING rally_openstack.scenarios.neutron.utils [-] Running this scenario without either the 'network' or 'existing_network' context is deprecated
2019-06-05 08:48:44.854 18177 INFO rally.task.runner [-] Task e5d1e08e-6154-4daa-bc1e-bdf159d20181 | ITER: 12 START
2019-06-05 08:48:44.854 18180 RALLYDEBUG rally.task.runner [-] Starting a worker. concurrency: 1 args: {"network_create_args": {}, "port_create_args": {}, "ports_per_network": 5, "port_update_args": {"admin_state_up": false, "device_id": "dummy_id", "device_owner": "dummy_owner", "name": "_port_updated"}} times: 40 method_name: run timeout: 0 duration: None cls:
2019-06-05 08:48:44.854 18182 RALLYDEBUG rally.task.runner [-] Starting a worker. concurrency: 1 args: {"network_create_args": {}, "port_create_args": {}, "ports_per_network": 5, "port_update_args": {"admin_state_up": false, "device_id": "dummy_id", "device_owner": "dummy_owner", "name": "_port_updated"}} times: 40 method_name: run timeout: 0 duration: None cls:
2019-06-05 08:48:44.857 18177 WARNING rally_openstack.scenarios.neutron.utils [-] Running this scenario without either the 'network' or 'existing_network' context is deprecated
2019-06-05 08:48:44.858 18188 RALLYDEBUG rally.task.runner [-] Starting a worker. concurrency: 1 args: {"network_create_args": {}, "port_create_args": {}, "ports_per_network": 5, "port_update_args": {"admin_state_up": false, "device_id": "dummy_id", "device_owner": "dummy_owner", "name": "_port_updated"}} times: 40 method_name: run timeout: 0 duration: None cls:
2019-06-05 08:48:44.862 18180 INFO rally.task.runner [-] Task e5d1e08e-6154-4daa-bc1e-bdf159d20181 | ITER: 13 START
2019-06-05 08:48:44.862 18182 INFO rally.task.runner [-] Task e5d1e08e-6154-4daa-bc1e-bdf159d20181 | ITER: 14 START
2019-06-05 08:48:44.864 18180 WARNING rally_openstack.scenarios.neutron.utils [-] Running this scenario without either the 'network' or 'existing_network' context is deprecated
2019-06-05 08:48:44.865 18182 WARNING rally_openstack.scenarios.neutron.utils [-] Running this scenario without either the 'network' or 'existing_network' context is deprecated
2019-06-05 08:48:44.866 18188 INFO rally.task.runner [-] Task e5d1e08e-6154-4daa-bc1e-bdf159d20181 | ITER: 15 START
2019-06-05 08:48:44.869 18188 WARNING rally_openstack.scenarios.neutron.utils [-] Running this scenario without either the 'network' or 'existing_network' context is deprecated
2019-06-05 08:48:44.870 18192 RALLYDEBUG rally.task.runner [-] Starting a worker. concurrency: 1 args: {"network_create_args": {}, "port_create_args": {}, "ports_per_network": 5, "port_update_args": {"admin_state_up": false, "device_id": "dummy_id", "device_owner": "dummy_owner", "name": "_port_updated"}} times: 40 method_name: run timeout: 0 duration: None cls:
2019-06-05 08:48:44.874 18197 RALLYDEBUG rally.task.runner [-] Starting a worker. concurrency: 1 args: {"network_create_args": {}, "port_create_args": {}, "ports_per_network": 5, "port_update_args": {"admin_state_up": false, "device_id": "dummy_id", "device_owner": "dummy_owner", "name": "_port_updated"}} times: 40 method_name: run timeout: 0 duration: None cls:
2019-06-05 08:48:44.881 18197 INFO rally.task.runner [-] Task e5d1e08e-6154-4daa-bc1e-bdf159d20181 | ITER: 17 START
2019-06-05 08:48:44.883 18197 WARNING rally_openstack.scenarios.neutron.utils [-] Running this scenario without either the 'network' or 'existing_network' context is deprecated
2019-06-05 08:48:44.885 18192 INFO rally.task.runner [-] Task e5d1e08e-6154-4daa-bc1e-bdf159d20181 | ITER: 16 START
2019-06-05 08:48:44.887 18192 WARNING rally_openstack.scenarios.neutron.utils [-] Running this scenario without either the 'network' or 'existing_network' context is deprecated
2019-06-05 08:48:44.886 18198 RALLYDEBUG rally.task.runner [-] Starting a worker. concurrency: 1 args: {"network_create_args": {}, "port_create_args": {}, "ports_per_network": 5, "port_update_args": {"admin_state_up": false, "device_id": "dummy_id", "device_owner": "dummy_owner", "name": "_port_updated"}} times: 40 method_name: run timeout: 0 duration: None cls:
2019-06-05 08:48:44.894 18203 RALLYDEBUG rally.task.runner [-] Starting a worker. concurrency: 1 args: {"network_create_args": {}, "port_create_args": {}, "ports_per_network": 5, "port_update_args": {"admin_state_up": false, "device_id": "dummy_id", "device_owner": "dummy_owner", "name": "_port_updated"}} times: 40 method_name: run timeout: 0 duration: None cls:
2019-06-05 08:48:44.896 18198 INFO rally.task.runner [-] Task e5d1e08e-6154-4daa-bc1e-bdf159d20181 | ITER: 18 START
2019-06-05 08:48:44.898 18198 WARNING rally_openstack.scenarios.neutron.utils [-] Running this scenario without either the 'network' or 'existing_network' context is deprecated
2019-06-05 08:48:44.900 18204 RALLYDEBUG rally.task.runner [-] Starting a worker. concurrency: 1 args: {"network_create_args": {}, "port_create_args": {}, "ports_per_network": 5, "port_update_args": {"admin_state_up": false, "device_id": "dummy_id", "device_owner": "dummy_owner", "name": "_port_updated"}} times: 40 method_name: run timeout: 0 duration: None cls:
2019-06-05 08:48:44.903 18203 INFO rally.task.runner [-] Task e5d1e08e-6154-4daa-bc1e-bdf159d20181 | ITER: 19 START
2019-06-05 08:48:44.905 18203 WARNING rally_openstack.scenarios.neutron.utils [-] Running this scenario without either the 'network' or 'existing_network' context is deprecated
2019-06-05 08:48:44.907 18204 INFO rally.task.runner [-] Task e5d1e08e-6154-4daa-bc1e-bdf159d20181 | ITER: 20 START
2019-06-05 08:48:44.909 18204 WARNING rally_openstack.scenarios.neutron.utils [-] Running this scenario without either the 'network' or 'existing_network' context is deprecated
2019-06-05 08:48:45.085 18163 INFO rally.task.runner [-] Task e5d1e08e-6154-4daa-bc1e-bdf159d20181 | ITER: 9 START
2019-06-05 08:48:45.086 18163 WARNING rally_openstack.scenarios.neutron.utils [-] Running this scenario without either the 'network' or 'existing_network' context is deprecated
2019-06-05 08:48:45.103 18162 WARNING rally_openstack.scenarios.neutron.utils [-] Running this scenario without either the 'network' or 'existing_network' context is deprecated
2019-06-05 08:48:45.105 18161 INFO rally.task.runner [-] Task e5d1e08e-6154-4daa-bc1e-bdf159d20181 | ITER: 5 START
2019-06-05 08:48:45.105 18161 WARNING rally_openstack.scenarios.neutron.utils [-] Running this scenario without either the 'network' or 'existing_network' context is deprecated
2019-06-05 08:48:53.952 18192 INFO rally.task.runner [-] Task e5d1e08e-6154-4daa-bc1e-bdf159d20181 | ITER: 16 END: OK
2019-06-05 08:48:53.955 18192 INFO rally.task.runner [-] Task e5d1e08e-6154-4daa-bc1e-bdf159d20181 | ITER: 21 START
2019-06-05 08:48:53.956 18192 WARNING rally_openstack.scenarios.neutron.utils [-] Running this scenario without either the 'network' or 'existing_network' context is deprecated
2019-06-05 08:48:54.756 18180 INFO rally.task.runner [-] Task e5d1e08e-6154-4daa-bc1e-bdf159d20181 | ITER: 13 END: OK
2019-06-05 08:48:54.759 18180 INFO rally.task.runner [-] Task e5d1e08e-6154-4daa-bc1e-bdf159d20181 | ITER: 22 START
2019-06-05 08:48:54.760 18180 WARNING rally_openstack.scenarios.neutron.utils [-] Running this scenario without either the 'network' or 'existing_network' context is deprecated
2019-06-05 08:48:55.636 18162 INFO rally.task.runner [-] Task e5d1e08e-6154-4daa-bc1e-bdf159d20181 | ITER: 4 END: OK
2019-06-05 08:48:55.639 18162 INFO rally.task.runner [-] Task e5d1e08e-6154-4daa-bc1e-bdf159d20181 | ITER: 23 START
2019-06-05 08:48:55.640 18162 WARNING rally_openstack.scenarios.neutron.utils [-] Running this scenario without either the 'network' or 'existing_network' context is deprecated
2019-06-05 08:48:55.665 18203 INFO rally.task.runner [-] Task e5d1e08e-6154-4daa-bc1e-bdf159d20181 | ITER: 19 END: OK
2019-06-05 08:48:55.669 18203 INFO rally.task.runner [-] Task e5d1e08e-6154-4daa-bc1e-bdf159d20181 | ITER: 24 START
2019-06-05 08:48:55.669 18203 WARNING rally_openstack.scenarios.neutron.utils [-] Running this scenario without either the 'network' or 'existing_network' context is deprecated
2019-06-05 08:48:55.971 18160 INFO rally.task.runner [-] Task e5d1e08e-6154-4daa-bc1e-bdf159d20181 | ITER: 1 END: OK
2019-06-05 08:48:55.975 18160 INFO rally.task.runner [-] Task e5d1e08e-6154-4daa-bc1e-bdf159d20181 | ITER: 25 START
2019-06-05 08:48:55.976 18160 WARNING rally_openstack.scenarios.neutron.utils [-] Running this scenario without either the 'network' or 'existing_network' context is deprecated
2019-06-05 08:48:56.050 18188 INFO rally.task.runner [-] Task e5d1e08e-6154-4daa-bc1e-bdf159d20181 | ITER: 15 END: OK
2019-06-05 08:48:56.054 18188 INFO rally.task.runner [-] Task e5d1e08e-6154-4daa-bc1e-bdf159d20181 | ITER: 26 START
2019-06-05 08:48:56.055 18188 WARNING rally_openstack.scenarios.neutron.utils [-] Running this scenario without either the 'network' or 'existing_network' context is deprecated
2019-06-05 08:48:56.075 18182 INFO rally.task.runner [-] Task e5d1e08e-6154-4daa-bc1e-bdf159d20181 | ITER: 14 END: OK
2019-06-05 08:48:56.079 18182 INFO rally.task.runner [-] Task e5d1e08e-6154-4daa-bc1e-bdf159d20181 | ITER: 27 START
2019-06-05 08:48:56.080 18182 WARNING rally_openstack.scenarios.neutron.utils [-] Running this scenario without either the 'network' or 'existing_network' context is deprecated
2019-06-05 08:48:56.179 18198 INFO rally.task.runner [-] Task e5d1e08e-6154-4daa-bc1e-bdf159d20181 | ITER: 18 END: OK
2019-06-05 08:48:56.183 18198 INFO rally.task.runner [-] Task e5d1e08e-6154-4daa-bc1e-bdf159d20181 | ITER: 28 START
2019-06-05 08:48:56.184 18198 WARNING rally_openstack.scenarios.neutron.utils [-] Running this scenario without either the 'network' or 'existing_network' context is deprecated
2019-06-05 08:48:56.306 18161 INFO rally.task.runner [-] Task e5d1e08e-6154-4daa-bc1e-bdf159d20181 | ITER: 2 END: OK
2019-06-05 08:48:56.310 18161 INFO rally.task.runner [-] Task e5d1e08e-6154-4daa-bc1e-bdf159d20181 | ITER: 29 START
2019-06-05 08:48:56.310 18161 WARNING rally_openstack.scenarios.neutron.utils [-] Running this scenario without either the 'network' or 'existing_network' context is deprecated
2019-06-05 08:48:56.331 18160 INFO rally.task.runner [-] Task e5d1e08e-6154-4daa-bc1e-bdf159d20181 | ITER: 3 END: OK
2019-06-05 08:48:56.334 18160 INFO rally.task.runner [-] Task e5d1e08e-6154-4daa-bc1e-bdf159d20181 | ITER: 30 START
2019-06-05 08:48:56.335 18160 WARNING rally_openstack.scenarios.neutron.utils [-] Running this scenario without either the 'network' or 'existing_network' context is deprecated
2019-06-05 08:48:56.359 18177 INFO rally.task.runner [-] Task e5d1e08e-6154-4daa-bc1e-bdf159d20181 | ITER: 12 END: OK
2019-06-05 08:48:56.363 18177 INFO rally.task.runner [-] Task e5d1e08e-6154-4daa-bc1e-bdf159d20181 | ITER: 31 START
2019-06-05 08:48:56.364 18177 WARNING rally_openstack.scenarios.neutron.utils [-] Running this scenario without either the 'network' or 'existing_network' context is deprecated
2019-06-05 08:48:56.801 18163 INFO rally.task.runner [-] Task e5d1e08e-6154-4daa-bc1e-bdf159d20181 | ITER: 6 END: OK
2019-06-05 08:48:56.805 18163 INFO rally.task.runner [-] Task e5d1e08e-6154-4daa-bc1e-bdf159d20181 | ITER: 32 START
2019-06-05 08:48:56.806 18163 WARNING rally_openstack.scenarios.neutron.utils [-] Running this scenario without either the 'network' or 'existing_network' context is deprecated
2019-06-05 08:48:56.869 18197 INFO rally.task.runner [-] Task e5d1e08e-6154-4daa-bc1e-bdf159d20181 | ITER: 17 END: OK
2019-06-05 08:48:56.873 18197 INFO rally.task.runner [-] Task e5d1e08e-6154-4daa-bc1e-bdf159d20181 | ITER: 33 START
2019-06-05 08:48:56.874 18197 WARNING rally_openstack.scenarios.neutron.utils [-] Running this scenario without either the 'network' or 'existing_network' context is deprecated
2019-06-05 08:48:57.112 18164 INFO rally.task.runner [-] Task e5d1e08e-6154-4daa-bc1e-bdf159d20181 | ITER: 8 END: OK
2019-06-05 08:48:57.117 18164 INFO rally.task.runner [-] Task e5d1e08e-6154-4daa-bc1e-bdf159d20181 | ITER: 34 START
2019-06-05 08:48:57.117 18164 WARNING rally_openstack.scenarios.neutron.utils [-] Running this scenario without either the 'network' or 'existing_network' context is deprecated
2019-06-05 08:48:57.141 18173 INFO rally.task.runner [-] Task e5d1e08e-6154-4daa-bc1e-bdf159d20181 | ITER: 11 END: OK
2019-06-05 08:48:57.145 18173 INFO rally.task.runner [-] Task e5d1e08e-6154-4daa-bc1e-bdf159d20181 | ITER: 35 START
2019-06-05 08:48:57.145 18173 WARNING rally_openstack.scenarios.neutron.utils [-] Running this scenario without either the 'network' or 'existing_network' context is deprecated
2019-06-05 08:48:57.253 18167 INFO rally.task.runner [-] Task e5d1e08e-6154-4daa-bc1e-bdf159d20181 | ITER: 10 END: OK
2019-06-05 08:48:57.257 18167 INFO rally.task.runner [-] Task e5d1e08e-6154-4daa-bc1e-bdf159d20181 | ITER: 36 START
2019-06-05 08:48:57.258 18167 WARNING rally_openstack.scenarios.neutron.utils [-] Running this scenario without either the 'network' or 'existing_network' context is deprecated
2019-06-05 08:48:57.597 18161 INFO rally.task.runner [-] Task e5d1e08e-6154-4daa-bc1e-bdf159d20181 | ITER: 5 END: OK
2019-06-05 08:48:57.601 18161 INFO rally.task.runner [-] Task e5d1e08e-6154-4daa-bc1e-bdf159d20181 | ITER: 37 START
2019-06-05 08:48:57.601 18161 WARNING rally_openstack.scenarios.neutron.utils [-] Running this scenario without either the 'network' or 'existing_network' context is deprecated
2019-06-05 08:48:57.811 18204 INFO rally.task.runner [-] Task e5d1e08e-6154-4daa-bc1e-bdf159d20181 | ITER: 20 END: OK
2019-06-05 08:48:57.817 18204 INFO rally.task.runner [-] Task e5d1e08e-6154-4daa-bc1e-bdf159d20181 | ITER: 38 START
2019-06-05 08:48:57.817 18204 WARNING rally_openstack.scenarios.neutron.utils [-] Running this scenario without either the 'network' or 'existing_network' context is deprecated
2019-06-05 08:48:58.028 18163 INFO rally.task.runner [-] Task e5d1e08e-6154-4daa-bc1e-bdf159d20181 | ITER: 9 END: OK
2019-06-05 08:48:58.032 18163 INFO rally.task.runner [-] Task e5d1e08e-6154-4daa-bc1e-bdf159d20181 | ITER: 39 START
2019-06-05 08:48:58.033 18163 WARNING rally_openstack.scenarios.neutron.utils [-] Running this scenario without either the 'network' or 'existing_network' context is deprecated
2019-06-05 08:48:59.465 18162 INFO rally.task.runner [-] Task e5d1e08e-6154-4daa-bc1e-bdf159d20181 | ITER: 7 END: OK
2019-06-05 08:48:59.470 18162 INFO rally.task.runner [-] Task e5d1e08e-6154-4daa-bc1e-bdf159d20181 | ITER: 40 START
2019-06-05 08:48:59.471 18162 WARNING rally_openstack.scenarios.neutron.utils [-] Running this scenario without either the 'network' or 'existing_network' context is deprecated
2019-06-05 08:49:04.989 18188 INFO rally.task.runner [-] Task e5d1e08e-6154-4daa-bc1e-bdf159d20181 | ITER: 26 END: OK
2019-06-05 08:49:05.230 18192 INFO rally.task.runner [-] Task e5d1e08e-6154-4daa-bc1e-bdf159d20181 | ITER: 21 END: OK
2019-06-05 08:49:05.779 18182 INFO rally.task.runner [-] Task e5d1e08e-6154-4daa-bc1e-bdf159d20181 | ITER: 27 END: OK
2019-06-05 08:49:05.817 18180 INFO rally.task.runner [-] Task e5d1e08e-6154-4daa-bc1e-bdf159d20181 | ITER: 22 END: OK
2019-06-05 08:49:05.844 18162 INFO rally.task.runner [-] Task e5d1e08e-6154-4daa-bc1e-bdf159d20181 | ITER: 23 END: OK
2019-06-05 08:49:06.357 18173 INFO rally.task.runner [-] Task e5d1e08e-6154-4daa-bc1e-bdf159d20181 | ITER: 35 END: OK
2019-06-05 08:49:06.467 18203 INFO rally.task.runner [-] Task e5d1e08e-6154-4daa-bc1e-bdf159d20181 | ITER: 24 END: OK
2019-06-05 08:49:06.819 18177 INFO rally.task.runner [-] Task e5d1e08e-6154-4daa-bc1e-bdf159d20181 | ITER: 31 END: OK
2019-06-05 08:49:07.186 18163 INFO rally.task.runner [-] Task e5d1e08e-6154-4daa-bc1e-bdf159d20181 | ITER: 32 END: OK
2019-06-05 08:49:07.186 18161 INFO rally.task.runner [-] Task e5d1e08e-6154-4daa-bc1e-bdf159d20181 | ITER: 29 END: OK
2019-06-05 08:49:07.190 18197 INFO rally.task.runner [-] Task e5d1e08e-6154-4daa-bc1e-bdf159d20181 | ITER: 33 END: OK
2019-06-05 08:49:07.345 18160 INFO rally.task.runner [-] Task e5d1e08e-6154-4daa-bc1e-bdf159d20181 | ITER: 25 END: OK
2019-06-05 08:49:07.671 18198 INFO rally.task.runner [-] Task e5d1e08e-6154-4daa-bc1e-bdf159d20181 | ITER: 28 END: OK
2019-06-05 08:49:07.671 18161 INFO rally.task.runner [-] Task e5d1e08e-6154-4daa-bc1e-bdf159d20181 | ITER: 37 END: OK
2019-06-05 08:49:07.841 18160 INFO rally.task.runner [-] Task e5d1e08e-6154-4daa-bc1e-bdf159d20181 | ITER: 30 END: OK
2019-06-05 08:49:07.863 18204 INFO rally.task.runner [-] Task e5d1e08e-6154-4daa-bc1e-bdf159d20181 | ITER: 38 END: OK
2019-06-05 08:49:08.383 18162 INFO rally.task.runner [-] Task e5d1e08e-6154-4daa-bc1e-bdf159d20181 | ITER: 40 END: OK
2019-06-05 08:49:08.464 18164 INFO rally.task.runner [-] Task e5d1e08e-6154-4daa-bc1e-bdf159d20181 | ITER: 34 END: OK
2019-06-05 08:49:08.831 18163 INFO rally.task.runner [-] Task e5d1e08e-6154-4daa-bc1e-bdf159d20181 | ITER: 39 END: OK
2019-06-05 08:49:08.892 18167 INFO rally.task.runner [-] Task e5d1e08e-6154-4daa-bc1e-bdf159d20181 | ITER: 36 END: OK
2019-06-05 08:49:08.929 14284 INFO rally.task.context [-] Task e5d1e08e-6154-4daa-bc1e-bdf159d20181 | Context cleanup@openstack cleanup() started
2019-06-05 08:49:08.931 14284 RALLYDEBUG rally_openstack.cleanup.manager [-] Cleaning up neutron vip objects
2019-06-05 08:49:09.326 14284 RALLYDEBUG rally_openstack.cleanup.manager [-] Cleaning up neutron health_monitor objects
2019-06-05 08:49:09.722 14284 RALLYDEBUG rally_openstack.cleanup.manager [-] Cleaning up neutron pool objects
2019-06-05 08:49:10.116 14284 RALLYDEBUG rally_openstack.cleanup.manager [-] Cleaning up neutron loadbalancer objects
2019-06-05 08:49:10.514 14284 RALLYDEBUG rally_openstack.cleanup.manager [-] Cleaning up neutron floatingip objects
2019-06-05 08:49:10.939 14284 RALLYDEBUG rally_openstack.cleanup.manager [-] Cleaning up neutron port objects
2019-06-05 08:49:11.791 14284 RALLYDEBUG rally_openstack.cleanup.manager [-] Deleting neutron.port object s_rally_869a1438_MWJ6ZCSG (0dbb528b-92ee-494c-94fe-2dd6cd94494f)
2019-06-05 08:49:11.795 14284 RALLYDEBUG rally_openstack.cleanup.manager [-] Deleting neutron.port object s_rally_869a1438_NO1i8zYs (0715f503-5646-4788-9fec-f352e3db7d5c)
2019-06-05 08:49:11.798 14284 RALLYDEBUG rally_openstack.cleanup.manager [-] Deleting neutron.port object s_rally_869a1438_jnSbVAf0 (0585c30e-1023-400c-a26c-8a1477bd2858)
2019-06-05 08:49:11.804 14284 RALLYDEBUG rally_openstack.cleanup.manager [-] Deleting neutron.port object s_rally_869a1438_EkyRlCzq (173b093d-6917-44c3-905b-f1635a00d6fe)
2019-06-05 08:49:11.806 14284 RALLYDEBUG rally_openstack.cleanup.manager [-] Deleting neutron.port object s_rally_869a1438_Zp4kO7H3 (0af7ae21-668b-49be-b7a6-8d018daab24b)
2019-06-05 08:49:11.807 14284 RALLYDEBUG rally_openstack.cleanup.manager [-] Deleting neutron.port object s_rally_869a1438_0kMDZTxR (07ece10f-3b29-47cb-a0d3-761bdd9d711b)
2019-06-05 08:49:11.810 14284 RALLYDEBUG rally_openstack.cleanup.manager [-] Deleting neutron.port object s_rally_869a1438_wrtHYgfz (15b32619-e5f3-4722-afd1-f641a9a39245)
2019-06-05 08:49:11.811 14284 RALLYDEBUG rally_openstack.cleanup.manager [-] Deleting neutron.port object s_rally_869a1438_uOY7Dx3P (0fb8de38-ca44-45b2-baf1-40afb8915618)
2019-06-05 08:49:11.813 14284 RALLYDEBUG rally_openstack.cleanup.manager [-] Deleting neutron.port object s_rally_869a1438_a0gmDJwJ (02de3f76-708a-49c9-b962-603388372c25)
2019-06-05 08:49:11.813 14284 RALLYDEBUG rally_openstack.cleanup.manager [-] Deleting neutron.port object s_rally_869a1438_i5oAQlkp (06137007-e34e-439e-97fb-30473c2a4bb4)
2019-06-05 08:49:11.813 14284 RALLYDEBUG rally_openstack.cleanup.manager [-] Deleting neutron.port object s_rally_869a1438_AfJ3XtCt (071e5e90-40c3-471c-85ee-82d59b2e2f25)
2019-06-05 08:49:11.815 14284 RALLYDEBUG rally_openstack.cleanup.manager [-] Deleting neutron.port object s_rally_869a1438_HJjV4Dww (0a4a19b3-aa2a-41b1-8b11-2cdc133341de)
2019-06-05 08:49:11.816 14284 RALLYDEBUG rally_openstack.cleanup.manager [-] Deleting neutron.port object s_rally_869a1438_he58P7Pv (14f63720-da88-43fa-aa40-1c6cefada7da)
2019-06-05 08:49:11.817 14284 RALLYDEBUG rally_openstack.cleanup.manager [-] Deleting neutron.port object s_rally_869a1438_qJqTZ0zB (057e0567-cae5-4f9a-866b-fe4f89f9b2fc)
2019-06-05 08:49:11.819 14284 RALLYDEBUG rally_openstack.cleanup.manager [-] Deleting neutron.port object s_rally_869a1438_UjCoCg4K (1c03a03d-bdf8-46ea-9091-a23ddf7f47df)
2019-06-05 08:49:11.825 14284 RALLYDEBUG rally_openstack.cleanup.manager [-] Deleting neutron.port object s_rally_869a1438_R1Rn5Z0h (076e92d8-9fcd-4ac1-849f-6c4f2c22995d)
2019-06-05 08:49:11.832 14284 RALLYDEBUG rally_openstack.cleanup.manager [-] Deleting neutron.port object s_rally_869a1438_Aeu8Iq09 (00e1669d-14e8-4ffd-a807-83b962d70deb)
2019-06-05 08:49:11.838 14284 RALLYDEBUG rally_openstack.cleanup.manager [-] Deleting neutron.port object s_rally_869a1438_ZMSyoDcx (07bec013-e610-4f0f-bedb-768c3bf9d470)
2019-06-05 08:49:11.844 14284 RALLYDEBUG rally_openstack.cleanup.manager [-] Deleting neutron.port object s_rally_869a1438_klw0Rlef (00f56b78-4ebf-4aec-b55b-e8eb278262dd)
2019-06-05 08:49:11.878 14284 RALLYDEBUG rally_openstack.cleanup.manager [-] Deleting neutron.port object s_rally_869a1438_kdnSHjKq (04c224ce-0987-4eb0-b51a-203b90e9d186)
2019-06-05 08:49:13.862 14284 RALLYDEBUG rally_openstack.cleanup.manager [-] Deleting neutron.port object s_rally_869a1438_6OxbKOiu (205857c9-ac7c-46b3-91d6-e6bd1c946855)
2019-06-05 08:49:13.906 14284 RALLYDEBUG rally_openstack.cleanup.manager [-] Deleting neutron.port object s_rally_869a1438_mWcqqx5Q (22bffc1b-5dec-4429-beaa-d31c772a214c)
2019-06-05 08:49:13.906 14284 RALLYDEBUG rally_openstack.cleanup.manager [-] Deleting neutron.port object s_rally_869a1438_MY5q2NHh (21cce849-2b44-41c9-86c8-b57ef0af92ed)
2019-06-05 08:49:14.184 14284 RALLYDEBUG rally_openstack.cleanup.manager [-] Deleting neutron.port object s_rally_869a1438_X5Lbrj0t (23b77371-ec90-4508-ba9d-260f5c7ab8ea)
2019-06-05 08:49:14.210 14284 RALLYDEBUG rally_openstack.cleanup.manager [-] Deleting neutron.port object s_rally_869a1438_xqQjNK6k (27a8e202-13d1-4312-ba82-fe18e54199ac)
2019-06-05 08:49:14.233 14284 RALLYDEBUG rally_openstack.cleanup.manager [-] Deleting neutron.port object s_rally_869a1438_wkotQXpH (28778c31-af74-429e-bc22-c5134ab6ae99)
2019-06-05 08:49:14.234 14284 RALLYDEBUG rally_openstack.cleanup.manager [-] Deleting neutron.port object s_rally_869a1438_dHQ93DOw (27b6e202-0fc9-49ca-bbd0-a4fb7b5b0c8a)
2019-06-05 08:49:14.417 14284 RALLYDEBUG rally_openstack.cleanup.manager [-] Deleting neutron.port object s_rally_869a1438_XJ59caK3 (2a203e73-5bde-482e-b747-c28eff4ad4c0)
2019-06-05 08:49:14.484 14284 RALLYDEBUG rally_openstack.cleanup.manager [-] Deleting neutron.port object s_rally_869a1438_fRveGp5Q (2c5fc269-fbee-4567-b2e6-95054c946e6a)
2019-06-05 08:49:14.517 14284 RALLYDEBUG rally_openstack.cleanup.manager [-] Deleting neutron.port object s_rally_869a1438_4hphhtUg (2d003c51-da13-4a1e-aed3-0049849d91b8)
2019-06-05 08:49:14.543 14284 RALLYDEBUG rally_openstack.cleanup.manager [-] Deleting neutron.port object s_rally_869a1438_hkXdqFNJ (2dfe456b-c6eb-4f3c-9883-431c4b73dab0)
2019-06-05 08:49:14.671 14284 RALLYDEBUG rally_openstack.cleanup.manager [-] Deleting neutron.port object s_rally_869a1438_UlNDrmub (2e1299d1-60eb-40fb-abdf-f3e884672c43)
2019-06-05 08:49:14.712 14284 RALLYDEBUG rally_openstack.cleanup.manager [-] Deleting neutron.port object s_rally_869a1438_RzkvYcni (2ece951e-b678-4c67-ba51-ae5737579ea3)
2019-06-05 08:49:14.739 14284 RALLYDEBUG rally_openstack.cleanup.manager [-] Deleting neutron.port object s_rally_869a1438_Zmdws1dm (2faed98e-e3a5-4919-a565-c19c438156a9)
2019-06-05 08:49:14.791 14284 RALLYDEBUG rally_openstack.cleanup.manager [-] Deleting neutron.port object s_rally_869a1438_2uQ1vbBs (33eabae3-ddb8-4433-968c-b0c3834efbbe)
2019-06-05 08:49:14.813 14284 RALLYDEBUG rally_openstack.cleanup.manager [-] Deleting neutron.port object s_rally_869a1438_TPCUe6NJ (352bc5b1-a449-43a8-a21f-f86b7413ea33)
2019-06-05 08:49:14.851 14284 RALLYDEBUG rally_openstack.cleanup.manager [-] Deleting neutron.port object s_rally_869a1438_d0YSRnW8 (3631eaa6-a1bc-4a3a-8760-415e6e8aac6d)
2019-06-05 08:49:14.990 14284 RALLYDEBUG rally_openstack.cleanup.manager [-] Deleting neutron.port object s_rally_869a1438_jtKFyFNh (372af3ba-dc32-4ee6-8a29-8131f75d9194)
2019-06-05 08:49:15.075 14284 RALLYDEBUG rally_openstack.cleanup.manager [-] Deleting neutron.port object s_rally_869a1438_OuX2trsd (37a01624-fc6f-459b-a670-c3b135e93e9a)
2019-06-05 08:49:15.121 14284 RALLYDEBUG rally_openstack.cleanup.manager [-] Deleting neutron.port object s_rally_869a1438_Fkx8Ulf6 (37a869c4-73c5-489f-9f53-993b8f580271)
2019-06-05 08:49:15.869 14284 RALLYDEBUG rally_openstack.cleanup.manager [-] Deleting neutron.port object s_rally_869a1438_UX74qHNd (38f44160-d4f7-42a5-92dc-bcf045c0afc1)
2019-06-05 08:49:15.958 14284 RALLYDEBUG rally_openstack.cleanup.manager [-] Deleting neutron.port object s_rally_869a1438_3WqtFj9H (39c4f6b0-499a-4449-a533-42968ee72e1d)
2019-06-05 08:49:16.116 14284 RALLYDEBUG rally_openstack.cleanup.manager [-] Deleting neutron.port object s_rally_869a1438_Rz1jGnJs (3b4611dc-bb20-4912-95b5-b72797101dc5)
2019-06-05 08:49:16.148 14284 RALLYDEBUG rally_openstack.cleanup.manager [-] Deleting neutron.port object s_rally_869a1438_p7VGla9S (3c05308c-04a5-4e12-8ae8-14481abcd34f)
2019-06-05 08:49:16.203 14284 RALLYDEBUG rally_openstack.cleanup.manager [-] Deleting neutron.port object s_rally_869a1438_oo5xqLKl (3e0a7347-8b5a-4c47-a44c-fd57bfb4def8)
2019-06-05 08:49:16.349 14284 RALLYDEBUG rally_openstack.cleanup.manager [-] Deleting neutron.port object s_rally_869a1438_wK1oNHwk (3ea026d6-f641-4f58-b8cc-4a9426de7efb)
2019-06-05 08:49:16.364 14284 RALLYDEBUG rally_openstack.cleanup.manager [-] Deleting neutron.port object s_rally_869a1438_uUb0I0xf (3ef72d2e-aecc-4050-ad2f-d2e4d5b81fdc)
2019-06-05 08:49:16.521 14284 RALLYDEBUG rally_openstack.cleanup.manager [-] Deleting neutron.port object s_rally_869a1438_u6ZoZIYV (40fe78e7-2e9e-44f7-af19-e3389079a544)
2019-06-05 08:49:16.671 14284 RALLYDEBUG rally_openstack.cleanup.manager [-] Deleting neutron.port object s_rally_869a1438_FGXlZrFG (44be8705-fae2-4b3f-8c5a-d311fd94ead7)
2019-06-05 08:49:16.675 14284 RALLYDEBUG rally_openstack.cleanup.manager [-] Deleting neutron.port object s_rally_869a1438_2VxBlXlb (42c3da40-142e-4203-8c48-12566bf90c58)
2019-06-05 08:49:16.897 14284 RALLYDEBUG rally_openstack.cleanup.manager [-] Deleting neutron.port object s_rally_869a1438_lLwH6UHV (452d9a5e-66b2-404d-ba2e-cbd783385bc7)
2019-06-05 08:49:16.946 14284 RALLYDEBUG rally_openstack.cleanup.manager [-] Deleting neutron.port object s_rally_869a1438_PicNq4WC (48c47d20-2e97-4919-8d5a-e958de7329f9)
2019-06-05 08:49:17.018 14284 RALLYDEBUG rally_openstack.cleanup.manager [-] Deleting neutron.port object s_rally_869a1438_LGfCyRTC (4eb77ee1-559d-4e07-b625-6813539cb76e)
2019-06-05 08:49:17.277 14284 RALLYDEBUG rally_openstack.cleanup.manager [-] Deleting neutron.port object s_rally_869a1438_ODh0M0tn (4f9d71bd-e002-4a8c-93cb-d77af799db38)
2019-06-05 08:49:17.573 14284 RALLYDEBUG rally_openstack.cleanup.manager [-] Deleting neutron.port object s_rally_869a1438_OrP5p8IG (5001498a-83e6-4f2b-82f9-ee51ec168e2a)
2019-06-05 08:49:17.673 14284 RALLYDEBUG rally_openstack.cleanup.manager [-] Deleting neutron.port object s_rally_869a1438_vtSAqzJM (502ab70f-1173-4f7a-81ca-42aaae831302)
2019-06-05 08:49:17.702 14284 RALLYDEBUG rally_openstack.cleanup.manager [-] Deleting neutron.port object s_rally_869a1438_eYqCcT3z (50eeb8c6-9e40-4423-83a8-19c360b1540f)
2019-06-05 08:49:17.878 14284 RALLYDEBUG rally_openstack.cleanup.manager [-] Deleting neutron.port object s_rally_869a1438_u5LsZqqR (53e3c4a2-a5a9-4959-9c74-ab5267a045f5)
2019-06-05 08:49:17.887 14284 RALLYDEBUG rally_openstack.cleanup.manager [-] Deleting neutron.port object s_rally_869a1438_SwvgABHC (544bb449-4cf9-4ab6-a45c-303087eeaa22)
2019-06-05 08:49:17.984 14284 RALLYDEBUG rally_openstack.cleanup.manager [-] Deleting neutron.port object s_rally_869a1438_Wot129Ak (54cbf9be-cf55-40ea-bc9b-d87bd77adffb)
2019-06-05 08:49:18.150 14284 RALLYDEBUG rally_openstack.cleanup.manager [-] Deleting neutron.port object s_rally_869a1438_T36Nk8Vk (5697b851-8e12-4184-9bcf-8f96072e5696)
2019-06-05 08:49:18.220 14284 RALLYDEBUG rally_openstack.cleanup.manager [-] Deleting neutron.port object s_rally_869a1438_HzyonROH (5774af3d-6bae-4681-a846-e540796a40ab)
2019-06-05 08:49:18.291 14284 RALLYDEBUG rally_openstack.cleanup.manager [-] Deleting neutron.port object s_rally_869a1438_2BOfpakZ (57c13108-e920-4cbe-bc59-5c2ae6209578)
2019-06-05 08:49:18.536 14284 RALLYDEBUG rally_openstack.cleanup.manager [-] Deleting neutron.port object s_rally_869a1438_dsGbobGf (58432d58-cbd3-41ec-9caf-32c5eac26c02)
2019-06-05 08:49:18.555 14284 RALLYDEBUG rally_openstack.cleanup.manager [-] Deleting neutron.port object s_rally_869a1438_EsNow2rs (5a6e00aa-4b5f-4309-a6b9-6bf3bc7604e3)
2019-06-05 08:49:18.582 14284 RALLYDEBUG rally_openstack.cleanup.manager [-] Deleting neutron.port object s_rally_869a1438_AanmSwKy (5b0c606f-6f6b-46f6-9e71-9439af7b5698)
2019-06-05 08:49:18.630 14284 RALLYDEBUG rally_openstack.cleanup.manager [-] Deleting neutron.port object s_rally_869a1438_uE9Mb8zT (5ce3a402-65aa-4323-8813-64c66bbe0257)
2019-06-05 08:49:18.710 14284 RALLYDEBUG rally_openstack.cleanup.manager [-] Deleting neutron.port object s_rally_869a1438_cPHjfKo9 (5d5effe8-8c3c-4756-9426-27040be72344)
2019-06-05 08:49:18.834 14284 RALLYDEBUG rally_openstack.cleanup.manager [-] Deleting neutron.port object s_rally_869a1438_xxCCHM7k (5deb07f9-b78a-46ce-a733-a7fbd43fe5b4)
