2019-06-05 08:49:18.989 14284 RALLYDEBUG rally_openstack.cleanup.manager [-] Deleting neutron.port object s_rally_869a1438_SDtiJWkE (5e3d392f-81b8-4c78-9a7e-bf2a935bbdf6)
2019-06-05 08:49:19.092 14284 RALLYDEBUG rally_openstack.cleanup.manager [-] Deleting neutron.port object s_rally_869a1438_zJvYzSug (6084493b-f343-4af3-9a2a-bb6fb0767a25)
2019-06-05 08:49:19.282 14284 RALLYDEBUG rally_openstack.cleanup.manager [-] Deleting neutron.port object s_rally_869a1438_R5UtQC08 (60c3b4b4-5fba-4499-9f6e-a46c86da9cca)
2019-06-05 08:49:19.294 14284 RALLYDEBUG rally_openstack.cleanup.manager [-] Deleting neutron.port object s_rally_869a1438_nwUm8bmQ (61a06d76-2fbe-4cb6-a6aa-ad74b5064492)
2019-06-05 08:49:19.414 14284 RALLYDEBUG rally_openstack.cleanup.manager [-] Deleting neutron.port object s_rally_869a1438_QPSPjuLi (65865cbb-0fe6-4fac-9708-08b9b359fcdc)
2019-06-05 08:49:19.708 14284 RALLYDEBUG rally_openstack.cleanup.manager [-] Deleting neutron.port object s_rally_869a1438_hR58wnQN (660817d2-20c5-41bc-afef-4ec97716085b)
2019-06-05 08:49:19.725 14284 RALLYDEBUG rally_openstack.cleanup.manager [-] Deleting neutron.port object s_rally_869a1438_KJpZBT74 (662e2f06-0421-44a5-844a-ed23807174aa)
2019-06-05 08:49:19.763 14284 RALLYDEBUG rally_openstack.cleanup.manager [-] Deleting neutron.port object s_rally_869a1438_ODpKQtNN (66a130e0-6561-4a2f-b9db-6432fc56cf43)
2019-06-05 08:49:19.807 14284 RALLYDEBUG rally_openstack.cleanup.manager [-] Deleting neutron.port object s_rally_869a1438_U1tQuxic (6723750a-d252-4abe-95bd-20bfd7ee4706)
2019-06-05 08:49:19.927 14284 RALLYDEBUG rally_openstack.cleanup.manager [-] Deleting neutron.port object s_rally_869a1438_6j8AhjoF (67836bfc-76bd-44f2-8a5b-e4b5c2d31652)
2019-06-05 08:49:20.010 14284 RALLYDEBUG rally_openstack.cleanup.manager [-] Deleting neutron.port object s_rally_869a1438_3qEbkj3n (683611d7-6b40-4ae1-84fe-6253cd1a3fbe)
2019-06-05 08:49:20.282 14284 RALLYDEBUG rally_openstack.cleanup.manager [-] Deleting neutron.port object s_rally_869a1438_yZx17CyG (6a7776e7-edce-4454-8ef1-e47e485c0866)
2019-06-05 08:49:20.372 14284 RALLYDEBUG rally_openstack.cleanup.manager [-] Deleting neutron.port object s_rally_869a1438_cBq9S27j (6a798574-a626-4ed8-8ecc-24347fcd30e2)
2019-06-05 08:49:20.484 14284 RALLYDEBUG rally_openstack.cleanup.manager [-] Deleting neutron.port object s_rally_869a1438_LC6vuCGX (6b1b4884-bb7e-455b-b166-454f8e5ddc71)
2019-06-05 08:49:20.620 14284 RALLYDEBUG rally_openstack.cleanup.manager [-] Deleting neutron.port object s_rally_869a1438_CBoabOJy (6dbb6ed5-3b09-4963-9f70-a2c0dcbe706c)
2019-06-05 08:49:20.689 14284 RALLYDEBUG rally_openstack.cleanup.manager [-] Deleting neutron.port object s_rally_869a1438_qoGzDKeQ (7173c642-bc12-4d71-a168-1d5a69a89e31)
2019-06-05 08:49:20.705 14284 RALLYDEBUG rally_openstack.cleanup.manager [-] Deleting neutron.port object s_rally_869a1438_EmtuwPbF (736025a2-d9e6-494e-a9b4-dc77003c98ac)
2019-06-05 08:49:20.875 14284 RALLYDEBUG rally_openstack.cleanup.manager [-] Deleting neutron.port object s_rally_869a1438_fprFd0X9 (740e29a6-35ba-4503-8102-9a23647138ab)
2019-06-05 08:49:20.953 14284 RALLYDEBUG rally_openstack.cleanup.manager [-] Deleting neutron.port object s_rally_869a1438_mgzjRpe9 (7655cf5a-718f-4c36-8796-19457831302e)
2019-06-05 08:49:21.016 14284 RALLYDEBUG rally_openstack.cleanup.manager [-] Deleting neutron.port object s_rally_869a1438_VDFzBkU0 (7a162041-fe50-4ec4-b3f8-ddb950b70ab0)
2019-06-05 08:49:21.026 14284 RALLYDEBUG rally_openstack.cleanup.manager [-] Deleting neutron.port object s_rally_869a1438_aSQlrE41 (7a6f6e37-6b42-4df1-b251-37e5f979663a)
2019-06-05 08:49:21.287 14284 RALLYDEBUG rally_openstack.cleanup.manager [-] Deleting neutron.port object s_rally_869a1438_DzDeD0zI (7cfd9ff0-422d-4fd0-8770-7921da43f0cc)
2019-06-05 08:49:21.319 14284 RALLYDEBUG rally_openstack.cleanup.manager [-] Deleting neutron.port object s_rally_869a1438_TF8fpf2v (7d3c6f24-563e-495f-90fd-28b0cd80c207)
2019-06-05 08:49:21.515 14284 RALLYDEBUG rally_openstack.cleanup.manager [-] Deleting neutron.port object s_rally_869a1438_8RRGpfsA (80ce191e-72a8-4ef9-b8e1-c13d11eb8f3a)
2019-06-05 08:49:21.537 14284 RALLYDEBUG rally_openstack.cleanup.manager [-] Deleting neutron.port object s_rally_869a1438_13Q7aUo4 (8279f58a-8e7d-4e44-b204-5e3fd229ab71)
2019-06-05 08:49:21.645 14284 RALLYDEBUG rally_openstack.cleanup.manager [-] Deleting neutron.port object s_rally_869a1438_0PQtgSMu (829a3454-d1a3-4b18-83d3-32743016c3c0)
2019-06-05 08:49:21.789 14284 RALLYDEBUG rally_openstack.cleanup.manager [-] Deleting neutron.port object s_rally_869a1438_oFSSmoKS (83a6fb71-3c0a-42e6-8243-1f251834297c)
2019-06-05 08:49:21.843 14284 RALLYDEBUG rally_openstack.cleanup.manager [-] Deleting neutron.port object s_rally_869a1438_r4tyYmBt (8722a1f2-fa58-4c37-a512-d1d08d063cfc)
2019-06-05 08:49:21.919 14284 RALLYDEBUG rally_openstack.cleanup.manager [-] Deleting neutron.port object s_rally_869a1438_V2Z4Qfn7 (889f86a1-ed22-402a-a5ce-4b4ffc1a481f)
2019-06-05 08:49:21.975 14284 RALLYDEBUG rally_openstack.cleanup.manager [-] Deleting neutron.port object s_rally_869a1438_69RWiLV6 (8a28df94-06a8-4699-80f2-1ff1b70d010e)
2019-06-05 08:49:22.208 14284 RALLYDEBUG rally_openstack.cleanup.manager [-] Deleting neutron.port object s_rally_869a1438_U5D1iE2z (8a482688-bb59-40ea-983a-ce707080ed9f)
2019-06-05 08:49:22.325 14284 RALLYDEBUG rally_openstack.cleanup.manager [-] Deleting neutron.port object s_rally_869a1438_lrdIMP6E (8aa89149-d633-4c76-86cb-573a3a17fe90)
2019-06-05 08:49:22.600 14284 RALLYDEBUG rally_openstack.cleanup.manager [-] Deleting neutron.port object s_rally_869a1438_rlc9myK9 (8acf16c5-f793-4d29-a7e0-489982331225)
2019-06-05 08:49:22.695 14284 RALLYDEBUG rally_openstack.cleanup.manager [-] Deleting neutron.port object s_rally_869a1438_2VbG5ij3 (8bb728c1-8095-48f4-82e4-d3624fa324a0)
2019-06-05 08:49:22.794 14284 RALLYDEBUG rally_openstack.cleanup.manager [-] Deleting neutron.port object s_rally_869a1438_7QkiHuCD (8bf79572-7573-4fbb-992b-8295a402f069)
2019-06-05 08:49:22.868 14284 RALLYDEBUG rally_openstack.cleanup.manager [-] Deleting neutron.port object s_rally_869a1438_uhEXsIIq (8ca8cb1c-a7b4-42d1-8ee6-5a0e3e21bbf5)
2019-06-05 08:49:22.979 14284 RALLYDEBUG rally_openstack.cleanup.manager [-] Deleting neutron.port object s_rally_869a1438_XNjqJzLb (8ce840da-9c64-4cc2-b3cc-c157bb6cf9f3)
2019-06-05 08:49:23.023 14284 RALLYDEBUG rally_openstack.cleanup.manager [-] Deleting neutron.port object s_rally_869a1438_Odxew873 (8dfcaced-79fb-4e49-a753-e65ca656cdf1)
2019-06-05 08:49:23.152 14284 RALLYDEBUG rally_openstack.cleanup.manager [-] Deleting neutron.port object s_rally_869a1438_WuAkHqcl (8e66d090-1cdd-451c-aedb-f5377ee9a269)
2019-06-05 08:49:23.533 14284 RALLYDEBUG rally_openstack.cleanup.manager [-] Deleting neutron.port object s_rally_869a1438_KSIqryKf (903750e3-22aa-4659-8633-5f4039ed5786)
2019-06-05 08:49:23.643 14284 RALLYDEBUG rally_openstack.cleanup.manager [-] Deleting neutron.port object s_rally_869a1438_Fghpl7iS (90e86af3-632d-4627-8ce6-afc576b6d822)
2019-06-05 08:49:23.677 14284 RALLYDEBUG rally_openstack.cleanup.manager [-] Deleting neutron.port object s_rally_869a1438_zT2IZc5E (924ff5be-892f-493b-8e25-8d056f025920)
2019-06-05 08:49:23.806 14284 RALLYDEBUG rally_openstack.cleanup.manager [-] Deleting neutron.port object s_rally_869a1438_oBeV0o4R (9341f48f-b278-401d-b284-29648a15b75d)
2019-06-05 08:49:23.844 14284 RALLYDEBUG rally_openstack.cleanup.manager [-] Deleting neutron.port object s_rally_869a1438_pSn4YAJz (93ac1574-181c-4470-bd55-edfaac8af236)
2019-06-05 08:49:23.938 14284 RALLYDEBUG rally_openstack.cleanup.manager [-] Deleting neutron.port object s_rally_869a1438_zJQ3ZPYu (95941a42-800a-4576-a5af-cde5b3e1124f)
2019-06-05 08:49:24.076 14284 RALLYDEBUG rally_openstack.cleanup.manager [-] Deleting neutron.port object s_rally_869a1438_36EXctW7 (98469660-6d2b-4814-a255-af934f4bf302)
2019-06-05 08:49:24.244 14284 RALLYDEBUG rally_openstack.cleanup.manager [-] Deleting neutron.port object s_rally_869a1438_AeVWLPO6 (9af6963c-a4da-44d6-8c12-bef44a23e31f)
2019-06-05 08:49:24.287 14284 RALLYDEBUG rally_openstack.cleanup.manager [-] Deleting neutron.port object s_rally_869a1438_Htfj3II7 (9cafceeb-d4e3-4c20-bee9-dfd9ebadfb47)
2019-06-05 08:49:24.376 14284 RALLYDEBUG rally_openstack.cleanup.manager [-] Deleting neutron.port object s_rally_869a1438_64UlfBRe (9e36e6a3-d690-4cb8-b062-5fbfc79d6886)
2019-06-05 08:49:24.601 14284 RALLYDEBUG rally_openstack.cleanup.manager [-] Deleting neutron.port object s_rally_869a1438_sqeXaXli (9e7f2ae9-0d62-40a5-a217-5edf42e61af2)
2019-06-05 08:49:24.633 14284 RALLYDEBUG rally_openstack.cleanup.manager [-] Deleting neutron.port object s_rally_869a1438_ZOUaYBBT (9fcf8ec8-d6a9-4b50-ae6b-dd9a068ef17f)
2019-06-05 08:49:24.770 14284 RALLYDEBUG rally_openstack.cleanup.manager [-] Deleting neutron.port object s_rally_869a1438_CGRdFPTA (a15c2753-97cf-4623-abd3-46ed29cbed5a)
2019-06-05 08:49:24.810 14284 RALLYDEBUG rally_openstack.cleanup.manager [-] Deleting neutron.port object s_rally_869a1438_Wq9sky9R (a174dc06-fc15-465b-b766-5f12103fc6a4)
2019-06-05 08:49:24.855 14284 RALLYDEBUG rally_openstack.cleanup.manager [-] Deleting neutron.port object s_rally_869a1438_b8RTXXGd (a2ce39d2-dd5c-496d-8f49-0e4d8cee0dfb)
2019-06-05 08:49:24.983 14284 RALLYDEBUG rally_openstack.cleanup.manager [-] Deleting neutron.port object s_rally_869a1438_3nO8t97g (a6f05090-a1db-4460-bb50-26845412eff2)
2019-06-05 08:49:25.095 14284 RALLYDEBUG rally_openstack.cleanup.manager [-] Deleting neutron.port object s_rally_869a1438_ojBsB4Lv (aa14c5d8-95dc-499d-8f3f-4771cc6b924e)
2019-06-05 08:49:25.284 14284 RALLYDEBUG rally_openstack.cleanup.manager [-] Deleting neutron.port object s_rally_869a1438_1KoMULsT (ab5efd94-36f5-4295-938d-6daf7d4227ff)
2019-06-05 08:49:25.351 14284 RALLYDEBUG rally_openstack.cleanup.manager [-] Deleting neutron.port object s_rally_869a1438_tjkEJbgI (ab9b6d79-61ca-4956-9c0d-0d8bbb4199e7)
2019-06-05 08:49:25.468 14284 RALLYDEBUG rally_openstack.cleanup.manager [-] Deleting neutron.port object s_rally_869a1438_FAEZBIug (abc4ae60-d1e9-4ea7-870b-94a7eaa55afe)
2019-06-05 08:49:25.599 14284 RALLYDEBUG rally_openstack.cleanup.manager [-] Deleting neutron.port object s_rally_869a1438_bJkT0UJ4 (adce4c74-00e4-4a48-8521-eff518eab3f2)
2019-06-05 08:49:25.793 14284 RALLYDEBUG rally_openstack.cleanup.manager [-] Deleting neutron.port object s_rally_869a1438_Sz1LWcRK (adfced5f-cb85-4df7-a8b1-e2d0c0c48ad5)
2019-06-05 08:49:25.818 14284 RALLYDEBUG rally_openstack.cleanup.manager [-] Deleting neutron.port object s_rally_869a1438_u4bMzatL (ae7ecd84-8a5b-4773-b8ee-12efa65409cf)
2019-06-05 08:49:26.108 14284 RALLYDEBUG rally_openstack.cleanup.manager [-] Deleting neutron.port object s_rally_869a1438_RSEmGJR4 (b048d3f7-90d7-4a44-8f04-58cecfe0521d)
2019-06-05 08:49:26.135 14284 RALLYDEBUG rally_openstack.cleanup.manager [-] Deleting neutron.port object s_rally_869a1438_K6KY48JN (b1360dc4-4034-4ee7-ada2-9ebcbe508371)
2019-06-05 08:49:26.152 14284 RALLYDEBUG rally_openstack.cleanup.manager [-] Deleting neutron.port object s_rally_869a1438_DDWDtOLp (b21c490a-1485-439f-bb68-0e9ba82da88d)
2019-06-05 08:49:26.262 14284 RALLYDEBUG rally_openstack.cleanup.manager [-] Deleting neutron.port object s_rally_869a1438_YBScif4S (b423ddda-7696-4262-9693-3a153d4848ea)
2019-06-05 08:49:26.313 14284 RALLYDEBUG rally_openstack.cleanup.manager [-] Deleting neutron.port object s_rally_869a1438_JO9muBB0 (b5915a25-f387-499f-b286-f5c366aed19e)
2019-06-05 08:49:26.340 14284 RALLYDEBUG rally_openstack.cleanup.manager [-] Deleting neutron.port object s_rally_869a1438_dw32LAFw (b7280623-1cdb-44d3-b3bf-6b3a36f00ee2)
2019-06-05 08:49:26.459 14284 RALLYDEBUG rally_openstack.cleanup.manager [-] Deleting neutron.port object s_rally_869a1438_5T7C5zv1 (b77b9573-67d7-468d-99aa-327d61eccf4a)
2019-06-05 08:49:26.664 14284 RALLYDEBUG rally_openstack.cleanup.manager [-] Deleting neutron.port object s_rally_869a1438_DJJbgGZK (b9a7f2af-f2c1-4e87-bac7-473a83da706e)
2019-06-05 08:49:26.676 14284 RALLYDEBUG rally_openstack.cleanup.manager [-] Deleting neutron.port object s_rally_869a1438_xCn8KZuu (b9e6c9c2-cc86-4dc0-9533-652ef40623a7)
2019-06-05 08:49:27.140 14284 RALLYDEBUG rally_openstack.cleanup.manager [-] Deleting neutron.port object s_rally_869a1438_XdWYNood (ba640b6a-317c-45c3-bc2f-0dfe156f59fe)
2019-06-05 08:49:27.208 14284 RALLYDEBUG rally_openstack.cleanup.manager [-] Deleting neutron.port object s_rally_869a1438_XGqKW3dd (bb143c8b-9aca-414f-a1a0-123639f0f0a7)
2019-06-05 08:49:27.314 14284 RALLYDEBUG rally_openstack.cleanup.manager [-] Deleting neutron.port object s_rally_869a1438_FfKoaUAM (bc514ddd-149b-4cfc-9023-49087c014df1)
2019-06-05 08:49:27.493 14284 RALLYDEBUG rally_openstack.cleanup.manager [-] Deleting neutron.port object s_rally_869a1438_KcNb4OHl (bdd4a499-8c43-4871-b718-1fd975b8660a)
2019-06-05 08:49:27.552 14284 RALLYDEBUG rally_openstack.cleanup.manager [-] Deleting neutron.port object s_rally_869a1438_xaYGqJlO (be30bcd9-6281-4c7d-9b38-001685848227)
2019-06-05 08:49:27.575 14284 RALLYDEBUG rally_openstack.cleanup.manager [-] Deleting neutron.port object s_rally_869a1438_AWCRnPW3 (be5fa00f-fc59-4aca-bdf9-470958a2156e)
2019-06-05 08:49:27.605 14284 RALLYDEBUG rally_openstack.cleanup.manager [-] Deleting neutron.port object s_rally_869a1438_E5koCKkF (be5ffb7b-f190-4f99-92aa-ebf1372ae63f)
2019-06-05 08:49:27.674 14284 RALLYDEBUG rally_openstack.cleanup.manager [-] Deleting neutron.port object s_rally_869a1438_4BK2p8Nu (bf4f6892-0ebc-4d0b-b1f3-fbcbe1c1c21d)
2019-06-05 08:49:27.913 14284 RALLYDEBUG rally_openstack.cleanup.manager [-] Deleting neutron.port object s_rally_869a1438_l8Lzq5pc (c00430ea-582a-4e2a-ac48-c35f016f5110)
2019-06-05 08:49:28.076 14284 RALLYDEBUG rally_openstack.cleanup.manager [-] Deleting neutron.port object s_rally_869a1438_JEp7rX6M (c1901f6d-6c38-4c23-8103-d93755272585)
2019-06-05 08:49:28.139 14284 RALLYDEBUG rally_openstack.cleanup.manager [-] Deleting neutron.port object s_rally_869a1438_f99cWWya (c25bfcbb-c3a6-4c29-87b9-82e448d062d8)
2019-06-05 08:49:28.465 14284 RALLYDEBUG rally_openstack.cleanup.manager [-] Deleting neutron.port object s_rally_869a1438_RWcbspjI (c2834b3a-4b2e-46ad-bb4d-6a61b9f4cd3e)
2019-06-05 08:49:28.467 14284 RALLYDEBUG rally_openstack.cleanup.manager [-] Deleting neutron.port object s_rally_869a1438_CNhYoyFs (c3f456d0-1c4d-4cef-b6f5-1c9264a79f89)
2019-06-05 08:49:28.556 14284 RALLYDEBUG rally_openstack.cleanup.manager [-] Deleting neutron.port object s_rally_869a1438_wMI6vVAr (c71b13ae-7409-4d07-ade6-64cb2f2b13ab)
2019-06-05 08:49:28.617 14284 RALLYDEBUG rally_openstack.cleanup.manager [-] Deleting neutron.port object s_rally_869a1438_wGXPeZEI (c84f968d-bcd9-42a5-8b2f-cbfa476790bc)
2019-06-05 08:49:28.705 14284 RALLYDEBUG rally_openstack.cleanup.manager [-] Deleting neutron.port object s_rally_869a1438_HjK8U2Mc (c96cc192-373b-494b-b3cc-23a15f5d993b)
2019-06-05 08:49:28.731 14284 RALLYDEBUG rally_openstack.cleanup.manager [-] Deleting neutron.port object s_rally_869a1438_CGeTzt4B (c9c51d6b-5e31-4b72-9313-dc9bff628514)
2019-06-05 08:49:28.838 14284 RALLYDEBUG rally_openstack.cleanup.manager [-] Deleting neutron.port object s_rally_869a1438_Bd1mgfFL (ca4407f3-94c6-407d-a3de-cca330cfc1fe)
2019-06-05 08:49:28.943 14284 RALLYDEBUG rally_openstack.cleanup.manager [-] Deleting neutron.port object s_rally_869a1438_sHBeZGm0 (cab712d3-d16c-4ad1-8a5c-c39102340bee)
2019-06-05 08:49:29.190 14284 RALLYDEBUG rally_openstack.cleanup.manager [-] Deleting neutron.port object s_rally_869a1438_4IRvz91I (cc95d1b5-f839-49db-b6a8-ebc5a5f47d73)
2019-06-05 08:49:29.225 14284 RALLYDEBUG rally_openstack.cleanup.manager [-] Deleting neutron.port object s_rally_869a1438_Lt5L7MTC (cebbdec9-e9b6-4220-bf63-e132679b266b)
2019-06-05 08:49:29.412 14284 RALLYDEBUG rally_openstack.cleanup.manager [-] Deleting neutron.port object s_rally_869a1438_r0IobdkJ (d0ac65b5-7748-43b9-a70c-5b10f73732a4)
2019-06-05 08:49:29.539 14284 RALLYDEBUG rally_openstack.cleanup.manager [-] Deleting neutron.port object s_rally_869a1438_nXcPViIJ (d0ff8b36-26ef-46fb-b411-b48b9828ba5f)
2019-06-05 08:49:29.761 14284 RALLYDEBUG rally_openstack.cleanup.manager [-] Deleting neutron.port object s_rally_869a1438_Tw14XMV9 (d1e6fd24-e849-4047-839d-5840d50066e5)
2019-06-05 08:49:29.838 14284 RALLYDEBUG rally_openstack.cleanup.manager [-] Deleting neutron.port object s_rally_869a1438_pXGYbZci (d27ae117-e284-4c2b-a5f6-c21cecd46edd)
2019-06-05 08:49:29.944 14284 RALLYDEBUG rally_openstack.cleanup.manager [-] Deleting neutron.port object s_rally_869a1438_Vy6h5sr2 (d56fcac7-1efe-4dc0-bfcd-91bae019d4a4)
2019-06-05 08:49:29.985 14284 RALLYDEBUG rally_openstack.cleanup.manager [-] Deleting neutron.port object s_rally_869a1438_vd3NhOmi (d6cd86e1-f514-4cf9-a02c-0c3593029ef4)
2019-06-05 08:49:30.028 14284 RALLYDEBUG rally_openstack.cleanup.manager [-] Deleting neutron.port object s_rally_869a1438_HnxcjBiB (da700c74-d3b4-4a1f-99fb-2b3afd4158b2)
2019-06-05 08:49:30.074 14284 RALLYDEBUG rally_openstack.cleanup.manager [-] Deleting neutron.port object s_rally_869a1438_2Y4K5a63 (dac61cb6-2df8-4fb9-a1b6-2b21a2389e0d)
2019-06-05 08:49:30.294 14284 RALLYDEBUG rally_openstack.cleanup.manager [-] Deleting neutron.port object s_rally_869a1438_YS81naDL (db539505-9a55-4946-b696-2b2b574c0529)
2019-06-05 08:49:30.324 14284 RALLYDEBUG rally_openstack.cleanup.manager [-] Deleting neutron.port object s_rally_869a1438_2YBJ8za8 (dd7e1c61-0dbf-4d26-b7e3-b7dd0dff51c5)
2019-06-05 08:49:30.468 14284 RALLYDEBUG rally_openstack.cleanup.manager [-] Deleting neutron.port object s_rally_869a1438_gF3uATmS (ded681a6-a826-4145-afa3-82bec8154cec)
2019-06-05 08:49:30.532 14284 RALLYDEBUG rally_openstack.cleanup.manager [-] Deleting neutron.port object s_rally_869a1438_4cBzTjIK (e0ea37f9-2865-4a77-9f3c-b20d26dc33b9)
2019-06-05 08:49:30.635 14284 RALLYDEBUG rally_openstack.cleanup.manager [-] Deleting neutron.port object s_rally_869a1438_lwck0Zvm (e0ef472b-a8ee-43c5-be26-0ea3474904e1)
2019-06-05 08:49:30.798 14284 RALLYDEBUG rally_openstack.cleanup.manager [-] Deleting neutron.port object s_rally_869a1438_CApbFmGV (e0f6af4e-960e-4ce1-9c19-5062f0a6c750)
2019-06-05 08:49:30.891 14284 RALLYDEBUG rally_openstack.cleanup.manager [-] Deleting neutron.port object s_rally_869a1438_Aq7Atxej (e1189666-59e2-47ce-8b18-2a37e9230384)
2019-06-05 08:49:31.104 14284 RALLYDEBUG rally_openstack.cleanup.manager [-] Deleting neutron.port object s_rally_869a1438_0NW369Re (e21c89a6-7b37-4ad2-83d7-ea3909661c02)
2019-06-05 08:49:31.224 14284 RALLYDEBUG rally_openstack.cleanup.manager [-] Deleting neutron.port object s_rally_869a1438_HyFhJ4Xx (e2f9b6cc-5adf-470f-bae7-a446b797a01c)
2019-06-05 08:49:31.246 14284 RALLYDEBUG rally_openstack.cleanup.manager [-] Deleting neutron.port object s_rally_869a1438_7rfVsT7R (e425c6d3-aece-4060-8bbb-4daf3bde5322)
2019-06-05 08:49:31.458 14284 RALLYDEBUG rally_openstack.cleanup.manager [-] Deleting neutron.port object s_rally_869a1438_TXT0ymQf (e50df182-16ef-4936-bc29-82e2c1212d56)
2019-06-05 08:49:31.602 14284 RALLYDEBUG rally_openstack.cleanup.manager [-] Deleting neutron.port object s_rally_869a1438_SoPn30eq (e6198021-2864-4608-8b1e-81b3719b1100)
2019-06-05 08:49:31.671 14284 RALLYDEBUG rally_openstack.cleanup.manager [-] Deleting neutron.port object s_rally_869a1438_gp9hRndc (e6db5c8c-b6f6-4433-b8f9-f108483ad585)
2019-06-05 08:49:31.775 14284 RALLYDEBUG rally_openstack.cleanup.manager [-] Deleting neutron.port object s_rally_869a1438_9lxtc2Od (e739b08f-b19d-4116-ab38-f27baad42b14)
2019-06-05 08:49:31.823 14284 RALLYDEBUG rally_openstack.cleanup.manager [-] Deleting neutron.port object s_rally_869a1438_LoPgNYdh (e73e8412-8fd8-4572-b778-43bb2fe8750a)
2019-06-05 08:49:31.899 14284 RALLYDEBUG rally_openstack.cleanup.manager [-] Deleting neutron.port object s_rally_869a1438_VKEQNsYs (e8d55546-12bc-4f80-8a58-2ff9ab6e6d00)
2019-06-05 08:49:32.140 14284 RALLYDEBUG rally_openstack.cleanup.manager [-] Deleting neutron.port object s_rally_869a1438_jBpXeUQK (ea036d33-3951-4681-8270-afa94049b5ca)
2019-06-05 08:49:32.237 14284 RALLYDEBUG rally_openstack.cleanup.manager [-] Deleting neutron.port object s_rally_869a1438_hTKYMmf7 (ea1bfc58-1909-4c83-810f-899a9c2afc54)
2019-06-05 08:49:32.309 14284 RALLYDEBUG rally_openstack.cleanup.manager [-] Deleting neutron.port object s_rally_869a1438_r59Yqmzo (ee4652a1-78fd-48d7-8cae-7ad72d6ae724)
2019-06-05 08:49:32.366 14284 RALLYDEBUG rally_openstack.cleanup.manager [-] Deleting neutron.port object s_rally_869a1438_iYlj6I3r (eed0228b-83a1-49bd-9aa6-b43787bdba46)
2019-06-05 08:49:32.508 14284 RALLYDEBUG rally_openstack.cleanup.manager [-] Deleting neutron.port object s_rally_869a1438_3CPeQ1iJ (f039e4cd-a126-461a-a138-77d5510392d9)
2019-06-05 08:49:32.632 14284 RALLYDEBUG rally_openstack.cleanup.manager [-] Deleting neutron.port object s_rally_869a1438_LEV4fkK4 (f064f876-a308-4fdb-8d71-94278f6f42af)
2019-06-05 08:49:32.654 14284 RALLYDEBUG rally_openstack.cleanup.manager [-] Deleting neutron.port object s_rally_869a1438_InlNpPBu (f0cc95b1-c729-42c2-a0cc-185336b54e81)
2019-06-05 08:49:32.908 14284 RALLYDEBUG rally_openstack.cleanup.manager [-] Deleting neutron.port object s_rally_869a1438_a9cfV9EC (f1667693-9a52-40ee-9488-7f68e92cc9d9)
2019-06-05 08:49:32.990 14284 RALLYDEBUG rally_openstack.cleanup.manager [-] Deleting neutron.port object s_rally_869a1438_ddTMKRUv (f37103f4-7117-4e79-92c2-e31119927819)
2019-06-05 08:49:33.097 14284 RALLYDEBUG rally_openstack.cleanup.manager [-] Deleting neutron.port object s_rally_869a1438_nPcpyGf7 (f3a6cdad-48e3-4653-920d-9bf160fb511e)
2019-06-05 08:49:33.114 14284 RALLYDEBUG rally_openstack.cleanup.manager [-] Deleting neutron.port object s_rally_869a1438_qw9RDw2d (f4db19e6-201b-4bdb-9860-7a27aba090a1)
2019-06-05 08:49:33.213 14284 RALLYDEBUG rally_openstack.cleanup.manager [-] Deleting neutron.port object s_rally_869a1438_BhRaievS (fd5254cb-0acb-4587-a1a8-39418919dbe8)
2019-06-05 08:49:33.311 14284 RALLYDEBUG rally_openstack.cleanup.manager [-] Deleting neutron.port object s_rally_869a1438_WnG0mkyd (ff31a4e1-91fa-4ce2-a934-87cbca0a0a6a)
2019-06-05 08:49:33.590 14284 RALLYDEBUG rally_openstack.cleanup.manager [-] Deleting neutron.port object s_rally_869a1438_dnRS2wql (ff44fa4d-53ff-4190-b339-c8958934f00c)
2019-06-05 08:49:33.771 14284 RALLYDEBUG rally_openstack.cleanup.manager [-] Deleting neutron.port object s_rally_869a1438_foAAPj0H (ff919e63-977a-41aa-9b07-e8fad2a13840)
2019-06-05 08:49:35.901 14284 RALLYDEBUG rally_openstack.cleanup.manager [-] Cleaning up neutron subnet objects
2019-06-05 08:49:36.325 14284 RALLYDEBUG rally_openstack.cleanup.manager [-] Cleaning up neutron network objects
2019-06-05 08:49:37.142 14284 RALLYDEBUG rally_openstack.cleanup.manager [-] Deleting neutron.network object s_rally_869a1438_oOaAwLO4 (0463e5bf-cd81-49df-9206-39ae5c5a2acf)
2019-06-05 08:49:37.154 14284 RALLYDEBUG rally_openstack.cleanup.manager [-] Deleting neutron.network object s_rally_869a1438_t0JmD09Y (137b8ea4-00a8-46f3-9609-4d9353bf4480)
2019-06-05 08:49:37.162 14284 RALLYDEBUG rally_openstack.cleanup.manager [-] Deleting neutron.network object s_rally_869a1438_nqHeDJWa (1a694d15-4246-4d39-8f47-97e9767127e9)
2019-06-05 08:49:37.174 14284 RALLYDEBUG rally_openstack.cleanup.manager [-] Deleting neutron.network object s_rally_869a1438_lV4idbeV (373c166e-48db-4569-bb1a-169811f2f2cf)
2019-06-05 08:49:37.185 14284 RALLYDEBUG rally_openstack.cleanup.manager [-] Deleting neutron.network object s_rally_869a1438_amMc8NCo (2c7688ee-29fa-4933-b31d-11981b250a35)
2019-06-05 08:49:37.202 14284 RALLYDEBUG rally_openstack.cleanup.manager [-] Deleting neutron.network object s_rally_869a1438_K5SLXmpK (39e2c35d-76e5-470d-ac74-d4adca37af7a)
2019-06-05 08:49:37.240 14284 RALLYDEBUG rally_openstack.cleanup.manager [-] Deleting neutron.network object s_rally_869a1438_AtAD1SBZ (51f4a083-5b3e-4da6-9efd-6aa924631160)
2019-06-05 08:49:37.255 14284 RALLYDEBUG rally_openstack.cleanup.manager [-] Deleting neutron.network object s_rally_869a1438_KBMh6czr (4cc3269c-8098-49c1-9adb-bb5e48d0fdf5)
2019-06-05 08:49:37.288 14284 RALLYDEBUG rally_openstack.cleanup.manager [-] Deleting neutron.network object s_rally_869a1438_3nLIHaAK (55694418-1fe7-4b05-9e58-41395eb1815c)
2019-06-05 08:49:37.311 14284 RALLYDEBUG rally_openstack.cleanup.manager [-] Deleting neutron.network object s_rally_869a1438_8wG6scXs (5b405df8-cd5a-4af7-a197-2eb8c2222c79)
2019-06-05 08:49:37.308 14284 RALLYDEBUG rally_openstack.cleanup.manager [-] Deleting neutron.network object s_rally_869a1438_1LHOvbnU (58cfd9c7-7c10-4d26-92dc-77fa7b98a147)
2019-06-05 08:49:37.313 14284 RALLYDEBUG rally_openstack.cleanup.manager [-] Deleting neutron.network object s_rally_869a1438_RtqlTHYe (62dac2f9-7e82-4f28-bbfd-952a6089332a)
2019-06-05 08:49:37.338 14284 RALLYDEBUG rally_openstack.cleanup.manager [-] Deleting neutron.network object s_rally_869a1438_wwy2FkhV (5a9513a2-e487-4f6f-ac06-fabbde576489)
2019-06-05 08:49:37.368 14284 RALLYDEBUG rally_openstack.cleanup.manager [-] Deleting neutron.network object s_rally_869a1438_YrNyJXHq (5cd20920-a913-430b-9cc9-16b9adc1554b)
2019-06-05 08:49:37.398 14284 RALLYDEBUG rally_openstack.cleanup.manager [-] Deleting neutron.network object s_rally_869a1438_27YIqmNb (7237b65b-fe77-40ee-aab3-b42b782e9e3f)
2019-06-05 08:49:37.411 14284 RALLYDEBUG rally_openstack.cleanup.manager [-] Deleting neutron.network object s_rally_869a1438_3jCGpPPF (66befc66-2030-4e8c-82cc-0bb3d863b16d)
2019-06-05 08:49:37.430 14284 RALLYDEBUG rally_openstack.cleanup.manager [-] Deleting neutron.network object s_rally_869a1438_qQj48dP7 (7e588d18-08a4-4343-8f53-8e5874e3a26f)
2019-06-05 08:49:37.430 14284 RALLYDEBUG rally_openstack.cleanup.manager [-] Deleting neutron.network object s_rally_869a1438_ZHOuxNNv (8fc55542-5c4c-47c1-a881-2ab0be9612bc)
2019-06-05 08:49:37.437 14284 RALLYDEBUG rally_openstack.cleanup.manager [-] Deleting neutron.network object s_rally_869a1438_HZZgkKN4 (6f4d7c23-6ebb-4d4c-9cf0-e128f89dfba6)
2019-06-05 08:49:37.457 14284 RALLYDEBUG rally_openstack.cleanup.manager [-] Deleting neutron.network object s_rally_869a1438_Xc9uwKYC (71778c74-3be1-4e81-a5f2-4380c920c348)
2019-06-05 08:49:39.445 14284 RALLYDEBUG rally_openstack.cleanup.manager [-] Deleting neutron.network object s_rally_869a1438_F2yrRPo0 (99c24de5-c799-479a-9317-a77befb09b9d)
2019-06-05 08:49:39.605 14284 RALLYDEBUG rally_openstack.cleanup.manager [-] Deleting neutron.network object s_rally_869a1438_bRtxil9Y (9b210c53-25b5-4b53-b301-7bfd788650b2)
2019-06-05 08:49:39.664 14284 RALLYDEBUG rally_openstack.cleanup.manager [-] Deleting neutron.network object s_rally_869a1438_F7eDHRYb (9cc3499f-5d6b-4c52-ad29-a034a2fd4d1f)
2019-06-05 08:49:39.853 14284 RALLYDEBUG rally_openstack.cleanup.manager [-] Deleting neutron.network object s_rally_869a1438_HSYIglEO (a3f64202-b395-459e-bdf0-7d130df308c9)
2019-06-05 08:49:39.898 14284 RALLYDEBUG rally_openstack.cleanup.manager [-] Deleting neutron.network object s_rally_869a1438_cjgSxle0 (b6a9017e-dc79-43f0-8c29-9f18ad314ff8)
2019-06-05 08:49:40.067 14284 RALLYDEBUG rally_openstack.cleanup.manager [-] Deleting neutron.network object s_rally_869a1438_qQJvdoAv (ba1cf2ab-d40c-4a16-83c1-ea907e6417ef)
2019-06-05 08:49:40.127 14284 RALLYDEBUG rally_openstack.cleanup.manager [-] Deleting neutron.network object s_rally_869a1438_skp2ZDWL (c138db45-3ed5-4aa7-a386-361f9646f808)
2019-06-05 08:49:40.253 14284 RALLYDEBUG rally_openstack.cleanup.manager [-] Deleting neutron.network object s_rally_869a1438_PQ0WXsD7 (c36c85f0-bc76-475f-a58e-4249595321fb)
2019-06-05 08:49:40.433 14284 RALLYDEBUG rally_openstack.cleanup.manager [-] Deleting neutron.network object s_rally_869a1438_CrFvRc8a (c52e65c8-0b9b-4618-8e9e-374e8416c8b1)
2019-06-05 08:49:40.470 14284 RALLYDEBUG rally_openstack.cleanup.manager [-] Deleting neutron.network object s_rally_869a1438_RQTkK2Zh (c7e5c392-784e-4914-91dd-d406405c48a9)
2019-06-05 08:49:40.494 14284 RALLYDEBUG rally_openstack.cleanup.manager [-] Deleting neutron.network object s_rally_869a1438_ly02FzI7 (c857d940-8d4c-4ade-81c9-624b3697c640)
2019-06-05 08:49:40.521 14284 RALLYDEBUG rally_openstack.cleanup.manager [-] Deleting neutron.network object s_rally_869a1438_haGeVSxQ (d780b4f3-b3d2-4411-b342-a080f564814c)
2019-06-05 08:49:40.541 14284 RALLYDEBUG rally_openstack.cleanup.manager [-] Deleting neutron.network object s_rally_869a1438_UcYVHudx (df71f968-423b-40c1-8399-e3e0e637fefc)
2019-06-05 08:49:40.622 14284 RALLYDEBUG rally_openstack.cleanup.manager [-] Deleting neutron.network object s_rally_869a1438_zh5F39ES (e25f0c98-0e8b-4a45-8c74-25c4aaca8344)
2019-06-05 08:49:40.677 14284 RALLYDEBUG rally_openstack.cleanup.manager [-] Deleting neutron.network object s_rally_869a1438_YoUG6Npl (e467f7fb-2f84-434f-88ac-22b425b846d8)
2019-06-05 08:49:40.773 14284 RALLYDEBUG rally_openstack.cleanup.manager [-] Deleting neutron.network object s_rally_869a1438_zObrLGaq (eab57658-4c49-4258-b6de-12c69ff42114)
2019-06-05 08:49:40.790 14284 RALLYDEBUG rally_openstack.cleanup.manager [-] Deleting neutron.network object s_rally_869a1438_YJu2wnyo (f8be6871-d37e-4344-a900-99dc924912de)
2019-06-05 08:49:40.793 14284 RALLYDEBUG rally_openstack.cleanup.manager [-] Deleting neutron.network object s_rally_869a1438_ppTxq8ge (ece4d1b6-420b-4fee-8976-b141a795cc55)
2019-06-05 08:49:40.821 14284 RALLYDEBUG rally_openstack.cleanup.manager [-] Deleting neutron.network object s_rally_869a1438_g8OnNVPq (f9501946-2567-4eec-8a93-fcb15e4954d1)
2019-06-05 08:49:40.942 14284 RALLYDEBUG rally_openstack.cleanup.manager [-] Deleting neutron.network object s_rally_869a1438_g2UK2YZE (fd81ccc7-06e5-4c4a-833d-143fa46b84ae)
2019-06-05 08:49:44.129 14284 RALLYDEBUG rally_openstack.cleanup.manager [-] Cleaning up neutron router objects
2019-06-05 08:49:44.841 14284 RALLYDEBUG rally_openstack.cleanup.manager [-] Cleaning up neutron security_group objects
2019-06-05 08:49:45.298 14284 INFO rally.task.context [-] Task e5d1e08e-6154-4daa-bc1e-bdf159d20181 | Context cleanup@openstack cleanup() finished in 36.37 sec
2019-06-05 08:49:45.298 14284 INFO rally.task.context [-] Task e5d1e08e-6154-4daa-bc1e-bdf159d20181 | Context quotas@openstack cleanup() started
2019-06-05 08:49:45.385 14284 INFO rally.task.context [-] Task e5d1e08e-6154-4daa-bc1e-bdf159d20181 | Context quotas@openstack cleanup() finished in 86.07 msec
2019-06-05 08:49:45.385 14284 INFO rally.task.context [-] Task e5d1e08e-6154-4daa-bc1e-bdf159d20181 | Context users@openstack cleanup() started
2019-06-05 08:49:48.321 14284 INFO rally.task.context [-] Task e5d1e08e-6154-4daa-bc1e-bdf159d20181 | Context users@openstack cleanup() finished in 2.94 sec
2019-06-05 08:49:48.356 14284 INFO rally.task.engine [-] Load duration is: 24.055946
2019-06-05 08:49:48.357 14284 INFO rally.task.engine [-] Full runner duration is: 24.125321
2019-06-05 08:49:48.357 14284 INFO rally.task.engine [-] Full duration is: 66.419259
2019-06-05 08:49:48.616 14284 INFO rally.task.engine [-] Running workload: position = 2 config = { "version": 2, "title": "A cropped version of a bigger task.", "description": "Auto-generated task from a single workload (uuid=bc2e7baa-8e8a-4eb9-bcf4-d39d8ab33062)", "subtasks": [ { "title": "NeutronNetworks.create_and_delete_ports", "description": "Create and delete a port.", "scenario": { "NeutronNetworks.create_and_delete_ports": { "network_create_args": {}, "port_create_args": {}, "ports_per_network": 5 } }, "contexts": { "users": { "tenants": 1, "users_per_tenant": 1 }, "quotas": { "neutron": { "network": -1, "port": -1 } } }, "runner": { "constant": { "times": 40, "concurrency": 20 } }, "hooks": [], "sla": { "failure_rate": { "max": 0 } } } ] }
2019-06-05 08:49:48.643 14284 RALLYDEBUG rally_openstack.contexts.keystone.users [-] Creating 1 tenants using 20 threads
2019-06-05 08:49:49.578 14284 RALLYDEBUG rally_openstack.contexts.keystone.users [-] Creating 1 users using 20 threads
2019-06-05 08:49:50.988 14284 INFO rally.task.context [-] Task e5d1e08e-6154-4daa-bc1e-bdf159d20181 | Context users@openstack setup() finished in 2.34 sec
2019-06-05 08:49:51.546 14284 INFO rally.task.context [-] Task e5d1e08e-6154-4daa-bc1e-bdf159d20181 | Context quotas@openstack setup() finished in 0.56 sec
2019-06-05 08:49:51.547 14284 INFO rally.task.context [-] Task e5d1e08e-6154-4daa-bc1e-bdf159d20181 | Context cleanup@openstack setup() finished in 0.01 msec
2019-06-05 08:49:51.556 14284 RALLYDEBUG rally.task.runner [-] Starting the constant runner (task UUID: e5d1e08e-6154-4daa-bc1e-bdf159d20181). timeout: 0 concurrency: 20 concurrency_per_worker: 1 times: 40 concurrency_overhead: 4 processes_to_start: 16 max_cpu_used: 16
2019-06-05 08:49:51.570 18530 RALLYDEBUG rally.task.runner [-] Starting a worker. concurrency: 2 args: {"network_create_args": {}, "port_create_args": {}, "ports_per_network": 5} times: 40 method_name: run timeout: 0 duration: None cls:
2019-06-05 08:49:51.573 18531 RALLYDEBUG rally.task.runner [-] Starting a worker. concurrency: 2 args: {"network_create_args": {}, "port_create_args": {}, "ports_per_network": 5} times: 40 method_name: run timeout: 0 duration: None cls:
2019-06-05 08:49:51.576 18532 RALLYDEBUG rally.task.runner [-] Starting a worker. concurrency: 2 args: {"network_create_args": {}, "port_create_args": {}, "ports_per_network": 5} times: 40 method_name: run timeout: 0 duration: None cls:
2019-06-05 08:49:51.578 18530 INFO rally.task.runner [-] Task e5d1e08e-6154-4daa-bc1e-bdf159d20181 | ITER: 1 START
2019-06-05 08:49:51.579 18533 RALLYDEBUG rally.task.runner [-] Starting a worker. concurrency: 2 args: {"network_create_args": {}, "port_create_args": {}, "ports_per_network": 5} times: 40 method_name: run timeout: 0 duration: None cls:
2019-06-05 08:49:51.580 18530 WARNING rally_openstack.scenarios.neutron.utils [-] Running this scenario without either the 'network' or 'existing_network' context is deprecated
2019-06-05 08:49:51.581 18531 INFO rally.task.runner [-] Task e5d1e08e-6154-4daa-bc1e-bdf159d20181 | ITER: 2 START
2019-06-05 08:49:51.583 18534 RALLYDEBUG rally.task.runner [-] Starting a worker. concurrency: 1 args: {"network_create_args": {}, "port_create_args": {}, "ports_per_network": 5} times: 40 method_name: run timeout: 0 duration: None cls:
2019-06-05 08:49:51.583 18531 WARNING rally_openstack.scenarios.neutron.utils [-] Running this scenario without either the 'network' or 'existing_network' context is deprecated
2019-06-05 08:49:51.587 18533 INFO rally.task.runner [-] Task e5d1e08e-6154-4daa-bc1e-bdf159d20181 | ITER: 6 START
2019-06-05 08:49:51.589 18538 RALLYDEBUG rally.task.runner [-] Starting a worker. concurrency: 1 args: {"network_create_args": {}, "port_create_args": {}, "ports_per_network": 5} times: 40 method_name: run timeout: 0 duration: None cls:
2019-06-05 08:49:51.590 18534 INFO rally.task.runner [-] Task e5d1e08e-6154-4daa-bc1e-bdf159d20181 | ITER: 8 START
2019-06-05 08:49:51.590 18533 WARNING rally_openstack.scenarios.neutron.utils [-] Running this scenario without either the 'network' or 'existing_network' context is deprecated
2019-06-05 08:49:51.590 18532 INFO rally.task.runner [-] Task e5d1e08e-6154-4daa-bc1e-bdf159d20181 | ITER: 4 START
2019-06-05 08:49:51.589 18541 RALLYDEBUG rally.task.runner [-] Starting a worker. concurrency: 1 args: {"network_create_args": {}, "port_create_args": {}, "ports_per_network": 5} times: 40 method_name: run timeout: 0 duration: None cls:
2019-06-05 08:49:51.592 18534 WARNING rally_openstack.scenarios.neutron.utils [-] Running this scenario without either the 'network' or 'existing_network' context is deprecated
2019-06-05 08:49:51.592 18544 RALLYDEBUG rally.task.runner [-] Starting a worker. concurrency: 1 args: {"network_create_args": {}, "port_create_args": {}, "ports_per_network": 5} times: 40 method_name: run timeout: 0 duration: None cls:
2019-06-05 08:49:51.593 18532 INFO rally.task.runner [-] Task e5d1e08e-6154-4daa-bc1e-bdf159d20181 | ITER: 7 START
2019-06-05 08:49:51.594 18532 WARNING rally_openstack.scenarios.neutron.utils [-] Running this scenario without either the 'network' or 'existing_network' context is deprecated
2019-06-05 08:49:51.597 18538 INFO rally.task.runner [-] Task e5d1e08e-6154-4daa-bc1e-bdf159d20181 | ITER: 10 START
2019-06-05 08:49:51.595 18532 WARNING rally_openstack.scenarios.neutron.utils [-] Running this scenario without either the 'network' or 'existing_network' context is deprecated
2019-06-05 08:49:51.598 18541 INFO rally.task.runner [-] Task e5d1e08e-6154-4daa-bc1e-bdf159d20181 | ITER: 11 START
2019-06-05 08:49:51.598 18544 INFO rally.task.runner [-] Task e5d1e08e-6154-4daa-bc1e-bdf159d20181 | ITER: 12 START
2019-06-05 08:49:51.599 18538 WARNING rally_openstack.scenarios.neutron.utils [-] Running this scenario without either the 'network' or 'existing_network' context is deprecated
2019-06-05 08:49:51.600 18541 WARNING rally_openstack.scenarios.neutron.utils [-] Running this scenario without either the 'network' or 'existing_network' context is deprecated
2019-06-05 08:49:51.600 18544 WARNING rally_openstack.scenarios.neutron.utils [-] Running this scenario without either the 'network' or 'existing_network' context is deprecated
2019-06-05 08:49:51.599 18548 RALLYDEBUG rally.task.runner [-] Starting a worker. concurrency: 1 args: {"network_create_args": {}, "port_create_args": {}, "ports_per_network": 5} times: 40 method_name: run timeout: 0 duration: None cls:
2019-06-05 08:49:51.600 18550 RALLYDEBUG rally.task.runner [-] Starting a worker. concurrency: 1 args: {"network_create_args": {}, "port_create_args": {}, "ports_per_network": 5} times: 40 method_name: run timeout: 0 duration: None cls:
2019-06-05 08:49:51.601 18530 INFO rally.task.runner [-] Task e5d1e08e-6154-4daa-bc1e-bdf159d20181 | ITER: 3 START
2019-06-05 08:49:51.602 18530 WARNING rally_openstack.scenarios.neutron.utils [-] Running this scenario without either the 'network' or 'existing_network' context is deprecated
2019-06-05 08:49:51.606 18550 INFO rally.task.runner [-] Task e5d1e08e-6154-4daa-bc1e-bdf159d20181 | ITER: 14 START
2019-06-05 08:49:51.607 18548 INFO rally.task.runner [-] Task e5d1e08e-6154-4daa-bc1e-bdf159d20181 | ITER: 13 START
2019-06-05 08:49:51.608 18550 WARNING rally_openstack.scenarios.neutron.utils [-] Running this scenario without either the 'network' or 'existing_network' context is deprecated
2019-06-05 08:49:51.610 18548 WARNING rally_openstack.scenarios.neutron.utils [-] Running this scenario without either the 'network' or 'existing_network' context is deprecated
2019-06-05 08:49:51.609 18558 RALLYDEBUG rally.task.runner [-] Starting a worker. concurrency: 1 args: {"network_create_args": {}, "port_create_args": {}, "ports_per_network": 5} times: 40 method_name: run timeout: 0 duration: None cls:
2019-06-05 08:49:51.609 18531 INFO rally.task.runner [-] Task e5d1e08e-6154-4daa-bc1e-bdf159d20181 | ITER: 5 START
2019-06-05 08:49:51.612 18531 WARNING rally_openstack.scenarios.neutron.utils [-] Running this scenario without either the 'network' or 'existing_network' context is deprecated
2019-06-05 08:49:51.614 18533 INFO rally.task.runner [-] Task e5d1e08e-6154-4daa-bc1e-bdf159d20181 | ITER: 9 START
2019-06-05 08:49:51.614 18533 WARNING rally_openstack.scenarios.neutron.utils [-] Running this scenario without either the 'network' or 'existing_network' context is deprecated
2019-06-05 08:49:51.617 18563 RALLYDEBUG rally.task.runner [-] Starting a worker. concurrency: 1 args: {"network_create_args": {}, "port_create_args": {}, "ports_per_network": 5} times: 40 method_name: run timeout: 0 duration: None cls:
2019-06-05 08:49:51.622 18558 INFO rally.task.runner [-] Task e5d1e08e-6154-4daa-bc1e-bdf159d20181 | ITER: 15 START
2019-06-05 08:49:51.624 18563 INFO rally.task.runner [-] Task e5d1e08e-6154-4daa-bc1e-bdf159d20181 | ITER: 16 START
2019-06-05 08:49:51.625 18558 WARNING rally_openstack.scenarios.neutron.utils [-] Running this scenario without either the 'network' or 'existing_network' context is deprecated
2019-06-05 08:49:51.624 18567 RALLYDEBUG rally.task.runner [-] Starting a worker. concurrency: 1 args: {"network_create_args": {}, "port_create_args": {}, "ports_per_network": 5} times: 40 method_name: run timeout: 0 duration: None cls:
2019-06-05 08:49:51.625 18563 WARNING rally_openstack.scenarios.neutron.utils [-] Running this scenario without either the 'network' or 'existing_network' context is deprecated
2019-06-05 08:49:51.631 18567 INFO rally.task.runner [-] Task e5d1e08e-6154-4daa-bc1e-bdf159d20181 | ITER: 17 START
2019-06-05 08:49:51.634 18567 WARNING rally_openstack.scenarios.neutron.utils [-] Running this scenario without either the 'network' or 'existing_network' context is deprecated
2019-06-05 08:49:51.636 18571 RALLYDEBUG rally.task.runner [-] Starting a worker. concurrency: 1 args: {"network_create_args": {}, "port_create_args": {}, "ports_per_network": 5} times: 40 method_name: run timeout: 0 duration: None cls:
2019-06-05 08:49:51.643 18571 INFO rally.task.runner [-] Task e5d1e08e-6154-4daa-bc1e-bdf159d20181 | ITER: 18 START
2019-06-05 08:49:51.643 18574 RALLYDEBUG rally.task.runner [-] Starting a worker. concurrency: 1 args: {"network_create_args": {}, "port_create_args": {}, "ports_per_network": 5} times: 40 method_name: run timeout: 0 duration: None cls:
2019-06-05 08:49:51.644 18571 WARNING rally_openstack.scenarios.neutron.utils [-] Running this scenario without either the 'network' or 'existing_network' context is deprecated
2019-06-05 08:49:51.649 18574 INFO rally.task.runner [-] Task e5d1e08e-6154-4daa-bc1e-bdf159d20181 | ITER: 19 START
2019-06-05 08:49:51.650 18574 WARNING rally_openstack.scenarios.neutron.utils [-] Running this scenario without either the 'network' or 'existing_network' context is deprecated
2019-06-05 08:49:51.653 18579 RALLYDEBUG rally.task.runner [-] Starting a worker. concurrency: 1 args: {"network_create_args": {}, "port_create_args": {}, "ports_per_network": 5} times: 40 method_name: run timeout: 0 duration: None cls:
2019-06-05 08:49:51.658 18579 INFO rally.task.runner [-] Task e5d1e08e-6154-4daa-bc1e-bdf159d20181 | ITER: 20 START
2019-06-05 08:49:51.659 18579 WARNING rally_openstack.scenarios.neutron.utils [-] Running this scenario without either the 'network' or 'existing_network' context is deprecated
2019-06-05 08:50:01.795 18541 INFO rally.task.runner [-] Task e5d1e08e-6154-4daa-bc1e-bdf159d20181 | ITER: 11 END: OK
2019-06-05 08:50:01.801 18541 INFO rally.task.runner [-] Task e5d1e08e-6154-4daa-bc1e-bdf159d20181 | ITER: 21 START
2019-06-05 08:50:01.801 18541 WARNING rally_openstack.scenarios.neutron.utils [-] Running this scenario without either the 'network' or 'existing_network' context is deprecated
2019-06-05 08:50:02.440 18563 INFO rally.task.runner [-] Task e5d1e08e-6154-4daa-bc1e-bdf159d20181 | ITER: 16 END: OK
2019-06-05 08:50:02.446 18563 INFO rally.task.runner [-] Task e5d1e08e-6154-4daa-bc1e-bdf159d20181 | ITER: 22 START
2019-06-05 08:50:02.447 18563 WARNING rally_openstack.scenarios.neutron.utils [-] Running this scenario without either the 'network' or 'existing_network' context is deprecated
2019-06-05 08:50:02.902 18531 INFO rally.task.runner [-] Task e5d1e08e-6154-4daa-bc1e-bdf159d20181 | ITER: 2 END: OK
2019-06-05 08:50:02.906 18531 INFO rally.task.runner [-] Task e5d1e08e-6154-4daa-bc1e-bdf159d20181 | ITER: 23 START
2019-06-05 08:50:02.907 18531 WARNING rally_openstack.scenarios.neutron.utils [-] Running this scenario without either the 'network' or 'existing_network' context is deprecated
2019-06-05 08:50:03.299 18532 INFO rally.task.runner [-] Task e5d1e08e-6154-4daa-bc1e-bdf159d20181 | ITER: 4 END: OK
2019-06-05 08:50:03.305 18532 INFO rally.task.runner [-] Task e5d1e08e-6154-4daa-bc1e-bdf159d20181 | ITER: 24 START
2019-06-05 08:50:03.306 18532 WARNING rally_openstack.scenarios.neutron.utils [-] Running this scenario without either the 'network' or 'existing_network' context is deprecated
2019-06-05 08:50:03.417 18567 INFO rally.task.runner [-] Task e5d1e08e-6154-4daa-bc1e-bdf159d20181 | ITER: 17 END: OK
2019-06-05 08:50:03.419 18532 INFO rally.task.runner [-] Task e5d1e08e-6154-4daa-bc1e-bdf159d20181 | ITER: 7 END: OK
2019-06-05 08:50:03.421 18567 INFO rally.task.runner [-] Task e5d1e08e-6154-4daa-bc1e-bdf159d20181 | ITER: 25 START
2019-06-05 08:50:03.422 18567 WARNING rally_openstack.scenarios.neutron.utils [-] Running this scenario without either the 'network' or 'existing_network' context is deprecated
2019-06-05 08:50:03.424 18532 INFO rally.task.runner [-] Task e5d1e08e-6154-4daa-bc1e-bdf159d20181 | ITER: 26 START
2019-06-05 08:50:03.424 18532 WARNING rally_openstack.scenarios.neutron.utils [-] Running this scenario without either the 'network' or 'existing_network' context is deprecated
2019-06-05 08:50:03.620 18533 INFO rally.task.runner [-] Task e5d1e08e-6154-4daa-bc1e-bdf159d20181 | ITER: 6 END: OK
2019-06-05 08:50:03.625 18533 INFO rally.task.runner [-] Task e5d1e08e-6154-4daa-bc1e-bdf159d20181 | ITER: 27 START
2019-06-05 08:50:03.626 18533 WARNING rally_openstack.scenarios.neutron.utils [-] Running this scenario without either the 'network' or 'existing_network' context is deprecated
2019-06-05 08:50:04.103 18531 INFO rally.task.runner [-] Task e5d1e08e-6154-4daa-bc1e-bdf159d20181 | ITER: 5 END: OK
2019-06-05 08:50:04.108 18531 INFO rally.task.runner [-] Task e5d1e08e-6154-4daa-bc1e-bdf159d20181 | ITER: 28 START
2019-06-05 08:50:04.109 18531 WARNING rally_openstack.scenarios.neutron.utils [-] Running this scenario without either the 'network' or 'existing_network' context is deprecated
2019-06-05 08:50:04.289 18558 INFO rally.task.runner [-] Task e5d1e08e-6154-4daa-bc1e-bdf159d20181 | ITER: 15 END: OK
2019-06-05 08:50:04.294 18558 INFO rally.task.runner [-] Task e5d1e08e-6154-4daa-bc1e-bdf159d20181 | ITER: 29 START
2019-06-05 08:50:04.295 18558 WARNING rally_openstack.scenarios.neutron.utils [-] Running this scenario without either the 'network' or 'existing_network' context is deprecated
2019-06-05 08:50:04.555 18544 INFO rally.task.runner [-] Task e5d1e08e-6154-4daa-bc1e-bdf159d20181 | ITER: 12 END: OK
2019-06-05 08:50:04.559 18544 INFO rally.task.runner [-] Task e5d1e08e-6154-4daa-bc1e-bdf159d20181 | ITER: 30 START
2019-06-05 08:50:04.560 18544 WARNING rally_openstack.scenarios.neutron.utils [-] Running this scenario without either the 'network' or 'existing_network' context is deprecated
2019-06-05 08:50:04.991 18534 INFO rally.task.runner [-] Task e5d1e08e-6154-4daa-bc1e-bdf159d20181 | ITER: 8 END: OK
2019-06-05 08:50:04.996 18534 INFO rally.task.runner [-] Task e5d1e08e-6154-4daa-bc1e-bdf159d20181 | ITER: 31 START
2019-06-05 08:50:04.997 18534 WARNING rally_openstack.scenarios.neutron.utils [-] Running this scenario without either the 'network' or 'existing_network' context is deprecated
2019-06-05 08:50:05.065 18550 INFO rally.task.runner [-] Task e5d1e08e-6154-4daa-bc1e-bdf159d20181 | ITER: 14 END: OK
2019-06-05 08:50:05.070 18550 INFO rally.task.runner [-] Task e5d1e08e-6154-4daa-bc1e-bdf159d20181 | ITER: 32 START
2019-06-05 08:50:05.071 18550 WARNING rally_openstack.scenarios.neutron.utils [-] Running this scenario without either the 'network' or 'existing_network' context is deprecated
2019-06-05 08:50:05.220 18530 INFO rally.task.runner [-] Task e5d1e08e-6154-4daa-bc1e-bdf159d20181 | ITER: 1 END: OK
2019-06-05 08:50:05.225 18530 INFO rally.task.runner [-] Task e5d1e08e-6154-4daa-bc1e-bdf159d20181 | ITER: 33 START
2019-06-05 08:50:05.226 18530 WARNING rally_openstack.scenarios.neutron.utils [-] Running this scenario without either the 'network' or 'existing_network' context is deprecated
2019-06-05 08:50:05.524 18574 INFO rally.task.runner [-] Task e5d1e08e-6154-4daa-bc1e-bdf159d20181 | ITER: 19 END: OK
2019-06-05 08:50:05.529 18574 INFO rally.task.runner [-] Task e5d1e08e-6154-4daa-bc1e-bdf159d20181 | ITER: 34 START
2019-06-05 08:50:05.529 18574 WARNING rally_openstack.scenarios.neutron.utils [-] Running this scenario without either the 'network' or 'existing_network' context is deprecated
2019-06-05 08:50:05.811 18538 INFO rally.task.runner [-] Task e5d1e08e-6154-4daa-bc1e-bdf159d20181 | ITER: 10 END: OK
2019-06-05 08:50:05.815 18538 INFO rally.task.runner [-] Task e5d1e08e-6154-4daa-bc1e-bdf159d20181 | ITER: 35 START
2019-06-05 08:50:05.816 18538 WARNING rally_openstack.scenarios.neutron.utils [-] Running this scenario without either the 'network' or 'existing_network' context is deprecated
2019-06-05 08:50:06.302 18533 INFO rally.task.runner [-] Task e5d1e08e-6154-4daa-bc1e-bdf159d20181 | ITER: 9 END: OK
2019-06-05 08:50:06.306 18533 INFO rally.task.runner [-] Task e5d1e08e-6154-4daa-bc1e-bdf159d20181 | ITER: 36 START
2019-06-05 08:50:06.306 18533 WARNING rally_openstack.scenarios.neutron.utils [-] Running this scenario without either the 'network' or 'existing_network' context is deprecated
2019-06-05 08:50:06.798 18571 INFO rally.task.runner [-] Task e5d1e08e-6154-4daa-bc1e-bdf159d20181 | ITER: 18 END: OK
2019-06-05 08:50:06.803 18571 INFO rally.task.runner [-] Task e5d1e08e-6154-4daa-bc1e-bdf159d20181 | ITER: 37 START
2019-06-05 08:50:06.803 18571 WARNING rally_openstack.scenarios.neutron.utils [-] Running this scenario without either the 'network' or 'existing_network' context is deprecated
2019-06-05 08:50:09.079 18548 INFO rally.task.runner [-] Task e5d1e08e-6154-4daa-bc1e-bdf159d20181 | ITER: 13 END: OK
2019-06-05 08:50:09.084 18548 INFO rally.task.runner [-] Task e5d1e08e-6154-4daa-bc1e-bdf159d20181 | ITER: 38 START
2019-06-05 08:50:09.085 18548 WARNING rally_openstack.scenarios.neutron.utils [-] Running this scenario without either the 'network' or 'existing_network' context is deprecated
2019-06-05 08:50:09.299 18530 INFO rally.task.runner [-] Task e5d1e08e-6154-4daa-bc1e-bdf159d20181 | ITER: 3 END: OK
2019-06-05 08:50:09.303 18530 INFO rally.task.runner [-] Task e5d1e08e-6154-4daa-bc1e-bdf159d20181 | ITER: 39 START
