2019-06-05 08:50:09.304 18530 WARNING rally_openstack.scenarios.neutron.utils [-] Running this scenario without either the 'network' or 'existing_network' context is deprecated
2019-06-05 08:50:10.138 18579 INFO rally.task.runner [-] Task e5d1e08e-6154-4daa-bc1e-bdf159d20181 | ITER: 20 END: OK
2019-06-05 08:50:10.143 18579 INFO rally.task.runner [-] Task e5d1e08e-6154-4daa-bc1e-bdf159d20181 | ITER: 40 START
2019-06-05 08:50:10.144 18579 WARNING rally_openstack.scenarios.neutron.utils [-] Running this scenario without either the 'network' or 'existing_network' context is deprecated
2019-06-05 08:50:14.345 18563 INFO rally.task.runner [-] Task e5d1e08e-6154-4daa-bc1e-bdf159d20181 | ITER: 22 END: OK
2019-06-05 08:50:14.453 18533 INFO rally.task.runner [-] Task e5d1e08e-6154-4daa-bc1e-bdf159d20181 | ITER: 27 END: OK
2019-06-05 08:50:14.932 18541 INFO rally.task.runner [-] Task e5d1e08e-6154-4daa-bc1e-bdf159d20181 | ITER: 21 END: OK
2019-06-05 08:50:15.141 18533 INFO rally.task.runner [-] Task e5d1e08e-6154-4daa-bc1e-bdf159d20181 | ITER: 36 END: OK
2019-06-05 08:50:15.492 18550 INFO rally.task.runner [-] Task e5d1e08e-6154-4daa-bc1e-bdf159d20181 | ITER: 32 END: OK
2019-06-05 08:50:15.744 18531 INFO rally.task.runner [-] Task e5d1e08e-6154-4daa-bc1e-bdf159d20181 | ITER: 28 END: OK
2019-06-05 08:50:15.803 18558 INFO rally.task.runner [-] Task e5d1e08e-6154-4daa-bc1e-bdf159d20181 | ITER: 29 END: OK
2019-06-05 08:50:16.137 18532 INFO rally.task.runner [-] Task e5d1e08e-6154-4daa-bc1e-bdf159d20181 | ITER: 26 END: OK
2019-06-05 08:50:16.350 18544 INFO rally.task.runner [-] Task e5d1e08e-6154-4daa-bc1e-bdf159d20181 | ITER: 30 END: OK
2019-06-05 08:50:16.638 18571 INFO rally.task.runner [-] Task e5d1e08e-6154-4daa-bc1e-bdf159d20181 | ITER: 37 END: OK
2019-06-05 08:50:16.695 18567 INFO rally.task.runner [-] Task e5d1e08e-6154-4daa-bc1e-bdf159d20181 | ITER: 25 END: OK
2019-06-05 08:50:16.708 18538 INFO rally.task.runner [-] Task e5d1e08e-6154-4daa-bc1e-bdf159d20181 | ITER: 35 END: OK
2019-06-05 08:50:16.952 18532 INFO rally.task.runner [-] Task e5d1e08e-6154-4daa-bc1e-bdf159d20181 | ITER: 24 END: OK
2019-06-05 08:50:16.960 18531 INFO rally.task.runner [-] Task e5d1e08e-6154-4daa-bc1e-bdf159d20181 | ITER: 23 END: OK
2019-06-05 08:50:17.575 18534 INFO rally.task.runner [-] Task e5d1e08e-6154-4daa-bc1e-bdf159d20181 | ITER: 31 END: OK
2019-06-05 08:50:18.000 18548 INFO rally.task.runner [-] Task e5d1e08e-6154-4daa-bc1e-bdf159d20181 | ITER: 38 END: OK
2019-06-05 08:50:18.041 18574 INFO rally.task.runner [-] Task e5d1e08e-6154-4daa-bc1e-bdf159d20181 | ITER: 34 END: OK
2019-06-05 08:50:18.119 18579 INFO rally.task.runner [-] Task e5d1e08e-6154-4daa-bc1e-bdf159d20181 | ITER: 40 END: OK
2019-06-05 08:50:18.433 18530 INFO rally.task.runner [-] Task e5d1e08e-6154-4daa-bc1e-bdf159d20181 | ITER: 33 END: OK
2019-06-05 08:50:18.997 18530 INFO rally.task.runner [-] Task e5d1e08e-6154-4daa-bc1e-bdf159d20181 | ITER: 39 END: OK
2019-06-05 08:50:19.020 14284 INFO rally.task.context [-] Task e5d1e08e-6154-4daa-bc1e-bdf159d20181 | Context cleanup@openstack cleanup() started
2019-06-05 08:50:19.023 14284 RALLYDEBUG rally_openstack.cleanup.manager [-] Cleaning up neutron vip objects
2019-06-05 08:50:19.418 14284 RALLYDEBUG rally_openstack.cleanup.manager [-] Cleaning up neutron health_monitor objects
2019-06-05 08:50:19.815 14284 RALLYDEBUG rally_openstack.cleanup.manager [-] Cleaning up neutron pool objects
2019-06-05 08:50:20.212 14284 RALLYDEBUG rally_openstack.cleanup.manager [-] Cleaning up neutron loadbalancer objects
2019-06-05 08:50:20.599 14284 RALLYDEBUG rally_openstack.cleanup.manager [-] Cleaning up neutron floatingip objects
2019-06-05 08:50:21.028 14284 RALLYDEBUG rally_openstack.cleanup.manager [-] Cleaning up neutron port objects
2019-06-05 08:50:21.462 14284 RALLYDEBUG rally_openstack.cleanup.manager [-] Cleaning up neutron subnet objects
2019-06-05 08:50:21.883 14284 RALLYDEBUG rally_openstack.cleanup.manager [-] Cleaning up neutron network objects
2019-06-05 08:50:22.543 14284 RALLYDEBUG rally_openstack.cleanup.manager [-] Deleting neutron.network object s_rally_bc2e7baa_5xpi79hG (159dde68-60e3-4f7d-9f9c-9a8ba9dab98b)
2019-06-05 08:50:22.547 14284 RALLYDEBUG rally_openstack.cleanup.manager [-] Deleting neutron.network object s_rally_bc2e7baa_wKXMxTgv (4956b455-6a19-4627-9f6c-1d1e4096739f)
2019-06-05 08:50:22.563 14284 RALLYDEBUG rally_openstack.cleanup.manager [-] Deleting neutron.network object s_rally_bc2e7baa_dtnvdE7d (0dc37516-5c1f-4d91-87af-68138b7e919e)
2019-06-05 08:50:22.568 14284 RALLYDEBUG rally_openstack.cleanup.manager [-] Deleting neutron.network object s_rally_bc2e7baa_NMMfN39o (20ef908d-a7a6-40a4-b248-ed786c5332b1)
2019-06-05 08:50:22.570 14284 RALLYDEBUG rally_openstack.cleanup.manager [-] Deleting neutron.network object s_rally_bc2e7baa_XSLyaEFV (0845d309-a00c-4721-b104-f4ce563820f2)
2019-06-05 08:50:22.572 14284 RALLYDEBUG rally_openstack.cleanup.manager [-] Deleting neutron.network object s_rally_bc2e7baa_0la4sALC (3f0a7b7d-cdae-4a57-ae75-a2c2afd08acb)
2019-06-05 08:50:22.585 14284 RALLYDEBUG rally_openstack.cleanup.manager [-] Deleting neutron.network object s_rally_bc2e7baa_Mi4EQV0m (3d5d0017-c102-4f1f-84bc-de13c76a295d)
2019-06-05 08:50:22.589 14284 RALLYDEBUG rally_openstack.cleanup.manager [-] Deleting neutron.network object s_rally_bc2e7baa_A2VZBaSY (59036fcd-9490-43a2-823d-79ad423a4a40)
2019-06-05 08:50:22.599 14284 RALLYDEBUG rally_openstack.cleanup.manager [-] Deleting neutron.network object s_rally_bc2e7baa_HomZusGm (5215413e-2460-47e3-ad42-58be588df2dc)
2019-06-05 08:50:22.621 14284 RALLYDEBUG rally_openstack.cleanup.manager [-] Deleting neutron.network object s_rally_bc2e7baa_VmcFOQYZ (445fd488-94f9-49e5-a7d6-e35cf9cde186)
2019-06-05 08:50:22.632 14284 RALLYDEBUG rally_openstack.cleanup.manager [-] Deleting neutron.network object s_rally_bc2e7baa_3AkLPqVq (6f01f46d-8648-44c4-a4f8-4208b1d9b26e)
2019-06-05 08:50:22.639 14284 RALLYDEBUG rally_openstack.cleanup.manager [-] Deleting neutron.network object s_rally_bc2e7baa_onP9jFZQ (69a7d06f-ae24-45d7-ac2f-f1d19e8974a4)
2019-06-05 08:50:22.649 14284 RALLYDEBUG rally_openstack.cleanup.manager [-] Deleting neutron.network object s_rally_bc2e7baa_vj4quRIv (445aa467-7af4-45bd-bea6-b376ffc1e38d)
2019-06-05 08:50:22.652 14284 RALLYDEBUG rally_openstack.cleanup.manager [-] Deleting neutron.network object s_rally_bc2e7baa_O7qCmITC (6d35ea8a-61ed-4817-bdc5-a1cedb346eaa)
2019-06-05 08:50:22.650 14284 RALLYDEBUG rally_openstack.cleanup.manager [-] Deleting neutron.network object s_rally_bc2e7baa_dLY7hwkr (4bbf6ea8-2c0c-43e0-88bd-e5d620cbbf4e)
2019-06-05 08:50:22.658 14284 RALLYDEBUG rally_openstack.cleanup.manager [-] Deleting neutron.network object s_rally_bc2e7baa_He27eixC (603451aa-4052-46c2-825a-acb36286d121)
2019-06-05 08:50:22.686 14284 RALLYDEBUG rally_openstack.cleanup.manager [-] Deleting neutron.network object s_rally_bc2e7baa_TzGXEoEm (6fa4da41-34b2-4f8d-a353-4f25106da829)
2019-06-05 08:50:22.709 14284 RALLYDEBUG rally_openstack.cleanup.manager [-] Deleting neutron.network object s_rally_bc2e7baa_dswbw0qU (7e665ee7-bf2a-436a-8289-6df5995eb021)
2019-06-05 08:50:22.710 14284 RALLYDEBUG rally_openstack.cleanup.manager [-] Deleting neutron.network object s_rally_bc2e7baa_7qv95Oz6 (7f773ee2-afb9-46cd-835b-07dc49768ef4)
2019-06-05 08:50:22.735 14284 RALLYDEBUG rally_openstack.cleanup.manager [-] Deleting neutron.network object s_rally_bc2e7baa_bboDxYvJ (877be524-d761-4201-99a5-0e5a8ec7862e)
2019-06-05 08:50:24.949 14284 RALLYDEBUG rally_openstack.cleanup.manager [-] Deleting neutron.network object s_rally_bc2e7baa_VkTxqQb8 (8a1ca61f-5ae0-414f-8785-cd1dcb4c7d5a)
2019-06-05 08:50:25.238 14284 RALLYDEBUG rally_openstack.cleanup.manager [-] Deleting neutron.network object s_rally_bc2e7baa_zrANiPoa (96ea0502-2531-48cf-a37e-a5065940d506)
2019-06-05 08:50:25.311 14284 RALLYDEBUG rally_openstack.cleanup.manager [-] Deleting neutron.network object s_rally_bc2e7baa_EDrDq8mC (9748e1d0-6d37-4951-a274-2a196cd303e2)
2019-06-05 08:50:25.450 14284 RALLYDEBUG rally_openstack.cleanup.manager [-] Deleting neutron.network object s_rally_bc2e7baa_CIBwt8Lf (976f2e81-bdb5-44c6-8568-7906d8dfc56f)
2019-06-05 08:50:25.507 14284 RALLYDEBUG rally_openstack.cleanup.manager [-] Deleting neutron.network object s_rally_bc2e7baa_kd643Mb7 (a2f81bba-6f2f-4d59-bbdf-106b20809b31)
2019-06-05 08:50:25.529 14284 RALLYDEBUG rally_openstack.cleanup.manager [-] Deleting neutron.network object s_rally_bc2e7baa_Wryi7dk3 (a495c5cd-39ef-4cd3-b57e-b7df539012ad)
2019-06-05 08:50:25.546 14284 RALLYDEBUG rally_openstack.cleanup.manager [-] Deleting neutron.network object s_rally_bc2e7baa_aXcLqtnm (a8cb036c-6362-45d2-bef9-5847c12bce49)
2019-06-05 08:50:25.622 14284 RALLYDEBUG rally_openstack.cleanup.manager [-] Deleting neutron.network object s_rally_bc2e7baa_rQGDjWXr (aa988594-c878-4e99-b7c6-fcf71ad5614f)
2019-06-05 08:50:25.697 14284 RALLYDEBUG rally_openstack.cleanup.manager [-] Deleting neutron.network object s_rally_bc2e7baa_leBIKoBe (adfd85ed-cb5a-425c-91c3-6996be1b8edb)
2019-06-05 08:50:25.759 14284 RALLYDEBUG rally_openstack.cleanup.manager [-] Deleting neutron.network object s_rally_bc2e7baa_oJtImx3x (b3c269fb-ba51-4442-a4ba-a0de3692549c)
2019-06-05 08:50:25.797 14284 RALLYDEBUG rally_openstack.cleanup.manager [-] Deleting neutron.network object s_rally_bc2e7baa_wzHH66sT (b5405f88-97cb-4b5a-9dd6-502100ec1644)
2019-06-05 08:50:25.830 14284 RALLYDEBUG rally_openstack.cleanup.manager [-] Deleting neutron.network object s_rally_bc2e7baa_hOJS5QWg (bc09c178-3f98-4cd0-bcb1-4143372c85e8)
2019-06-05 08:50:25.882 14284 RALLYDEBUG rally_openstack.cleanup.manager [-] Deleting neutron.network object s_rally_bc2e7baa_JQo7lF0k (c0cb94c8-1dd0-47f0-82d0-1ef7925ce4c9)
2019-06-05 08:50:26.064 14284 RALLYDEBUG rally_openstack.cleanup.manager [-] Deleting neutron.network object s_rally_bc2e7baa_Eqc93dmI (df0bc83e-0562-47b6-888f-8d47dd0d98dd)
2019-06-05 08:50:26.095 14284 RALLYDEBUG rally_openstack.cleanup.manager [-] Deleting neutron.network object s_rally_bc2e7baa_4rdN0gHa (e45edddf-7df0-45bd-b927-7f34dfea5b95)
2019-06-05 08:50:26.235 14284 RALLYDEBUG rally_openstack.cleanup.manager [-] Deleting neutron.network object s_rally_bc2e7baa_Sr4e94Xn (e740dcda-a07e-4cf0-93a0-a889f85ba520)
2019-06-05 08:50:26.386 14284 RALLYDEBUG rally_openstack.cleanup.manager [-] Deleting neutron.network object s_rally_bc2e7baa_n7lPui5m (eb198fd4-3e59-4d52-a6c2-341cbe82616e)
2019-06-05 08:50:26.426 14284 RALLYDEBUG rally_openstack.cleanup.manager [-] Deleting neutron.network object s_rally_bc2e7baa_Q9ZHDXNU (f2996a66-cb5e-44c3-a8f1-e16194a020ce)
2019-06-05 08:50:26.450 14284 RALLYDEBUG rally_openstack.cleanup.manager [-] Deleting neutron.network object s_rally_bc2e7baa_e728BuuL (f9a54645-0052-4536-a22e-880ff3cb5d1b)
2019-06-05 08:50:26.616 14284 RALLYDEBUG rally_openstack.cleanup.manager [-] Deleting neutron.network object s_rally_bc2e7baa_SGD1mfLh (fa869460-5113-45ce-9e87-4beb991b5624)
2019-06-05 08:50:29.763 14284 RALLYDEBUG rally_openstack.cleanup.manager [-] Cleaning up neutron router objects
2019-06-05 08:50:30.214 14284 RALLYDEBUG rally_openstack.cleanup.manager [-] Cleaning up neutron security_group objects
2019-06-05 08:50:30.639 14284 INFO rally.task.context [-] Task e5d1e08e-6154-4daa-bc1e-bdf159d20181 | Context cleanup@openstack cleanup() finished in 11.62 sec
2019-06-05 08:50:30.639 14284 INFO rally.task.context [-] Task e5d1e08e-6154-4daa-bc1e-bdf159d20181 | Context quotas@openstack cleanup() started
2019-06-05 08:50:30.726 14284 INFO rally.task.context [-] Task e5d1e08e-6154-4daa-bc1e-bdf159d20181 | Context quotas@openstack cleanup() finished in 86.66 msec
2019-06-05 08:50:30.727 14284 INFO rally.task.context [-] Task e5d1e08e-6154-4daa-bc1e-bdf159d20181 | Context users@openstack cleanup() started
2019-06-05 08:50:33.478 14284 INFO rally.task.context [-] Task e5d1e08e-6154-4daa-bc1e-bdf159d20181 | Context users@openstack cleanup() finished in 2.75 sec
2019-06-05 08:50:35.021 14284 INFO rally.task.engine [-] Load duration is: 27.416653
2019-06-05 08:50:35.022 14284 INFO rally.task.engine [-] Full runner duration is: 27.464669
2019-06-05 08:50:35.022 14284 INFO rally.task.engine [-] Full duration is: 44.843701
2019-06-05 08:50:35.459 14284 INFO rally.task.engine [-] Running workload: position = 0 config = { "version": 2, "title": "A cropped version of a bigger task.", "description": "Auto-generated task from a single workload (uuid=051d28cf-b357-4013-8408-9c270de0a48a)", "subtasks": [ { "title": "Quotas.neutron_update", "description": "Update quotas for neutron.", "scenario": { "Quotas.neutron_update": { "max_quota": 1024 } }, "contexts": { "users": { "tenants": 20, "users_per_tenant": 1 } }, "runner": { "constant": { "times": 40, "concurrency": 20 } }, "hooks": [], "sla": { "failure_rate": { "max": 0 } } } ] }
2019-06-05 08:50:35.484 14284 RALLYDEBUG rally_openstack.contexts.keystone.users [-] Creating 20 tenants using 20 threads
2019-06-05 08:50:37.776 14284 RALLYDEBUG rally_openstack.contexts.keystone.users [-] Creating 20 users using 20 threads
2019-06-05 08:50:40.606 14284 INFO rally.task.context [-] Task e5d1e08e-6154-4daa-bc1e-bdf159d20181 | Context users@openstack setup() finished in 5.12 sec
2019-06-05 08:50:40.607 14284 INFO rally.task.context [-] Task e5d1e08e-6154-4daa-bc1e-bdf159d20181 | Context admin_cleanup@openstack setup() finished in 0.01 msec
2019-06-05 08:50:40.616 14284 RALLYDEBUG rally.task.runner [-] Starting the constant runner (task UUID: e5d1e08e-6154-4daa-bc1e-bdf159d20181). timeout: 0 concurrency: 20 concurrency_per_worker: 1 times: 40 concurrency_overhead: 4 processes_to_start: 16 max_cpu_used: 16
2019-06-05 08:50:40.631 18900 RALLYDEBUG rally.task.runner [-] Starting a worker. concurrency: 2 args: {"max_quota": 1024} times: 40 method_name: run timeout: 0 duration: None cls:
2019-06-05 08:50:40.635 18901 RALLYDEBUG rally.task.runner [-] Starting a worker. concurrency: 2 args: {"max_quota": 1024} times: 40 method_name: run timeout: 0 duration: None cls:
2019-06-05 08:50:40.638 18902 RALLYDEBUG rally.task.runner [-] Starting a worker. concurrency: 2 args: {"max_quota": 1024} times: 40 method_name: run timeout: 0 duration: None cls:
2019-06-05 08:50:40.641 18903 RALLYDEBUG rally.task.runner [-] Starting a worker. concurrency: 2 args: {"max_quota": 1024} times: 40 method_name: run timeout: 0 duration: None cls:
2019-06-05 08:50:40.643 18900 INFO rally.task.runner [-] Task e5d1e08e-6154-4daa-bc1e-bdf159d20181 | ITER: 1 START
2019-06-05 08:50:40.645 18904 RALLYDEBUG rally.task.runner [-] Starting a worker. concurrency: 1 args: {"max_quota": 1024} times: 40 method_name: run timeout: 0 duration: None cls:
2019-06-05 08:50:40.647 18901 INFO rally.task.runner [-] Task e5d1e08e-6154-4daa-bc1e-bdf159d20181 | ITER: 2 START
2019-06-05 08:50:40.648 18906 RALLYDEBUG rally.task.runner [-] Starting a worker. concurrency: 1 args: {"max_quota": 1024} times: 40 method_name: run timeout: 0 duration: None cls:
2019-06-05 08:50:40.654 18902 INFO rally.task.runner [-] Task e5d1e08e-6154-4daa-bc1e-bdf159d20181 | ITER: 3 START
2019-06-05 08:50:40.654 18909 RALLYDEBUG rally.task.runner [-] Starting a worker. concurrency: 1 args: {"max_quota": 1024} times: 40 method_name: run timeout: 0 duration: None cls:
2019-06-05 08:50:40.652 18903 INFO rally.task.runner [-] Task e5d1e08e-6154-4daa-bc1e-bdf159d20181 | ITER: 5 START
2019-06-05 08:50:40.656 18904 INFO rally.task.runner [-] Task e5d1e08e-6154-4daa-bc1e-bdf159d20181 | ITER: 7 START
2019-06-05 08:50:40.659 18906 INFO rally.task.runner [-] Task e5d1e08e-6154-4daa-bc1e-bdf159d20181 | ITER: 9 START
2019-06-05 08:50:40.661 18915 RALLYDEBUG rally.task.runner [-] Starting a worker. concurrency: 1 args: {"max_quota": 1024} times: 40 method_name: run timeout: 0 duration: None cls:
2019-06-05 08:50:40.669 18909 INFO rally.task.runner [-] Task e5d1e08e-6154-4daa-bc1e-bdf159d20181 | ITER: 11 START
2019-06-05 08:50:40.670 18900 INFO rally.task.runner [-] Task e5d1e08e-6154-4daa-bc1e-bdf159d20181 | ITER: 4 START
2019-06-05 08:50:40.670 18901 INFO rally.task.runner [-] Task e5d1e08e-6154-4daa-bc1e-bdf159d20181 | ITER: 6 START
2019-06-05 08:50:40.671 18920 RALLYDEBUG rally.task.runner [-] Starting a worker. concurrency: 1 args: {"max_quota": 1024} times: 40 method_name: run timeout: 0 duration: None cls:
2019-06-05 08:50:40.674 18923 RALLYDEBUG rally.task.runner [-] Starting a worker. concurrency: 1 args: {"max_quota": 1024} times: 40 method_name: run timeout: 0 duration: None cls:
2019-06-05 08:50:40.676 18903 INFO rally.task.runner [-] Task e5d1e08e-6154-4daa-bc1e-bdf159d20181 | ITER: 10 START
2019-06-05 08:50:40.672 18915 INFO rally.task.runner [-] Task e5d1e08e-6154-4daa-bc1e-bdf159d20181 | ITER: 12 START
2019-06-05 08:50:40.678 18902 INFO rally.task.runner [-] Task e5d1e08e-6154-4daa-bc1e-bdf159d20181 | ITER: 8 START
2019-06-05 08:50:40.681 18927 RALLYDEBUG rally.task.runner [-] Starting a worker. concurrency: 1 args: {"max_quota": 1024} times: 40 method_name: run timeout: 0 duration: None cls:
2019-06-05 08:50:40.683 18923 INFO rally.task.runner [-] Task e5d1e08e-6154-4daa-bc1e-bdf159d20181 | ITER: 14 START
2019-06-05 08:50:40.686 18920 INFO rally.task.runner [-] Task e5d1e08e-6154-4daa-bc1e-bdf159d20181 | ITER: 13 START
2019-06-05 08:50:40.686 18931 RALLYDEBUG rally.task.runner [-] Starting a worker. concurrency: 1 args: {"max_quota": 1024} times: 40 method_name: run timeout: 0 duration: None cls:
2019-06-05 08:50:40.694 18927 INFO rally.task.runner [-] Task e5d1e08e-6154-4daa-bc1e-bdf159d20181 | ITER: 15 START
2019-06-05 08:50:40.694 18936 RALLYDEBUG rally.task.runner [-] Starting a worker. concurrency: 1 args: {"max_quota": 1024} times: 40 method_name: run timeout: 0 duration: None cls:
2019-06-05 08:50:40.699 18931 INFO rally.task.runner [-] Task e5d1e08e-6154-4daa-bc1e-bdf159d20181 | ITER: 16 START
2019-06-05 08:50:40.702 18937 RALLYDEBUG rally.task.runner [-] Starting a worker. concurrency: 1 args: {"max_quota": 1024} times: 40 method_name: run timeout: 0 duration: None cls:
2019-06-05 08:50:40.705 18936 INFO rally.task.runner [-] Task e5d1e08e-6154-4daa-bc1e-bdf159d20181 | ITER: 17 START
2019-06-05 08:50:40.710 18942 RALLYDEBUG rally.task.runner [-] Starting a worker. concurrency: 1 args: {"max_quota": 1024} times: 40 method_name: run timeout: 0 duration: None cls:
2019-06-05 08:50:40.712 18937 INFO rally.task.runner [-] Task e5d1e08e-6154-4daa-bc1e-bdf159d20181 | ITER: 18 START
2019-06-05 08:50:40.717 18945 RALLYDEBUG rally.task.runner [-] Starting a worker. concurrency: 1 args: {"max_quota": 1024} times: 40 method_name: run timeout: 0 duration: None cls:
2019-06-05 08:50:40.718 18942 INFO rally.task.runner [-] Task e5d1e08e-6154-4daa-bc1e-bdf159d20181 | ITER: 19 START
2019-06-05 08:50:40.725 18945 INFO rally.task.runner [-] Task e5d1e08e-6154-4daa-bc1e-bdf159d20181 | ITER: 20 START
2019-06-05 08:50:41.301 18923 INFO rally.task.runner [-] Task e5d1e08e-6154-4daa-bc1e-bdf159d20181 | ITER: 14 END: OK
2019-06-05 08:50:41.309 18923 INFO rally.task.runner [-] Task e5d1e08e-6154-4daa-bc1e-bdf159d20181 | ITER: 21 START
2019-06-05 08:50:41.312 18903 INFO rally.task.runner [-] Task e5d1e08e-6154-4daa-bc1e-bdf159d20181 | ITER: 10 END: OK
2019-06-05 08:50:41.319 18903 INFO rally.task.runner [-] Task e5d1e08e-6154-4daa-bc1e-bdf159d20181 | ITER: 22 START
2019-06-05 08:50:41.387 18903 INFO rally.task.runner [-] Task e5d1e08e-6154-4daa-bc1e-bdf159d20181 | ITER: 5 END: OK
2019-06-05 08:50:41.389 18920 INFO rally.task.runner [-] Task e5d1e08e-6154-4daa-bc1e-bdf159d20181 | ITER: 13 END: OK
2019-06-05 08:50:41.394 18903 INFO rally.task.runner [-] Task e5d1e08e-6154-4daa-bc1e-bdf159d20181 | ITER: 23 START
2019-06-05 08:50:41.397 18920 INFO rally.task.runner [-] Task e5d1e08e-6154-4daa-bc1e-bdf159d20181 | ITER: 24 START
2019-06-05 08:50:41.406 18915 INFO rally.task.runner [-] Task e5d1e08e-6154-4daa-bc1e-bdf159d20181 | ITER: 12 END: OK
2019-06-05 08:50:41.414 18915 INFO rally.task.runner [-] Task e5d1e08e-6154-4daa-bc1e-bdf159d20181 | ITER: 25 START
2019-06-05 08:50:41.436 18900 INFO rally.task.runner [-] Task e5d1e08e-6154-4daa-bc1e-bdf159d20181 | ITER: 1 END: OK
2019-06-05 08:50:41.443 18902 INFO rally.task.runner [-] Task e5d1e08e-6154-4daa-bc1e-bdf159d20181 | ITER: 3 END: OK
2019-06-05 08:50:41.444 18900 INFO rally.task.runner [-] Task e5d1e08e-6154-4daa-bc1e-bdf159d20181 | ITER: 26 START
2019-06-05 08:50:41.446 18906 INFO rally.task.runner [-] Task e5d1e08e-6154-4daa-bc1e-bdf159d20181 | ITER: 9 END: OK
2019-06-05 08:50:41.449 18909 INFO rally.task.runner [-] Task e5d1e08e-6154-4daa-bc1e-bdf159d20181 | ITER: 11 END: OK
2019-06-05 08:50:41.452 18906 INFO rally.task.runner [-] Task e5d1e08e-6154-4daa-bc1e-bdf159d20181 | ITER: 28 START
2019-06-05 08:50:41.453 18902 INFO rally.task.runner [-] Task e5d1e08e-6154-4daa-bc1e-bdf159d20181 | ITER: 27 START
2019-06-05 08:50:41.455 18909 INFO rally.task.runner [-] Task e5d1e08e-6154-4daa-bc1e-bdf159d20181 | ITER: 29 START
2019-06-05 08:50:41.462 18900 INFO rally.task.runner [-] Task e5d1e08e-6154-4daa-bc1e-bdf159d20181 | ITER: 4 END: OK
2019-06-05 08:50:41.467 18902 INFO rally.task.runner [-] Task e5d1e08e-6154-4daa-bc1e-bdf159d20181 | ITER: 8 END: OK
2019-06-05 08:50:41.468 18900 INFO rally.task.runner [-] Task e5d1e08e-6154-4daa-bc1e-bdf159d20181 | ITER: 30 START
2019-06-05 08:50:41.474 18904 INFO rally.task.runner [-] Task e5d1e08e-6154-4daa-bc1e-bdf159d20181 | ITER: 7 END: OK
2019-06-05 08:50:41.480 18902 INFO rally.task.runner [-] Task e5d1e08e-6154-4daa-bc1e-bdf159d20181 | ITER: 31 START
2019-06-05 08:50:41.481 18904 INFO rally.task.runner [-] Task e5d1e08e-6154-4daa-bc1e-bdf159d20181 | ITER: 32 START
2019-06-05 08:50:41.504 18936 INFO rally.task.runner [-] Task e5d1e08e-6154-4daa-bc1e-bdf159d20181 | ITER: 17 END: OK
2019-06-05 08:50:41.511 18936 INFO rally.task.runner [-] Task e5d1e08e-6154-4daa-bc1e-bdf159d20181 | ITER: 33 START
2019-06-05 08:50:41.559 18901 INFO rally.task.runner [-] Task e5d1e08e-6154-4daa-bc1e-bdf159d20181 | ITER: 2 END: OK
2019-06-05 08:50:41.566 18901 INFO rally.task.runner [-] Task e5d1e08e-6154-4daa-bc1e-bdf159d20181 | ITER: 34 START
2019-06-05 08:50:41.642 18927 INFO rally.task.runner [-] Task e5d1e08e-6154-4daa-bc1e-bdf159d20181 | ITER: 15 END: OK
2019-06-05 08:50:41.650 18927 INFO rally.task.runner [-] Task e5d1e08e-6154-4daa-bc1e-bdf159d20181 | ITER: 35 START
2019-06-05 08:50:41.655 18901 INFO rally.task.runner [-] Task e5d1e08e-6154-4daa-bc1e-bdf159d20181 | ITER: 6 END: OK
2019-06-05 08:50:41.662 18901 INFO rally.task.runner [-] Task e5d1e08e-6154-4daa-bc1e-bdf159d20181 | ITER: 36 START
2019-06-05 08:50:41.684 18937 INFO rally.task.runner [-] Task e5d1e08e-6154-4daa-bc1e-bdf159d20181 | ITER: 18 END: OK
2019-06-05 08:50:41.690 18937 INFO rally.task.runner [-] Task e5d1e08e-6154-4daa-bc1e-bdf159d20181 | ITER: 37 START
2019-06-05 08:50:41.716 18942 INFO rally.task.runner [-] Task e5d1e08e-6154-4daa-bc1e-bdf159d20181 | ITER: 19 END: OK
2019-06-05 08:50:41.722 18942 INFO rally.task.runner [-] Task e5d1e08e-6154-4daa-bc1e-bdf159d20181 | ITER: 38 START
2019-06-05 08:50:41.803 18945 INFO rally.task.runner [-] Task e5d1e08e-6154-4daa-bc1e-bdf159d20181 | ITER: 20 END: OK
2019-06-05 08:50:41.810 18945 INFO rally.task.runner [-] Task e5d1e08e-6154-4daa-bc1e-bdf159d20181 | ITER: 39 START
2019-06-05 08:50:41.833 18931 INFO rally.task.runner [-] Task e5d1e08e-6154-4daa-bc1e-bdf159d20181 | ITER: 16 END: OK
2019-06-05 08:50:41.841 18931 INFO rally.task.runner [-] Task e5d1e08e-6154-4daa-bc1e-bdf159d20181 | ITER: 40 START
2019-06-05 08:50:41.849 18923 INFO rally.task.runner [-] Task e5d1e08e-6154-4daa-bc1e-bdf159d20181 | ITER: 21 END: OK
2019-06-05 08:50:41.857 18903 INFO rally.task.runner [-] Task e5d1e08e-6154-4daa-bc1e-bdf159d20181 | ITER: 22 END: OK
2019-06-05 08:50:41.932 18903 INFO rally.task.runner [-] Task e5d1e08e-6154-4daa-bc1e-bdf159d20181 | ITER: 23 END: OK
2019-06-05 08:50:42.003 18915 INFO rally.task.runner [-] Task e5d1e08e-6154-4daa-bc1e-bdf159d20181 | ITER: 25 END: OK
2019-06-05 08:50:42.035 18902 INFO rally.task.runner [-] Task e5d1e08e-6154-4daa-bc1e-bdf159d20181 | ITER: 27 END: OK
2019-06-05 08:50:42.087 18904 INFO rally.task.runner [-] Task e5d1e08e-6154-4daa-bc1e-bdf159d20181 | ITER: 32 END: OK
2019-06-05 08:50:42.092 18906 INFO rally.task.runner [-] Task e5d1e08e-6154-4daa-bc1e-bdf159d20181 | ITER: 28 END: OK
2019-06-05 08:50:42.116 18920 INFO rally.task.runner [-] Task e5d1e08e-6154-4daa-bc1e-bdf159d20181 | ITER: 24 END: OK
2019-06-05 08:50:42.130 18901 INFO rally.task.runner [-] Task e5d1e08e-6154-4daa-bc1e-bdf159d20181 | ITER: 34 END: OK
2019-06-05 08:50:42.133 18900 INFO rally.task.runner [-] Task e5d1e08e-6154-4daa-bc1e-bdf159d20181 | ITER: 26 END: OK
2019-06-05 08:50:42.199 18901 INFO rally.task.runner [-] Task e5d1e08e-6154-4daa-bc1e-bdf159d20181 | ITER: 36 END: OK
2019-06-05 08:50:42.210 18909 INFO rally.task.runner [-] Task e5d1e08e-6154-4daa-bc1e-bdf159d20181 | ITER: 29 END: OK
2019-06-05 08:50:42.213 18936 INFO rally.task.runner [-] Task e5d1e08e-6154-4daa-bc1e-bdf159d20181 | ITER: 33 END: OK
2019-06-05 08:50:42.265 18902 INFO rally.task.runner [-] Task e5d1e08e-6154-4daa-bc1e-bdf159d20181 | ITER: 31 END: OK
2019-06-05 08:50:42.297 18900 INFO rally.task.runner [-] Task e5d1e08e-6154-4daa-bc1e-bdf159d20181 | ITER: 30 END: OK
2019-06-05 08:50:42.304 18927 INFO rally.task.runner [-] Task e5d1e08e-6154-4daa-bc1e-bdf159d20181 | ITER: 35 END: OK
2019-06-05 08:50:42.413 18942 INFO rally.task.runner [-] Task e5d1e08e-6154-4daa-bc1e-bdf159d20181 | ITER: 38 END: OK
2019-06-05 08:50:42.426 18945 INFO rally.task.runner [-] Task e5d1e08e-6154-4daa-bc1e-bdf159d20181 | ITER: 39 END: OK
2019-06-05 08:50:42.441 18937 INFO rally.task.runner [-] Task e5d1e08e-6154-4daa-bc1e-bdf159d20181 | ITER: 37 END: OK
2019-06-05 08:50:42.506 18931 INFO rally.task.runner [-] Task e5d1e08e-6154-4daa-bc1e-bdf159d20181 | ITER: 40 END: OK
2019-06-05 08:50:42.528 14284 INFO rally.task.context [-] Task e5d1e08e-6154-4daa-bc1e-bdf159d20181 | Context admin_cleanup@openstack cleanup() started
2019-06-05 08:50:42.531 14284 RALLYDEBUG rally_openstack.cleanup.manager [-] Cleaning up neutron quota objects
2019-06-05 08:50:44.181 14284 INFO rally.task.context [-] Task e5d1e08e-6154-4daa-bc1e-bdf159d20181 | Context admin_cleanup@openstack cleanup() finished in 1.65 sec
2019-06-05 08:50:44.182 14284 INFO rally.task.context [-] Task e5d1e08e-6154-4daa-bc1e-bdf159d20181 | Context users@openstack cleanup() started
2019-06-05 08:51:06.583 14284 INFO rally.task.context [-] Task e5d1e08e-6154-4daa-bc1e-bdf159d20181 | Context users@openstack cleanup() finished in 22.40 sec
2019-06-05 08:51:07.683 14284 INFO rally.task.engine [-] Load duration is: 1.861102
2019-06-05 08:51:07.684 14284 INFO rally.task.engine [-] Full runner duration is: 1.912648
2019-06-05 08:51:07.684 14284 INFO rally.task.engine [-] Full duration is: 31.10436
2019-06-05 08:51:07.999 14284 INFO rally.task.engine [-] Running workload: position = 0 config = { "version": 2, "title": "A cropped version of a bigger task.", "description": "Auto-generated task from a single workload (uuid=6cb76421-4026-4886-916f-0ebfa6469870)", "subtasks": [ { "title": "NeutronTrunks.create_and_list_trunk_subports", "description": "", "scenario": { "NeutronTrunks.create_and_list_trunk_subports": { "subport_count": 125 } }, "contexts": { "users": { "tenants": 1, "users_per_tenant": 1 }, "quotas": { "neutron": { "network": -1, "port": 1000 } } }, "runner": { "constant": { "times": 4, "concurrency": 4 } }, "hooks": [], "sla": { "failure_rate": { "max": 0 } } } ] }
2019-06-05 08:51:08.026 14284 RALLYDEBUG rally_openstack.contexts.keystone.users [-] Creating 1 tenants using 20 threads
2019-06-05 08:51:09.014 14284 RALLYDEBUG rally_openstack.contexts.keystone.users [-] Creating 1 users using 20 threads
2019-06-05 08:51:10.431 14284 INFO rally.task.context [-] Task e5d1e08e-6154-4daa-bc1e-bdf159d20181 | Context users@openstack setup() finished in 2.40 sec
2019-06-05 08:51:10.961 14284 INFO rally.task.context [-] Task e5d1e08e-6154-4daa-bc1e-bdf159d20181 | Context quotas@openstack setup() finished in 0.53 sec
2019-06-05 08:51:10.961 14284 INFO rally.task.context [-] Task e5d1e08e-6154-4daa-bc1e-bdf159d20181 | Context cleanup@openstack setup() finished in 0.01 msec
2019-06-05 08:51:10.970 14284 RALLYDEBUG rally.task.runner [-] Starting the constant runner (task UUID: e5d1e08e-6154-4daa-bc1e-bdf159d20181). timeout: 0 concurrency: 4 concurrency_per_worker: 1 times: 4 concurrency_overhead: 0 processes_to_start: 4 max_cpu_used: 16
2019-06-05 08:51:10.985 19090 RALLYDEBUG rally.task.runner [-] Starting a worker. concurrency: 1 args: {"subport_count": 125} times: 4 method_name: run timeout: 0 duration: None cls:
2019-06-05 08:51:10.988 19091 RALLYDEBUG rally.task.runner [-] Starting a worker. concurrency: 1 args: {"subport_count": 125} times: 4 method_name: run timeout: 0 duration: None cls:
2019-06-05 08:51:10.992 19090 INFO rally.task.runner [-] Task e5d1e08e-6154-4daa-bc1e-bdf159d20181 | ITER: 1 START
2019-06-05 08:51:10.991 19092 RALLYDEBUG rally.task.runner [-] Starting a worker. concurrency: 1 args: {"subport_count": 125} times: 4 method_name: run timeout: 0 duration: None cls:
2019-06-05 08:51:10.995 19091 INFO rally.task.runner [-] Task e5d1e08e-6154-4daa-bc1e-bdf159d20181 | ITER: 2 START
2019-06-05 08:51:10.994 19093 RALLYDEBUG rally.task.runner [-] Starting a worker. concurrency: 1 args: {"subport_count": 125} times: 4 method_name: run timeout: 0 duration: None cls:
2019-06-05 08:51:10.997 19092 INFO rally.task.runner [-] Task e5d1e08e-6154-4daa-bc1e-bdf159d20181 | ITER: 3 START
2019-06-05 08:51:11.000 19093 INFO rally.task.runner [-] Task e5d1e08e-6154-4daa-bc1e-bdf159d20181 | ITER: 4 START
2019-06-05 08:52:56.140 19090 WARNING rally.task.atomic [-] 'optional_action_timer' is deprecated since rally v0.10.0.Please use action_timer instead, we have improved atomic actions, now do not need to explicitly close original action.
2019-06-05 08:52:56.183 19090 WARNING rally.task.atomic [-] 'optional_action_timer' is deprecated since rally v0.10.0.Please use action_timer instead, we have improved atomic actions, now do not need to explicitly close original action.
2019-06-05 08:52:56.929 19090 INFO rally.task.runner [-] Task e5d1e08e-6154-4daa-bc1e-bdf159d20181 | ITER: 1 END: OK
2019-06-05 08:52:57.862 19091 WARNING rally.task.atomic [-] 'optional_action_timer' is deprecated since rally v0.10.0.Please use action_timer instead, we have improved atomic actions, now do not need to explicitly close original action.
2019-06-05 08:52:57.896 19091 WARNING rally.task.atomic [-] 'optional_action_timer' is deprecated since rally v0.10.0.Please use action_timer instead, we have improved atomic actions, now do not need to explicitly close original action.
2019-06-05 08:52:58.605 19091 INFO rally.task.runner [-] Task e5d1e08e-6154-4daa-bc1e-bdf159d20181 | ITER: 2 END: OK
2019-06-05 08:53:00.528 19093 WARNING rally.task.atomic [-] 'optional_action_timer' is deprecated since rally v0.10.0.Please use action_timer instead, we have improved atomic actions, now do not need to explicitly close original action.
2019-06-05 08:53:00.563 19093 WARNING rally.task.atomic [-] 'optional_action_timer' is deprecated since rally v0.10.0.Please use action_timer instead, we have improved atomic actions, now do not need to explicitly close original action.
2019-06-05 08:53:01.323 19093 INFO rally.task.runner [-] Task e5d1e08e-6154-4daa-bc1e-bdf159d20181 | ITER: 4 END: OK
2019-06-05 08:53:03.104 19092 WARNING rally.task.atomic [-] 'optional_action_timer' is deprecated since rally v0.10.0.Please use action_timer instead, we have improved atomic actions, now do not need to explicitly close original action.
2019-06-05 08:53:03.144 19092 WARNING rally.task.atomic [-] 'optional_action_timer' is deprecated since rally v0.10.0.Please use action_timer instead, we have improved atomic actions, now do not need to explicitly close original action.
2019-06-05 08:53:03.682 19092 INFO rally.task.runner [-] Task e5d1e08e-6154-4daa-bc1e-bdf159d20181 | ITER: 3 END: OK
2019-06-05 08:53:03.709 14284 INFO rally.task.context [-] Task e5d1e08e-6154-4daa-bc1e-bdf159d20181 | Context cleanup@openstack cleanup() started
2019-06-05 08:53:03.712 14284 RALLYDEBUG rally_openstack.cleanup.manager [-] Cleaning up neutron vip objects
2019-06-05 08:53:04.140 14284 RALLYDEBUG rally_openstack.cleanup.manager [-] Cleaning up neutron health_monitor objects
2019-06-05 08:53:04.564 14284 RALLYDEBUG rally_openstack.cleanup.manager [-] Cleaning up neutron pool objects
2019-06-05 08:53:04.972 14284 RALLYDEBUG rally_openstack.cleanup.manager [-] Cleaning up neutron loadbalancer objects
2019-06-05 08:53:05.381 14284 RALLYDEBUG rally_openstack.cleanup.manager [-] Cleaning up neutron floatingip objects
2019-06-05 08:53:05.817 14284 RALLYDEBUG rally_openstack.cleanup.manager [-] Cleaning up neutron port objects
2019-06-05 08:53:07.395 14284 RALLYDEBUG rally_openstack.cleanup.manager [-] Deleting neutron.port object s_rally_6cb76421_8adSaQXV (00c345e8-f456-4cc6-b91b-b4e539180c01)
2019-06-05 08:53:07.400 14284 RALLYDEBUG rally_openstack.cleanup.manager [-] Deleting neutron.port object s_rally_6cb76421_lkct6vUP (02343aba-b815-4c04-8a6d-cc6f175a09fc)
2019-06-05 08:53:07.401 14284 RALLYDEBUG rally_openstack.cleanup.manager [-] Deleting neutron.port object s_rally_6cb76421_8yUOPHXR (09e517f4-1e97-4977-88d1-3cede21c7db1)
2019-06-05 08:53:07.403 14284 RALLYDEBUG rally_openstack.cleanup.manager [-] Deleting neutron.port object s_rally_6cb76421_oHwOHkcY (05b29d3d-3948-4324-8d48-27fab8443de6)
2019-06-05 08:53:07.405 14284 RALLYDEBUG rally_openstack.cleanup.manager [-] Deleting neutron.port object s_rally_6cb76421_T7Rz7WMu (0a8b1c09-924e-46ff-9315-102e6fee34e9)
2019-06-05 08:53:07.405 14284 RALLYDEBUG rally_openstack.cleanup.manager [-] Deleting neutron.port object s_rally_6cb76421_KLTFS3az (0614048b-445f-4a89-b350-a37dc00e8748)
2019-06-05 08:53:07.421 14284 RALLYDEBUG rally_openstack.cleanup.manager [-] Deleting neutron.port object s_rally_6cb76421_BWZQhhoL (0590ff82-a379-407d-858e-c21c1f6f86c4)
2019-06-05 08:53:07.422 14284 RALLYDEBUG rally_openstack.cleanup.manager [-] Deleting neutron.port object s_rally_6cb76421_GZQLvhpE (06943e98-4250-4d07-8308-037cf7d179e8)
2019-06-05 08:53:07.435 14284 RALLYDEBUG rally_openstack.cleanup.manager [-] Deleting neutron.port object s_rally_6cb76421_W3dPdww2 (070b8fbc-e104-4442-adb2-df0672d55f17)
2019-06-05 08:53:07.438 14284 RALLYDEBUG rally_openstack.cleanup.manager [-] Deleting neutron.port object s_rally_6cb76421_0D2189aO (00a30bb4-8362-402d-b008-ae48b76ca55c)
2019-06-05 08:53:07.444 14284 RALLYDEBUG rally_openstack.cleanup.manager [-] Deleting neutron.port object s_rally_6cb76421_FslxWNCP (09bdfbda-4759-4725-b1ed-452e9dd1d350)
2019-06-05 08:53:07.447 14284 RALLYDEBUG rally_openstack.cleanup.manager [-] Deleting neutron.port object s_rally_6cb76421_MaMDfRkm (08a5670d-da51-4b97-8e20-12e2e4fa636b)
2019-06-05 08:53:07.451 14284 RALLYDEBUG rally_openstack.cleanup.manager [-] Deleting neutron.port object s_rally_6cb76421_vK7XuTpc (01b2c192-7124-4c02-bea5-20dab49192a4)
2019-06-05 08:53:07.476 14284 RALLYDEBUG rally_openstack.cleanup.manager [-] Deleting neutron.port object s_rally_6cb76421_gyvBZKIN (00c08b9a-67ea-45d4-93c9-d70823776f46)
2019-06-05 08:53:07.476 14284 RALLYDEBUG rally_openstack.cleanup.manager [-] Deleting neutron.port object s_rally_6cb76421_5zUeZmr1 (09c4bca8-5491-43fc-b3c0-439fe3f1b0ad)
2019-06-05 08:53:07.481 14284 RALLYDEBUG rally_openstack.cleanup.manager [-] Deleting neutron.port object s_rally_6cb76421_buRqhRPA (0ae6475a-6b11-4cb3-baaf-f323704a448d)
2019-06-05 08:53:07.491 14284 RALLYDEBUG rally_openstack.cleanup.manager [-] Deleting neutron.port object s_rally_6cb76421_doWLVpk2 (01dfd6b3-0786-4ef8-bfde-4d1a450c9ede)
2019-06-05 08:53:07.496 14284 RALLYDEBUG rally_openstack.cleanup.manager [-] Deleting neutron.port object s_rally_6cb76421_86zPSeki (02f0f5a5-4abb-4e81-bbda-1d88d16bec9e)
2019-06-05 08:53:07.542 14284 RALLYDEBUG rally_openstack.cleanup.manager [-] Deleting neutron.port object s_rally_6cb76421_3CvkMTbD (026a00ca-e975-459e-99fe-8b41085b898a)
2019-06-05 08:53:07.562 14284 RALLYDEBUG rally_openstack.cleanup.manager [-] Deleting neutron.port object s_rally_6cb76421_1cCS56s9 (03084d42-9466-4620-90c5-20faaa6af91a)
2019-06-05 08:53:09.650 14284 RALLYDEBUG rally_openstack.cleanup.manager [-] Deleting neutron.port object s_rally_6cb76421_BPjhQflE (0b3c0eb8-9b8e-45ba-b174-024e650909b1)
2019-06-05 08:53:09.672 14284 RALLYDEBUG rally_openstack.cleanup.manager [-] Deleting neutron.port object s_rally_6cb76421_BTidKSN1 (0bc155df-acd0-45fe-85dd-f61b6c4cb54f)
2019-06-05 08:53:09.899 14284 RALLYDEBUG rally_openstack.cleanup.manager [-] Deleting neutron.port object s_rally_6cb76421_xtzv5fKS (0bf4d1b0-c337-47f3-b541-f598b6c62521)
2019-06-05 08:53:09.949 14284 RALLYDEBUG rally_openstack.cleanup.manager [-] Deleting neutron.port object s_rally_6cb76421_PDrfJoGo (0bfc4647-ff65-433d-862e-7380033dbc4f)
2019-06-05 08:53:10.136 14284 RALLYDEBUG rally_openstack.cleanup.manager [-] Deleting neutron.port object s_rally_6cb76421_lMQiWDIN (0c564f17-277e-41c7-9464-9bd91bbdef83)
2019-06-05 08:53:10.187 14284 RALLYDEBUG rally_openstack.cleanup.manager [-] Deleting neutron.port object s_rally_6cb76421_tB4zmhOT (0c66d583-1d97-4b20-b5d8-8790f3952cc3)
2019-06-05 08:53:10.279 14284 RALLYDEBUG rally_openstack.cleanup.manager [-] Deleting neutron.port object s_rally_6cb76421_vSd5IIIN (0cb1890d-3c70-47a9-b605-8693518ac203)
2019-06-05 08:53:10.294 14284 RALLYDEBUG rally_openstack.cleanup.manager [-] Deleting neutron.port object s_rally_6cb76421_Hkfn0iEE (0d45ffcb-9e14-4a7d-9445-430c21b9cdc2)
2019-06-05 08:53:10.305 14284 RALLYDEBUG rally_openstack.cleanup.manager [-] Deleting neutron.port object s_rally_6cb76421_5ocRX16N (0d714f3d-fec5-40ca-b24f-d87b84654333)
2019-06-05 08:53:10.336 14284 RALLYDEBUG rally_openstack.cleanup.manager [-] Deleting neutron.port object s_rally_6cb76421_zfY1XtL8 (0dc7590d-599e-407d-8c89-c957b5d20f86)
2019-06-05 08:53:10.408 14284 RALLYDEBUG rally_openstack.cleanup.manager [-] Deleting neutron.port object s_rally_6cb76421_WWx3USvd (0e313d0c-a255-428e-bcba-64a5f62a26de)
2019-06-05 08:53:10.446 14284 RALLYDEBUG rally_openstack.cleanup.manager [-] Deleting neutron.port object s_rally_6cb76421_4qob91B5 (10ccedf6-d431-4399-be0e-74fc8e86e1d6)
2019-06-05 08:53:10.472 14284 RALLYDEBUG rally_openstack.cleanup.manager [-] Deleting neutron.port object s_rally_6cb76421_AlNYj5xP (10dbec18-088c-48fd-81fc-0110664dd416)
2019-06-05 08:53:10.487 14284 RALLYDEBUG rally_openstack.cleanup.manager [-] Deleting neutron.port object s_rally_6cb76421_e77PdUTx (11700fd1-4f02-466b-a3ea-bcdbf3ed09db)
2019-06-05 08:53:10.516 14284 RALLYDEBUG rally_openstack.cleanup.manager [-] Deleting neutron.port object s_rally_6cb76421_bY2vMG1O (117f2fb7-c495-4b81-a825-24c48026db6e)
2019-06-05 08:53:10.516 14284 RALLYDEBUG rally_openstack.cleanup.manager [-] Deleting neutron.port object s_rally_6cb76421_rXP0txWL (119e065b-6c66-4c0d-bb6c-3c815bc06a58)
2019-06-05 08:53:10.552 14284 RALLYDEBUG rally_openstack.cleanup.manager [-] Deleting neutron.port object s_rally_6cb76421_RxY8wkf5 (12619b27-0cba-4696-b4ed-03bb1c7c5620)
2019-06-05 08:53:10.647 14284 RALLYDEBUG rally_openstack.cleanup.manager [-] Deleting neutron.port object s_rally_6cb76421_ZmnWsQL4 (12b313f7-93af-4f25-b5bc-ff3c9b013dee)
2019-06-05 08:53:11.065 14284 RALLYDEBUG rally_openstack.cleanup.manager [-] Deleting neutron.port object s_rally_6cb76421_MF0dwmbx (13a305d7-3bf2-42c8-b2f6-30cd9aebb341)
2019-06-05 08:53:11.236 14284 RALLYDEBUG rally_openstack.cleanup.manager [-] Deleting neutron.port object s_rally_6cb76421_mE6fLpLp (15702090-087a-4055-9dfe-bc41a5e6a487)
2019-06-05 08:53:11.877 14284 RALLYDEBUG rally_openstack.cleanup.manager [-] Deleting neutron.port object s_rally_6cb76421_AoJkyHtv (1632dbb3-d091-415a-86df-8636dee3b1db)
2019-06-05 08:53:12.074 14284 RALLYDEBUG rally_openstack.cleanup.manager [-] Deleting neutron.port object s_rally_6cb76421_eKsBbF1v (16711759-c8ef-4578-9efd-deafacc0ec7b)
2019-06-05 08:53:12.138 14284 RALLYDEBUG rally_openstack.cleanup.manager [-] Deleting neutron.port object s_rally_6cb76421_533hjCCp (16996b54-1bc2-4161-8481-2b25d47a5068)
2019-06-05 08:53:12.300 14284 RALLYDEBUG rally_openstack.cleanup.manager [-] Deleting neutron.port object s_rally_6cb76421_HaS7BHBV (1787eae6-0e80-4a15-8892-db7b68106c09)
2019-06-05 08:53:12.373 14284 RALLYDEBUG rally_openstack.cleanup.manager [-] Deleting neutron.port object s_rally_6cb76421_81JxdbPU (18113763-db25-4c08-9276-6ff84a25ffdf)
2019-06-05 08:53:12.434 14284 RALLYDEBUG rally_openstack.cleanup.manager [-] Deleting neutron.port object s_rally_6cb76421_lebv8nOK (192bf2a6-9f54-4bd6-b293-88fc1ef1c40e)
2019-06-05 08:53:12.445 14284 RALLYDEBUG rally_openstack.cleanup.manager [-] Deleting neutron.port object s_rally_6cb76421_S8wvKcqv (19b0997b-9542-4ee7-aa5c-6e6b0e43d248)
2019-06-05 08:53:12.789 14284 RALLYDEBUG rally_openstack.cleanup.manager [-] Deleting neutron.port object s_rally_6cb76421_qYClx5D8 (1b1cfd8d-cd0d-4e22-bc06-ef49b155bdc2)
2019-06-05 08:53:12.805 14284 RALLYDEBUG rally_openstack.cleanup.manager [-] Deleting neutron.port object s_rally_6cb76421_Ez7m96M8 (1b368ebe-926e-4c7a-98ba-b81abac8a80b)
2019-06-05 08:53:12.887 14284 RALLYDEBUG rally_openstack.cleanup.manager [-] Deleting neutron.port object s_rally_6cb76421_uutXtmUe (1c117dab-7557-4a5b-a551-ff453bf785da)
2019-06-05 08:53:12.894 14284 RALLYDEBUG rally_openstack.cleanup.manager [-] Deleting neutron.port object s_rally_6cb76421_vF7ZK9Wi (1c657408-bd7c-4a15-be74-f113e7b7df3e)
2019-06-05 08:53:12.925 14284 RALLYDEBUG rally_openstack.cleanup.manager [-] Deleting neutron.port object s_rally_6cb76421_LE5hGO3k (1c95e4c1-1890-42a9-925f-d85f5cc8e762)
2019-06-05 08:53:13.119 14284 RALLYDEBUG rally_openstack.cleanup.manager [-] Deleting neutron.port object s_rally_6cb76421_0BdL72VJ (1d7d957c-e436-459b-bd94-6173db4f481f)
2019-06-05 08:53:13.146 14284 RALLYDEBUG rally_openstack.cleanup.manager [-] Deleting neutron.port object s_rally_6cb76421_AGie1XNe (1d85f493-c096-45b3-ab52-bb5928866b98)
2019-06-05 08:53:13.243 14284 RALLYDEBUG rally_openstack.cleanup.manager [-] Deleting neutron.port object s_rally_6cb76421_2SJ7pJnj (1dc24c65-f58e-4820-ba37-239c88ce054e)
2019-06-05 08:53:13.300 14284 RALLYDEBUG rally_openstack.cleanup.manager [-] Deleting neutron.port object s_rally_6cb76421_lmtNbd9I (1e957597-dd77-417b-9cbb-2736484ca1a2)
2019-06-05 08:53:13.525 14284 RALLYDEBUG rally_openstack.cleanup.manager [-] Deleting neutron.port object s_rally_6cb76421_InWwMfuV (2091fb7e-531e-4b4b-ab35-e734a24caf55)
2019-06-05 08:53:13.806 14284 RALLYDEBUG rally_openstack.cleanup.manager [-] Deleting neutron.port object s_rally_6cb76421_ycBThl0n (2149d677-9f79-4eaa-850f-a1edc6a236d5)
2019-06-05 08:53:14.017 14284 RALLYDEBUG rally_openstack.cleanup.manager [-] Deleting neutron.port object s_rally_6cb76421_AETNrYpO (21cbe25f-c488-4b68-8671-4448203dd362)
2019-06-05 08:53:14.204 14284 RALLYDEBUG rally_openstack.cleanup.manager [-] Deleting neutron.port object s_rally_6cb76421_k32PG2gR (21e9a94e-c844-45ac-8d01-d7a537d42644)
2019-06-05 08:53:14.250 14284 RALLYDEBUG rally_openstack.cleanup.manager [-] Deleting neutron.port object s_rally_6cb76421_SHjglNyJ (22c3bd6e-2b2a-4776-a8fc-1639d40c3cc5)
2019-06-05 08:53:14.329 14284 RALLYDEBUG rally_openstack.cleanup.manager [-] Deleting neutron.port object s_rally_6cb76421_LtvJGxcw (22eb8364-0a03-4e59-8898-9fb0c32d6120)
2019-06-05 08:53:14.364 14284 RALLYDEBUG rally_openstack.cleanup.manager [-] Deleting neutron.port object s_rally_6cb76421_eHSCgVwh (2447e0d5-89f5-44b7-8403-076eca9378df)
2019-06-05 08:53:14.408 14284 RALLYDEBUG rally_openstack.cleanup.manager [-] Deleting neutron.port object s_rally_6cb76421_AKZ4oGUS (253310c3-3b07-4b84-9f88-08a6e8a753c9)
2019-06-05 08:53:14.545 14284 RALLYDEBUG rally_openstack.cleanup.manager [-] Deleting neutron.port object s_rally_6cb76421_AvAEelqN (259f6eca-870d-4b0f-add6-f69457763728)
2019-06-05 08:53:14.711 14284 RALLYDEBUG rally_openstack.cleanup.manager [-] Deleting neutron.port object s_rally_6cb76421_bmEgG3BY (266e8c5c-e45d-4f3e-a9e3-fa65c69e66fc)
2019-06-05 08:53:14.838 14284 RALLYDEBUG rally_openstack.cleanup.manager [-] Deleting neutron.port object s_rally_6cb76421_JbPX9W5A (270d0ebc-374a-4a21-8a8d-11a131b6a513)
2019-06-05 08:53:15.103 14284 RALLYDEBUG rally_openstack.cleanup.manager [-] Deleting neutron.port object s_rally_6cb76421_3DbJfNBV (270dd99e-a9d4-469f-b4a5-ccad913da72a)
2019-06-05 08:53:15.194 14284 RALLYDEBUG rally_openstack.cleanup.manager [-] Deleting neutron.port object s_rally_6cb76421_MKUmfdf1 (2739f96d-dde6-4dda-bc76-cca29caacb5b)
2019-06-05 08:53:15.195 14284 RALLYDEBUG rally_openstack.cleanup.manager [-] Deleting neutron.port object s_rally_6cb76421_SsD2FZrb (27884c18-52be-4c5b-84e5-d44207029c60)
2019-06-05 08:53:15.400 14284 RALLYDEBUG rally_openstack.cleanup.manager [-] Deleting neutron.port object s_rally_6cb76421_ezqABUy6 (27908ac6-a3c4-4c77-b9ba-307cde57ec87)
2019-06-05 08:53:15.533 14284 RALLYDEBUG rally_openstack.cleanup.manager [-] Deleting neutron.port object s_rally_6cb76421_BzhLqiBL (27f2174b-fa01-4b6b-bfe8-b54792dd94de)
2019-06-05 08:53:15.554 14284 RALLYDEBUG rally_openstack.cleanup.manager [-] Deleting neutron.port object s_rally_6cb76421_jtzOV8Wd (289dfc5d-bb7d-4ab8-87c6-cf64e10ad7c5)
2019-06-05 08:53:15.644 14284 RALLYDEBUG rally_openstack.cleanup.manager [-] Deleting neutron.port object s_rally_6cb76421_cP1FVDGh (290b800c-3325-4e32-a434-6c57746f54d7)
2019-06-05 08:53:15.685 14284 RALLYDEBUG rally_openstack.cleanup.manager [-] Deleting neutron.port object s_rally_6cb76421_U8xcOQSe (299804d2-c481-4509-a4e9-50ce8ef3bdf2)
2019-06-05 08:53:15.692 14284 RALLYDEBUG rally_openstack.cleanup.manager [-] Deleting neutron.port object s_rally_6cb76421_cZFP2UqH (29a1872c-d805-408c-a75a-d7f6b9b97939)
2019-06-05 08:53:16.002 14284 RALLYDEBUG rally_openstack.cleanup.manager [-] Deleting neutron.port object s_rally_6cb76421_eaiCUrqN (2a1727c0-e88c-46af-bbf3-919a98b774aa)
2019-06-05 08:53:16.067 14284 RALLYDEBUG rally_openstack.cleanup.manager [-] Deleting neutron.port object s_rally_6cb76421_A9QUog1d (2a6d6a58-e7e9-45f1-9c22-c1fab09975c7)
2019-06-05 08:53:16.494 14284 RALLYDEBUG rally_openstack.cleanup.manager [-] Deleting neutron.port object s_rally_6cb76421_fBZmWy8l (2c0062a1-4234-4fa9-bd3e-7154f6c3d545)
2019-06-05 08:53:16.683 14284 RALLYDEBUG rally_openstack.cleanup.manager [-] Deleting neutron.port object s_rally_6cb76421_0csOZ7ip (2c27148b-56d4-42c6-b1c8-1baeab7fd796)
2019-06-05 08:53:16.721 14284 RALLYDEBUG rally_openstack.cleanup.manager [-] Deleting neutron.port object s_rally_6cb76421_FLTKOaQ9 (2c64d4ba-42d4-4467-87d9-76d7f7b17c2b)
2019-06-05 08:53:16.794 14284 RALLYDEBUG rally_openstack.cleanup.manager [-] Deleting neutron.port object s_rally_6cb76421_PcCvpFIq (2c87893f-655c-426f-8a54-a0e7e1645168)
2019-06-05 08:53:16.869 14284 RALLYDEBUG rally_openstack.cleanup.manager [-] Deleting neutron.port object s_rally_6cb76421_hSN153Ti (2cd604d2-36ce-4fdc-8175-602b9a530754)
2019-06-05 08:53:17.047 14284 RALLYDEBUG rally_openstack.cleanup.manager [-] Deleting neutron.port object s_rally_6cb76421_XmpvaWSn (2d0b4d7a-daef-4901-9077-4ee04bda4de4)
2019-06-05 08:53:17.131 14284 RALLYDEBUG rally_openstack.cleanup.manager [-] Deleting neutron.port object s_rally_6cb76421_6K7FzMUv (2d9add5c-cbbf-4725-9804-4150a5e4d96f)
2019-06-05 08:53:17.326 14284 RALLYDEBUG rally_openstack.cleanup.manager [-] Deleting neutron.port object s_rally_6cb76421_u5JKN2zJ (2e3c8d07-c9f3-419d-9676-d9e31c11d583)
2019-06-05 08:53:17.422 14284 RALLYDEBUG rally_openstack.cleanup.manager [-] Deleting neutron.port object s_rally_6cb76421_YXrb8OEe (2f523ef0-4a6c-4ebe-8c00-01ef75e90fa7)
2019-06-05 08:53:17.488 14284 RALLYDEBUG rally_openstack.cleanup.manager [-] Deleting neutron.port object s_rally_6cb76421_5QIOuQL1 (2f9c029a-e5ec-4a99-876c-0ef3b9dc2657)
2019-06-05 08:53:17.544 14284 RALLYDEBUG rally_openstack.cleanup.manager [-] Deleting neutron.port object s_rally_6cb76421_RAcACDMQ (3037d847-ddee-4825-9c26-ca1366b8c7bc)
2019-06-05 08:53:17.904 14284 RALLYDEBUG rally_openstack.cleanup.manager [-] Deleting neutron.port object s_rally_6cb76421_BS5c6XFR (3169d944-7845-44d9-a961-56807975e195)
2019-06-05 08:53:17.950 14284 RALLYDEBUG rally_openstack.cleanup.manager [-] Deleting neutron.port object s_rally_6cb76421_5UD0I7bm (316e1c6d-04bf-4a56-95a0-8b3a31569d57)
2019-06-05 08:53:17.962 14284 RALLYDEBUG rally_openstack.cleanup.manager [-] Deleting neutron.port object s_rally_6cb76421_zLcIfEQL (3187ff44-87a5-4484-b171-2d3cea4d2976)
2019-06-05 08:53:18.071 14284 RALLYDEBUG rally_openstack.cleanup.manager [-] Deleting neutron.port object s_rally_6cb76421_8MAjGDcv (319fe011-eaea-47f1-b021-839c42e45f62)
2019-06-05 08:53:18.280 14284 RALLYDEBUG rally_openstack.cleanup.manager [-] Deleting neutron.port object s_rally_6cb76421_C3kzaOur (31c71c53-d958-4dc1-afc0-c11ce3ea2291)
2019-06-05 08:53:18.463 14284 RALLYDEBUG rally_openstack.cleanup.manager [-] Deleting neutron.port object s_rally_6cb76421_xJZNtd9f (3286ab49-6f5f-4c31-89c1-f56970ebca96)
2019-06-05 08:53:18.473 14284 RALLYDEBUG rally_openstack.cleanup.manager [-] Deleting neutron.port object s_rally_6cb76421_0cPbKeq8 (32dc7200-4b9a-4271-b3fa-076f636e0f36)
2019-06-05 08:53:18.523 14284 RALLYDEBUG rally_openstack.cleanup.manager [-] Deleting neutron.port object s_rally_6cb76421_tgT9GWwW (32f436eb-baa7-4f06-bd28-1746a06df7e8)
2019-06-05 08:53:18.702 14284 RALLYDEBUG rally_openstack.cleanup.manager [-] Deleting neutron.port object s_rally_6cb76421_YYxyVxWJ (33645396-b2d0-4ea0-850b-a8c6e5bf61a3)
2019-06-05 08:53:18.989 14284 RALLYDEBUG rally_openstack.cleanup.manager [-] Deleting neutron.port object s_rally_6cb76421_d5mfA7MZ (33ef9bff-4186-4777-a007-c999ca958cc9)
