2019-06-05 08:40:42.965 16382 WARNING rally_openstack.scenarios.neutron.utils [-] Running this scenario without either the 'network' or 'existing_network' context is deprecated
2019-06-05 08:40:42.965 16394 RALLYDEBUG rally.task.runner [-] Starting a worker. concurrency: 1 args: {"network_create_args": {}, "subnet_create_args": {}, "subnet_cidr_start": "1.1.0.0/30", "subnets_per_network": 2} times: 40 method_name: run timeout: 0 duration: None cls:
2019-06-05 08:40:42.966 16385 WARNING rally_openstack.scenarios.neutron.utils [-] Running this scenario without either the 'network' or 'existing_network' context is deprecated
2019-06-05 08:40:42.967 16390 INFO rally.task.runner [-] Task e5d1e08e-6154-4daa-bc1e-bdf159d20181 | ITER: 11 START
2019-06-05 08:40:42.968 16390 WARNING rally_openstack.scenarios.neutron.utils [-] Running this scenario without either the 'network' or 'existing_network' context is deprecated
2019-06-05 08:40:42.970 16378 WARNING rally_openstack.scenarios.neutron.utils [-] Running this scenario without either the 'network' or 'existing_network' context is deprecated
2019-06-05 08:40:42.973 16394 INFO rally.task.runner [-] Task e5d1e08e-6154-4daa-bc1e-bdf159d20181 | ITER: 12 START
2019-06-05 08:40:42.972 16400 RALLYDEBUG rally.task.runner [-] Starting a worker. concurrency: 1 args: {"network_create_args": {}, "subnet_create_args": {}, "subnet_cidr_start": "1.1.0.0/30", "subnets_per_network": 2} times: 40 method_name: run timeout: 0 duration: None cls:
2019-06-05 08:40:42.966 16380 INFO rally.task.runner [-] Task e5d1e08e-6154-4daa-bc1e-bdf159d20181 | ITER: 7 START
2019-06-05 08:40:42.975 16394 WARNING rally_openstack.scenarios.neutron.utils [-] Running this scenario without either the 'network' or 'existing_network' context is deprecated
2019-06-05 08:40:42.974 16380 WARNING rally_openstack.scenarios.neutron.utils [-] Running this scenario without either the 'network' or 'existing_network' context is deprecated
2019-06-05 08:40:42.979 16381 INFO rally.task.runner [-] Task e5d1e08e-6154-4daa-bc1e-bdf159d20181 | ITER: 9 START
2019-06-05 08:40:42.979 16405 RALLYDEBUG rally.task.runner [-] Starting a worker. concurrency: 1 args: {"network_create_args": {}, "subnet_create_args": {}, "subnet_cidr_start": "1.1.0.0/30", "subnets_per_network": 2} times: 40 method_name: run timeout: 0 duration: None cls:
2019-06-05 08:40:42.980 16400 INFO rally.task.runner [-] Task e5d1e08e-6154-4daa-bc1e-bdf159d20181 | ITER: 13 START
2019-06-05 08:40:42.973 16379 INFO rally.task.runner [-] Task e5d1e08e-6154-4daa-bc1e-bdf159d20181 | ITER: 5 START
2019-06-05 08:40:42.981 16379 WARNING rally_openstack.scenarios.neutron.utils [-] Running this scenario without either the 'network' or 'existing_network' context is deprecated
2019-06-05 08:40:42.981 16381 WARNING rally_openstack.scenarios.neutron.utils [-] Running this scenario without either the 'network' or 'existing_network' context is deprecated
2019-06-05 08:40:42.982 16400 WARNING rally_openstack.scenarios.neutron.utils [-] Running this scenario without either the 'network' or 'existing_network' context is deprecated
2019-06-05 08:40:42.988 16405 INFO rally.task.runner [-] Task e5d1e08e-6154-4daa-bc1e-bdf159d20181 | ITER: 14 START
2019-06-05 08:40:42.988 16410 RALLYDEBUG rally.task.runner [-] Starting a worker. concurrency: 1 args: {"network_create_args": {}, "subnet_create_args": {}, "subnet_cidr_start": "1.1.0.0/30", "subnets_per_network": 2} times: 40 method_name: run timeout: 0 duration: None cls:
2019-06-05 08:40:42.989 16405 WARNING rally_openstack.scenarios.neutron.utils [-] Running this scenario without either the 'network' or 'existing_network' context is deprecated
2019-06-05 08:40:42.995 16413 RALLYDEBUG rally.task.runner [-] Starting a worker. concurrency: 1 args: {"network_create_args": {}, "subnet_create_args": {}, "subnet_cidr_start": "1.1.0.0/30", "subnets_per_network": 2} times: 40 method_name: run timeout: 0 duration: None cls:
2019-06-05 08:40:42.996 16410 INFO rally.task.runner [-] Task e5d1e08e-6154-4daa-bc1e-bdf159d20181 | ITER: 15 START
2019-06-05 08:40:42.998 16410 WARNING rally_openstack.scenarios.neutron.utils [-] Running this scenario without either the 'network' or 'existing_network' context is deprecated
2019-06-05 08:40:43.004 16416 RALLYDEBUG rally.task.runner [-] Starting a worker. concurrency: 1 args: {"network_create_args": {}, "subnet_create_args": {}, "subnet_cidr_start": "1.1.0.0/30", "subnets_per_network": 2} times: 40 method_name: run timeout: 0 duration: None cls:
2019-06-05 08:40:43.006 16413 INFO rally.task.runner [-] Task e5d1e08e-6154-4daa-bc1e-bdf159d20181 | ITER: 16 START
2019-06-05 08:40:43.008 16413 WARNING rally_openstack.scenarios.neutron.utils [-] Running this scenario without either the 'network' or 'existing_network' context is deprecated
2019-06-05 08:40:43.011 16416 INFO rally.task.runner [-] Task e5d1e08e-6154-4daa-bc1e-bdf159d20181 | ITER: 17 START
2019-06-05 08:40:43.012 16416 WARNING rally_openstack.scenarios.neutron.utils [-] Running this scenario without either the 'network' or 'existing_network' context is deprecated
2019-06-05 08:40:43.012 16419 RALLYDEBUG rally.task.runner [-] Starting a worker. concurrency: 1 args: {"network_create_args": {}, "subnet_create_args": {}, "subnet_cidr_start": "1.1.0.0/30", "subnets_per_network": 2} times: 40 method_name: run timeout: 0 duration: None cls:
2019-06-05 08:40:43.018 16419 INFO rally.task.runner [-] Task e5d1e08e-6154-4daa-bc1e-bdf159d20181 | ITER: 18 START
2019-06-05 08:40:43.020 16419 WARNING rally_openstack.scenarios.neutron.utils [-] Running this scenario without either the 'network' or 'existing_network' context is deprecated
2019-06-05 08:40:43.020 16422 RALLYDEBUG rally.task.runner [-] Starting a worker. concurrency: 1 args: {"network_create_args": {}, "subnet_create_args": {}, "subnet_cidr_start": "1.1.0.0/30", "subnets_per_network": 2} times: 40 method_name: run timeout: 0 duration: None cls:
2019-06-05 08:40:43.027 16422 INFO rally.task.runner [-] Task e5d1e08e-6154-4daa-bc1e-bdf159d20181 | ITER: 19 START
2019-06-05 08:40:43.028 16422 WARNING rally_openstack.scenarios.neutron.utils [-] Running this scenario without either the 'network' or 'existing_network' context is deprecated
2019-06-05 08:40:43.028 16425 RALLYDEBUG rally.task.runner [-] Starting a worker. concurrency: 1 args: {"network_create_args": {}, "subnet_create_args": {}, "subnet_cidr_start": "1.1.0.0/30", "subnets_per_network": 2} times: 40 method_name: run timeout: 0 duration: None cls:
2019-06-05 08:40:43.033 16425 INFO rally.task.runner [-] Task e5d1e08e-6154-4daa-bc1e-bdf159d20181 | ITER: 20 START
2019-06-05 08:40:43.034 16425 WARNING rally_openstack.scenarios.neutron.utils [-] Running this scenario without either the 'network' or 'existing_network' context is deprecated
2019-06-05 08:40:44.083 16410 RALLYDEBUG rally_openstack.wrappers.network [-] CIDR generated: 1.1.4.96/30
2019-06-05 08:40:44.110 16400 RALLYDEBUG rally_openstack.wrappers.network [-] CIDR generated: 1.1.4.100/30
2019-06-05 08:40:44.220 16425 RALLYDEBUG rally_openstack.wrappers.network [-] CIDR generated: 1.1.4.104/30
2019-06-05 08:40:44.227 16419 RALLYDEBUG rally_openstack.wrappers.network [-] CIDR generated: 1.1.4.108/30
2019-06-05 08:40:44.268 16381 RALLYDEBUG rally_openstack.wrappers.network [-] CIDR generated: 1.1.4.112/30
2019-06-05 08:40:44.413 16394 RALLYDEBUG rally_openstack.wrappers.network [-] CIDR generated: 1.1.4.116/30
2019-06-05 08:40:44.427 16378 RALLYDEBUG rally_openstack.wrappers.network [-] CIDR generated: 1.1.4.120/30
2019-06-05 08:40:44.473 16379 RALLYDEBUG rally_openstack.wrappers.network [-] CIDR generated: 1.1.4.124/30
2019-06-05 08:40:44.545 16380 RALLYDEBUG rally_openstack.wrappers.network [-] CIDR generated: 1.1.4.128/30
2019-06-05 08:40:44.549 16385 RALLYDEBUG rally_openstack.wrappers.network [-] CIDR generated: 1.1.4.132/30
2019-06-05 08:40:44.570 16422 RALLYDEBUG rally_openstack.wrappers.network [-] CIDR generated: 1.1.4.136/30
2019-06-05 08:40:44.605 16405 RALLYDEBUG rally_openstack.wrappers.network [-] CIDR generated: 1.1.4.140/30
2019-06-05 08:40:44.606 16413 RALLYDEBUG rally_openstack.wrappers.network [-] CIDR generated: 1.1.4.144/30
2019-06-05 08:40:44.650 16378 RALLYDEBUG rally_openstack.wrappers.network [-] CIDR generated: 1.1.4.148/30
2019-06-05 08:40:44.651 16382 RALLYDEBUG rally_openstack.wrappers.network [-] CIDR generated: 1.1.4.152/30
2019-06-05 08:40:44.652 16380 RALLYDEBUG rally_openstack.wrappers.network [-] CIDR generated: 1.1.4.156/30
2019-06-05 08:40:44.662 16390 RALLYDEBUG rally_openstack.wrappers.network [-] CIDR generated: 1.1.4.160/30
2019-06-05 08:40:44.761 16416 RALLYDEBUG rally_openstack.wrappers.network [-] CIDR generated: 1.1.4.164/30
2019-06-05 08:40:44.777 16379 RALLYDEBUG rally_openstack.wrappers.network [-] CIDR generated: 1.1.4.168/30
2019-06-05 08:40:44.912 16381 RALLYDEBUG rally_openstack.wrappers.network [-] CIDR generated: 1.1.4.172/30
2019-06-05 08:40:45.260 16394 RALLYDEBUG rally_openstack.wrappers.network [-] CIDR generated: 1.1.4.176/30
2019-06-05 08:40:45.287 16400 RALLYDEBUG rally_openstack.wrappers.network [-] CIDR generated: 1.1.4.180/30
2019-06-05 08:40:45.498 16419 RALLYDEBUG rally_openstack.wrappers.network [-] CIDR generated: 1.1.4.184/30
2019-06-05 08:40:45.780 16385 RALLYDEBUG rally_openstack.wrappers.network [-] CIDR generated: 1.1.4.188/30
2019-06-05 08:40:45.787 16410 RALLYDEBUG rally_openstack.wrappers.network [-] CIDR generated: 1.1.4.192/30
2019-06-05 08:40:45.837 16425 RALLYDEBUG rally_openstack.wrappers.network [-] CIDR generated: 1.1.4.196/30
2019-06-05 08:40:45.860 16382 RALLYDEBUG rally_openstack.wrappers.network [-] CIDR generated: 1.1.4.200/30
2019-06-05 08:40:46.016 16416 RALLYDEBUG rally_openstack.wrappers.network [-] CIDR generated: 1.1.4.204/30
2019-06-05 08:40:46.146 16379 RALLYDEBUG rally_openstack.wrappers.network [-] CIDR generated: 1.1.4.208/30
2019-06-05 08:40:46.237 16379 RALLYDEBUG rally_openstack.wrappers.network [-] CIDR generated: 1.1.4.212/30
2019-06-05 08:40:46.247 16390 RALLYDEBUG rally_openstack.wrappers.network [-] CIDR generated: 1.1.4.216/30
2019-06-05 08:40:46.668 16380 RALLYDEBUG rally_openstack.wrappers.network [-] CIDR generated: 1.1.4.220/30
2019-06-05 08:40:46.729 16413 RALLYDEBUG rally_openstack.wrappers.network [-] CIDR generated: 1.1.4.224/30
2019-06-05 08:40:46.857 16378 RALLYDEBUG rally_openstack.wrappers.network [-] CIDR generated: 1.1.4.228/30
2019-06-05 08:40:47.269 16381 RALLYDEBUG rally_openstack.wrappers.network [-] CIDR generated: 1.1.4.232/30
2019-06-05 08:40:47.590 16422 RALLYDEBUG rally_openstack.wrappers.network [-] CIDR generated: 1.1.4.236/30
2019-06-05 08:40:47.725 16381 RALLYDEBUG rally_openstack.wrappers.network [-] CIDR generated: 1.1.4.240/30
2019-06-05 08:40:49.711 16378 RALLYDEBUG rally_openstack.wrappers.network [-] CIDR generated: 1.1.4.244/30
2019-06-05 08:40:49.944 16394 INFO rally.task.runner [-] Task e5d1e08e-6154-4daa-bc1e-bdf159d20181 | ITER: 12 END: OK
2019-06-05 08:40:49.949 16394 INFO rally.task.runner [-] Task e5d1e08e-6154-4daa-bc1e-bdf159d20181 | ITER: 21 START
2019-06-05 08:40:49.949 16394 WARNING rally_openstack.scenarios.neutron.utils [-] Running this scenario without either the 'network' or 'existing_network' context is deprecated
2019-06-05 08:40:49.980 16400 INFO rally.task.runner [-] Task e5d1e08e-6154-4daa-bc1e-bdf159d20181 | ITER: 13 END: OK
2019-06-05 08:40:49.985 16400 INFO rally.task.runner [-] Task e5d1e08e-6154-4daa-bc1e-bdf159d20181 | ITER: 22 START
2019-06-05 08:40:49.985 16400 WARNING rally_openstack.scenarios.neutron.utils [-] Running this scenario without either the 'network' or 'existing_network' context is deprecated
2019-06-05 08:40:50.036 16405 RALLYDEBUG rally_openstack.wrappers.network [-] CIDR generated: 1.1.4.248/30
2019-06-05 08:40:50.180 16385 INFO rally.task.runner [-] Task e5d1e08e-6154-4daa-bc1e-bdf159d20181 | ITER: 10 END: OK
2019-06-05 08:40:50.185 16385 INFO rally.task.runner [-] Task e5d1e08e-6154-4daa-bc1e-bdf159d20181 | ITER: 23 START
2019-06-05 08:40:50.186 16385 WARNING rally_openstack.scenarios.neutron.utils [-] Running this scenario without either the 'network' or 'existing_network' context is deprecated
2019-06-05 08:40:50.355 16380 RALLYDEBUG rally_openstack.wrappers.network [-] CIDR generated: 1.1.4.252/30
2019-06-05 08:40:50.879 16394 RALLYDEBUG rally_openstack.wrappers.network [-] CIDR generated: 1.1.5.0/30
2019-06-05 08:40:50.997 16425 INFO rally.task.runner [-] Task e5d1e08e-6154-4daa-bc1e-bdf159d20181 | ITER: 20 END: OK
2019-06-05 08:40:51.002 16425 INFO rally.task.runner [-] Task e5d1e08e-6154-4daa-bc1e-bdf159d20181 | ITER: 24 START
2019-06-05 08:40:51.003 16425 WARNING rally_openstack.scenarios.neutron.utils [-] Running this scenario without either the 'network' or 'existing_network' context is deprecated
2019-06-05 08:40:51.376 16419 INFO rally.task.runner [-] Task e5d1e08e-6154-4daa-bc1e-bdf159d20181 | ITER: 18 END: OK
2019-06-05 08:40:51.380 16419 INFO rally.task.runner [-] Task e5d1e08e-6154-4daa-bc1e-bdf159d20181 | ITER: 25 START
2019-06-05 08:40:51.381 16419 WARNING rally_openstack.scenarios.neutron.utils [-] Running this scenario without either the 'network' or 'existing_network' context is deprecated
2019-06-05 08:40:51.628 16380 INFO rally.task.runner [-] Task e5d1e08e-6154-4daa-bc1e-bdf159d20181 | ITER: 4 END: OK
2019-06-05 08:40:51.633 16380 INFO rally.task.runner [-] Task e5d1e08e-6154-4daa-bc1e-bdf159d20181 | ITER: 26 START
2019-06-05 08:40:51.634 16380 WARNING rally_openstack.scenarios.neutron.utils [-] Running this scenario without either the 'network' or 'existing_network' context is deprecated
2019-06-05 08:40:51.813 16394 RALLYDEBUG rally_openstack.wrappers.network [-] CIDR generated: 1.1.5.4/30
2019-06-05 08:40:52.117 16422 INFO rally.task.runner [-] Task e5d1e08e-6154-4daa-bc1e-bdf159d20181 | ITER: 19 END: OK
2019-06-05 08:40:52.120 16422 INFO rally.task.runner [-] Task e5d1e08e-6154-4daa-bc1e-bdf159d20181 | ITER: 27 START
2019-06-05 08:40:52.121 16422 WARNING rally_openstack.scenarios.neutron.utils [-] Running this scenario without either the 'network' or 'existing_network' context is deprecated
2019-06-05 08:40:52.151 16410 INFO rally.task.runner [-] Task e5d1e08e-6154-4daa-bc1e-bdf159d20181 | ITER: 15 END: OK
2019-06-05 08:40:52.156 16410 INFO rally.task.runner [-] Task e5d1e08e-6154-4daa-bc1e-bdf159d20181 | ITER: 28 START
2019-06-05 08:40:52.156 16410 WARNING rally_openstack.scenarios.neutron.utils [-] Running this scenario without either the 'network' or 'existing_network' context is deprecated
2019-06-05 08:40:52.317 16419 RALLYDEBUG rally_openstack.wrappers.network [-] CIDR generated: 1.1.5.8/30
2019-06-05 08:40:52.341 16400 RALLYDEBUG rally_openstack.wrappers.network [-] CIDR generated: 1.1.5.12/30
2019-06-05 08:40:52.397 16385 RALLYDEBUG rally_openstack.wrappers.network [-] CIDR generated: 1.1.5.16/30
2019-06-05 08:40:52.868 16422 RALLYDEBUG rally_openstack.wrappers.network [-] CIDR generated: 1.1.5.20/30
2019-06-05 08:40:52.907 16380 RALLYDEBUG rally_openstack.wrappers.network [-] CIDR generated: 1.1.5.24/30
2019-06-05 08:40:53.000 16425 RALLYDEBUG rally_openstack.wrappers.network [-] CIDR generated: 1.1.5.28/30
2019-06-05 08:40:53.009 16410 RALLYDEBUG rally_openstack.wrappers.network [-] CIDR generated: 1.1.5.32/30
2019-06-05 08:40:53.131 16378 INFO rally.task.runner [-] Task e5d1e08e-6154-4daa-bc1e-bdf159d20181 | ITER: 1 END: OK
2019-06-05 08:40:53.136 16378 INFO rally.task.runner [-] Task e5d1e08e-6154-4daa-bc1e-bdf159d20181 | ITER: 29 START
2019-06-05 08:40:53.136 16378 WARNING rally_openstack.scenarios.neutron.utils [-] Running this scenario without either the 'network' or 'existing_network' context is deprecated
2019-06-05 08:40:53.291 16416 INFO rally.task.runner [-] Task e5d1e08e-6154-4daa-bc1e-bdf159d20181 | ITER: 17 END: OK
2019-06-05 08:40:53.296 16416 INFO rally.task.runner [-] Task e5d1e08e-6154-4daa-bc1e-bdf159d20181 | ITER: 30 START
2019-06-05 08:40:53.296 16416 WARNING rally_openstack.scenarios.neutron.utils [-] Running this scenario without either the 'network' or 'existing_network' context is deprecated
2019-06-05 08:40:53.475 16400 RALLYDEBUG rally_openstack.wrappers.network [-] CIDR generated: 1.1.5.36/30
2019-06-05 08:40:53.859 16378 RALLYDEBUG rally_openstack.wrappers.network [-] CIDR generated: 1.1.5.40/30
2019-06-05 08:40:53.951 16382 INFO rally.task.runner [-] Task e5d1e08e-6154-4daa-bc1e-bdf159d20181 | ITER: 8 END: OK
2019-06-05 08:40:53.956 16382 INFO rally.task.runner [-] Task e5d1e08e-6154-4daa-bc1e-bdf159d20181 | ITER: 31 START
2019-06-05 08:40:53.956 16382 WARNING rally_openstack.scenarios.neutron.utils [-] Running this scenario without either the 'network' or 'existing_network' context is deprecated
2019-06-05 08:40:53.994 16416 RALLYDEBUG rally_openstack.wrappers.network [-] CIDR generated: 1.1.5.44/30
2019-06-05 08:40:54.125 16419 RALLYDEBUG rally_openstack.wrappers.network [-] CIDR generated: 1.1.5.48/30
2019-06-05 08:40:54.138 16385 RALLYDEBUG rally_openstack.wrappers.network [-] CIDR generated: 1.1.5.52/30
2019-06-05 08:40:54.202 16425 RALLYDEBUG rally_openstack.wrappers.network [-] CIDR generated: 1.1.5.56/30
2019-06-05 08:40:54.204 16380 INFO rally.task.runner [-] Task e5d1e08e-6154-4daa-bc1e-bdf159d20181 | ITER: 7 END: OK
2019-06-05 08:40:54.209 16380 INFO rally.task.runner [-] Task e5d1e08e-6154-4daa-bc1e-bdf159d20181 | ITER: 32 START
2019-06-05 08:40:54.209 16380 WARNING rally_openstack.scenarios.neutron.utils [-] Running this scenario without either the 'network' or 'existing_network' context is deprecated
2019-06-05 08:40:54.400 16422 RALLYDEBUG rally_openstack.wrappers.network [-] CIDR generated: 1.1.5.60/30
2019-06-05 08:40:54.523 16379 INFO rally.task.runner [-] Task e5d1e08e-6154-4daa-bc1e-bdf159d20181 | ITER: 5 END: OK
2019-06-05 08:40:54.528 16379 INFO rally.task.runner [-] Task e5d1e08e-6154-4daa-bc1e-bdf159d20181 | ITER: 33 START
2019-06-05 08:40:54.529 16379 WARNING rally_openstack.scenarios.neutron.utils [-] Running this scenario without either the 'network' or 'existing_network' context is deprecated
2019-06-05 08:40:54.592 16382 RALLYDEBUG rally_openstack.wrappers.network [-] CIDR generated: 1.1.5.64/30
2019-06-05 08:40:54.599 16410 RALLYDEBUG rally_openstack.wrappers.network [-] CIDR generated: 1.1.5.68/30
2019-06-05 08:40:54.904 16380 RALLYDEBUG rally_openstack.wrappers.network [-] CIDR generated: 1.1.5.72/30
2019-06-05 08:40:55.017 16416 RALLYDEBUG rally_openstack.wrappers.network [-] CIDR generated: 1.1.5.76/30
2019-06-05 08:40:55.107 16379 RALLYDEBUG rally_openstack.wrappers.network [-] CIDR generated: 1.1.5.80/30
2019-06-05 08:40:56.217 16379 RALLYDEBUG rally_openstack.wrappers.network [-] CIDR generated: 1.1.5.84/30
2019-06-05 08:40:56.510 16394 INFO rally.task.runner [-] Task e5d1e08e-6154-4daa-bc1e-bdf159d20181 | ITER: 21 END: OK
2019-06-05 08:40:56.515 16394 INFO rally.task.runner [-] Task e5d1e08e-6154-4daa-bc1e-bdf159d20181 | ITER: 34 START
2019-06-05 08:40:56.516 16394 WARNING rally_openstack.scenarios.neutron.utils [-] Running this scenario without either the 'network' or 'existing_network' context is deprecated
2019-06-05 08:40:57.109 16394 RALLYDEBUG rally_openstack.wrappers.network [-] CIDR generated: 1.1.5.88/30
2019-06-05 08:40:57.234 16379 INFO rally.task.runner [-] Task e5d1e08e-6154-4daa-bc1e-bdf159d20181 | ITER: 2 END: OK
2019-06-05 08:40:57.237 16379 INFO rally.task.runner [-] Task e5d1e08e-6154-4daa-bc1e-bdf159d20181 | ITER: 35 START
2019-06-05 08:40:57.238 16379 WARNING rally_openstack.scenarios.neutron.utils [-] Running this scenario without either the 'network' or 'existing_network' context is deprecated
2019-06-05 08:40:57.760 16394 RALLYDEBUG rally_openstack.wrappers.network [-] CIDR generated: 1.1.5.92/30
2019-06-05 08:40:57.807 16379 RALLYDEBUG rally_openstack.wrappers.network [-] CIDR generated: 1.1.5.96/30
2019-06-05 08:40:58.109 16425 INFO rally.task.runner [-] Task e5d1e08e-6154-4daa-bc1e-bdf159d20181 | ITER: 24 END: OK
2019-06-05 08:40:58.114 16425 INFO rally.task.runner [-] Task e5d1e08e-6154-4daa-bc1e-bdf159d20181 | ITER: 36 START
2019-06-05 08:40:58.115 16425 WARNING rally_openstack.scenarios.neutron.utils [-] Running this scenario without either the 'network' or 'existing_network' context is deprecated
2019-06-05 08:40:58.411 16413 INFO rally.task.runner [-] Task e5d1e08e-6154-4daa-bc1e-bdf159d20181 | ITER: 16 END: OK
2019-06-05 08:40:58.416 16413 INFO rally.task.runner [-] Task e5d1e08e-6154-4daa-bc1e-bdf159d20181 | ITER: 37 START
2019-06-05 08:40:58.416 16413 WARNING rally_openstack.scenarios.neutron.utils [-] Running this scenario without either the 'network' or 'existing_network' context is deprecated
2019-06-05 08:40:58.624 16379 RALLYDEBUG rally_openstack.wrappers.network [-] CIDR generated: 1.1.5.100/30
2019-06-05 08:40:58.775 16425 RALLYDEBUG rally_openstack.wrappers.network [-] CIDR generated: 1.1.5.104/30
2019-06-05 08:40:58.807 16378 INFO rally.task.runner [-] Task e5d1e08e-6154-4daa-bc1e-bdf159d20181 | ITER: 3 END: OK
2019-06-05 08:40:58.811 16378 INFO rally.task.runner [-] Task e5d1e08e-6154-4daa-bc1e-bdf159d20181 | ITER: 38 START
2019-06-05 08:40:58.812 16378 WARNING rally_openstack.scenarios.neutron.utils [-] Running this scenario without either the 'network' or 'existing_network' context is deprecated
2019-06-05 08:40:59.301 16381 INFO rally.task.runner [-] Task e5d1e08e-6154-4daa-bc1e-bdf159d20181 | ITER: 6 END: OK
2019-06-05 08:40:59.306 16381 INFO rally.task.runner [-] Task e5d1e08e-6154-4daa-bc1e-bdf159d20181 | ITER: 39 START
2019-06-05 08:40:59.307 16381 WARNING rally_openstack.scenarios.neutron.utils [-] Running this scenario without either the 'network' or 'existing_network' context is deprecated
2019-06-05 08:40:59.351 16378 RALLYDEBUG rally_openstack.wrappers.network [-] CIDR generated: 1.1.5.108/30
2019-06-05 08:40:59.483 16425 RALLYDEBUG rally_openstack.wrappers.network [-] CIDR generated: 1.1.5.112/30
2019-06-05 08:40:59.944 16381 RALLYDEBUG rally_openstack.wrappers.network [-] CIDR generated: 1.1.5.116/30
2019-06-05 08:41:00.138 16413 RALLYDEBUG rally_openstack.wrappers.network [-] CIDR generated: 1.1.5.120/30
2019-06-05 08:41:01.043 16381 RALLYDEBUG rally_openstack.wrappers.network [-] CIDR generated: 1.1.5.124/30
2019-06-05 08:41:01.204 16385 INFO rally.task.runner [-] Task e5d1e08e-6154-4daa-bc1e-bdf159d20181 | ITER: 23 END: OK
2019-06-05 08:41:01.205 16390 INFO rally.task.runner [-] Task e5d1e08e-6154-4daa-bc1e-bdf159d20181 | ITER: 11 END: OK
2019-06-05 08:41:01.209 16385 INFO rally.task.runner [-] Task e5d1e08e-6154-4daa-bc1e-bdf159d20181 | ITER: 40 START
2019-06-05 08:41:01.210 16385 WARNING rally_openstack.scenarios.neutron.utils [-] Running this scenario without either the 'network' or 'existing_network' context is deprecated
2019-06-05 08:41:01.315 16381 INFO rally.task.runner [-] Task e5d1e08e-6154-4daa-bc1e-bdf159d20181 | ITER: 9 END: OK
2019-06-05 08:41:01.560 16400 INFO rally.task.runner [-] Task e5d1e08e-6154-4daa-bc1e-bdf159d20181 | ITER: 22 END: OK
2019-06-05 08:41:01.786 16385 RALLYDEBUG rally_openstack.wrappers.network [-] CIDR generated: 1.1.5.128/30
2019-06-05 08:41:01.844 16382 RALLYDEBUG rally_openstack.wrappers.network [-] CIDR generated: 1.1.5.132/30
2019-06-05 08:41:02.133 16380 RALLYDEBUG rally_openstack.wrappers.network [-] CIDR generated: 1.1.5.136/30
2019-06-05 08:41:02.588 16419 INFO rally.task.runner [-] Task e5d1e08e-6154-4daa-bc1e-bdf159d20181 | ITER: 25 END: OK
2019-06-05 08:41:02.971 16379 INFO rally.task.runner [-] Task e5d1e08e-6154-4daa-bc1e-bdf159d20181 | ITER: 35 END: OK
2019-06-05 08:41:03.032 16380 RALLYDEBUG rally_openstack.wrappers.network [-] CIDR generated: 1.1.5.140/30
2019-06-05 08:41:03.037 16378 RALLYDEBUG rally_openstack.wrappers.network [-] CIDR generated: 1.1.5.144/30
2019-06-05 08:41:03.101 16410 INFO rally.task.runner [-] Task e5d1e08e-6154-4daa-bc1e-bdf159d20181 | ITER: 28 END: OK
2019-06-05 08:41:03.418 16378 RALLYDEBUG rally_openstack.wrappers.network [-] CIDR generated: 1.1.5.148/30
2019-06-05 08:41:03.676 16416 INFO rally.task.runner [-] Task e5d1e08e-6154-4daa-bc1e-bdf159d20181 | ITER: 30 END: OK
2019-06-05 08:41:04.477 16413 RALLYDEBUG rally_openstack.wrappers.network [-] CIDR generated: 1.1.5.152/30
2019-06-05 08:41:04.770 16405 INFO rally.task.runner [-] Task e5d1e08e-6154-4daa-bc1e-bdf159d20181 | ITER: 14 END: OK
2019-06-05 08:41:05.005 16382 INFO rally.task.runner [-] Task e5d1e08e-6154-4daa-bc1e-bdf159d20181 | ITER: 31 END: OK
2019-06-05 08:41:05.120 16385 RALLYDEBUG rally_openstack.wrappers.network [-] CIDR generated: 1.1.5.156/30
2019-06-05 08:41:05.343 16378 INFO rally.task.runner [-] Task e5d1e08e-6154-4daa-bc1e-bdf159d20181 | ITER: 29 END: OK
2019-06-05 08:41:06.368 16379 INFO rally.task.runner [-] Task e5d1e08e-6154-4daa-bc1e-bdf159d20181 | ITER: 33 END: OK
2019-06-05 08:41:06.946 16380 INFO rally.task.runner [-] Task e5d1e08e-6154-4daa-bc1e-bdf159d20181 | ITER: 32 END: OK
2019-06-05 08:41:08.034 16425 INFO rally.task.runner [-] Task e5d1e08e-6154-4daa-bc1e-bdf159d20181 | ITER: 36 END: OK
2019-06-05 08:41:08.221 16378 INFO rally.task.runner [-] Task e5d1e08e-6154-4daa-bc1e-bdf159d20181 | ITER: 38 END: OK
2019-06-05 08:41:08.317 16394 INFO rally.task.runner [-] Task e5d1e08e-6154-4daa-bc1e-bdf159d20181 | ITER: 34 END: OK
2019-06-05 08:41:08.367 16413 INFO rally.task.runner [-] Task e5d1e08e-6154-4daa-bc1e-bdf159d20181 | ITER: 37 END: OK
2019-06-05 08:41:08.624 16385 INFO rally.task.runner [-] Task e5d1e08e-6154-4daa-bc1e-bdf159d20181 | ITER: 40 END: OK
2019-06-05 08:41:08.838 16422 INFO rally.task.runner [-] Task e5d1e08e-6154-4daa-bc1e-bdf159d20181 | ITER: 27 END: OK
2019-06-05 08:41:09.110 16381 INFO rally.task.runner [-] Task e5d1e08e-6154-4daa-bc1e-bdf159d20181 | ITER: 39 END: OK
2019-06-05 08:41:09.489 16380 INFO rally.task.runner [-] Task e5d1e08e-6154-4daa-bc1e-bdf159d20181 | ITER: 26 END: OK
2019-06-05 08:41:09.513 14284 INFO rally.task.context [-] Task e5d1e08e-6154-4daa-bc1e-bdf159d20181 | Context cleanup@openstack cleanup() started
2019-06-05 08:41:09.516 14284 RALLYDEBUG rally_openstack.cleanup.manager [-] Cleaning up neutron vip objects
2019-06-05 08:41:09.915 14284 RALLYDEBUG rally_openstack.cleanup.manager [-] Cleaning up neutron health_monitor objects
2019-06-05 08:41:10.311 14284 RALLYDEBUG rally_openstack.cleanup.manager [-] Cleaning up neutron pool objects
2019-06-05 08:41:10.697 14284 RALLYDEBUG rally_openstack.cleanup.manager [-] Cleaning up neutron loadbalancer objects
2019-06-05 08:41:11.080 14284 RALLYDEBUG rally_openstack.cleanup.manager [-] Cleaning up neutron floatingip objects
2019-06-05 08:41:11.528 14284 RALLYDEBUG rally_openstack.cleanup.manager [-] Cleaning up neutron port objects
2019-06-05 08:41:12.065 14284 RALLYDEBUG rally_openstack.cleanup.manager [-] Cleaning up neutron subnet objects
2019-06-05 08:41:12.484 14284 RALLYDEBUG rally_openstack.cleanup.manager [-] Cleaning up neutron network objects
2019-06-05 08:41:13.031 14284 RALLYDEBUG rally_openstack.cleanup.manager [-] Deleting neutron.network object s_rally_0949b277_ZukXVvF7 (047ac9a7-a0b6-4cce-9379-be70a1c07ccf)
2019-06-05 08:41:13.031 14284 RALLYDEBUG rally_openstack.cleanup.manager [-] Deleting neutron.network object s_rally_0949b277_ZEP1DzF6 (14889ae0-d807-45b8-a329-a9afa5ed9b75)
2019-06-05 08:41:13.049 14284 RALLYDEBUG rally_openstack.cleanup.manager [-] Deleting neutron.network object s_rally_0949b277_Ghw2UR18 (19b6349c-c5c1-41a7-8e30-77a536f54375)
2019-06-05 08:41:13.052 14284 RALLYDEBUG rally_openstack.cleanup.manager [-] Deleting neutron.network object s_rally_0949b277_dni6rOpS (1de639ee-4d83-4ab8-bf2c-a90f02dc1f9e)
2019-06-05 08:41:13.073 14284 RALLYDEBUG rally_openstack.cleanup.manager [-] Deleting neutron.network object s_rally_0949b277_HAPrTrbx (2b28ab4b-1502-4e11-afad-146857044e8b)
2019-06-05 08:41:13.074 14284 RALLYDEBUG rally_openstack.cleanup.manager [-] Deleting neutron.network object s_rally_0949b277_pY8LKdZZ (392f1c74-e758-4e95-a991-650da5bb6eaa)
2019-06-05 08:41:13.074 14284 RALLYDEBUG rally_openstack.cleanup.manager [-] Deleting neutron.network object s_rally_0949b277_ImzAj0qz (30d10bcf-eb49-4ada-9704-e93fc8b7eb86)
2019-06-05 08:41:13.335 14284 RALLYDEBUG rally_openstack.cleanup.manager [-] Deleting neutron.network object s_rally_0949b277_7bNx4lO5 (3e7e6fc6-b0d2-4c51-b5f4-ffa538deb1f0)
2019-06-05 08:41:13.354 14284 RALLYDEBUG rally_openstack.cleanup.manager [-] Deleting neutron.network object s_rally_0949b277_AqDXIm1y (3b6676fc-5fd7-4691-bae9-f6f41478048b)
2019-06-05 08:41:13.355 14284 RALLYDEBUG rally_openstack.cleanup.manager [-] Deleting neutron.network object s_rally_0949b277_AJfIUHsI (4d7d893e-ec61-4101-ad02-ff72ba648d7a)
2019-06-05 08:41:13.357 14284 RALLYDEBUG rally_openstack.cleanup.manager [-] Deleting neutron.network object s_rally_0949b277_ShG7sc9A (4b77f7c2-e9bb-46bd-80fe-02f94c859c15)
2019-06-05 08:41:13.367 14284 RALLYDEBUG rally_openstack.cleanup.manager [-] Deleting neutron.network object s_rally_0949b277_f8Jhymnr (40be12b3-ef2e-4cbf-bcc8-7b3283f58a1f)
2019-06-05 08:41:13.391 14284 RALLYDEBUG rally_openstack.cleanup.manager [-] Deleting neutron.network object s_rally_0949b277_4PBqHBDb (4fa2bc58-5a6e-4145-8a38-1a74c95603e2)
2019-06-05 08:41:13.405 14284 RALLYDEBUG rally_openstack.cleanup.manager [-] Deleting neutron.network object s_rally_0949b277_wUmEOhm7 (4f598a0b-194e-4dda-8132-6431ff46fa19)
2019-06-05 08:41:13.412 14284 RALLYDEBUG rally_openstack.cleanup.manager [-] Deleting neutron.network object s_rally_0949b277_0EdJvkoi (408f7664-5366-4d07-a5c6-96b1dad1bc8a)
2019-06-05 08:41:13.414 14284 RALLYDEBUG rally_openstack.cleanup.manager [-] Deleting neutron.network object s_rally_0949b277_haDiq1nn (4e2073f0-74cd-493d-a28e-bc847c6d0f99)
2019-06-05 08:41:13.450 14284 RALLYDEBUG rally_openstack.cleanup.manager [-] Deleting neutron.network object s_rally_0949b277_PvYTCgM7 (4f0b249a-666f-4af6-9f31-db071a87ef4f)
2019-06-05 08:41:13.455 14284 RALLYDEBUG rally_openstack.cleanup.manager [-] Deleting neutron.network object s_rally_0949b277_sxE0ZuPD (549386f9-4e00-4c94-ab81-036d2bf19486)
2019-06-05 08:41:13.492 14284 RALLYDEBUG rally_openstack.cleanup.manager [-] Deleting neutron.network object s_rally_0949b277_v2Ixu2Xo (531c77b0-0dcc-4310-9c1a-86ba8174a15f)
2019-06-05 08:41:13.536 14284 RALLYDEBUG rally_openstack.cleanup.manager [-] Deleting neutron.network object s_rally_0949b277_Tl3y68nj (57d57b00-3487-4222-af02-dafc6dd8e121)
2019-06-05 08:41:15.507 14284 RALLYDEBUG rally_openstack.cleanup.manager [-] Deleting neutron.network object s_rally_0949b277_5kuVXNPp (60253897-79af-47ce-a242-d56ee71cad7c)
2019-06-05 08:41:15.689 14284 RALLYDEBUG rally_openstack.cleanup.manager [-] Deleting neutron.network object s_rally_0949b277_pZhSW28i (606ca213-1719-4afd-81a0-1a4944fb1321)
2019-06-05 08:41:15.903 14284 RALLYDEBUG rally_openstack.cleanup.manager [-] Deleting neutron.network object s_rally_0949b277_RVVcppjr (6630ac81-10d2-4255-b160-d925a8a9b610)
2019-06-05 08:41:16.011 14284 RALLYDEBUG rally_openstack.cleanup.manager [-] Deleting neutron.network object s_rally_0949b277_akxUBuXW (691e1463-85f9-4a05-a62d-72ca24e5bb0d)
2019-06-05 08:41:16.315 14284 RALLYDEBUG rally_openstack.cleanup.manager [-] Deleting neutron.network object s_rally_0949b277_BMesiCXa (6a4f5f31-78ee-439f-82da-b0eceb40b667)
2019-06-05 08:41:16.350 14284 RALLYDEBUG rally_openstack.cleanup.manager [-] Deleting neutron.network object s_rally_0949b277_kkDi5Yh1 (71383376-6ccf-4e5f-b104-64c6f2dbbf53)
2019-06-05 08:41:16.364 14284 RALLYDEBUG rally_openstack.cleanup.manager [-] Deleting neutron.network object s_rally_0949b277_vIzzjEuB (75749363-a645-451b-988a-7e32d1871c42)
2019-06-05 08:41:16.551 14284 RALLYDEBUG rally_openstack.cleanup.manager [-] Deleting neutron.network object s_rally_0949b277_2QUd323U (7ceb6d37-83d4-42e3-b655-8922a5eeec40)
2019-06-05 08:41:16.962 14284 RALLYDEBUG rally_openstack.cleanup.manager [-] Deleting neutron.network object s_rally_0949b277_NrAqKUYO (84c5f962-31b7-4f0d-95ea-07334b7fa2d7)
2019-06-05 08:41:17.007 14284 RALLYDEBUG rally_openstack.cleanup.manager [-] Deleting neutron.network object s_rally_0949b277_h0foc1sC (9b245ddf-c623-48aa-929c-27661771dc83)
2019-06-05 08:41:17.252 14284 RALLYDEBUG rally_openstack.cleanup.manager [-] Deleting neutron.network object s_rally_0949b277_LfpwMI7z (9dac355d-1a24-4d6d-8dce-d1fc92c12086)
2019-06-05 08:41:17.342 14284 RALLYDEBUG rally_openstack.cleanup.manager [-] Deleting neutron.network object s_rally_0949b277_PzQizr5o (a0089d44-3723-4fec-b4fb-818afd56d6a4)
2019-06-05 08:41:17.405 14284 RALLYDEBUG rally_openstack.cleanup.manager [-] Deleting neutron.network object s_rally_0949b277_1we81VVL (a16ff2dd-cac7-4e4d-983f-2a13ad41b5fe)
2019-06-05 08:41:17.506 14284 RALLYDEBUG rally_openstack.cleanup.manager [-] Deleting neutron.network object s_rally_0949b277_09gQywAx (a1b8a464-2332-4754-ab59-56c8202db97f)
2019-06-05 08:41:17.548 14284 RALLYDEBUG rally_openstack.cleanup.manager [-] Deleting neutron.network object s_rally_0949b277_07xYIEWQ (a3a4d99f-ace7-42aa-af62-123b2d44670d)
2019-06-05 08:41:17.572 14284 RALLYDEBUG rally_openstack.cleanup.manager [-] Deleting neutron.network object s_rally_0949b277_Idn6fEem (b9dead02-7c5e-4c06-8bd5-c2900d197627)
2019-06-05 08:41:17.590 14284 RALLYDEBUG rally_openstack.cleanup.manager [-] Deleting neutron.network object s_rally_0949b277_OypETheT (cf7dc853-b470-4156-a4d6-5c1166398692)
2019-06-05 08:41:17.636 14284 RALLYDEBUG rally_openstack.cleanup.manager [-] Deleting neutron.network object s_rally_0949b277_60nDWeTs (d9e26627-e206-4029-956d-d903198c97b2)
2019-06-05 08:41:18.123 14284 RALLYDEBUG rally_openstack.cleanup.manager [-] Deleting neutron.network object s_rally_0949b277_FOlEoARa (ed2ff957-264a-42eb-9296-2d3915cfd582)
2019-06-05 08:41:18.136 14284 RALLYDEBUG rally_openstack.cleanup.manager [-] Deleting neutron.network object s_rally_0949b277_gyx1kjOa (f146e267-ecad-4da0-b594-9e8ce4a56156)
2019-06-05 08:41:21.209 14284 RALLYDEBUG rally_openstack.cleanup.manager [-] Cleaning up neutron router objects
2019-06-05 08:41:21.736 14284 RALLYDEBUG rally_openstack.cleanup.manager [-] Cleaning up neutron security_group objects
2019-06-05 08:41:22.196 14284 INFO rally.task.context [-] Task e5d1e08e-6154-4daa-bc1e-bdf159d20181 | Context cleanup@openstack cleanup() finished in 12.68 sec
2019-06-05 08:41:22.197 14284 INFO rally.task.context [-] Task e5d1e08e-6154-4daa-bc1e-bdf159d20181 | Context quotas@openstack cleanup() started
2019-06-05 08:41:22.273 14284 INFO rally.task.context [-] Task e5d1e08e-6154-4daa-bc1e-bdf159d20181 | Context quotas@openstack cleanup() finished in 75.99 msec
2019-06-05 08:41:22.273 14284 INFO rally.task.context [-] Task e5d1e08e-6154-4daa-bc1e-bdf159d20181 | Context users@openstack cleanup() started
2019-06-05 08:41:24.972 14284 INFO rally.task.context [-] Task e5d1e08e-6154-4daa-bc1e-bdf159d20181 | Context users@openstack cleanup() finished in 2.70 sec
2019-06-05 08:41:25.958 14284 INFO rally.task.engine [-] Load duration is: 26.532246
2019-06-05 08:41:25.958 14284 INFO rally.task.engine [-] Full runner duration is: 26.587851
2019-06-05 08:41:25.958 14284 INFO rally.task.engine [-] Full duration is: 45.224137
2019-06-05 08:41:26.320 14284 INFO rally.task.engine [-] Running workload: position = 0 config = { "version": 2, "title": "A cropped version of a bigger task.", "description": "Auto-generated task from a single workload (uuid=9fec38b6-e2c7-42ee-8233-e538978ac367)", "subtasks": [ { "title": "NeutronNetworks.create_and_list_routers", "description": "Create and a given number of routers and list all routers.", "scenario": { "NeutronNetworks.create_and_list_routers": { "network_create_args": null, "subnet_create_args": null, "subnet_cidr_start": "1.1.0.0/30", "subnets_per_network": 2, "router_create_args": null } }, "contexts": { "users": { "tenants": 1, "users_per_tenant": 1 }, "quotas": { "neutron": { "network": -1, "subnet": -1, "router": -1 } } }, "runner": { "constant": { "times": 40, "concurrency": 20 } }, "hooks": [], "sla": { "failure_rate": { "max": 0 } } } ] }
2019-06-05 08:41:26.343 14284 RALLYDEBUG rally_openstack.contexts.keystone.users [-] Creating 1 tenants using 20 threads
2019-06-05 08:41:27.307 14284 RALLYDEBUG rally_openstack.contexts.keystone.users [-] Creating 1 users using 20 threads
2019-06-05 08:41:28.668 14284 INFO rally.task.context [-] Task e5d1e08e-6154-4daa-bc1e-bdf159d20181 | Context users@openstack setup() finished in 2.32 sec
2019-06-05 08:41:29.232 14284 INFO rally.task.context [-] Task e5d1e08e-6154-4daa-bc1e-bdf159d20181 | Context quotas@openstack setup() finished in 0.56 sec
2019-06-05 08:41:29.233 14284 INFO rally.task.context [-] Task e5d1e08e-6154-4daa-bc1e-bdf159d20181 | Context cleanup@openstack setup() finished in 0.01 msec
2019-06-05 08:41:29.242 14284 RALLYDEBUG rally.task.runner [-] Starting the constant runner (task UUID: e5d1e08e-6154-4daa-bc1e-bdf159d20181). timeout: 0 concurrency: 20 concurrency_per_worker: 1 times: 40 concurrency_overhead: 4 processes_to_start: 16 max_cpu_used: 16
2019-06-05 08:41:29.257 16748 RALLYDEBUG rally.task.runner [-] Starting a worker. concurrency: 2 args: {"network_create_args": null, "subnet_create_args": null, "subnet_cidr_start": "1.1.0.0/30", "subnets_per_network": 2, "router_create_args": null} times: 40 method_name: run timeout: 0 duration: None cls:
2019-06-05 08:41:29.259 16749 RALLYDEBUG rally.task.runner [-] Starting a worker. concurrency: 2 args: {"network_create_args": null, "subnet_create_args": null, "subnet_cidr_start": "1.1.0.0/30", "subnets_per_network": 2, "router_create_args": null} times: 40 method_name: run timeout: 0 duration: None cls:
2019-06-05 08:41:29.263 16750 RALLYDEBUG rally.task.runner [-] Starting a worker. concurrency: 2 args: {"network_create_args": null, "subnet_create_args": null, "subnet_cidr_start": "1.1.0.0/30", "subnets_per_network": 2, "router_create_args": null} times: 40 method_name: run timeout: 0 duration: None cls:
2019-06-05 08:41:29.267 16748 INFO rally.task.runner [-] Task e5d1e08e-6154-4daa-bc1e-bdf159d20181 | ITER: 1 START
2019-06-05 08:41:29.266 16751 RALLYDEBUG rally.task.runner [-] Starting a worker. concurrency: 2 args: {"network_create_args": null, "subnet_create_args": null, "subnet_cidr_start": "1.1.0.0/30", "subnets_per_network": 2, "router_create_args": null} times: 40 method_name: run timeout: 0 duration: None cls:
2019-06-05 08:41:29.270 16749 INFO rally.task.runner [-] Task e5d1e08e-6154-4daa-bc1e-bdf159d20181 | ITER: 2 START
2019-06-05 08:41:29.269 16753 RALLYDEBUG rally.task.runner [-] Starting a worker. concurrency: 1 args: {"network_create_args": null, "subnet_create_args": null, "subnet_cidr_start": "1.1.0.0/30", "subnets_per_network": 2, "router_create_args": null} times: 40 method_name: run timeout: 0 duration: None cls:
2019-06-05 08:41:29.272 16750 INFO rally.task.runner [-] Task e5d1e08e-6154-4daa-bc1e-bdf159d20181 | ITER: 4 START
2019-06-05 08:41:29.274 16751 INFO rally.task.runner [-] Task e5d1e08e-6154-4daa-bc1e-bdf159d20181 | ITER: 6 START
2019-06-05 08:41:29.268 16748 INFO rally.task.runner [-] Task e5d1e08e-6154-4daa-bc1e-bdf159d20181 | ITER: 3 START
2019-06-05 08:41:29.274 16756 RALLYDEBUG rally.task.runner [-] Starting a worker. concurrency: 1 args: {"network_create_args": null, "subnet_create_args": null, "subnet_cidr_start": "1.1.0.0/30", "subnets_per_network": 2, "router_create_args": null} times: 40 method_name: run timeout: 0 duration: None cls:
2019-06-05 08:41:29.276 16753 INFO rally.task.runner [-] Task e5d1e08e-6154-4daa-bc1e-bdf159d20181 | ITER: 8 START
2019-06-05 08:41:29.278 16762 RALLYDEBUG rally.task.runner [-] Starting a worker. concurrency: 1 args: {"network_create_args": null, "subnet_create_args": null, "subnet_cidr_start": "1.1.0.0/30", "subnets_per_network": 2, "router_create_args": null} times: 40 method_name: run timeout: 0 duration: None cls:
2019-06-05 08:41:29.283 16756 INFO rally.task.runner [-] Task e5d1e08e-6154-4daa-bc1e-bdf159d20181 | ITER: 10 START
2019-06-05 08:41:29.282 16765 RALLYDEBUG rally.task.runner [-] Starting a worker. concurrency: 1 args: {"network_create_args": null, "subnet_create_args": null, "subnet_cidr_start": "1.1.0.0/30", "subnets_per_network": 2, "router_create_args": null} times: 40 method_name: run timeout: 0 duration: None cls:
2019-06-05 08:41:29.284 16751 INFO rally.task.runner [-] Task e5d1e08e-6154-4daa-bc1e-bdf159d20181 | ITER: 9 START
2019-06-05 08:41:29.285 16749 INFO rally.task.runner [-] Task e5d1e08e-6154-4daa-bc1e-bdf159d20181 | ITER: 5 START
2019-06-05 08:41:29.285 16762 INFO rally.task.runner [-] Task e5d1e08e-6154-4daa-bc1e-bdf159d20181 | ITER: 11 START
2019-06-05 08:41:29.285 16769 RALLYDEBUG rally.task.runner [-] Starting a worker. concurrency: 1 args: {"network_create_args": null, "subnet_create_args": null, "subnet_cidr_start": "1.1.0.0/30", "subnets_per_network": 2, "router_create_args": null} times: 40 method_name: run timeout: 0 duration: None cls:
2019-06-05 08:41:29.285 16750 INFO rally.task.runner [-] Task e5d1e08e-6154-4daa-bc1e-bdf159d20181 | ITER: 7 START
2019-06-05 08:41:29.290 16765 INFO rally.task.runner [-] Task e5d1e08e-6154-4daa-bc1e-bdf159d20181 | ITER: 12 START
2019-06-05 08:41:29.293 16769 INFO rally.task.runner [-] Task e5d1e08e-6154-4daa-bc1e-bdf159d20181 | ITER: 13 START
2019-06-05 08:41:29.294 16772 RALLYDEBUG rally.task.runner [-] Starting a worker. concurrency: 1 args: {"network_create_args": null, "subnet_create_args": null, "subnet_cidr_start": "1.1.0.0/30", "subnets_per_network": 2, "router_create_args": null} times: 40 method_name: run timeout: 0 duration: None cls:
2019-06-05 08:41:29.296 16776 RALLYDEBUG rally.task.runner [-] Starting a worker. concurrency: 1 args: {"network_create_args": null, "subnet_create_args": null, "subnet_cidr_start": "1.1.0.0/30", "subnets_per_network": 2, "router_create_args": null} times: 40 method_name: run timeout: 0 duration: None cls:
2019-06-05 08:41:29.301 16772 INFO rally.task.runner [-] Task e5d1e08e-6154-4daa-bc1e-bdf159d20181 | ITER: 14 START
2019-06-05 08:41:29.304 16781 RALLYDEBUG rally.task.runner [-] Starting a worker. concurrency: 1 args: {"network_create_args": null, "subnet_create_args": null, "subnet_cidr_start": "1.1.0.0/30", "subnets_per_network": 2, "router_create_args": null} times: 40 method_name: run timeout: 0 duration: None cls:
2019-06-05 08:41:29.312 16781 INFO rally.task.runner [-] Task e5d1e08e-6154-4daa-bc1e-bdf159d20181 | ITER: 16 START
2019-06-05 08:41:29.312 16786 RALLYDEBUG rally.task.runner [-] Starting a worker. concurrency: 1 args: {"network_create_args": null, "subnet_create_args": null, "subnet_cidr_start": "1.1.0.0/30", "subnets_per_network": 2, "router_create_args": null} times: 40 method_name: run timeout: 0 duration: None cls:
2019-06-05 08:41:29.313 16776 INFO rally.task.runner [-] Task e5d1e08e-6154-4daa-bc1e-bdf159d20181 | ITER: 15 START
2019-06-05 08:41:29.318 16786 INFO rally.task.runner [-] Task e5d1e08e-6154-4daa-bc1e-bdf159d20181 | ITER: 17 START
2019-06-05 08:41:29.317 16784 RALLYDEBUG rally.task.runner [-] Starting a worker. concurrency: 1 args: {"network_create_args": null, "subnet_create_args": null, "subnet_cidr_start": "1.1.0.0/30", "subnets_per_network": 2, "router_create_args": null} times: 40 method_name: run timeout: 0 duration: None cls:
2019-06-05 08:41:29.320 16790 RALLYDEBUG rally.task.runner [-] Starting a worker. concurrency: 1 args: {"network_create_args": null, "subnet_create_args": null, "subnet_cidr_start": "1.1.0.0/30", "subnets_per_network": 2, "router_create_args": null} times: 40 method_name: run timeout: 0 duration: None cls:
2019-06-05 08:41:29.325 16784 INFO rally.task.runner [-] Task e5d1e08e-6154-4daa-bc1e-bdf159d20181 | ITER: 18 START
2019-06-05 08:41:29.327 16790 INFO rally.task.runner [-] Task e5d1e08e-6154-4daa-bc1e-bdf159d20181 | ITER: 19 START
2019-06-05 08:41:29.328 16793 RALLYDEBUG rally.task.runner [-] Starting a worker. concurrency: 1 args: {"network_create_args": null, "subnet_create_args": null, "subnet_cidr_start": "1.1.0.0/30", "subnets_per_network": 2, "router_create_args": null} times: 40 method_name: run timeout: 0 duration: None cls:
2019-06-05 08:41:29.334 16793 INFO rally.task.runner [-] Task e5d1e08e-6154-4daa-bc1e-bdf159d20181 | ITER: 20 START
2019-06-05 08:41:30.067 16751 RALLYDEBUG rally_openstack.wrappers.network [-] CIDR generated: 1.1.5.160/30
2019-06-05 08:41:30.199 16749 RALLYDEBUG rally_openstack.wrappers.network [-] CIDR generated: 1.1.5.164/30
2019-06-05 08:41:30.204 16748 RALLYDEBUG rally_openstack.wrappers.network [-] CIDR generated: 1.1.5.168/30
2019-06-05 08:41:30.218 16769 RALLYDEBUG rally_openstack.wrappers.network [-] CIDR generated: 1.1.5.172/30
2019-06-05 08:41:30.282 16750 RALLYDEBUG rally_openstack.wrappers.network [-] CIDR generated: 1.1.5.176/30
2019-06-05 08:41:30.339 16762 RALLYDEBUG rally_openstack.wrappers.network [-] CIDR generated: 1.1.5.180/30
2019-06-05 08:41:30.406 16776 RALLYDEBUG rally_openstack.wrappers.network [-] CIDR generated: 1.1.5.184/30
2019-06-05 08:41:30.410 16786 RALLYDEBUG rally_openstack.wrappers.network [-] CIDR generated: 1.1.5.188/30
2019-06-05 08:41:30.427 16784 RALLYDEBUG rally_openstack.wrappers.network [-] CIDR generated: 1.1.5.192/30
2019-06-05 08:41:30.434 16756 RALLYDEBUG rally_openstack.wrappers.network [-] CIDR generated: 1.1.5.196/30
2019-06-05 08:41:30.434 16748 RALLYDEBUG rally_openstack.wrappers.network [-] CIDR generated: 1.1.5.200/30
2019-06-05 08:41:30.468 16781 RALLYDEBUG rally_openstack.wrappers.network [-] CIDR generated: 1.1.5.204/30
2019-06-05 08:41:30.472 16753 RALLYDEBUG rally_openstack.wrappers.network [-] CIDR generated: 1.1.5.208/30
2019-06-05 08:41:30.494 16765 RALLYDEBUG rally_openstack.wrappers.network [-] CIDR generated: 1.1.5.212/30
2019-06-05 08:41:30.537 16750 RALLYDEBUG rally_openstack.wrappers.network [-] CIDR generated: 1.1.5.216/30
2019-06-05 08:41:30.605 16751 RALLYDEBUG rally_openstack.wrappers.network [-] CIDR generated: 1.1.5.220/30
2019-06-05 08:41:30.617 16749 RALLYDEBUG rally_openstack.wrappers.network [-] CIDR generated: 1.1.5.224/30
2019-06-05 08:41:30.632 16793 RALLYDEBUG rally_openstack.wrappers.network [-] CIDR generated: 1.1.5.228/30
2019-06-05 08:41:30.905 16790 RALLYDEBUG rally_openstack.wrappers.network [-] CIDR generated: 1.1.5.232/30
2019-06-05 08:41:30.949 16772 RALLYDEBUG rally_openstack.wrappers.network [-] CIDR generated: 1.1.5.236/30
2019-06-05 08:41:31.647 16769 RALLYDEBUG rally_openstack.wrappers.network [-] CIDR generated: 1.1.5.240/30
2019-06-05 08:41:31.656 16751 RALLYDEBUG rally_openstack.wrappers.network [-] CIDR generated: 1.1.5.244/30
2019-06-05 08:41:31.765 16749 RALLYDEBUG rally_openstack.wrappers.network [-] CIDR generated: 1.1.5.248/30
2019-06-05 08:41:31.778 16765 RALLYDEBUG rally_openstack.wrappers.network [-] CIDR generated: 1.1.5.252/30
2019-06-05 08:41:31.811 16753 RALLYDEBUG rally_openstack.wrappers.network [-] CIDR generated: 1.1.6.0/30
2019-06-05 08:41:31.834 16784 RALLYDEBUG rally_openstack.wrappers.network [-] CIDR generated: 1.1.6.4/30
2019-06-05 08:41:31.903 16751 RALLYDEBUG rally_openstack.wrappers.network [-] CIDR generated: 1.1.6.8/30
2019-06-05 08:41:32.179 16772 RALLYDEBUG rally_openstack.wrappers.network [-] CIDR generated: 1.1.6.12/30
2019-06-05 08:41:32.427 16750 RALLYDEBUG rally_openstack.wrappers.network [-] CIDR generated: 1.1.6.16/30
2019-06-05 08:41:32.573 16750 RALLYDEBUG rally_openstack.wrappers.network [-] CIDR generated: 1.1.6.20/30
2019-06-05 08:41:32.604 16749 RALLYDEBUG rally_openstack.wrappers.network [-] CIDR generated: 1.1.6.24/30
2019-06-05 08:41:32.648 16756 RALLYDEBUG rally_openstack.wrappers.network [-] CIDR generated: 1.1.6.28/30
2019-06-05 08:41:32.835 16776 RALLYDEBUG rally_openstack.wrappers.network [-] CIDR generated: 1.1.6.32/30
2019-06-05 08:41:33.040 16790 RALLYDEBUG rally_openstack.wrappers.network [-] CIDR generated: 1.1.6.36/30
2019-06-05 08:41:33.225 16748 RALLYDEBUG rally_openstack.wrappers.network [-] CIDR generated: 1.1.6.40/30
2019-06-05 08:41:33.504 16762 RALLYDEBUG rally_openstack.wrappers.network [-] CIDR generated: 1.1.6.44/30
2019-06-05 08:41:33.584 16781 RALLYDEBUG rally_openstack.wrappers.network [-] CIDR generated: 1.1.6.48/30
2019-06-05 08:41:33.628 16793 RALLYDEBUG rally_openstack.wrappers.network [-] CIDR generated: 1.1.6.52/30
2019-06-05 08:41:33.764 16748 RALLYDEBUG rally_openstack.wrappers.network [-] CIDR generated: 1.1.6.56/30
2019-06-05 08:41:34.031 16786 RALLYDEBUG rally_openstack.wrappers.network [-] CIDR generated: 1.1.6.60/30
2019-06-05 08:41:40.149 16765 INFO rally.task.runner [-] Task e5d1e08e-6154-4daa-bc1e-bdf159d20181 | ITER: 12 END: OK
2019-06-05 08:41:40.153 16765 INFO rally.task.runner [-] Task e5d1e08e-6154-4daa-bc1e-bdf159d20181 | ITER: 21 START
2019-06-05 08:41:41.256 16765 RALLYDEBUG rally_openstack.wrappers.network [-] CIDR generated: 1.1.6.64/30
2019-06-05 08:41:42.082 16749 INFO rally.task.runner [-] Task e5d1e08e-6154-4daa-bc1e-bdf159d20181 | ITER: 2 END: OK
2019-06-05 08:41:42.086 16749 INFO rally.task.runner [-] Task e5d1e08e-6154-4daa-bc1e-bdf159d20181 | ITER: 22 START
2019-06-05 08:41:42.095 16784 INFO rally.task.runner [-] Task e5d1e08e-6154-4daa-bc1e-bdf159d20181 | ITER: 18 END: OK
2019-06-05 08:41:42.099 16784 INFO rally.task.runner [-] Task e5d1e08e-6154-4daa-bc1e-bdf159d20181 | ITER: 23 START
2019-06-05 08:41:42.164 16772 INFO rally.task.runner [-] Task e5d1e08e-6154-4daa-bc1e-bdf159d20181 | ITER: 14 END: OK
2019-06-05 08:41:42.168 16772 INFO rally.task.runner [-] Task e5d1e08e-6154-4daa-bc1e-bdf159d20181 | ITER: 24 START
2019-06-05 08:41:42.672 16749 RALLYDEBUG rally_openstack.wrappers.network [-] CIDR generated: 1.1.6.68/30
2019-06-05 08:41:42.916 16772 RALLYDEBUG rally_openstack.wrappers.network [-] CIDR generated: 1.1.6.72/30
2019-06-05 08:41:43.238 16790 INFO rally.task.runner [-] Task e5d1e08e-6154-4daa-bc1e-bdf159d20181 | ITER: 19 END: OK
