2019-06-05 08:35:53.191 14275 RALLYDEBUG rally.api [-] INFO logs from urllib3 and requests module are hide.
2019-06-05 08:35:53.191 14275 RALLYDEBUG rally.api [-] urllib3 insecure warnings are hidden.
2019-06-05 08:35:53.191 14275 RALLYDEBUG rally.api [-] ERROR log from boto module is hide.
2019-06-05 08:35:55.728 14277 RALLYDEBUG rally.api [-] INFO logs from urllib3 and requests module are hide.
2019-06-05 08:35:55.728 14277 RALLYDEBUG rally.api [-] urllib3 insecure warnings are hidden.
2019-06-05 08:35:55.728 14277 RALLYDEBUG rally.api [-] ERROR log from boto module is hide.
2019-06-05 08:35:57.231 14277 WARNING rally_openstack.platforms.existing [-] endpoint is deprecated and not used.
2019-06-05 08:35:58.372 14279 RALLYDEBUG rally.api [-] INFO logs from urllib3 and requests module are hide.
2019-06-05 08:35:58.372 14279 RALLYDEBUG rally.api [-] urllib3 insecure warnings are hidden.
2019-06-05 08:35:58.372 14279 RALLYDEBUG rally.api [-] ERROR log from boto module is hide.
2019-06-05 08:36:02.007 14282 RALLYDEBUG rally.api [-] INFO logs from urllib3 and requests module are hide.
2019-06-05 08:36:02.008 14282 RALLYDEBUG rally.api [-] urllib3 insecure warnings are hidden.
2019-06-05 08:36:02.008 14282 RALLYDEBUG rally.api [-] ERROR log from boto module is hide.
2019-06-05 08:36:03.582 14284 RALLYDEBUG rally.api [-] INFO logs from urllib3 and requests module are hide.
2019-06-05 08:36:03.582 14284 RALLYDEBUG rally.api [-] urllib3 insecure warnings are hidden.
2019-06-05 08:36:03.582 14284 RALLYDEBUG rally.api [-] ERROR log from boto module is hide.
2019-06-05 08:36:04.755 14284 INFO rally.common.plugin.discover [-] Loading plugins from directories /root/.rally/plugins/*
2019-06-05 08:36:04.756 14284 INFO rally.common.plugin.discover [-] Loaded module with plugins: /root/.rally/plugins/__init__.py
2019-06-05 08:36:04.758 14284 INFO rally.common.plugin.discover [-] Loaded module with plugins: /root/.rally/plugins/trunk_scenario.py
2019-06-05 08:36:04.963 14284 INFO rally.task.engine [-] Task e5d1e08e-6154-4daa-bc1e-bdf159d20181 | Starting: Task validation.
2019-06-05 08:36:05.018 14284 INFO rally.task.engine [-] Task e5d1e08e-6154-4daa-bc1e-bdf159d20181 | Starting: Task validation of syntax.
2019-06-05 08:36:05.234 14284 INFO rally.task.engine [-] Task e5d1e08e-6154-4daa-bc1e-bdf159d20181 | Completed: Task validation of syntax.
2019-06-05 08:36:05.234 14284 INFO rally.task.engine [-] Task e5d1e08e-6154-4daa-bc1e-bdf159d20181 | Starting: Task validation of required platforms.
2019-06-05 08:36:05.307 14284 INFO rally.task.engine [-] Task e5d1e08e-6154-4daa-bc1e-bdf159d20181 | Completed: Task validation of required platforms.
2019-06-05 08:36:05.307 14284 INFO rally.task.engine [-] Task e5d1e08e-6154-4daa-bc1e-bdf159d20181 | Starting: Task validation of semantic.
2019-06-05 08:36:05.308 14284 INFO rally.task.engine [-] Check health of the environment 'd13c25f0-67b2-427a-bcbb-c8002162791c'.
2019-06-05 08:36:05.886 14284 INFO rally.task.engine [-] Platform existing@openstack (available: True): OK!
2019-06-05 08:36:05.903 14284 RALLYDEBUG rally_openstack.contexts.keystone.users [-] Creating 1 tenants using 20 threads
2019-06-05 08:36:06.752 14284 RALLYDEBUG rally_openstack.contexts.keystone.users [-] Creating 1 users using 20 threads
2019-06-05 08:36:08.145 14284 INFO rally.task.context [-] Task e5d1e08e-6154-4daa-bc1e-bdf159d20181 | Context users@openstack setup() finished in 2.24 sec
2019-06-05 08:36:12.864 14284 INFO rally.task.context [-] Task e5d1e08e-6154-4daa-bc1e-bdf159d20181 | Context users@openstack cleanup() started
2019-06-05 08:36:16.122 14284 INFO rally.task.context [-] Task e5d1e08e-6154-4daa-bc1e-bdf159d20181 | Context users@openstack cleanup() finished in 3.26 sec
2019-06-05 08:36:16.122 14284 INFO rally.task.engine [-] Task e5d1e08e-6154-4daa-bc1e-bdf159d20181 | Completed: Task validation of semantic.
2019-06-05 08:36:16.123 14284 INFO rally.task.engine [-] Task e5d1e08e-6154-4daa-bc1e-bdf159d20181 | Completed: Task validation.
2019-06-05 08:36:16.123 14284 INFO rally.api [-] Task e5d1e08e-6154-4daa-bc1e-bdf159d20181 input file is valid.
2019-06-05 08:36:16.124 14284 INFO rally.api [-] Run Task e5d1e08e-6154-4daa-bc1e-bdf159d20181 against Deployment d13c25f0-67b2-427a-bcbb-c8002162791c
2019-06-05 08:36:16.124 14284 INFO rally.task.engine [-] Task e5d1e08e-6154-4daa-bc1e-bdf159d20181 | Starting: Running task.
2019-06-05 08:36:16.306 14284 INFO rally.task.engine [-] Running workload: position = 0 config = { "version": 2, "title": "A cropped version of a bigger task.", "description": "Auto-generated task from a single workload (uuid=6b70e304-15a3-474b-812a-454418c3aa13)", "subtasks": [ { "title": "NeutronNetworks.create_and_list_networks", "description": "Check performance of list_networks action and ensure > network quotas are not exceeded", "scenario": { "NeutronNetworks.create_and_list_networks": {} }, "contexts": { "users": { "tenants": 1, "users_per_tenant": 1 }, "quotas": { "neutron": { "network": 119 } } }, "runner": { "constant": { "times": 100, "concurrency": 20 } }, "hooks": [], "sla": { "max_avg_duration_per_atomic": { "neutron.list_networks": 15 }, "failure_rate": { "max": 0 } } } ] }
2019-06-05 08:36:16.332 14284 RALLYDEBUG rally_openstack.contexts.keystone.users [-] Creating 1 tenants using 20 threads
2019-06-05 08:36:17.268 14284 RALLYDEBUG rally_openstack.contexts.keystone.users [-] Creating 1 users using 20 threads
2019-06-05 08:36:18.642 14284 INFO rally.task.context [-] Task e5d1e08e-6154-4daa-bc1e-bdf159d20181 | Context users@openstack setup() finished in 2.31 sec
2019-06-05 08:36:19.132 14284 INFO rally.task.context [-] Task e5d1e08e-6154-4daa-bc1e-bdf159d20181 | Context quotas@openstack setup() finished in 0.49 sec
2019-06-05 08:36:19.133 14284 INFO rally.task.context [-] Task e5d1e08e-6154-4daa-bc1e-bdf159d20181 | Context cleanup@openstack setup() finished in 0.01 msec
2019-06-05 08:36:19.142 14284 RALLYDEBUG rally.task.runner [-] Starting the constant runner (task UUID: e5d1e08e-6154-4daa-bc1e-bdf159d20181). timeout: 0 concurrency: 20 concurrency_per_worker: 1 times: 100 concurrency_overhead: 4 processes_to_start: 16 max_cpu_used: 16
2019-06-05 08:36:19.155 14408 RALLYDEBUG rally.task.runner [-] Starting a worker. concurrency: 2 args: {} times: 100 method_name: run timeout: 0 duration: None cls:
2019-06-05 08:36:19.157 14409 RALLYDEBUG rally.task.runner [-] Starting a worker. concurrency: 2 args: {} times: 100 method_name: run timeout: 0 duration: None cls:
2019-06-05 08:36:19.160 14410 RALLYDEBUG rally.task.runner [-] Starting a worker. concurrency: 2 args: {} times: 100 method_name: run timeout: 0 duration: None cls:
2019-06-05 08:36:19.163 14411 RALLYDEBUG rally.task.runner [-] Starting a worker. concurrency: 2 args: {} times: 100 method_name: run timeout: 0 duration: None cls:
2019-06-05 08:36:19.166 14413 RALLYDEBUG rally.task.runner [-] Starting a worker. concurrency: 1 args: {} times: 100 method_name: run timeout: 0 duration: None cls:
2019-06-05 08:36:19.167 14408 INFO rally.task.runner [-] Task e5d1e08e-6154-4daa-bc1e-bdf159d20181 | ITER: 1 START
2019-06-05 08:36:19.168 14409 INFO rally.task.runner [-] Task e5d1e08e-6154-4daa-bc1e-bdf159d20181 | ITER: 2 START
2019-06-05 08:36:19.171 14410 INFO rally.task.runner [-] Task e5d1e08e-6154-4daa-bc1e-bdf159d20181 | ITER: 4 START
2019-06-05 08:36:19.170 14411 INFO rally.task.runner [-] Task e5d1e08e-6154-4daa-bc1e-bdf159d20181 | ITER: 6 START
2019-06-05 08:36:19.171 14417 RALLYDEBUG rally.task.runner [-] Starting a worker. concurrency: 1 args: {} times: 100 method_name: run timeout: 0 duration: None cls:
2019-06-05 08:36:19.172 14413 INFO rally.task.runner [-] Task e5d1e08e-6154-4daa-bc1e-bdf159d20181 | ITER: 8 START
2019-06-05 08:36:19.174 14421 RALLYDEBUG rally.task.runner [-] Starting a worker. concurrency: 1 args: {} times: 100 method_name: run timeout: 0 duration: None cls:
2019-06-05 08:36:19.169 14409 INFO rally.task.runner [-] Task e5d1e08e-6154-4daa-bc1e-bdf159d20181 | ITER: 5 START
2019-06-05 08:36:19.176 14425 RALLYDEBUG rally.task.runner [-] Starting a worker. concurrency: 1 args: {} times: 100 method_name: run timeout: 0 duration: None cls:
2019-06-05 08:36:19.167 14408 INFO rally.task.runner [-] Task e5d1e08e-6154-4daa-bc1e-bdf159d20181 | ITER: 3 START
2019-06-05 08:36:19.180 14428 RALLYDEBUG rally.task.runner [-] Starting a worker. concurrency: 1 args: {} times: 100 method_name: run timeout: 0 duration: None cls:
2019-06-05 08:36:19.183 14417 INFO rally.task.runner [-] Task e5d1e08e-6154-4daa-bc1e-bdf159d20181 | ITER: 10 START
2019-06-05 08:36:19.183 14421 INFO rally.task.runner [-] Task e5d1e08e-6154-4daa-bc1e-bdf159d20181 | ITER: 11 START
2019-06-05 08:36:19.183 14425 INFO rally.task.runner [-] Task e5d1e08e-6154-4daa-bc1e-bdf159d20181 | ITER: 12 START
2019-06-05 08:36:19.185 14411 INFO rally.task.runner [-] Task e5d1e08e-6154-4daa-bc1e-bdf159d20181 | ITER: 9 START
2019-06-05 08:36:19.185 14430 RALLYDEBUG rally.task.runner [-] Starting a worker. concurrency: 1 args: {} times: 100 method_name: run timeout: 0 duration: None cls:
2019-06-05 08:36:19.187 14410 INFO rally.task.runner [-] Task e5d1e08e-6154-4daa-bc1e-bdf159d20181 | ITER: 7 START
2019-06-05 08:36:19.190 14428 INFO rally.task.runner [-] Task e5d1e08e-6154-4daa-bc1e-bdf159d20181 | ITER: 13 START
2019-06-05 08:36:19.190 14436 RALLYDEBUG rally.task.runner [-] Starting a worker. concurrency: 1 args: {} times: 100 method_name: run timeout: 0 duration: None cls:
2019-06-05 08:36:19.195 14430 INFO rally.task.runner [-] Task e5d1e08e-6154-4daa-bc1e-bdf159d20181 | ITER: 14 START
2019-06-05 08:36:19.197 14441 RALLYDEBUG rally.task.runner [-] Starting a worker. concurrency: 1 args: {} times: 100 method_name: run timeout: 0 duration: None cls:
2019-06-05 08:36:19.200 14436 INFO rally.task.runner [-] Task e5d1e08e-6154-4daa-bc1e-bdf159d20181 | ITER: 15 START
2019-06-05 08:36:19.205 14441 INFO rally.task.runner [-] Task e5d1e08e-6154-4daa-bc1e-bdf159d20181 | ITER: 16 START
2019-06-05 08:36:19.205 14446 RALLYDEBUG rally.task.runner [-] Starting a worker. concurrency: 1 args: {} times: 100 method_name: run timeout: 0 duration: None cls:
2019-06-05 08:36:19.213 14446 INFO rally.task.runner [-] Task e5d1e08e-6154-4daa-bc1e-bdf159d20181 | ITER: 17 START
2019-06-05 08:36:19.214 14449 RALLYDEBUG rally.task.runner [-] Starting a worker. concurrency: 1 args: {} times: 100 method_name: run timeout: 0 duration: None cls:
2019-06-05 08:36:19.220 14452 RALLYDEBUG rally.task.runner [-] Starting a worker. concurrency: 1 args: {} times: 100 method_name: run timeout: 0 duration: None cls:
2019-06-05 08:36:19.222 14449 INFO rally.task.runner [-] Task e5d1e08e-6154-4daa-bc1e-bdf159d20181 | ITER: 18 START
2019-06-05 08:36:19.226 14452 INFO rally.task.runner [-] Task e5d1e08e-6154-4daa-bc1e-bdf159d20181 | ITER: 19 START
2019-06-05 08:36:19.225 14453 RALLYDEBUG rally.task.runner [-] Starting a worker. concurrency: 1 args: {} times: 100 method_name: run timeout: 0 duration: None cls:
2019-06-05 08:36:19.232 14453 INFO rally.task.runner [-] Task e5d1e08e-6154-4daa-bc1e-bdf159d20181 | ITER: 20 START
2019-06-05 08:36:20.346 14408 INFO rally.task.runner [-] Task e5d1e08e-6154-4daa-bc1e-bdf159d20181 | ITER: 1 END: OK
2019-06-05 08:36:20.351 14408 INFO rally.task.runner [-] Task e5d1e08e-6154-4daa-bc1e-bdf159d20181 | ITER: 21 START
2019-06-05 08:36:20.367 14410 INFO rally.task.runner [-] Task e5d1e08e-6154-4daa-bc1e-bdf159d20181 | ITER: 7 END: OK
2019-06-05 08:36:20.371 14410 INFO rally.task.runner [-] Task e5d1e08e-6154-4daa-bc1e-bdf159d20181 | ITER: 22 START
2019-06-05 08:36:20.371 14428 INFO rally.task.runner [-] Task e5d1e08e-6154-4daa-bc1e-bdf159d20181 | ITER: 13 END: OK
2019-06-05 08:36:20.375 14428 INFO rally.task.runner [-] Task e5d1e08e-6154-4daa-bc1e-bdf159d20181 | ITER: 23 START
2019-06-05 08:36:20.385 14408 INFO rally.task.runner [-] Task e5d1e08e-6154-4daa-bc1e-bdf159d20181 | ITER: 3 END: OK
2019-06-05 08:36:20.388 14408 INFO rally.task.runner [-] Task e5d1e08e-6154-4daa-bc1e-bdf159d20181 | ITER: 24 START
2019-06-05 08:36:20.522 14430 INFO rally.task.runner [-] Task e5d1e08e-6154-4daa-bc1e-bdf159d20181 | ITER: 14 END: OK
2019-06-05 08:36:20.526 14430 INFO rally.task.runner [-] Task e5d1e08e-6154-4daa-bc1e-bdf159d20181 | ITER: 25 START
2019-06-05 08:36:20.560 14425 INFO rally.task.runner [-] Task e5d1e08e-6154-4daa-bc1e-bdf159d20181 | ITER: 12 END: OK
2019-06-05 08:36:20.564 14425 INFO rally.task.runner [-] Task e5d1e08e-6154-4daa-bc1e-bdf159d20181 | ITER: 26 START
2019-06-05 08:36:20.571 14417 INFO rally.task.runner [-] Task e5d1e08e-6154-4daa-bc1e-bdf159d20181 | ITER: 10 END: OK
2019-06-05 08:36:20.575 14417 INFO rally.task.runner [-] Task e5d1e08e-6154-4daa-bc1e-bdf159d20181 | ITER: 27 START
2019-06-05 08:36:20.587 14449 INFO rally.task.runner [-] Task e5d1e08e-6154-4daa-bc1e-bdf159d20181 | ITER: 18 END: OK
2019-06-05 08:36:20.593 14449 INFO rally.task.runner [-] Task e5d1e08e-6154-4daa-bc1e-bdf159d20181 | ITER: 28 START
2019-06-05 08:36:20.594 14421 INFO rally.task.runner [-] Task e5d1e08e-6154-4daa-bc1e-bdf159d20181 | ITER: 11 END: OK
2019-06-05 08:36:20.598 14421 INFO rally.task.runner [-] Task e5d1e08e-6154-4daa-bc1e-bdf159d20181 | ITER: 29 START
2019-06-05 08:36:20.617 14409 INFO rally.task.runner [-] Task e5d1e08e-6154-4daa-bc1e-bdf159d20181 | ITER: 5 END: OK
2019-06-05 08:36:20.621 14409 INFO rally.task.runner [-] Task e5d1e08e-6154-4daa-bc1e-bdf159d20181 | ITER: 30 START
2019-06-05 08:36:20.668 14413 INFO rally.task.runner [-] Task e5d1e08e-6154-4daa-bc1e-bdf159d20181 | ITER: 8 END: OK
2019-06-05 08:36:20.668 14411 INFO rally.task.runner [-] Task e5d1e08e-6154-4daa-bc1e-bdf159d20181 | ITER: 6 END: OK
2019-06-05 08:36:20.673 14411 INFO rally.task.runner [-] Task e5d1e08e-6154-4daa-bc1e-bdf159d20181 | ITER: 31 START
2019-06-05 08:36:20.672 14413 INFO rally.task.runner [-] Task e5d1e08e-6154-4daa-bc1e-bdf159d20181 | ITER: 32 START
2019-06-05 08:36:20.745 14446 INFO rally.task.runner [-] Task e5d1e08e-6154-4daa-bc1e-bdf159d20181 | ITER: 17 END: OK
2019-06-05 08:36:20.749 14446 INFO rally.task.runner [-] Task e5d1e08e-6154-4daa-bc1e-bdf159d20181 | ITER: 33 START
2019-06-05 08:36:20.792 14453 INFO rally.task.runner [-] Task e5d1e08e-6154-4daa-bc1e-bdf159d20181 | ITER: 20 END: OK
2019-06-05 08:36:20.795 14453 INFO rally.task.runner [-] Task e5d1e08e-6154-4daa-bc1e-bdf159d20181 | ITER: 34 START
2019-06-05 08:36:20.902 14452 INFO rally.task.runner [-] Task e5d1e08e-6154-4daa-bc1e-bdf159d20181 | ITER: 19 END: OK
2019-06-05 08:36:20.907 14452 INFO rally.task.runner [-] Task e5d1e08e-6154-4daa-bc1e-bdf159d20181 | ITER: 35 START
2019-06-05 08:36:20.991 14436 INFO rally.task.runner [-] Task e5d1e08e-6154-4daa-bc1e-bdf159d20181 | ITER: 15 END: OK
2019-06-05 08:36:20.995 14436 INFO rally.task.runner [-] Task e5d1e08e-6154-4daa-bc1e-bdf159d20181 | ITER: 36 START
2019-06-05 08:36:21.084 14409 INFO rally.task.runner [-] Task e5d1e08e-6154-4daa-bc1e-bdf159d20181 | ITER: 2 END: OK
2019-06-05 08:36:21.085 14411 INFO rally.task.runner [-] Task e5d1e08e-6154-4daa-bc1e-bdf159d20181 | ITER: 9 END: OK
2019-06-05 08:36:21.087 14409 INFO rally.task.runner [-] Task e5d1e08e-6154-4daa-bc1e-bdf159d20181 | ITER: 37 START
2019-06-05 08:36:21.089 14411 INFO rally.task.runner [-] Task e5d1e08e-6154-4daa-bc1e-bdf159d20181 | ITER: 38 START
2019-06-05 08:36:21.182 14441 INFO rally.task.runner [-] Task e5d1e08e-6154-4daa-bc1e-bdf159d20181 | ITER: 16 END: OK
2019-06-05 08:36:21.186 14441 INFO rally.task.runner [-] Task e5d1e08e-6154-4daa-bc1e-bdf159d20181 | ITER: 39 START
2019-06-05 08:36:21.210 14410 INFO rally.task.runner [-] Task e5d1e08e-6154-4daa-bc1e-bdf159d20181 | ITER: 4 END: OK
2019-06-05 08:36:21.213 14410 INFO rally.task.runner [-] Task e5d1e08e-6154-4daa-bc1e-bdf159d20181 | ITER: 40 START
2019-06-05 08:36:21.453 14428 INFO rally.task.runner [-] Task e5d1e08e-6154-4daa-bc1e-bdf159d20181 | ITER: 23 END: OK
2019-06-05 08:36:21.455 14408 INFO rally.task.runner [-] Task e5d1e08e-6154-4daa-bc1e-bdf159d20181 | ITER: 21 END: OK
2019-06-05 08:36:21.456 14428 INFO rally.task.runner [-] Task e5d1e08e-6154-4daa-bc1e-bdf159d20181 | ITER: 41 START
2019-06-05 08:36:21.458 14408 INFO rally.task.runner [-] Task e5d1e08e-6154-4daa-bc1e-bdf159d20181 | ITER: 42 START
2019-06-05 08:36:21.487 14410 INFO rally.task.runner [-] Task e5d1e08e-6154-4daa-bc1e-bdf159d20181 | ITER: 22 END: OK
2019-06-05 08:36:21.490 14410 INFO rally.task.runner [-] Task e5d1e08e-6154-4daa-bc1e-bdf159d20181 | ITER: 43 START
2019-06-05 08:36:21.632 14425 INFO rally.task.runner [-] Task e5d1e08e-6154-4daa-bc1e-bdf159d20181 | ITER: 26 END: OK
2019-06-05 08:36:21.635 14425 INFO rally.task.runner [-] Task e5d1e08e-6154-4daa-bc1e-bdf159d20181 | ITER: 44 START
2019-06-05 08:36:21.666 14449 INFO rally.task.runner [-] Task e5d1e08e-6154-4daa-bc1e-bdf159d20181 | ITER: 28 END: OK
2019-06-05 08:36:21.669 14449 INFO rally.task.runner [-] Task e5d1e08e-6154-4daa-bc1e-bdf159d20181 | ITER: 45 START
2019-06-05 08:36:21.823 14421 INFO rally.task.runner [-] Task e5d1e08e-6154-4daa-bc1e-bdf159d20181 | ITER: 29 END: OK
2019-06-05 08:36:21.826 14421 INFO rally.task.runner [-] Task e5d1e08e-6154-4daa-bc1e-bdf159d20181 | ITER: 46 START
2019-06-05 08:36:21.854 14413 INFO rally.task.runner [-] Task e5d1e08e-6154-4daa-bc1e-bdf159d20181 | ITER: 32 END: OK
2019-06-05 08:36:21.858 14413 INFO rally.task.runner [-] Task e5d1e08e-6154-4daa-bc1e-bdf159d20181 | ITER: 47 START
2019-06-05 08:36:21.966 14408 INFO rally.task.runner [-] Task e5d1e08e-6154-4daa-bc1e-bdf159d20181 | ITER: 24 END: OK
2019-06-05 08:36:21.970 14408 INFO rally.task.runner [-] Task e5d1e08e-6154-4daa-bc1e-bdf159d20181 | ITER: 48 START
2019-06-05 08:36:22.055 14430 INFO rally.task.runner [-] Task e5d1e08e-6154-4daa-bc1e-bdf159d20181 | ITER: 25 END: OK
2019-06-05 08:36:22.059 14430 INFO rally.task.runner [-] Task e5d1e08e-6154-4daa-bc1e-bdf159d20181 | ITER: 49 START
2019-06-05 08:36:22.067 14417 INFO rally.task.runner [-] Task e5d1e08e-6154-4daa-bc1e-bdf159d20181 | ITER: 27 END: OK
2019-06-05 08:36:22.070 14417 INFO rally.task.runner [-] Task e5d1e08e-6154-4daa-bc1e-bdf159d20181 | ITER: 50 START
2019-06-05 08:36:22.186 14446 INFO rally.task.runner [-] Task e5d1e08e-6154-4daa-bc1e-bdf159d20181 | ITER: 33 END: OK
2019-06-05 08:36:22.190 14446 INFO rally.task.runner [-] Task e5d1e08e-6154-4daa-bc1e-bdf159d20181 | ITER: 51 START
2019-06-05 08:36:22.269 14409 INFO rally.task.runner [-] Task e5d1e08e-6154-4daa-bc1e-bdf159d20181 | ITER: 30 END: OK
2019-06-05 08:36:22.273 14409 INFO rally.task.runner [-] Task e5d1e08e-6154-4daa-bc1e-bdf159d20181 | ITER: 52 START
2019-06-05 08:36:22.438 14441 INFO rally.task.runner [-] Task e5d1e08e-6154-4daa-bc1e-bdf159d20181 | ITER: 39 END: OK
2019-06-05 08:36:22.439 14452 INFO rally.task.runner [-] Task e5d1e08e-6154-4daa-bc1e-bdf159d20181 | ITER: 35 END: OK
2019-06-05 08:36:22.442 14441 INFO rally.task.runner [-] Task e5d1e08e-6154-4daa-bc1e-bdf159d20181 | ITER: 53 START
2019-06-05 08:36:22.443 14452 INFO rally.task.runner [-] Task e5d1e08e-6154-4daa-bc1e-bdf159d20181 | ITER: 54 START
2019-06-05 08:36:22.541 14411 INFO rally.task.runner [-] Task e5d1e08e-6154-4daa-bc1e-bdf159d20181 | ITER: 31 END: OK
2019-06-05 08:36:22.545 14411 INFO rally.task.runner [-] Task e5d1e08e-6154-4daa-bc1e-bdf159d20181 | ITER: 55 START
2019-06-05 08:36:22.569 14410 INFO rally.task.runner [-] Task e5d1e08e-6154-4daa-bc1e-bdf159d20181 | ITER: 40 END: OK
2019-06-05 08:36:22.572 14410 INFO rally.task.runner [-] Task e5d1e08e-6154-4daa-bc1e-bdf159d20181 | ITER: 56 START
2019-06-05 08:36:22.579 14436 INFO rally.task.runner [-] Task e5d1e08e-6154-4daa-bc1e-bdf159d20181 | ITER: 36 END: OK
2019-06-05 08:36:22.583 14436 INFO rally.task.runner [-] Task e5d1e08e-6154-4daa-bc1e-bdf159d20181 | ITER: 57 START
2019-06-05 08:36:22.789 14453 INFO rally.task.runner [-] Task e5d1e08e-6154-4daa-bc1e-bdf159d20181 | ITER: 34 END: OK
2019-06-05 08:36:22.792 14453 INFO rally.task.runner [-] Task e5d1e08e-6154-4daa-bc1e-bdf159d20181 | ITER: 58 START
2019-06-05 08:36:22.819 14408 INFO rally.task.runner [-] Task e5d1e08e-6154-4daa-bc1e-bdf159d20181 | ITER: 42 END: OK
2019-06-05 08:36:22.822 14408 INFO rally.task.runner [-] Task e5d1e08e-6154-4daa-bc1e-bdf159d20181 | ITER: 59 START
2019-06-05 08:36:22.839 14411 INFO rally.task.runner [-] Task e5d1e08e-6154-4daa-bc1e-bdf159d20181 | ITER: 38 END: OK
2019-06-05 08:36:22.839 14410 INFO rally.task.runner [-] Task e5d1e08e-6154-4daa-bc1e-bdf159d20181 | ITER: 43 END: OK
2019-06-05 08:36:22.842 14411 INFO rally.task.runner [-] Task e5d1e08e-6154-4daa-bc1e-bdf159d20181 | ITER: 60 START
2019-06-05 08:36:22.843 14410 INFO rally.task.runner [-] Task e5d1e08e-6154-4daa-bc1e-bdf159d20181 | ITER: 61 START
2019-06-05 08:36:22.885 14425 INFO rally.task.runner [-] Task e5d1e08e-6154-4daa-bc1e-bdf159d20181 | ITER: 44 END: OK
2019-06-05 08:36:22.889 14425 INFO rally.task.runner [-] Task e5d1e08e-6154-4daa-bc1e-bdf159d20181 | ITER: 62 START
2019-06-05 08:36:22.929 14413 INFO rally.task.runner [-] Task e5d1e08e-6154-4daa-bc1e-bdf159d20181 | ITER: 47 END: OK
2019-06-05 08:36:22.932 14413 INFO rally.task.runner [-] Task e5d1e08e-6154-4daa-bc1e-bdf159d20181 | ITER: 63 START
2019-06-05 08:36:23.149 14409 INFO rally.task.runner [-] Task e5d1e08e-6154-4daa-bc1e-bdf159d20181 | ITER: 37 END: OK
2019-06-05 08:36:23.153 14409 INFO rally.task.runner [-] Task e5d1e08e-6154-4daa-bc1e-bdf159d20181 | ITER: 64 START
2019-06-05 08:36:23.197 14428 INFO rally.task.runner [-] Task e5d1e08e-6154-4daa-bc1e-bdf159d20181 | ITER: 41 END: OK
2019-06-05 08:36:23.200 14428 INFO rally.task.runner [-] Task e5d1e08e-6154-4daa-bc1e-bdf159d20181 | ITER: 65 START
2019-06-05 08:36:23.429 14421 INFO rally.task.runner [-] Task e5d1e08e-6154-4daa-bc1e-bdf159d20181 | ITER: 46 END: OK
2019-06-05 08:36:23.433 14421 INFO rally.task.runner [-] Task e5d1e08e-6154-4daa-bc1e-bdf159d20181 | ITER: 66 START
2019-06-05 08:36:23.468 14408 INFO rally.task.runner [-] Task e5d1e08e-6154-4daa-bc1e-bdf159d20181 | ITER: 48 END: OK
2019-06-05 08:36:23.471 14408 INFO rally.task.runner [-] Task e5d1e08e-6154-4daa-bc1e-bdf159d20181 | ITER: 67 START
2019-06-05 08:36:23.535 14417 INFO rally.task.runner [-] Task e5d1e08e-6154-4daa-bc1e-bdf159d20181 | ITER: 50 END: OK
2019-06-05 08:36:23.539 14417 INFO rally.task.runner [-] Task e5d1e08e-6154-4daa-bc1e-bdf159d20181 | ITER: 68 START
2019-06-05 08:36:23.540 14449 INFO rally.task.runner [-] Task e5d1e08e-6154-4daa-bc1e-bdf159d20181 | ITER: 45 END: OK
2019-06-05 08:36:23.543 14449 INFO rally.task.runner [-] Task e5d1e08e-6154-4daa-bc1e-bdf159d20181 | ITER: 69 START
2019-06-05 08:36:23.583 14446 INFO rally.task.runner [-] Task e5d1e08e-6154-4daa-bc1e-bdf159d20181 | ITER: 51 END: OK
2019-06-05 08:36:23.587 14446 INFO rally.task.runner [-] Task e5d1e08e-6154-4daa-bc1e-bdf159d20181 | ITER: 70 START
2019-06-05 08:36:23.615 14430 INFO rally.task.runner [-] Task e5d1e08e-6154-4daa-bc1e-bdf159d20181 | ITER: 49 END: OK
2019-06-05 08:36:23.618 14430 INFO rally.task.runner [-] Task e5d1e08e-6154-4daa-bc1e-bdf159d20181 | ITER: 71 START
2019-06-05 08:36:23.624 14410 INFO rally.task.runner [-] Task e5d1e08e-6154-4daa-bc1e-bdf159d20181 | ITER: 56 END: OK
2019-06-05 08:36:23.628 14410 INFO rally.task.runner [-] Task e5d1e08e-6154-4daa-bc1e-bdf159d20181 | ITER: 72 START
2019-06-05 08:36:23.910 14409 INFO rally.task.runner [-] Task e5d1e08e-6154-4daa-bc1e-bdf159d20181 | ITER: 52 END: OK
2019-06-05 08:36:23.914 14409 INFO rally.task.runner [-] Task e5d1e08e-6154-4daa-bc1e-bdf159d20181 | ITER: 73 START
2019-06-05 08:36:23.965 14411 INFO rally.task.runner [-] Task e5d1e08e-6154-4daa-bc1e-bdf159d20181 | ITER: 55 END: OK
2019-06-05 08:36:23.969 14411 INFO rally.task.runner [-] Task e5d1e08e-6154-4daa-bc1e-bdf159d20181 | ITER: 74 START
2019-06-05 08:36:24.243 14441 INFO rally.task.runner [-] Task e5d1e08e-6154-4daa-bc1e-bdf159d20181 | ITER: 53 END: OK
2019-06-05 08:36:24.245 14410 INFO rally.task.runner [-] Task e5d1e08e-6154-4daa-bc1e-bdf159d20181 | ITER: 61 END: OK
2019-06-05 08:36:24.246 14441 INFO rally.task.runner [-] Task e5d1e08e-6154-4daa-bc1e-bdf159d20181 | ITER: 75 START
2019-06-05 08:36:24.249 14410 INFO rally.task.runner [-] Task e5d1e08e-6154-4daa-bc1e-bdf159d20181 | ITER: 76 START
2019-06-05 08:36:24.402 14452 INFO rally.task.runner [-] Task e5d1e08e-6154-4daa-bc1e-bdf159d20181 | ITER: 54 END: OK
2019-06-05 08:36:24.406 14452 INFO rally.task.runner [-] Task e5d1e08e-6154-4daa-bc1e-bdf159d20181 | ITER: 77 START
2019-06-05 08:36:24.442 14453 INFO rally.task.runner [-] Task e5d1e08e-6154-4daa-bc1e-bdf159d20181 | ITER: 58 END: OK
2019-06-05 08:36:24.443 14436 INFO rally.task.runner [-] Task e5d1e08e-6154-4daa-bc1e-bdf159d20181 | ITER: 57 END: OK
2019-06-05 08:36:24.446 14453 INFO rally.task.runner [-] Task e5d1e08e-6154-4daa-bc1e-bdf159d20181 | ITER: 78 START
2019-06-05 08:36:24.446 14436 INFO rally.task.runner [-] Task e5d1e08e-6154-4daa-bc1e-bdf159d20181 | ITER: 79 START
2019-06-05 08:36:24.557 14408 INFO rally.task.runner [-] Task e5d1e08e-6154-4daa-bc1e-bdf159d20181 | ITER: 59 END: OK
2019-06-05 08:36:24.560 14408 INFO rally.task.runner [-] Task e5d1e08e-6154-4daa-bc1e-bdf159d20181 | ITER: 80 START
2019-06-05 08:36:24.623 14425 INFO rally.task.runner [-] Task e5d1e08e-6154-4daa-bc1e-bdf159d20181 | ITER: 62 END: OK
2019-06-05 08:36:24.626 14425 INFO rally.task.runner [-] Task e5d1e08e-6154-4daa-bc1e-bdf159d20181 | ITER: 81 START
2019-06-05 08:36:24.707 14421 INFO rally.task.runner [-] Task e5d1e08e-6154-4daa-bc1e-bdf159d20181 | ITER: 66 END: OK
2019-06-05 08:36:24.710 14421 INFO rally.task.runner [-] Task e5d1e08e-6154-4daa-bc1e-bdf159d20181 | ITER: 82 START
2019-06-05 08:36:24.763 14409 INFO rally.task.runner [-] Task e5d1e08e-6154-4daa-bc1e-bdf159d20181 | ITER: 64 END: OK
2019-06-05 08:36:24.766 14409 INFO rally.task.runner [-] Task e5d1e08e-6154-4daa-bc1e-bdf159d20181 | ITER: 83 START
2019-06-05 08:36:25.006 14430 INFO rally.task.runner [-] Task e5d1e08e-6154-4daa-bc1e-bdf159d20181 | ITER: 71 END: OK
2019-06-05 08:36:25.009 14430 INFO rally.task.runner [-] Task e5d1e08e-6154-4daa-bc1e-bdf159d20181 | ITER: 84 START
2019-06-05 08:36:25.030 14411 INFO rally.task.runner [-] Task e5d1e08e-6154-4daa-bc1e-bdf159d20181 | ITER: 60 END: OK
2019-06-05 08:36:25.033 14411 INFO rally.task.runner [-] Task e5d1e08e-6154-4daa-bc1e-bdf159d20181 | ITER: 85 START
2019-06-05 08:36:25.076 14428 INFO rally.task.runner [-] Task e5d1e08e-6154-4daa-bc1e-bdf159d20181 | ITER: 65 END: OK
2019-06-05 08:36:25.079 14428 INFO rally.task.runner [-] Task e5d1e08e-6154-4daa-bc1e-bdf159d20181 | ITER: 86 START
2019-06-05 08:36:25.139 14441 INFO rally.task.runner [-] Task e5d1e08e-6154-4daa-bc1e-bdf159d20181 | ITER: 75 END: OK
2019-06-05 08:36:25.143 14441 INFO rally.task.runner [-] Task e5d1e08e-6154-4daa-bc1e-bdf159d20181 | ITER: 87 START
2019-06-05 08:36:25.146 14408 INFO rally.task.runner [-] Task e5d1e08e-6154-4daa-bc1e-bdf159d20181 | ITER: 67 END: OK
2019-06-05 08:36:25.150 14408 INFO rally.task.runner [-] Task e5d1e08e-6154-4daa-bc1e-bdf159d20181 | ITER: 88 START
2019-06-05 08:36:25.298 14413 INFO rally.task.runner [-] Task e5d1e08e-6154-4daa-bc1e-bdf159d20181 | ITER: 63 END: OK
2019-06-05 08:36:25.302 14413 INFO rally.task.runner [-] Task e5d1e08e-6154-4daa-bc1e-bdf159d20181 | ITER: 89 START
2019-06-05 08:36:25.403 14411 INFO rally.task.runner [-] Task e5d1e08e-6154-4daa-bc1e-bdf159d20181 | ITER: 74 END: OK
2019-06-05 08:36:25.406 14411 INFO rally.task.runner [-] Task e5d1e08e-6154-4daa-bc1e-bdf159d20181 | ITER: 90 START
2019-06-05 08:36:25.443 14409 INFO rally.task.runner [-] Task e5d1e08e-6154-4daa-bc1e-bdf159d20181 | ITER: 73 END: OK
2019-06-05 08:36:25.447 14409 INFO rally.task.runner [-] Task e5d1e08e-6154-4daa-bc1e-bdf159d20181 | ITER: 91 START
2019-06-05 08:36:25.553 14410 INFO rally.task.runner [-] Task e5d1e08e-6154-4daa-bc1e-bdf159d20181 | ITER: 72 END: OK
2019-06-05 08:36:25.557 14410 INFO rally.task.runner [-] Task e5d1e08e-6154-4daa-bc1e-bdf159d20181 | ITER: 92 START
2019-06-05 08:36:25.617 14449 INFO rally.task.runner [-] Task e5d1e08e-6154-4daa-bc1e-bdf159d20181 | ITER: 69 END: OK
2019-06-05 08:36:25.620 14449 INFO rally.task.runner [-] Task e5d1e08e-6154-4daa-bc1e-bdf159d20181 | ITER: 93 START
2019-06-05 08:36:25.668 14436 INFO rally.task.runner [-] Task e5d1e08e-6154-4daa-bc1e-bdf159d20181 | ITER: 79 END: OK
2019-06-05 08:36:25.671 14436 INFO rally.task.runner [-] Task e5d1e08e-6154-4daa-bc1e-bdf159d20181 | ITER: 94 START
2019-06-05 08:36:25.676 14410 INFO rally.task.runner [-] Task e5d1e08e-6154-4daa-bc1e-bdf159d20181 | ITER: 76 END: OK
2019-06-05 08:36:25.679 14410 INFO rally.task.runner [-] Task e5d1e08e-6154-4daa-bc1e-bdf159d20181 | ITER: 95 START
2019-06-05 08:36:25.704 14417 INFO rally.task.runner [-] Task e5d1e08e-6154-4daa-bc1e-bdf159d20181 | ITER: 68 END: OK
2019-06-05 08:36:25.708 14417 INFO rally.task.runner [-] Task e5d1e08e-6154-4daa-bc1e-bdf159d20181 | ITER: 96 START
2019-06-05 08:36:25.711 14453 INFO rally.task.runner [-] Task e5d1e08e-6154-4daa-bc1e-bdf159d20181 | ITER: 78 END: OK
2019-06-05 08:36:25.715 14453 INFO rally.task.runner [-] Task e5d1e08e-6154-4daa-bc1e-bdf159d20181 | ITER: 97 START
2019-06-05 08:36:25.969 14446 INFO rally.task.runner [-] Task e5d1e08e-6154-4daa-bc1e-bdf159d20181 | ITER: 70 END: OK
2019-06-05 08:36:25.973 14446 INFO rally.task.runner [-] Task e5d1e08e-6154-4daa-bc1e-bdf159d20181 | ITER: 98 START
2019-06-05 08:36:26.004 14408 INFO rally.task.runner [-] Task e5d1e08e-6154-4daa-bc1e-bdf159d20181 | ITER: 80 END: OK
2019-06-05 08:36:26.007 14408 INFO rally.task.runner [-] Task e5d1e08e-6154-4daa-bc1e-bdf159d20181 | ITER: 99 START
2019-06-05 08:36:26.241 14452 INFO rally.task.runner [-] Task e5d1e08e-6154-4daa-bc1e-bdf159d20181 | ITER: 77 END: OK
2019-06-05 08:36:26.245 14452 INFO rally.task.runner [-] Task e5d1e08e-6154-4daa-bc1e-bdf159d20181 | ITER: 100 START
2019-06-05 08:36:26.259 14421 INFO rally.task.runner [-] Task e5d1e08e-6154-4daa-bc1e-bdf159d20181 | ITER: 82 END: OK
2019-06-05 08:36:26.497 14408 INFO rally.task.runner [-] Task e5d1e08e-6154-4daa-bc1e-bdf159d20181 | ITER: 88 END: OK
2019-06-05 08:36:26.618 14409 INFO rally.task.runner [-] Task e5d1e08e-6154-4daa-bc1e-bdf159d20181 | ITER: 83 END: OK
2019-06-05 08:36:26.700 14425 INFO rally.task.runner [-] Task e5d1e08e-6154-4daa-bc1e-bdf159d20181 | ITER: 81 END: OK
2019-06-05 08:36:26.743 14453 INFO rally.task.runner [-] Task e5d1e08e-6154-4daa-bc1e-bdf159d20181 | ITER: 97 END: OK
2019-06-05 08:36:26.838 14430 INFO rally.task.runner [-] Task e5d1e08e-6154-4daa-bc1e-bdf159d20181 | ITER: 84 END: OK
2019-06-05 08:36:26.856 14441 INFO rally.task.runner [-] Task e5d1e08e-6154-4daa-bc1e-bdf159d20181 | ITER: 87 END: OK
2019-06-05 08:36:26.892 14411 INFO rally.task.runner [-] Task e5d1e08e-6154-4daa-bc1e-bdf159d20181 | ITER: 90 END: OK
2019-06-05 08:36:27.067 14428 INFO rally.task.runner [-] Task e5d1e08e-6154-4daa-bc1e-bdf159d20181 | ITER: 86 END: OK
2019-06-05 08:36:27.133 14410 INFO rally.task.runner [-] Task e5d1e08e-6154-4daa-bc1e-bdf159d20181 | ITER: 95 END: OK
2019-06-05 08:36:27.135 14417 INFO rally.task.runner [-] Task e5d1e08e-6154-4daa-bc1e-bdf159d20181 | ITER: 96 END: OK
2019-06-05 08:36:27.175 14411 INFO rally.task.runner [-] Task e5d1e08e-6154-4daa-bc1e-bdf159d20181 | ITER: 85 END: OK
2019-06-05 08:36:27.242 14409 INFO rally.task.runner [-] Task e5d1e08e-6154-4daa-bc1e-bdf159d20181 | ITER: 91 END: OK
2019-06-05 08:36:27.350 14436 INFO rally.task.runner [-] Task e5d1e08e-6154-4daa-bc1e-bdf159d20181 | ITER: 94 END: OK
2019-06-05 08:36:27.538 14410 INFO rally.task.runner [-] Task e5d1e08e-6154-4daa-bc1e-bdf159d20181 | ITER: 92 END: OK
2019-06-05 08:36:27.586 14449 INFO rally.task.runner [-] Task e5d1e08e-6154-4daa-bc1e-bdf159d20181 | ITER: 93 END: OK
2019-06-05 08:36:27.759 14452 INFO rally.task.runner [-] Task e5d1e08e-6154-4daa-bc1e-bdf159d20181 | ITER: 100 END: OK
2019-06-05 08:36:27.759 14408 INFO rally.task.runner [-] Task e5d1e08e-6154-4daa-bc1e-bdf159d20181 | ITER: 99 END: OK
2019-06-05 08:36:27.881 14413 INFO rally.task.runner [-] Task e5d1e08e-6154-4daa-bc1e-bdf159d20181 | ITER: 89 END: OK
2019-06-05 08:36:27.936 14446 INFO rally.task.runner [-] Task e5d1e08e-6154-4daa-bc1e-bdf159d20181 | ITER: 98 END: OK
2019-06-05 08:36:27.960 14284 INFO rally.task.context [-] Task e5d1e08e-6154-4daa-bc1e-bdf159d20181 | Context cleanup@openstack cleanup() started
2019-06-05 08:36:27.963 14284 RALLYDEBUG rally_openstack.cleanup.manager [-] Cleaning up neutron vip objects
2019-06-05 08:36:28.359 14284 RALLYDEBUG rally_openstack.cleanup.manager [-] Cleaning up neutron health_monitor objects
2019-06-05 08:36:28.751 14284 RALLYDEBUG rally_openstack.cleanup.manager [-] Cleaning up neutron pool objects
2019-06-05 08:36:29.141 14284 RALLYDEBUG rally_openstack.cleanup.manager [-] Cleaning up neutron loadbalancer objects
2019-06-05 08:36:29.526 14284 RALLYDEBUG rally_openstack.cleanup.manager [-] Cleaning up neutron floatingip objects
2019-06-05 08:36:29.953 14284 RALLYDEBUG rally_openstack.cleanup.manager [-] Cleaning up neutron port objects
2019-06-05 08:36:30.361 14284 RALLYDEBUG rally_openstack.cleanup.manager [-] Cleaning up neutron subnet objects
2019-06-05 08:36:30.767 14284 RALLYDEBUG rally_openstack.cleanup.manager [-] Cleaning up neutron network objects
2019-06-05 08:36:31.489 14284 RALLYDEBUG rally_openstack.cleanup.manager [-] Deleting neutron.network object s_rally_6b70e304_MUU8EvBt (0d8ffb7f-ee4e-47df-8f4d-b1cf6b1fab7e)
2019-06-05 08:36:31.497 14284 RALLYDEBUG rally_openstack.cleanup.manager [-] Deleting neutron.network object s_rally_6b70e304_bmK51tXV (033a2cda-147b-458b-afaf-cb02804337a5)
2019-06-05 08:36:31.500 14284 RALLYDEBUG rally_openstack.cleanup.manager [-] Deleting neutron.network object s_rally_6b70e304_iNLaNtDf (1f25723d-75bc-4b2a-922e-730ea3cde98c)
2019-06-05 08:36:31.504 14284 RALLYDEBUG rally_openstack.cleanup.manager [-] Deleting neutron.network object s_rally_6b70e304_YInLgZX9 (03254395-f581-4cf8-83fa-5d3874af9715)
2019-06-05 08:36:31.505 14284 RALLYDEBUG rally_openstack.cleanup.manager [-] Deleting neutron.network object s_rally_6b70e304_xOkjOT5A (1a55b112-8c8f-4bf3-93e6-af786cafb3c7)
2019-06-05 08:36:31.510 14284 RALLYDEBUG rally_openstack.cleanup.manager [-] Deleting neutron.network object s_rally_6b70e304_yTZ7va40 (14134d83-9308-479b-af78-29a0133fc734)
2019-06-05 08:36:31.512 14284 RALLYDEBUG rally_openstack.cleanup.manager [-] Deleting neutron.network object s_rally_6b70e304_mYJ79afW (162f57c2-3002-42df-881e-9e4217ba93a2)
2019-06-05 08:36:31.512 14284 RALLYDEBUG rally_openstack.cleanup.manager [-] Deleting neutron.network object s_rally_6b70e304_s3PUDGwJ (096c8233-43f6-4598-ba97-042fddc5bd9f)
2019-06-05 08:36:31.520 14284 RALLYDEBUG rally_openstack.cleanup.manager [-] Deleting neutron.network object s_rally_6b70e304_oPxu1fdj (271af401-704d-4f4d-b381-29ad356423ed)
2019-06-05 08:36:31.521 14284 RALLYDEBUG rally_openstack.cleanup.manager [-] Deleting neutron.network object s_rally_6b70e304_UnZivkVN (08467d39-0e8a-4952-a2e4-7e0d4f3e5068)
2019-06-05 08:36:31.524 14284 RALLYDEBUG rally_openstack.cleanup.manager [-] Deleting neutron.network object s_rally_6b70e304_XpiLsOok (2e238a21-f0a5-4f57-8d35-acb1df8c2d6d)
2019-06-05 08:36:31.527 14284 RALLYDEBUG rally_openstack.cleanup.manager [-] Deleting neutron.network object s_rally_6b70e304_TwOsqZYN (02d75a04-ad1f-4da9-90d3-cae16ad650d4)
2019-06-05 08:36:31.529 14284 RALLYDEBUG rally_openstack.cleanup.manager [-] Deleting neutron.network object s_rally_6b70e304_4qKbQz0W (15592329-3ae9-43fd-b1bd-86c05b6daf72)
2019-06-05 08:36:31.536 14284 RALLYDEBUG rally_openstack.cleanup.manager [-] Deleting neutron.network object s_rally_6b70e304_dFuBGOxR (0412055f-7e79-405b-ba16-47dce0063d83)
2019-06-05 08:36:31.544 14284 RALLYDEBUG rally_openstack.cleanup.manager [-] Deleting neutron.network object s_rally_6b70e304_pr9QVIcD (06030058-4dbd-4628-8ea2-ae32fe4134cb)
2019-06-05 08:36:31.549 14284 RALLYDEBUG rally_openstack.cleanup.manager [-] Deleting neutron.network object s_rally_6b70e304_jvcblSTL (2cf72cb5-1c1a-4e99-b7fa-3c11e154efe0)
2019-06-05 08:36:31.546 14284 RALLYDEBUG rally_openstack.cleanup.manager [-] Deleting neutron.network object s_rally_6b70e304_EtxTlvM6 (195690b6-9da9-425a-bc6d-83cda95b1997)
2019-06-05 08:36:31.552 14284 RALLYDEBUG rally_openstack.cleanup.manager [-] Deleting neutron.network object s_rally_6b70e304_qEACVjMy (31df4929-159f-421f-8110-9b3c7ffa1315)
2019-06-05 08:36:31.555 14284 RALLYDEBUG rally_openstack.cleanup.manager [-] Deleting neutron.network object s_rally_6b70e304_K2JB1jiq (30ae5963-ed05-43ef-be5e-a96564644b82)
2019-06-05 08:36:31.618 14284 RALLYDEBUG rally_openstack.cleanup.manager [-] Deleting neutron.network object s_rally_6b70e304_UFUKSppO (0a00d866-32e6-4da8-bae0-5bfa148df6af)
2019-06-05 08:36:33.922 14284 RALLYDEBUG rally_openstack.cleanup.manager [-] Deleting neutron.network object s_rally_6b70e304_BV0KOKcu (342461d1-eff9-44f5-b321-15e9c47b5927)
2019-06-05 08:36:33.931 14284 RALLYDEBUG rally_openstack.cleanup.manager [-] Deleting neutron.network object s_rally_6b70e304_Y76JG7MZ (37d1d303-bab9-4d06-acac-e7529bac693a)
2019-06-05 08:36:34.165 14284 RALLYDEBUG rally_openstack.cleanup.manager [-] Deleting neutron.network object s_rally_6b70e304_SubQAqYW (3a7978a3-1c46-4a1a-8da7-214103f48aff)
2019-06-05 08:36:34.213 14284 RALLYDEBUG rally_openstack.cleanup.manager [-] Deleting neutron.network object s_rally_6b70e304_ff2ULQmB (41e0ccb6-99e8-483a-8348-1ba28d3c764e)
2019-06-05 08:36:34.238 14284 RALLYDEBUG rally_openstack.cleanup.manager [-] Deleting neutron.network object s_rally_6b70e304_m2icXpYU (43c31b39-e5fb-448e-b5b0-fe96c53fabbe)
2019-06-05 08:36:34.302 14284 RALLYDEBUG rally_openstack.cleanup.manager [-] Deleting neutron.network object s_rally_6b70e304_kYzi6Q4X (45e60771-54ee-46e6-a599-8307d0dc0982)
2019-06-05 08:36:34.392 14284 RALLYDEBUG rally_openstack.cleanup.manager [-] Deleting neutron.network object s_rally_6b70e304_R6eBIIyY (4ac73d7b-2cbd-4c45-96bd-9e74d8f86585)
2019-06-05 08:36:34.470 14284 RALLYDEBUG rally_openstack.cleanup.manager [-] Deleting neutron.network object s_rally_6b70e304_WZclbBVV (4c684647-5ff4-4dd5-ae1a-e014edaa24d3)
2019-06-05 08:36:34.506 14284 RALLYDEBUG rally_openstack.cleanup.manager [-] Deleting neutron.network object s_rally_6b70e304_wk07OZig (4d3a49f5-0841-4e61-a123-b2cc3d2b7266)
2019-06-05 08:36:34.621 14284 RALLYDEBUG rally_openstack.cleanup.manager [-] Deleting neutron.network object s_rally_6b70e304_VXiFe7a4 (4d543839-42aa-4e00-bb7c-db841b42ce08)
2019-06-05 08:36:34.733 14284 RALLYDEBUG rally_openstack.cleanup.manager [-] Deleting neutron.network object s_rally_6b70e304_KD6cCcMB (5850b347-1114-431c-81f1-82cd456e60c1)
2019-06-05 08:36:34.765 14284 RALLYDEBUG rally_openstack.cleanup.manager [-] Deleting neutron.network object s_rally_6b70e304_b38jnuJZ (5e83734b-a641-4355-a388-ec64ba6b422d)
2019-06-05 08:36:34.781 14284 RALLYDEBUG rally_openstack.cleanup.manager [-] Deleting neutron.network object s_rally_6b70e304_BocbyeMg (63787db2-cf80-4cc8-a3ad-3ff5ce47980a)
2019-06-05 08:36:34.795 14284 RALLYDEBUG rally_openstack.cleanup.manager [-] Deleting neutron.network object s_rally_6b70e304_8B9AWWPm (63d7c5ab-81f4-42ef-b5ba-ff19d8c749e7)
2019-06-05 08:36:34.868 14284 RALLYDEBUG rally_openstack.cleanup.manager [-] Deleting neutron.network object s_rally_6b70e304_BHwr5EIo (64018d26-5806-49e6-806e-2a1de60c378b)
2019-06-05 08:36:35.019 14284 RALLYDEBUG rally_openstack.cleanup.manager [-] Deleting neutron.network object s_rally_6b70e304_6fGMWzuS (65df10c5-6f46-4ba1-86b3-297eb6889179)
2019-06-05 08:36:35.085 14284 RALLYDEBUG rally_openstack.cleanup.manager [-] Deleting neutron.network object s_rally_6b70e304_nm8mMuZo (6a3ec4e1-b1cc-4d9e-be14-15aeb370049a)
2019-06-05 08:36:36.159 14284 RALLYDEBUG rally_openstack.cleanup.manager [-] Deleting neutron.network object s_rally_6b70e304_QSyH2ElO (6b5cbda6-4e58-4ab0-a008-a8e12d920888)
2019-06-05 08:36:36.206 14284 RALLYDEBUG rally_openstack.cleanup.manager [-] Deleting neutron.network object s_rally_6b70e304_ElkmDJNj (6c59c1cd-03b9-4b2e-a503-a98ed2d0c110)
2019-06-05 08:36:36.299 14284 RALLYDEBUG rally_openstack.cleanup.manager [-] Deleting neutron.network object s_rally_6b70e304_Hf9f0DvF (6cf64ec9-9a3a-43ac-afb0-ab74d3dc057b)
2019-06-05 08:36:36.444 14284 RALLYDEBUG rally_openstack.cleanup.manager [-] Deleting neutron.network object s_rally_6b70e304_0gUjzEzo (74c5d431-609f-4a89-b00c-a7a7526d1963)
2019-06-05 08:36:36.564 14284 RALLYDEBUG rally_openstack.cleanup.manager [-] Deleting neutron.network object s_rally_6b70e304_DJNnjDBf (75a989ec-fa66-4827-a2ba-9def7fe143a2)
2019-06-05 08:36:36.586 14284 RALLYDEBUG rally_openstack.cleanup.manager [-] Deleting neutron.network object s_rally_6b70e304_LXmKdOsQ (77014461-d3cd-468f-913d-6ba5c3626fbf)
2019-06-05 08:36:36.622 14284 RALLYDEBUG rally_openstack.cleanup.manager [-] Deleting neutron.network object s_rally_6b70e304_iKdoO1Z0 (7a490b9b-5d94-40ed-ae45-b88710dd99bb)
2019-06-05 08:36:36.683 14284 RALLYDEBUG rally_openstack.cleanup.manager [-] Deleting neutron.network object s_rally_6b70e304_F3HJW3aF (7ddda45e-035f-4a3b-8db7-3364dee333be)
2019-06-05 08:36:36.723 14284 RALLYDEBUG rally_openstack.cleanup.manager [-] Deleting neutron.network object s_rally_6b70e304_gTZ7aKVo (7e4f7d54-4736-4665-bba2-52af6d308a5c)
2019-06-05 08:36:36.983 14284 RALLYDEBUG rally_openstack.cleanup.manager [-] Deleting neutron.network object s_rally_6b70e304_0uzqBNMr (7f51b0f1-b3a7-476a-aa51-130fddf5a560)
2019-06-05 08:36:37.399 14284 RALLYDEBUG rally_openstack.cleanup.manager [-] Deleting neutron.network object s_rally_6b70e304_j6ARuQsx (874547c1-b989-43e3-a21d-9df6bc3f9867)
2019-06-05 08:36:37.709 14284 RALLYDEBUG rally_openstack.cleanup.manager [-] Deleting neutron.network object s_rally_6b70e304_aYUrlG9W (8778e934-4d36-46bb-8aef-87fbe411ab46)
2019-06-05 08:36:37.754 14284 RALLYDEBUG rally_openstack.cleanup.manager [-] Deleting neutron.network object s_rally_6b70e304_tpXDR79y (87efa57a-3431-44d2-a38c-ed814e120196)
2019-06-05 08:36:37.943 14284 RALLYDEBUG rally_openstack.cleanup.manager [-] Deleting neutron.network object s_rally_6b70e304_wA7180yk (8813b8ab-e08f-44ee-84fe-88e55c305e64)
2019-06-05 08:36:37.967 14284 RALLYDEBUG rally_openstack.cleanup.manager [-] Deleting neutron.network object s_rally_6b70e304_kwYND2C4 (8ea30fa5-2765-49fb-b9a1-6f0415a9b547)
2019-06-05 08:36:38.013 14284 RALLYDEBUG rally_openstack.cleanup.manager [-] Deleting neutron.network object s_rally_6b70e304_PVizuqDG (9023ad22-b834-40f7-a2e3-a45d9f3d02b6)
2019-06-05 08:36:38.029 14284 RALLYDEBUG rally_openstack.cleanup.manager [-] Deleting neutron.network object s_rally_6b70e304_bWZJzu6r (9063bc6f-6919-41af-afb5-3ebbea8fdd19)
2019-06-05 08:36:38.049 14284 RALLYDEBUG rally_openstack.cleanup.manager [-] Deleting neutron.network object s_rally_6b70e304_TxLJw89E (9219fe1f-d1e3-4963-9289-01923937a618)
2019-06-05 08:36:38.304 14284 RALLYDEBUG rally_openstack.cleanup.manager [-] Deleting neutron.network object s_rally_6b70e304_KKnm719M (92843ac7-6975-4600-9710-8cbf912025d3)
2019-06-05 08:36:38.321 14284 RALLYDEBUG rally_openstack.cleanup.manager [-] Deleting neutron.network object s_rally_6b70e304_hDt7aCNO (962509b6-e8c8-4ecb-80ea-c435c7ffd965)
2019-06-05 08:36:38.655 14284 RALLYDEBUG rally_openstack.cleanup.manager [-] Deleting neutron.network object s_rally_6b70e304_p89ACGz6 (970dbdb7-ceb3-40b3-b063-a6f25bcc2954)
2019-06-05 08:36:38.676 14284 RALLYDEBUG rally_openstack.cleanup.manager [-] Deleting neutron.network object s_rally_6b70e304_MgpTmp09 (97a6b904-23da-4b26-939f-01f942587684)
2019-06-05 08:36:38.800 14284 RALLYDEBUG rally_openstack.cleanup.manager [-] Deleting neutron.network object s_rally_6b70e304_2Jtq1SVX (99f29c89-4227-4de2-a0a6-5dee14fbb4c4)
2019-06-05 08:36:38.954 14284 RALLYDEBUG rally_openstack.cleanup.manager [-] Deleting neutron.network object s_rally_6b70e304_zrX3QZei (9a3edc3e-a06c-423b-81b6-c4ea72812755)
2019-06-05 08:36:39.147 14284 RALLYDEBUG rally_openstack.cleanup.manager [-] Deleting neutron.network object s_rally_6b70e304_67G4a0fP (9e9e4872-977f-4aad-8d87-265744f4fcab)
2019-06-05 08:36:39.164 14284 RALLYDEBUG rally_openstack.cleanup.manager [-] Deleting neutron.network object s_rally_6b70e304_sQNhWVz6 (a50d1b79-2c8b-438a-8498-82622a7585a5)
2019-06-05 08:36:39.476 14284 RALLYDEBUG rally_openstack.cleanup.manager [-] Deleting neutron.network object s_rally_6b70e304_Fj0WT9YR (a51bce33-8776-43a6-a9e8-035c97e1a900)
2019-06-05 08:36:39.506 14284 RALLYDEBUG rally_openstack.cleanup.manager [-] Deleting neutron.network object s_rally_6b70e304_pc3W3YyF (a8518709-7a38-4249-be1c-14dce35221f1)
2019-06-05 08:36:39.521 14284 RALLYDEBUG rally_openstack.cleanup.manager [-] Deleting neutron.network object s_rally_6b70e304_Re99i4q5 (aa1ff26d-8ee8-417b-a60a-01d49acf6479)
2019-06-05 08:36:39.767 14284 RALLYDEBUG rally_openstack.cleanup.manager [-] Deleting neutron.network object s_rally_6b70e304_kJE99E31 (aa9fb895-c41a-4e7b-837d-8950b28abb41)
2019-06-05 08:36:39.879 14284 RALLYDEBUG rally_openstack.cleanup.manager [-] Deleting neutron.network object s_rally_6b70e304_okMVQ6Pu (ab6f7082-3396-4243-8064-20d854ecc033)
2019-06-05 08:36:40.132 14284 RALLYDEBUG rally_openstack.cleanup.manager [-] Deleting neutron.network object s_rally_6b70e304_bz9D1RY1 (ab789d99-89ca-4091-b37f-07c7364ee0b5)
2019-06-05 08:36:40.224 14284 RALLYDEBUG rally_openstack.cleanup.manager [-] Deleting neutron.network object s_rally_6b70e304_t1dO56mH (ae1e7a42-5cd3-4b4a-9185-a68fd40a0d42)
2019-06-05 08:36:40.616 14284 RALLYDEBUG rally_openstack.cleanup.manager [-] Deleting neutron.network object s_rally_6b70e304_cLjN4EtA (b057a1a3-730c-40a9-b156-bbf0230f16d3)
2019-06-05 08:36:40.804 14284 RALLYDEBUG rally_openstack.cleanup.manager [-] Deleting neutron.network object s_rally_6b70e304_oSryEGSF (b352d60d-0317-49ea-b67d-14c25b65ef58)
2019-06-05 08:36:40.920 14284 RALLYDEBUG rally_openstack.cleanup.manager [-] Deleting neutron.network object s_rally_6b70e304_4BsRekjD (b55f23b0-96ce-44e0-bab6-032cd3a46ea3)
2019-06-05 08:36:40.962 14284 RALLYDEBUG rally_openstack.cleanup.manager [-] Deleting neutron.network object s_rally_6b70e304_7v4044yE (c2d7ef82-f836-41dc-b707-e8031ff6ffdd)
2019-06-05 08:36:41.093 14284 RALLYDEBUG rally_openstack.cleanup.manager [-] Deleting neutron.network object s_rally_6b70e304_II0eGaFQ (c5852c29-6d56-4112-9429-37a532c76c96)
2019-06-05 08:36:41.380 14284 RALLYDEBUG rally_openstack.cleanup.manager [-] Deleting neutron.network object s_rally_6b70e304_YTM1IvcB (c9dc9684-f92c-40d2-a0db-136288fa32ae)
2019-06-05 08:36:41.419 14284 RALLYDEBUG rally_openstack.cleanup.manager [-] Deleting neutron.network object s_rally_6b70e304_su4CldTs (d0dffc55-8ff3-4dc5-8591-11e8aace7dc3)
2019-06-05 08:36:41.676 14284 RALLYDEBUG rally_openstack.cleanup.manager [-] Deleting neutron.network object s_rally_6b70e304_HTytybgB (d0fb1aea-756c-44eb-aba3-6a19d739588d)
2019-06-05 08:36:41.709 14284 RALLYDEBUG rally_openstack.cleanup.manager [-] Deleting neutron.network object s_rally_6b70e304_sqeU0GUR (d0fbfd71-037f-4c5c-984b-73ae7cf57275)
2019-06-05 08:36:41.733 14284 RALLYDEBUG rally_openstack.cleanup.manager [-] Deleting neutron.network object s_rally_6b70e304_OPm80u4p (d17ea0d1-9a2d-4ee4-b31d-df5023f4869a)
2019-06-05 08:36:41.899 14284 RALLYDEBUG rally_openstack.cleanup.manager [-] Deleting neutron.network object s_rally_6b70e304_wNI1jkRl (d53e8a1c-a018-481b-9203-a520d4deb1e3)
2019-06-05 08:36:41.957 14284 RALLYDEBUG rally_openstack.cleanup.manager [-] Deleting neutron.network object s_rally_6b70e304_axCkXWB9 (d9b30fa7-601d-485f-8a50-bcad41e41567)
2019-06-05 08:36:42.124 14284 RALLYDEBUG rally_openstack.cleanup.manager [-] Deleting neutron.network object s_rally_6b70e304_mXsNQrpN (daa1c00d-08c1-47e8-a77b-e80d556cc4cd)
2019-06-05 08:36:42.125 14284 RALLYDEBUG rally_openstack.cleanup.manager [-] Deleting neutron.network object s_rally_6b70e304_nxwlfPvd (dc85cc9f-0ddd-41bf-8038-92999bc8824c)
2019-06-05 08:36:42.236 14284 RALLYDEBUG rally_openstack.cleanup.manager [-] Deleting neutron.network object s_rally_6b70e304_DFHY1eTO (df5e3432-a44d-43a3-90b6-4db90f38320c)
2019-06-05 08:36:42.319 14284 RALLYDEBUG rally_openstack.cleanup.manager [-] Deleting neutron.network object s_rally_6b70e304_X2B27lBZ (dfeda87e-5879-4f78-92b1-e49429cf8bcb)
2019-06-05 08:36:42.350 14284 RALLYDEBUG rally_openstack.cleanup.manager [-] Deleting neutron.network object s_rally_6b70e304_dKAkA8Tr (e2b83ce2-7649-434b-8142-cce52ec7a889)
2019-06-05 08:36:42.409 14284 RALLYDEBUG rally_openstack.cleanup.manager [-] Deleting neutron.network object s_rally_6b70e304_CYB9ZiN4 (e4c76ea0-0d9e-4fdb-81dc-fd0abfcc7341)
2019-06-05 08:36:42.794 14284 RALLYDEBUG rally_openstack.cleanup.manager [-] Deleting neutron.network object s_rally_6b70e304_uq6JVP7u (e5ba948b-1250-4235-a8fd-808e4688f57e)
2019-06-05 08:36:42.825 14284 RALLYDEBUG rally_openstack.cleanup.manager [-] Deleting neutron.network object s_rally_6b70e304_yShpmjgy (e7fb0ba5-aa8c-4f8c-b13a-50de5af61fcf)
2019-06-05 08:36:42.988 14284 RALLYDEBUG rally_openstack.cleanup.manager [-] Deleting neutron.network object s_rally_6b70e304_0mO3sEZ0 (ea20d4eb-79a1-42a5-aede-3f10a644cb5e)
2019-06-05 08:36:43.041 14284 RALLYDEBUG rally_openstack.cleanup.manager [-] Deleting neutron.network object s_rally_6b70e304_hTplY7PX (efb1de45-11d3-438f-9596-7dc562db9a2f)
2019-06-05 08:36:43.131 14284 RALLYDEBUG rally_openstack.cleanup.manager [-] Deleting neutron.network object s_rally_6b70e304_vmGXRckb (efbb0826-0a7b-4b64-ac35-c626e49a232c)
2019-06-05 08:36:43.451 14284 RALLYDEBUG rally_openstack.cleanup.manager [-] Deleting neutron.network object s_rally_6b70e304_tcSz168Z (f596cfc5-0d23-4afc-a9ac-296abfdde1d4)
2019-06-05 08:36:44.043 14284 RALLYDEBUG rally_openstack.cleanup.manager [-] Deleting neutron.network object s_rally_6b70e304_9ZYdBYUz (f6164140-b81a-465f-b0a0-ce1bc3c2aab3)
2019-06-05 08:36:44.292 14284 RALLYDEBUG rally_openstack.cleanup.manager [-] Deleting neutron.network object s_rally_6b70e304_NncbQxJG (f698bfa7-f936-4eec-9627-a36e0091b072)
