2019-06-05 06:28:03.796 8 RALLYDEBUG rally.api [-] INFO logs from urllib3 and requests module are hide.
2019-06-05 06:28:03.796 8 RALLYDEBUG rally.api [-] urllib3 insecure warnings are hidden.
2019-06-05 06:28:03.796 8 RALLYDEBUG rally.api [-] ERROR log from boto module is hide.
2019-06-05 06:28:05.304 8 ERROR rally.cli.cliutils [-] Unexpected exception in CLI: DBRecordNotFound: Record for uuid or name is opnfv-rally not found in table envs
2019-06-05 06:28:05.304 8 ERROR rally.cli.cliutils
Traceback (most recent call last):
2019-06-05 06:28:05.304 8 ERROR rally.cli.cliutils
File "/usr/lib/python2.7/site-packages/rally/cli/cliutils.py", line 674, in run
2019-06-05 06:28:05.304 8 ERROR rally.cli.cliutils ret = fn(*fn_args, **fn_kwargs)
2019-06-05 06:28:05.304 8 ERROR rally.cli.cliutils File "", line 2, in destroy
2019-06-05 06:28:05.304 8 ERROR rally.cli.cliutils
File "/usr/lib/python2.7/site-packages/rally/cli/envutils.py", line 69, in default_from_global
2019-06-05 06:28:05.304 8 ERROR rally.cli.cliutils return f(*args, **kwargs)
2019-06-05 06:28:05.304 8 ERROR rally.cli.cliutils File "", line 2, in destroy
2019-06-05 06:28:05.304 8 ERROR rally.cli.cliutils
File "/usr/lib/python2.7/site-packages/rally/plugins/__init__.py", line 51, in ensure_plugins_are_loaded
2019-06-05 06:28:05.304 8 ERROR rally.cli.cliutils return f(*args, **kwargs)
2019-06-05 06:28:05.304 8 ERROR rally.cli.cliutils
File "/usr/lib/python2.7/site-packages/rally/cli/commands/deployment.py", line 140, in destroy
2019-06-05 06:28:05.304 8 ERROR rally.cli.cliutils api.deployment.destroy(deployment=deployment)
2019-06-05 06:28:05.304 8 ERROR rally.cli.cliutils
File "/usr/lib/python2.7/site-packages/rally/api.py", line 115, in destroy
2019-06-05 06:28:05.304 8 ERROR rally.cli.cliutils deploy = objects.Deployment.get(deployment)
2019-06-05 06:28:05.304 8 ERROR rally.cli.cliutils
File "/usr/lib/python2.7/site-packages/rally/common/objects/deploy.py", line 124, in get
2019-06-05 06:28:05.304 8 ERROR rally.cli.cliutils return Deployment(env_mgr.EnvManager.get(deploy))
2019-06-05 06:28:05.304 8 ERROR rally.cli.cliutils
File "/usr/lib/python2.7/site-packages/rally/env/env_mgr.py", line 212, in get
2019-06-05 06:28:05.304 8 ERROR rally.cli.cliutils return cls(db.env_get(uuid_or_name))
2019-06-05 06:28:05.304 8 ERROR rally.cli.cliutils
File "/usr/lib/python2.7/site-packages/rally/common/db/api.py", line 135, in wrapper
2019-06-05 06:28:05.304 8 ERROR rally.cli.cliutils result = f(session, *args, **kwargs)
2019-06-05 06:28:05.304 8 ERROR rally.cli.cliutils
File "/usr/lib/python2.7/site-packages/rally/common/db/api.py", line 521, in env_get
2019-06-05 06:28:05.304 8 ERROR rally.cli.cliutils criteria="uuid or name is %s" % uuid_or_name, table="envs")
2019-06-05 06:28:05.304 8 ERROR rally.cli.cliutils DBRecordNotFound: Record for uuid or name is opnfv-rally not found in table envs
2019-06-05 06:28:05.304 8 ERROR rally.cli.cliutils
2019-06-05 06:28:06.146 10 RALLYDEBUG rally.api [-] INFO logs from urllib3 and requests module are hide.
2019-06-05 06:28:06.147 10 RALLYDEBUG rally.api [-] urllib3 insecure warnings are hidden.
2019-06-05 06:28:06.147 10 RALLYDEBUG rally.api [-] ERROR log from boto module is hide.
2019-06-05 06:28:07.953 10 WARNING rally_openstack.platforms.existing [-] endpoint is deprecated and not used.
2019-06-05 06:28:09.064 12 RALLYDEBUG rally.api [-] INFO logs from urllib3 and requests module are hide.
2019-06-05 06:28:09.064 12 RALLYDEBUG rally.api [-] urllib3 insecure warnings are hidden.
2019-06-05 06:28:09.064 12 RALLYDEBUG rally.api [-] ERROR log from boto module is hide.
2019-06-05 06:28:12.380 15 RALLYDEBUG rally.api [-] INFO logs from urllib3 and requests module are hide.
2019-06-05 06:28:12.381 15 RALLYDEBUG rally.api [-] urllib3 insecure warnings are hidden.
2019-06-05 06:28:12.381 15 RALLYDEBUG rally.api [-] ERROR log from boto module is hide.
2019-06-05 06:28:13.719 17 RALLYDEBUG rally.api [-] INFO logs from urllib3 and requests module are hide.
2019-06-05 06:28:13.719 17 RALLYDEBUG rally.api [-] urllib3 insecure warnings are hidden.
2019-06-05 06:28:13.719 17 RALLYDEBUG rally.api [-] ERROR log from boto module is hide.
2019-06-05 06:28:15.319 17 INFO rally.task.engine [-] Task 4b99af09-ea67-4293-ba53-22971747aee6 | Starting: Task validation.
2019-06-05 06:28:15.372 17 INFO rally.task.engine [-] Task 4b99af09-ea67-4293-ba53-22971747aee6 | Starting: Task validation of syntax.
2019-06-05 06:28:15.468 17 INFO rally.task.engine [-] Task 4b99af09-ea67-4293-ba53-22971747aee6 | Completed: Task validation of syntax.
2019-06-05 06:28:15.468 17 INFO rally.task.engine [-] Task 4b99af09-ea67-4293-ba53-22971747aee6 | Starting: Task validation of required platforms.
2019-06-05 06:28:15.512 17 INFO rally.task.engine [-] Task 4b99af09-ea67-4293-ba53-22971747aee6 | Completed: Task validation of required platforms.
2019-06-05 06:28:15.512 17 INFO rally.task.engine [-] Task 4b99af09-ea67-4293-ba53-22971747aee6 | Starting: Task validation of semantic.
2019-06-05 06:28:15.512 17 INFO rally.task.engine [-] Check health of the environment '22fbc3a9-2e40-45d4-a6d4-810fc17aa993'.
2019-06-05 06:28:16.349 17 INFO rally.task.engine [-] Platform existing@openstack (available: True): OK!
2019-06-05 06:28:16.368 17 RALLYDEBUG rally_openstack.contexts.keystone.users [-] Creating 1 tenants using 20 threads
2019-06-05 06:28:17.881 17 RALLYDEBUG rally_openstack.contexts.keystone.users [-] Creating 1 users using 20 threads
2019-06-05 06:28:19.270 17 INFO rally.task.context [-] Task 4b99af09-ea67-4293-ba53-22971747aee6 | Context users@openstack setup() finished in 2.90 sec
2019-06-05 06:28:19.328 17 INFO rally.task.context [-] Task 4b99af09-ea67-4293-ba53-22971747aee6 | Context users@openstack cleanup() started
2019-06-05 06:28:23.429 17 INFO rally.task.context [-] Task 4b99af09-ea67-4293-ba53-22971747aee6 | Context users@openstack cleanup() finished in 4.10 sec
2019-06-05 06:28:23.429 17 INFO rally.task.engine [-] Task 4b99af09-ea67-4293-ba53-22971747aee6 | Completed: Task validation of semantic.
2019-06-05 06:28:23.430 17 INFO rally.task.engine [-] Task 4b99af09-ea67-4293-ba53-22971747aee6 | Completed: Task validation.
2019-06-05 06:28:23.430 17 INFO rally.api [-] Task 4b99af09-ea67-4293-ba53-22971747aee6 input file is valid.
2019-06-05 06:28:23.430 17 INFO rally.api [-] Run Task 4b99af09-ea67-4293-ba53-22971747aee6 against Deployment 22fbc3a9-2e40-45d4-a6d4-810fc17aa993
2019-06-05 06:28:23.431 17 INFO rally.task.engine [-] Task 4b99af09-ea67-4293-ba53-22971747aee6 | Starting: Running task.
2019-06-05 06:28:23.652 17 INFO rally.task.engine [-] Running workload: position = 0 config = { "version": 2, "title": "A cropped version of a bigger task.", "description": "Auto-generated task from a single workload (uuid=e69c21f1-ef8b-4463-aec2-7172521820bd)", "subtasks": [ { "title": "Authenticate.keystone", "description": "Check Keystone Client.", "scenario": { "Authenticate.keystone": {} }, "contexts": { "users": { "tenants": 3, "users_per_tenant": 2 } }, "runner": { "constant": { "concurrency": 4, "times": 10 } }, "hooks": [], "sla": { "failure_rate": { "max": 0 } } } ] }
2019-06-05 06:28:23.674 17 RALLYDEBUG rally_openstack.contexts.keystone.users [-] Creating 3 tenants using 20 threads
2019-06-05 06:28:24.832 17 RALLYDEBUG rally_openstack.contexts.keystone.users [-] Creating 6 users using 20 threads
2019-06-05 06:28:26.963 17 INFO rally.task.context [-] Task 4b99af09-ea67-4293-ba53-22971747aee6 | Context users@openstack setup() finished in 3.29 sec
2019-06-05 06:28:26.973 17 RALLYDEBUG rally.task.runner [-] Starting the constant runner (task UUID: 4b99af09-ea67-4293-ba53-22971747aee6). timeout: 0 concurrency: 4 concurrency_per_worker: 1 times: 10 concurrency_overhead: 0 processes_to_start: 4 max_cpu_used: 16
2019-06-05 06:28:26.988 141 RALLYDEBUG rally.task.runner [-] Starting a worker. concurrency: 1 args: {} times: 10 method_name: run timeout: 0 duration: None cls:
2019-06-05 06:28:26.991 142 RALLYDEBUG rally.task.runner [-] Starting a worker. concurrency: 1 args: {} times: 10 method_name: run timeout: 0 duration: None cls:
2019-06-05 06:28:26.994 141 INFO rally.task.runner [-] Task 4b99af09-ea67-4293-ba53-22971747aee6 | ITER: 1 START
2019-06-05 06:28:26.994 143 RALLYDEBUG rally.task.runner [-] Starting a worker. concurrency: 1 args: {} times: 10 method_name: run timeout: 0 duration: None cls:
2019-06-05 06:28:26.998 142 INFO rally.task.runner [-] Task 4b99af09-ea67-4293-ba53-22971747aee6 | ITER: 2 START
2019-06-05 06:28:26.997 144 RALLYDEBUG rally.task.runner [-] Starting a worker. concurrency: 1 args: {} times: 10 method_name: run timeout: 0 duration: None cls:
2019-06-05 06:28:27.001 143 INFO rally.task.runner [-] Task 4b99af09-ea67-4293-ba53-22971747aee6 | ITER: 3 START
2019-06-05 06:28:27.004 144 INFO rally.task.runner [-] Task 4b99af09-ea67-4293-ba53-22971747aee6 | ITER: 4 START
2019-06-05 06:28:27.444 141 INFO rally.task.runner [-] Task 4b99af09-ea67-4293-ba53-22971747aee6 | ITER: 1 END: OK
2019-06-05 06:28:27.449 141 INFO rally.task.runner [-] Task 4b99af09-ea67-4293-ba53-22971747aee6 | ITER: 5 START
2019-06-05 06:28:27.473 143 INFO rally.task.runner [-] Task 4b99af09-ea67-4293-ba53-22971747aee6 | ITER: 3 END: OK
2019-06-05 06:28:27.477 143 INFO rally.task.runner [-] Task 4b99af09-ea67-4293-ba53-22971747aee6 | ITER: 6 START
2019-06-05 06:28:27.492 142 INFO rally.task.runner [-] Task 4b99af09-ea67-4293-ba53-22971747aee6 | ITER: 2 END: OK
2019-06-05 06:28:27.496 142 INFO rally.task.runner [-] Task 4b99af09-ea67-4293-ba53-22971747aee6 | ITER: 7 START
2019-06-05 06:28:27.512 144 INFO rally.task.runner [-] Task 4b99af09-ea67-4293-ba53-22971747aee6 | ITER: 4 END: OK
2019-06-05 06:28:27.516 144 INFO rally.task.runner [-] Task 4b99af09-ea67-4293-ba53-22971747aee6 | ITER: 8 START
2019-06-05 06:28:27.861 141 INFO rally.task.runner [-] Task 4b99af09-ea67-4293-ba53-22971747aee6 | ITER: 5 END: OK
2019-06-05 06:28:27.865 141 INFO rally.task.runner [-] Task 4b99af09-ea67-4293-ba53-22971747aee6 | ITER: 9 START
2019-06-05 06:28:27.869 142 INFO rally.task.runner [-] Task 4b99af09-ea67-4293-ba53-22971747aee6 | ITER: 7 END: OK
2019-06-05 06:28:27.873 142 INFO rally.task.runner [-] Task 4b99af09-ea67-4293-ba53-22971747aee6 | ITER: 10 START
2019-06-05 06:28:27.898 144 INFO rally.task.runner [-] Task 4b99af09-ea67-4293-ba53-22971747aee6 | ITER: 8 END: OK
2019-06-05 06:28:27.908 143 INFO rally.task.runner [-] Task 4b99af09-ea67-4293-ba53-22971747aee6 | ITER: 6 END: OK
2019-06-05 06:28:28.352 141 INFO rally.task.runner [-] Task 4b99af09-ea67-4293-ba53-22971747aee6 | ITER: 9 END: OK
2019-06-05 06:28:28.461 142 INFO rally.task.runner [-] Task 4b99af09-ea67-4293-ba53-22971747aee6 | ITER: 10 END: OK
2019-06-05 06:28:28.482 17 INFO rally.task.context [-] Task 4b99af09-ea67-4293-ba53-22971747aee6 | Context users@openstack cleanup() started
2019-06-05 06:28:34.873 17 INFO rally.task.context [-] Task 4b99af09-ea67-4293-ba53-22971747aee6 | Context users@openstack cleanup() finished in 6.39 sec
2019-06-05 06:28:35.747 17 INFO rally.task.engine [-] Load duration is: 1.465141
2019-06-05 06:28:35.747 17 INFO rally.task.engine [-] Full runner duration is: 1.509373
2019-06-05 06:28:35.748 17 INFO rally.task.engine [-] Full duration is: 11.201594
2019-06-05 06:28:36.053 17 INFO rally.task.engine [-] Running workload: position = 0 config = { "version": 2, "title": "A cropped version of a bigger task.", "description": "Auto-generated task from a single workload (uuid=1d4bcdb4-6b8c-45b1-9b6d-f87467a965c8)", "subtasks": [ { "title": "Authenticate.validate_cinder", "description": "Check Cinder Client to ensure validation of token.", "scenario": { "Authenticate.validate_cinder": { "repetitions": 2 } }, "contexts": { "users": { "tenants": 3, "users_per_tenant": 2 } }, "runner": { "constant": { "concurrency": 4, "times": 10 } }, "hooks": [], "sla": { "failure_rate": { "max": 0 } } } ] }
2019-06-05 06:28:36.080 17 RALLYDEBUG rally_openstack.contexts.keystone.users [-] Creating 3 tenants using 20 threads
2019-06-05 06:28:37.435 17 RALLYDEBUG rally_openstack.contexts.keystone.users [-] Creating 6 users using 20 threads
2019-06-05 06:28:39.421 17 INFO rally.task.context [-] Task 4b99af09-ea67-4293-ba53-22971747aee6 | Context users@openstack setup() finished in 3.34 sec
2019-06-05 06:28:39.430 17 RALLYDEBUG rally.task.runner [-] Starting the constant runner (task UUID: 4b99af09-ea67-4293-ba53-22971747aee6). timeout: 0 concurrency: 4 concurrency_per_worker: 1 times: 10 concurrency_overhead: 0 processes_to_start: 4 max_cpu_used: 16
2019-06-05 06:28:39.444 245 RALLYDEBUG rally.task.runner [-] Starting a worker. concurrency: 1 args: {"repetitions": 2} times: 10 method_name: run timeout: 0 duration: None cls:
2019-06-05 06:28:39.447 246 RALLYDEBUG rally.task.runner [-] Starting a worker. concurrency: 1 args: {"repetitions": 2} times: 10 method_name: run timeout: 0 duration: None cls:
2019-06-05 06:28:39.450 247 RALLYDEBUG rally.task.runner [-] Starting a worker. concurrency: 1 args: {"repetitions": 2} times: 10 method_name: run timeout: 0 duration: None cls:
2019-06-05 06:28:39.451 245 INFO rally.task.runner [-] Task 4b99af09-ea67-4293-ba53-22971747aee6 | ITER: 1 START
2019-06-05 06:28:39.453 248 RALLYDEBUG rally.task.runner [-] Starting a worker. concurrency: 1 args: {"repetitions": 2} times: 10 method_name: run timeout: 0 duration: None cls:
2019-06-05 06:28:39.455 246 INFO rally.task.runner [-] Task 4b99af09-ea67-4293-ba53-22971747aee6 | ITER: 2 START
2019-06-05 06:28:39.457 247 INFO rally.task.runner [-] Task 4b99af09-ea67-4293-ba53-22971747aee6 | ITER: 3 START
2019-06-05 06:28:39.460 248 INFO rally.task.runner [-] Task 4b99af09-ea67-4293-ba53-22971747aee6 | ITER: 4 START
2019-06-05 06:28:40.355 245 INFO rally.task.runner [-] Task 4b99af09-ea67-4293-ba53-22971747aee6 | ITER: 1 END: OK
2019-06-05 06:28:40.359 245 INFO rally.task.runner [-] Task 4b99af09-ea67-4293-ba53-22971747aee6 | ITER: 5 START
2019-06-05 06:28:40.394 248 INFO rally.task.runner [-] Task 4b99af09-ea67-4293-ba53-22971747aee6 | ITER: 4 END: OK
2019-06-05 06:28:40.399 248 INFO rally.task.runner [-] Task 4b99af09-ea67-4293-ba53-22971747aee6 | ITER: 6 START
2019-06-05 06:28:41.187 245 INFO rally.task.runner [-] Task 4b99af09-ea67-4293-ba53-22971747aee6 | ITER: 5 END: OK
2019-06-05 06:28:41.191 247 INFO rally.task.runner [-] Task 4b99af09-ea67-4293-ba53-22971747aee6 | ITER: 3 END: OK
2019-06-05 06:28:41.191 245 INFO rally.task.runner [-] Task 4b99af09-ea67-4293-ba53-22971747aee6 | ITER: 7 START
2019-06-05 06:28:41.196 247 INFO rally.task.runner [-] Task 4b99af09-ea67-4293-ba53-22971747aee6 | ITER: 8 START
2019-06-05 06:28:41.834 245 INFO rally.task.runner [-] Task 4b99af09-ea67-4293-ba53-22971747aee6 | ITER: 7 END: OK
2019-06-05 06:28:41.838 245 INFO rally.task.runner [-] Task 4b99af09-ea67-4293-ba53-22971747aee6 | ITER: 9 START
2019-06-05 06:28:42.185 246 INFO rally.task.runner [-] Task 4b99af09-ea67-4293-ba53-22971747aee6 | ITER: 2 END: OK
2019-06-05 06:28:42.190 246 INFO rally.task.runner [-] Task 4b99af09-ea67-4293-ba53-22971747aee6 | ITER: 10 START
2019-06-05 06:28:42.510 245 INFO rally.task.runner [-] Task 4b99af09-ea67-4293-ba53-22971747aee6 | ITER: 9 END: OK
2019-06-05 06:28:42.614 248 INFO rally.task.runner [-] Task 4b99af09-ea67-4293-ba53-22971747aee6 | ITER: 6 END: OK
2019-06-05 06:28:42.673 246 INFO rally.task.runner [-] Task 4b99af09-ea67-4293-ba53-22971747aee6 | ITER: 10 END: OK
2019-06-05 06:28:43.054 247 INFO rally.task.runner [-] Task 4b99af09-ea67-4293-ba53-22971747aee6 | ITER: 8 END: OK
2019-06-05 06:28:43.078 17 INFO rally.task.context [-] Task 4b99af09-ea67-4293-ba53-22971747aee6 | Context users@openstack cleanup() started
2019-06-05 06:28:49.738 17 INFO rally.task.context [-] Task 4b99af09-ea67-4293-ba53-22971747aee6 | Context users@openstack cleanup() finished in 6.66 sec
2019-06-05 06:28:50.163 17 INFO rally.task.engine [-] Load duration is: 3.601242
2019-06-05 06:28:50.164 17 INFO rally.task.engine [-] Full runner duration is: 3.648042
2019-06-05 06:28:50.164 17 INFO rally.task.engine [-] Full duration is: 13.661856
2019-06-05 06:28:50.457 17 INFO rally.task.engine [-] Running workload: position = 0 config = { "version": 2, "title": "A cropped version of a bigger task.", "description": "Auto-generated task from a single workload (uuid=90d48958-e7d0-41cd-a696-589dba0b136c)", "subtasks": [ { "title": "Authenticate.validate_glance", "description": "Check Glance Client to ensure validation of token.", "scenario": { "Authenticate.validate_glance": { "repetitions": 2 } }, "contexts": { "users": { "tenants": 3, "users_per_tenant": 2 } }, "runner": { "constant": { "concurrency": 4, "times": 10 } }, "hooks": [], "sla": { "failure_rate": { "max": 0 } } } ] }
2019-06-05 06:28:50.480 17 RALLYDEBUG rally_openstack.contexts.keystone.users [-] Creating 3 tenants using 20 threads
2019-06-05 06:28:51.585 17 RALLYDEBUG rally_openstack.contexts.keystone.users [-] Creating 6 users using 20 threads
2019-06-05 06:28:53.390 17 INFO rally.task.context [-] Task 4b99af09-ea67-4293-ba53-22971747aee6 | Context users@openstack setup() finished in 2.91 sec
2019-06-05 06:28:53.399 17 RALLYDEBUG rally.task.runner [-] Starting the constant runner (task UUID: 4b99af09-ea67-4293-ba53-22971747aee6). timeout: 0 concurrency: 4 concurrency_per_worker: 1 times: 10 concurrency_overhead: 0 processes_to_start: 4 max_cpu_used: 16
2019-06-05 06:28:53.412 349 RALLYDEBUG rally.task.runner [-] Starting a worker. concurrency: 1 args: {"repetitions": 2} times: 10 method_name: run timeout: 0 duration: None cls:
2019-06-05 06:28:53.415 350 RALLYDEBUG rally.task.runner [-] Starting a worker. concurrency: 1 args: {"repetitions": 2} times: 10 method_name: run timeout: 0 duration: None cls:
2019-06-05 06:28:53.418 351 RALLYDEBUG rally.task.runner [-] Starting a worker. concurrency: 1 args: {"repetitions": 2} times: 10 method_name: run timeout: 0 duration: None cls:
2019-06-05 06:28:53.419 349 INFO rally.task.runner [-] Task 4b99af09-ea67-4293-ba53-22971747aee6 | ITER: 1 START
2019-06-05 06:28:53.420 352 RALLYDEBUG rally.task.runner [-] Starting a worker. concurrency: 1 args: {"repetitions": 2} times: 10 method_name: run timeout: 0 duration: None cls:
2019-06-05 06:28:53.422 350 INFO rally.task.runner [-] Task 4b99af09-ea67-4293-ba53-22971747aee6 | ITER: 2 START
2019-06-05 06:28:53.425 351 INFO rally.task.runner [-] Task 4b99af09-ea67-4293-ba53-22971747aee6 | ITER: 3 START
2019-06-05 06:28:53.427 352 INFO rally.task.runner [-] Task 4b99af09-ea67-4293-ba53-22971747aee6 | ITER: 4 START
2019-06-05 06:28:54.280 349 INFO rally.task.runner [-] Task 4b99af09-ea67-4293-ba53-22971747aee6 | ITER: 1 END: OK
2019-06-05 06:28:54.285 349 INFO rally.task.runner [-] Task 4b99af09-ea67-4293-ba53-22971747aee6 | ITER: 5 START
2019-06-05 06:28:54.406 351 INFO rally.task.runner [-] Task 4b99af09-ea67-4293-ba53-22971747aee6 | ITER: 3 END: OK
2019-06-05 06:28:54.411 351 INFO rally.task.runner [-] Task 4b99af09-ea67-4293-ba53-22971747aee6 | ITER: 6 START
2019-06-05 06:28:54.983 349 INFO rally.task.runner [-] Task 4b99af09-ea67-4293-ba53-22971747aee6 | ITER: 5 END: OK
2019-06-05 06:28:54.987 349 INFO rally.task.runner [-] Task 4b99af09-ea67-4293-ba53-22971747aee6 | ITER: 7 START
2019-06-05 06:28:55.186 352 INFO rally.task.runner [-] Task 4b99af09-ea67-4293-ba53-22971747aee6 | ITER: 4 END: OK
2019-06-05 06:28:55.191 352 INFO rally.task.runner [-] Task 4b99af09-ea67-4293-ba53-22971747aee6 | ITER: 8 START
2019-06-05 06:28:55.273 350 INFO rally.task.runner [-] Task 4b99af09-ea67-4293-ba53-22971747aee6 | ITER: 2 END: OK
2019-06-05 06:28:55.277 350 INFO rally.task.runner [-] Task 4b99af09-ea67-4293-ba53-22971747aee6 | ITER: 9 START
2019-06-05 06:28:55.446 351 INFO rally.task.runner [-] Task 4b99af09-ea67-4293-ba53-22971747aee6 | ITER: 6 END: OK
2019-06-05 06:28:55.451 351 INFO rally.task.runner [-] Task 4b99af09-ea67-4293-ba53-22971747aee6 | ITER: 10 START
2019-06-05 06:28:55.979 350 INFO rally.task.runner [-] Task 4b99af09-ea67-4293-ba53-22971747aee6 | ITER: 9 END: OK
2019-06-05 06:28:56.026 351 INFO rally.task.runner [-] Task 4b99af09-ea67-4293-ba53-22971747aee6 | ITER: 10 END: OK
2019-06-05 06:28:56.124 349 INFO rally.task.runner [-] Task 4b99af09-ea67-4293-ba53-22971747aee6 | ITER: 7 END: OK
2019-06-05 06:28:57.067 352 INFO rally.task.runner [-] Task 4b99af09-ea67-4293-ba53-22971747aee6 | ITER: 8 END: OK
2019-06-05 06:28:57.097 17 INFO rally.task.context [-] Task 4b99af09-ea67-4293-ba53-22971747aee6 | Context users@openstack cleanup() started
2019-06-05 06:29:02.429 17 INFO rally.task.context [-] Task 4b99af09-ea67-4293-ba53-22971747aee6 | Context users@openstack cleanup() finished in 5.33 sec
2019-06-05 06:29:02.560 17 INFO rally.task.engine [-] Load duration is: 3.646038
2019-06-05 06:29:02.560 17 INFO rally.task.engine [-] Full runner duration is: 3.698449
2019-06-05 06:29:02.561 17 INFO rally.task.engine [-] Full duration is: 11.951624
2019-06-05 06:29:03.081 17 INFO rally.task.engine [-] Running workload: position = 0 config = { "version": 2, "title": "A cropped version of a bigger task.", "description": "Auto-generated task from a single workload (uuid=47092b01-dcde-4f9e-9ec6-114d18da26d1)", "subtasks": [ { "title": "Authenticate.validate_heat", "description": "Check Heat Client to ensure validation of token.", "scenario": { "Authenticate.validate_heat": { "repetitions": 2 } }, "contexts": { "users": { "tenants": 3, "users_per_tenant": 2 } }, "runner": { "constant": { "concurrency": 4, "times": 10 } }, "hooks": [], "sla": { "failure_rate": { "max": 0 } } } ] }
2019-06-05 06:29:03.104 17 RALLYDEBUG rally_openstack.contexts.keystone.users [-] Creating 3 tenants using 20 threads
2019-06-05 06:29:04.085 17 RALLYDEBUG rally_openstack.contexts.keystone.users [-] Creating 6 users using 20 threads
2019-06-05 06:29:05.758 17 INFO rally.task.context [-] Task 4b99af09-ea67-4293-ba53-22971747aee6 | Context users@openstack setup() finished in 2.65 sec
2019-06-05 06:29:05.767 17 RALLYDEBUG rally.task.runner [-] Starting the constant runner (task UUID: 4b99af09-ea67-4293-ba53-22971747aee6). timeout: 0 concurrency: 4 concurrency_per_worker: 1 times: 10 concurrency_overhead: 0 processes_to_start: 4 max_cpu_used: 16
2019-06-05 06:29:05.780 453 RALLYDEBUG rally.task.runner [-] Starting a worker. concurrency: 1 args: {"repetitions": 2} times: 10 method_name: run timeout: 0 duration: None cls:
2019-06-05 06:29:05.784 454 RALLYDEBUG rally.task.runner [-] Starting a worker. concurrency: 1 args: {"repetitions": 2} times: 10 method_name: run timeout: 0 duration: None cls:
2019-06-05 06:29:05.786 455 RALLYDEBUG rally.task.runner [-] Starting a worker. concurrency: 1 args: {"repetitions": 2} times: 10 method_name: run timeout: 0 duration: None cls:
2019-06-05 06:29:05.788 453 INFO rally.task.runner [-] Task 4b99af09-ea67-4293-ba53-22971747aee6 | ITER: 1 START
2019-06-05 06:29:05.790 456 RALLYDEBUG rally.task.runner [-] Starting a worker. concurrency: 1 args: {"repetitions": 2} times: 10 method_name: run timeout: 0 duration: None cls:
2019-06-05 06:29:05.791 454 INFO rally.task.runner [-] Task 4b99af09-ea67-4293-ba53-22971747aee6 | ITER: 2 START
2019-06-05 06:29:05.794 455 INFO rally.task.runner [-] Task 4b99af09-ea67-4293-ba53-22971747aee6 | ITER: 3 START
2019-06-05 06:29:05.797 456 INFO rally.task.runner [-] Task 4b99af09-ea67-4293-ba53-22971747aee6 | ITER: 4 START
2019-06-05 06:29:07.594 455 INFO rally.task.runner [-] Task 4b99af09-ea67-4293-ba53-22971747aee6 | ITER: 3 END: OK
2019-06-05 06:29:07.598 455 INFO rally.task.runner [-] Task 4b99af09-ea67-4293-ba53-22971747aee6 | ITER: 5 START
2019-06-05 06:29:08.240 453 INFO rally.task.runner [-] Task 4b99af09-ea67-4293-ba53-22971747aee6 | ITER: 1 END: OK
2019-06-05 06:29:08.245 453 INFO rally.task.runner [-] Task 4b99af09-ea67-4293-ba53-22971747aee6 | ITER: 6 START
2019-06-05 06:29:08.509 454 INFO rally.task.runner [-] Task 4b99af09-ea67-4293-ba53-22971747aee6 | ITER: 2 END: OK
2019-06-05 06:29:08.514 454 INFO rally.task.runner [-] Task 4b99af09-ea67-4293-ba53-22971747aee6 | ITER: 7 START
2019-06-05 06:29:09.314 454 INFO rally.task.runner [-] Task 4b99af09-ea67-4293-ba53-22971747aee6 | ITER: 7 END: OK
2019-06-05 06:29:09.318 454 INFO rally.task.runner [-] Task 4b99af09-ea67-4293-ba53-22971747aee6 | ITER: 8 START
2019-06-05 06:29:09.452 453 INFO rally.task.runner [-] Task 4b99af09-ea67-4293-ba53-22971747aee6 | ITER: 6 END: OK
2019-06-05 06:29:09.456 453 INFO rally.task.runner [-] Task 4b99af09-ea67-4293-ba53-22971747aee6 | ITER: 9 START
2019-06-05 06:29:09.583 456 INFO rally.task.runner [-] Task 4b99af09-ea67-4293-ba53-22971747aee6 | ITER: 4 END: OK
2019-06-05 06:29:09.588 456 INFO rally.task.runner [-] Task 4b99af09-ea67-4293-ba53-22971747aee6 | ITER: 10 START
2019-06-05 06:29:09.709 455 INFO rally.task.runner [-] Task 4b99af09-ea67-4293-ba53-22971747aee6 | ITER: 5 END: OK
2019-06-05 06:29:09.810 454 INFO rally.task.runner [-] Task 4b99af09-ea67-4293-ba53-22971747aee6 | ITER: 8 END: OK
2019-06-05 06:29:10.065 453 INFO rally.task.runner [-] Task 4b99af09-ea67-4293-ba53-22971747aee6 | ITER: 9 END: OK
2019-06-05 06:29:10.420 456 INFO rally.task.runner [-] Task 4b99af09-ea67-4293-ba53-22971747aee6 | ITER: 10 END: OK
2019-06-05 06:29:10.445 17 INFO rally.task.context [-] Task 4b99af09-ea67-4293-ba53-22971747aee6 | Context users@openstack cleanup() started
2019-06-05 06:29:16.390 17 INFO rally.task.context [-] Task 4b99af09-ea67-4293-ba53-22971747aee6 | Context users@openstack cleanup() finished in 5.95 sec
2019-06-05 06:29:17.175 17 INFO rally.task.engine [-] Load duration is: 4.630726
2019-06-05 06:29:17.175 17 INFO rally.task.engine [-] Full runner duration is: 4.678557
2019-06-05 06:29:17.176 17 INFO rally.task.engine [-] Full duration is: 13.290303
2019-06-05 06:29:17.689 17 INFO rally.task.engine [-] Running workload: position = 0 config = { "version": 2, "title": "A cropped version of a bigger task.", "description": "Auto-generated task from a single workload (uuid=bd5c9631-6819-4e56-bfb1-34c7fa5b1e23)", "subtasks": [ { "title": "Authenticate.validate_neutron", "description": "Check Neutron Client to ensure validation of token.", "scenario": { "Authenticate.validate_neutron": { "repetitions": 2 } }, "contexts": { "users": { "tenants": 3, "users_per_tenant": 2 } }, "runner": { "constant": { "concurrency": 4, "times": 10 } }, "hooks": [], "sla": { "failure_rate": { "max": 0 } } } ] }
2019-06-05 06:29:17.714 17 RALLYDEBUG rally_openstack.contexts.keystone.users [-] Creating 3 tenants using 20 threads
2019-06-05 06:29:18.786 17 RALLYDEBUG rally_openstack.contexts.keystone.users [-] Creating 6 users using 20 threads
2019-06-05 06:29:20.490 17 INFO rally.task.context [-] Task 4b99af09-ea67-4293-ba53-22971747aee6 | Context users@openstack setup() finished in 2.78 sec
2019-06-05 06:29:20.509 17 RALLYDEBUG rally.task.runner [-] Starting the constant runner (task UUID: 4b99af09-ea67-4293-ba53-22971747aee6). timeout: 0 concurrency: 4 concurrency_per_worker: 1 times: 10 concurrency_overhead: 0 processes_to_start: 4 max_cpu_used: 16
2019-06-05 06:29:20.528 557 RALLYDEBUG rally.task.runner [-] Starting a worker. concurrency: 1 args: {"repetitions": 2} times: 10 method_name: run timeout: 0 duration: None cls:
2019-06-05 06:29:20.529 558 RALLYDEBUG rally.task.runner [-] Starting a worker. concurrency: 1 args: {"repetitions": 2} times: 10 method_name: run timeout: 0 duration: None cls:
2019-06-05 06:29:20.534 559 RALLYDEBUG rally.task.runner [-] Starting a worker. concurrency: 1 args: {"repetitions": 2} times: 10 method_name: run timeout: 0 duration: None cls:
2019-06-05 06:29:20.535 560 RALLYDEBUG rally.task.runner [-] Starting a worker. concurrency: 1 args: {"repetitions": 2} times: 10 method_name: run timeout: 0 duration: None cls:
2019-06-05 06:29:20.537 558 INFO rally.task.runner [-] Task 4b99af09-ea67-4293-ba53-22971747aee6 | ITER: 2 START
2019-06-05 06:29:20.537 557 INFO rally.task.runner [-] Task 4b99af09-ea67-4293-ba53-22971747aee6 | ITER: 1 START
2019-06-05 06:29:20.542 559 INFO rally.task.runner [-] Task 4b99af09-ea67-4293-ba53-22971747aee6 | ITER: 3 START
2019-06-05 06:29:20.543 560 INFO rally.task.runner [-] Task 4b99af09-ea67-4293-ba53-22971747aee6 | ITER: 4 START
2019-06-05 06:29:21.378 560 INFO rally.task.runner [-] Task 4b99af09-ea67-4293-ba53-22971747aee6 | ITER: 4 END: OK
2019-06-05 06:29:21.384 560 INFO rally.task.runner [-] Task 4b99af09-ea67-4293-ba53-22971747aee6 | ITER: 5 START
2019-06-05 06:29:21.419 557 INFO rally.task.runner [-] Task 4b99af09-ea67-4293-ba53-22971747aee6 | ITER: 1 END: OK
2019-06-05 06:29:21.426 557 INFO rally.task.runner [-] Task 4b99af09-ea67-4293-ba53-22971747aee6 | ITER: 6 START
2019-06-05 06:29:21.924 558 INFO rally.task.runner [-] Task 4b99af09-ea67-4293-ba53-22971747aee6 | ITER: 2 END: OK
2019-06-05 06:29:21.929 558 INFO rally.task.runner [-] Task 4b99af09-ea67-4293-ba53-22971747aee6 | ITER: 7 START
2019-06-05 06:29:21.948 559 INFO rally.task.runner [-] Task 4b99af09-ea67-4293-ba53-22971747aee6 | ITER: 3 END: OK
2019-06-05 06:29:21.953 559 INFO rally.task.runner [-] Task 4b99af09-ea67-4293-ba53-22971747aee6 | ITER: 8 START
2019-06-05 06:29:22.164 557 INFO rally.task.runner [-] Task 4b99af09-ea67-4293-ba53-22971747aee6 | ITER: 6 END: OK
2019-06-05 06:29:22.168 557 INFO rally.task.runner [-] Task 4b99af09-ea67-4293-ba53-22971747aee6 | ITER: 9 START
2019-06-05 06:29:22.231 560 INFO rally.task.runner [-] Task 4b99af09-ea67-4293-ba53-22971747aee6 | ITER: 5 END: OK
2019-06-05 06:29:22.236 560 INFO rally.task.runner [-] Task 4b99af09-ea67-4293-ba53-22971747aee6 | ITER: 10 START
2019-06-05 06:29:22.637 558 INFO rally.task.runner [-] Task 4b99af09-ea67-4293-ba53-22971747aee6 | ITER: 7 END: OK
2019-06-05 06:29:22.719 559 INFO rally.task.runner [-] Task 4b99af09-ea67-4293-ba53-22971747aee6 | ITER: 8 END: OK
2019-06-05 06:29:22.727 557 INFO rally.task.runner [-] Task 4b99af09-ea67-4293-ba53-22971747aee6 | ITER: 9 END: OK
2019-06-05 06:29:23.058 560 INFO rally.task.runner [-] Task 4b99af09-ea67-4293-ba53-22971747aee6 | ITER: 10 END: OK
2019-06-05 06:29:23.084 17 INFO rally.task.context [-] Task 4b99af09-ea67-4293-ba53-22971747aee6 | Context users@openstack cleanup() started
2019-06-05 06:29:28.591 17 INFO rally.task.context [-] Task 4b99af09-ea67-4293-ba53-22971747aee6 | Context users@openstack cleanup() finished in 5.51 sec
2019-06-05 06:29:29.793 17 INFO rally.task.engine [-] Load duration is: 2.518996
2019-06-05 06:29:29.793 17 INFO rally.task.engine [-] Full runner duration is: 2.578169
2019-06-05 06:29:29.794 17 INFO rally.task.engine [-] Full duration is: 10.881349
2019-06-05 06:29:30.309 17 INFO rally.task.engine [-] Running workload: position = 0 config = { "version": 2, "title": "A cropped version of a bigger task.", "description": "Auto-generated task from a single workload (uuid=150e0ea9-d5e9-469d-8ca5-9781541933cf)", "subtasks": [ { "title": "Authenticate.validate_nova", "description": "Check Nova Client to ensure validation of token.", "scenario": { "Authenticate.validate_nova": { "repetitions": 2 } }, "contexts": { "users": { "tenants": 3, "users_per_tenant": 2 } }, "runner": { "constant": { "concurrency": 4, "times": 10 } }, "hooks": [], "sla": { "failure_rate": { "max": 0 } } } ] }
2019-06-05 06:29:30.337 17 RALLYDEBUG rally_openstack.contexts.keystone.users [-] Creating 3 tenants using 20 threads
2019-06-05 06:29:31.520 17 RALLYDEBUG rally_openstack.contexts.keystone.users [-] Creating 6 users using 20 threads
2019-06-05 06:29:33.250 17 INFO rally.task.context [-] Task 4b99af09-ea67-4293-ba53-22971747aee6 | Context users@openstack setup() finished in 2.91 sec
2019-06-05 06:29:33.262 17 RALLYDEBUG rally.task.runner [-] Starting the constant runner (task UUID: 4b99af09-ea67-4293-ba53-22971747aee6). timeout: 0 concurrency: 4 concurrency_per_worker: 1 times: 10 concurrency_overhead: 0 processes_to_start: 4 max_cpu_used: 16
2019-06-05 06:29:33.276 661 RALLYDEBUG rally.task.runner [-] Starting a worker. concurrency: 1 args: {"repetitions": 2} times: 10 method_name: run timeout: 0 duration: None cls:
2019-06-05 06:29:33.279 662 RALLYDEBUG rally.task.runner [-] Starting a worker. concurrency: 1 args: {"repetitions": 2} times: 10 method_name: run timeout: 0 duration: None cls:
2019-06-05 06:29:33.282 663 RALLYDEBUG rally.task.runner [-] Starting a worker. concurrency: 1 args: {"repetitions": 2} times: 10 method_name: run timeout: 0 duration: None cls:
2019-06-05 06:29:33.283 661 INFO rally.task.runner [-] Task 4b99af09-ea67-4293-ba53-22971747aee6 | ITER: 1 START
2019-06-05 06:29:33.285 664 RALLYDEBUG rally.task.runner [-] Starting a worker. concurrency: 1 args: {"repetitions": 2} times: 10 method_name: run timeout: 0 duration: None cls:
2019-06-05 06:29:33.287 662 INFO rally.task.runner [-] Task 4b99af09-ea67-4293-ba53-22971747aee6 | ITER: 2 START
2019-06-05 06:29:33.290 663 INFO rally.task.runner [-] Task 4b99af09-ea67-4293-ba53-22971747aee6 | ITER: 3 START
2019-06-05 06:29:33.292 664 INFO rally.task.runner [-] Task 4b99af09-ea67-4293-ba53-22971747aee6 | ITER: 4 START
2019-06-05 06:29:33.772 662 DEBUG novaclient.v2.client [-] REQ: curl -g -i --cacert "/etc/ssl/certs/mcp_os_cacert" -X GET http://10.167.4.35:8774/v2.1/flavors/detail -H "Accept: application/json" -H "User-Agent: python-novaclient" -H "X-Auth-Token: {SHA1}8b94c9544f87337daebc9347f858fb5994541331" _http_log_request /usr/lib/python2.7/site-packages/keystoneauth1/session.py:448
2019-06-05 06:29:33.772 664 DEBUG novaclient.v2.client [-] REQ: curl -g -i --cacert "/etc/ssl/certs/mcp_os_cacert" -X GET http://10.167.4.35:8774/v2.1/flavors/detail -H "Accept: application/json" -H "User-Agent: python-novaclient" -H "X-Auth-Token: {SHA1}9b9f72f105a3d9ab3411b424179fa843feb86e5d" _http_log_request /usr/lib/python2.7/site-packages/keystoneauth1/session.py:448
2019-06-05 06:29:33.796 663 DEBUG novaclient.v2.client [-] REQ: curl -g -i --cacert "/etc/ssl/certs/mcp_os_cacert" -X GET http://10.167.4.35:8774/v2.1/flavors/detail -H "Accept: application/json" -H "User-Agent: python-novaclient" -H "X-Auth-Token: {SHA1}26e415f7364680db268319306c99713d54669e21" _http_log_request /usr/lib/python2.7/site-packages/keystoneauth1/session.py:448
2019-06-05 06:29:33.842 661 DEBUG novaclient.v2.client [-] REQ: curl -g -i --cacert "/etc/ssl/certs/mcp_os_cacert" -X GET http://10.167.4.35:8774/v2.1/flavors/detail -H "Accept: application/json" -H "User-Agent: python-novaclient" -H "X-Auth-Token: {SHA1}8731ac2d30c9b864fdbc534319aca7edf47e4793" _http_log_request /usr/lib/python2.7/site-packages/keystoneauth1/session.py:448
2019-06-05 06:29:33.910 664 DEBUG novaclient.v2.client [-] RESP: [200] Connection: close Content-Length: 1014 Content-Type: application/json Date: Wed, 05 Jun 2019 06:29:33 GMT Openstack-Api-Version: compute 2.1 Vary: OpenStack-API-Version, X-OpenStack-Nova-API-Version X-Compute-Request-Id: req-6f758843-805d-4820-95d4-943fe7b48a42 X-Openstack-Nova-Api-Version: 2.1 X-Openstack-Request-Id: req-6f758843-805d-4820-95d4-943fe7b48a42 _http_log_response /usr/lib/python2.7/site-packages/keystoneauth1/session.py:479
2019-06-05 06:29:33.911 664 DEBUG novaclient.v2.client [-] RESP BODY: {"flavors": [{"name": "rally_full-flavor_alt_4dc4e609-5086-424c-b448-b3e4da226e5e", "links": [{"href": "http://10.167.4.35:8774/v2.1/flavors/8279fe69-57fd-46ec-b58d-cf592c9b9439", "rel": "self"}, {"href": "http://10.167.4.35:8774/flavors/8279fe69-57fd-46ec-b58d-cf592c9b9439", "rel": "bookmark"}], "ram": 1024, "OS-FLV-DISABLED:disabled": false, "vcpus": 1, "swap": "", "os-flavor-access:is_public": true, "rxtx_factor": 1.0, "OS-FLV-EXT-DATA:ephemeral": 0, "disk": 1, "id": "8279fe69-57fd-46ec-b58d-cf592c9b9439"}, {"name": "rally_full-flavor_4dc4e609-5086-424c-b448-b3e4da226e5e", "links": [{"href": "http://10.167.4.35:8774/v2.1/flavors/a49d35b1-90e6-49b0-bee5-ec5ba0e3b0f3", "rel": "self"}, {"href": "http://10.167.4.35:8774/flavors/a49d35b1-90e6-49b0-bee5-ec5ba0e3b0f3", "rel": "bookmark"}], "ram": 512, "OS-FLV-DISABLED:disabled": false, "vcpus": 1, "swap": "", "os-flavor-access:is_public": true, "rxtx_factor": 1.0, "OS-FLV-EXT-DATA:ephemeral": 0, "disk": 1, "id": "a49d35b1-90e6-49b0-bee5-ec5ba0e3b0f3"}]} _http_log_response /usr/lib/python2.7/site-packages/keystoneauth1/session.py:511
2019-06-05 06:29:33.912 664 DEBUG novaclient.v2.client [-] GET call to compute for http://10.167.4.35:8774/v2.1/flavors/detail used request id req-6f758843-805d-4820-95d4-943fe7b48a42 request /usr/lib/python2.7/site-packages/keystoneauth1/session.py:844
2019-06-05 06:29:33.914 664 DEBUG novaclient.v2.client [-] REQ: curl -g -i --cacert "/etc/ssl/certs/mcp_os_cacert" -X GET http://10.167.4.35:8774/v2.1/flavors/detail -H "Accept: application/json" -H "User-Agent: python-novaclient" -H "X-Auth-Token: {SHA1}9b9f72f105a3d9ab3411b424179fa843feb86e5d" _http_log_request /usr/lib/python2.7/site-packages/keystoneauth1/session.py:448
2019-06-05 06:29:33.935 664 DEBUG novaclient.v2.client [-] RESP: [200] Connection: close Content-Length: 1014 Content-Type: application/json Date: Wed, 05 Jun 2019 06:29:33 GMT Openstack-Api-Version: compute 2.1 Vary: OpenStack-API-Version, X-OpenStack-Nova-API-Version X-Compute-Request-Id: req-54187ea2-caba-4b60-be12-5c15ae2d43f2 X-Openstack-Nova-Api-Version: 2.1 X-Openstack-Request-Id: req-54187ea2-caba-4b60-be12-5c15ae2d43f2 _http_log_response /usr/lib/python2.7/site-packages/keystoneauth1/session.py:479
2019-06-05 06:29:33.935 664 DEBUG novaclient.v2.client [-] RESP BODY: {"flavors": [{"name": "rally_full-flavor_alt_4dc4e609-5086-424c-b448-b3e4da226e5e", "links": [{"href": "http://10.167.4.35:8774/v2.1/flavors/8279fe69-57fd-46ec-b58d-cf592c9b9439", "rel": "self"}, {"href": "http://10.167.4.35:8774/flavors/8279fe69-57fd-46ec-b58d-cf592c9b9439", "rel": "bookmark"}], "ram": 1024, "OS-FLV-DISABLED:disabled": false, "vcpus": 1, "swap": "", "os-flavor-access:is_public": true, "rxtx_factor": 1.0, "OS-FLV-EXT-DATA:ephemeral": 0, "disk": 1, "id": "8279fe69-57fd-46ec-b58d-cf592c9b9439"}, {"name": "rally_full-flavor_4dc4e609-5086-424c-b448-b3e4da226e5e", "links": [{"href": "http://10.167.4.35:8774/v2.1/flavors/a49d35b1-90e6-49b0-bee5-ec5ba0e3b0f3", "rel": "self"}, {"href": "http://10.167.4.35:8774/flavors/a49d35b1-90e6-49b0-bee5-ec5ba0e3b0f3", "rel": "bookmark"}], "ram": 512, "OS-FLV-DISABLED:disabled": false, "vcpus": 1, "swap": "", "os-flavor-access:is_public": true, "rxtx_factor": 1.0, "OS-FLV-EXT-DATA:ephemeral": 0, "disk": 1, "id": "a49d35b1-90e6-49b0-bee5-ec5ba0e3b0f3"}]} _http_log_response /usr/lib/python2.7/site-packages/keystoneauth1/session.py:511
2019-06-05 06:29:33.936 664 DEBUG novaclient.v2.client [-] GET call to compute for http://10.167.4.35:8774/v2.1/flavors/detail used request id req-54187ea2-caba-4b60-be12-5c15ae2d43f2 request /usr/lib/python2.7/site-packages/keystoneauth1/session.py:844
2019-06-05 06:29:33.937 664 INFO rally.task.runner [-] Task 4b99af09-ea67-4293-ba53-22971747aee6 | ITER: 4 END: OK
2019-06-05 06:29:33.943 664 INFO rally.task.runner [-] Task 4b99af09-ea67-4293-ba53-22971747aee6 | ITER: 5 START
2019-06-05 06:29:33.992 663 DEBUG novaclient.v2.client [-] RESP: [200] Connection: close Content-Length: 1014 Content-Type: application/json Date: Wed, 05 Jun 2019 06:29:33 GMT Openstack-Api-Version: compute 2.1 Vary: OpenStack-API-Version, X-OpenStack-Nova-API-Version X-Compute-Request-Id: req-1babcf12-14cc-455a-ba13-e4c8155cedd2 X-Openstack-Nova-Api-Version: 2.1 X-Openstack-Request-Id: req-1babcf12-14cc-455a-ba13-e4c8155cedd2 _http_log_response /usr/lib/python2.7/site-packages/keystoneauth1/session.py:479
2019-06-05 06:29:33.993 663 DEBUG novaclient.v2.client [-] RESP BODY: {"flavors": [{"name": "rally_full-flavor_alt_4dc4e609-5086-424c-b448-b3e4da226e5e", "links": [{"href": "http://10.167.4.35:8774/v2.1/flavors/8279fe69-57fd-46ec-b58d-cf592c9b9439", "rel": "self"}, {"href": "http://10.167.4.35:8774/flavors/8279fe69-57fd-46ec-b58d-cf592c9b9439", "rel": "bookmark"}], "ram": 1024, "OS-FLV-DISABLED:disabled": false, "vcpus": 1, "swap": "", "os-flavor-access:is_public": true, "rxtx_factor": 1.0, "OS-FLV-EXT-DATA:ephemeral": 0, "disk": 1, "id": "8279fe69-57fd-46ec-b58d-cf592c9b9439"}, {"name": "rally_full-flavor_4dc4e609-5086-424c-b448-b3e4da226e5e", "links": [{"href": "http://10.167.4.35:8774/v2.1/flavors/a49d35b1-90e6-49b0-bee5-ec5ba0e3b0f3", "rel": "self"}, {"href": "http://10.167.4.35:8774/flavors/a49d35b1-90e6-49b0-bee5-ec5ba0e3b0f3", "rel": "bookmark"}], "ram": 512, "OS-FLV-DISABLED:disabled": false, "vcpus": 1, "swap": "", "os-flavor-access:is_public": true, "rxtx_factor": 1.0, "OS-FLV-EXT-DATA:ephemeral": 0, "disk": 1, "id": "a49d35b1-90e6-49b0-bee5-ec5ba0e3b0f3"}]} _http_log_response /usr/lib/python2.7/site-packages/keystoneauth1/session.py:511
2019-06-05 06:29:33.994 663 DEBUG novaclient.v2.client [-] GET call to compute for http://10.167.4.35:8774/v2.1/flavors/detail used request id req-1babcf12-14cc-455a-ba13-e4c8155cedd2 request /usr/lib/python2.7/site-packages/keystoneauth1/session.py:844
2019-06-05 06:29:33.995 663 DEBUG novaclient.v2.client [-] REQ: curl -g -i --cacert "/etc/ssl/certs/mcp_os_cacert" -X GET http://10.167.4.35:8774/v2.1/flavors/detail -H "Accept: application/json" -H "User-Agent: python-novaclient" -H "X-Auth-Token: {SHA1}26e415f7364680db268319306c99713d54669e21" _http_log_request /usr/lib/python2.7/site-packages/keystoneauth1/session.py:448
2019-06-05 06:29:34.016 663 DEBUG novaclient.v2.client [-] RESP: [200] Connection: close Content-Length: 1014 Content-Type: application/json Date: Wed, 05 Jun 2019 06:29:34 GMT Openstack-Api-Version: compute 2.1 Vary: OpenStack-API-Version, X-OpenStack-Nova-API-Version X-Compute-Request-Id: req-265e2d7d-82d5-498c-8ccf-2f6fc3c1252d X-Openstack-Nova-Api-Version: 2.1 X-Openstack-Request-Id: req-265e2d7d-82d5-498c-8ccf-2f6fc3c1252d _http_log_response /usr/lib/python2.7/site-packages/keystoneauth1/session.py:479
2019-06-05 06:29:34.016 663 DEBUG novaclient.v2.client [-] RESP BODY: {"flavors": [{"name": "rally_full-flavor_alt_4dc4e609-5086-424c-b448-b3e4da226e5e", "links": [{"href": "http://10.167.4.35:8774/v2.1/flavors/8279fe69-57fd-46ec-b58d-cf592c9b9439", "rel": "self"}, {"href": "http://10.167.4.35:8774/flavors/8279fe69-57fd-46ec-b58d-cf592c9b9439", "rel": "bookmark"}], "ram": 1024, "OS-FLV-DISABLED:disabled": false, "vcpus": 1, "swap": "", "os-flavor-access:is_public": true, "rxtx_factor": 1.0, "OS-FLV-EXT-DATA:ephemeral": 0, "disk": 1, "id": "8279fe69-57fd-46ec-b58d-cf592c9b9439"}, {"name": "rally_full-flavor_4dc4e609-5086-424c-b448-b3e4da226e5e", "links": [{"href": "http://10.167.4.35:8774/v2.1/flavors/a49d35b1-90e6-49b0-bee5-ec5ba0e3b0f3", "rel": "self"}, {"href": "http://10.167.4.35:8774/flavors/a49d35b1-90e6-49b0-bee5-ec5ba0e3b0f3", "rel": "bookmark"}], "ram": 512, "OS-FLV-DISABLED:disabled": false, "vcpus": 1, "swap": "", "os-flavor-access:is_public": true, "rxtx_factor": 1.0, "OS-FLV-EXT-DATA:ephemeral": 0, "disk": 1, "id": "a49d35b1-90e6-49b0-bee5-ec5ba0e3b0f3"}]} _http_log_response /usr/lib/python2.7/site-packages/keystoneauth1/session.py:511
2019-06-05 06:29:34.017 663 DEBUG novaclient.v2.client [-] GET call to compute for http://10.167.4.35:8774/v2.1/flavors/detail used request id req-265e2d7d-82d5-498c-8ccf-2f6fc3c1252d request /usr/lib/python2.7/site-packages/keystoneauth1/session.py:844
2019-06-05 06:29:34.018 663 INFO rally.task.runner [-] Task 4b99af09-ea67-4293-ba53-22971747aee6 | ITER: 3 END: OK
2019-06-05 06:29:34.022 663 INFO rally.task.runner [-] Task 4b99af09-ea67-4293-ba53-22971747aee6 | ITER: 6 START
2019-06-05 06:29:34.262 664 DEBUG novaclient.v2.client [-] REQ: curl -g -i --cacert "/etc/ssl/certs/mcp_os_cacert" -X GET http://10.167.4.35:8774/v2.1/flavors/detail -H "Accept: application/json" -H "User-Agent: python-novaclient" -H "X-Auth-Token: {SHA1}b41d5ffdf179eae359b344531763d882bc784c82" _http_log_request /usr/lib/python2.7/site-packages/keystoneauth1/session.py:448
2019-06-05 06:29:34.276 662 DEBUG novaclient.v2.client [-] RESP: [200] Connection: close Content-Length: 1014 Content-Type: application/json Date: Wed, 05 Jun 2019 06:29:34 GMT Openstack-Api-Version: compute 2.1 Vary: OpenStack-API-Version, X-OpenStack-Nova-API-Version X-Compute-Request-Id: req-3dd9c1c9-a954-4d18-926a-3028f1f7d13a X-Openstack-Nova-Api-Version: 2.1 X-Openstack-Request-Id: req-3dd9c1c9-a954-4d18-926a-3028f1f7d13a _http_log_response /usr/lib/python2.7/site-packages/keystoneauth1/session.py:479
2019-06-05 06:29:34.277 662 DEBUG novaclient.v2.client [-] RESP BODY: {"flavors": [{"name": "rally_full-flavor_alt_4dc4e609-5086-424c-b448-b3e4da226e5e", "links": [{"href": "http://10.167.4.35:8774/v2.1/flavors/8279fe69-57fd-46ec-b58d-cf592c9b9439", "rel": "self"}, {"href": "http://10.167.4.35:8774/flavors/8279fe69-57fd-46ec-b58d-cf592c9b9439", "rel": "bookmark"}], "ram": 1024, "OS-FLV-DISABLED:disabled": false, "vcpus": 1, "swap": "", "os-flavor-access:is_public": true, "rxtx_factor": 1.0, "OS-FLV-EXT-DATA:ephemeral": 0, "disk": 1, "id": "8279fe69-57fd-46ec-b58d-cf592c9b9439"}, {"name": "rally_full-flavor_4dc4e609-5086-424c-b448-b3e4da226e5e", "links": [{"href": "http://10.167.4.35:8774/v2.1/flavors/a49d35b1-90e6-49b0-bee5-ec5ba0e3b0f3", "rel": "self"}, {"href": "http://10.167.4.35:8774/flavors/a49d35b1-90e6-49b0-bee5-ec5ba0e3b0f3", "rel": "bookmark"}], "ram": 512, "OS-FLV-DISABLED:disabled": false, "vcpus": 1, "swap": "", "os-flavor-access:is_public": true, "rxtx_factor": 1.0, "OS-FLV-EXT-DATA:ephemeral": 0, "disk": 1, "id": "a49d35b1-90e6-49b0-bee5-ec5ba0e3b0f3"}]} _http_log_response /usr/lib/python2.7/site-packages/keystoneauth1/session.py:511
2019-06-05 06:29:34.277 662 DEBUG novaclient.v2.client [-] GET call to compute for http://10.167.4.35:8774/v2.1/flavors/detail used request id req-3dd9c1c9-a954-4d18-926a-3028f1f7d13a request /usr/lib/python2.7/site-packages/keystoneauth1/session.py:844
2019-06-05 06:29:34.279 662 DEBUG novaclient.v2.client [-] REQ: curl -g -i --cacert "/etc/ssl/certs/mcp_os_cacert" -X GET http://10.167.4.35:8774/v2.1/flavors/detail -H "Accept: application/json" -H "User-Agent: python-novaclient" -H "X-Auth-Token: {SHA1}8b94c9544f87337daebc9347f858fb5994541331" _http_log_request /usr/lib/python2.7/site-packages/keystoneauth1/session.py:448
2019-06-05 06:29:34.307 662 DEBUG novaclient.v2.client [-] RESP: [200] Connection: close Content-Length: 1014 Content-Type: application/json Date: Wed, 05 Jun 2019 06:29:34 GMT Openstack-Api-Version: compute 2.1 Vary: OpenStack-API-Version, X-OpenStack-Nova-API-Version X-Compute-Request-Id: req-8ff39e6d-fc75-4cb0-813d-d1b089b16f4b X-Openstack-Nova-Api-Version: 2.1 X-Openstack-Request-Id: req-8ff39e6d-fc75-4cb0-813d-d1b089b16f4b _http_log_response /usr/lib/python2.7/site-packages/keystoneauth1/session.py:479
2019-06-05 06:29:34.308 662 DEBUG novaclient.v2.client [-] RESP BODY: {"flavors": [{"name": "rally_full-flavor_alt_4dc4e609-5086-424c-b448-b3e4da226e5e", "links": [{"href": "http://10.167.4.35:8774/v2.1/flavors/8279fe69-57fd-46ec-b58d-cf592c9b9439", "rel": "self"}, {"href": "http://10.167.4.35:8774/flavors/8279fe69-57fd-46ec-b58d-cf592c9b9439", "rel": "bookmark"}], "ram": 1024, "OS-FLV-DISABLED:disabled": false, "vcpus": 1, "swap": "", "os-flavor-access:is_public": true, "rxtx_factor": 1.0, "OS-FLV-EXT-DATA:ephemeral": 0, "disk": 1, "id": "8279fe69-57fd-46ec-b58d-cf592c9b9439"}, {"name": "rally_full-flavor_4dc4e609-5086-424c-b448-b3e4da226e5e", "links": [{"href": "http://10.167.4.35:8774/v2.1/flavors/a49d35b1-90e6-49b0-bee5-ec5ba0e3b0f3", "rel": "self"}, {"href": "http://10.167.4.35:8774/flavors/a49d35b1-90e6-49b0-bee5-ec5ba0e3b0f3", "rel": "bookmark"}], "ram": 512, "OS-FLV-DISABLED:disabled": false, "vcpus": 1, "swap": "", "os-flavor-access:is_public": true, "rxtx_factor": 1.0, "OS-FLV-EXT-DATA:ephemeral": 0, "disk": 1, "id": "a49d35b1-90e6-49b0-bee5-ec5ba0e3b0f3"}]} _http_log_response /usr/lib/python2.7/site-packages/keystoneauth1/session.py:511
2019-06-05 06:29:34.308 662 DEBUG novaclient.v2.client [-] GET call to compute for http://10.167.4.35:8774/v2.1/flavors/detail used request id req-8ff39e6d-fc75-4cb0-813d-d1b089b16f4b request /usr/lib/python2.7/site-packages/keystoneauth1/session.py:844
2019-06-05 06:29:34.309 662 INFO rally.task.runner [-] Task 4b99af09-ea67-4293-ba53-22971747aee6 | ITER: 2 END: OK
2019-06-05 06:29:34.314 662 INFO rally.task.runner [-] Task 4b99af09-ea67-4293-ba53-22971747aee6 | ITER: 7 START
2019-06-05 06:29:34.338 663 DEBUG novaclient.v2.client [-] REQ: curl -g -i --cacert "/etc/ssl/certs/mcp_os_cacert" -X GET http://10.167.4.35:8774/v2.1/flavors/detail -H "Accept: application/json" -H "User-Agent: python-novaclient" -H "X-Auth-Token: {SHA1}817841f7955756680f40133d11ada95f11ec682f" _http_log_request /usr/lib/python2.7/site-packages/keystoneauth1/session.py:448
2019-06-05 06:29:34.388 661 DEBUG novaclient.v2.client [-] RESP: [200] Connection: close Content-Length: 1014 Content-Type: application/json Date: Wed, 05 Jun 2019 06:29:34 GMT Openstack-Api-Version: compute 2.1 Vary: OpenStack-API-Version, X-OpenStack-Nova-API-Version X-Compute-Request-Id: req-416c39e9-f7b2-4a59-98d4-c78d6d61b4bc X-Openstack-Nova-Api-Version: 2.1 X-Openstack-Request-Id: req-416c39e9-f7b2-4a59-98d4-c78d6d61b4bc _http_log_response /usr/lib/python2.7/site-packages/keystoneauth1/session.py:479
