2019-05-12 23:28:29.153 11382 DEBUG tempest.lib.common.rest_client [req-faf8dc65-332e-42d7-9eb1-1910fb9d7e81 ] Request - Headers: {'Content-Type': 'application/json', 'Accept': 'application/json', 'X-Auth-Token': ''} Body: None Response - Headers: {'status': '404', u'content-length': '134', 'content-location': 'http://10.167.4.35:9696/v2.0/trunks/394d8018-003a-424e-98d4-762b67c364c2', u'date': 'Sun, 12 May 2019 23:28:29 GMT', u'content-type': 'application/json', u'connection': 'close', u'x-openstack-request-id': 'req-faf8dc65-332e-42d7-9eb1-1910fb9d7e81'} Body: {"NeutronError": {"message": "Trunk 394d8018-003a-424e-98d4-762b67c364c2 could not be found.", "type": "TrunkNotFound", "detail": ""}} _log_request_full /root/.rally/verification/verifier-17f5b2df-b8e9-47a5-8f47-53bd9c0f2fa0/repo/tempest/lib/common/rest_client.py:440
2019-05-12 23:28:29.183 11382 INFO tempest.lib.common.rest_client [req-38bf7af1-97e1-4ebb-ba09-67b2aa5f6286 ] Request (TrunkTestJSON:_run_cleanups): 404 DELETE http://10.167.4.35:9696/v2.0/ports/c63b28b2-0a59-4eea-bbaa-30bdaaa4acb8 0.028s
2019-05-12 23:28:29.183 11382 DEBUG tempest.lib.common.rest_client [req-38bf7af1-97e1-4ebb-ba09-67b2aa5f6286 ] Request - Headers: {'Content-Type': 'application/json', 'Accept': 'application/json', 'X-Auth-Token': ''} Body: None Response - Headers: {'status': '404', u'content-length': '132', 'content-location': 'http://10.167.4.35:9696/v2.0/ports/c63b28b2-0a59-4eea-bbaa-30bdaaa4acb8', u'date': 'Sun, 12 May 2019 23:28:29 GMT', u'content-type': 'application/json', u'connection': 'close', u'x-openstack-request-id': 'req-38bf7af1-97e1-4ebb-ba09-67b2aa5f6286'} Body: {"NeutronError": {"message": "Port c63b28b2-0a59-4eea-bbaa-30bdaaa4acb8 could not be found.", "type": "PortNotFound", "detail": ""}} _log_request_full /root/.rally/verification/verifier-17f5b2df-b8e9-47a5-8f47-53bd9c0f2fa0/repo/tempest/lib/common/rest_client.py:440
2019-05-12 23:28:29.211 11382 INFO tempest.lib.common.rest_client [req-1332868e-9fcb-4911-a9df-32bf5eec9301 ] Request (TrunkTestJSON:_run_cleanups): 404 DELETE http://10.167.4.35:9696/v2.0/ports/916be61b-ed4b-4d30-97de-b233e0c0390c 0.027s
2019-05-12 23:28:29.212 11382 DEBUG tempest.lib.common.rest_client [req-1332868e-9fcb-4911-a9df-32bf5eec9301 ] Request - Headers: {'Content-Type': 'application/json', 'Accept': 'application/json', 'X-Auth-Token': ''} Body: None Response - Headers: {'status': '404', u'content-length': '132', 'content-location': 'http://10.167.4.35:9696/v2.0/ports/916be61b-ed4b-4d30-97de-b233e0c0390c', u'date': 'Sun, 12 May 2019 23:28:29 GMT', u'content-type': 'application/json', u'connection': 'close', u'x-openstack-request-id': 'req-1332868e-9fcb-4911-a9df-32bf5eec9301'} Body: {"NeutronError": {"message": "Port 916be61b-ed4b-4d30-97de-b233e0c0390c could not be found.", "type": "PortNotFound", "detail": ""}} _log_request_full /root/.rally/verification/verifier-17f5b2df-b8e9-47a5-8f47-53bd9c0f2fa0/repo/tempest/lib/common/rest_client.py:440
2019-05-12 23:28:29.246 11382 INFO tempest.lib.common.rest_client [req-dd7e2741-8334-488f-9954-51100aa7fd63 ] Request (TrunkTestJSON:_run_cleanups): 404 DELETE http://10.167.4.35:9696/v2.0/ports/a3dca78a-ac2f-4b9f-a0e2-dc2f8026120a 0.033s
2019-05-12 23:28:29.247 11382 DEBUG tempest.lib.common.rest_client [req-dd7e2741-8334-488f-9954-51100aa7fd63 ] Request - Headers: {'Content-Type': 'application/json', 'Accept': 'application/json', 'X-Auth-Token': ''} Body: None Response - Headers: {'status': '404', u'content-length': '132', 'content-location': 'http://10.167.4.35:9696/v2.0/ports/a3dca78a-ac2f-4b9f-a0e2-dc2f8026120a', u'date': 'Sun, 12 May 2019 23:28:29 GMT', u'content-type': 'application/json', u'connection': 'close', u'x-openstack-request-id': 'req-dd7e2741-8334-488f-9954-51100aa7fd63'} Body: {"NeutronError": {"message": "Port a3dca78a-ac2f-4b9f-a0e2-dc2f8026120a could not be found.", "type": "PortNotFound", "detail": ""}} _log_request_full /root/.rally/verification/verifier-17f5b2df-b8e9-47a5-8f47-53bd9c0f2fa0/repo/tempest/lib/common/rest_client.py:440
2019-05-12 23:28:29.247 11386 INFO tempest.lib.common.rest_client [req-b44cf322-8c9f-44eb-b6f9-08aa0d6cd273 ] Request (TrunkTestJSON:_run_cleanups): 200 GET http://10.167.4.35:9696/v2.0/trunks/dfb228ad-0395-448c-9f9e-dede13cb1027/get_subports 0.324s
2019-05-12 23:28:29.248 11386 DEBUG tempest.lib.common.rest_client [req-b44cf322-8c9f-44eb-b6f9-08aa0d6cd273 ] Request - Headers: {'Content-Type': 'application/json', 'Accept': 'application/json', 'X-Auth-Token': ''} Body: None Response - Headers: {'status': '200', u'content-length': '17', 'content-location': 'http://10.167.4.35:9696/v2.0/trunks/dfb228ad-0395-448c-9f9e-dede13cb1027/get_subports', u'date': 'Sun, 12 May 2019 23:28:29 GMT', u'content-type': 'application/json', u'connection': 'close', u'x-openstack-request-id': 'req-b44cf322-8c9f-44eb-b6f9-08aa0d6cd273'} Body: {"sub_ports": []} _log_request_full /root/.rally/verification/verifier-17f5b2df-b8e9-47a5-8f47-53bd9c0f2fa0/repo/tempest/lib/common/rest_client.py:440
2019-05-12 23:28:29.286 11382 INFO tempest.lib.common.rest_client [req-419299ed-dce3-4085-9c2a-8624ccba3c7f ] Request (TrunkTestJSON:_run_cleanups): 404 DELETE http://10.167.4.35:9696/v2.0/ports/5ed77a09-e9ef-480b-884a-de01f061a0d6 0.038s
2019-05-12 23:28:29.286 11382 DEBUG tempest.lib.common.rest_client [req-419299ed-dce3-4085-9c2a-8624ccba3c7f ] Request - Headers: {'Content-Type': 'application/json', 'Accept': 'application/json', 'X-Auth-Token': ''} Body: None Response - Headers: {'status': '404', u'content-length': '132', 'content-location': 'http://10.167.4.35:9696/v2.0/ports/5ed77a09-e9ef-480b-884a-de01f061a0d6', u'date': 'Sun, 12 May 2019 23:28:29 GMT', u'content-type': 'application/json', u'connection': 'close', u'x-openstack-request-id': 'req-419299ed-dce3-4085-9c2a-8624ccba3c7f'} Body: {"NeutronError": {"message": "Port 5ed77a09-e9ef-480b-884a-de01f061a0d6 could not be found.", "type": "PortNotFound", "detail": ""}} _log_request_full /root/.rally/verification/verifier-17f5b2df-b8e9-47a5-8f47-53bd9c0f2fa0/repo/tempest/lib/common/rest_client.py:440
2019-05-12 23:28:29.293 11386 INFO tempest.lib.common.rest_client [req-7581a151-bace-48d1-9164-c8b0514375e5 ] Request (TrunkTestJSON:_run_cleanups): 200 PUT http://10.167.4.35:9696/v2.0/trunks/dfb228ad-0395-448c-9f9e-dede13cb1027/remove_subports 0.044s
2019-05-12 23:28:29.293 11386 DEBUG tempest.lib.common.rest_client [req-7581a151-bace-48d1-9164-c8b0514375e5 ] Request - Headers: {'Content-Type': 'application/json', 'Accept': 'application/json', 'X-Auth-Token': ''} Body: {"sub_ports": []} Response - Headers: {'status': '200', u'content-length': '396', 'content-location': 'http://10.167.4.35:9696/v2.0/trunks/dfb228ad-0395-448c-9f9e-dede13cb1027/remove_subports', u'date': 'Sun, 12 May 2019 23:28:29 GMT', u'content-type': 'application/json', u'connection': 'close', u'x-openstack-request-id': 'req-7581a151-bace-48d1-9164-c8b0514375e5'} Body: {"status": "DOWN", "sub_ports": [], "name": "", "admin_state_up": true, "tenant_id": "5395769ad0754155bc84a65451e6a34d", "created_at": "2019-05-12T23:28:27Z", "tags": [], "updated_at": "2019-05-12T23:28:29Z", "revision_number": 1, "project_id": "5395769ad0754155bc84a65451e6a34d", "port_id": "f45323e1-8be9-4792-a747-ca49b887c0e4", "id": "dfb228ad-0395-448c-9f9e-dede13cb1027", "description": ""} _log_request_full /root/.rally/verification/verifier-17f5b2df-b8e9-47a5-8f47-53bd9c0f2fa0/repo/tempest/lib/common/rest_client.py:440
2019-05-12 23:28:29.318 11382 INFO tempest.lib.common.rest_client [req-b68da7be-e7bf-40aa-a0a5-c9b29691655a ] Request (TrunkTestJSON:_run_cleanups): 404 DELETE http://10.167.4.35:9696/v2.0/ports/46f426ad-d308-44f7-a88d-ae5bb4425298 0.031s
2019-05-12 23:28:29.319 11382 DEBUG tempest.lib.common.rest_client [req-b68da7be-e7bf-40aa-a0a5-c9b29691655a ] Request - Headers: {'Content-Type': 'application/json', 'Accept': 'application/json', 'X-Auth-Token': ''} Body: None Response - Headers: {'status': '404', u'content-length': '132', 'content-location': 'http://10.167.4.35:9696/v2.0/ports/46f426ad-d308-44f7-a88d-ae5bb4425298', u'date': 'Sun, 12 May 2019 23:28:29 GMT', u'content-type': 'application/json', u'connection': 'close', u'x-openstack-request-id': 'req-b68da7be-e7bf-40aa-a0a5-c9b29691655a'} Body: {"NeutronError": {"message": "Port 46f426ad-d308-44f7-a88d-ae5bb4425298 could not be found.", "type": "PortNotFound", "detail": ""}} _log_request_full /root/.rally/verification/verifier-17f5b2df-b8e9-47a5-8f47-53bd9c0f2fa0/repo/tempest/lib/common/rest_client.py:440
2019-05-12 23:28:29.358 11382 INFO tempest.lib.common.rest_client [req-6e4d0aa2-de5c-462f-8ef5-db3abe83204b ] Request (TrunkTestJSON:_run_cleanups): 404 DELETE http://10.167.4.35:9696/v2.0/ports/f5e5d550-82fa-4264-8a7b-95c4a3adf8c3 0.038s
2019-05-12 23:28:29.359 11382 DEBUG tempest.lib.common.rest_client [req-6e4d0aa2-de5c-462f-8ef5-db3abe83204b ] Request - Headers: {'Content-Type': 'application/json', 'Accept': 'application/json', 'X-Auth-Token': ''} Body: None Response - Headers: {'status': '404', u'content-length': '132', 'content-location': 'http://10.167.4.35:9696/v2.0/ports/f5e5d550-82fa-4264-8a7b-95c4a3adf8c3', u'date': 'Sun, 12 May 2019 23:28:29 GMT', u'content-type': 'application/json', u'connection': 'close', u'x-openstack-request-id': 'req-6e4d0aa2-de5c-462f-8ef5-db3abe83204b'} Body: {"NeutronError": {"message": "Port f5e5d550-82fa-4264-8a7b-95c4a3adf8c3 could not be found.", "type": "PortNotFound", "detail": ""}} _log_request_full /root/.rally/verification/verifier-17f5b2df-b8e9-47a5-8f47-53bd9c0f2fa0/repo/tempest/lib/common/rest_client.py:440
2019-05-12 23:28:29.394 11386 INFO tempest.lib.common.rest_client [req-a7925a77-75b4-40bc-9b92-a4d01d0e2e84 ] Request (TrunkTestJSON:_run_cleanups): 204 DELETE http://10.167.4.35:9696/v2.0/trunks/dfb228ad-0395-448c-9f9e-dede13cb1027 0.099s
2019-05-12 23:28:29.394 11386 DEBUG tempest.lib.common.rest_client [req-a7925a77-75b4-40bc-9b92-a4d01d0e2e84 ] Request - Headers: {'Content-Type': 'application/json', 'Accept': 'application/json', 'X-Auth-Token': ''} Body: None Response - Headers: {'status': '204', u'content-length': '0', 'content-location': 'http://10.167.4.35:9696/v2.0/trunks/dfb228ad-0395-448c-9f9e-dede13cb1027', u'date': 'Sun, 12 May 2019 23:28:29 GMT', u'connection': 'close', u'x-openstack-request-id': 'req-a7925a77-75b4-40bc-9b92-a4d01d0e2e84'} Body: _log_request_full /root/.rally/verification/verifier-17f5b2df-b8e9-47a5-8f47-53bd9c0f2fa0/repo/tempest/lib/common/rest_client.py:440
2019-05-12 23:28:29.418 11386 INFO tempest.lib.common.rest_client [req-5de71c11-ef24-4ca2-a41f-d5560024cfa9 ] Request (TrunkTestJSON:_run_cleanups): 404 GET http://10.167.4.35:9696/v2.0/trunks/9ac76a42-9975-4d4d-a10d-0e7c830b1a4d 0.023s
2019-05-12 23:28:29.419 11386 DEBUG tempest.lib.common.rest_client [req-5de71c11-ef24-4ca2-a41f-d5560024cfa9 ] Request - Headers: {'Content-Type': 'application/json', 'Accept': 'application/json', 'X-Auth-Token': ''} Body: None Response - Headers: {'status': '404', u'content-length': '134', 'content-location': 'http://10.167.4.35:9696/v2.0/trunks/9ac76a42-9975-4d4d-a10d-0e7c830b1a4d', u'date': 'Sun, 12 May 2019 23:28:29 GMT', u'content-type': 'application/json', u'connection': 'close', u'x-openstack-request-id': 'req-5de71c11-ef24-4ca2-a41f-d5560024cfa9'} Body: {"NeutronError": {"message": "Trunk 9ac76a42-9975-4d4d-a10d-0e7c830b1a4d could not be found.", "type": "TrunkNotFound", "detail": ""}} _log_request_full /root/.rally/verification/verifier-17f5b2df-b8e9-47a5-8f47-53bd9c0f2fa0/repo/tempest/lib/common/rest_client.py:440
2019-05-12 23:28:29.433 11386 INFO tempest.lib.common.rest_client [req-3afbfd82-dc29-42cc-a965-d89468865968 ] Request (TrunkTestJSON:_run_cleanups): 404 GET http://10.167.4.35:9696/v2.0/trunks/ffbd9bef-3408-4e2e-add1-97aa6d58a538 0.013s
2019-05-12 23:28:29.434 11386 DEBUG tempest.lib.common.rest_client [req-3afbfd82-dc29-42cc-a965-d89468865968 ] Request - Headers: {'Content-Type': 'application/json', 'Accept': 'application/json', 'X-Auth-Token': ''} Body: None Response - Headers: {'status': '404', u'content-length': '134', 'content-location': 'http://10.167.4.35:9696/v2.0/trunks/ffbd9bef-3408-4e2e-add1-97aa6d58a538', u'date': 'Sun, 12 May 2019 23:28:29 GMT', u'content-type': 'application/json', u'connection': 'close', u'x-openstack-request-id': 'req-3afbfd82-dc29-42cc-a965-d89468865968'} Body: {"NeutronError": {"message": "Trunk ffbd9bef-3408-4e2e-add1-97aa6d58a538 could not be found.", "type": "TrunkNotFound", "detail": ""}} _log_request_full /root/.rally/verification/verifier-17f5b2df-b8e9-47a5-8f47-53bd9c0f2fa0/repo/tempest/lib/common/rest_client.py:440
2019-05-12 23:28:29.435 11383 INFO tempest.lib.common.rest_client [req-64903ab8-f589-4208-bb2f-8dc6e14eda5f ] Request (TrunkTest:test_trunk_subport_lifecycle): 200 GET http://10.167.4.35:8774/v2.1/servers/1c0e6294-520b-4830-b4ad-068c2cdad8a9 0.341s
2019-05-12 23:28:29.436 11383 DEBUG tempest.lib.common.rest_client [req-64903ab8-f589-4208-bb2f-8dc6e14eda5f ] Request - Headers: {'Content-Type': 'application/json', 'Accept': 'application/json', 'X-Auth-Token': ''} Body: None Response - Headers: {'status': '200', u'content-length': '1399', 'content-location': 'http://10.167.4.35:8774/v2.1/servers/1c0e6294-520b-4830-b4ad-068c2cdad8a9', u'x-compute-request-id': 'req-64903ab8-f589-4208-bb2f-8dc6e14eda5f', u'vary': 'X-OpenStack-Nova-API-Version', u'openstack-api-version': 'compute 2.1', u'connection': 'close', u'x-openstack-nova-api-version': '2.1', u'date': 'Sun, 12 May 2019 23:28:29 GMT', u'content-type': 'application/json', u'x-openstack-request-id': 'req-64903ab8-f589-4208-bb2f-8dc6e14eda5f'} Body: {"server": {"OS-EXT-STS:task_state": "spawning", "addresses": {}, "links": [{"href": "http://10.167.4.35:8774/v2.1/servers/1c0e6294-520b-4830-b4ad-068c2cdad8a9", "rel": "self"}, {"href": "http://10.167.4.35:8774/servers/1c0e6294-520b-4830-b4ad-068c2cdad8a9", "rel": "bookmark"}], "image": {"id": "a2387be0-adc4-4a63-b3cd-b8ff9253c9e7", "links": [{"href": "http://10.167.4.35:8774/images/a2387be0-adc4-4a63-b3cd-b8ff9253c9e7", "rel": "bookmark"}]}, "OS-EXT-STS:vm_state": "building", "OS-SRV-USG:launched_at": null, "flavor": {"id": "a21a5246-a274-49e0-8c53-630360b0294f", "links": [{"href": "http://10.167.4.35:8774/flavors/a21a5246-a274-49e0-8c53-630360b0294f", "rel": "bookmark"}]}, "id": "1c0e6294-520b-4830-b4ad-068c2cdad8a9", "security_groups": [{"name": "tempest-secgroup-240821241"}], "user_id": "e50d6128be9a4af19a1945dd338526d5", "OS-DCF:diskConfig": "MANUAL", "accessIPv4": "", "accessIPv6": "", "progress": 0, "OS-EXT-STS:power_state": 0, "OS-EXT-AZ:availability_zone": "nova", "config_drive": "", "status": "BUILD", "updated": "2019-05-12T23:28:21Z", "hostId": "e97cba2152ee9e37d1a59e5a75e07c306252425a24440e12e92e5321", "OS-SRV-USG:terminated_at": null, "key_name": "tempest-keypair-test-555239201", "name": "tempest-server-test-1743284866", "created": "2019-05-12T23:28:19Z", "tenant_id": "26b010d0f67d409d81987b0363b8e20d", "os-extended-volumes:volumes_attached": [], "metadata": {}}} _log_request_full /root/.rally/verification/verifier-17f5b2df-b8e9-47a5-8f47-53bd9c0f2fa0/repo/tempest/lib/common/rest_client.py:440
2019-05-12 23:28:29.450 11386 INFO tempest.lib.common.rest_client [req-cdcd6dcc-f8ab-4751-8138-7370885d4567 ] Request (TrunkTestJSON:_run_cleanups): 404 GET http://10.167.4.35:9696/v2.0/trunks/f23a59f8-76db-422a-bcd4-6a286f850b33 0.015s
2019-05-12 23:28:29.450 11386 DEBUG tempest.lib.common.rest_client [req-cdcd6dcc-f8ab-4751-8138-7370885d4567 ] Request - Headers: {'Content-Type': 'application/json', 'Accept': 'application/json', 'X-Auth-Token': ''} Body: None Response - Headers: {'status': '404', u'content-length': '134', 'content-location': 'http://10.167.4.35:9696/v2.0/trunks/f23a59f8-76db-422a-bcd4-6a286f850b33', u'date': 'Sun, 12 May 2019 23:28:29 GMT', u'content-type': 'application/json', u'connection': 'close', u'x-openstack-request-id': 'req-cdcd6dcc-f8ab-4751-8138-7370885d4567'} Body: {"NeutronError": {"message": "Trunk f23a59f8-76db-422a-bcd4-6a286f850b33 could not be found.", "type": "TrunkNotFound", "detail": ""}} _log_request_full /root/.rally/verification/verifier-17f5b2df-b8e9-47a5-8f47-53bd9c0f2fa0/repo/tempest/lib/common/rest_client.py:440
2019-05-12 23:28:29.465 11386 INFO tempest.lib.common.rest_client [req-5b405293-22d1-43df-8865-d1ab45e90f9f ] Request (TrunkTestJSON:_run_cleanups): 404 GET http://10.167.4.35:9696/v2.0/trunks/f0801669-f45c-413a-bd9e-b8f915d38099 0.013s
2019-05-12 23:28:29.465 11386 DEBUG tempest.lib.common.rest_client [req-5b405293-22d1-43df-8865-d1ab45e90f9f ] Request - Headers: {'Content-Type': 'application/json', 'Accept': 'application/json', 'X-Auth-Token': ''} Body: None Response - Headers: {'status': '404', u'content-length': '134', 'content-location': 'http://10.167.4.35:9696/v2.0/trunks/f0801669-f45c-413a-bd9e-b8f915d38099', u'date': 'Sun, 12 May 2019 23:28:29 GMT', u'content-type': 'application/json', u'connection': 'close', u'x-openstack-request-id': 'req-5b405293-22d1-43df-8865-d1ab45e90f9f'} Body: {"NeutronError": {"message": "Trunk f0801669-f45c-413a-bd9e-b8f915d38099 could not be found.", "type": "TrunkNotFound", "detail": ""}} _log_request_full /root/.rally/verification/verifier-17f5b2df-b8e9-47a5-8f47-53bd9c0f2fa0/repo/tempest/lib/common/rest_client.py:440
2019-05-12 23:28:29.478 11386 INFO tempest.lib.common.rest_client [req-0c7034c0-0291-4cbe-acbc-ed32ef7a4487 ] Request (TrunkTestJSON:_run_cleanups): 404 GET http://10.167.4.35:9696/v2.0/trunks/dfb228ad-0395-448c-9f9e-dede13cb1027 0.012s
2019-05-12 23:28:29.479 11386 DEBUG tempest.lib.common.rest_client [req-0c7034c0-0291-4cbe-acbc-ed32ef7a4487 ] Request - Headers: {'Content-Type': 'application/json', 'Accept': 'application/json', 'X-Auth-Token': ''} Body: None Response - Headers: {'status': '404', u'content-length': '134', 'content-location': 'http://10.167.4.35:9696/v2.0/trunks/dfb228ad-0395-448c-9f9e-dede13cb1027', u'date': 'Sun, 12 May 2019 23:28:29 GMT', u'content-type': 'application/json', u'connection': 'close', u'x-openstack-request-id': 'req-0c7034c0-0291-4cbe-acbc-ed32ef7a4487'} Body: {"NeutronError": {"message": "Trunk dfb228ad-0395-448c-9f9e-dede13cb1027 could not be found.", "type": "TrunkNotFound", "detail": ""}} _log_request_full /root/.rally/verification/verifier-17f5b2df-b8e9-47a5-8f47-53bd9c0f2fa0/repo/tempest/lib/common/rest_client.py:440
2019-05-12 23:28:29.510 11386 INFO tempest.lib.common.rest_client [req-0bc252f6-979d-44ba-ab73-b6a1bc22d290 ] Request (TrunkTestJSON:_run_cleanups): 404 DELETE http://10.167.4.35:9696/v2.0/ports/34ae55ca-db08-4d04-ac74-17962d8c0052 0.030s
2019-05-12 23:28:29.511 11386 DEBUG tempest.lib.common.rest_client [req-0bc252f6-979d-44ba-ab73-b6a1bc22d290 ] Request - Headers: {'Content-Type': 'application/json', 'Accept': 'application/json', 'X-Auth-Token': ''} Body: None Response - Headers: {'status': '404', u'content-length': '132', 'content-location': 'http://10.167.4.35:9696/v2.0/ports/34ae55ca-db08-4d04-ac74-17962d8c0052', u'date': 'Sun, 12 May 2019 23:28:29 GMT', u'content-type': 'application/json', u'connection': 'close', u'x-openstack-request-id': 'req-0bc252f6-979d-44ba-ab73-b6a1bc22d290'} Body: {"NeutronError": {"message": "Port 34ae55ca-db08-4d04-ac74-17962d8c0052 could not be found.", "type": "PortNotFound", "detail": ""}} _log_request_full /root/.rally/verification/verifier-17f5b2df-b8e9-47a5-8f47-53bd9c0f2fa0/repo/tempest/lib/common/rest_client.py:440
2019-05-12 23:28:29.542 11386 INFO tempest.lib.common.rest_client [req-b8f16820-e368-4c70-b9c0-51890dd1a44b ] Request (TrunkTestJSON:_run_cleanups): 404 DELETE http://10.167.4.35:9696/v2.0/ports/019dd13c-7409-49ec-b4e9-b51eb38038e0 0.030s
2019-05-12 23:28:29.542 11386 DEBUG tempest.lib.common.rest_client [req-b8f16820-e368-4c70-b9c0-51890dd1a44b ] Request - Headers: {'Content-Type': 'application/json', 'Accept': 'application/json', 'X-Auth-Token': ''} Body: None Response - Headers: {'status': '404', u'content-length': '132', 'content-location': 'http://10.167.4.35:9696/v2.0/ports/019dd13c-7409-49ec-b4e9-b51eb38038e0', u'date': 'Sun, 12 May 2019 23:28:29 GMT', u'content-type': 'application/json', u'connection': 'close', u'x-openstack-request-id': 'req-b8f16820-e368-4c70-b9c0-51890dd1a44b'} Body: {"NeutronError": {"message": "Port 019dd13c-7409-49ec-b4e9-b51eb38038e0 could not be found.", "type": "PortNotFound", "detail": ""}} _log_request_full /root/.rally/verification/verifier-17f5b2df-b8e9-47a5-8f47-53bd9c0f2fa0/repo/tempest/lib/common/rest_client.py:440
2019-05-12 23:28:29.576 11386 INFO tempest.lib.common.rest_client [req-384b52c5-d95f-482d-b678-e23298635be4 ] Request (TrunkTestJSON:_run_cleanups): 404 DELETE http://10.167.4.35:9696/v2.0/ports/810de668-76bc-4b9f-a28a-3ce97117ad39 0.032s
2019-05-12 23:28:29.576 11386 DEBUG tempest.lib.common.rest_client [req-384b52c5-d95f-482d-b678-e23298635be4 ] Request - Headers: {'Content-Type': 'application/json', 'Accept': 'application/json', 'X-Auth-Token': ''} Body: None Response - Headers: {'status': '404', u'content-length': '132', 'content-location': 'http://10.167.4.35:9696/v2.0/ports/810de668-76bc-4b9f-a28a-3ce97117ad39', u'date': 'Sun, 12 May 2019 23:28:29 GMT', u'content-type': 'application/json', u'connection': 'close', u'x-openstack-request-id': 'req-384b52c5-d95f-482d-b678-e23298635be4'} Body: {"NeutronError": {"message": "Port 810de668-76bc-4b9f-a28a-3ce97117ad39 could not be found.", "type": "PortNotFound", "detail": ""}} _log_request_full /root/.rally/verification/verifier-17f5b2df-b8e9-47a5-8f47-53bd9c0f2fa0/repo/tempest/lib/common/rest_client.py:440
2019-05-12 23:28:29.605 11386 INFO tempest.lib.common.rest_client [req-aaefb645-7dca-44c0-ab9b-d3c1a15508d3 ] Request (TrunkTestJSON:_run_cleanups): 404 DELETE http://10.167.4.35:9696/v2.0/ports/db7e113c-361a-4366-9a35-5bac0b89d13b 0.028s
2019-05-12 23:28:29.605 11386 DEBUG tempest.lib.common.rest_client [req-aaefb645-7dca-44c0-ab9b-d3c1a15508d3 ] Request - Headers: {'Content-Type': 'application/json', 'Accept': 'application/json', 'X-Auth-Token': ''} Body: None Response - Headers: {'status': '404', u'content-length': '132', 'content-location': 'http://10.167.4.35:9696/v2.0/ports/db7e113c-361a-4366-9a35-5bac0b89d13b', u'date': 'Sun, 12 May 2019 23:28:29 GMT', u'content-type': 'application/json', u'connection': 'close', u'x-openstack-request-id': 'req-aaefb645-7dca-44c0-ab9b-d3c1a15508d3'} Body: {"NeutronError": {"message": "Port db7e113c-361a-4366-9a35-5bac0b89d13b could not be found.", "type": "PortNotFound", "detail": ""}} _log_request_full /root/.rally/verification/verifier-17f5b2df-b8e9-47a5-8f47-53bd9c0f2fa0/repo/tempest/lib/common/rest_client.py:440
2019-05-12 23:28:29.648 11386 INFO tempest.lib.common.rest_client [req-9f286eb9-dd85-4e2d-93e6-49c393548e46 ] Request (TrunkTestJSON:_run_cleanups): 404 DELETE http://10.167.4.35:9696/v2.0/ports/9565a5a3-c4a1-458b-99ff-1a0d45b69859 0.042s
2019-05-12 23:28:29.649 11386 DEBUG tempest.lib.common.rest_client [req-9f286eb9-dd85-4e2d-93e6-49c393548e46 ] Request - Headers: {'Content-Type': 'application/json', 'Accept': 'application/json', 'X-Auth-Token': ''} Body: None Response - Headers: {'status': '404', u'content-length': '132', 'content-location': 'http://10.167.4.35:9696/v2.0/ports/9565a5a3-c4a1-458b-99ff-1a0d45b69859', u'date': 'Sun, 12 May 2019 23:28:29 GMT', u'content-type': 'application/json', u'connection': 'close', u'x-openstack-request-id': 'req-9f286eb9-dd85-4e2d-93e6-49c393548e46'} Body: {"NeutronError": {"message": "Port 9565a5a3-c4a1-458b-99ff-1a0d45b69859 could not be found.", "type": "PortNotFound", "detail": ""}} _log_request_full /root/.rally/verification/verifier-17f5b2df-b8e9-47a5-8f47-53bd9c0f2fa0/repo/tempest/lib/common/rest_client.py:440
2019-05-12 23:28:29.678 11386 INFO tempest.lib.common.rest_client [req-488f9319-3845-485a-873b-782a81995736 ] Request (TrunkTestJSON:_run_cleanups): 404 DELETE http://10.167.4.35:9696/v2.0/ports/02128060-c223-4106-a422-d3edef2d24a5 0.028s
2019-05-12 23:28:29.679 11386 DEBUG tempest.lib.common.rest_client [req-488f9319-3845-485a-873b-782a81995736 ] Request - Headers: {'Content-Type': 'application/json', 'Accept': 'application/json', 'X-Auth-Token': ''} Body: None Response - Headers: {'status': '404', u'content-length': '132', 'content-location': 'http://10.167.4.35:9696/v2.0/ports/02128060-c223-4106-a422-d3edef2d24a5', u'date': 'Sun, 12 May 2019 23:28:29 GMT', u'content-type': 'application/json', u'connection': 'close', u'x-openstack-request-id': 'req-488f9319-3845-485a-873b-782a81995736'} Body: {"NeutronError": {"message": "Port 02128060-c223-4106-a422-d3edef2d24a5 could not be found.", "type": "PortNotFound", "detail": ""}} _log_request_full /root/.rally/verification/verifier-17f5b2df-b8e9-47a5-8f47-53bd9c0f2fa0/repo/tempest/lib/common/rest_client.py:440
2019-05-12 23:28:29.938 11382 INFO tempest.lib.common.rest_client [req-20335ca2-3266-4573-a406-9d02936f27f4 ] Request (TrunkTestJSON:_run_cleanups): 204 DELETE http://10.167.4.35:9696/v2.0/ports/572cdaa1-5864-4d64-9d0f-e9d1eece2f16 0.578s
2019-05-12 23:28:29.938 11382 DEBUG tempest.lib.common.rest_client [req-20335ca2-3266-4573-a406-9d02936f27f4 ] Request - Headers: {'Content-Type': 'application/json', 'Accept': 'application/json', 'X-Auth-Token': ''} Body: None Response - Headers: {'status': '204', u'content-length': '0', 'content-location': 'http://10.167.4.35:9696/v2.0/ports/572cdaa1-5864-4d64-9d0f-e9d1eece2f16', u'date': 'Sun, 12 May 2019 23:28:29 GMT', u'connection': 'close', u'x-openstack-request-id': 'req-20335ca2-3266-4573-a406-9d02936f27f4'} Body: _log_request_full /root/.rally/verification/verifier-17f5b2df-b8e9-47a5-8f47-53bd9c0f2fa0/repo/tempest/lib/common/rest_client.py:440
2019-05-12 23:28:29.962 11382 INFO tempest.lib.common.rest_client [req-764ecb6b-1e9f-4d06-b8a4-fa3aa3d66005 ] Request (TrunkTestJSON:_run_cleanups): 404 DELETE http://10.167.4.35:9696/v2.0/networks/c2109c58-13e2-40b7-8f55-0c08e5a99a92 0.023s
2019-05-12 23:28:29.963 11382 DEBUG tempest.lib.common.rest_client [req-764ecb6b-1e9f-4d06-b8a4-fa3aa3d66005 ] Request - Headers: {'Content-Type': 'application/json', 'Accept': 'application/json', 'X-Auth-Token': ''} Body: None Response - Headers: {'status': '404', u'content-length': '138', 'content-location': 'http://10.167.4.35:9696/v2.0/networks/c2109c58-13e2-40b7-8f55-0c08e5a99a92', u'date': 'Sun, 12 May 2019 23:28:29 GMT', u'content-type': 'application/json', u'connection': 'close', u'x-openstack-request-id': 'req-764ecb6b-1e9f-4d06-b8a4-fa3aa3d66005'} Body: {"NeutronError": {"message": "Network c2109c58-13e2-40b7-8f55-0c08e5a99a92 could not be found.", "type": "NetworkNotFound", "detail": ""}} _log_request_full /root/.rally/verification/verifier-17f5b2df-b8e9-47a5-8f47-53bd9c0f2fa0/repo/tempest/lib/common/rest_client.py:440
2019-05-12 23:28:29.988 11382 INFO tempest.lib.common.rest_client [req-357ec0bf-2682-44aa-90cd-047b191ba930 ] Request (TrunkTestJSON:_run_cleanups): 404 DELETE http://10.167.4.35:9696/v2.0/networks/2ca08f92-13a8-4174-8935-2a9662ee500b 0.024s
2019-05-12 23:28:29.988 11382 DEBUG tempest.lib.common.rest_client [req-357ec0bf-2682-44aa-90cd-047b191ba930 ] Request - Headers: {'Content-Type': 'application/json', 'Accept': 'application/json', 'X-Auth-Token': ''} Body: None Response - Headers: {'status': '404', u'content-length': '138', 'content-location': 'http://10.167.4.35:9696/v2.0/networks/2ca08f92-13a8-4174-8935-2a9662ee500b', u'date': 'Sun, 12 May 2019 23:28:29 GMT', u'content-type': 'application/json', u'connection': 'close', u'x-openstack-request-id': 'req-357ec0bf-2682-44aa-90cd-047b191ba930'} Body: {"NeutronError": {"message": "Network 2ca08f92-13a8-4174-8935-2a9662ee500b could not be found.", "type": "NetworkNotFound", "detail": ""}} _log_request_full /root/.rally/verification/verifier-17f5b2df-b8e9-47a5-8f47-53bd9c0f2fa0/repo/tempest/lib/common/rest_client.py:440
2019-05-12 23:28:30.015 11382 INFO tempest.lib.common.rest_client [req-44b5b2cb-93b3-47de-88ae-64b1941b7843 ] Request (TrunkTestJSON:_run_cleanups): 404 DELETE http://10.167.4.35:9696/v2.0/networks/49afc9d0-b63f-46be-966d-4bd03c41bcf5 0.026s
2019-05-12 23:28:30.016 11382 DEBUG tempest.lib.common.rest_client [req-44b5b2cb-93b3-47de-88ae-64b1941b7843 ] Request - Headers: {'Content-Type': 'application/json', 'Accept': 'application/json', 'X-Auth-Token': ''} Body: None Response - Headers: {'status': '404', u'content-length': '138', 'content-location': 'http://10.167.4.35:9696/v2.0/networks/49afc9d0-b63f-46be-966d-4bd03c41bcf5', u'date': 'Sun, 12 May 2019 23:28:30 GMT', u'content-type': 'application/json', u'connection': 'close', u'x-openstack-request-id': 'req-44b5b2cb-93b3-47de-88ae-64b1941b7843'} Body: {"NeutronError": {"message": "Network 49afc9d0-b63f-46be-966d-4bd03c41bcf5 could not be found.", "type": "NetworkNotFound", "detail": ""}} _log_request_full /root/.rally/verification/verifier-17f5b2df-b8e9-47a5-8f47-53bd9c0f2fa0/repo/tempest/lib/common/rest_client.py:440
2019-05-12 23:28:30.037 11382 INFO tempest.lib.common.rest_client [req-bed3d414-aeda-4fb5-acb6-47e0d339ac33 ] Request (TrunkTestJSON:_run_cleanups): 404 DELETE http://10.167.4.35:9696/v2.0/networks/dcc5dda4-62c5-4308-968c-5df2cbf31ec9 0.020s
2019-05-12 23:28:30.037 11382 DEBUG tempest.lib.common.rest_client [req-bed3d414-aeda-4fb5-acb6-47e0d339ac33 ] Request - Headers: {'Content-Type': 'application/json', 'Accept': 'application/json', 'X-Auth-Token': ''} Body: None Response - Headers: {'status': '404', u'content-length': '138', 'content-location': 'http://10.167.4.35:9696/v2.0/networks/dcc5dda4-62c5-4308-968c-5df2cbf31ec9', u'date': 'Sun, 12 May 2019 23:28:30 GMT', u'content-type': 'application/json', u'connection': 'close', u'x-openstack-request-id': 'req-bed3d414-aeda-4fb5-acb6-47e0d339ac33'} Body: {"NeutronError": {"message": "Network dcc5dda4-62c5-4308-968c-5df2cbf31ec9 could not be found.", "type": "NetworkNotFound", "detail": ""}} _log_request_full /root/.rally/verification/verifier-17f5b2df-b8e9-47a5-8f47-53bd9c0f2fa0/repo/tempest/lib/common/rest_client.py:440
2019-05-12 23:28:30.058 11382 INFO tempest.lib.common.rest_client [req-86b4f033-1e4c-410d-a7de-777db5d79a3c ] Request (TrunkTestJSON:_run_cleanups): 404 DELETE http://10.167.4.35:9696/v2.0/networks/0a9989b5-6cf6-4fab-923d-171de6969265 0.020s
2019-05-12 23:28:30.058 11382 DEBUG tempest.lib.common.rest_client [req-86b4f033-1e4c-410d-a7de-777db5d79a3c ] Request - Headers: {'Content-Type': 'application/json', 'Accept': 'application/json', 'X-Auth-Token': ''} Body: None Response - Headers: {'status': '404', u'content-length': '138', 'content-location': 'http://10.167.4.35:9696/v2.0/networks/0a9989b5-6cf6-4fab-923d-171de6969265', u'date': 'Sun, 12 May 2019 23:28:30 GMT', u'content-type': 'application/json', u'connection': 'close', u'x-openstack-request-id': 'req-86b4f033-1e4c-410d-a7de-777db5d79a3c'} Body: {"NeutronError": {"message": "Network 0a9989b5-6cf6-4fab-923d-171de6969265 could not be found.", "type": "NetworkNotFound", "detail": ""}} _log_request_full /root/.rally/verification/verifier-17f5b2df-b8e9-47a5-8f47-53bd9c0f2fa0/repo/tempest/lib/common/rest_client.py:440
2019-05-12 23:28:30.079 11382 INFO tempest.lib.common.rest_client [req-9ce7c727-b494-42f3-a0db-cffd798facc3 ] Request (TrunkTestJSON:_run_cleanups): 404 DELETE http://10.167.4.35:9696/v2.0/networks/bd955c21-7a22-4e02-add7-e85be57d1e9d 0.019s
2019-05-12 23:28:30.079 11382 DEBUG tempest.lib.common.rest_client [req-9ce7c727-b494-42f3-a0db-cffd798facc3 ] Request - Headers: {'Content-Type': 'application/json', 'Accept': 'application/json', 'X-Auth-Token': ''} Body: None Response - Headers: {'status': '404', u'content-length': '138', 'content-location': 'http://10.167.4.35:9696/v2.0/networks/bd955c21-7a22-4e02-add7-e85be57d1e9d', u'date': 'Sun, 12 May 2019 23:28:30 GMT', u'content-type': 'application/json', u'connection': 'close', u'x-openstack-request-id': 'req-9ce7c727-b494-42f3-a0db-cffd798facc3'} Body: {"NeutronError": {"message": "Network bd955c21-7a22-4e02-add7-e85be57d1e9d could not be found.", "type": "NetworkNotFound", "detail": ""}} _log_request_full /root/.rally/verification/verifier-17f5b2df-b8e9-47a5-8f47-53bd9c0f2fa0/repo/tempest/lib/common/rest_client.py:440
2019-05-12 23:28:30.091 11386 INFO tempest.lib.common.rest_client [req-509f3ace-ec3f-4950-afb6-803f474e2cea ] Request (TrunkTestJSON:_run_cleanups): 204 DELETE http://10.167.4.35:9696/v2.0/ports/f45323e1-8be9-4792-a747-ca49b887c0e4 0.411s
2019-05-12 23:28:30.091 11386 DEBUG tempest.lib.common.rest_client [req-509f3ace-ec3f-4950-afb6-803f474e2cea ] Request - Headers: {'Content-Type': 'application/json', 'Accept': 'application/json', 'X-Auth-Token': ''} Body: None Response - Headers: {'status': '204', u'content-length': '0', 'content-location': 'http://10.167.4.35:9696/v2.0/ports/f45323e1-8be9-4792-a747-ca49b887c0e4', u'date': 'Sun, 12 May 2019 23:28:30 GMT', u'connection': 'close', u'x-openstack-request-id': 'req-509f3ace-ec3f-4950-afb6-803f474e2cea'} Body: _log_request_full /root/.rally/verification/verifier-17f5b2df-b8e9-47a5-8f47-53bd9c0f2fa0/repo/tempest/lib/common/rest_client.py:440
2019-05-12 23:28:30.444 11386 INFO tempest.lib.common.rest_client [req-5c4bea89-2ad3-401c-a0af-4b4b1d6a2ca0 ] Request (TrunkTestJSON:_run_cleanups): 204 DELETE http://10.167.4.35:9696/v2.0/ports/30e60ed8-406e-41c7-9ba1-a7ad4cbd9ed4 0.352s
2019-05-12 23:28:30.445 11386 DEBUG tempest.lib.common.rest_client [req-5c4bea89-2ad3-401c-a0af-4b4b1d6a2ca0 ] Request - Headers: {'Content-Type': 'application/json', 'Accept': 'application/json', 'X-Auth-Token': ''} Body: None Response - Headers: {'status': '204', u'content-length': '0', 'content-location': 'http://10.167.4.35:9696/v2.0/ports/30e60ed8-406e-41c7-9ba1-a7ad4cbd9ed4', u'date': 'Sun, 12 May 2019 23:28:30 GMT', u'connection': 'close', u'x-openstack-request-id': 'req-5c4bea89-2ad3-401c-a0af-4b4b1d6a2ca0'} Body: _log_request_full /root/.rally/verification/verifier-17f5b2df-b8e9-47a5-8f47-53bd9c0f2fa0/repo/tempest/lib/common/rest_client.py:440
2019-05-12 23:28:30.469 11386 INFO tempest.lib.common.rest_client [req-13f9bb4c-f8e4-4ee7-a8ce-85c8c590ea38 ] Request (TrunkTestJSON:_run_cleanups): 404 DELETE http://10.167.4.35:9696/v2.0/networks/b08e402d-0d4e-4b07-8981-798446248f30 0.023s
2019-05-12 23:28:30.469 11386 DEBUG tempest.lib.common.rest_client [req-13f9bb4c-f8e4-4ee7-a8ce-85c8c590ea38 ] Request - Headers: {'Content-Type': 'application/json', 'Accept': 'application/json', 'X-Auth-Token': ''} Body: None Response - Headers: {'status': '404', u'content-length': '138', 'content-location': 'http://10.167.4.35:9696/v2.0/networks/b08e402d-0d4e-4b07-8981-798446248f30', u'date': 'Sun, 12 May 2019 23:28:30 GMT', u'content-type': 'application/json', u'connection': 'close', u'x-openstack-request-id': 'req-13f9bb4c-f8e4-4ee7-a8ce-85c8c590ea38'} Body: {"NeutronError": {"message": "Network b08e402d-0d4e-4b07-8981-798446248f30 could not be found.", "type": "NetworkNotFound", "detail": ""}} _log_request_full /root/.rally/verification/verifier-17f5b2df-b8e9-47a5-8f47-53bd9c0f2fa0/repo/tempest/lib/common/rest_client.py:440
2019-05-12 23:28:30.491 11386 INFO tempest.lib.common.rest_client [req-8087fa81-1af4-4bd4-bfee-ea0339d6d895 ] Request (TrunkTestJSON:_run_cleanups): 404 DELETE http://10.167.4.35:9696/v2.0/networks/76fc8afd-835d-448d-befd-df414618603d 0.021s
2019-05-12 23:28:30.491 11386 DEBUG tempest.lib.common.rest_client [req-8087fa81-1af4-4bd4-bfee-ea0339d6d895 ] Request - Headers: {'Content-Type': 'application/json', 'Accept': 'application/json', 'X-Auth-Token': ''} Body: None Response - Headers: {'status': '404', u'content-length': '138', 'content-location': 'http://10.167.4.35:9696/v2.0/networks/76fc8afd-835d-448d-befd-df414618603d', u'date': 'Sun, 12 May 2019 23:28:30 GMT', u'content-type': 'application/json', u'connection': 'close', u'x-openstack-request-id': 'req-8087fa81-1af4-4bd4-bfee-ea0339d6d895'} Body: {"NeutronError": {"message": "Network 76fc8afd-835d-448d-befd-df414618603d could not be found.", "type": "NetworkNotFound", "detail": ""}} _log_request_full /root/.rally/verification/verifier-17f5b2df-b8e9-47a5-8f47-53bd9c0f2fa0/repo/tempest/lib/common/rest_client.py:440
2019-05-12 23:28:30.514 11386 INFO tempest.lib.common.rest_client [req-d5ca240b-c4dd-4bef-bfe8-585af920f65a ] Request (TrunkTestJSON:_run_cleanups): 404 DELETE http://10.167.4.35:9696/v2.0/networks/439d8381-b503-40fa-be42-8322071ca7e3 0.021s
2019-05-12 23:28:30.514 11386 DEBUG tempest.lib.common.rest_client [req-d5ca240b-c4dd-4bef-bfe8-585af920f65a ] Request - Headers: {'Content-Type': 'application/json', 'Accept': 'application/json', 'X-Auth-Token': ''} Body: None Response - Headers: {'status': '404', u'content-length': '138', 'content-location': 'http://10.167.4.35:9696/v2.0/networks/439d8381-b503-40fa-be42-8322071ca7e3', u'date': 'Sun, 12 May 2019 23:28:30 GMT', u'content-type': 'application/json', u'connection': 'close', u'x-openstack-request-id': 'req-d5ca240b-c4dd-4bef-bfe8-585af920f65a'} Body: {"NeutronError": {"message": "Network 439d8381-b503-40fa-be42-8322071ca7e3 could not be found.", "type": "NetworkNotFound", "detail": ""}} _log_request_full /root/.rally/verification/verifier-17f5b2df-b8e9-47a5-8f47-53bd9c0f2fa0/repo/tempest/lib/common/rest_client.py:440
2019-05-12 23:28:30.535 11386 INFO tempest.lib.common.rest_client [req-b9274f13-4b6c-43d8-921c-fd12ac73d97f ] Request (TrunkTestJSON:_run_cleanups): 404 DELETE http://10.167.4.35:9696/v2.0/networks/d3b6ca1e-cc1c-485a-bea1-205586a6739f 0.020s
2019-05-12 23:28:30.536 11386 DEBUG tempest.lib.common.rest_client [req-b9274f13-4b6c-43d8-921c-fd12ac73d97f ] Request - Headers: {'Content-Type': 'application/json', 'Accept': 'application/json', 'X-Auth-Token': ''} Body: None Response - Headers: {'status': '404', u'content-length': '138', 'content-location': 'http://10.167.4.35:9696/v2.0/networks/d3b6ca1e-cc1c-485a-bea1-205586a6739f', u'date': 'Sun, 12 May 2019 23:28:30 GMT', u'content-type': 'application/json', u'connection': 'close', u'x-openstack-request-id': 'req-b9274f13-4b6c-43d8-921c-fd12ac73d97f'} Body: {"NeutronError": {"message": "Network d3b6ca1e-cc1c-485a-bea1-205586a6739f could not be found.", "type": "NetworkNotFound", "detail": ""}} _log_request_full /root/.rally/verification/verifier-17f5b2df-b8e9-47a5-8f47-53bd9c0f2fa0/repo/tempest/lib/common/rest_client.py:440
2019-05-12 23:28:30.571 11382 INFO tempest.lib.common.rest_client [req-26e9cb79-b43e-4932-8ad5-b59399481a4d ] Request (TrunkTestJSON:_run_cleanups): 204 DELETE http://10.167.4.35:9696/v2.0/networks/3911991b-4f68-4ae3-b65a-c42c48f319ee 0.491s
2019-05-12 23:28:30.572 11382 DEBUG tempest.lib.common.rest_client [req-26e9cb79-b43e-4932-8ad5-b59399481a4d ] Request - Headers: {'Content-Type': 'application/json', 'Accept': 'application/json', 'X-Auth-Token': ''} Body: None Response - Headers: {'status': '204', u'content-length': '0', 'content-location': 'http://10.167.4.35:9696/v2.0/networks/3911991b-4f68-4ae3-b65a-c42c48f319ee', u'date': 'Sun, 12 May 2019 23:28:30 GMT', u'connection': 'close', u'x-openstack-request-id': 'req-26e9cb79-b43e-4932-8ad5-b59399481a4d'} Body: _log_request_full /root/.rally/verification/verifier-17f5b2df-b8e9-47a5-8f47-53bd9c0f2fa0/repo/tempest/lib/common/rest_client.py:440
2019-05-12 23:28:30.573 11386 INFO tempest.lib.common.rest_client [req-40b20963-1919-467a-b008-ecd423168af7 ] Request (TrunkTestJSON:_run_cleanups): 404 DELETE http://10.167.4.35:9696/v2.0/networks/2c11bbfd-46a9-49ad-8b1d-3b9dac93ee52 0.036s
2019-05-12 23:28:30.573 11386 DEBUG tempest.lib.common.rest_client [req-40b20963-1919-467a-b008-ecd423168af7 ] Request - Headers: {'Content-Type': 'application/json', 'Accept': 'application/json', 'X-Auth-Token': ''} Body: None Response - Headers: {'status': '404', u'content-length': '138', 'content-location': 'http://10.167.4.35:9696/v2.0/networks/2c11bbfd-46a9-49ad-8b1d-3b9dac93ee52', u'date': 'Sun, 12 May 2019 23:28:30 GMT', u'content-type': 'application/json', u'connection': 'close', u'x-openstack-request-id': 'req-40b20963-1919-467a-b008-ecd423168af7'} Body: {"NeutronError": {"message": "Network 2c11bbfd-46a9-49ad-8b1d-3b9dac93ee52 could not be found.", "type": "NetworkNotFound", "detail": ""}} _log_request_full /root/.rally/verification/verifier-17f5b2df-b8e9-47a5-8f47-53bd9c0f2fa0/repo/tempest/lib/common/rest_client.py:440
2019-05-12 23:28:30.764 11383 INFO tempest.lib.common.rest_client [req-16a3bba6-d566-49e1-ac98-5fb1ac827342 ] Request (TrunkTest:test_trunk_subport_lifecycle): 200 GET http://10.167.4.35:8774/v2.1/servers/1c0e6294-520b-4830-b4ad-068c2cdad8a9 0.311s
2019-05-12 23:28:30.764 11383 DEBUG tempest.lib.common.rest_client [req-16a3bba6-d566-49e1-ac98-5fb1ac827342 ] Request - Headers: {'Content-Type': 'application/json', 'Accept': 'application/json', 'X-Auth-Token': ''} Body: None Response - Headers: {'status': '200', u'content-length': '1399', 'content-location': 'http://10.167.4.35:8774/v2.1/servers/1c0e6294-520b-4830-b4ad-068c2cdad8a9', u'x-compute-request-id': 'req-16a3bba6-d566-49e1-ac98-5fb1ac827342', u'vary': 'X-OpenStack-Nova-API-Version', u'openstack-api-version': 'compute 2.1', u'connection': 'close', u'x-openstack-nova-api-version': '2.1', u'date': 'Sun, 12 May 2019 23:28:30 GMT', u'content-type': 'application/json', u'x-openstack-request-id': 'req-16a3bba6-d566-49e1-ac98-5fb1ac827342'} Body: {"server": {"OS-EXT-STS:task_state": "spawning", "addresses": {}, "links": [{"href": "http://10.167.4.35:8774/v2.1/servers/1c0e6294-520b-4830-b4ad-068c2cdad8a9", "rel": "self"}, {"href": "http://10.167.4.35:8774/servers/1c0e6294-520b-4830-b4ad-068c2cdad8a9", "rel": "bookmark"}], "image": {"id": "a2387be0-adc4-4a63-b3cd-b8ff9253c9e7", "links": [{"href": "http://10.167.4.35:8774/images/a2387be0-adc4-4a63-b3cd-b8ff9253c9e7", "rel": "bookmark"}]}, "OS-EXT-STS:vm_state": "building", "OS-SRV-USG:launched_at": null, "flavor": {"id": "a21a5246-a274-49e0-8c53-630360b0294f", "links": [{"href": "http://10.167.4.35:8774/flavors/a21a5246-a274-49e0-8c53-630360b0294f", "rel": "bookmark"}]}, "id": "1c0e6294-520b-4830-b4ad-068c2cdad8a9", "security_groups": [{"name": "tempest-secgroup-240821241"}], "user_id": "e50d6128be9a4af19a1945dd338526d5", "OS-DCF:diskConfig": "MANUAL", "accessIPv4": "", "accessIPv6": "", "progress": 0, "OS-EXT-STS:power_state": 0, "OS-EXT-AZ:availability_zone": "nova", "config_drive": "", "status": "BUILD", "updated": "2019-05-12T23:28:21Z", "hostId": "e97cba2152ee9e37d1a59e5a75e07c306252425a24440e12e92e5321", "OS-SRV-USG:terminated_at": null, "key_name": "tempest-keypair-test-555239201", "name": "tempest-server-test-1743284866", "created": "2019-05-12T23:28:19Z", "tenant_id": "26b010d0f67d409d81987b0363b8e20d", "os-extended-volumes:volumes_attached": [], "metadata": {}}} _log_request_full /root/.rally/verification/verifier-17f5b2df-b8e9-47a5-8f47-53bd9c0f2fa0/repo/tempest/lib/common/rest_client.py:440
2019-05-12 23:28:31.002 11382 INFO tempest.lib.common.rest_client [req-3dcf1c58-0e97-4cc1-bc82-2db073db8439 ] Request (TrunkTestJSON:test_delete_trunk_with_subport_is_allowed): 201 POST http://10.167.4.35:9696/v2.0/networks 0.428s
2019-05-12 23:28:31.003 11382 DEBUG tempest.lib.common.rest_client [req-3dcf1c58-0e97-4cc1-bc82-2db073db8439 ] Request - Headers: {'Content-Type': 'application/json', 'Accept': 'application/json', 'X-Auth-Token': ''} Body: {"network": {"name": "tempest-test-network--411231974"}} Response - Headers: {'status': '201', u'content-length': '568', 'content-location': 'http://10.167.4.35:9696/v2.0/networks', u'date': 'Sun, 12 May 2019 23:28:31 GMT', u'content-type': 'application/json', u'connection': 'close', u'x-openstack-request-id': 'req-3dcf1c58-0e97-4cc1-bc82-2db073db8439'} Body: {"network":{"status":"ACTIVE","router:external":false,"availability_zone_hints":[],"availability_zones":[],"description":"","subnets":[],"shared":false,"tenant_id":"8c32b636b2ca43be9e71612b1a311ac7","created_at":"2019-05-12T23:28:30Z","tags":[],"ipv6_address_scope":null,"mtu":1450,"updated_at":"2019-05-12T23:28:30Z","admin_state_up":true,"revision_number":1,"ipv4_address_scope":null,"is_default":false,"port_security_enabled":true,"project_id":"8c32b636b2ca43be9e71612b1a311ac7","id":"48e8114e-bcd6-4723-8a36-67ce79945533","name":"tempest-test-network--411231974"}} _log_request_full /root/.rally/verification/verifier-17f5b2df-b8e9-47a5-8f47-53bd9c0f2fa0/repo/tempest/lib/common/rest_client.py:440
2019-05-12 23:28:31.389 11386 INFO tempest.lib.common.rest_client [req-d68f682b-18dc-481f-9a96-0575be43700a ] Request (TrunkTestJSON:_run_cleanups): 204 DELETE http://10.167.4.35:9696/v2.0/networks/b010b0e3-62eb-44ac-8fb3-faa2c1350069 0.815s
2019-05-12 23:28:31.390 11386 DEBUG tempest.lib.common.rest_client [req-d68f682b-18dc-481f-9a96-0575be43700a ] Request - Headers: {'Content-Type': 'application/json', 'Accept': 'application/json', 'X-Auth-Token': ''} Body: None Response - Headers: {'status': '204', u'content-length': '0', 'content-location': 'http://10.167.4.35:9696/v2.0/networks/b010b0e3-62eb-44ac-8fb3-faa2c1350069', u'date': 'Sun, 12 May 2019 23:28:31 GMT', u'connection': 'close', u'x-openstack-request-id': 'req-d68f682b-18dc-481f-9a96-0575be43700a'} Body: _log_request_full /root/.rally/verification/verifier-17f5b2df-b8e9-47a5-8f47-53bd9c0f2fa0/repo/tempest/lib/common/rest_client.py:440
2019-05-12 23:28:31.693 11382 INFO tempest.lib.common.rest_client [req-b4a7d516-5450-4b51-b38b-96b455b6bb6f ] Request (TrunkTestJSON:test_delete_trunk_with_subport_is_allowed): 201 POST http://10.167.4.35:9696/v2.0/ports 0.689s
2019-05-12 23:28:31.693 11382 DEBUG tempest.lib.common.rest_client [req-b4a7d516-5450-4b51-b38b-96b455b6bb6f ] Request - Headers: {'Content-Type': 'application/json', 'Accept': 'application/json', 'X-Auth-Token': ''} Body: {"port": {"network_id": "48e8114e-bcd6-4723-8a36-67ce79945533"}} Response - Headers: {'status': '201', u'content-length': '615', 'content-location': 'http://10.167.4.35:9696/v2.0/ports', u'date': 'Sun, 12 May 2019 23:28:31 GMT', u'content-type': 'application/json', u'connection': 'close', u'x-openstack-request-id': 'req-b4a7d516-5450-4b51-b38b-96b455b6bb6f'} Body: {"port":{"status":"DOWN","created_at":"2019-05-12T23:28:31Z","description":"","allowed_address_pairs":[],"tags":[],"network_id":"48e8114e-bcd6-4723-8a36-67ce79945533","tenant_id":"8c32b636b2ca43be9e71612b1a311ac7","extra_dhcp_opts":[],"admin_state_up":true,"updated_at":"2019-05-12T23:28:31Z","name":"","device_owner":"","revision_number":1,"mac_address":"fa:16:3e:4f:5d:68","binding:vnic_type":"normal","port_security_enabled":true,"project_id":"8c32b636b2ca43be9e71612b1a311ac7","fixed_ips":[],"id":"07858eea-3261-42cf-8a1e-27289e90dc28","security_groups":["31b39b89-093f-4d5a-9ef0-9a717d639e56"],"device_id":""}} _log_request_full /root/.rally/verification/verifier-17f5b2df-b8e9-47a5-8f47-53bd9c0f2fa0/repo/tempest/lib/common/rest_client.py:440
2019-05-12 23:28:31.868 11382 INFO tempest.lib.common.rest_client [req-376cd6ac-be9d-48a5-8e5e-16bb5306d705 ] Request (TrunkTestJSON:test_delete_trunk_with_subport_is_allowed): 201 POST http://10.167.4.35:9696/v2.0/networks 0.173s
2019-05-12 23:28:31.869 11382 DEBUG tempest.lib.common.rest_client [req-376cd6ac-be9d-48a5-8e5e-16bb5306d705 ] Request - Headers: {'Content-Type': 'application/json', 'Accept': 'application/json', 'X-Auth-Token': ''} Body: {"network": {"name": "tempest-test-network--1057239669"}} Response - Headers: {'status': '201', u'content-length': '569', 'content-location': 'http://10.167.4.35:9696/v2.0/networks', u'date': 'Sun, 12 May 2019 23:28:31 GMT', u'content-type': 'application/json', u'connection': 'close', u'x-openstack-request-id': 'req-376cd6ac-be9d-48a5-8e5e-16bb5306d705'} Body: {"network":{"status":"ACTIVE","router:external":false,"availability_zone_hints":[],"availability_zones":[],"description":"","subnets":[],"shared":false,"tenant_id":"8c32b636b2ca43be9e71612b1a311ac7","created_at":"2019-05-12T23:28:31Z","tags":[],"ipv6_address_scope":null,"mtu":1450,"updated_at":"2019-05-12T23:28:31Z","admin_state_up":true,"revision_number":1,"ipv4_address_scope":null,"is_default":false,"port_security_enabled":true,"project_id":"8c32b636b2ca43be9e71612b1a311ac7","id":"00eeb412-8c31-4551-8fd3-a9a2dcc1c19f","name":"tempest-test-network--1057239669"}} _log_request_full /root/.rally/verification/verifier-17f5b2df-b8e9-47a5-8f47-53bd9c0f2fa0/repo/tempest/lib/common/rest_client.py:440
2019-05-12 23:28:31.890 11386 INFO tempest.lib.common.rest_client [req-dcb4d40b-4310-46c2-ad96-5c8c89451d15 ] Request (TrunkTestJSON:_run_cleanups): 204 DELETE http://10.167.4.35:9696/v2.0/networks/da0cdbd4-be18-463d-9c76-3244469c0532 0.500s
2019-05-12 23:28:31.891 11386 DEBUG tempest.lib.common.rest_client [req-dcb4d40b-4310-46c2-ad96-5c8c89451d15 ] Request - Headers: {'Content-Type': 'application/json', 'Accept': 'application/json', 'X-Auth-Token': ''} Body: None Response - Headers: {'status': '204', u'content-length': '0', 'content-location': 'http://10.167.4.35:9696/v2.0/networks/da0cdbd4-be18-463d-9c76-3244469c0532', u'date': 'Sun, 12 May 2019 23:28:31 GMT', u'connection': 'close', u'x-openstack-request-id': 'req-dcb4d40b-4310-46c2-ad96-5c8c89451d15'} Body: _log_request_full /root/.rally/verification/verifier-17f5b2df-b8e9-47a5-8f47-53bd9c0f2fa0/repo/tempest/lib/common/rest_client.py:440
2019-05-12 23:28:32.048 11386 INFO tempest.lib.common.rest_client [req-5eef4a4e-cf69-4cc8-9ed3-7a125e8ab90e ] Request (TrunkTestJSON:test_create_subport_nonexistent_port_id): 201 POST http://10.167.4.35:9696/v2.0/networks 0.154s
