2019-05-12 23:28:50.791 11386 DEBUG tempest.lib.common.rest_client [req-205cbfb7-a26a-4d51-82cd-efaa8ab94a04 ] Request - Headers: {'Content-Type': 'application/json', 'Accept': 'application/json', 'X-Auth-Token': ''} Body: {"port": {"network_id": "3be58720-a33a-444a-93e9-4231afd3a286"}} Response - Headers: {'status': '201', u'content-length': '615', 'content-location': 'http://10.167.4.35:9696/v2.0/ports', u'date': 'Sun, 12 May 2019 23:28:50 GMT', u'content-type': 'application/json', u'connection': 'close', u'x-openstack-request-id': 'req-205cbfb7-a26a-4d51-82cd-efaa8ab94a04'} Body: {"port":{"status":"DOWN","created_at":"2019-05-12T23:28:50Z","description":"","allowed_address_pairs":[],"tags":[],"network_id":"3be58720-a33a-444a-93e9-4231afd3a286","tenant_id":"5395769ad0754155bc84a65451e6a34d","extra_dhcp_opts":[],"admin_state_up":true,"updated_at":"2019-05-12T23:28:50Z","name":"","device_owner":"","revision_number":1,"mac_address":"fa:16:3e:d9:2a:c2","binding:vnic_type":"normal","port_security_enabled":true,"project_id":"5395769ad0754155bc84a65451e6a34d","fixed_ips":[],"id":"897e8745-d9c0-4e72-8c5f-32fba61eaf2f","security_groups":["2ff7d362-4dbb-47a1-a915-448b5bf34b7b"],"device_id":""}} _log_request_full /root/.rally/verification/verifier-17f5b2df-b8e9-47a5-8f47-53bd9c0f2fa0/repo/tempest/lib/common/rest_client.py:440
2019-05-12 23:28:50.797 11382 INFO tempest.lib.common.rest_client [req-607a03dc-51d4-442a-a701-7f6121f27b52 ] Request (TrunkTestJSON:_run_cleanups): 204 DELETE http://10.167.4.35:9696/v2.0/trunks/8e7663f4-52e4-443d-88f4-3ab03f842f3f 0.100s
2019-05-12 23:28:50.798 11382 DEBUG tempest.lib.common.rest_client [req-607a03dc-51d4-442a-a701-7f6121f27b52 ] Request - Headers: {'Content-Type': 'application/json', 'Accept': 'application/json', 'X-Auth-Token': ''} Body: None Response - Headers: {'status': '204', u'content-length': '0', 'content-location': 'http://10.167.4.35:9696/v2.0/trunks/8e7663f4-52e4-443d-88f4-3ab03f842f3f', u'date': 'Sun, 12 May 2019 23:28:50 GMT', u'connection': 'close', u'x-openstack-request-id': 'req-607a03dc-51d4-442a-a701-7f6121f27b52'} Body: _log_request_full /root/.rally/verification/verifier-17f5b2df-b8e9-47a5-8f47-53bd9c0f2fa0/repo/tempest/lib/common/rest_client.py:440
2019-05-12 23:28:50.805 11386 INFO tempest.lib.common.rest_client [req-338aa534-d7ae-40d2-938d-27dc46ccab14 ] Request (TrunkTestJSON:test_create_trunk_with_subport_missing_port_id): 400 POST http://10.167.4.35:9696/v2.0/trunks 0.013s
2019-05-12 23:28:50.806 11386 DEBUG tempest.lib.common.rest_client [req-338aa534-d7ae-40d2-938d-27dc46ccab14 ] Request - Headers: {'Content-Type': 'application/json', 'Accept': 'application/json', 'X-Auth-Token': ''} Body: {"trunk": {"sub_ports": [{"segmentation_id": 3, "segmentation_type": "vlan"}], "port_id": "897e8745-d9c0-4e72-8c5f-32fba61eaf2f"}} Response - Headers: {'status': '400', u'content-length': '146', 'content-location': 'http://10.167.4.35:9696/v2.0/trunks', u'date': 'Sun, 12 May 2019 23:28:50 GMT', u'content-type': 'application/json', u'connection': 'close', u'x-openstack-request-id': 'req-338aa534-d7ae-40d2-938d-27dc46ccab14'} Body: {"NeutronError": {"message": "Invalid input for sub_ports. Reason: A valid port UUID must be specified.", "type": "HTTPBadRequest", "detail": ""}} _log_request_full /root/.rally/verification/verifier-17f5b2df-b8e9-47a5-8f47-53bd9c0f2fa0/repo/tempest/lib/common/rest_client.py:440
2019-05-12 23:28:50.812 11382 INFO tempest.lib.common.rest_client [req-2f3ff147-8ab3-4a86-b8a0-f0d9e3e87a6c ] Request (TrunkTestJSON:_run_cleanups): 404 GET http://10.167.4.35:9696/v2.0/trunks/923860cf-c9c7-4b44-9d6e-41547e8a007a 0.014s
2019-05-12 23:28:50.813 11382 DEBUG tempest.lib.common.rest_client [req-2f3ff147-8ab3-4a86-b8a0-f0d9e3e87a6c ] Request - Headers: {'Content-Type': 'application/json', 'Accept': 'application/json', 'X-Auth-Token': ''} Body: None Response - Headers: {'status': '404', u'content-length': '134', 'content-location': 'http://10.167.4.35:9696/v2.0/trunks/923860cf-c9c7-4b44-9d6e-41547e8a007a', u'date': 'Sun, 12 May 2019 23:28:50 GMT', u'content-type': 'application/json', u'connection': 'close', u'x-openstack-request-id': 'req-2f3ff147-8ab3-4a86-b8a0-f0d9e3e87a6c'} Body: {"NeutronError": {"message": "Trunk 923860cf-c9c7-4b44-9d6e-41547e8a007a could not be found.", "type": "TrunkNotFound", "detail": ""}} _log_request_full /root/.rally/verification/verifier-17f5b2df-b8e9-47a5-8f47-53bd9c0f2fa0/repo/tempest/lib/common/rest_client.py:440
2019-05-12 23:28:50.820 11386 INFO tempest.lib.common.rest_client [req-2dc6efeb-978a-42d2-92a2-fd9f88019cba ] Request (TrunkTestJSON:_run_cleanups): 404 GET http://10.167.4.35:9696/v2.0/trunks/9ac76a42-9975-4d4d-a10d-0e7c830b1a4d/get_subports 0.012s
2019-05-12 23:28:50.820 11386 DEBUG tempest.lib.common.rest_client [req-2dc6efeb-978a-42d2-92a2-fd9f88019cba ] Request - Headers: {'Content-Type': 'application/json', 'Accept': 'application/json', 'X-Auth-Token': ''} Body: None Response - Headers: {'status': '404', u'content-length': '134', 'content-location': 'http://10.167.4.35:9696/v2.0/trunks/9ac76a42-9975-4d4d-a10d-0e7c830b1a4d/get_subports', u'date': 'Sun, 12 May 2019 23:28:50 GMT', u'content-type': 'application/json', u'connection': 'close', u'x-openstack-request-id': 'req-2dc6efeb-978a-42d2-92a2-fd9f88019cba'} Body: {"NeutronError": {"message": "Trunk 9ac76a42-9975-4d4d-a10d-0e7c830b1a4d could not be found.", "type": "TrunkNotFound", "detail": ""}} _log_request_full /root/.rally/verification/verifier-17f5b2df-b8e9-47a5-8f47-53bd9c0f2fa0/repo/tempest/lib/common/rest_client.py:440
2019-05-12 23:28:50.831 11382 INFO tempest.lib.common.rest_client [req-64838d5f-a1d2-46fc-a0c7-72b9d809871e ] Request (TrunkTestJSON:_run_cleanups): 404 GET http://10.167.4.35:9696/v2.0/trunks/583dcea6-1cd4-4f12-bdb0-bbdd1218116f 0.017s
2019-05-12 23:28:50.831 11382 DEBUG tempest.lib.common.rest_client [req-64838d5f-a1d2-46fc-a0c7-72b9d809871e ] Request - Headers: {'Content-Type': 'application/json', 'Accept': 'application/json', 'X-Auth-Token': ''} Body: None Response - Headers: {'status': '404', u'content-length': '134', 'content-location': 'http://10.167.4.35:9696/v2.0/trunks/583dcea6-1cd4-4f12-bdb0-bbdd1218116f', u'date': 'Sun, 12 May 2019 23:28:50 GMT', u'content-type': 'application/json', u'connection': 'close', u'x-openstack-request-id': 'req-64838d5f-a1d2-46fc-a0c7-72b9d809871e'} Body: {"NeutronError": {"message": "Trunk 583dcea6-1cd4-4f12-bdb0-bbdd1218116f could not be found.", "type": "TrunkNotFound", "detail": ""}} _log_request_full /root/.rally/verification/verifier-17f5b2df-b8e9-47a5-8f47-53bd9c0f2fa0/repo/tempest/lib/common/rest_client.py:440
2019-05-12 23:28:50.833 11386 INFO tempest.lib.common.rest_client [req-e0f9f790-baff-4b6c-a489-f6037688e22d ] Request (TrunkTestJSON:_run_cleanups): 404 DELETE http://10.167.4.35:9696/v2.0/trunks/9ac76a42-9975-4d4d-a10d-0e7c830b1a4d 0.012s
2019-05-12 23:28:50.834 11386 DEBUG tempest.lib.common.rest_client [req-e0f9f790-baff-4b6c-a489-f6037688e22d ] Request - Headers: {'Content-Type': 'application/json', 'Accept': 'application/json', 'X-Auth-Token': ''} Body: None Response - Headers: {'status': '404', u'content-length': '134', 'content-location': 'http://10.167.4.35:9696/v2.0/trunks/9ac76a42-9975-4d4d-a10d-0e7c830b1a4d', u'date': 'Sun, 12 May 2019 23:28:50 GMT', u'content-type': 'application/json', u'connection': 'close', u'x-openstack-request-id': 'req-e0f9f790-baff-4b6c-a489-f6037688e22d'} Body: {"NeutronError": {"message": "Trunk 9ac76a42-9975-4d4d-a10d-0e7c830b1a4d could not be found.", "type": "TrunkNotFound", "detail": ""}} _log_request_full /root/.rally/verification/verifier-17f5b2df-b8e9-47a5-8f47-53bd9c0f2fa0/repo/tempest/lib/common/rest_client.py:440
2019-05-12 23:28:50.845 11382 INFO tempest.lib.common.rest_client [req-f9d4b6d3-48d3-48bb-b6ff-837ac9a5e44e ] Request (TrunkTestJSON:_run_cleanups): 404 GET http://10.167.4.35:9696/v2.0/trunks/e44cd94f-346f-440a-8ba0-7108a76ebf49 0.012s
2019-05-12 23:28:50.845 11382 DEBUG tempest.lib.common.rest_client [req-f9d4b6d3-48d3-48bb-b6ff-837ac9a5e44e ] Request - Headers: {'Content-Type': 'application/json', 'Accept': 'application/json', 'X-Auth-Token': ''} Body: None Response - Headers: {'status': '404', u'content-length': '134', 'content-location': 'http://10.167.4.35:9696/v2.0/trunks/e44cd94f-346f-440a-8ba0-7108a76ebf49', u'date': 'Sun, 12 May 2019 23:28:50 GMT', u'content-type': 'application/json', u'connection': 'close', u'x-openstack-request-id': 'req-f9d4b6d3-48d3-48bb-b6ff-837ac9a5e44e'} Body: {"NeutronError": {"message": "Trunk e44cd94f-346f-440a-8ba0-7108a76ebf49 could not be found.", "type": "TrunkNotFound", "detail": ""}} _log_request_full /root/.rally/verification/verifier-17f5b2df-b8e9-47a5-8f47-53bd9c0f2fa0/repo/tempest/lib/common/rest_client.py:440
2019-05-12 23:28:50.848 11386 INFO tempest.lib.common.rest_client [req-d93bab0a-4330-4c43-97ef-fd443aab4272 ] Request (TrunkTestJSON:_run_cleanups): 404 GET http://10.167.4.35:9696/v2.0/trunks/ffbd9bef-3408-4e2e-add1-97aa6d58a538/get_subports 0.013s
2019-05-12 23:28:50.849 11386 DEBUG tempest.lib.common.rest_client [req-d93bab0a-4330-4c43-97ef-fd443aab4272 ] Request - Headers: {'Content-Type': 'application/json', 'Accept': 'application/json', 'X-Auth-Token': ''} Body: None Response - Headers: {'status': '404', u'content-length': '134', 'content-location': 'http://10.167.4.35:9696/v2.0/trunks/ffbd9bef-3408-4e2e-add1-97aa6d58a538/get_subports', u'date': 'Sun, 12 May 2019 23:28:50 GMT', u'content-type': 'application/json', u'connection': 'close', u'x-openstack-request-id': 'req-d93bab0a-4330-4c43-97ef-fd443aab4272'} Body: {"NeutronError": {"message": "Trunk ffbd9bef-3408-4e2e-add1-97aa6d58a538 could not be found.", "type": "TrunkNotFound", "detail": ""}} _log_request_full /root/.rally/verification/verifier-17f5b2df-b8e9-47a5-8f47-53bd9c0f2fa0/repo/tempest/lib/common/rest_client.py:440
2019-05-12 23:28:50.857 11382 INFO tempest.lib.common.rest_client [req-e9741cf3-8da1-4617-a74c-056b8cd26592 ] Request (TrunkTestJSON:_run_cleanups): 404 GET http://10.167.4.35:9696/v2.0/trunks/c71d9553-2e82-478a-bee6-6b7964d45348 0.011s
2019-05-12 23:28:50.858 11382 DEBUG tempest.lib.common.rest_client [req-e9741cf3-8da1-4617-a74c-056b8cd26592 ] Request - Headers: {'Content-Type': 'application/json', 'Accept': 'application/json', 'X-Auth-Token': ''} Body: None Response - Headers: {'status': '404', u'content-length': '134', 'content-location': 'http://10.167.4.35:9696/v2.0/trunks/c71d9553-2e82-478a-bee6-6b7964d45348', u'date': 'Sun, 12 May 2019 23:28:50 GMT', u'content-type': 'application/json', u'connection': 'close', u'x-openstack-request-id': 'req-e9741cf3-8da1-4617-a74c-056b8cd26592'} Body: {"NeutronError": {"message": "Trunk c71d9553-2e82-478a-bee6-6b7964d45348 could not be found.", "type": "TrunkNotFound", "detail": ""}} _log_request_full /root/.rally/verification/verifier-17f5b2df-b8e9-47a5-8f47-53bd9c0f2fa0/repo/tempest/lib/common/rest_client.py:440
2019-05-12 23:28:50.865 11386 INFO tempest.lib.common.rest_client [req-52bb6916-9d3e-4d09-8a0f-4fbef035b175 ] Request (TrunkTestJSON:_run_cleanups): 404 DELETE http://10.167.4.35:9696/v2.0/trunks/ffbd9bef-3408-4e2e-add1-97aa6d58a538 0.015s
2019-05-12 23:28:50.865 11386 DEBUG tempest.lib.common.rest_client [req-52bb6916-9d3e-4d09-8a0f-4fbef035b175 ] Request - Headers: {'Content-Type': 'application/json', 'Accept': 'application/json', 'X-Auth-Token': ''} Body: None Response - Headers: {'status': '404', u'content-length': '134', 'content-location': 'http://10.167.4.35:9696/v2.0/trunks/ffbd9bef-3408-4e2e-add1-97aa6d58a538', u'date': 'Sun, 12 May 2019 23:28:50 GMT', u'content-type': 'application/json', u'connection': 'close', u'x-openstack-request-id': 'req-52bb6916-9d3e-4d09-8a0f-4fbef035b175'} Body: {"NeutronError": {"message": "Trunk ffbd9bef-3408-4e2e-add1-97aa6d58a538 could not be found.", "type": "TrunkNotFound", "detail": ""}} _log_request_full /root/.rally/verification/verifier-17f5b2df-b8e9-47a5-8f47-53bd9c0f2fa0/repo/tempest/lib/common/rest_client.py:440
2019-05-12 23:28:50.874 11382 INFO tempest.lib.common.rest_client [req-854e131d-163c-434e-a2cc-fd8f36d603b0 ] Request (TrunkTestJSON:_run_cleanups): 404 GET http://10.167.4.35:9696/v2.0/trunks/4ad8023a-1221-4226-bb15-cba657ba43b2 0.015s
2019-05-12 23:28:50.875 11382 DEBUG tempest.lib.common.rest_client [req-854e131d-163c-434e-a2cc-fd8f36d603b0 ] Request - Headers: {'Content-Type': 'application/json', 'Accept': 'application/json', 'X-Auth-Token': ''} Body: None Response - Headers: {'status': '404', u'content-length': '134', 'content-location': 'http://10.167.4.35:9696/v2.0/trunks/4ad8023a-1221-4226-bb15-cba657ba43b2', u'date': 'Sun, 12 May 2019 23:28:50 GMT', u'content-type': 'application/json', u'connection': 'close', u'x-openstack-request-id': 'req-854e131d-163c-434e-a2cc-fd8f36d603b0'} Body: {"NeutronError": {"message": "Trunk 4ad8023a-1221-4226-bb15-cba657ba43b2 could not be found.", "type": "TrunkNotFound", "detail": ""}} _log_request_full /root/.rally/verification/verifier-17f5b2df-b8e9-47a5-8f47-53bd9c0f2fa0/repo/tempest/lib/common/rest_client.py:440
2019-05-12 23:28:50.877 11386 INFO tempest.lib.common.rest_client [req-981578c6-1082-4c83-94c4-fb56b26e38c4 ] Request (TrunkTestJSON:_run_cleanups): 404 GET http://10.167.4.35:9696/v2.0/trunks/f23a59f8-76db-422a-bcd4-6a286f850b33/get_subports 0.011s
2019-05-12 23:28:50.878 11386 DEBUG tempest.lib.common.rest_client [req-981578c6-1082-4c83-94c4-fb56b26e38c4 ] Request - Headers: {'Content-Type': 'application/json', 'Accept': 'application/json', 'X-Auth-Token': ''} Body: None Response - Headers: {'status': '404', u'content-length': '134', 'content-location': 'http://10.167.4.35:9696/v2.0/trunks/f23a59f8-76db-422a-bcd4-6a286f850b33/get_subports', u'date': 'Sun, 12 May 2019 23:28:50 GMT', u'content-type': 'application/json', u'connection': 'close', u'x-openstack-request-id': 'req-981578c6-1082-4c83-94c4-fb56b26e38c4'} Body: {"NeutronError": {"message": "Trunk f23a59f8-76db-422a-bcd4-6a286f850b33 could not be found.", "type": "TrunkNotFound", "detail": ""}} _log_request_full /root/.rally/verification/verifier-17f5b2df-b8e9-47a5-8f47-53bd9c0f2fa0/repo/tempest/lib/common/rest_client.py:440
2019-05-12 23:28:50.888 11382 INFO tempest.lib.common.rest_client [req-2981a839-d990-4f29-bb4e-64f21af76849 ] Request (TrunkTestJSON:_run_cleanups): 404 GET http://10.167.4.35:9696/v2.0/trunks/394d8018-003a-424e-98d4-762b67c364c2 0.012s
2019-05-12 23:28:50.888 11382 DEBUG tempest.lib.common.rest_client [req-2981a839-d990-4f29-bb4e-64f21af76849 ] Request - Headers: {'Content-Type': 'application/json', 'Accept': 'application/json', 'X-Auth-Token': ''} Body: None Response - Headers: {'status': '404', u'content-length': '134', 'content-location': 'http://10.167.4.35:9696/v2.0/trunks/394d8018-003a-424e-98d4-762b67c364c2', u'date': 'Sun, 12 May 2019 23:28:50 GMT', u'content-type': 'application/json', u'connection': 'close', u'x-openstack-request-id': 'req-2981a839-d990-4f29-bb4e-64f21af76849'} Body: {"NeutronError": {"message": "Trunk 394d8018-003a-424e-98d4-762b67c364c2 could not be found.", "type": "TrunkNotFound", "detail": ""}} _log_request_full /root/.rally/verification/verifier-17f5b2df-b8e9-47a5-8f47-53bd9c0f2fa0/repo/tempest/lib/common/rest_client.py:440
2019-05-12 23:28:50.894 11386 INFO tempest.lib.common.rest_client [req-8b1931f6-625e-4f10-be91-e4d9855dc290 ] Request (TrunkTestJSON:_run_cleanups): 404 DELETE http://10.167.4.35:9696/v2.0/trunks/f23a59f8-76db-422a-bcd4-6a286f850b33 0.015s
2019-05-12 23:28:50.894 11386 DEBUG tempest.lib.common.rest_client [req-8b1931f6-625e-4f10-be91-e4d9855dc290 ] Request - Headers: {'Content-Type': 'application/json', 'Accept': 'application/json', 'X-Auth-Token': ''} Body: None Response - Headers: {'status': '404', u'content-length': '134', 'content-location': 'http://10.167.4.35:9696/v2.0/trunks/f23a59f8-76db-422a-bcd4-6a286f850b33', u'date': 'Sun, 12 May 2019 23:28:50 GMT', u'content-type': 'application/json', u'connection': 'close', u'x-openstack-request-id': 'req-8b1931f6-625e-4f10-be91-e4d9855dc290'} Body: {"NeutronError": {"message": "Trunk f23a59f8-76db-422a-bcd4-6a286f850b33 could not be found.", "type": "TrunkNotFound", "detail": ""}} _log_request_full /root/.rally/verification/verifier-17f5b2df-b8e9-47a5-8f47-53bd9c0f2fa0/repo/tempest/lib/common/rest_client.py:440
2019-05-12 23:28:50.900 11382 INFO tempest.lib.common.rest_client [req-41fc89e9-65cf-4ad0-8080-5b418feae001 ] Request (TrunkTestJSON:_run_cleanups): 404 GET http://10.167.4.35:9696/v2.0/trunks/900ac92a-4398-4778-9fe0-6668b34677dd 0.011s
2019-05-12 23:28:50.901 11382 DEBUG tempest.lib.common.rest_client [req-41fc89e9-65cf-4ad0-8080-5b418feae001 ] Request - Headers: {'Content-Type': 'application/json', 'Accept': 'application/json', 'X-Auth-Token': ''} Body: None Response - Headers: {'status': '404', u'content-length': '134', 'content-location': 'http://10.167.4.35:9696/v2.0/trunks/900ac92a-4398-4778-9fe0-6668b34677dd', u'date': 'Sun, 12 May 2019 23:28:50 GMT', u'content-type': 'application/json', u'connection': 'close', u'x-openstack-request-id': 'req-41fc89e9-65cf-4ad0-8080-5b418feae001'} Body: {"NeutronError": {"message": "Trunk 900ac92a-4398-4778-9fe0-6668b34677dd could not be found.", "type": "TrunkNotFound", "detail": ""}} _log_request_full /root/.rally/verification/verifier-17f5b2df-b8e9-47a5-8f47-53bd9c0f2fa0/repo/tempest/lib/common/rest_client.py:440
2019-05-12 23:28:50.910 11386 INFO tempest.lib.common.rest_client [req-15beb5f5-e2ed-4743-a91a-2838a5974aa3 ] Request (TrunkTestJSON:_run_cleanups): 404 GET http://10.167.4.35:9696/v2.0/trunks/f0801669-f45c-413a-bd9e-b8f915d38099/get_subports 0.015s
2019-05-12 23:28:50.910 11386 DEBUG tempest.lib.common.rest_client [req-15beb5f5-e2ed-4743-a91a-2838a5974aa3 ] Request - Headers: {'Content-Type': 'application/json', 'Accept': 'application/json', 'X-Auth-Token': ''} Body: None Response - Headers: {'status': '404', u'content-length': '134', 'content-location': 'http://10.167.4.35:9696/v2.0/trunks/f0801669-f45c-413a-bd9e-b8f915d38099/get_subports', u'date': 'Sun, 12 May 2019 23:28:50 GMT', u'content-type': 'application/json', u'connection': 'close', u'x-openstack-request-id': 'req-15beb5f5-e2ed-4743-a91a-2838a5974aa3'} Body: {"NeutronError": {"message": "Trunk f0801669-f45c-413a-bd9e-b8f915d38099 could not be found.", "type": "TrunkNotFound", "detail": ""}} _log_request_full /root/.rally/verification/verifier-17f5b2df-b8e9-47a5-8f47-53bd9c0f2fa0/repo/tempest/lib/common/rest_client.py:440
2019-05-12 23:28:50.914 11382 INFO tempest.lib.common.rest_client [req-83ad4b1e-4c94-41c8-833d-be0f427cbce4 ] Request (TrunkTestJSON:_run_cleanups): 404 GET http://10.167.4.35:9696/v2.0/trunks/d8622948-51e5-4280-809d-44a37963be49 0.013s
2019-05-12 23:28:50.915 11382 DEBUG tempest.lib.common.rest_client [req-83ad4b1e-4c94-41c8-833d-be0f427cbce4 ] Request - Headers: {'Content-Type': 'application/json', 'Accept': 'application/json', 'X-Auth-Token': ''} Body: None Response - Headers: {'status': '404', u'content-length': '134', 'content-location': 'http://10.167.4.35:9696/v2.0/trunks/d8622948-51e5-4280-809d-44a37963be49', u'date': 'Sun, 12 May 2019 23:28:50 GMT', u'content-type': 'application/json', u'connection': 'close', u'x-openstack-request-id': 'req-83ad4b1e-4c94-41c8-833d-be0f427cbce4'} Body: {"NeutronError": {"message": "Trunk d8622948-51e5-4280-809d-44a37963be49 could not be found.", "type": "TrunkNotFound", "detail": ""}} _log_request_full /root/.rally/verification/verifier-17f5b2df-b8e9-47a5-8f47-53bd9c0f2fa0/repo/tempest/lib/common/rest_client.py:440
2019-05-12 23:28:50.924 11386 INFO tempest.lib.common.rest_client [req-0d152aa0-c3bd-4df5-8a46-81b1b87b6843 ] Request (TrunkTestJSON:_run_cleanups): 404 DELETE http://10.167.4.35:9696/v2.0/trunks/f0801669-f45c-413a-bd9e-b8f915d38099 0.013s
2019-05-12 23:28:50.924 11386 DEBUG tempest.lib.common.rest_client [req-0d152aa0-c3bd-4df5-8a46-81b1b87b6843 ] Request - Headers: {'Content-Type': 'application/json', 'Accept': 'application/json', 'X-Auth-Token': ''} Body: None Response - Headers: {'status': '404', u'content-length': '134', 'content-location': 'http://10.167.4.35:9696/v2.0/trunks/f0801669-f45c-413a-bd9e-b8f915d38099', u'date': 'Sun, 12 May 2019 23:28:50 GMT', u'content-type': 'application/json', u'connection': 'close', u'x-openstack-request-id': 'req-0d152aa0-c3bd-4df5-8a46-81b1b87b6843'} Body: {"NeutronError": {"message": "Trunk f0801669-f45c-413a-bd9e-b8f915d38099 could not be found.", "type": "TrunkNotFound", "detail": ""}} _log_request_full /root/.rally/verification/verifier-17f5b2df-b8e9-47a5-8f47-53bd9c0f2fa0/repo/tempest/lib/common/rest_client.py:440
2019-05-12 23:28:50.927 11382 INFO tempest.lib.common.rest_client [req-5a95e3d0-2bf4-48a2-adfb-4490b0742477 ] Request (TrunkTestJSON:_run_cleanups): 404 GET http://10.167.4.35:9696/v2.0/trunks/64e15f01-d731-4539-9e30-cb6cab4f88f9 0.011s
2019-05-12 23:28:50.928 11382 DEBUG tempest.lib.common.rest_client [req-5a95e3d0-2bf4-48a2-adfb-4490b0742477 ] Request - Headers: {'Content-Type': 'application/json', 'Accept': 'application/json', 'X-Auth-Token': ''} Body: None Response - Headers: {'status': '404', u'content-length': '134', 'content-location': 'http://10.167.4.35:9696/v2.0/trunks/64e15f01-d731-4539-9e30-cb6cab4f88f9', u'date': 'Sun, 12 May 2019 23:28:50 GMT', u'content-type': 'application/json', u'connection': 'close', u'x-openstack-request-id': 'req-5a95e3d0-2bf4-48a2-adfb-4490b0742477'} Body: {"NeutronError": {"message": "Trunk 64e15f01-d731-4539-9e30-cb6cab4f88f9 could not be found.", "type": "TrunkNotFound", "detail": ""}} _log_request_full /root/.rally/verification/verifier-17f5b2df-b8e9-47a5-8f47-53bd9c0f2fa0/repo/tempest/lib/common/rest_client.py:440
2019-05-12 23:28:50.938 11386 INFO tempest.lib.common.rest_client [req-1a5354cd-9029-422c-b3b2-5b03aa7f117c ] Request (TrunkTestJSON:_run_cleanups): 404 GET http://10.167.4.35:9696/v2.0/trunks/dfb228ad-0395-448c-9f9e-dede13cb1027/get_subports 0.013s
2019-05-12 23:28:50.938 11386 DEBUG tempest.lib.common.rest_client [req-1a5354cd-9029-422c-b3b2-5b03aa7f117c ] Request - Headers: {'Content-Type': 'application/json', 'Accept': 'application/json', 'X-Auth-Token': ''} Body: None Response - Headers: {'status': '404', u'content-length': '134', 'content-location': 'http://10.167.4.35:9696/v2.0/trunks/dfb228ad-0395-448c-9f9e-dede13cb1027/get_subports', u'date': 'Sun, 12 May 2019 23:28:50 GMT', u'content-type': 'application/json', u'connection': 'close', u'x-openstack-request-id': 'req-1a5354cd-9029-422c-b3b2-5b03aa7f117c'} Body: {"NeutronError": {"message": "Trunk dfb228ad-0395-448c-9f9e-dede13cb1027 could not be found.", "type": "TrunkNotFound", "detail": ""}} _log_request_full /root/.rally/verification/verifier-17f5b2df-b8e9-47a5-8f47-53bd9c0f2fa0/repo/tempest/lib/common/rest_client.py:440
2019-05-12 23:28:50.939 11382 INFO tempest.lib.common.rest_client [req-08e81482-fc0e-4f2e-979e-d7807f979c65 ] Request (TrunkTestJSON:_run_cleanups): 404 GET http://10.167.4.35:9696/v2.0/trunks/3d3e60fb-0705-4e85-b339-c4d345c48592 0.010s
2019-05-12 23:28:50.940 11382 DEBUG tempest.lib.common.rest_client [req-08e81482-fc0e-4f2e-979e-d7807f979c65 ] Request - Headers: {'Content-Type': 'application/json', 'Accept': 'application/json', 'X-Auth-Token': ''} Body: None Response - Headers: {'status': '404', u'content-length': '134', 'content-location': 'http://10.167.4.35:9696/v2.0/trunks/3d3e60fb-0705-4e85-b339-c4d345c48592', u'date': 'Sun, 12 May 2019 23:28:50 GMT', u'content-type': 'application/json', u'connection': 'close', u'x-openstack-request-id': 'req-08e81482-fc0e-4f2e-979e-d7807f979c65'} Body: {"NeutronError": {"message": "Trunk 3d3e60fb-0705-4e85-b339-c4d345c48592 could not be found.", "type": "TrunkNotFound", "detail": ""}} _log_request_full /root/.rally/verification/verifier-17f5b2df-b8e9-47a5-8f47-53bd9c0f2fa0/repo/tempest/lib/common/rest_client.py:440
2019-05-12 23:28:50.953 11382 INFO tempest.lib.common.rest_client [req-e4cb83eb-6f06-4019-9537-95cb0491b2df ] Request (TrunkTestJSON:_run_cleanups): 404 GET http://10.167.4.35:9696/v2.0/trunks/8e7663f4-52e4-443d-88f4-3ab03f842f3f 0.012s
2019-05-12 23:28:50.954 11382 DEBUG tempest.lib.common.rest_client [req-e4cb83eb-6f06-4019-9537-95cb0491b2df ] Request - Headers: {'Content-Type': 'application/json', 'Accept': 'application/json', 'X-Auth-Token': ''} Body: None Response - Headers: {'status': '404', u'content-length': '134', 'content-location': 'http://10.167.4.35:9696/v2.0/trunks/8e7663f4-52e4-443d-88f4-3ab03f842f3f', u'date': 'Sun, 12 May 2019 23:28:50 GMT', u'content-type': 'application/json', u'connection': 'close', u'x-openstack-request-id': 'req-e4cb83eb-6f06-4019-9537-95cb0491b2df'} Body: {"NeutronError": {"message": "Trunk 8e7663f4-52e4-443d-88f4-3ab03f842f3f could not be found.", "type": "TrunkNotFound", "detail": ""}} _log_request_full /root/.rally/verification/verifier-17f5b2df-b8e9-47a5-8f47-53bd9c0f2fa0/repo/tempest/lib/common/rest_client.py:440
2019-05-12 23:28:50.953 11386 INFO tempest.lib.common.rest_client [req-3c4ae88f-6dd7-4adf-a773-aa8af83e5cee ] Request (TrunkTestJSON:_run_cleanups): 404 DELETE http://10.167.4.35:9696/v2.0/trunks/dfb228ad-0395-448c-9f9e-dede13cb1027 0.014s
2019-05-12 23:28:50.954 11386 DEBUG tempest.lib.common.rest_client [req-3c4ae88f-6dd7-4adf-a773-aa8af83e5cee ] Request - Headers: {'Content-Type': 'application/json', 'Accept': 'application/json', 'X-Auth-Token': ''} Body: None Response - Headers: {'status': '404', u'content-length': '134', 'content-location': 'http://10.167.4.35:9696/v2.0/trunks/dfb228ad-0395-448c-9f9e-dede13cb1027', u'date': 'Sun, 12 May 2019 23:28:50 GMT', u'content-type': 'application/json', u'connection': 'close', u'x-openstack-request-id': 'req-3c4ae88f-6dd7-4adf-a773-aa8af83e5cee'} Body: {"NeutronError": {"message": "Trunk dfb228ad-0395-448c-9f9e-dede13cb1027 could not be found.", "type": "TrunkNotFound", "detail": ""}} _log_request_full /root/.rally/verification/verifier-17f5b2df-b8e9-47a5-8f47-53bd9c0f2fa0/repo/tempest/lib/common/rest_client.py:440
2019-05-12 23:28:50.966 11386 INFO tempest.lib.common.rest_client [req-b05f2e71-eea1-4b02-ae70-155a1f4c8b4a ] Request (TrunkTestJSON:_run_cleanups): 404 GET http://10.167.4.35:9696/v2.0/trunks/b9d359a9-c8ac-4801-ac00-1caa9a1cb69e/get_subports 0.011s
2019-05-12 23:28:50.966 11386 DEBUG tempest.lib.common.rest_client [req-b05f2e71-eea1-4b02-ae70-155a1f4c8b4a ] Request - Headers: {'Content-Type': 'application/json', 'Accept': 'application/json', 'X-Auth-Token': ''} Body: None Response - Headers: {'status': '404', u'content-length': '134', 'content-location': 'http://10.167.4.35:9696/v2.0/trunks/b9d359a9-c8ac-4801-ac00-1caa9a1cb69e/get_subports', u'date': 'Sun, 12 May 2019 23:28:50 GMT', u'content-type': 'application/json', u'connection': 'close', u'x-openstack-request-id': 'req-b05f2e71-eea1-4b02-ae70-155a1f4c8b4a'} Body: {"NeutronError": {"message": "Trunk b9d359a9-c8ac-4801-ac00-1caa9a1cb69e could not be found.", "type": "TrunkNotFound", "detail": ""}} _log_request_full /root/.rally/verification/verifier-17f5b2df-b8e9-47a5-8f47-53bd9c0f2fa0/repo/tempest/lib/common/rest_client.py:440
2019-05-12 23:28:50.988 11386 INFO tempest.lib.common.rest_client [req-131b5fb2-a2d1-4713-8cb3-7bebd0c3867e ] Request (TrunkTestJSON:_run_cleanups): 404 DELETE http://10.167.4.35:9696/v2.0/trunks/b9d359a9-c8ac-4801-ac00-1caa9a1cb69e 0.021s
2019-05-12 23:28:50.989 11386 DEBUG tempest.lib.common.rest_client [req-131b5fb2-a2d1-4713-8cb3-7bebd0c3867e ] Request - Headers: {'Content-Type': 'application/json', 'Accept': 'application/json', 'X-Auth-Token': ''} Body: None Response - Headers: {'status': '404', u'content-length': '134', 'content-location': 'http://10.167.4.35:9696/v2.0/trunks/b9d359a9-c8ac-4801-ac00-1caa9a1cb69e', u'date': 'Sun, 12 May 2019 23:28:50 GMT', u'content-type': 'application/json', u'connection': 'close', u'x-openstack-request-id': 'req-131b5fb2-a2d1-4713-8cb3-7bebd0c3867e'} Body: {"NeutronError": {"message": "Trunk b9d359a9-c8ac-4801-ac00-1caa9a1cb69e could not be found.", "type": "TrunkNotFound", "detail": ""}} _log_request_full /root/.rally/verification/verifier-17f5b2df-b8e9-47a5-8f47-53bd9c0f2fa0/repo/tempest/lib/common/rest_client.py:440
2019-05-12 23:28:50.989 11383 INFO tempest.lib.common.rest_client [req-15b438a0-d73a-4f90-9793-96d7620de151 ] Request (TrunkTest:test_trunk_subport_lifecycle): 201 POST http://10.167.4.35:9696/v2.0/ports 0.551s
2019-05-12 23:28:50.990 11383 DEBUG tempest.lib.common.rest_client [req-15b438a0-d73a-4f90-9793-96d7620de151 ] Request - Headers: {'Content-Type': 'application/json', 'Accept': 'application/json', 'X-Auth-Token': ''} Body: {"port": {"network_id": "aa3a9417-899a-4054-8c59-cad3ea90520a"}} Response - Headers: {'status': '201', u'content-length': '615', 'content-location': 'http://10.167.4.35:9696/v2.0/ports', u'date': 'Sun, 12 May 2019 23:28:50 GMT', u'content-type': 'application/json', u'connection': 'close', u'x-openstack-request-id': 'req-15b438a0-d73a-4f90-9793-96d7620de151'} Body: {"port":{"status":"DOWN","created_at":"2019-05-12T23:28:50Z","description":"","allowed_address_pairs":[],"tags":[],"network_id":"aa3a9417-899a-4054-8c59-cad3ea90520a","tenant_id":"26b010d0f67d409d81987b0363b8e20d","extra_dhcp_opts":[],"admin_state_up":true,"updated_at":"2019-05-12T23:28:50Z","name":"","device_owner":"","revision_number":1,"mac_address":"fa:16:3e:ff:78:60","binding:vnic_type":"normal","port_security_enabled":true,"project_id":"26b010d0f67d409d81987b0363b8e20d","fixed_ips":[],"id":"dad65970-60a4-4833-88c6-2fb75d96de24","security_groups":["3f182108-c3f3-4215-b988-9152d6cbf44b"],"device_id":""}} _log_request_full /root/.rally/verification/verifier-17f5b2df-b8e9-47a5-8f47-53bd9c0f2fa0/repo/tempest/lib/common/rest_client.py:440
2019-05-12 23:28:51.003 11386 INFO tempest.lib.common.rest_client [req-a606c209-37b9-401b-8fbe-507007bf9055 ] Request (TrunkTestJSON:_run_cleanups): 404 GET http://10.167.4.35:9696/v2.0/trunks/be1da4d1-d157-4599-a3f1-dc018d4e6bea/get_subports 0.013s
2019-05-12 23:28:51.003 11386 DEBUG tempest.lib.common.rest_client [req-a606c209-37b9-401b-8fbe-507007bf9055 ] Request - Headers: {'Content-Type': 'application/json', 'Accept': 'application/json', 'X-Auth-Token': ''} Body: None Response - Headers: {'status': '404', u'content-length': '134', 'content-location': 'http://10.167.4.35:9696/v2.0/trunks/be1da4d1-d157-4599-a3f1-dc018d4e6bea/get_subports', u'date': 'Sun, 12 May 2019 23:28:51 GMT', u'content-type': 'application/json', u'connection': 'close', u'x-openstack-request-id': 'req-a606c209-37b9-401b-8fbe-507007bf9055'} Body: {"NeutronError": {"message": "Trunk be1da4d1-d157-4599-a3f1-dc018d4e6bea could not be found.", "type": "TrunkNotFound", "detail": ""}} _log_request_full /root/.rally/verification/verifier-17f5b2df-b8e9-47a5-8f47-53bd9c0f2fa0/repo/tempest/lib/common/rest_client.py:440
2019-05-12 23:28:51.019 11386 INFO tempest.lib.common.rest_client [req-ca73ab00-0715-449e-8e01-4877a2476829 ] Request (TrunkTestJSON:_run_cleanups): 404 DELETE http://10.167.4.35:9696/v2.0/trunks/be1da4d1-d157-4599-a3f1-dc018d4e6bea 0.014s
2019-05-12 23:28:51.019 11386 DEBUG tempest.lib.common.rest_client [req-ca73ab00-0715-449e-8e01-4877a2476829 ] Request - Headers: {'Content-Type': 'application/json', 'Accept': 'application/json', 'X-Auth-Token': ''} Body: None Response - Headers: {'status': '404', u'content-length': '134', 'content-location': 'http://10.167.4.35:9696/v2.0/trunks/be1da4d1-d157-4599-a3f1-dc018d4e6bea', u'date': 'Sun, 12 May 2019 23:28:51 GMT', u'content-type': 'application/json', u'connection': 'close', u'x-openstack-request-id': 'req-ca73ab00-0715-449e-8e01-4877a2476829'} Body: {"NeutronError": {"message": "Trunk be1da4d1-d157-4599-a3f1-dc018d4e6bea could not be found.", "type": "TrunkNotFound", "detail": ""}} _log_request_full /root/.rally/verification/verifier-17f5b2df-b8e9-47a5-8f47-53bd9c0f2fa0/repo/tempest/lib/common/rest_client.py:440
2019-05-12 23:28:51.033 11386 INFO tempest.lib.common.rest_client [req-dc664afb-f085-4d28-8d48-9d3456f09268 ] Request (TrunkTestJSON:_run_cleanups): 404 GET http://10.167.4.35:9696/v2.0/trunks/9ac76a42-9975-4d4d-a10d-0e7c830b1a4d 0.013s
2019-05-12 23:28:51.034 11386 DEBUG tempest.lib.common.rest_client [req-dc664afb-f085-4d28-8d48-9d3456f09268 ] Request - Headers: {'Content-Type': 'application/json', 'Accept': 'application/json', 'X-Auth-Token': ''} Body: None Response - Headers: {'status': '404', u'content-length': '134', 'content-location': 'http://10.167.4.35:9696/v2.0/trunks/9ac76a42-9975-4d4d-a10d-0e7c830b1a4d', u'date': 'Sun, 12 May 2019 23:28:51 GMT', u'content-type': 'application/json', u'connection': 'close', u'x-openstack-request-id': 'req-dc664afb-f085-4d28-8d48-9d3456f09268'} Body: {"NeutronError": {"message": "Trunk 9ac76a42-9975-4d4d-a10d-0e7c830b1a4d could not be found.", "type": "TrunkNotFound", "detail": ""}} _log_request_full /root/.rally/verification/verifier-17f5b2df-b8e9-47a5-8f47-53bd9c0f2fa0/repo/tempest/lib/common/rest_client.py:440
2019-05-12 23:28:51.048 11386 INFO tempest.lib.common.rest_client [req-ef1bc21b-21ae-4e32-8100-5dc41a02d2f3 ] Request (TrunkTestJSON:_run_cleanups): 404 GET http://10.167.4.35:9696/v2.0/trunks/ffbd9bef-3408-4e2e-add1-97aa6d58a538 0.013s
2019-05-12 23:28:51.049 11386 DEBUG tempest.lib.common.rest_client [req-ef1bc21b-21ae-4e32-8100-5dc41a02d2f3 ] Request - Headers: {'Content-Type': 'application/json', 'Accept': 'application/json', 'X-Auth-Token': ''} Body: None Response - Headers: {'status': '404', u'content-length': '134', 'content-location': 'http://10.167.4.35:9696/v2.0/trunks/ffbd9bef-3408-4e2e-add1-97aa6d58a538', u'date': 'Sun, 12 May 2019 23:28:51 GMT', u'content-type': 'application/json', u'connection': 'close', u'x-openstack-request-id': 'req-ef1bc21b-21ae-4e32-8100-5dc41a02d2f3'} Body: {"NeutronError": {"message": "Trunk ffbd9bef-3408-4e2e-add1-97aa6d58a538 could not be found.", "type": "TrunkNotFound", "detail": ""}} _log_request_full /root/.rally/verification/verifier-17f5b2df-b8e9-47a5-8f47-53bd9c0f2fa0/repo/tempest/lib/common/rest_client.py:440
2019-05-12 23:28:51.061 11386 INFO tempest.lib.common.rest_client [req-f765ca93-73b6-4f39-9460-df80623943c3 ] Request (TrunkTestJSON:_run_cleanups): 404 GET http://10.167.4.35:9696/v2.0/trunks/f23a59f8-76db-422a-bcd4-6a286f850b33 0.012s
2019-05-12 23:28:51.062 11386 DEBUG tempest.lib.common.rest_client [req-f765ca93-73b6-4f39-9460-df80623943c3 ] Request - Headers: {'Content-Type': 'application/json', 'Accept': 'application/json', 'X-Auth-Token': ''} Body: None Response - Headers: {'status': '404', u'content-length': '134', 'content-location': 'http://10.167.4.35:9696/v2.0/trunks/f23a59f8-76db-422a-bcd4-6a286f850b33', u'date': 'Sun, 12 May 2019 23:28:51 GMT', u'content-type': 'application/json', u'connection': 'close', u'x-openstack-request-id': 'req-f765ca93-73b6-4f39-9460-df80623943c3'} Body: {"NeutronError": {"message": "Trunk f23a59f8-76db-422a-bcd4-6a286f850b33 could not be found.", "type": "TrunkNotFound", "detail": ""}} _log_request_full /root/.rally/verification/verifier-17f5b2df-b8e9-47a5-8f47-53bd9c0f2fa0/repo/tempest/lib/common/rest_client.py:440
2019-05-12 23:28:51.082 11386 INFO tempest.lib.common.rest_client [req-6be6018c-beaa-44af-924c-a2c0cf261451 ] Request (TrunkTestJSON:_run_cleanups): 404 GET http://10.167.4.35:9696/v2.0/trunks/f0801669-f45c-413a-bd9e-b8f915d38099 0.019s
2019-05-12 23:28:51.082 11386 DEBUG tempest.lib.common.rest_client [req-6be6018c-beaa-44af-924c-a2c0cf261451 ] Request - Headers: {'Content-Type': 'application/json', 'Accept': 'application/json', 'X-Auth-Token': ''} Body: None Response - Headers: {'status': '404', u'content-length': '134', 'content-location': 'http://10.167.4.35:9696/v2.0/trunks/f0801669-f45c-413a-bd9e-b8f915d38099', u'date': 'Sun, 12 May 2019 23:28:51 GMT', u'content-type': 'application/json', u'connection': 'close', u'x-openstack-request-id': 'req-6be6018c-beaa-44af-924c-a2c0cf261451'} Body: {"NeutronError": {"message": "Trunk f0801669-f45c-413a-bd9e-b8f915d38099 could not be found.", "type": "TrunkNotFound", "detail": ""}} _log_request_full /root/.rally/verification/verifier-17f5b2df-b8e9-47a5-8f47-53bd9c0f2fa0/repo/tempest/lib/common/rest_client.py:440
2019-05-12 23:28:51.097 11386 INFO tempest.lib.common.rest_client [req-caafd634-a043-4579-9631-3d1a9d3e1841 ] Request (TrunkTestJSON:_run_cleanups): 404 GET http://10.167.4.35:9696/v2.0/trunks/dfb228ad-0395-448c-9f9e-dede13cb1027 0.014s
2019-05-12 23:28:51.097 11386 DEBUG tempest.lib.common.rest_client [req-caafd634-a043-4579-9631-3d1a9d3e1841 ] Request - Headers: {'Content-Type': 'application/json', 'Accept': 'application/json', 'X-Auth-Token': ''} Body: None Response - Headers: {'status': '404', u'content-length': '134', 'content-location': 'http://10.167.4.35:9696/v2.0/trunks/dfb228ad-0395-448c-9f9e-dede13cb1027', u'date': 'Sun, 12 May 2019 23:28:51 GMT', u'content-type': 'application/json', u'connection': 'close', u'x-openstack-request-id': 'req-caafd634-a043-4579-9631-3d1a9d3e1841'} Body: {"NeutronError": {"message": "Trunk dfb228ad-0395-448c-9f9e-dede13cb1027 could not be found.", "type": "TrunkNotFound", "detail": ""}} _log_request_full /root/.rally/verification/verifier-17f5b2df-b8e9-47a5-8f47-53bd9c0f2fa0/repo/tempest/lib/common/rest_client.py:440
2019-05-12 23:28:51.113 11386 INFO tempest.lib.common.rest_client [req-f2d26631-65be-4e95-8fd9-8510b88c52b2 ] Request (TrunkTestJSON:_run_cleanups): 404 GET http://10.167.4.35:9696/v2.0/trunks/b9d359a9-c8ac-4801-ac00-1caa9a1cb69e 0.015s
2019-05-12 23:28:51.114 11386 DEBUG tempest.lib.common.rest_client [req-f2d26631-65be-4e95-8fd9-8510b88c52b2 ] Request - Headers: {'Content-Type': 'application/json', 'Accept': 'application/json', 'X-Auth-Token': ''} Body: None Response - Headers: {'status': '404', u'content-length': '134', 'content-location': 'http://10.167.4.35:9696/v2.0/trunks/b9d359a9-c8ac-4801-ac00-1caa9a1cb69e', u'date': 'Sun, 12 May 2019 23:28:51 GMT', u'content-type': 'application/json', u'connection': 'close', u'x-openstack-request-id': 'req-f2d26631-65be-4e95-8fd9-8510b88c52b2'} Body: {"NeutronError": {"message": "Trunk b9d359a9-c8ac-4801-ac00-1caa9a1cb69e could not be found.", "type": "TrunkNotFound", "detail": ""}} _log_request_full /root/.rally/verification/verifier-17f5b2df-b8e9-47a5-8f47-53bd9c0f2fa0/repo/tempest/lib/common/rest_client.py:440
2019-05-12 23:28:51.132 11386 INFO tempest.lib.common.rest_client [req-4aafe255-abae-4124-a4a0-bbd99b47d559 ] Request (TrunkTestJSON:_run_cleanups): 404 GET http://10.167.4.35:9696/v2.0/trunks/be1da4d1-d157-4599-a3f1-dc018d4e6bea 0.017s
2019-05-12 23:28:51.132 11386 DEBUG tempest.lib.common.rest_client [req-4aafe255-abae-4124-a4a0-bbd99b47d559 ] Request - Headers: {'Content-Type': 'application/json', 'Accept': 'application/json', 'X-Auth-Token': ''} Body: None Response - Headers: {'status': '404', u'content-length': '134', 'content-location': 'http://10.167.4.35:9696/v2.0/trunks/be1da4d1-d157-4599-a3f1-dc018d4e6bea', u'date': 'Sun, 12 May 2019 23:28:51 GMT', u'content-type': 'application/json', u'connection': 'close', u'x-openstack-request-id': 'req-4aafe255-abae-4124-a4a0-bbd99b47d559'} Body: {"NeutronError": {"message": "Trunk be1da4d1-d157-4599-a3f1-dc018d4e6bea could not be found.", "type": "TrunkNotFound", "detail": ""}} _log_request_full /root/.rally/verification/verifier-17f5b2df-b8e9-47a5-8f47-53bd9c0f2fa0/repo/tempest/lib/common/rest_client.py:440
2019-05-12 23:28:51.163 11386 INFO tempest.lib.common.rest_client [req-686faec0-aec3-427d-a66a-d998c4010535 ] Request (TrunkTestJSON:_run_cleanups): 404 DELETE http://10.167.4.35:9696/v2.0/ports/34ae55ca-db08-4d04-ac74-17962d8c0052 0.029s
2019-05-12 23:28:51.163 11386 DEBUG tempest.lib.common.rest_client [req-686faec0-aec3-427d-a66a-d998c4010535 ] Request - Headers: {'Content-Type': 'application/json', 'Accept': 'application/json', 'X-Auth-Token': ''} Body: None Response - Headers: {'status': '404', u'content-length': '132', 'content-location': 'http://10.167.4.35:9696/v2.0/ports/34ae55ca-db08-4d04-ac74-17962d8c0052', u'date': 'Sun, 12 May 2019 23:28:51 GMT', u'content-type': 'application/json', u'connection': 'close', u'x-openstack-request-id': 'req-686faec0-aec3-427d-a66a-d998c4010535'} Body: {"NeutronError": {"message": "Port 34ae55ca-db08-4d04-ac74-17962d8c0052 could not be found.", "type": "PortNotFound", "detail": ""}} _log_request_full /root/.rally/verification/verifier-17f5b2df-b8e9-47a5-8f47-53bd9c0f2fa0/repo/tempest/lib/common/rest_client.py:440
2019-05-12 23:28:51.176 11383 INFO tempest.lib.common.rest_client [req-c2f5c95c-0a74-49f3-9672-bf6a729d3b8d ] Request (TrunkTest:test_trunk_subport_lifecycle): 201 POST http://10.167.4.35:9696/v2.0/networks 0.185s
2019-05-12 23:28:51.177 11383 DEBUG tempest.lib.common.rest_client [req-c2f5c95c-0a74-49f3-9672-bf6a729d3b8d ] Request - Headers: {'Content-Type': 'application/json', 'Accept': 'application/json', 'X-Auth-Token': ''} Body: {"network": {"name": "tempest-test-network--708027828"}} Response - Headers: {'status': '201', u'content-length': '568', 'content-location': 'http://10.167.4.35:9696/v2.0/networks', u'date': 'Sun, 12 May 2019 23:28:51 GMT', u'content-type': 'application/json', u'connection': 'close', u'x-openstack-request-id': 'req-c2f5c95c-0a74-49f3-9672-bf6a729d3b8d'} Body: {"network":{"status":"ACTIVE","router:external":false,"availability_zone_hints":[],"availability_zones":[],"description":"","subnets":[],"shared":false,"tenant_id":"26b010d0f67d409d81987b0363b8e20d","created_at":"2019-05-12T23:28:51Z","tags":[],"ipv6_address_scope":null,"mtu":1450,"updated_at":"2019-05-12T23:28:51Z","admin_state_up":true,"revision_number":1,"ipv4_address_scope":null,"is_default":false,"port_security_enabled":true,"project_id":"26b010d0f67d409d81987b0363b8e20d","id":"baf02d6f-fe36-458a-8d3b-d6b1e03cc54c","name":"tempest-test-network--708027828"}} _log_request_full /root/.rally/verification/verifier-17f5b2df-b8e9-47a5-8f47-53bd9c0f2fa0/repo/tempest/lib/common/rest_client.py:440
2019-05-12 23:28:51.195 11386 INFO tempest.lib.common.rest_client [req-6875b13f-f190-4d44-832e-5570cc208fcc ] Request (TrunkTestJSON:_run_cleanups): 404 DELETE http://10.167.4.35:9696/v2.0/ports/019dd13c-7409-49ec-b4e9-b51eb38038e0 0.030s
2019-05-12 23:28:51.195 11386 DEBUG tempest.lib.common.rest_client [req-6875b13f-f190-4d44-832e-5570cc208fcc ] Request - Headers: {'Content-Type': 'application/json', 'Accept': 'application/json', 'X-Auth-Token': ''} Body: None Response - Headers: {'status': '404', u'content-length': '132', 'content-location': 'http://10.167.4.35:9696/v2.0/ports/019dd13c-7409-49ec-b4e9-b51eb38038e0', u'date': 'Sun, 12 May 2019 23:28:51 GMT', u'content-type': 'application/json', u'connection': 'close', u'x-openstack-request-id': 'req-6875b13f-f190-4d44-832e-5570cc208fcc'} Body: {"NeutronError": {"message": "Port 019dd13c-7409-49ec-b4e9-b51eb38038e0 could not be found.", "type": "PortNotFound", "detail": ""}} _log_request_full /root/.rally/verification/verifier-17f5b2df-b8e9-47a5-8f47-53bd9c0f2fa0/repo/tempest/lib/common/rest_client.py:440
2019-05-12 23:28:51.210 11382 INFO tempest.lib.common.rest_client [req-5f8fb598-efbd-430b-9581-43522fb9f5cb ] Request (TrunkTestJSON:_run_cleanups): 404 DELETE http://10.167.4.35:9696/v2.0/ports/c63b28b2-0a59-4eea-bbaa-30bdaaa4acb8 0.256s
2019-05-12 23:28:51.211 11382 DEBUG tempest.lib.common.rest_client [req-5f8fb598-efbd-430b-9581-43522fb9f5cb ] Request - Headers: {'Content-Type': 'application/json', 'Accept': 'application/json', 'X-Auth-Token': ''} Body: None Response - Headers: {'status': '404', u'content-length': '132', 'content-location': 'http://10.167.4.35:9696/v2.0/ports/c63b28b2-0a59-4eea-bbaa-30bdaaa4acb8', u'date': 'Sun, 12 May 2019 23:28:51 GMT', u'content-type': 'application/json', u'connection': 'close', u'x-openstack-request-id': 'req-5f8fb598-efbd-430b-9581-43522fb9f5cb'} Body: {"NeutronError": {"message": "Port c63b28b2-0a59-4eea-bbaa-30bdaaa4acb8 could not be found.", "type": "PortNotFound", "detail": ""}} _log_request_full /root/.rally/verification/verifier-17f5b2df-b8e9-47a5-8f47-53bd9c0f2fa0/repo/tempest/lib/common/rest_client.py:440
2019-05-12 23:28:51.226 11386 INFO tempest.lib.common.rest_client [req-ab120b0c-2b3e-4e9b-90e6-6c05fbc3bbf3 ] Request (TrunkTestJSON:_run_cleanups): 404 DELETE http://10.167.4.35:9696/v2.0/ports/810de668-76bc-4b9f-a28a-3ce97117ad39 0.030s
2019-05-12 23:28:51.227 11386 DEBUG tempest.lib.common.rest_client [req-ab120b0c-2b3e-4e9b-90e6-6c05fbc3bbf3 ] Request - Headers: {'Content-Type': 'application/json', 'Accept': 'application/json', 'X-Auth-Token': ''} Body: None Response - Headers: {'status': '404', u'content-length': '132', 'content-location': 'http://10.167.4.35:9696/v2.0/ports/810de668-76bc-4b9f-a28a-3ce97117ad39', u'date': 'Sun, 12 May 2019 23:28:51 GMT', u'content-type': 'application/json', u'connection': 'close', u'x-openstack-request-id': 'req-ab120b0c-2b3e-4e9b-90e6-6c05fbc3bbf3'} Body: {"NeutronError": {"message": "Port 810de668-76bc-4b9f-a28a-3ce97117ad39 could not be found.", "type": "PortNotFound", "detail": ""}} _log_request_full /root/.rally/verification/verifier-17f5b2df-b8e9-47a5-8f47-53bd9c0f2fa0/repo/tempest/lib/common/rest_client.py:440
2019-05-12 23:28:51.240 11382 INFO tempest.lib.common.rest_client [req-5955e520-7f34-4e69-88cc-1762f4383148 ] Request (TrunkTestJSON:_run_cleanups): 404 DELETE http://10.167.4.35:9696/v2.0/ports/916be61b-ed4b-4d30-97de-b233e0c0390c 0.027s
2019-05-12 23:28:51.240 11382 DEBUG tempest.lib.common.rest_client [req-5955e520-7f34-4e69-88cc-1762f4383148 ] Request - Headers: {'Content-Type': 'application/json', 'Accept': 'application/json', 'X-Auth-Token': ''} Body: None Response - Headers: {'status': '404', u'content-length': '132', 'content-location': 'http://10.167.4.35:9696/v2.0/ports/916be61b-ed4b-4d30-97de-b233e0c0390c', u'date': 'Sun, 12 May 2019 23:28:51 GMT', u'content-type': 'application/json', u'connection': 'close', u'x-openstack-request-id': 'req-5955e520-7f34-4e69-88cc-1762f4383148'} Body: {"NeutronError": {"message": "Port 916be61b-ed4b-4d30-97de-b233e0c0390c could not be found.", "type": "PortNotFound", "detail": ""}} _log_request_full /root/.rally/verification/verifier-17f5b2df-b8e9-47a5-8f47-53bd9c0f2fa0/repo/tempest/lib/common/rest_client.py:440
2019-05-12 23:28:51.262 11386 INFO tempest.lib.common.rest_client [req-1f97a572-40e1-4d5f-9c90-206b98d8cdc1 ] Request (TrunkTestJSON:_run_cleanups): 404 DELETE http://10.167.4.35:9696/v2.0/ports/db7e113c-361a-4366-9a35-5bac0b89d13b 0.034s
2019-05-12 23:28:51.262 11386 DEBUG tempest.lib.common.rest_client [req-1f97a572-40e1-4d5f-9c90-206b98d8cdc1 ] Request - Headers: {'Content-Type': 'application/json', 'Accept': 'application/json', 'X-Auth-Token': ''} Body: None Response - Headers: {'status': '404', u'content-length': '132', 'content-location': 'http://10.167.4.35:9696/v2.0/ports/db7e113c-361a-4366-9a35-5bac0b89d13b', u'date': 'Sun, 12 May 2019 23:28:51 GMT', u'content-type': 'application/json', u'connection': 'close', u'x-openstack-request-id': 'req-1f97a572-40e1-4d5f-9c90-206b98d8cdc1'} Body: {"NeutronError": {"message": "Port db7e113c-361a-4366-9a35-5bac0b89d13b could not be found.", "type": "PortNotFound", "detail": ""}} _log_request_full /root/.rally/verification/verifier-17f5b2df-b8e9-47a5-8f47-53bd9c0f2fa0/repo/tempest/lib/common/rest_client.py:440
2019-05-12 23:28:51.270 11382 INFO tempest.lib.common.rest_client [req-66cb7d4e-8db4-40c8-9ea8-97a3baa51236 ] Request (TrunkTestJSON:_run_cleanups): 404 DELETE http://10.167.4.35:9696/v2.0/ports/a3dca78a-ac2f-4b9f-a0e2-dc2f8026120a 0.029s
2019-05-12 23:28:51.271 11382 DEBUG tempest.lib.common.rest_client [req-66cb7d4e-8db4-40c8-9ea8-97a3baa51236 ] Request - Headers: {'Content-Type': 'application/json', 'Accept': 'application/json', 'X-Auth-Token': ''} Body: None Response - Headers: {'status': '404', u'content-length': '132', 'content-location': 'http://10.167.4.35:9696/v2.0/ports/a3dca78a-ac2f-4b9f-a0e2-dc2f8026120a', u'date': 'Sun, 12 May 2019 23:28:51 GMT', u'content-type': 'application/json', u'connection': 'close', u'x-openstack-request-id': 'req-66cb7d4e-8db4-40c8-9ea8-97a3baa51236'} Body: {"NeutronError": {"message": "Port a3dca78a-ac2f-4b9f-a0e2-dc2f8026120a could not be found.", "type": "PortNotFound", "detail": ""}} _log_request_full /root/.rally/verification/verifier-17f5b2df-b8e9-47a5-8f47-53bd9c0f2fa0/repo/tempest/lib/common/rest_client.py:440
2019-05-12 23:28:51.297 11386 INFO tempest.lib.common.rest_client [req-64534968-046c-435c-bdc5-c132c51a2480 ] Request (TrunkTestJSON:_run_cleanups): 404 DELETE http://10.167.4.35:9696/v2.0/ports/9565a5a3-c4a1-458b-99ff-1a0d45b69859 0.034s
2019-05-12 23:28:51.298 11386 DEBUG tempest.lib.common.rest_client [req-64534968-046c-435c-bdc5-c132c51a2480 ] Request - Headers: {'Content-Type': 'application/json', 'Accept': 'application/json', 'X-Auth-Token': ''} Body: None Response - Headers: {'status': '404', u'content-length': '132', 'content-location': 'http://10.167.4.35:9696/v2.0/ports/9565a5a3-c4a1-458b-99ff-1a0d45b69859', u'date': 'Sun, 12 May 2019 23:28:51 GMT', u'content-type': 'application/json', u'connection': 'close', u'x-openstack-request-id': 'req-64534968-046c-435c-bdc5-c132c51a2480'} Body: {"NeutronError": {"message": "Port 9565a5a3-c4a1-458b-99ff-1a0d45b69859 could not be found.", "type": "PortNotFound", "detail": ""}} _log_request_full /root/.rally/verification/verifier-17f5b2df-b8e9-47a5-8f47-53bd9c0f2fa0/repo/tempest/lib/common/rest_client.py:440
2019-05-12 23:28:51.299 11382 INFO tempest.lib.common.rest_client [req-31af3c25-454b-4311-8045-41281ce75543 ] Request (TrunkTestJSON:_run_cleanups): 404 DELETE http://10.167.4.35:9696/v2.0/ports/5ed77a09-e9ef-480b-884a-de01f061a0d6 0.027s
