2019-05-10 06:50:43.823 11381 INFO tempest.lib.common.rest_client [req-3a337d45-305f-42b6-9a46-56531e48d4c7 ] Request (TrunkTestJSON:_run_cleanups): 204 DELETE http://10.167.4.35:9696/v2.0/ports/f77b4fbc-221c-4f90-87ce-bd9ff523cd7e 0.436s
2019-05-10 06:50:43.824 11381 DEBUG tempest.lib.common.rest_client [req-3a337d45-305f-42b6-9a46-56531e48d4c7 ] Request - Headers: {'Content-Type': 'application/json', 'Accept': 'application/json', 'X-Auth-Token': ''} Body: None Response - Headers: {'status': '204', u'content-length': '0', 'content-location': 'http://10.167.4.35:9696/v2.0/ports/f77b4fbc-221c-4f90-87ce-bd9ff523cd7e', u'date': 'Fri, 10 May 2019 06:50:43 GMT', u'connection': 'close', u'x-openstack-request-id': 'req-3a337d45-305f-42b6-9a46-56531e48d4c7'} Body: _log_request_full /root/.rally/verification/verifier-c2a963c5-e360-4705-8f48-6d3323256886/repo/tempest/lib/common/rest_client.py:440
2019-05-10 06:50:43.839 11377 INFO tempest.lib.common.rest_client [req-3b897676-79f3-41cc-9844-0c5852e6fc81 ] Request (TrunkTestJSON:_run_cleanups): 404 DELETE http://10.167.4.35:9696/v2.0/trunks/d344fca8-48b8-4742-8285-d3fe3c0040a0 0.017s
2019-05-10 06:50:43.839 11377 DEBUG tempest.lib.common.rest_client [req-3b897676-79f3-41cc-9844-0c5852e6fc81 ] Request - Headers: {'Content-Type': 'application/json', 'Accept': 'application/json', 'X-Auth-Token': ''} Body: None Response - Headers: {'status': '404', u'content-length': '134', 'content-location': 'http://10.167.4.35:9696/v2.0/trunks/d344fca8-48b8-4742-8285-d3fe3c0040a0', u'date': 'Fri, 10 May 2019 06:50:43 GMT', u'content-type': 'application/json', u'connection': 'close', u'x-openstack-request-id': 'req-3b897676-79f3-41cc-9844-0c5852e6fc81'} Body: {"NeutronError": {"message": "Trunk d344fca8-48b8-4742-8285-d3fe3c0040a0 could not be found.", "type": "TrunkNotFound", "detail": ""}} _log_request_full /root/.rally/verification/verifier-c2a963c5-e360-4705-8f48-6d3323256886/repo/tempest/lib/common/rest_client.py:440
2019-05-10 06:50:43.845 11381 INFO tempest.lib.common.rest_client [req-4ccdd19b-78d6-4440-b249-0279071fba74 ] Request (TrunkTestJSON:_run_cleanups): 404 DELETE http://10.167.4.35:9696/v2.0/networks/13099f0b-3d25-47fe-a3b0-dac56a22a42c 0.020s
2019-05-10 06:50:43.845 11381 DEBUG tempest.lib.common.rest_client [req-4ccdd19b-78d6-4440-b249-0279071fba74 ] Request - Headers: {'Content-Type': 'application/json', 'Accept': 'application/json', 'X-Auth-Token': ''} Body: None Response - Headers: {'status': '404', u'content-length': '138', 'content-location': 'http://10.167.4.35:9696/v2.0/networks/13099f0b-3d25-47fe-a3b0-dac56a22a42c', u'date': 'Fri, 10 May 2019 06:50:43 GMT', u'content-type': 'application/json', u'connection': 'close', u'x-openstack-request-id': 'req-4ccdd19b-78d6-4440-b249-0279071fba74'} Body: {"NeutronError": {"message": "Network 13099f0b-3d25-47fe-a3b0-dac56a22a42c could not be found.", "type": "NetworkNotFound", "detail": ""}} _log_request_full /root/.rally/verification/verifier-c2a963c5-e360-4705-8f48-6d3323256886/repo/tempest/lib/common/rest_client.py:440
2019-05-10 06:50:43.853 11377 INFO tempest.lib.common.rest_client [req-77f2b589-5788-4acc-9720-2ce532d5e81c ] Request (TrunkTestJSON:_run_cleanups): 404 GET http://10.167.4.35:9696/v2.0/trunks/7172eeec-52f4-4902-a192-c54e04900c9f/get_subports 0.013s
2019-05-10 06:50:43.853 11377 DEBUG tempest.lib.common.rest_client [req-77f2b589-5788-4acc-9720-2ce532d5e81c ] Request - Headers: {'Content-Type': 'application/json', 'Accept': 'application/json', 'X-Auth-Token': ''} Body: None Response - Headers: {'status': '404', u'content-length': '134', 'content-location': 'http://10.167.4.35:9696/v2.0/trunks/7172eeec-52f4-4902-a192-c54e04900c9f/get_subports', u'date': 'Fri, 10 May 2019 06:50:43 GMT', u'content-type': 'application/json', u'connection': 'close', u'x-openstack-request-id': 'req-77f2b589-5788-4acc-9720-2ce532d5e81c'} Body: {"NeutronError": {"message": "Trunk 7172eeec-52f4-4902-a192-c54e04900c9f could not be found.", "type": "TrunkNotFound", "detail": ""}} _log_request_full /root/.rally/verification/verifier-c2a963c5-e360-4705-8f48-6d3323256886/repo/tempest/lib/common/rest_client.py:440
2019-05-10 06:50:43.871 11377 INFO tempest.lib.common.rest_client [req-3c4e58af-1dff-4b68-b353-ad509c4e4d9c ] Request (TrunkTestJSON:_run_cleanups): 404 DELETE http://10.167.4.35:9696/v2.0/trunks/7172eeec-52f4-4902-a192-c54e04900c9f 0.017s
2019-05-10 06:50:43.872 11377 DEBUG tempest.lib.common.rest_client [req-3c4e58af-1dff-4b68-b353-ad509c4e4d9c ] Request - Headers: {'Content-Type': 'application/json', 'Accept': 'application/json', 'X-Auth-Token': ''} Body: None Response - Headers: {'status': '404', u'content-length': '134', 'content-location': 'http://10.167.4.35:9696/v2.0/trunks/7172eeec-52f4-4902-a192-c54e04900c9f', u'date': 'Fri, 10 May 2019 06:50:43 GMT', u'content-type': 'application/json', u'connection': 'close', u'x-openstack-request-id': 'req-3c4e58af-1dff-4b68-b353-ad509c4e4d9c'} Body: {"NeutronError": {"message": "Trunk 7172eeec-52f4-4902-a192-c54e04900c9f could not be found.", "type": "TrunkNotFound", "detail": ""}} _log_request_full /root/.rally/verification/verifier-c2a963c5-e360-4705-8f48-6d3323256886/repo/tempest/lib/common/rest_client.py:440
2019-05-10 06:50:43.872 11381 INFO tempest.lib.common.rest_client [req-f0c70f8e-cdfb-414a-a7e5-7dd83263f9c8 ] Request (TrunkTestJSON:_run_cleanups): 404 DELETE http://10.167.4.35:9696/v2.0/networks/a0356120-cbe9-4c2a-be77-d91a69f4c80f 0.025s
2019-05-10 06:50:43.873 11381 DEBUG tempest.lib.common.rest_client [req-f0c70f8e-cdfb-414a-a7e5-7dd83263f9c8 ] Request - Headers: {'Content-Type': 'application/json', 'Accept': 'application/json', 'X-Auth-Token': ''} Body: None Response - Headers: {'status': '404', u'content-length': '138', 'content-location': 'http://10.167.4.35:9696/v2.0/networks/a0356120-cbe9-4c2a-be77-d91a69f4c80f', u'date': 'Fri, 10 May 2019 06:50:43 GMT', u'content-type': 'application/json', u'connection': 'close', u'x-openstack-request-id': 'req-f0c70f8e-cdfb-414a-a7e5-7dd83263f9c8'} Body: {"NeutronError": {"message": "Network a0356120-cbe9-4c2a-be77-d91a69f4c80f could not be found.", "type": "NetworkNotFound", "detail": ""}} _log_request_full /root/.rally/verification/verifier-c2a963c5-e360-4705-8f48-6d3323256886/repo/tempest/lib/common/rest_client.py:440
2019-05-10 06:50:43.886 11377 INFO tempest.lib.common.rest_client [req-52b249b9-fefa-488a-9ef2-075ff9326e8e ] Request (TrunkTestJSON:_run_cleanups): 404 GET http://10.167.4.35:9696/v2.0/trunks/78a90e57-8b67-4125-9670-aa27f7cad0b9/get_subports 0.013s
2019-05-10 06:50:43.886 11377 DEBUG tempest.lib.common.rest_client [req-52b249b9-fefa-488a-9ef2-075ff9326e8e ] Request - Headers: {'Content-Type': 'application/json', 'Accept': 'application/json', 'X-Auth-Token': ''} Body: None Response - Headers: {'status': '404', u'content-length': '134', 'content-location': 'http://10.167.4.35:9696/v2.0/trunks/78a90e57-8b67-4125-9670-aa27f7cad0b9/get_subports', u'date': 'Fri, 10 May 2019 06:50:43 GMT', u'content-type': 'application/json', u'connection': 'close', u'x-openstack-request-id': 'req-52b249b9-fefa-488a-9ef2-075ff9326e8e'} Body: {"NeutronError": {"message": "Trunk 78a90e57-8b67-4125-9670-aa27f7cad0b9 could not be found.", "type": "TrunkNotFound", "detail": ""}} _log_request_full /root/.rally/verification/verifier-c2a963c5-e360-4705-8f48-6d3323256886/repo/tempest/lib/common/rest_client.py:440
2019-05-10 06:50:43.899 11381 INFO tempest.lib.common.rest_client [req-3219d050-0315-40f4-a834-ef9654604594 ] Request (TrunkTestJSON:_run_cleanups): 404 DELETE http://10.167.4.35:9696/v2.0/networks/4548ede8-9b37-49dc-99e6-c29b7e70b46c 0.025s
2019-05-10 06:50:43.899 11381 DEBUG tempest.lib.common.rest_client [req-3219d050-0315-40f4-a834-ef9654604594 ] Request - Headers: {'Content-Type': 'application/json', 'Accept': 'application/json', 'X-Auth-Token': ''} Body: None Response - Headers: {'status': '404', u'content-length': '138', 'content-location': 'http://10.167.4.35:9696/v2.0/networks/4548ede8-9b37-49dc-99e6-c29b7e70b46c', u'date': 'Fri, 10 May 2019 06:50:43 GMT', u'content-type': 'application/json', u'connection': 'close', u'x-openstack-request-id': 'req-3219d050-0315-40f4-a834-ef9654604594'} Body: {"NeutronError": {"message": "Network 4548ede8-9b37-49dc-99e6-c29b7e70b46c could not be found.", "type": "NetworkNotFound", "detail": ""}} _log_request_full /root/.rally/verification/verifier-c2a963c5-e360-4705-8f48-6d3323256886/repo/tempest/lib/common/rest_client.py:440
2019-05-10 06:50:43.900 11377 INFO tempest.lib.common.rest_client [req-833dca5f-070a-428b-bd40-66fabb209d25 ] Request (TrunkTestJSON:_run_cleanups): 404 DELETE http://10.167.4.35:9696/v2.0/trunks/78a90e57-8b67-4125-9670-aa27f7cad0b9 0.013s
2019-05-10 06:50:43.901 11377 DEBUG tempest.lib.common.rest_client [req-833dca5f-070a-428b-bd40-66fabb209d25 ] Request - Headers: {'Content-Type': 'application/json', 'Accept': 'application/json', 'X-Auth-Token': ''} Body: None Response - Headers: {'status': '404', u'content-length': '134', 'content-location': 'http://10.167.4.35:9696/v2.0/trunks/78a90e57-8b67-4125-9670-aa27f7cad0b9', u'date': 'Fri, 10 May 2019 06:50:43 GMT', u'content-type': 'application/json', u'connection': 'close', u'x-openstack-request-id': 'req-833dca5f-070a-428b-bd40-66fabb209d25'} Body: {"NeutronError": {"message": "Trunk 78a90e57-8b67-4125-9670-aa27f7cad0b9 could not be found.", "type": "TrunkNotFound", "detail": ""}} _log_request_full /root/.rally/verification/verifier-c2a963c5-e360-4705-8f48-6d3323256886/repo/tempest/lib/common/rest_client.py:440
2019-05-10 06:50:43.918 11377 INFO tempest.lib.common.rest_client [req-a49ccf96-b023-420b-b59c-64545618ad03 ] Request (TrunkTestJSON:_run_cleanups): 404 GET http://10.167.4.35:9696/v2.0/trunks/075092c1-7a99-4bff-ab44-ebb671d95f15/get_subports 0.016s
2019-05-10 06:50:43.918 11377 DEBUG tempest.lib.common.rest_client [req-a49ccf96-b023-420b-b59c-64545618ad03 ] Request - Headers: {'Content-Type': 'application/json', 'Accept': 'application/json', 'X-Auth-Token': ''} Body: None Response - Headers: {'status': '404', u'content-length': '134', 'content-location': 'http://10.167.4.35:9696/v2.0/trunks/075092c1-7a99-4bff-ab44-ebb671d95f15/get_subports', u'date': 'Fri, 10 May 2019 06:50:43 GMT', u'content-type': 'application/json', u'connection': 'close', u'x-openstack-request-id': 'req-a49ccf96-b023-420b-b59c-64545618ad03'} Body: {"NeutronError": {"message": "Trunk 075092c1-7a99-4bff-ab44-ebb671d95f15 could not be found.", "type": "TrunkNotFound", "detail": ""}} _log_request_full /root/.rally/verification/verifier-c2a963c5-e360-4705-8f48-6d3323256886/repo/tempest/lib/common/rest_client.py:440
2019-05-10 06:50:43.922 11381 INFO tempest.lib.common.rest_client [req-4b77c7a4-b9fb-46b8-b69e-2606a0fc8c45 ] Request (TrunkTestJSON:_run_cleanups): 404 DELETE http://10.167.4.35:9696/v2.0/networks/06b946d1-8394-4a6f-9049-2ae1aa809122 0.021s
2019-05-10 06:50:43.922 11381 DEBUG tempest.lib.common.rest_client [req-4b77c7a4-b9fb-46b8-b69e-2606a0fc8c45 ] Request - Headers: {'Content-Type': 'application/json', 'Accept': 'application/json', 'X-Auth-Token': ''} Body: None Response - Headers: {'status': '404', u'content-length': '138', 'content-location': 'http://10.167.4.35:9696/v2.0/networks/06b946d1-8394-4a6f-9049-2ae1aa809122', u'date': 'Fri, 10 May 2019 06:50:43 GMT', u'content-type': 'application/json', u'connection': 'close', u'x-openstack-request-id': 'req-4b77c7a4-b9fb-46b8-b69e-2606a0fc8c45'} Body: {"NeutronError": {"message": "Network 06b946d1-8394-4a6f-9049-2ae1aa809122 could not be found.", "type": "NetworkNotFound", "detail": ""}} _log_request_full /root/.rally/verification/verifier-c2a963c5-e360-4705-8f48-6d3323256886/repo/tempest/lib/common/rest_client.py:440
2019-05-10 06:50:43.934 11377 INFO tempest.lib.common.rest_client [req-90a088a7-e085-458d-9189-d1ecab5c17be ] Request (TrunkTestJSON:_run_cleanups): 404 DELETE http://10.167.4.35:9696/v2.0/trunks/075092c1-7a99-4bff-ab44-ebb671d95f15 0.015s
2019-05-10 06:50:43.934 11377 DEBUG tempest.lib.common.rest_client [req-90a088a7-e085-458d-9189-d1ecab5c17be ] Request - Headers: {'Content-Type': 'application/json', 'Accept': 'application/json', 'X-Auth-Token': ''} Body: None Response - Headers: {'status': '404', u'content-length': '134', 'content-location': 'http://10.167.4.35:9696/v2.0/trunks/075092c1-7a99-4bff-ab44-ebb671d95f15', u'date': 'Fri, 10 May 2019 06:50:43 GMT', u'content-type': 'application/json', u'connection': 'close', u'x-openstack-request-id': 'req-90a088a7-e085-458d-9189-d1ecab5c17be'} Body: {"NeutronError": {"message": "Trunk 075092c1-7a99-4bff-ab44-ebb671d95f15 could not be found.", "type": "TrunkNotFound", "detail": ""}} _log_request_full /root/.rally/verification/verifier-c2a963c5-e360-4705-8f48-6d3323256886/repo/tempest/lib/common/rest_client.py:440
2019-05-10 06:50:43.948 11377 INFO tempest.lib.common.rest_client [req-c66a4cd9-45cf-47bf-bc34-26384a10ceb3 ] Request (TrunkTestJSON:_run_cleanups): 404 GET http://10.167.4.35:9696/v2.0/trunks/44369046-31fb-40f4-9812-e7b113148200/get_subports 0.013s
2019-05-10 06:50:43.949 11377 DEBUG tempest.lib.common.rest_client [req-c66a4cd9-45cf-47bf-bc34-26384a10ceb3 ] Request - Headers: {'Content-Type': 'application/json', 'Accept': 'application/json', 'X-Auth-Token': ''} Body: None Response - Headers: {'status': '404', u'content-length': '134', 'content-location': 'http://10.167.4.35:9696/v2.0/trunks/44369046-31fb-40f4-9812-e7b113148200/get_subports', u'date': 'Fri, 10 May 2019 06:50:43 GMT', u'content-type': 'application/json', u'connection': 'close', u'x-openstack-request-id': 'req-c66a4cd9-45cf-47bf-bc34-26384a10ceb3'} Body: {"NeutronError": {"message": "Trunk 44369046-31fb-40f4-9812-e7b113148200 could not be found.", "type": "TrunkNotFound", "detail": ""}} _log_request_full /root/.rally/verification/verifier-c2a963c5-e360-4705-8f48-6d3323256886/repo/tempest/lib/common/rest_client.py:440
2019-05-10 06:50:43.949 11381 INFO tempest.lib.common.rest_client [req-2ab3a297-b165-477a-b395-05374e265ba6 ] Request (TrunkTestJSON:_run_cleanups): 404 DELETE http://10.167.4.35:9696/v2.0/networks/e187457f-81dd-4da4-bf51-9ab49c1388b3 0.025s
2019-05-10 06:50:43.949 11381 DEBUG tempest.lib.common.rest_client [req-2ab3a297-b165-477a-b395-05374e265ba6 ] Request - Headers: {'Content-Type': 'application/json', 'Accept': 'application/json', 'X-Auth-Token': ''} Body: None Response - Headers: {'status': '404', u'content-length': '138', 'content-location': 'http://10.167.4.35:9696/v2.0/networks/e187457f-81dd-4da4-bf51-9ab49c1388b3', u'date': 'Fri, 10 May 2019 06:50:43 GMT', u'content-type': 'application/json', u'connection': 'close', u'x-openstack-request-id': 'req-2ab3a297-b165-477a-b395-05374e265ba6'} Body: {"NeutronError": {"message": "Network e187457f-81dd-4da4-bf51-9ab49c1388b3 could not be found.", "type": "NetworkNotFound", "detail": ""}} _log_request_full /root/.rally/verification/verifier-c2a963c5-e360-4705-8f48-6d3323256886/repo/tempest/lib/common/rest_client.py:440
2019-05-10 06:50:43.964 11377 INFO tempest.lib.common.rest_client [req-9ee168fc-0514-46a9-88cf-c04b54dcd34a ] Request (TrunkTestJSON:_run_cleanups): 404 DELETE http://10.167.4.35:9696/v2.0/trunks/44369046-31fb-40f4-9812-e7b113148200 0.015s
2019-05-10 06:50:43.965 11377 DEBUG tempest.lib.common.rest_client [req-9ee168fc-0514-46a9-88cf-c04b54dcd34a ] Request - Headers: {'Content-Type': 'application/json', 'Accept': 'application/json', 'X-Auth-Token': ''} Body: None Response - Headers: {'status': '404', u'content-length': '134', 'content-location': 'http://10.167.4.35:9696/v2.0/trunks/44369046-31fb-40f4-9812-e7b113148200', u'date': 'Fri, 10 May 2019 06:50:43 GMT', u'content-type': 'application/json', u'connection': 'close', u'x-openstack-request-id': 'req-9ee168fc-0514-46a9-88cf-c04b54dcd34a'} Body: {"NeutronError": {"message": "Trunk 44369046-31fb-40f4-9812-e7b113148200 could not be found.", "type": "TrunkNotFound", "detail": ""}} _log_request_full /root/.rally/verification/verifier-c2a963c5-e360-4705-8f48-6d3323256886/repo/tempest/lib/common/rest_client.py:440
2019-05-10 06:50:43.970 11381 INFO tempest.lib.common.rest_client [req-5d83b550-5264-4c8d-912b-5fec1d2f3131 ] Request (TrunkTestJSON:_run_cleanups): 404 DELETE http://10.167.4.35:9696/v2.0/networks/112fe726-548b-4f60-8698-bbdab95f16fe 0.020s
2019-05-10 06:50:43.970 11381 DEBUG tempest.lib.common.rest_client [req-5d83b550-5264-4c8d-912b-5fec1d2f3131 ] Request - Headers: {'Content-Type': 'application/json', 'Accept': 'application/json', 'X-Auth-Token': ''} Body: None Response - Headers: {'status': '404', u'content-length': '138', 'content-location': 'http://10.167.4.35:9696/v2.0/networks/112fe726-548b-4f60-8698-bbdab95f16fe', u'date': 'Fri, 10 May 2019 06:50:43 GMT', u'content-type': 'application/json', u'connection': 'close', u'x-openstack-request-id': 'req-5d83b550-5264-4c8d-912b-5fec1d2f3131'} Body: {"NeutronError": {"message": "Network 112fe726-548b-4f60-8698-bbdab95f16fe could not be found.", "type": "NetworkNotFound", "detail": ""}} _log_request_full /root/.rally/verification/verifier-c2a963c5-e360-4705-8f48-6d3323256886/repo/tempest/lib/common/rest_client.py:440
2019-05-10 06:50:43.976 11377 INFO tempest.lib.common.rest_client [req-ee213632-d2d6-4ed4-9fa2-744120531f6e ] Request (TrunkTestJSON:_run_cleanups): 404 GET http://10.167.4.35:9696/v2.0/trunks/9ee1d8f8-fabe-4abc-add3-8509f9d5f980/get_subports 0.011s
2019-05-10 06:50:43.977 11377 DEBUG tempest.lib.common.rest_client [req-ee213632-d2d6-4ed4-9fa2-744120531f6e ] Request - Headers: {'Content-Type': 'application/json', 'Accept': 'application/json', 'X-Auth-Token': ''} Body: None Response - Headers: {'status': '404', u'content-length': '134', 'content-location': 'http://10.167.4.35:9696/v2.0/trunks/9ee1d8f8-fabe-4abc-add3-8509f9d5f980/get_subports', u'date': 'Fri, 10 May 2019 06:50:43 GMT', u'content-type': 'application/json', u'connection': 'close', u'x-openstack-request-id': 'req-ee213632-d2d6-4ed4-9fa2-744120531f6e'} Body: {"NeutronError": {"message": "Trunk 9ee1d8f8-fabe-4abc-add3-8509f9d5f980 could not be found.", "type": "TrunkNotFound", "detail": ""}} _log_request_full /root/.rally/verification/verifier-c2a963c5-e360-4705-8f48-6d3323256886/repo/tempest/lib/common/rest_client.py:440
2019-05-10 06:50:43.991 11381 INFO tempest.lib.common.rest_client [req-5adb2919-8e88-43bc-baee-6998d076f93a ] Request (TrunkTestJSON:_run_cleanups): 404 DELETE http://10.167.4.35:9696/v2.0/networks/2ccbcf8a-fc27-4754-878d-bedc4066691d 0.020s
2019-05-10 06:50:43.992 11381 DEBUG tempest.lib.common.rest_client [req-5adb2919-8e88-43bc-baee-6998d076f93a ] Request - Headers: {'Content-Type': 'application/json', 'Accept': 'application/json', 'X-Auth-Token': ''} Body: None Response - Headers: {'status': '404', u'content-length': '138', 'content-location': 'http://10.167.4.35:9696/v2.0/networks/2ccbcf8a-fc27-4754-878d-bedc4066691d', u'date': 'Fri, 10 May 2019 06:50:43 GMT', u'content-type': 'application/json', u'connection': 'close', u'x-openstack-request-id': 'req-5adb2919-8e88-43bc-baee-6998d076f93a'} Body: {"NeutronError": {"message": "Network 2ccbcf8a-fc27-4754-878d-bedc4066691d could not be found.", "type": "NetworkNotFound", "detail": ""}} _log_request_full /root/.rally/verification/verifier-c2a963c5-e360-4705-8f48-6d3323256886/repo/tempest/lib/common/rest_client.py:440
2019-05-10 06:50:43.992 11377 INFO tempest.lib.common.rest_client [req-453992f9-24ec-4118-b96e-afd06a836f8e ] Request (TrunkTestJSON:_run_cleanups): 404 DELETE http://10.167.4.35:9696/v2.0/trunks/9ee1d8f8-fabe-4abc-add3-8509f9d5f980 0.015s
2019-05-10 06:50:43.993 11377 DEBUG tempest.lib.common.rest_client [req-453992f9-24ec-4118-b96e-afd06a836f8e ] Request - Headers: {'Content-Type': 'application/json', 'Accept': 'application/json', 'X-Auth-Token': ''} Body: None Response - Headers: {'status': '404', u'content-length': '134', 'content-location': 'http://10.167.4.35:9696/v2.0/trunks/9ee1d8f8-fabe-4abc-add3-8509f9d5f980', u'date': 'Fri, 10 May 2019 06:50:44 GMT', u'content-type': 'application/json', u'connection': 'close', u'x-openstack-request-id': 'req-453992f9-24ec-4118-b96e-afd06a836f8e'} Body: {"NeutronError": {"message": "Trunk 9ee1d8f8-fabe-4abc-add3-8509f9d5f980 could not be found.", "type": "TrunkNotFound", "detail": ""}} _log_request_full /root/.rally/verification/verifier-c2a963c5-e360-4705-8f48-6d3323256886/repo/tempest/lib/common/rest_client.py:440
2019-05-10 06:50:44.006 11377 INFO tempest.lib.common.rest_client [req-ca9b441d-18c4-4b6d-b946-db9875596255 ] Request (TrunkTestJSON:_run_cleanups): 404 GET http://10.167.4.35:9696/v2.0/trunks/09aa04c3-f919-4c8e-b9a8-d93841d20d0a/get_subports 0.012s
2019-05-10 06:50:44.007 11377 DEBUG tempest.lib.common.rest_client [req-ca9b441d-18c4-4b6d-b946-db9875596255 ] Request - Headers: {'Content-Type': 'application/json', 'Accept': 'application/json', 'X-Auth-Token': ''} Body: None Response - Headers: {'status': '404', u'content-length': '134', 'content-location': 'http://10.167.4.35:9696/v2.0/trunks/09aa04c3-f919-4c8e-b9a8-d93841d20d0a/get_subports', u'date': 'Fri, 10 May 2019 06:50:44 GMT', u'content-type': 'application/json', u'connection': 'close', u'x-openstack-request-id': 'req-ca9b441d-18c4-4b6d-b946-db9875596255'} Body: {"NeutronError": {"message": "Trunk 09aa04c3-f919-4c8e-b9a8-d93841d20d0a could not be found.", "type": "TrunkNotFound", "detail": ""}} _log_request_full /root/.rally/verification/verifier-c2a963c5-e360-4705-8f48-6d3323256886/repo/tempest/lib/common/rest_client.py:440
2019-05-10 06:50:44.016 11381 INFO tempest.lib.common.rest_client [req-3133545f-83bb-4411-92a4-0622ab1afb0f ] Request (TrunkTestJSON:_run_cleanups): 404 DELETE http://10.167.4.35:9696/v2.0/networks/613a7047-a613-4698-8715-90d4478b72d7 0.024s
2019-05-10 06:50:44.017 11381 DEBUG tempest.lib.common.rest_client [req-3133545f-83bb-4411-92a4-0622ab1afb0f ] Request - Headers: {'Content-Type': 'application/json', 'Accept': 'application/json', 'X-Auth-Token': ''} Body: None Response - Headers: {'status': '404', u'content-length': '138', 'content-location': 'http://10.167.4.35:9696/v2.0/networks/613a7047-a613-4698-8715-90d4478b72d7', u'date': 'Fri, 10 May 2019 06:50:44 GMT', u'content-type': 'application/json', u'connection': 'close', u'x-openstack-request-id': 'req-3133545f-83bb-4411-92a4-0622ab1afb0f'} Body: {"NeutronError": {"message": "Network 613a7047-a613-4698-8715-90d4478b72d7 could not be found.", "type": "NetworkNotFound", "detail": ""}} _log_request_full /root/.rally/verification/verifier-c2a963c5-e360-4705-8f48-6d3323256886/repo/tempest/lib/common/rest_client.py:440
2019-05-10 06:50:44.023 11377 INFO tempest.lib.common.rest_client [req-a913fce1-4332-4302-9384-b0a74e095072 ] Request (TrunkTestJSON:_run_cleanups): 404 DELETE http://10.167.4.35:9696/v2.0/trunks/09aa04c3-f919-4c8e-b9a8-d93841d20d0a 0.015s
2019-05-10 06:50:44.023 11377 DEBUG tempest.lib.common.rest_client [req-a913fce1-4332-4302-9384-b0a74e095072 ] Request - Headers: {'Content-Type': 'application/json', 'Accept': 'application/json', 'X-Auth-Token': ''} Body: None Response - Headers: {'status': '404', u'content-length': '134', 'content-location': 'http://10.167.4.35:9696/v2.0/trunks/09aa04c3-f919-4c8e-b9a8-d93841d20d0a', u'date': 'Fri, 10 May 2019 06:50:44 GMT', u'content-type': 'application/json', u'connection': 'close', u'x-openstack-request-id': 'req-a913fce1-4332-4302-9384-b0a74e095072'} Body: {"NeutronError": {"message": "Trunk 09aa04c3-f919-4c8e-b9a8-d93841d20d0a could not be found.", "type": "TrunkNotFound", "detail": ""}} _log_request_full /root/.rally/verification/verifier-c2a963c5-e360-4705-8f48-6d3323256886/repo/tempest/lib/common/rest_client.py:440
2019-05-10 06:50:44.037 11381 INFO tempest.lib.common.rest_client [req-0f839d81-a848-4454-9cc9-c011676c54ef ] Request (TrunkTestJSON:_run_cleanups): 404 DELETE http://10.167.4.35:9696/v2.0/networks/7d6c82c0-0e1c-4353-9d29-5c376169b9d1 0.019s
2019-05-10 06:50:44.037 11381 DEBUG tempest.lib.common.rest_client [req-0f839d81-a848-4454-9cc9-c011676c54ef ] Request - Headers: {'Content-Type': 'application/json', 'Accept': 'application/json', 'X-Auth-Token': ''} Body: None Response - Headers: {'status': '404', u'content-length': '138', 'content-location': 'http://10.167.4.35:9696/v2.0/networks/7d6c82c0-0e1c-4353-9d29-5c376169b9d1', u'date': 'Fri, 10 May 2019 06:50:44 GMT', u'content-type': 'application/json', u'connection': 'close', u'x-openstack-request-id': 'req-0f839d81-a848-4454-9cc9-c011676c54ef'} Body: {"NeutronError": {"message": "Network 7d6c82c0-0e1c-4353-9d29-5c376169b9d1 could not be found.", "type": "NetworkNotFound", "detail": ""}} _log_request_full /root/.rally/verification/verifier-c2a963c5-e360-4705-8f48-6d3323256886/repo/tempest/lib/common/rest_client.py:440
2019-05-10 06:50:44.053 11377 INFO tempest.lib.common.rest_client [req-10911bc7-3a7c-4ebd-b2db-06a2cc665ef7 ] Request (TrunkTestJSON:_run_cleanups): 200 GET http://10.167.4.35:9696/v2.0/trunks/2e86c2ba-68c8-4801-9e7e-a239acb279de/get_subports 0.029s
2019-05-10 06:50:44.054 11377 DEBUG tempest.lib.common.rest_client [req-10911bc7-3a7c-4ebd-b2db-06a2cc665ef7 ] Request - Headers: {'Content-Type': 'application/json', 'Accept': 'application/json', 'X-Auth-Token': ''} Body: None Response - Headers: {'status': '200', u'content-length': '119', 'content-location': 'http://10.167.4.35:9696/v2.0/trunks/2e86c2ba-68c8-4801-9e7e-a239acb279de/get_subports', u'date': 'Fri, 10 May 2019 06:50:44 GMT', u'content-type': 'application/json', u'connection': 'close', u'x-openstack-request-id': 'req-10911bc7-3a7c-4ebd-b2db-06a2cc665ef7'} Body: {"sub_ports": [{"segmentation_type": "vlan", "port_id": "f0b9f7aa-529e-47bc-83f6-522f08e35f98", "segmentation_id": 4}]} _log_request_full /root/.rally/verification/verifier-c2a963c5-e360-4705-8f48-6d3323256886/repo/tempest/lib/common/rest_client.py:440
2019-05-10 06:50:44.060 11381 INFO tempest.lib.common.rest_client [req-16df058d-d7f0-48ba-9a2b-17ac5cf4bd53 ] Request (TrunkTestJSON:_run_cleanups): 404 DELETE http://10.167.4.35:9696/v2.0/networks/1488da09-0567-4b08-a60e-b7a7fd941244 0.021s
2019-05-10 06:50:44.060 11381 DEBUG tempest.lib.common.rest_client [req-16df058d-d7f0-48ba-9a2b-17ac5cf4bd53 ] Request - Headers: {'Content-Type': 'application/json', 'Accept': 'application/json', 'X-Auth-Token': ''} Body: None Response - Headers: {'status': '404', u'content-length': '138', 'content-location': 'http://10.167.4.35:9696/v2.0/networks/1488da09-0567-4b08-a60e-b7a7fd941244', u'date': 'Fri, 10 May 2019 06:50:44 GMT', u'content-type': 'application/json', u'connection': 'close', u'x-openstack-request-id': 'req-16df058d-d7f0-48ba-9a2b-17ac5cf4bd53'} Body: {"NeutronError": {"message": "Network 1488da09-0567-4b08-a60e-b7a7fd941244 could not be found.", "type": "NetworkNotFound", "detail": ""}} _log_request_full /root/.rally/verification/verifier-c2a963c5-e360-4705-8f48-6d3323256886/repo/tempest/lib/common/rest_client.py:440
2019-05-10 06:50:44.064 11378 INFO tempest.lib.common.rest_client [req-8f44aa09-182a-4c22-9fab-196e19d59ddb ] Request (TrunkTest:test_trunk_subport_lifecycle): 200 GET http://10.167.4.35:8774/v2.1/servers/33fa02fc-31ea-4385-9e55-e8e6a942fa67 0.245s
2019-05-10 06:50:44.065 11378 DEBUG tempest.lib.common.rest_client [req-8f44aa09-182a-4c22-9fab-196e19d59ddb ] Request - Headers: {'Content-Type': 'application/json', 'Accept': 'application/json', 'X-Auth-Token': ''} Body: None Response - Headers: {'status': '200', u'content-length': '1690', 'content-location': 'http://10.167.4.35:8774/v2.1/servers/33fa02fc-31ea-4385-9e55-e8e6a942fa67', u'x-compute-request-id': 'req-8f44aa09-182a-4c22-9fab-196e19d59ddb', u'vary': 'X-OpenStack-Nova-API-Version', u'openstack-api-version': 'compute 2.1', u'connection': 'close', u'x-openstack-nova-api-version': '2.1', u'date': 'Fri, 10 May 2019 06:50:44 GMT', u'content-type': 'application/json', u'x-openstack-request-id': 'req-8f44aa09-182a-4c22-9fab-196e19d59ddb'} Body: {"server": {"OS-EXT-STS:task_state": null, "addresses": {"tempest-test-network--27410791": [{"OS-EXT-IPS-MAC:mac_addr": "fa:16:3e:d4:94:f5", "version": 4, "addr": "192.168.120.4", "OS-EXT-IPS:type": "fixed"}, {"OS-EXT-IPS-MAC:mac_addr": "fa:16:3e:d4:94:f5", "version": 4, "addr": "172.30.10.139", "OS-EXT-IPS:type": "floating"}]}, "links": [{"href": "http://10.167.4.35:8774/v2.1/servers/33fa02fc-31ea-4385-9e55-e8e6a942fa67", "rel": "self"}, {"href": "http://10.167.4.35:8774/servers/33fa02fc-31ea-4385-9e55-e8e6a942fa67", "rel": "bookmark"}], "image": {"id": "3f6d77d3-5e90-4a11-a774-d517628f44b5", "links": [{"href": "http://10.167.4.35:8774/images/3f6d77d3-5e90-4a11-a774-d517628f44b5", "rel": "bookmark"}]}, "OS-EXT-STS:vm_state": "active", "OS-SRV-USG:launched_at": "2019-05-10T06:50:24.000000", "flavor": {"id": "fe43221d-b02e-40b7-8c64-8571c27a256a", "links": [{"href": "http://10.167.4.35:8774/flavors/fe43221d-b02e-40b7-8c64-8571c27a256a", "rel": "bookmark"}]}, "id": "33fa02fc-31ea-4385-9e55-e8e6a942fa67", "security_groups": [{"name": "tempest-secgroup-559678203"}], "user_id": "74949a958c544ac396e57aa82761da6f", "OS-DCF:diskConfig": "MANUAL", "accessIPv4": "", "accessIPv6": "", "progress": 0, "OS-EXT-STS:power_state": 1, "OS-EXT-AZ:availability_zone": "nova", "config_drive": "True", "status": "ACTIVE", "updated": "2019-05-10T06:50:25Z", "hostId": "1789948502d3223429388dc2a8a6d1aae4fb2c06203c12d813cf3862", "OS-SRV-USG:terminated_at": null, "key_name": "tempest-keypair-test-408998056", "name": "tempest-server-test-720425226", "created": "2019-05-10T06:50:16Z", "tenant_id": "90a2d91e5f734492896b9cac6f826421", "os-extended-volumes:volumes_attached": [], "metadata": {}}} _log_request_full /root/.rally/verification/verifier-c2a963c5-e360-4705-8f48-6d3323256886/repo/tempest/lib/common/rest_client.py:440
2019-05-10 06:50:44.079 11378 INFO tempest.lib.common.ssh [-] Creating ssh connection to '172.30.10.139:22' as 'cirros' with public key authentication
2019-05-10 06:50:44.082 11378 INFO paramiko.transport [-] Connected (version 2.0, client dropbear_2015.67)
2019-05-10 06:50:44.085 11381 INFO tempest.lib.common.rest_client [req-4385aa20-9e98-4af9-96db-549d2b2b9015 ] Request (TrunkTestJSON:_run_cleanups): 404 DELETE http://10.167.4.35:9696/v2.0/networks/97328e0f-4981-4143-bf95-9abe12193525 0.024s
2019-05-10 06:50:44.085 11381 DEBUG tempest.lib.common.rest_client [req-4385aa20-9e98-4af9-96db-549d2b2b9015 ] Request - Headers: {'Content-Type': 'application/json', 'Accept': 'application/json', 'X-Auth-Token': ''} Body: None Response - Headers: {'status': '404', u'content-length': '138', 'content-location': 'http://10.167.4.35:9696/v2.0/networks/97328e0f-4981-4143-bf95-9abe12193525', u'date': 'Fri, 10 May 2019 06:50:44 GMT', u'content-type': 'application/json', u'connection': 'close', u'x-openstack-request-id': 'req-4385aa20-9e98-4af9-96db-549d2b2b9015'} Body: {"NeutronError": {"message": "Network 97328e0f-4981-4143-bf95-9abe12193525 could not be found.", "type": "NetworkNotFound", "detail": ""}} _log_request_full /root/.rally/verification/verifier-c2a963c5-e360-4705-8f48-6d3323256886/repo/tempest/lib/common/rest_client.py:440
2019-05-10 06:50:44.105 11377 INFO tempest.lib.common.rest_client [req-dec6b7b2-3079-4df3-8213-0b756cdf639f ] Request (TrunkTestJSON:_run_cleanups): 200 PUT http://10.167.4.35:9696/v2.0/trunks/2e86c2ba-68c8-4801-9e7e-a239acb279de/remove_subports 0.050s
2019-05-10 06:50:44.105 11377 DEBUG tempest.lib.common.rest_client [req-dec6b7b2-3079-4df3-8213-0b756cdf639f ] Request - Headers: {'Content-Type': 'application/json', 'Accept': 'application/json', 'X-Auth-Token': ''} Body: {"sub_ports": [{"port_id": "f0b9f7aa-529e-47bc-83f6-522f08e35f98", "segmentation_type": "vlan", "segmentation_id": 4}]} Response - Headers: {'status': '200', u'content-length': '396', 'content-location': 'http://10.167.4.35:9696/v2.0/trunks/2e86c2ba-68c8-4801-9e7e-a239acb279de/remove_subports', u'date': 'Fri, 10 May 2019 06:50:44 GMT', u'content-type': 'application/json', u'connection': 'close', u'x-openstack-request-id': 'req-dec6b7b2-3079-4df3-8213-0b756cdf639f'} Body: {"status": "DOWN", "sub_ports": [], "name": "", "admin_state_up": true, "tenant_id": "fea1a5bfc3eb4b4eb77d2f372aff1f00", "created_at": "2019-05-10T06:50:43Z", "tags": [], "updated_at": "2019-05-10T06:50:44Z", "revision_number": 2, "project_id": "fea1a5bfc3eb4b4eb77d2f372aff1f00", "port_id": "16edd0c5-3876-4a0c-9895-8b8ada81f252", "id": "2e86c2ba-68c8-4801-9e7e-a239acb279de", "description": ""} _log_request_full /root/.rally/verification/verifier-c2a963c5-e360-4705-8f48-6d3323256886/repo/tempest/lib/common/rest_client.py:440
2019-05-10 06:50:44.160 11381 INFO tempest.lib.common.rest_client [req-804039b8-9f98-4803-87a7-1de8f157d24e ] Request (TrunkTestJSON:_run_cleanups): 404 DELETE http://10.167.4.35:9696/v2.0/networks/7a7709c4-2d78-4082-b756-fc8b13207260 0.074s
2019-05-10 06:50:44.160 11381 DEBUG tempest.lib.common.rest_client [req-804039b8-9f98-4803-87a7-1de8f157d24e ] Request - Headers: {'Content-Type': 'application/json', 'Accept': 'application/json', 'X-Auth-Token': ''} Body: None Response - Headers: {'status': '404', u'content-length': '138', 'content-location': 'http://10.167.4.35:9696/v2.0/networks/7a7709c4-2d78-4082-b756-fc8b13207260', u'date': 'Fri, 10 May 2019 06:50:44 GMT', u'content-type': 'application/json', u'connection': 'close', u'x-openstack-request-id': 'req-804039b8-9f98-4803-87a7-1de8f157d24e'} Body: {"NeutronError": {"message": "Network 7a7709c4-2d78-4082-b756-fc8b13207260 could not be found.", "type": "NetworkNotFound", "detail": ""}} _log_request_full /root/.rally/verification/verifier-c2a963c5-e360-4705-8f48-6d3323256886/repo/tempest/lib/common/rest_client.py:440
2019-05-10 06:50:44.188 11381 INFO tempest.lib.common.rest_client [req-56c583d1-96f1-4dfd-a959-c16deb39eeb5 ] Request (TrunkTestJSON:_run_cleanups): 404 DELETE http://10.167.4.35:9696/v2.0/networks/d91d07bc-d846-4890-ae54-c7f874553158 0.026s
2019-05-10 06:50:44.188 11381 DEBUG tempest.lib.common.rest_client [req-56c583d1-96f1-4dfd-a959-c16deb39eeb5 ] Request - Headers: {'Content-Type': 'application/json', 'Accept': 'application/json', 'X-Auth-Token': ''} Body: None Response - Headers: {'status': '404', u'content-length': '138', 'content-location': 'http://10.167.4.35:9696/v2.0/networks/d91d07bc-d846-4890-ae54-c7f874553158', u'date': 'Fri, 10 May 2019 06:50:44 GMT', u'content-type': 'application/json', u'connection': 'close', u'x-openstack-request-id': 'req-56c583d1-96f1-4dfd-a959-c16deb39eeb5'} Body: {"NeutronError": {"message": "Network d91d07bc-d846-4890-ae54-c7f874553158 could not be found.", "type": "NetworkNotFound", "detail": ""}} _log_request_full /root/.rally/verification/verifier-c2a963c5-e360-4705-8f48-6d3323256886/repo/tempest/lib/common/rest_client.py:440
2019-05-10 06:50:44.212 11377 INFO tempest.lib.common.rest_client [req-8710266d-4baa-4e84-bf34-8efa86e75e8c ] Request (TrunkTestJSON:_run_cleanups): 204 DELETE http://10.167.4.35:9696/v2.0/trunks/2e86c2ba-68c8-4801-9e7e-a239acb279de 0.105s
2019-05-10 06:50:44.212 11377 DEBUG tempest.lib.common.rest_client [req-8710266d-4baa-4e84-bf34-8efa86e75e8c ] Request - Headers: {'Content-Type': 'application/json', 'Accept': 'application/json', 'X-Auth-Token': ''} Body: None Response - Headers: {'status': '204', u'content-length': '0', 'content-location': 'http://10.167.4.35:9696/v2.0/trunks/2e86c2ba-68c8-4801-9e7e-a239acb279de', u'date': 'Fri, 10 May 2019 06:50:44 GMT', u'connection': 'close', u'x-openstack-request-id': 'req-8710266d-4baa-4e84-bf34-8efa86e75e8c'} Body: _log_request_full /root/.rally/verification/verifier-c2a963c5-e360-4705-8f48-6d3323256886/repo/tempest/lib/common/rest_client.py:440
2019-05-10 06:50:44.226 11377 INFO tempest.lib.common.rest_client [req-051fa81e-a88c-4207-a618-17ee073af8d2 ] Request (TrunkTestJSON:_run_cleanups): 404 GET http://10.167.4.35:9696/v2.0/trunks/9e0e08f8-8b0b-4181-9fd6-660f0ede92c9 0.013s
2019-05-10 06:50:44.226 11377 DEBUG tempest.lib.common.rest_client [req-051fa81e-a88c-4207-a618-17ee073af8d2 ] Request - Headers: {'Content-Type': 'application/json', 'Accept': 'application/json', 'X-Auth-Token': ''} Body: None Response - Headers: {'status': '404', u'content-length': '134', 'content-location': 'http://10.167.4.35:9696/v2.0/trunks/9e0e08f8-8b0b-4181-9fd6-660f0ede92c9', u'date': 'Fri, 10 May 2019 06:50:44 GMT', u'content-type': 'application/json', u'connection': 'close', u'x-openstack-request-id': 'req-051fa81e-a88c-4207-a618-17ee073af8d2'} Body: {"NeutronError": {"message": "Trunk 9e0e08f8-8b0b-4181-9fd6-660f0ede92c9 could not be found.", "type": "TrunkNotFound", "detail": ""}} _log_request_full /root/.rally/verification/verifier-c2a963c5-e360-4705-8f48-6d3323256886/repo/tempest/lib/common/rest_client.py:440
2019-05-10 06:50:44.242 11377 INFO tempest.lib.common.rest_client [req-9abd5f58-bd03-4a76-9c79-4d913f7f3a92 ] Request (TrunkTestJSON:_run_cleanups): 404 GET http://10.167.4.35:9696/v2.0/trunks/652d80d1-7e3a-4142-8881-24403acf900c 0.014s
2019-05-10 06:50:44.242 11377 DEBUG tempest.lib.common.rest_client [req-9abd5f58-bd03-4a76-9c79-4d913f7f3a92 ] Request - Headers: {'Content-Type': 'application/json', 'Accept': 'application/json', 'X-Auth-Token': ''} Body: None Response - Headers: {'status': '404', u'content-length': '134', 'content-location': 'http://10.167.4.35:9696/v2.0/trunks/652d80d1-7e3a-4142-8881-24403acf900c', u'date': 'Fri, 10 May 2019 06:50:44 GMT', u'content-type': 'application/json', u'connection': 'close', u'x-openstack-request-id': 'req-9abd5f58-bd03-4a76-9c79-4d913f7f3a92'} Body: {"NeutronError": {"message": "Trunk 652d80d1-7e3a-4142-8881-24403acf900c could not be found.", "type": "TrunkNotFound", "detail": ""}} _log_request_full /root/.rally/verification/verifier-c2a963c5-e360-4705-8f48-6d3323256886/repo/tempest/lib/common/rest_client.py:440
2019-05-10 06:50:44.263 11377 INFO tempest.lib.common.rest_client [req-b92b6f8f-d436-4d4b-ae3f-078e5dbcb755 ] Request (TrunkTestJSON:_run_cleanups): 404 GET http://10.167.4.35:9696/v2.0/trunks/dee61ab6-c590-446b-b8d2-b949e561f45f 0.019s
2019-05-10 06:50:44.263 11377 DEBUG tempest.lib.common.rest_client [req-b92b6f8f-d436-4d4b-ae3f-078e5dbcb755 ] Request - Headers: {'Content-Type': 'application/json', 'Accept': 'application/json', 'X-Auth-Token': ''} Body: None Response - Headers: {'status': '404', u'content-length': '134', 'content-location': 'http://10.167.4.35:9696/v2.0/trunks/dee61ab6-c590-446b-b8d2-b949e561f45f', u'date': 'Fri, 10 May 2019 06:50:44 GMT', u'content-type': 'application/json', u'connection': 'close', u'x-openstack-request-id': 'req-b92b6f8f-d436-4d4b-ae3f-078e5dbcb755'} Body: {"NeutronError": {"message": "Trunk dee61ab6-c590-446b-b8d2-b949e561f45f could not be found.", "type": "TrunkNotFound", "detail": ""}} _log_request_full /root/.rally/verification/verifier-c2a963c5-e360-4705-8f48-6d3323256886/repo/tempest/lib/common/rest_client.py:440
2019-05-10 06:50:44.278 11377 INFO tempest.lib.common.rest_client [req-0998453a-22ca-4a03-9994-70dceb656bf0 ] Request (TrunkTestJSON:_run_cleanups): 404 GET http://10.167.4.35:9696/v2.0/trunks/d344fca8-48b8-4742-8285-d3fe3c0040a0 0.014s
2019-05-10 06:50:44.278 11377 DEBUG tempest.lib.common.rest_client [req-0998453a-22ca-4a03-9994-70dceb656bf0 ] Request - Headers: {'Content-Type': 'application/json', 'Accept': 'application/json', 'X-Auth-Token': ''} Body: None Response - Headers: {'status': '404', u'content-length': '134', 'content-location': 'http://10.167.4.35:9696/v2.0/trunks/d344fca8-48b8-4742-8285-d3fe3c0040a0', u'date': 'Fri, 10 May 2019 06:50:44 GMT', u'content-type': 'application/json', u'connection': 'close', u'x-openstack-request-id': 'req-0998453a-22ca-4a03-9994-70dceb656bf0'} Body: {"NeutronError": {"message": "Trunk d344fca8-48b8-4742-8285-d3fe3c0040a0 could not be found.", "type": "TrunkNotFound", "detail": ""}} _log_request_full /root/.rally/verification/verifier-c2a963c5-e360-4705-8f48-6d3323256886/repo/tempest/lib/common/rest_client.py:440
2019-05-10 06:50:44.292 11377 INFO tempest.lib.common.rest_client [req-ce0ec296-c472-4974-bcca-aba43055c34b ] Request (TrunkTestJSON:_run_cleanups): 404 GET http://10.167.4.35:9696/v2.0/trunks/7172eeec-52f4-4902-a192-c54e04900c9f 0.013s
2019-05-10 06:50:44.293 11377 DEBUG tempest.lib.common.rest_client [req-ce0ec296-c472-4974-bcca-aba43055c34b ] Request - Headers: {'Content-Type': 'application/json', 'Accept': 'application/json', 'X-Auth-Token': ''} Body: None Response - Headers: {'status': '404', u'content-length': '134', 'content-location': 'http://10.167.4.35:9696/v2.0/trunks/7172eeec-52f4-4902-a192-c54e04900c9f', u'date': 'Fri, 10 May 2019 06:50:44 GMT', u'content-type': 'application/json', u'connection': 'close', u'x-openstack-request-id': 'req-ce0ec296-c472-4974-bcca-aba43055c34b'} Body: {"NeutronError": {"message": "Trunk 7172eeec-52f4-4902-a192-c54e04900c9f could not be found.", "type": "TrunkNotFound", "detail": ""}} _log_request_full /root/.rally/verification/verifier-c2a963c5-e360-4705-8f48-6d3323256886/repo/tempest/lib/common/rest_client.py:440
2019-05-10 06:50:44.313 11377 INFO tempest.lib.common.rest_client [req-07147361-9cab-400b-99cb-92ea213c9bed ] Request (TrunkTestJSON:_run_cleanups): 404 GET http://10.167.4.35:9696/v2.0/trunks/78a90e57-8b67-4125-9670-aa27f7cad0b9 0.019s
2019-05-10 06:50:44.313 11377 DEBUG tempest.lib.common.rest_client [req-07147361-9cab-400b-99cb-92ea213c9bed ] Request - Headers: {'Content-Type': 'application/json', 'Accept': 'application/json', 'X-Auth-Token': ''} Body: None Response - Headers: {'status': '404', u'content-length': '134', 'content-location': 'http://10.167.4.35:9696/v2.0/trunks/78a90e57-8b67-4125-9670-aa27f7cad0b9', u'date': 'Fri, 10 May 2019 06:50:44 GMT', u'content-type': 'application/json', u'connection': 'close', u'x-openstack-request-id': 'req-07147361-9cab-400b-99cb-92ea213c9bed'} Body: {"NeutronError": {"message": "Trunk 78a90e57-8b67-4125-9670-aa27f7cad0b9 could not be found.", "type": "TrunkNotFound", "detail": ""}} _log_request_full /root/.rally/verification/verifier-c2a963c5-e360-4705-8f48-6d3323256886/repo/tempest/lib/common/rest_client.py:440
2019-05-10 06:50:44.328 11377 INFO tempest.lib.common.rest_client [req-07b68b0c-bb58-43d9-9497-c0cee49be250 ] Request (TrunkTestJSON:_run_cleanups): 404 GET http://10.167.4.35:9696/v2.0/trunks/075092c1-7a99-4bff-ab44-ebb671d95f15 0.014s
2019-05-10 06:50:44.328 11377 DEBUG tempest.lib.common.rest_client [req-07b68b0c-bb58-43d9-9497-c0cee49be250 ] Request - Headers: {'Content-Type': 'application/json', 'Accept': 'application/json', 'X-Auth-Token': ''} Body: None Response - Headers: {'status': '404', u'content-length': '134', 'content-location': 'http://10.167.4.35:9696/v2.0/trunks/075092c1-7a99-4bff-ab44-ebb671d95f15', u'date': 'Fri, 10 May 2019 06:50:44 GMT', u'content-type': 'application/json', u'connection': 'close', u'x-openstack-request-id': 'req-07b68b0c-bb58-43d9-9497-c0cee49be250'} Body: {"NeutronError": {"message": "Trunk 075092c1-7a99-4bff-ab44-ebb671d95f15 could not be found.", "type": "TrunkNotFound", "detail": ""}} _log_request_full /root/.rally/verification/verifier-c2a963c5-e360-4705-8f48-6d3323256886/repo/tempest/lib/common/rest_client.py:440
2019-05-10 06:50:44.342 11377 INFO tempest.lib.common.rest_client [req-278f61e1-bc89-4469-a815-6ac5dfba5e91 ] Request (TrunkTestJSON:_run_cleanups): 404 GET http://10.167.4.35:9696/v2.0/trunks/44369046-31fb-40f4-9812-e7b113148200 0.013s
2019-05-10 06:50:44.343 11377 DEBUG tempest.lib.common.rest_client [req-278f61e1-bc89-4469-a815-6ac5dfba5e91 ] Request - Headers: {'Content-Type': 'application/json', 'Accept': 'application/json', 'X-Auth-Token': ''} Body: None Response - Headers: {'status': '404', u'content-length': '134', 'content-location': 'http://10.167.4.35:9696/v2.0/trunks/44369046-31fb-40f4-9812-e7b113148200', u'date': 'Fri, 10 May 2019 06:50:44 GMT', u'content-type': 'application/json', u'connection': 'close', u'x-openstack-request-id': 'req-278f61e1-bc89-4469-a815-6ac5dfba5e91'} Body: {"NeutronError": {"message": "Trunk 44369046-31fb-40f4-9812-e7b113148200 could not be found.", "type": "TrunkNotFound", "detail": ""}} _log_request_full /root/.rally/verification/verifier-c2a963c5-e360-4705-8f48-6d3323256886/repo/tempest/lib/common/rest_client.py:440
2019-05-10 06:50:44.358 11377 INFO tempest.lib.common.rest_client [req-50c88921-b43e-4171-bd87-ba808b489415 ] Request (TrunkTestJSON:_run_cleanups): 404 GET http://10.167.4.35:9696/v2.0/trunks/9ee1d8f8-fabe-4abc-add3-8509f9d5f980 0.014s
2019-05-10 06:50:44.358 11377 DEBUG tempest.lib.common.rest_client [req-50c88921-b43e-4171-bd87-ba808b489415 ] Request - Headers: {'Content-Type': 'application/json', 'Accept': 'application/json', 'X-Auth-Token': ''} Body: None Response - Headers: {'status': '404', u'content-length': '134', 'content-location': 'http://10.167.4.35:9696/v2.0/trunks/9ee1d8f8-fabe-4abc-add3-8509f9d5f980', u'date': 'Fri, 10 May 2019 06:50:44 GMT', u'content-type': 'application/json', u'connection': 'close', u'x-openstack-request-id': 'req-50c88921-b43e-4171-bd87-ba808b489415'} Body: {"NeutronError": {"message": "Trunk 9ee1d8f8-fabe-4abc-add3-8509f9d5f980 could not be found.", "type": "TrunkNotFound", "detail": ""}} _log_request_full /root/.rally/verification/verifier-c2a963c5-e360-4705-8f48-6d3323256886/repo/tempest/lib/common/rest_client.py:440
2019-05-10 06:50:44.373 11377 INFO tempest.lib.common.rest_client [req-1781bf64-4fe5-4931-aeb0-b97e1da3f64a ] Request (TrunkTestJSON:_run_cleanups): 404 GET http://10.167.4.35:9696/v2.0/trunks/09aa04c3-f919-4c8e-b9a8-d93841d20d0a 0.014s
2019-05-10 06:50:44.373 11377 DEBUG tempest.lib.common.rest_client [req-1781bf64-4fe5-4931-aeb0-b97e1da3f64a ] Request - Headers: {'Content-Type': 'application/json', 'Accept': 'application/json', 'X-Auth-Token': ''} Body: None Response - Headers: {'status': '404', u'content-length': '134', 'content-location': 'http://10.167.4.35:9696/v2.0/trunks/09aa04c3-f919-4c8e-b9a8-d93841d20d0a', u'date': 'Fri, 10 May 2019 06:50:44 GMT', u'content-type': 'application/json', u'connection': 'close', u'x-openstack-request-id': 'req-1781bf64-4fe5-4931-aeb0-b97e1da3f64a'} Body: {"NeutronError": {"message": "Trunk 09aa04c3-f919-4c8e-b9a8-d93841d20d0a could not be found.", "type": "TrunkNotFound", "detail": ""}} _log_request_full /root/.rally/verification/verifier-c2a963c5-e360-4705-8f48-6d3323256886/repo/tempest/lib/common/rest_client.py:440
2019-05-10 06:50:44.387 11377 INFO tempest.lib.common.rest_client [req-3b4754ef-b836-4156-89db-85d7bf9c658b ] Request (TrunkTestJSON:_run_cleanups): 404 GET http://10.167.4.35:9696/v2.0/trunks/2e86c2ba-68c8-4801-9e7e-a239acb279de 0.013s
2019-05-10 06:50:44.387 11377 DEBUG tempest.lib.common.rest_client [req-3b4754ef-b836-4156-89db-85d7bf9c658b ] Request - Headers: {'Content-Type': 'application/json', 'Accept': 'application/json', 'X-Auth-Token': ''} Body: None Response - Headers: {'status': '404', u'content-length': '134', 'content-location': 'http://10.167.4.35:9696/v2.0/trunks/2e86c2ba-68c8-4801-9e7e-a239acb279de', u'date': 'Fri, 10 May 2019 06:50:44 GMT', u'content-type': 'application/json', u'connection': 'close', u'x-openstack-request-id': 'req-3b4754ef-b836-4156-89db-85d7bf9c658b'} Body: {"NeutronError": {"message": "Trunk 2e86c2ba-68c8-4801-9e7e-a239acb279de could not be found.", "type": "TrunkNotFound", "detail": ""}} _log_request_full /root/.rally/verification/verifier-c2a963c5-e360-4705-8f48-6d3323256886/repo/tempest/lib/common/rest_client.py:440
2019-05-10 06:50:44.423 11377 INFO tempest.lib.common.rest_client [req-746e0bc3-54b9-467a-a9d1-e926de623df9 ] Request (TrunkTestJSON:_run_cleanups): 404 DELETE http://10.167.4.35:9696/v2.0/ports/67cc7fb0-779d-4f2b-952a-feb13a93e39a 0.035s
2019-05-10 06:50:44.423 11377 DEBUG tempest.lib.common.rest_client [req-746e0bc3-54b9-467a-a9d1-e926de623df9 ] Request - Headers: {'Content-Type': 'application/json', 'Accept': 'application/json', 'X-Auth-Token': ''} Body: None Response - Headers: {'status': '404', u'content-length': '132', 'content-location': 'http://10.167.4.35:9696/v2.0/ports/67cc7fb0-779d-4f2b-952a-feb13a93e39a', u'date': 'Fri, 10 May 2019 06:50:44 GMT', u'content-type': 'application/json', u'connection': 'close', u'x-openstack-request-id': 'req-746e0bc3-54b9-467a-a9d1-e926de623df9'} Body: {"NeutronError": {"message": "Port 67cc7fb0-779d-4f2b-952a-feb13a93e39a could not be found.", "type": "PortNotFound", "detail": ""}} _log_request_full /root/.rally/verification/verifier-c2a963c5-e360-4705-8f48-6d3323256886/repo/tempest/lib/common/rest_client.py:440
2019-05-10 06:50:44.455 11377 INFO tempest.lib.common.rest_client [req-0895f19f-530a-4b7e-8cad-8caf6522978b ] Request (TrunkTestJSON:_run_cleanups): 404 DELETE http://10.167.4.35:9696/v2.0/ports/f5f6c1e0-8913-43a5-8c76-768dba84f160 0.030s
2019-05-10 06:50:44.455 11377 DEBUG tempest.lib.common.rest_client [req-0895f19f-530a-4b7e-8cad-8caf6522978b ] Request - Headers: {'Content-Type': 'application/json', 'Accept': 'application/json', 'X-Auth-Token': ''} Body: None Response - Headers: {'status': '404', u'content-length': '132', 'content-location': 'http://10.167.4.35:9696/v2.0/ports/f5f6c1e0-8913-43a5-8c76-768dba84f160', u'date': 'Fri, 10 May 2019 06:50:44 GMT', u'content-type': 'application/json', u'connection': 'close', u'x-openstack-request-id': 'req-0895f19f-530a-4b7e-8cad-8caf6522978b'} Body: {"NeutronError": {"message": "Port f5f6c1e0-8913-43a5-8c76-768dba84f160 could not be found.", "type": "PortNotFound", "detail": ""}} _log_request_full /root/.rally/verification/verifier-c2a963c5-e360-4705-8f48-6d3323256886/repo/tempest/lib/common/rest_client.py:440
2019-05-10 06:50:44.486 11377 INFO tempest.lib.common.rest_client [req-2673fe07-e272-48d6-8096-a340d53d6c17 ] Request (TrunkTestJSON:_run_cleanups): 404 DELETE http://10.167.4.35:9696/v2.0/ports/37248ec2-a53e-4f67-aef6-d758d80a380a 0.030s
