2019-05-10 06:50:18.417 11377 DEBUG tempest.lib.common.rest_client [req-b8dfde6b-4fbd-4e38-b401-a99819c1d152 ] Request - Headers: {'Content-Type': 'application/json', 'Accept': 'application/json', 'X-Auth-Token': ''} Body: {"trunk": {"admin_state_up": true}} Response - Headers: {'status': '200', u'content-length': '410', 'content-location': 'http://10.167.4.35:9696/v2.0/trunks/7172eeec-52f4-4902-a192-c54e04900c9f', u'date': 'Fri, 10 May 2019 06:50:18 GMT', u'content-type': 'application/json', u'connection': 'close', u'x-openstack-request-id': 'req-b8dfde6b-4fbd-4e38-b401-a99819c1d152'} Body: {"trunk": {"status": "DOWN", "sub_ports": [], "name": "foo", "admin_state_up": true, "tenant_id": "fea1a5bfc3eb4b4eb77d2f372aff1f00", "created_at": "2019-05-10T06:50:18Z", "tags": [], "updated_at": "2019-05-10T06:50:18Z", "revision_number": 2, "project_id": "fea1a5bfc3eb4b4eb77d2f372aff1f00", "port_id": "b8ea14fb-6203-4749-8df6-8eb772e4cf3e", "id": "7172eeec-52f4-4902-a192-c54e04900c9f", "description": ""}} _log_request_full /root/.rally/verification/verifier-c2a963c5-e360-4705-8f48-6d3323256886/repo/tempest/lib/common/rest_client.py:440
2019-05-10 06:50:18.424 11381 INFO tempest.lib.common.rest_client [req-78af78a7-ffe8-46f1-96ba-9b1d49d208f1 ] Request (TrunkTestJSON:_run_cleanups): 404 DELETE http://10.167.4.35:9696/v2.0/trunks/26fe966c-125d-4ee6-9a4b-376d422c8741 0.019s
2019-05-10 06:50:18.424 11381 DEBUG tempest.lib.common.rest_client [req-78af78a7-ffe8-46f1-96ba-9b1d49d208f1 ] Request - Headers: {'Content-Type': 'application/json', 'Accept': 'application/json', 'X-Auth-Token': ''} Body: None Response - Headers: {'status': '404', u'content-length': '134', 'content-location': 'http://10.167.4.35:9696/v2.0/trunks/26fe966c-125d-4ee6-9a4b-376d422c8741', u'date': 'Fri, 10 May 2019 06:50:18 GMT', u'content-type': 'application/json', u'connection': 'close', u'x-openstack-request-id': 'req-78af78a7-ffe8-46f1-96ba-9b1d49d208f1'} Body: {"NeutronError": {"message": "Trunk 26fe966c-125d-4ee6-9a4b-376d422c8741 could not be found.", "type": "TrunkNotFound", "detail": ""}} _log_request_full /root/.rally/verification/verifier-c2a963c5-e360-4705-8f48-6d3323256886/repo/tempest/lib/common/rest_client.py:440
2019-05-10 06:50:18.432 11377 INFO tempest.lib.common.rest_client [req-df4b1c1e-39b1-496b-9cfd-519c30572642 ] Request (TrunkTestJSON:_run_cleanups): 404 GET http://10.167.4.35:9696/v2.0/trunks/9e0e08f8-8b0b-4181-9fd6-660f0ede92c9/get_subports 0.014s
2019-05-10 06:50:18.432 11377 DEBUG tempest.lib.common.rest_client [req-df4b1c1e-39b1-496b-9cfd-519c30572642 ] Request - Headers: {'Content-Type': 'application/json', 'Accept': 'application/json', 'X-Auth-Token': ''} Body: None Response - Headers: {'status': '404', u'content-length': '134', 'content-location': 'http://10.167.4.35:9696/v2.0/trunks/9e0e08f8-8b0b-4181-9fd6-660f0ede92c9/get_subports', u'date': 'Fri, 10 May 2019 06:50:18 GMT', u'content-type': 'application/json', u'connection': 'close', u'x-openstack-request-id': 'req-df4b1c1e-39b1-496b-9cfd-519c30572642'} Body: {"NeutronError": {"message": "Trunk 9e0e08f8-8b0b-4181-9fd6-660f0ede92c9 could not be found.", "type": "TrunkNotFound", "detail": ""}} _log_request_full /root/.rally/verification/verifier-c2a963c5-e360-4705-8f48-6d3323256886/repo/tempest/lib/common/rest_client.py:440
2019-05-10 06:50:18.437 11381 INFO tempest.lib.common.rest_client [req-a4504e48-cabb-43a8-ae41-7827205f7a03 ] Request (TrunkTestJSON:_run_cleanups): 404 GET http://10.167.4.35:9696/v2.0/trunks/cb08213a-09f4-4b01-a93e-8caa77f700dc 0.012s
2019-05-10 06:50:18.437 11381 DEBUG tempest.lib.common.rest_client [req-a4504e48-cabb-43a8-ae41-7827205f7a03 ] Request - Headers: {'Content-Type': 'application/json', 'Accept': 'application/json', 'X-Auth-Token': ''} Body: None Response - Headers: {'status': '404', u'content-length': '134', 'content-location': 'http://10.167.4.35:9696/v2.0/trunks/cb08213a-09f4-4b01-a93e-8caa77f700dc', u'date': 'Fri, 10 May 2019 06:50:18 GMT', u'content-type': 'application/json', u'connection': 'close', u'x-openstack-request-id': 'req-a4504e48-cabb-43a8-ae41-7827205f7a03'} Body: {"NeutronError": {"message": "Trunk cb08213a-09f4-4b01-a93e-8caa77f700dc could not be found.", "type": "TrunkNotFound", "detail": ""}} _log_request_full /root/.rally/verification/verifier-c2a963c5-e360-4705-8f48-6d3323256886/repo/tempest/lib/common/rest_client.py:440
2019-05-10 06:50:18.448 11377 INFO tempest.lib.common.rest_client [req-5ee5f3a3-0b22-49eb-a853-d9cd1d9c0c63 ] Request (TrunkTestJSON:_run_cleanups): 404 DELETE http://10.167.4.35:9696/v2.0/trunks/9e0e08f8-8b0b-4181-9fd6-660f0ede92c9 0.015s
2019-05-10 06:50:18.448 11377 DEBUG tempest.lib.common.rest_client [req-5ee5f3a3-0b22-49eb-a853-d9cd1d9c0c63 ] Request - Headers: {'Content-Type': 'application/json', 'Accept': 'application/json', 'X-Auth-Token': ''} Body: None Response - Headers: {'status': '404', u'content-length': '134', 'content-location': 'http://10.167.4.35:9696/v2.0/trunks/9e0e08f8-8b0b-4181-9fd6-660f0ede92c9', u'date': 'Fri, 10 May 2019 06:50:18 GMT', u'content-type': 'application/json', u'connection': 'close', u'x-openstack-request-id': 'req-5ee5f3a3-0b22-49eb-a853-d9cd1d9c0c63'} Body: {"NeutronError": {"message": "Trunk 9e0e08f8-8b0b-4181-9fd6-660f0ede92c9 could not be found.", "type": "TrunkNotFound", "detail": ""}} _log_request_full /root/.rally/verification/verifier-c2a963c5-e360-4705-8f48-6d3323256886/repo/tempest/lib/common/rest_client.py:440
2019-05-10 06:50:18.450 11381 INFO tempest.lib.common.rest_client [req-d89a99ab-9c6d-46ba-b4df-5f2330278689 ] Request (TrunkTestJSON:_run_cleanups): 404 GET http://10.167.4.35:9696/v2.0/trunks/230c3a72-bab6-4d5f-81bc-01e8441922a1 0.012s
2019-05-10 06:50:18.450 11381 DEBUG tempest.lib.common.rest_client [req-d89a99ab-9c6d-46ba-b4df-5f2330278689 ] Request - Headers: {'Content-Type': 'application/json', 'Accept': 'application/json', 'X-Auth-Token': ''} Body: None Response - Headers: {'status': '404', u'content-length': '134', 'content-location': 'http://10.167.4.35:9696/v2.0/trunks/230c3a72-bab6-4d5f-81bc-01e8441922a1', u'date': 'Fri, 10 May 2019 06:50:18 GMT', u'content-type': 'application/json', u'connection': 'close', u'x-openstack-request-id': 'req-d89a99ab-9c6d-46ba-b4df-5f2330278689'} Body: {"NeutronError": {"message": "Trunk 230c3a72-bab6-4d5f-81bc-01e8441922a1 could not be found.", "type": "TrunkNotFound", "detail": ""}} _log_request_full /root/.rally/verification/verifier-c2a963c5-e360-4705-8f48-6d3323256886/repo/tempest/lib/common/rest_client.py:440
2019-05-10 06:50:18.461 11377 INFO tempest.lib.common.rest_client [req-cd241c33-0a6a-4fb7-a2de-acd20efe0df0 ] Request (TrunkTestJSON:_run_cleanups): 404 GET http://10.167.4.35:9696/v2.0/trunks/652d80d1-7e3a-4142-8881-24403acf900c/get_subports 0.011s
2019-05-10 06:50:18.461 11377 DEBUG tempest.lib.common.rest_client [req-cd241c33-0a6a-4fb7-a2de-acd20efe0df0 ] Request - Headers: {'Content-Type': 'application/json', 'Accept': 'application/json', 'X-Auth-Token': ''} Body: None Response - Headers: {'status': '404', u'content-length': '134', 'content-location': 'http://10.167.4.35:9696/v2.0/trunks/652d80d1-7e3a-4142-8881-24403acf900c/get_subports', u'date': 'Fri, 10 May 2019 06:50:18 GMT', u'content-type': 'application/json', u'connection': 'close', u'x-openstack-request-id': 'req-cd241c33-0a6a-4fb7-a2de-acd20efe0df0'} Body: {"NeutronError": {"message": "Trunk 652d80d1-7e3a-4142-8881-24403acf900c could not be found.", "type": "TrunkNotFound", "detail": ""}} _log_request_full /root/.rally/verification/verifier-c2a963c5-e360-4705-8f48-6d3323256886/repo/tempest/lib/common/rest_client.py:440
2019-05-10 06:50:18.466 11381 INFO tempest.lib.common.rest_client [req-1d70df20-a52f-46f7-a64c-f2a16ad5c40d ] Request (TrunkTestJSON:_run_cleanups): 404 GET http://10.167.4.35:9696/v2.0/trunks/057cb3ce-64bc-4c29-8346-b932f5e93dc0 0.015s
2019-05-10 06:50:18.466 11381 DEBUG tempest.lib.common.rest_client [req-1d70df20-a52f-46f7-a64c-f2a16ad5c40d ] Request - Headers: {'Content-Type': 'application/json', 'Accept': 'application/json', 'X-Auth-Token': ''} Body: None Response - Headers: {'status': '404', u'content-length': '134', 'content-location': 'http://10.167.4.35:9696/v2.0/trunks/057cb3ce-64bc-4c29-8346-b932f5e93dc0', u'date': 'Fri, 10 May 2019 06:50:18 GMT', u'content-type': 'application/json', u'connection': 'close', u'x-openstack-request-id': 'req-1d70df20-a52f-46f7-a64c-f2a16ad5c40d'} Body: {"NeutronError": {"message": "Trunk 057cb3ce-64bc-4c29-8346-b932f5e93dc0 could not be found.", "type": "TrunkNotFound", "detail": ""}} _log_request_full /root/.rally/verification/verifier-c2a963c5-e360-4705-8f48-6d3323256886/repo/tempest/lib/common/rest_client.py:440
2019-05-10 06:50:18.475 11377 INFO tempest.lib.common.rest_client [req-4641cc2c-47ab-4174-87a2-a20dfd904857 ] Request (TrunkTestJSON:_run_cleanups): 404 DELETE http://10.167.4.35:9696/v2.0/trunks/652d80d1-7e3a-4142-8881-24403acf900c 0.013s
2019-05-10 06:50:18.476 11377 DEBUG tempest.lib.common.rest_client [req-4641cc2c-47ab-4174-87a2-a20dfd904857 ] Request - Headers: {'Content-Type': 'application/json', 'Accept': 'application/json', 'X-Auth-Token': ''} Body: None Response - Headers: {'status': '404', u'content-length': '134', 'content-location': 'http://10.167.4.35:9696/v2.0/trunks/652d80d1-7e3a-4142-8881-24403acf900c', u'date': 'Fri, 10 May 2019 06:50:18 GMT', u'content-type': 'application/json', u'connection': 'close', u'x-openstack-request-id': 'req-4641cc2c-47ab-4174-87a2-a20dfd904857'} Body: {"NeutronError": {"message": "Trunk 652d80d1-7e3a-4142-8881-24403acf900c could not be found.", "type": "TrunkNotFound", "detail": ""}} _log_request_full /root/.rally/verification/verifier-c2a963c5-e360-4705-8f48-6d3323256886/repo/tempest/lib/common/rest_client.py:440
2019-05-10 06:50:18.482 11381 INFO tempest.lib.common.rest_client [req-30cfa3c1-7644-44cb-ab37-aebe04c66395 ] Request (TrunkTestJSON:_run_cleanups): 404 GET http://10.167.4.35:9696/v2.0/trunks/26fe966c-125d-4ee6-9a4b-376d422c8741 0.015s
2019-05-10 06:50:18.483 11381 DEBUG tempest.lib.common.rest_client [req-30cfa3c1-7644-44cb-ab37-aebe04c66395 ] Request - Headers: {'Content-Type': 'application/json', 'Accept': 'application/json', 'X-Auth-Token': ''} Body: None Response - Headers: {'status': '404', u'content-length': '134', 'content-location': 'http://10.167.4.35:9696/v2.0/trunks/26fe966c-125d-4ee6-9a4b-376d422c8741', u'date': 'Fri, 10 May 2019 06:50:18 GMT', u'content-type': 'application/json', u'connection': 'close', u'x-openstack-request-id': 'req-30cfa3c1-7644-44cb-ab37-aebe04c66395'} Body: {"NeutronError": {"message": "Trunk 26fe966c-125d-4ee6-9a4b-376d422c8741 could not be found.", "type": "TrunkNotFound", "detail": ""}} _log_request_full /root/.rally/verification/verifier-c2a963c5-e360-4705-8f48-6d3323256886/repo/tempest/lib/common/rest_client.py:440
2019-05-10 06:50:18.488 11377 INFO tempest.lib.common.rest_client [req-d4d2dff0-6b84-4df5-a81b-ca88bd884a19 ] Request (TrunkTestJSON:_run_cleanups): 404 GET http://10.167.4.35:9696/v2.0/trunks/dee61ab6-c590-446b-b8d2-b949e561f45f/get_subports 0.011s
2019-05-10 06:50:18.489 11377 DEBUG tempest.lib.common.rest_client [req-d4d2dff0-6b84-4df5-a81b-ca88bd884a19 ] Request - Headers: {'Content-Type': 'application/json', 'Accept': 'application/json', 'X-Auth-Token': ''} Body: None Response - Headers: {'status': '404', u'content-length': '134', 'content-location': 'http://10.167.4.35:9696/v2.0/trunks/dee61ab6-c590-446b-b8d2-b949e561f45f/get_subports', u'date': 'Fri, 10 May 2019 06:50:18 GMT', u'content-type': 'application/json', u'connection': 'close', u'x-openstack-request-id': 'req-d4d2dff0-6b84-4df5-a81b-ca88bd884a19'} Body: {"NeutronError": {"message": "Trunk dee61ab6-c590-446b-b8d2-b949e561f45f could not be found.", "type": "TrunkNotFound", "detail": ""}} _log_request_full /root/.rally/verification/verifier-c2a963c5-e360-4705-8f48-6d3323256886/repo/tempest/lib/common/rest_client.py:440
2019-05-10 06:50:18.502 11377 INFO tempest.lib.common.rest_client [req-ccb0216d-fbbd-4479-aae6-0b4a166c7b55 ] Request (TrunkTestJSON:_run_cleanups): 404 DELETE http://10.167.4.35:9696/v2.0/trunks/dee61ab6-c590-446b-b8d2-b949e561f45f 0.013s
2019-05-10 06:50:18.503 11377 DEBUG tempest.lib.common.rest_client [req-ccb0216d-fbbd-4479-aae6-0b4a166c7b55 ] Request - Headers: {'Content-Type': 'application/json', 'Accept': 'application/json', 'X-Auth-Token': ''} Body: None Response - Headers: {'status': '404', u'content-length': '134', 'content-location': 'http://10.167.4.35:9696/v2.0/trunks/dee61ab6-c590-446b-b8d2-b949e561f45f', u'date': 'Fri, 10 May 2019 06:50:18 GMT', u'content-type': 'application/json', u'connection': 'close', u'x-openstack-request-id': 'req-ccb0216d-fbbd-4479-aae6-0b4a166c7b55'} Body: {"NeutronError": {"message": "Trunk dee61ab6-c590-446b-b8d2-b949e561f45f could not be found.", "type": "TrunkNotFound", "detail": ""}} _log_request_full /root/.rally/verification/verifier-c2a963c5-e360-4705-8f48-6d3323256886/repo/tempest/lib/common/rest_client.py:440
2019-05-10 06:50:18.514 11381 INFO tempest.lib.common.rest_client [req-79712fc0-5ef8-43f6-b5e5-5c94d562410c ] Request (TrunkTestJSON:_run_cleanups): 404 DELETE http://10.167.4.35:9696/v2.0/ports/72cadd83-5a80-4eb4-9d3b-d5b51f36b117 0.030s
2019-05-10 06:50:18.514 11381 DEBUG tempest.lib.common.rest_client [req-79712fc0-5ef8-43f6-b5e5-5c94d562410c ] Request - Headers: {'Content-Type': 'application/json', 'Accept': 'application/json', 'X-Auth-Token': ''} Body: None Response - Headers: {'status': '404', u'content-length': '132', 'content-location': 'http://10.167.4.35:9696/v2.0/ports/72cadd83-5a80-4eb4-9d3b-d5b51f36b117', u'date': 'Fri, 10 May 2019 06:50:18 GMT', u'content-type': 'application/json', u'connection': 'close', u'x-openstack-request-id': 'req-79712fc0-5ef8-43f6-b5e5-5c94d562410c'} Body: {"NeutronError": {"message": "Port 72cadd83-5a80-4eb4-9d3b-d5b51f36b117 could not be found.", "type": "PortNotFound", "detail": ""}} _log_request_full /root/.rally/verification/verifier-c2a963c5-e360-4705-8f48-6d3323256886/repo/tempest/lib/common/rest_client.py:440
2019-05-10 06:50:18.520 11377 INFO tempest.lib.common.rest_client [req-501f74e6-193b-4be0-9725-ede59daff557 ] Request (TrunkTestJSON:_run_cleanups): 404 GET http://10.167.4.35:9696/v2.0/trunks/d344fca8-48b8-4742-8285-d3fe3c0040a0/get_subports 0.016s
2019-05-10 06:50:18.521 11377 DEBUG tempest.lib.common.rest_client [req-501f74e6-193b-4be0-9725-ede59daff557 ] Request - Headers: {'Content-Type': 'application/json', 'Accept': 'application/json', 'X-Auth-Token': ''} Body: None Response - Headers: {'status': '404', u'content-length': '134', 'content-location': 'http://10.167.4.35:9696/v2.0/trunks/d344fca8-48b8-4742-8285-d3fe3c0040a0/get_subports', u'date': 'Fri, 10 May 2019 06:50:18 GMT', u'content-type': 'application/json', u'connection': 'close', u'x-openstack-request-id': 'req-501f74e6-193b-4be0-9725-ede59daff557'} Body: {"NeutronError": {"message": "Trunk d344fca8-48b8-4742-8285-d3fe3c0040a0 could not be found.", "type": "TrunkNotFound", "detail": ""}} _log_request_full /root/.rally/verification/verifier-c2a963c5-e360-4705-8f48-6d3323256886/repo/tempest/lib/common/rest_client.py:440
2019-05-10 06:50:18.537 11377 INFO tempest.lib.common.rest_client [req-42653a8b-c27d-42fb-a916-00de2ae1e684 ] Request (TrunkTestJSON:_run_cleanups): 404 DELETE http://10.167.4.35:9696/v2.0/trunks/d344fca8-48b8-4742-8285-d3fe3c0040a0 0.015s
2019-05-10 06:50:18.537 11377 DEBUG tempest.lib.common.rest_client [req-42653a8b-c27d-42fb-a916-00de2ae1e684 ] Request - Headers: {'Content-Type': 'application/json', 'Accept': 'application/json', 'X-Auth-Token': ''} Body: None Response - Headers: {'status': '404', u'content-length': '134', 'content-location': 'http://10.167.4.35:9696/v2.0/trunks/d344fca8-48b8-4742-8285-d3fe3c0040a0', u'date': 'Fri, 10 May 2019 06:50:18 GMT', u'content-type': 'application/json', u'connection': 'close', u'x-openstack-request-id': 'req-42653a8b-c27d-42fb-a916-00de2ae1e684'} Body: {"NeutronError": {"message": "Trunk d344fca8-48b8-4742-8285-d3fe3c0040a0 could not be found.", "type": "TrunkNotFound", "detail": ""}} _log_request_full /root/.rally/verification/verifier-c2a963c5-e360-4705-8f48-6d3323256886/repo/tempest/lib/common/rest_client.py:440
2019-05-10 06:50:18.542 11381 INFO tempest.lib.common.rest_client [req-ad7ae13d-10c5-4550-a45c-1de7f0d77a17 ] Request (TrunkTestJSON:_run_cleanups): 404 DELETE http://10.167.4.35:9696/v2.0/ports/a0b673ba-2109-4e88-ac60-a92ad529c2e3 0.027s
2019-05-10 06:50:18.543 11381 DEBUG tempest.lib.common.rest_client [req-ad7ae13d-10c5-4550-a45c-1de7f0d77a17 ] Request - Headers: {'Content-Type': 'application/json', 'Accept': 'application/json', 'X-Auth-Token': ''} Body: None Response - Headers: {'status': '404', u'content-length': '132', 'content-location': 'http://10.167.4.35:9696/v2.0/ports/a0b673ba-2109-4e88-ac60-a92ad529c2e3', u'date': 'Fri, 10 May 2019 06:50:18 GMT', u'content-type': 'application/json', u'connection': 'close', u'x-openstack-request-id': 'req-ad7ae13d-10c5-4550-a45c-1de7f0d77a17'} Body: {"NeutronError": {"message": "Port a0b673ba-2109-4e88-ac60-a92ad529c2e3 could not be found.", "type": "PortNotFound", "detail": ""}} _log_request_full /root/.rally/verification/verifier-c2a963c5-e360-4705-8f48-6d3323256886/repo/tempest/lib/common/rest_client.py:440
2019-05-10 06:50:18.563 11377 INFO tempest.lib.common.rest_client [req-9a0d2742-8dbd-420a-83a3-62a660f0fb0c ] Request (TrunkTestJSON:_run_cleanups): 200 GET http://10.167.4.35:9696/v2.0/trunks/7172eeec-52f4-4902-a192-c54e04900c9f/get_subports 0.025s
2019-05-10 06:50:18.564 11377 DEBUG tempest.lib.common.rest_client [req-9a0d2742-8dbd-420a-83a3-62a660f0fb0c ] Request - Headers: {'Content-Type': 'application/json', 'Accept': 'application/json', 'X-Auth-Token': ''} Body: None Response - Headers: {'status': '200', u'content-length': '17', 'content-location': 'http://10.167.4.35:9696/v2.0/trunks/7172eeec-52f4-4902-a192-c54e04900c9f/get_subports', u'date': 'Fri, 10 May 2019 06:50:18 GMT', u'content-type': 'application/json', u'connection': 'close', u'x-openstack-request-id': 'req-9a0d2742-8dbd-420a-83a3-62a660f0fb0c'} Body: {"sub_ports": []} _log_request_full /root/.rally/verification/verifier-c2a963c5-e360-4705-8f48-6d3323256886/repo/tempest/lib/common/rest_client.py:440
2019-05-10 06:50:18.570 11381 INFO tempest.lib.common.rest_client [req-caf53404-cdbc-403b-aef3-ec0fb2de7111 ] Request (TrunkTestJSON:_run_cleanups): 404 DELETE http://10.167.4.35:9696/v2.0/ports/01179372-372d-4e73-96fc-ec8aba25b3ae 0.026s
2019-05-10 06:50:18.570 11381 DEBUG tempest.lib.common.rest_client [req-caf53404-cdbc-403b-aef3-ec0fb2de7111 ] Request - Headers: {'Content-Type': 'application/json', 'Accept': 'application/json', 'X-Auth-Token': ''} Body: None Response - Headers: {'status': '404', u'content-length': '132', 'content-location': 'http://10.167.4.35:9696/v2.0/ports/01179372-372d-4e73-96fc-ec8aba25b3ae', u'date': 'Fri, 10 May 2019 06:50:18 GMT', u'content-type': 'application/json', u'connection': 'close', u'x-openstack-request-id': 'req-caf53404-cdbc-403b-aef3-ec0fb2de7111'} Body: {"NeutronError": {"message": "Port 01179372-372d-4e73-96fc-ec8aba25b3ae could not be found.", "type": "PortNotFound", "detail": ""}} _log_request_full /root/.rally/verification/verifier-c2a963c5-e360-4705-8f48-6d3323256886/repo/tempest/lib/common/rest_client.py:440
2019-05-10 06:50:18.603 11381 INFO tempest.lib.common.rest_client [req-629c2bd7-85d4-451b-9cb8-ce6a9a745f9a ] Request (TrunkTestJSON:_run_cleanups): 404 DELETE http://10.167.4.35:9696/v2.0/ports/182d2624-8fc0-4004-aafd-a21efeae6637 0.031s
2019-05-10 06:50:18.603 11381 DEBUG tempest.lib.common.rest_client [req-629c2bd7-85d4-451b-9cb8-ce6a9a745f9a ] Request - Headers: {'Content-Type': 'application/json', 'Accept': 'application/json', 'X-Auth-Token': ''} Body: None Response - Headers: {'status': '404', u'content-length': '132', 'content-location': 'http://10.167.4.35:9696/v2.0/ports/182d2624-8fc0-4004-aafd-a21efeae6637', u'date': 'Fri, 10 May 2019 06:50:18 GMT', u'content-type': 'application/json', u'connection': 'close', u'x-openstack-request-id': 'req-629c2bd7-85d4-451b-9cb8-ce6a9a745f9a'} Body: {"NeutronError": {"message": "Port 182d2624-8fc0-4004-aafd-a21efeae6637 could not be found.", "type": "PortNotFound", "detail": ""}} _log_request_full /root/.rally/verification/verifier-c2a963c5-e360-4705-8f48-6d3323256886/repo/tempest/lib/common/rest_client.py:440
2019-05-10 06:50:18.610 11377 INFO tempest.lib.common.rest_client [req-a39e2211-9e99-49e3-9641-cb93c73d7ad2 ] Request (TrunkTestJSON:_run_cleanups): 200 PUT http://10.167.4.35:9696/v2.0/trunks/7172eeec-52f4-4902-a192-c54e04900c9f/remove_subports 0.045s
2019-05-10 06:50:18.610 11377 DEBUG tempest.lib.common.rest_client [req-a39e2211-9e99-49e3-9641-cb93c73d7ad2 ] Request - Headers: {'Content-Type': 'application/json', 'Accept': 'application/json', 'X-Auth-Token': ''} Body: {"sub_ports": []} Response - Headers: {'status': '200', u'content-length': '399', 'content-location': 'http://10.167.4.35:9696/v2.0/trunks/7172eeec-52f4-4902-a192-c54e04900c9f/remove_subports', u'date': 'Fri, 10 May 2019 06:50:18 GMT', u'content-type': 'application/json', u'connection': 'close', u'x-openstack-request-id': 'req-a39e2211-9e99-49e3-9641-cb93c73d7ad2'} Body: {"status": "DOWN", "sub_ports": [], "name": "foo", "admin_state_up": true, "tenant_id": "fea1a5bfc3eb4b4eb77d2f372aff1f00", "created_at": "2019-05-10T06:50:18Z", "tags": [], "updated_at": "2019-05-10T06:50:18Z", "revision_number": 3, "project_id": "fea1a5bfc3eb4b4eb77d2f372aff1f00", "port_id": "b8ea14fb-6203-4749-8df6-8eb772e4cf3e", "id": "7172eeec-52f4-4902-a192-c54e04900c9f", "description": ""} _log_request_full /root/.rally/verification/verifier-c2a963c5-e360-4705-8f48-6d3323256886/repo/tempest/lib/common/rest_client.py:440
2019-05-10 06:50:18.633 11381 INFO tempest.lib.common.rest_client [req-2eb96cfe-9fac-49ba-b210-fc8aa1813407 ] Request (TrunkTestJSON:_run_cleanups): 404 DELETE http://10.167.4.35:9696/v2.0/ports/7dd24f60-66d8-4f82-8415-c3f63c86e563 0.029s
2019-05-10 06:50:18.634 11381 DEBUG tempest.lib.common.rest_client [req-2eb96cfe-9fac-49ba-b210-fc8aa1813407 ] Request - Headers: {'Content-Type': 'application/json', 'Accept': 'application/json', 'X-Auth-Token': ''} Body: None Response - Headers: {'status': '404', u'content-length': '132', 'content-location': 'http://10.167.4.35:9696/v2.0/ports/7dd24f60-66d8-4f82-8415-c3f63c86e563', u'date': 'Fri, 10 May 2019 06:50:18 GMT', u'content-type': 'application/json', u'connection': 'close', u'x-openstack-request-id': 'req-2eb96cfe-9fac-49ba-b210-fc8aa1813407'} Body: {"NeutronError": {"message": "Port 7dd24f60-66d8-4f82-8415-c3f63c86e563 could not be found.", "type": "PortNotFound", "detail": ""}} _log_request_full /root/.rally/verification/verifier-c2a963c5-e360-4705-8f48-6d3323256886/repo/tempest/lib/common/rest_client.py:440
2019-05-10 06:50:18.662 11381 INFO tempest.lib.common.rest_client [req-cbf7f0d9-19a6-4a74-9eb7-9e570ca3ae0b ] Request (TrunkTestJSON:_run_cleanups): 404 DELETE http://10.167.4.35:9696/v2.0/ports/9824d4c1-251c-47cb-940f-41ab9183c1b8 0.028s
2019-05-10 06:50:18.663 11381 DEBUG tempest.lib.common.rest_client [req-cbf7f0d9-19a6-4a74-9eb7-9e570ca3ae0b ] Request - Headers: {'Content-Type': 'application/json', 'Accept': 'application/json', 'X-Auth-Token': ''} Body: None Response - Headers: {'status': '404', u'content-length': '132', 'content-location': 'http://10.167.4.35:9696/v2.0/ports/9824d4c1-251c-47cb-940f-41ab9183c1b8', u'date': 'Fri, 10 May 2019 06:50:18 GMT', u'content-type': 'application/json', u'connection': 'close', u'x-openstack-request-id': 'req-cbf7f0d9-19a6-4a74-9eb7-9e570ca3ae0b'} Body: {"NeutronError": {"message": "Port 9824d4c1-251c-47cb-940f-41ab9183c1b8 could not be found.", "type": "PortNotFound", "detail": ""}} _log_request_full /root/.rally/verification/verifier-c2a963c5-e360-4705-8f48-6d3323256886/repo/tempest/lib/common/rest_client.py:440
2019-05-10 06:50:18.685 11381 INFO tempest.lib.common.rest_client [req-6797f21f-3f32-4500-a31d-651bf1026fe1 ] Request (TrunkTestJSON:_run_cleanups): 404 DELETE http://10.167.4.35:9696/v2.0/networks/13099f0b-3d25-47fe-a3b0-dac56a22a42c 0.021s
2019-05-10 06:50:18.685 11381 DEBUG tempest.lib.common.rest_client [req-6797f21f-3f32-4500-a31d-651bf1026fe1 ] Request - Headers: {'Content-Type': 'application/json', 'Accept': 'application/json', 'X-Auth-Token': ''} Body: None Response - Headers: {'status': '404', u'content-length': '138', 'content-location': 'http://10.167.4.35:9696/v2.0/networks/13099f0b-3d25-47fe-a3b0-dac56a22a42c', u'date': 'Fri, 10 May 2019 06:50:18 GMT', u'content-type': 'application/json', u'connection': 'close', u'x-openstack-request-id': 'req-6797f21f-3f32-4500-a31d-651bf1026fe1'} Body: {"NeutronError": {"message": "Network 13099f0b-3d25-47fe-a3b0-dac56a22a42c could not be found.", "type": "NetworkNotFound", "detail": ""}} _log_request_full /root/.rally/verification/verifier-c2a963c5-e360-4705-8f48-6d3323256886/repo/tempest/lib/common/rest_client.py:440
2019-05-10 06:50:18.708 11381 INFO tempest.lib.common.rest_client [req-e0b90c6b-1d30-453e-a128-c37f3edc5d91 ] Request (TrunkTestJSON:_run_cleanups): 404 DELETE http://10.167.4.35:9696/v2.0/networks/a0356120-cbe9-4c2a-be77-d91a69f4c80f 0.021s
2019-05-10 06:50:18.708 11381 DEBUG tempest.lib.common.rest_client [req-e0b90c6b-1d30-453e-a128-c37f3edc5d91 ] Request - Headers: {'Content-Type': 'application/json', 'Accept': 'application/json', 'X-Auth-Token': ''} Body: None Response - Headers: {'status': '404', u'content-length': '138', 'content-location': 'http://10.167.4.35:9696/v2.0/networks/a0356120-cbe9-4c2a-be77-d91a69f4c80f', u'date': 'Fri, 10 May 2019 06:50:18 GMT', u'content-type': 'application/json', u'connection': 'close', u'x-openstack-request-id': 'req-e0b90c6b-1d30-453e-a128-c37f3edc5d91'} Body: {"NeutronError": {"message": "Network a0356120-cbe9-4c2a-be77-d91a69f4c80f could not be found.", "type": "NetworkNotFound", "detail": ""}} _log_request_full /root/.rally/verification/verifier-c2a963c5-e360-4705-8f48-6d3323256886/repo/tempest/lib/common/rest_client.py:440
2019-05-10 06:50:18.712 11377 INFO tempest.lib.common.rest_client [req-76ca0478-8338-4afa-8bae-cb29800e53a9 ] Request (TrunkTestJSON:_run_cleanups): 204 DELETE http://10.167.4.35:9696/v2.0/trunks/7172eeec-52f4-4902-a192-c54e04900c9f 0.100s
2019-05-10 06:50:18.712 11377 DEBUG tempest.lib.common.rest_client [req-76ca0478-8338-4afa-8bae-cb29800e53a9 ] Request - Headers: {'Content-Type': 'application/json', 'Accept': 'application/json', 'X-Auth-Token': ''} Body: None Response - Headers: {'status': '204', u'content-length': '0', 'content-location': 'http://10.167.4.35:9696/v2.0/trunks/7172eeec-52f4-4902-a192-c54e04900c9f', u'date': 'Fri, 10 May 2019 06:50:18 GMT', u'connection': 'close', u'x-openstack-request-id': 'req-76ca0478-8338-4afa-8bae-cb29800e53a9'} Body: _log_request_full /root/.rally/verification/verifier-c2a963c5-e360-4705-8f48-6d3323256886/repo/tempest/lib/common/rest_client.py:440
2019-05-10 06:50:18.726 11377 INFO tempest.lib.common.rest_client [req-e3f7dcb7-698a-4d3c-a122-fbde269719e1 ] Request (TrunkTestJSON:_run_cleanups): 404 GET http://10.167.4.35:9696/v2.0/trunks/9e0e08f8-8b0b-4181-9fd6-660f0ede92c9 0.013s
2019-05-10 06:50:18.726 11377 DEBUG tempest.lib.common.rest_client [req-e3f7dcb7-698a-4d3c-a122-fbde269719e1 ] Request - Headers: {'Content-Type': 'application/json', 'Accept': 'application/json', 'X-Auth-Token': ''} Body: None Response - Headers: {'status': '404', u'content-length': '134', 'content-location': 'http://10.167.4.35:9696/v2.0/trunks/9e0e08f8-8b0b-4181-9fd6-660f0ede92c9', u'date': 'Fri, 10 May 2019 06:50:18 GMT', u'content-type': 'application/json', u'connection': 'close', u'x-openstack-request-id': 'req-e3f7dcb7-698a-4d3c-a122-fbde269719e1'} Body: {"NeutronError": {"message": "Trunk 9e0e08f8-8b0b-4181-9fd6-660f0ede92c9 could not be found.", "type": "TrunkNotFound", "detail": ""}} _log_request_full /root/.rally/verification/verifier-c2a963c5-e360-4705-8f48-6d3323256886/repo/tempest/lib/common/rest_client.py:440
2019-05-10 06:50:18.728 11381 INFO tempest.lib.common.rest_client [req-bcfbf5ee-7073-4439-8b36-4c694fa57c82 ] Request (TrunkTestJSON:_run_cleanups): 404 DELETE http://10.167.4.35:9696/v2.0/networks/4548ede8-9b37-49dc-99e6-c29b7e70b46c 0.019s
2019-05-10 06:50:18.729 11381 DEBUG tempest.lib.common.rest_client [req-bcfbf5ee-7073-4439-8b36-4c694fa57c82 ] Request - Headers: {'Content-Type': 'application/json', 'Accept': 'application/json', 'X-Auth-Token': ''} Body: None Response - Headers: {'status': '404', u'content-length': '138', 'content-location': 'http://10.167.4.35:9696/v2.0/networks/4548ede8-9b37-49dc-99e6-c29b7e70b46c', u'date': 'Fri, 10 May 2019 06:50:18 GMT', u'content-type': 'application/json', u'connection': 'close', u'x-openstack-request-id': 'req-bcfbf5ee-7073-4439-8b36-4c694fa57c82'} Body: {"NeutronError": {"message": "Network 4548ede8-9b37-49dc-99e6-c29b7e70b46c could not be found.", "type": "NetworkNotFound", "detail": ""}} _log_request_full /root/.rally/verification/verifier-c2a963c5-e360-4705-8f48-6d3323256886/repo/tempest/lib/common/rest_client.py:440
2019-05-10 06:50:18.742 11377 INFO tempest.lib.common.rest_client [req-aabe2ef8-6fd3-4a78-90c8-a224f0ff4e51 ] Request (TrunkTestJSON:_run_cleanups): 404 GET http://10.167.4.35:9696/v2.0/trunks/652d80d1-7e3a-4142-8881-24403acf900c 0.015s
2019-05-10 06:50:18.742 11377 DEBUG tempest.lib.common.rest_client [req-aabe2ef8-6fd3-4a78-90c8-a224f0ff4e51 ] Request - Headers: {'Content-Type': 'application/json', 'Accept': 'application/json', 'X-Auth-Token': ''} Body: None Response - Headers: {'status': '404', u'content-length': '134', 'content-location': 'http://10.167.4.35:9696/v2.0/trunks/652d80d1-7e3a-4142-8881-24403acf900c', u'date': 'Fri, 10 May 2019 06:50:18 GMT', u'content-type': 'application/json', u'connection': 'close', u'x-openstack-request-id': 'req-aabe2ef8-6fd3-4a78-90c8-a224f0ff4e51'} Body: {"NeutronError": {"message": "Trunk 652d80d1-7e3a-4142-8881-24403acf900c could not be found.", "type": "TrunkNotFound", "detail": ""}} _log_request_full /root/.rally/verification/verifier-c2a963c5-e360-4705-8f48-6d3323256886/repo/tempest/lib/common/rest_client.py:440
2019-05-10 06:50:18.752 11381 INFO tempest.lib.common.rest_client [req-187a0eeb-225c-4cbd-8291-e77339e9d3bd ] Request (TrunkTestJSON:_run_cleanups): 404 DELETE http://10.167.4.35:9696/v2.0/networks/06b946d1-8394-4a6f-9049-2ae1aa809122 0.022s
2019-05-10 06:50:18.752 11381 DEBUG tempest.lib.common.rest_client [req-187a0eeb-225c-4cbd-8291-e77339e9d3bd ] Request - Headers: {'Content-Type': 'application/json', 'Accept': 'application/json', 'X-Auth-Token': ''} Body: None Response - Headers: {'status': '404', u'content-length': '138', 'content-location': 'http://10.167.4.35:9696/v2.0/networks/06b946d1-8394-4a6f-9049-2ae1aa809122', u'date': 'Fri, 10 May 2019 06:50:18 GMT', u'content-type': 'application/json', u'connection': 'close', u'x-openstack-request-id': 'req-187a0eeb-225c-4cbd-8291-e77339e9d3bd'} Body: {"NeutronError": {"message": "Network 06b946d1-8394-4a6f-9049-2ae1aa809122 could not be found.", "type": "NetworkNotFound", "detail": ""}} _log_request_full /root/.rally/verification/verifier-c2a963c5-e360-4705-8f48-6d3323256886/repo/tempest/lib/common/rest_client.py:440
2019-05-10 06:50:18.757 11377 INFO tempest.lib.common.rest_client [req-91087530-46c2-480f-9078-10a9311cb15e ] Request (TrunkTestJSON:_run_cleanups): 404 GET http://10.167.4.35:9696/v2.0/trunks/dee61ab6-c590-446b-b8d2-b949e561f45f 0.014s
2019-05-10 06:50:18.757 11377 DEBUG tempest.lib.common.rest_client [req-91087530-46c2-480f-9078-10a9311cb15e ] Request - Headers: {'Content-Type': 'application/json', 'Accept': 'application/json', 'X-Auth-Token': ''} Body: None Response - Headers: {'status': '404', u'content-length': '134', 'content-location': 'http://10.167.4.35:9696/v2.0/trunks/dee61ab6-c590-446b-b8d2-b949e561f45f', u'date': 'Fri, 10 May 2019 06:50:18 GMT', u'content-type': 'application/json', u'connection': 'close', u'x-openstack-request-id': 'req-91087530-46c2-480f-9078-10a9311cb15e'} Body: {"NeutronError": {"message": "Trunk dee61ab6-c590-446b-b8d2-b949e561f45f could not be found.", "type": "TrunkNotFound", "detail": ""}} _log_request_full /root/.rally/verification/verifier-c2a963c5-e360-4705-8f48-6d3323256886/repo/tempest/lib/common/rest_client.py:440
2019-05-10 06:50:18.770 11377 INFO tempest.lib.common.rest_client [req-81d84402-b677-40a8-b372-abae45f486aa ] Request (TrunkTestJSON:_run_cleanups): 404 GET http://10.167.4.35:9696/v2.0/trunks/d344fca8-48b8-4742-8285-d3fe3c0040a0 0.012s
2019-05-10 06:50:18.771 11377 DEBUG tempest.lib.common.rest_client [req-81d84402-b677-40a8-b372-abae45f486aa ] Request - Headers: {'Content-Type': 'application/json', 'Accept': 'application/json', 'X-Auth-Token': ''} Body: None Response - Headers: {'status': '404', u'content-length': '134', 'content-location': 'http://10.167.4.35:9696/v2.0/trunks/d344fca8-48b8-4742-8285-d3fe3c0040a0', u'date': 'Fri, 10 May 2019 06:50:18 GMT', u'content-type': 'application/json', u'connection': 'close', u'x-openstack-request-id': 'req-81d84402-b677-40a8-b372-abae45f486aa'} Body: {"NeutronError": {"message": "Trunk d344fca8-48b8-4742-8285-d3fe3c0040a0 could not be found.", "type": "TrunkNotFound", "detail": ""}} _log_request_full /root/.rally/verification/verifier-c2a963c5-e360-4705-8f48-6d3323256886/repo/tempest/lib/common/rest_client.py:440
2019-05-10 06:50:18.772 11381 INFO tempest.lib.common.rest_client [req-647242f4-1271-4b7f-ae51-b076cd2a91d6 ] Request (TrunkTestJSON:_run_cleanups): 404 DELETE http://10.167.4.35:9696/v2.0/networks/e187457f-81dd-4da4-bf51-9ab49c1388b3 0.019s
2019-05-10 06:50:18.773 11381 DEBUG tempest.lib.common.rest_client [req-647242f4-1271-4b7f-ae51-b076cd2a91d6 ] Request - Headers: {'Content-Type': 'application/json', 'Accept': 'application/json', 'X-Auth-Token': ''} Body: None Response - Headers: {'status': '404', u'content-length': '138', 'content-location': 'http://10.167.4.35:9696/v2.0/networks/e187457f-81dd-4da4-bf51-9ab49c1388b3', u'date': 'Fri, 10 May 2019 06:50:18 GMT', u'content-type': 'application/json', u'connection': 'close', u'x-openstack-request-id': 'req-647242f4-1271-4b7f-ae51-b076cd2a91d6'} Body: {"NeutronError": {"message": "Network e187457f-81dd-4da4-bf51-9ab49c1388b3 could not be found.", "type": "NetworkNotFound", "detail": ""}} _log_request_full /root/.rally/verification/verifier-c2a963c5-e360-4705-8f48-6d3323256886/repo/tempest/lib/common/rest_client.py:440
2019-05-10 06:50:18.785 11377 INFO tempest.lib.common.rest_client [req-e3190b1c-f41d-481d-a41b-4b247f267efe ] Request (TrunkTestJSON:_run_cleanups): 404 GET http://10.167.4.35:9696/v2.0/trunks/7172eeec-52f4-4902-a192-c54e04900c9f 0.013s
2019-05-10 06:50:18.785 11377 DEBUG tempest.lib.common.rest_client [req-e3190b1c-f41d-481d-a41b-4b247f267efe ] Request - Headers: {'Content-Type': 'application/json', 'Accept': 'application/json', 'X-Auth-Token': ''} Body: None Response - Headers: {'status': '404', u'content-length': '134', 'content-location': 'http://10.167.4.35:9696/v2.0/trunks/7172eeec-52f4-4902-a192-c54e04900c9f', u'date': 'Fri, 10 May 2019 06:50:18 GMT', u'content-type': 'application/json', u'connection': 'close', u'x-openstack-request-id': 'req-e3190b1c-f41d-481d-a41b-4b247f267efe'} Body: {"NeutronError": {"message": "Trunk 7172eeec-52f4-4902-a192-c54e04900c9f could not be found.", "type": "TrunkNotFound", "detail": ""}} _log_request_full /root/.rally/verification/verifier-c2a963c5-e360-4705-8f48-6d3323256886/repo/tempest/lib/common/rest_client.py:440
2019-05-10 06:50:18.816 11377 INFO tempest.lib.common.rest_client [req-aac4ece3-babc-47bb-ab02-c85c24af7d4f ] Request (TrunkTestJSON:_run_cleanups): 404 DELETE http://10.167.4.35:9696/v2.0/ports/67cc7fb0-779d-4f2b-952a-feb13a93e39a 0.029s
2019-05-10 06:50:18.816 11377 DEBUG tempest.lib.common.rest_client [req-aac4ece3-babc-47bb-ab02-c85c24af7d4f ] Request - Headers: {'Content-Type': 'application/json', 'Accept': 'application/json', 'X-Auth-Token': ''} Body: None Response - Headers: {'status': '404', u'content-length': '132', 'content-location': 'http://10.167.4.35:9696/v2.0/ports/67cc7fb0-779d-4f2b-952a-feb13a93e39a', u'date': 'Fri, 10 May 2019 06:50:18 GMT', u'content-type': 'application/json', u'connection': 'close', u'x-openstack-request-id': 'req-aac4ece3-babc-47bb-ab02-c85c24af7d4f'} Body: {"NeutronError": {"message": "Port 67cc7fb0-779d-4f2b-952a-feb13a93e39a could not be found.", "type": "PortNotFound", "detail": ""}} _log_request_full /root/.rally/verification/verifier-c2a963c5-e360-4705-8f48-6d3323256886/repo/tempest/lib/common/rest_client.py:440
2019-05-10 06:50:18.848 11377 INFO tempest.lib.common.rest_client [req-3fe1a3fa-7d77-404f-a2ea-9e41dfb001c0 ] Request (TrunkTestJSON:_run_cleanups): 404 DELETE http://10.167.4.35:9696/v2.0/ports/f5f6c1e0-8913-43a5-8c76-768dba84f160 0.031s
2019-05-10 06:50:18.849 11377 DEBUG tempest.lib.common.rest_client [req-3fe1a3fa-7d77-404f-a2ea-9e41dfb001c0 ] Request - Headers: {'Content-Type': 'application/json', 'Accept': 'application/json', 'X-Auth-Token': ''} Body: None Response - Headers: {'status': '404', u'content-length': '132', 'content-location': 'http://10.167.4.35:9696/v2.0/ports/f5f6c1e0-8913-43a5-8c76-768dba84f160', u'date': 'Fri, 10 May 2019 06:50:18 GMT', u'content-type': 'application/json', u'connection': 'close', u'x-openstack-request-id': 'req-3fe1a3fa-7d77-404f-a2ea-9e41dfb001c0'} Body: {"NeutronError": {"message": "Port f5f6c1e0-8913-43a5-8c76-768dba84f160 could not be found.", "type": "PortNotFound", "detail": ""}} _log_request_full /root/.rally/verification/verifier-c2a963c5-e360-4705-8f48-6d3323256886/repo/tempest/lib/common/rest_client.py:440
2019-05-10 06:50:18.886 11377 INFO tempest.lib.common.rest_client [req-29e7de56-ef48-4033-8e45-5f4db4fa889c ] Request (TrunkTestJSON:_run_cleanups): 404 DELETE http://10.167.4.35:9696/v2.0/ports/37248ec2-a53e-4f67-aef6-d758d80a380a 0.036s
2019-05-10 06:50:18.886 11377 DEBUG tempest.lib.common.rest_client [req-29e7de56-ef48-4033-8e45-5f4db4fa889c ] Request - Headers: {'Content-Type': 'application/json', 'Accept': 'application/json', 'X-Auth-Token': ''} Body: None Response - Headers: {'status': '404', u'content-length': '132', 'content-location': 'http://10.167.4.35:9696/v2.0/ports/37248ec2-a53e-4f67-aef6-d758d80a380a', u'date': 'Fri, 10 May 2019 06:50:18 GMT', u'content-type': 'application/json', u'connection': 'close', u'x-openstack-request-id': 'req-29e7de56-ef48-4033-8e45-5f4db4fa889c'} Body: {"NeutronError": {"message": "Port 37248ec2-a53e-4f67-aef6-d758d80a380a could not be found.", "type": "PortNotFound", "detail": ""}} _log_request_full /root/.rally/verification/verifier-c2a963c5-e360-4705-8f48-6d3323256886/repo/tempest/lib/common/rest_client.py:440
2019-05-10 06:50:18.919 11377 INFO tempest.lib.common.rest_client [req-5e66bad3-766f-4e4a-9660-b7b44246136d ] Request (TrunkTestJSON:_run_cleanups): 404 DELETE http://10.167.4.35:9696/v2.0/ports/ccb596cf-5edb-4546-b203-a5c253d6c627 0.032s
2019-05-10 06:50:18.920 11377 DEBUG tempest.lib.common.rest_client [req-5e66bad3-766f-4e4a-9660-b7b44246136d ] Request - Headers: {'Content-Type': 'application/json', 'Accept': 'application/json', 'X-Auth-Token': ''} Body: None Response - Headers: {'status': '404', u'content-length': '132', 'content-location': 'http://10.167.4.35:9696/v2.0/ports/ccb596cf-5edb-4546-b203-a5c253d6c627', u'date': 'Fri, 10 May 2019 06:50:18 GMT', u'content-type': 'application/json', u'connection': 'close', u'x-openstack-request-id': 'req-5e66bad3-766f-4e4a-9660-b7b44246136d'} Body: {"NeutronError": {"message": "Port ccb596cf-5edb-4546-b203-a5c253d6c627 could not be found.", "type": "PortNotFound", "detail": ""}} _log_request_full /root/.rally/verification/verifier-c2a963c5-e360-4705-8f48-6d3323256886/repo/tempest/lib/common/rest_client.py:440
2019-05-10 06:50:18.947 11381 INFO tempest.lib.common.rest_client [req-895db69e-a61f-4ba3-ab5f-57aa68eeced4 ] Request (TrunkTestJSON:test_create_subport_missing_segmentation_id): 201 POST http://10.167.4.35:9696/v2.0/networks 0.171s
2019-05-10 06:50:18.947 11381 DEBUG tempest.lib.common.rest_client [req-895db69e-a61f-4ba3-ab5f-57aa68eeced4 ] Request - Headers: {'Content-Type': 'application/json', 'Accept': 'application/json', 'X-Auth-Token': ''} Body: {"network": {"name": "tempest-test-network--667434002"}} Response - Headers: {'status': '201', u'content-length': '568', 'content-location': 'http://10.167.4.35:9696/v2.0/networks', u'date': 'Fri, 10 May 2019 06:50:18 GMT', u'content-type': 'application/json', u'connection': 'close', u'x-openstack-request-id': 'req-895db69e-a61f-4ba3-ab5f-57aa68eeced4'} Body: {"network":{"status":"ACTIVE","router:external":false,"availability_zone_hints":[],"availability_zones":[],"description":"","subnets":[],"shared":false,"tenant_id":"b8eea2326d2f44348b0422ba59a571ec","created_at":"2019-05-10T06:50:18Z","tags":[],"ipv6_address_scope":null,"mtu":1450,"updated_at":"2019-05-10T06:50:18Z","admin_state_up":true,"revision_number":1,"ipv4_address_scope":null,"is_default":false,"port_security_enabled":true,"project_id":"b8eea2326d2f44348b0422ba59a571ec","id":"112fe726-548b-4f60-8698-bbdab95f16fe","name":"tempest-test-network--667434002"}} _log_request_full /root/.rally/verification/verifier-c2a963c5-e360-4705-8f48-6d3323256886/repo/tempest/lib/common/rest_client.py:440
2019-05-10 06:50:18.951 11377 INFO tempest.lib.common.rest_client [req-f66fb105-02e2-4bd3-945f-41e58a83576f ] Request (TrunkTestJSON:_run_cleanups): 404 DELETE http://10.167.4.35:9696/v2.0/ports/7202450d-2525-4842-ab77-450ce7bf2fd4 0.030s
2019-05-10 06:50:18.952 11377 DEBUG tempest.lib.common.rest_client [req-f66fb105-02e2-4bd3-945f-41e58a83576f ] Request - Headers: {'Content-Type': 'application/json', 'Accept': 'application/json', 'X-Auth-Token': ''} Body: None Response - Headers: {'status': '404', u'content-length': '132', 'content-location': 'http://10.167.4.35:9696/v2.0/ports/7202450d-2525-4842-ab77-450ce7bf2fd4', u'date': 'Fri, 10 May 2019 06:50:18 GMT', u'content-type': 'application/json', u'connection': 'close', u'x-openstack-request-id': 'req-f66fb105-02e2-4bd3-945f-41e58a83576f'} Body: {"NeutronError": {"message": "Port 7202450d-2525-4842-ab77-450ce7bf2fd4 could not be found.", "type": "PortNotFound", "detail": ""}} _log_request_full /root/.rally/verification/verifier-c2a963c5-e360-4705-8f48-6d3323256886/repo/tempest/lib/common/rest_client.py:440
2019-05-10 06:50:19.334 11377 INFO tempest.lib.common.rest_client [req-733143a2-a4db-48ff-8aa9-6772a0301d04 ] Request (TrunkTestJSON:_run_cleanups): 204 DELETE http://10.167.4.35:9696/v2.0/ports/b8ea14fb-6203-4749-8df6-8eb772e4cf3e 0.382s
2019-05-10 06:50:19.335 11377 DEBUG tempest.lib.common.rest_client [req-733143a2-a4db-48ff-8aa9-6772a0301d04 ] Request - Headers: {'Content-Type': 'application/json', 'Accept': 'application/json', 'X-Auth-Token': ''} Body: None Response - Headers: {'status': '204', u'content-length': '0', 'content-location': 'http://10.167.4.35:9696/v2.0/ports/b8ea14fb-6203-4749-8df6-8eb772e4cf3e', u'date': 'Fri, 10 May 2019 06:50:19 GMT', u'connection': 'close', u'x-openstack-request-id': 'req-733143a2-a4db-48ff-8aa9-6772a0301d04'} Body: _log_request_full /root/.rally/verification/verifier-c2a963c5-e360-4705-8f48-6d3323256886/repo/tempest/lib/common/rest_client.py:440
2019-05-10 06:50:19.358 11377 INFO tempest.lib.common.rest_client [req-6884d9b0-c676-436c-acdd-7ab220592f64 ] Request (TrunkTestJSON:_run_cleanups): 404 DELETE http://10.167.4.35:9696/v2.0/networks/4fd24fe7-362c-4183-8cc6-21b6bf281b79 0.022s
2019-05-10 06:50:19.359 11377 DEBUG tempest.lib.common.rest_client [req-6884d9b0-c676-436c-acdd-7ab220592f64 ] Request - Headers: {'Content-Type': 'application/json', 'Accept': 'application/json', 'X-Auth-Token': ''} Body: None Response - Headers: {'status': '404', u'content-length': '138', 'content-location': 'http://10.167.4.35:9696/v2.0/networks/4fd24fe7-362c-4183-8cc6-21b6bf281b79', u'date': 'Fri, 10 May 2019 06:50:19 GMT', u'content-type': 'application/json', u'connection': 'close', u'x-openstack-request-id': 'req-6884d9b0-c676-436c-acdd-7ab220592f64'} Body: {"NeutronError": {"message": "Network 4fd24fe7-362c-4183-8cc6-21b6bf281b79 could not be found.", "type": "NetworkNotFound", "detail": ""}} _log_request_full /root/.rally/verification/verifier-c2a963c5-e360-4705-8f48-6d3323256886/repo/tempest/lib/common/rest_client.py:440
2019-05-10 06:50:19.382 11377 INFO tempest.lib.common.rest_client [req-6359538f-de77-467a-8322-fdc06cfe843e ] Request (TrunkTestJSON:_run_cleanups): 404 DELETE http://10.167.4.35:9696/v2.0/networks/5a7eccc1-d899-474d-97e6-6997e871e063 0.022s
2019-05-10 06:50:19.382 11377 DEBUG tempest.lib.common.rest_client [req-6359538f-de77-467a-8322-fdc06cfe843e ] Request - Headers: {'Content-Type': 'application/json', 'Accept': 'application/json', 'X-Auth-Token': ''} Body: None Response - Headers: {'status': '404', u'content-length': '138', 'content-location': 'http://10.167.4.35:9696/v2.0/networks/5a7eccc1-d899-474d-97e6-6997e871e063', u'date': 'Fri, 10 May 2019 06:50:19 GMT', u'content-type': 'application/json', u'connection': 'close', u'x-openstack-request-id': 'req-6359538f-de77-467a-8322-fdc06cfe843e'} Body: {"NeutronError": {"message": "Network 5a7eccc1-d899-474d-97e6-6997e871e063 could not be found.", "type": "NetworkNotFound", "detail": ""}} _log_request_full /root/.rally/verification/verifier-c2a963c5-e360-4705-8f48-6d3323256886/repo/tempest/lib/common/rest_client.py:440
2019-05-10 06:50:19.404 11377 INFO tempest.lib.common.rest_client [req-89fe71f8-0fea-413a-80d6-1276fbd2689d ] Request (TrunkTestJSON:_run_cleanups): 404 DELETE http://10.167.4.35:9696/v2.0/networks/28e44381-c3d2-4d7b-8a13-5af6d647c10b 0.021s
2019-05-10 06:50:19.405 11377 DEBUG tempest.lib.common.rest_client [req-89fe71f8-0fea-413a-80d6-1276fbd2689d ] Request - Headers: {'Content-Type': 'application/json', 'Accept': 'application/json', 'X-Auth-Token': ''} Body: None Response - Headers: {'status': '404', u'content-length': '138', 'content-location': 'http://10.167.4.35:9696/v2.0/networks/28e44381-c3d2-4d7b-8a13-5af6d647c10b', u'date': 'Fri, 10 May 2019 06:50:19 GMT', u'content-type': 'application/json', u'connection': 'close', u'x-openstack-request-id': 'req-89fe71f8-0fea-413a-80d6-1276fbd2689d'} Body: {"NeutronError": {"message": "Network 28e44381-c3d2-4d7b-8a13-5af6d647c10b could not be found.", "type": "NetworkNotFound", "detail": ""}} _log_request_full /root/.rally/verification/verifier-c2a963c5-e360-4705-8f48-6d3323256886/repo/tempest/lib/common/rest_client.py:440
2019-05-10 06:50:19.428 11377 INFO tempest.lib.common.rest_client [req-57626503-e6bb-4d57-a6ea-df98a2323de6 ] Request (TrunkTestJSON:_run_cleanups): 404 DELETE http://10.167.4.35:9696/v2.0/networks/99eae823-783c-41bd-b0fa-910612903525 0.022s
2019-05-10 06:50:19.428 11377 DEBUG tempest.lib.common.rest_client [req-57626503-e6bb-4d57-a6ea-df98a2323de6 ] Request - Headers: {'Content-Type': 'application/json', 'Accept': 'application/json', 'X-Auth-Token': ''} Body: None Response - Headers: {'status': '404', u'content-length': '138', 'content-location': 'http://10.167.4.35:9696/v2.0/networks/99eae823-783c-41bd-b0fa-910612903525', u'date': 'Fri, 10 May 2019 06:50:19 GMT', u'content-type': 'application/json', u'connection': 'close', u'x-openstack-request-id': 'req-57626503-e6bb-4d57-a6ea-df98a2323de6'} Body: {"NeutronError": {"message": "Network 99eae823-783c-41bd-b0fa-910612903525 could not be found.", "type": "NetworkNotFound", "detail": ""}} _log_request_full /root/.rally/verification/verifier-c2a963c5-e360-4705-8f48-6d3323256886/repo/tempest/lib/common/rest_client.py:440
2019-05-10 06:50:19.460 11377 INFO tempest.lib.common.rest_client [req-f2a4faff-87b4-4966-8ef1-f60a5024295e ] Request (TrunkTestJSON:_run_cleanups): 404 DELETE http://10.167.4.35:9696/v2.0/networks/2cd60739-b6c6-4c06-a534-65a56f603c68 0.031s
2019-05-10 06:50:19.461 11377 DEBUG tempest.lib.common.rest_client [req-f2a4faff-87b4-4966-8ef1-f60a5024295e ] Request - Headers: {'Content-Type': 'application/json', 'Accept': 'application/json', 'X-Auth-Token': ''} Body: None Response - Headers: {'status': '404', u'content-length': '138', 'content-location': 'http://10.167.4.35:9696/v2.0/networks/2cd60739-b6c6-4c06-a534-65a56f603c68', u'date': 'Fri, 10 May 2019 06:50:19 GMT', u'content-type': 'application/json', u'connection': 'close', u'x-openstack-request-id': 'req-f2a4faff-87b4-4966-8ef1-f60a5024295e'} Body: {"NeutronError": {"message": "Network 2cd60739-b6c6-4c06-a534-65a56f603c68 could not be found.", "type": "NetworkNotFound", "detail": ""}} _log_request_full /root/.rally/verification/verifier-c2a963c5-e360-4705-8f48-6d3323256886/repo/tempest/lib/common/rest_client.py:440
2019-05-10 06:50:19.831 11381 INFO tempest.lib.common.rest_client [req-8e4b63e2-d7fe-4bf0-9fb6-5a5832b48f23 ] Request (TrunkTestJSON:test_create_subport_missing_segmentation_id): 201 POST http://10.167.4.35:9696/v2.0/ports 0.883s
