2019-05-01 00:36:53.659 13037 DEBUG tempest.lib.common.rest_client [req-14cd2adf-1dd0-43ce-b0b7-91f08e3f9036 ] Request - Headers: {'Content-Type': 'application/json', 'Accept': 'application/json', 'X-Auth-Token': ''} Body: None Response - Headers: {'status': '404', u'content-length': '134', 'content-location': 'http://10.167.4.35:9696/v2.0/trunks/6a0cf1ca-d957-46fe-8b58-3f5bc9642ad1', u'date': 'Wed, 01 May 2019 00:36:53 GMT', u'content-type': 'application/json', u'connection': 'close', u'x-openstack-request-id': 'req-14cd2adf-1dd0-43ce-b0b7-91f08e3f9036'} Body: {"NeutronError": {"message": "Trunk 6a0cf1ca-d957-46fe-8b58-3f5bc9642ad1 could not be found.", "type": "TrunkNotFound", "detail": ""}} _log_request_full /root/.rally/verification/verifier-cbe8dfb8-14be-4f39-b9d7-faa451633090/repo/tempest/lib/common/rest_client.py:437
2019-05-01 00:36:53.687 13037 INFO tempest.lib.common.rest_client [req-9ef196ac-bb79-4563-ad6e-85b36e5e840c ] Request (TrunkTestJSON:_run_cleanups): 404 DELETE http://10.167.4.35:9696/v2.0/ports/d4e3f110-d79e-493b-896b-f4d37abd93e1 0.027s
2019-05-01 00:36:53.687 13037 DEBUG tempest.lib.common.rest_client [req-9ef196ac-bb79-4563-ad6e-85b36e5e840c ] Request - Headers: {'Content-Type': 'application/json', 'Accept': 'application/json', 'X-Auth-Token': ''} Body: None Response - Headers: {'status': '404', u'content-length': '132', 'content-location': 'http://10.167.4.35:9696/v2.0/ports/d4e3f110-d79e-493b-896b-f4d37abd93e1', u'date': 'Wed, 01 May 2019 00:36:53 GMT', u'content-type': 'application/json', u'connection': 'close', u'x-openstack-request-id': 'req-9ef196ac-bb79-4563-ad6e-85b36e5e840c'} Body: {"NeutronError": {"message": "Port d4e3f110-d79e-493b-896b-f4d37abd93e1 could not be found.", "type": "PortNotFound", "detail": ""}} _log_request_full /root/.rally/verification/verifier-cbe8dfb8-14be-4f39-b9d7-faa451633090/repo/tempest/lib/common/rest_client.py:437
2019-05-01 00:36:53.719 13037 INFO tempest.lib.common.rest_client [req-31829ba9-bb05-461c-ab59-43361f7853bc ] Request (TrunkTestJSON:_run_cleanups): 404 DELETE http://10.167.4.35:9696/v2.0/ports/7994df8e-69f9-4625-9105-39257a47ed5c 0.031s
2019-05-01 00:36:53.720 13037 DEBUG tempest.lib.common.rest_client [req-31829ba9-bb05-461c-ab59-43361f7853bc ] Request - Headers: {'Content-Type': 'application/json', 'Accept': 'application/json', 'X-Auth-Token': ''} Body: None Response - Headers: {'status': '404', u'content-length': '132', 'content-location': 'http://10.167.4.35:9696/v2.0/ports/7994df8e-69f9-4625-9105-39257a47ed5c', u'date': 'Wed, 01 May 2019 00:36:53 GMT', u'content-type': 'application/json', u'connection': 'close', u'x-openstack-request-id': 'req-31829ba9-bb05-461c-ab59-43361f7853bc'} Body: {"NeutronError": {"message": "Port 7994df8e-69f9-4625-9105-39257a47ed5c could not be found.", "type": "PortNotFound", "detail": ""}} _log_request_full /root/.rally/verification/verifier-cbe8dfb8-14be-4f39-b9d7-faa451633090/repo/tempest/lib/common/rest_client.py:437
2019-05-01 00:36:53.757 13037 INFO tempest.lib.common.rest_client [req-47735ac9-b0b1-4ee3-bdad-48361bad1f91 ] Request (TrunkTestJSON:_run_cleanups): 404 DELETE http://10.167.4.35:9696/v2.0/ports/b04a2510-dd1e-4958-84ca-e1b4963d7331 0.036s
2019-05-01 00:36:53.757 13037 DEBUG tempest.lib.common.rest_client [req-47735ac9-b0b1-4ee3-bdad-48361bad1f91 ] Request - Headers: {'Content-Type': 'application/json', 'Accept': 'application/json', 'X-Auth-Token': ''} Body: None Response - Headers: {'status': '404', u'content-length': '132', 'content-location': 'http://10.167.4.35:9696/v2.0/ports/b04a2510-dd1e-4958-84ca-e1b4963d7331', u'date': 'Wed, 01 May 2019 00:36:53 GMT', u'content-type': 'application/json', u'connection': 'close', u'x-openstack-request-id': 'req-47735ac9-b0b1-4ee3-bdad-48361bad1f91'} Body: {"NeutronError": {"message": "Port b04a2510-dd1e-4958-84ca-e1b4963d7331 could not be found.", "type": "PortNotFound", "detail": ""}} _log_request_full /root/.rally/verification/verifier-cbe8dfb8-14be-4f39-b9d7-faa451633090/repo/tempest/lib/common/rest_client.py:437
2019-05-01 00:36:53.787 13037 INFO tempest.lib.common.rest_client [req-d637dbd8-0fb4-443a-88a1-274761ff9457 ] Request (TrunkTestJSON:_run_cleanups): 404 DELETE http://10.167.4.35:9696/v2.0/ports/366b59ab-cd73-480b-910c-edd0b8141e18 0.029s
2019-05-01 00:36:53.788 13037 DEBUG tempest.lib.common.rest_client [req-d637dbd8-0fb4-443a-88a1-274761ff9457 ] Request - Headers: {'Content-Type': 'application/json', 'Accept': 'application/json', 'X-Auth-Token': ''} Body: None Response - Headers: {'status': '404', u'content-length': '132', 'content-location': 'http://10.167.4.35:9696/v2.0/ports/366b59ab-cd73-480b-910c-edd0b8141e18', u'date': 'Wed, 01 May 2019 00:36:53 GMT', u'content-type': 'application/json', u'connection': 'close', u'x-openstack-request-id': 'req-d637dbd8-0fb4-443a-88a1-274761ff9457'} Body: {"NeutronError": {"message": "Port 366b59ab-cd73-480b-910c-edd0b8141e18 could not be found.", "type": "PortNotFound", "detail": ""}} _log_request_full /root/.rally/verification/verifier-cbe8dfb8-14be-4f39-b9d7-faa451633090/repo/tempest/lib/common/rest_client.py:437
2019-05-01 00:36:53.825 13037 INFO tempest.lib.common.rest_client [req-eaa9d90e-f3d1-4d00-adc2-582d6e879d5e ] Request (TrunkTestJSON:_run_cleanups): 404 DELETE http://10.167.4.35:9696/v2.0/ports/2e7626f6-5706-406c-8613-4ea7328a6c9b 0.036s
2019-05-01 00:36:53.825 13037 DEBUG tempest.lib.common.rest_client [req-eaa9d90e-f3d1-4d00-adc2-582d6e879d5e ] Request - Headers: {'Content-Type': 'application/json', 'Accept': 'application/json', 'X-Auth-Token': ''} Body: None Response - Headers: {'status': '404', u'content-length': '132', 'content-location': 'http://10.167.4.35:9696/v2.0/ports/2e7626f6-5706-406c-8613-4ea7328a6c9b', u'date': 'Wed, 01 May 2019 00:36:53 GMT', u'content-type': 'application/json', u'connection': 'close', u'x-openstack-request-id': 'req-eaa9d90e-f3d1-4d00-adc2-582d6e879d5e'} Body: {"NeutronError": {"message": "Port 2e7626f6-5706-406c-8613-4ea7328a6c9b could not be found.", "type": "PortNotFound", "detail": ""}} _log_request_full /root/.rally/verification/verifier-cbe8dfb8-14be-4f39-b9d7-faa451633090/repo/tempest/lib/common/rest_client.py:437
2019-05-01 00:36:53.860 13037 INFO tempest.lib.common.rest_client [req-80146946-bdf9-4d9e-b6c5-55e711dbb4da ] Request (TrunkTestJSON:_run_cleanups): 404 DELETE http://10.167.4.35:9696/v2.0/ports/41fba9f0-33ec-4137-8f7b-42673c0e15c6 0.033s
2019-05-01 00:36:53.860 13037 DEBUG tempest.lib.common.rest_client [req-80146946-bdf9-4d9e-b6c5-55e711dbb4da ] Request - Headers: {'Content-Type': 'application/json', 'Accept': 'application/json', 'X-Auth-Token': ''} Body: None Response - Headers: {'status': '404', u'content-length': '132', 'content-location': 'http://10.167.4.35:9696/v2.0/ports/41fba9f0-33ec-4137-8f7b-42673c0e15c6', u'date': 'Wed, 01 May 2019 00:36:53 GMT', u'content-type': 'application/json', u'connection': 'close', u'x-openstack-request-id': 'req-80146946-bdf9-4d9e-b6c5-55e711dbb4da'} Body: {"NeutronError": {"message": "Port 41fba9f0-33ec-4137-8f7b-42673c0e15c6 could not be found.", "type": "PortNotFound", "detail": ""}} _log_request_full /root/.rally/verification/verifier-cbe8dfb8-14be-4f39-b9d7-faa451633090/repo/tempest/lib/common/rest_client.py:437
2019-05-01 00:36:53.888 13037 INFO tempest.lib.common.rest_client [req-f8293301-bdeb-43f2-a77a-207493b07ad6 ] Request (TrunkTestJSON:_run_cleanups): 404 DELETE http://10.167.4.35:9696/v2.0/ports/603c4d5e-f530-4144-b8c5-e97940fafee5 0.026s
2019-05-01 00:36:53.888 13037 DEBUG tempest.lib.common.rest_client [req-f8293301-bdeb-43f2-a77a-207493b07ad6 ] Request - Headers: {'Content-Type': 'application/json', 'Accept': 'application/json', 'X-Auth-Token': ''} Body: None Response - Headers: {'status': '404', u'content-length': '132', 'content-location': 'http://10.167.4.35:9696/v2.0/ports/603c4d5e-f530-4144-b8c5-e97940fafee5', u'date': 'Wed, 01 May 2019 00:36:53 GMT', u'content-type': 'application/json', u'connection': 'close', u'x-openstack-request-id': 'req-f8293301-bdeb-43f2-a77a-207493b07ad6'} Body: {"NeutronError": {"message": "Port 603c4d5e-f530-4144-b8c5-e97940fafee5 could not be found.", "type": "PortNotFound", "detail": ""}} _log_request_full /root/.rally/verification/verifier-cbe8dfb8-14be-4f39-b9d7-faa451633090/repo/tempest/lib/common/rest_client.py:437
2019-05-01 00:36:53.917 13037 INFO tempest.lib.common.rest_client [req-b0e31330-cc14-4b8d-a320-81bcba232b5f ] Request (TrunkTestJSON:_run_cleanups): 404 DELETE http://10.167.4.35:9696/v2.0/ports/1049d818-453a-440a-956c-f116e10af82a 0.028s
2019-05-01 00:36:53.917 13037 DEBUG tempest.lib.common.rest_client [req-b0e31330-cc14-4b8d-a320-81bcba232b5f ] Request - Headers: {'Content-Type': 'application/json', 'Accept': 'application/json', 'X-Auth-Token': ''} Body: None Response - Headers: {'status': '404', u'content-length': '132', 'content-location': 'http://10.167.4.35:9696/v2.0/ports/1049d818-453a-440a-956c-f116e10af82a', u'date': 'Wed, 01 May 2019 00:36:53 GMT', u'content-type': 'application/json', u'connection': 'close', u'x-openstack-request-id': 'req-b0e31330-cc14-4b8d-a320-81bcba232b5f'} Body: {"NeutronError": {"message": "Port 1049d818-453a-440a-956c-f116e10af82a could not be found.", "type": "PortNotFound", "detail": ""}} _log_request_full /root/.rally/verification/verifier-cbe8dfb8-14be-4f39-b9d7-faa451633090/repo/tempest/lib/common/rest_client.py:437
2019-05-01 00:36:53.994 13033 INFO tempest.lib.common.rest_client [req-9915587d-e848-40ec-aa4d-83f76656d981 ] Request (TrunkTestJSON:_run_cleanups): 204 DELETE http://10.167.4.35:9696/v2.0/networks/d18ea4f7-4633-4ea1-879b-1ea5eccce5f1 0.507s
2019-05-01 00:36:53.994 13033 DEBUG tempest.lib.common.rest_client [req-9915587d-e848-40ec-aa4d-83f76656d981 ] Request - Headers: {'Content-Type': 'application/json', 'Accept': 'application/json', 'X-Auth-Token': ''} Body: None Response - Headers: {'status': '204', u'content-length': '0', 'content-location': 'http://10.167.4.35:9696/v2.0/networks/d18ea4f7-4633-4ea1-879b-1ea5eccce5f1', u'date': 'Wed, 01 May 2019 00:36:53 GMT', u'connection': 'close', u'x-openstack-request-id': 'req-9915587d-e848-40ec-aa4d-83f76656d981'} Body: _log_request_full /root/.rally/verification/verifier-cbe8dfb8-14be-4f39-b9d7-faa451633090/repo/tempest/lib/common/rest_client.py:437
2019-05-01 00:36:54.152 13033 INFO tempest.lib.common.rest_client [req-f391cbcf-ced4-4819-8dc6-ad602a9143bd ] Request (TrunkTestJSON:test_get_subports): 201 POST http://10.167.4.35:9696/v2.0/networks 0.155s
2019-05-01 00:36:54.152 13033 DEBUG tempest.lib.common.rest_client [req-f391cbcf-ced4-4819-8dc6-ad602a9143bd ] Request - Headers: {'Content-Type': 'application/json', 'Accept': 'application/json', 'X-Auth-Token': ''} Body: {"network": {"name": "tempest-test-network--651669139"}} Response - Headers: {'status': '201', u'content-length': '568', 'content-location': 'http://10.167.4.35:9696/v2.0/networks', u'date': 'Wed, 01 May 2019 00:36:54 GMT', u'content-type': 'application/json', u'connection': 'close', u'x-openstack-request-id': 'req-f391cbcf-ced4-4819-8dc6-ad602a9143bd'} Body: {"network":{"status":"ACTIVE","router:external":false,"availability_zone_hints":[],"availability_zones":[],"description":"","subnets":[],"shared":false,"tenant_id":"2519296b189d4d4cab04766961d29341","created_at":"2019-05-01T00:36:54Z","tags":[],"ipv6_address_scope":null,"mtu":1450,"updated_at":"2019-05-01T00:36:54Z","admin_state_up":true,"revision_number":1,"ipv4_address_scope":null,"is_default":false,"port_security_enabled":true,"project_id":"2519296b189d4d4cab04766961d29341","id":"607a410c-0e81-461d-993d-7d7b1174bc0b","name":"tempest-test-network--651669139"}} _log_request_full /root/.rally/verification/verifier-cbe8dfb8-14be-4f39-b9d7-faa451633090/repo/tempest/lib/common/rest_client.py:437
2019-05-01 00:36:54.285 13037 INFO tempest.lib.common.rest_client [req-5ec2780e-3e90-4036-bbf1-13cb248cbf2e ] Request (TrunkTestJSON:_run_cleanups): 204 DELETE http://10.167.4.35:9696/v2.0/ports/9ac8c699-c53b-452e-943c-422504e5e5cb 0.367s
2019-05-01 00:36:54.286 13037 DEBUG tempest.lib.common.rest_client [req-5ec2780e-3e90-4036-bbf1-13cb248cbf2e ] Request - Headers: {'Content-Type': 'application/json', 'Accept': 'application/json', 'X-Auth-Token': ''} Body: None Response - Headers: {'status': '204', u'content-length': '0', 'content-location': 'http://10.167.4.35:9696/v2.0/ports/9ac8c699-c53b-452e-943c-422504e5e5cb', u'date': 'Wed, 01 May 2019 00:36:54 GMT', u'connection': 'close', u'x-openstack-request-id': 'req-5ec2780e-3e90-4036-bbf1-13cb248cbf2e'} Body: _log_request_full /root/.rally/verification/verifier-cbe8dfb8-14be-4f39-b9d7-faa451633090/repo/tempest/lib/common/rest_client.py:437
2019-05-01 00:36:54.309 13037 INFO tempest.lib.common.rest_client [req-82e02c79-4b01-48c0-99e8-938e31301567 ] Request (TrunkTestJSON:_run_cleanups): 404 DELETE http://10.167.4.35:9696/v2.0/networks/22dc6cb8-3aad-4f16-a6b5-a7aedc8442a7 0.022s
2019-05-01 00:36:54.309 13037 DEBUG tempest.lib.common.rest_client [req-82e02c79-4b01-48c0-99e8-938e31301567 ] Request - Headers: {'Content-Type': 'application/json', 'Accept': 'application/json', 'X-Auth-Token': ''} Body: None Response - Headers: {'status': '404', u'content-length': '138', 'content-location': 'http://10.167.4.35:9696/v2.0/networks/22dc6cb8-3aad-4f16-a6b5-a7aedc8442a7', u'date': 'Wed, 01 May 2019 00:36:54 GMT', u'content-type': 'application/json', u'connection': 'close', u'x-openstack-request-id': 'req-82e02c79-4b01-48c0-99e8-938e31301567'} Body: {"NeutronError": {"message": "Network 22dc6cb8-3aad-4f16-a6b5-a7aedc8442a7 could not be found.", "type": "NetworkNotFound", "detail": ""}} _log_request_full /root/.rally/verification/verifier-cbe8dfb8-14be-4f39-b9d7-faa451633090/repo/tempest/lib/common/rest_client.py:437
2019-05-01 00:36:54.331 13037 INFO tempest.lib.common.rest_client [req-0c62db29-58dd-4edf-b9c4-51f84909720c ] Request (TrunkTestJSON:_run_cleanups): 404 DELETE http://10.167.4.35:9696/v2.0/networks/dd8f5a35-a9dd-4e96-be38-bce310b08c2b 0.021s
2019-05-01 00:36:54.332 13037 DEBUG tempest.lib.common.rest_client [req-0c62db29-58dd-4edf-b9c4-51f84909720c ] Request - Headers: {'Content-Type': 'application/json', 'Accept': 'application/json', 'X-Auth-Token': ''} Body: None Response - Headers: {'status': '404', u'content-length': '138', 'content-location': 'http://10.167.4.35:9696/v2.0/networks/dd8f5a35-a9dd-4e96-be38-bce310b08c2b', u'date': 'Wed, 01 May 2019 00:36:54 GMT', u'content-type': 'application/json', u'connection': 'close', u'x-openstack-request-id': 'req-0c62db29-58dd-4edf-b9c4-51f84909720c'} Body: {"NeutronError": {"message": "Network dd8f5a35-a9dd-4e96-be38-bce310b08c2b could not be found.", "type": "NetworkNotFound", "detail": ""}} _log_request_full /root/.rally/verification/verifier-cbe8dfb8-14be-4f39-b9d7-faa451633090/repo/tempest/lib/common/rest_client.py:437
2019-05-01 00:36:54.356 13037 INFO tempest.lib.common.rest_client [req-9408ed54-268b-4130-9df2-ca547b606a23 ] Request (TrunkTestJSON:_run_cleanups): 404 DELETE http://10.167.4.35:9696/v2.0/networks/b781e075-5756-4898-9045-21bd344c4f85 0.023s
2019-05-01 00:36:54.357 13037 DEBUG tempest.lib.common.rest_client [req-9408ed54-268b-4130-9df2-ca547b606a23 ] Request - Headers: {'Content-Type': 'application/json', 'Accept': 'application/json', 'X-Auth-Token': ''} Body: None Response - Headers: {'status': '404', u'content-length': '138', 'content-location': 'http://10.167.4.35:9696/v2.0/networks/b781e075-5756-4898-9045-21bd344c4f85', u'date': 'Wed, 01 May 2019 00:36:54 GMT', u'content-type': 'application/json', u'connection': 'close', u'x-openstack-request-id': 'req-9408ed54-268b-4130-9df2-ca547b606a23'} Body: {"NeutronError": {"message": "Network b781e075-5756-4898-9045-21bd344c4f85 could not be found.", "type": "NetworkNotFound", "detail": ""}} _log_request_full /root/.rally/verification/verifier-cbe8dfb8-14be-4f39-b9d7-faa451633090/repo/tempest/lib/common/rest_client.py:437
2019-05-01 00:36:54.381 13037 INFO tempest.lib.common.rest_client [req-bfdadac4-7d15-41b3-98ee-dec2716bf0a2 ] Request (TrunkTestJSON:_run_cleanups): 404 DELETE http://10.167.4.35:9696/v2.0/networks/5f165a14-fa65-4fdc-b5d9-da18694a7d93 0.023s
2019-05-01 00:36:54.381 13037 DEBUG tempest.lib.common.rest_client [req-bfdadac4-7d15-41b3-98ee-dec2716bf0a2 ] Request - Headers: {'Content-Type': 'application/json', 'Accept': 'application/json', 'X-Auth-Token': ''} Body: None Response - Headers: {'status': '404', u'content-length': '138', 'content-location': 'http://10.167.4.35:9696/v2.0/networks/5f165a14-fa65-4fdc-b5d9-da18694a7d93', u'date': 'Wed, 01 May 2019 00:36:54 GMT', u'content-type': 'application/json', u'connection': 'close', u'x-openstack-request-id': 'req-bfdadac4-7d15-41b3-98ee-dec2716bf0a2'} Body: {"NeutronError": {"message": "Network 5f165a14-fa65-4fdc-b5d9-da18694a7d93 could not be found.", "type": "NetworkNotFound", "detail": ""}} _log_request_full /root/.rally/verification/verifier-cbe8dfb8-14be-4f39-b9d7-faa451633090/repo/tempest/lib/common/rest_client.py:437
2019-05-01 00:36:54.402 13037 INFO tempest.lib.common.rest_client [req-8d3343aa-1ddc-487f-ab02-22adb2d5a6d0 ] Request (TrunkTestJSON:_run_cleanups): 404 DELETE http://10.167.4.35:9696/v2.0/networks/5d468ec9-f1a6-4268-8e68-1cd648294c44 0.020s
2019-05-01 00:36:54.403 13037 DEBUG tempest.lib.common.rest_client [req-8d3343aa-1ddc-487f-ab02-22adb2d5a6d0 ] Request - Headers: {'Content-Type': 'application/json', 'Accept': 'application/json', 'X-Auth-Token': ''} Body: None Response - Headers: {'status': '404', u'content-length': '138', 'content-location': 'http://10.167.4.35:9696/v2.0/networks/5d468ec9-f1a6-4268-8e68-1cd648294c44', u'date': 'Wed, 01 May 2019 00:36:54 GMT', u'content-type': 'application/json', u'connection': 'close', u'x-openstack-request-id': 'req-8d3343aa-1ddc-487f-ab02-22adb2d5a6d0'} Body: {"NeutronError": {"message": "Network 5d468ec9-f1a6-4268-8e68-1cd648294c44 could not be found.", "type": "NetworkNotFound", "detail": ""}} _log_request_full /root/.rally/verification/verifier-cbe8dfb8-14be-4f39-b9d7-faa451633090/repo/tempest/lib/common/rest_client.py:437
2019-05-01 00:36:54.425 13037 INFO tempest.lib.common.rest_client [req-5f95f38d-8cd2-4bba-9aaa-7074a182180e ] Request (TrunkTestJSON:_run_cleanups): 404 DELETE http://10.167.4.35:9696/v2.0/networks/3fa45f37-3641-4ba7-b68d-c88cdfcf9567 0.021s
2019-05-01 00:36:54.425 13037 DEBUG tempest.lib.common.rest_client [req-5f95f38d-8cd2-4bba-9aaa-7074a182180e ] Request - Headers: {'Content-Type': 'application/json', 'Accept': 'application/json', 'X-Auth-Token': ''} Body: None Response - Headers: {'status': '404', u'content-length': '138', 'content-location': 'http://10.167.4.35:9696/v2.0/networks/3fa45f37-3641-4ba7-b68d-c88cdfcf9567', u'date': 'Wed, 01 May 2019 00:36:54 GMT', u'content-type': 'application/json', u'connection': 'close', u'x-openstack-request-id': 'req-5f95f38d-8cd2-4bba-9aaa-7074a182180e'} Body: {"NeutronError": {"message": "Network 3fa45f37-3641-4ba7-b68d-c88cdfcf9567 could not be found.", "type": "NetworkNotFound", "detail": ""}} _log_request_full /root/.rally/verification/verifier-cbe8dfb8-14be-4f39-b9d7-faa451633090/repo/tempest/lib/common/rest_client.py:437
2019-05-01 00:36:54.447 13037 INFO tempest.lib.common.rest_client [req-fc08b13b-0f3b-46ec-88fd-6eefb705000b ] Request (TrunkTestJSON:_run_cleanups): 404 DELETE http://10.167.4.35:9696/v2.0/networks/d6a9f8f8-6f5c-4ad2-b013-dfb33bf639f5 0.021s
2019-05-01 00:36:54.448 13037 DEBUG tempest.lib.common.rest_client [req-fc08b13b-0f3b-46ec-88fd-6eefb705000b ] Request - Headers: {'Content-Type': 'application/json', 'Accept': 'application/json', 'X-Auth-Token': ''} Body: None Response - Headers: {'status': '404', u'content-length': '138', 'content-location': 'http://10.167.4.35:9696/v2.0/networks/d6a9f8f8-6f5c-4ad2-b013-dfb33bf639f5', u'date': 'Wed, 01 May 2019 00:36:54 GMT', u'content-type': 'application/json', u'connection': 'close', u'x-openstack-request-id': 'req-fc08b13b-0f3b-46ec-88fd-6eefb705000b'} Body: {"NeutronError": {"message": "Network d6a9f8f8-6f5c-4ad2-b013-dfb33bf639f5 could not be found.", "type": "NetworkNotFound", "detail": ""}} _log_request_full /root/.rally/verification/verifier-cbe8dfb8-14be-4f39-b9d7-faa451633090/repo/tempest/lib/common/rest_client.py:437
2019-05-01 00:36:54.676 13033 INFO tempest.lib.common.rest_client [req-76155869-0e6d-4337-ac69-318d0d525e06 ] Request (TrunkTestJSON:test_get_subports): 201 POST http://10.167.4.35:9696/v2.0/ports 0.522s
2019-05-01 00:36:54.676 13033 DEBUG tempest.lib.common.rest_client [req-76155869-0e6d-4337-ac69-318d0d525e06 ] Request - Headers: {'Content-Type': 'application/json', 'Accept': 'application/json', 'X-Auth-Token': ''} Body: {"port": {"network_id": "607a410c-0e81-461d-993d-7d7b1174bc0b"}} Response - Headers: {'status': '201', u'content-length': '615', 'content-location': 'http://10.167.4.35:9696/v2.0/ports', u'date': 'Wed, 01 May 2019 00:36:54 GMT', u'content-type': 'application/json', u'connection': 'close', u'x-openstack-request-id': 'req-76155869-0e6d-4337-ac69-318d0d525e06'} Body: {"port":{"status":"DOWN","created_at":"2019-05-01T00:36:54Z","description":"","allowed_address_pairs":[],"tags":[],"network_id":"607a410c-0e81-461d-993d-7d7b1174bc0b","tenant_id":"2519296b189d4d4cab04766961d29341","extra_dhcp_opts":[],"admin_state_up":true,"updated_at":"2019-05-01T00:36:54Z","name":"","device_owner":"","revision_number":1,"mac_address":"fa:16:3e:eb:17:e4","binding:vnic_type":"normal","port_security_enabled":true,"project_id":"2519296b189d4d4cab04766961d29341","fixed_ips":[],"id":"fb68b0d4-74b1-499e-9576-638302a95062","security_groups":["8d5393ca-8e32-416f-88f7-45480faf9214"],"device_id":""}} _log_request_full /root/.rally/verification/verifier-cbe8dfb8-14be-4f39-b9d7-faa451633090/repo/tempest/lib/common/rest_client.py:437
2019-05-01 00:36:54.823 13033 INFO tempest.lib.common.rest_client [req-994ab29a-3b4d-4f17-b89e-f50b83908060 ] Request (TrunkTestJSON:test_get_subports): 201 POST http://10.167.4.35:9696/v2.0/networks 0.146s
2019-05-01 00:36:54.824 13033 DEBUG tempest.lib.common.rest_client [req-994ab29a-3b4d-4f17-b89e-f50b83908060 ] Request - Headers: {'Content-Type': 'application/json', 'Accept': 'application/json', 'X-Auth-Token': ''} Body: {"network": {"name": "tempest-test-network--2129468276"}} Response - Headers: {'status': '201', u'content-length': '569', 'content-location': 'http://10.167.4.35:9696/v2.0/networks', u'date': 'Wed, 01 May 2019 00:36:54 GMT', u'content-type': 'application/json', u'connection': 'close', u'x-openstack-request-id': 'req-994ab29a-3b4d-4f17-b89e-f50b83908060'} Body: {"network":{"status":"ACTIVE","router:external":false,"availability_zone_hints":[],"availability_zones":[],"description":"","subnets":[],"shared":false,"tenant_id":"2519296b189d4d4cab04766961d29341","created_at":"2019-05-01T00:36:54Z","tags":[],"ipv6_address_scope":null,"mtu":1450,"updated_at":"2019-05-01T00:36:54Z","admin_state_up":true,"revision_number":1,"ipv4_address_scope":null,"is_default":false,"port_security_enabled":true,"project_id":"2519296b189d4d4cab04766961d29341","id":"1768dff3-2248-4797-94a4-5cf2efd93ca4","name":"tempest-test-network--2129468276"}} _log_request_full /root/.rally/verification/verifier-cbe8dfb8-14be-4f39-b9d7-faa451633090/repo/tempest/lib/common/rest_client.py:437
2019-05-01 00:36:55.227 13037 INFO tempest.lib.common.rest_client [req-1a0c6ec9-6851-4239-a00f-b03dc0b97dec ] Request (TrunkTestJSON:_run_cleanups): 204 DELETE http://10.167.4.35:9696/v2.0/networks/e8006e50-a74f-4854-bf8f-825659019df3 0.778s
2019-05-01 00:36:55.227 13037 DEBUG tempest.lib.common.rest_client [req-1a0c6ec9-6851-4239-a00f-b03dc0b97dec ] Request - Headers: {'Content-Type': 'application/json', 'Accept': 'application/json', 'X-Auth-Token': ''} Body: None Response - Headers: {'status': '204', u'content-length': '0', 'content-location': 'http://10.167.4.35:9696/v2.0/networks/e8006e50-a74f-4854-bf8f-825659019df3', u'date': 'Wed, 01 May 2019 00:36:55 GMT', u'connection': 'close', u'x-openstack-request-id': 'req-1a0c6ec9-6851-4239-a00f-b03dc0b97dec'} Body: _log_request_full /root/.rally/verification/verifier-cbe8dfb8-14be-4f39-b9d7-faa451633090/repo/tempest/lib/common/rest_client.py:437
2019-05-01 00:36:55.329 13033 INFO tempest.lib.common.rest_client [req-194ac4a0-521a-41a5-ace4-03858fe5bb0e ] Request (TrunkTestJSON:test_get_subports): 201 POST http://10.167.4.35:9696/v2.0/ports 0.503s
2019-05-01 00:36:55.329 13033 DEBUG tempest.lib.common.rest_client [req-194ac4a0-521a-41a5-ace4-03858fe5bb0e ] Request - Headers: {'Content-Type': 'application/json', 'Accept': 'application/json', 'X-Auth-Token': ''} Body: {"port": {"network_id": "1768dff3-2248-4797-94a4-5cf2efd93ca4"}} Response - Headers: {'status': '201', u'content-length': '615', 'content-location': 'http://10.167.4.35:9696/v2.0/ports', u'date': 'Wed, 01 May 2019 00:36:55 GMT', u'content-type': 'application/json', u'connection': 'close', u'x-openstack-request-id': 'req-194ac4a0-521a-41a5-ace4-03858fe5bb0e'} Body: {"port":{"status":"DOWN","created_at":"2019-05-01T00:36:55Z","description":"","allowed_address_pairs":[],"tags":[],"network_id":"1768dff3-2248-4797-94a4-5cf2efd93ca4","tenant_id":"2519296b189d4d4cab04766961d29341","extra_dhcp_opts":[],"admin_state_up":true,"updated_at":"2019-05-01T00:36:55Z","name":"","device_owner":"","revision_number":1,"mac_address":"fa:16:3e:72:de:1a","binding:vnic_type":"normal","port_security_enabled":true,"project_id":"2519296b189d4d4cab04766961d29341","fixed_ips":[],"id":"5e080288-8520-46db-ad82-e2ba1b927220","security_groups":["8d5393ca-8e32-416f-88f7-45480faf9214"],"device_id":""}} _log_request_full /root/.rally/verification/verifier-cbe8dfb8-14be-4f39-b9d7-faa451633090/repo/tempest/lib/common/rest_client.py:437
2019-05-01 00:36:55.382 13037 INFO tempest.lib.common.rest_client [req-73e72506-0491-462b-9e2e-3ebfc37d519a ] Request (TrunkTestJSON:test_create_subport_nonexistent_trunk): 201 POST http://10.167.4.35:9696/v2.0/networks 0.152s
2019-05-01 00:36:55.383 13037 DEBUG tempest.lib.common.rest_client [req-73e72506-0491-462b-9e2e-3ebfc37d519a ] Request - Headers: {'Content-Type': 'application/json', 'Accept': 'application/json', 'X-Auth-Token': ''} Body: {"network": {"name": "tempest-test-network--125861844"}} Response - Headers: {'status': '201', u'content-length': '568', 'content-location': 'http://10.167.4.35:9696/v2.0/networks', u'date': 'Wed, 01 May 2019 00:36:55 GMT', u'content-type': 'application/json', u'connection': 'close', u'x-openstack-request-id': 'req-73e72506-0491-462b-9e2e-3ebfc37d519a'} Body: {"network":{"status":"ACTIVE","router:external":false,"availability_zone_hints":[],"availability_zones":[],"description":"","subnets":[],"shared":false,"tenant_id":"46907cfe491d4604ba01db7f7ff0fadb","created_at":"2019-05-01T00:36:55Z","tags":[],"ipv6_address_scope":null,"mtu":1450,"updated_at":"2019-05-01T00:36:55Z","admin_state_up":true,"revision_number":1,"ipv4_address_scope":null,"is_default":false,"port_security_enabled":true,"project_id":"46907cfe491d4604ba01db7f7ff0fadb","id":"cc9055ee-2486-4453-b2d1-1f3dd93bbeed","name":"tempest-test-network--125861844"}} _log_request_full /root/.rally/verification/verifier-cbe8dfb8-14be-4f39-b9d7-faa451633090/repo/tempest/lib/common/rest_client.py:437
2019-05-01 00:36:55.945 13033 INFO tempest.lib.common.rest_client [req-abeb5e78-168b-4d61-8e8f-5a2c3eb10c70 ] Request (TrunkTestJSON:test_get_subports): 201 POST http://10.167.4.35:9696/v2.0/trunks 0.614s
2019-05-01 00:36:55.945 13033 DEBUG tempest.lib.common.rest_client [req-abeb5e78-168b-4d61-8e8f-5a2c3eb10c70 ] Request - Headers: {'Content-Type': 'application/json', 'Accept': 'application/json', 'X-Auth-Token': ''} Body: {"trunk": {"sub_ports": [{"segmentation_type": "vlan", "port_id": "fb68b0d4-74b1-499e-9576-638302a95062", "segmentation_id": 2}], "port_id": "5e080288-8520-46db-ad82-e2ba1b927220"}} Response - Headers: {'status': '201', u'content-length': '509', 'content-location': 'http://10.167.4.35:9696/v2.0/trunks', u'date': 'Wed, 01 May 2019 00:36:55 GMT', u'content-type': 'application/json', u'connection': 'close', u'x-openstack-request-id': 'req-abeb5e78-168b-4d61-8e8f-5a2c3eb10c70'} Body: {"trunk": {"status": "DOWN", "sub_ports": [{"segmentation_type": "vlan", "port_id": "fb68b0d4-74b1-499e-9576-638302a95062", "segmentation_id": 2}], "name": "", "admin_state_up": true, "tenant_id": "2519296b189d4d4cab04766961d29341", "created_at": "2019-05-01T00:36:55Z", "tags": [], "updated_at": "2019-05-01T00:36:55Z", "revision_number": 0, "project_id": "2519296b189d4d4cab04766961d29341", "port_id": "5e080288-8520-46db-ad82-e2ba1b927220", "id": "a4136c90-91c8-4be4-920e-4c5fbcc8fd4a", "description": ""}} _log_request_full /root/.rally/verification/verifier-cbe8dfb8-14be-4f39-b9d7-faa451633090/repo/tempest/lib/common/rest_client.py:437
2019-05-01 00:36:55.975 13033 INFO tempest.lib.common.rest_client [req-85f3e94d-0174-46da-bf44-3da0aff368f5 ] Request (TrunkTestJSON:test_get_subports): 200 GET http://10.167.4.35:9696/v2.0/trunks/a4136c90-91c8-4be4-920e-4c5fbcc8fd4a/get_subports 0.028s
2019-05-01 00:36:55.975 13033 DEBUG tempest.lib.common.rest_client [req-85f3e94d-0174-46da-bf44-3da0aff368f5 ] Request - Headers: {'Content-Type': 'application/json', 'Accept': 'application/json', 'X-Auth-Token': ''} Body: None Response - Headers: {'status': '200', u'content-length': '119', 'content-location': 'http://10.167.4.35:9696/v2.0/trunks/a4136c90-91c8-4be4-920e-4c5fbcc8fd4a/get_subports', u'date': 'Wed, 01 May 2019 00:36:55 GMT', u'content-type': 'application/json', u'connection': 'close', u'x-openstack-request-id': 'req-85f3e94d-0174-46da-bf44-3da0aff368f5'} Body: {"sub_ports": [{"segmentation_type": "vlan", "port_id": "fb68b0d4-74b1-499e-9576-638302a95062", "segmentation_id": 2}]} _log_request_full /root/.rally/verification/verifier-cbe8dfb8-14be-4f39-b9d7-faa451633090/repo/tempest/lib/common/rest_client.py:437
2019-05-01 00:36:55.991 13033 INFO tempest.lib.common.rest_client [req-e64ad6c2-6ff0-4e42-8f10-3bb34f9197e1 ] Request (TrunkTestJSON:_run_cleanups): 404 GET http://10.167.4.35:9696/v2.0/trunks/4bf77c7c-af35-44f8-a536-3614f3c232b4/get_subports 0.014s
2019-05-01 00:36:55.992 13033 DEBUG tempest.lib.common.rest_client [req-e64ad6c2-6ff0-4e42-8f10-3bb34f9197e1 ] Request - Headers: {'Content-Type': 'application/json', 'Accept': 'application/json', 'X-Auth-Token': ''} Body: None Response - Headers: {'status': '404', u'content-length': '134', 'content-location': 'http://10.167.4.35:9696/v2.0/trunks/4bf77c7c-af35-44f8-a536-3614f3c232b4/get_subports', u'date': 'Wed, 01 May 2019 00:36:55 GMT', u'content-type': 'application/json', u'connection': 'close', u'x-openstack-request-id': 'req-e64ad6c2-6ff0-4e42-8f10-3bb34f9197e1'} Body: {"NeutronError": {"message": "Trunk 4bf77c7c-af35-44f8-a536-3614f3c232b4 could not be found.", "type": "TrunkNotFound", "detail": ""}} _log_request_full /root/.rally/verification/verifier-cbe8dfb8-14be-4f39-b9d7-faa451633090/repo/tempest/lib/common/rest_client.py:437
2019-05-01 00:36:56.008 13033 INFO tempest.lib.common.rest_client [req-e21a4c38-e4ff-4763-87df-0e3dd97323e7 ] Request (TrunkTestJSON:_run_cleanups): 404 DELETE http://10.167.4.35:9696/v2.0/trunks/4bf77c7c-af35-44f8-a536-3614f3c232b4 0.015s
2019-05-01 00:36:56.008 13033 DEBUG tempest.lib.common.rest_client [req-e21a4c38-e4ff-4763-87df-0e3dd97323e7 ] Request - Headers: {'Content-Type': 'application/json', 'Accept': 'application/json', 'X-Auth-Token': ''} Body: None Response - Headers: {'status': '404', u'content-length': '134', 'content-location': 'http://10.167.4.35:9696/v2.0/trunks/4bf77c7c-af35-44f8-a536-3614f3c232b4', u'date': 'Wed, 01 May 2019 00:36:56 GMT', u'content-type': 'application/json', u'connection': 'close', u'x-openstack-request-id': 'req-e21a4c38-e4ff-4763-87df-0e3dd97323e7'} Body: {"NeutronError": {"message": "Trunk 4bf77c7c-af35-44f8-a536-3614f3c232b4 could not be found.", "type": "TrunkNotFound", "detail": ""}} _log_request_full /root/.rally/verification/verifier-cbe8dfb8-14be-4f39-b9d7-faa451633090/repo/tempest/lib/common/rest_client.py:437
2019-05-01 00:36:56.022 13033 INFO tempest.lib.common.rest_client [req-05acb410-848d-4633-a58b-dec0d1e50474 ] Request (TrunkTestJSON:_run_cleanups): 404 GET http://10.167.4.35:9696/v2.0/trunks/f14a4877-cec8-4c66-bb7b-a9e249c9b82d/get_subports 0.013s
2019-05-01 00:36:56.022 13033 DEBUG tempest.lib.common.rest_client [req-05acb410-848d-4633-a58b-dec0d1e50474 ] Request - Headers: {'Content-Type': 'application/json', 'Accept': 'application/json', 'X-Auth-Token': ''} Body: None Response - Headers: {'status': '404', u'content-length': '134', 'content-location': 'http://10.167.4.35:9696/v2.0/trunks/f14a4877-cec8-4c66-bb7b-a9e249c9b82d/get_subports', u'date': 'Wed, 01 May 2019 00:36:56 GMT', u'content-type': 'application/json', u'connection': 'close', u'x-openstack-request-id': 'req-05acb410-848d-4633-a58b-dec0d1e50474'} Body: {"NeutronError": {"message": "Trunk f14a4877-cec8-4c66-bb7b-a9e249c9b82d could not be found.", "type": "TrunkNotFound", "detail": ""}} _log_request_full /root/.rally/verification/verifier-cbe8dfb8-14be-4f39-b9d7-faa451633090/repo/tempest/lib/common/rest_client.py:437
2019-05-01 00:36:56.038 13033 INFO tempest.lib.common.rest_client [req-c1e79586-20ad-473b-8da6-2bc9e0465217 ] Request (TrunkTestJSON:_run_cleanups): 404 DELETE http://10.167.4.35:9696/v2.0/trunks/f14a4877-cec8-4c66-bb7b-a9e249c9b82d 0.015s
2019-05-01 00:36:56.038 13033 DEBUG tempest.lib.common.rest_client [req-c1e79586-20ad-473b-8da6-2bc9e0465217 ] Request - Headers: {'Content-Type': 'application/json', 'Accept': 'application/json', 'X-Auth-Token': ''} Body: None Response - Headers: {'status': '404', u'content-length': '134', 'content-location': 'http://10.167.4.35:9696/v2.0/trunks/f14a4877-cec8-4c66-bb7b-a9e249c9b82d', u'date': 'Wed, 01 May 2019 00:36:56 GMT', u'content-type': 'application/json', u'connection': 'close', u'x-openstack-request-id': 'req-c1e79586-20ad-473b-8da6-2bc9e0465217'} Body: {"NeutronError": {"message": "Trunk f14a4877-cec8-4c66-bb7b-a9e249c9b82d could not be found.", "type": "TrunkNotFound", "detail": ""}} _log_request_full /root/.rally/verification/verifier-cbe8dfb8-14be-4f39-b9d7-faa451633090/repo/tempest/lib/common/rest_client.py:437
2019-05-01 00:36:56.054 13033 INFO tempest.lib.common.rest_client [req-c50caa4c-fa8c-459c-aaab-b4ca434c4be3 ] Request (TrunkTestJSON:_run_cleanups): 404 GET http://10.167.4.35:9696/v2.0/trunks/fa393fbc-212a-4027-8055-6f0a46f34965/get_subports 0.015s
2019-05-01 00:36:56.055 13033 DEBUG tempest.lib.common.rest_client [req-c50caa4c-fa8c-459c-aaab-b4ca434c4be3 ] Request - Headers: {'Content-Type': 'application/json', 'Accept': 'application/json', 'X-Auth-Token': ''} Body: None Response - Headers: {'status': '404', u'content-length': '134', 'content-location': 'http://10.167.4.35:9696/v2.0/trunks/fa393fbc-212a-4027-8055-6f0a46f34965/get_subports', u'date': 'Wed, 01 May 2019 00:36:56 GMT', u'content-type': 'application/json', u'connection': 'close', u'x-openstack-request-id': 'req-c50caa4c-fa8c-459c-aaab-b4ca434c4be3'} Body: {"NeutronError": {"message": "Trunk fa393fbc-212a-4027-8055-6f0a46f34965 could not be found.", "type": "TrunkNotFound", "detail": ""}} _log_request_full /root/.rally/verification/verifier-cbe8dfb8-14be-4f39-b9d7-faa451633090/repo/tempest/lib/common/rest_client.py:437
2019-05-01 00:36:56.070 13033 INFO tempest.lib.common.rest_client [req-3c58f277-d0fb-4978-acba-dc7ee8745330 ] Request (TrunkTestJSON:_run_cleanups): 404 DELETE http://10.167.4.35:9696/v2.0/trunks/fa393fbc-212a-4027-8055-6f0a46f34965 0.014s
2019-05-01 00:36:56.071 13033 DEBUG tempest.lib.common.rest_client [req-3c58f277-d0fb-4978-acba-dc7ee8745330 ] Request - Headers: {'Content-Type': 'application/json', 'Accept': 'application/json', 'X-Auth-Token': ''} Body: None Response - Headers: {'status': '404', u'content-length': '134', 'content-location': 'http://10.167.4.35:9696/v2.0/trunks/fa393fbc-212a-4027-8055-6f0a46f34965', u'date': 'Wed, 01 May 2019 00:36:56 GMT', u'content-type': 'application/json', u'connection': 'close', u'x-openstack-request-id': 'req-3c58f277-d0fb-4978-acba-dc7ee8745330'} Body: {"NeutronError": {"message": "Trunk fa393fbc-212a-4027-8055-6f0a46f34965 could not be found.", "type": "TrunkNotFound", "detail": ""}} _log_request_full /root/.rally/verification/verifier-cbe8dfb8-14be-4f39-b9d7-faa451633090/repo/tempest/lib/common/rest_client.py:437
2019-05-01 00:36:56.084 13033 INFO tempest.lib.common.rest_client [req-aff0ee2f-9853-433a-bd17-0c4db9e7d619 ] Request (TrunkTestJSON:_run_cleanups): 404 GET http://10.167.4.35:9696/v2.0/trunks/6b6420d0-6e13-4b11-9933-8e3632d3684e/get_subports 0.013s
2019-05-01 00:36:56.085 13033 DEBUG tempest.lib.common.rest_client [req-aff0ee2f-9853-433a-bd17-0c4db9e7d619 ] Request - Headers: {'Content-Type': 'application/json', 'Accept': 'application/json', 'X-Auth-Token': ''} Body: None Response - Headers: {'status': '404', u'content-length': '134', 'content-location': 'http://10.167.4.35:9696/v2.0/trunks/6b6420d0-6e13-4b11-9933-8e3632d3684e/get_subports', u'date': 'Wed, 01 May 2019 00:36:56 GMT', u'content-type': 'application/json', u'connection': 'close', u'x-openstack-request-id': 'req-aff0ee2f-9853-433a-bd17-0c4db9e7d619'} Body: {"NeutronError": {"message": "Trunk 6b6420d0-6e13-4b11-9933-8e3632d3684e could not be found.", "type": "TrunkNotFound", "detail": ""}} _log_request_full /root/.rally/verification/verifier-cbe8dfb8-14be-4f39-b9d7-faa451633090/repo/tempest/lib/common/rest_client.py:437
2019-05-01 00:36:56.104 13033 INFO tempest.lib.common.rest_client [req-f6c3d87c-1e4e-4d35-bb42-b2b881cca3bb ] Request (TrunkTestJSON:_run_cleanups): 404 DELETE http://10.167.4.35:9696/v2.0/trunks/6b6420d0-6e13-4b11-9933-8e3632d3684e 0.018s
2019-05-01 00:36:56.104 13033 DEBUG tempest.lib.common.rest_client [req-f6c3d87c-1e4e-4d35-bb42-b2b881cca3bb ] Request - Headers: {'Content-Type': 'application/json', 'Accept': 'application/json', 'X-Auth-Token': ''} Body: None Response - Headers: {'status': '404', u'content-length': '134', 'content-location': 'http://10.167.4.35:9696/v2.0/trunks/6b6420d0-6e13-4b11-9933-8e3632d3684e', u'date': 'Wed, 01 May 2019 00:36:56 GMT', u'content-type': 'application/json', u'connection': 'close', u'x-openstack-request-id': 'req-f6c3d87c-1e4e-4d35-bb42-b2b881cca3bb'} Body: {"NeutronError": {"message": "Trunk 6b6420d0-6e13-4b11-9933-8e3632d3684e could not be found.", "type": "TrunkNotFound", "detail": ""}} _log_request_full /root/.rally/verification/verifier-cbe8dfb8-14be-4f39-b9d7-faa451633090/repo/tempest/lib/common/rest_client.py:437
2019-05-01 00:36:56.118 13033 INFO tempest.lib.common.rest_client [req-5ac7f3fd-3c60-4d3f-9fe5-0542d6702b04 ] Request (TrunkTestJSON:_run_cleanups): 404 GET http://10.167.4.35:9696/v2.0/trunks/262ed44e-24b1-41b2-beca-f27c6875f288/get_subports 0.013s
2019-05-01 00:36:56.119 13033 DEBUG tempest.lib.common.rest_client [req-5ac7f3fd-3c60-4d3f-9fe5-0542d6702b04 ] Request - Headers: {'Content-Type': 'application/json', 'Accept': 'application/json', 'X-Auth-Token': ''} Body: None Response - Headers: {'status': '404', u'content-length': '134', 'content-location': 'http://10.167.4.35:9696/v2.0/trunks/262ed44e-24b1-41b2-beca-f27c6875f288/get_subports', u'date': 'Wed, 01 May 2019 00:36:56 GMT', u'content-type': 'application/json', u'connection': 'close', u'x-openstack-request-id': 'req-5ac7f3fd-3c60-4d3f-9fe5-0542d6702b04'} Body: {"NeutronError": {"message": "Trunk 262ed44e-24b1-41b2-beca-f27c6875f288 could not be found.", "type": "TrunkNotFound", "detail": ""}} _log_request_full /root/.rally/verification/verifier-cbe8dfb8-14be-4f39-b9d7-faa451633090/repo/tempest/lib/common/rest_client.py:437
2019-05-01 00:36:56.138 13033 INFO tempest.lib.common.rest_client [req-0bf73ae1-39da-415f-8ffa-8a1b87df81ac ] Request (TrunkTestJSON:_run_cleanups): 404 DELETE http://10.167.4.35:9696/v2.0/trunks/262ed44e-24b1-41b2-beca-f27c6875f288 0.018s
2019-05-01 00:36:56.138 13033 DEBUG tempest.lib.common.rest_client [req-0bf73ae1-39da-415f-8ffa-8a1b87df81ac ] Request - Headers: {'Content-Type': 'application/json', 'Accept': 'application/json', 'X-Auth-Token': ''} Body: None Response - Headers: {'status': '404', u'content-length': '134', 'content-location': 'http://10.167.4.35:9696/v2.0/trunks/262ed44e-24b1-41b2-beca-f27c6875f288', u'date': 'Wed, 01 May 2019 00:36:56 GMT', u'content-type': 'application/json', u'connection': 'close', u'x-openstack-request-id': 'req-0bf73ae1-39da-415f-8ffa-8a1b87df81ac'} Body: {"NeutronError": {"message": "Trunk 262ed44e-24b1-41b2-beca-f27c6875f288 could not be found.", "type": "TrunkNotFound", "detail": ""}} _log_request_full /root/.rally/verification/verifier-cbe8dfb8-14be-4f39-b9d7-faa451633090/repo/tempest/lib/common/rest_client.py:437
2019-05-01 00:36:56.150 13037 INFO tempest.lib.common.rest_client [req-8f8ffa94-c18d-49d8-9be3-3504ed70e49f ] Request (TrunkTestJSON:test_create_subport_nonexistent_trunk): 201 POST http://10.167.4.35:9696/v2.0/ports 0.766s
2019-05-01 00:36:56.151 13037 DEBUG tempest.lib.common.rest_client [req-8f8ffa94-c18d-49d8-9be3-3504ed70e49f ] Request - Headers: {'Content-Type': 'application/json', 'Accept': 'application/json', 'X-Auth-Token': ''} Body: {"port": {"network_id": "cc9055ee-2486-4453-b2d1-1f3dd93bbeed"}} Response - Headers: {'status': '201', u'content-length': '615', 'content-location': 'http://10.167.4.35:9696/v2.0/ports', u'date': 'Wed, 01 May 2019 00:36:56 GMT', u'content-type': 'application/json', u'connection': 'close', u'x-openstack-request-id': 'req-8f8ffa94-c18d-49d8-9be3-3504ed70e49f'} Body: {"port":{"status":"DOWN","created_at":"2019-05-01T00:36:55Z","description":"","allowed_address_pairs":[],"tags":[],"network_id":"cc9055ee-2486-4453-b2d1-1f3dd93bbeed","tenant_id":"46907cfe491d4604ba01db7f7ff0fadb","extra_dhcp_opts":[],"admin_state_up":true,"updated_at":"2019-05-01T00:36:55Z","name":"","device_owner":"","revision_number":1,"mac_address":"fa:16:3e:7e:9c:0c","binding:vnic_type":"normal","port_security_enabled":true,"project_id":"46907cfe491d4604ba01db7f7ff0fadb","fixed_ips":[],"id":"2afbfee4-9de9-4dd7-8059-0390b78b0ff4","security_groups":["b889e742-14cd-4708-a193-bf708efb3bba"],"device_id":""}} _log_request_full /root/.rally/verification/verifier-cbe8dfb8-14be-4f39-b9d7-faa451633090/repo/tempest/lib/common/rest_client.py:437
2019-05-01 00:36:56.154 13033 INFO tempest.lib.common.rest_client [req-08b6e819-cff0-4e68-821c-8d32942244c8 ] Request (TrunkTestJSON:_run_cleanups): 404 GET http://10.167.4.35:9696/v2.0/trunks/2dbf68d9-58f9-43c8-ad1f-a3683eb74572/get_subports 0.014s
2019-05-01 00:36:56.154 13033 DEBUG tempest.lib.common.rest_client [req-08b6e819-cff0-4e68-821c-8d32942244c8 ] Request - Headers: {'Content-Type': 'application/json', 'Accept': 'application/json', 'X-Auth-Token': ''} Body: None Response - Headers: {'status': '404', u'content-length': '134', 'content-location': 'http://10.167.4.35:9696/v2.0/trunks/2dbf68d9-58f9-43c8-ad1f-a3683eb74572/get_subports', u'date': 'Wed, 01 May 2019 00:36:56 GMT', u'content-type': 'application/json', u'connection': 'close', u'x-openstack-request-id': 'req-08b6e819-cff0-4e68-821c-8d32942244c8'} Body: {"NeutronError": {"message": "Trunk 2dbf68d9-58f9-43c8-ad1f-a3683eb74572 could not be found.", "type": "TrunkNotFound", "detail": ""}} _log_request_full /root/.rally/verification/verifier-cbe8dfb8-14be-4f39-b9d7-faa451633090/repo/tempest/lib/common/rest_client.py:437
2019-05-01 00:36:56.163 13037 INFO tempest.lib.common.rest_client [req-08d7e3d3-6632-4704-ba1d-32497a33227b ] Request (TrunkTestJSON:test_create_subport_nonexistent_trunk): 404 PUT http://10.167.4.35:9696/v2.0/trunks/238898a9-a77c-4f4a-933f-fe17ad7fc4a8/add_subports 0.011s
2019-05-01 00:36:56.164 13037 DEBUG tempest.lib.common.rest_client [req-08d7e3d3-6632-4704-ba1d-32497a33227b ] Request - Headers: {'Content-Type': 'application/json', 'Accept': 'application/json', 'X-Auth-Token': ''} Body: {"sub_ports": [{"segmentation_type": "vlan", "port_id": "2afbfee4-9de9-4dd7-8059-0390b78b0ff4", "segmentation_id": 2}]} Response - Headers: {'status': '404', u'content-length': '134', 'content-location': 'http://10.167.4.35:9696/v2.0/trunks/238898a9-a77c-4f4a-933f-fe17ad7fc4a8/add_subports', u'date': 'Wed, 01 May 2019 00:36:56 GMT', u'content-type': 'application/json', u'connection': 'close', u'x-openstack-request-id': 'req-08d7e3d3-6632-4704-ba1d-32497a33227b'} Body: {"NeutronError": {"message": "Trunk 238898a9-a77c-4f4a-933f-fe17ad7fc4a8 could not be found.", "type": "TrunkNotFound", "detail": ""}} _log_request_full /root/.rally/verification/verifier-cbe8dfb8-14be-4f39-b9d7-faa451633090/repo/tempest/lib/common/rest_client.py:437
2019-05-01 00:36:56.171 13033 INFO tempest.lib.common.rest_client [req-0e2ea359-af0b-474d-b25d-365f4e7cda6e ] Request (TrunkTestJSON:_run_cleanups): 404 DELETE http://10.167.4.35:9696/v2.0/trunks/2dbf68d9-58f9-43c8-ad1f-a3683eb74572 0.016s
2019-05-01 00:36:56.172 13033 DEBUG tempest.lib.common.rest_client [req-0e2ea359-af0b-474d-b25d-365f4e7cda6e ] Request - Headers: {'Content-Type': 'application/json', 'Accept': 'application/json', 'X-Auth-Token': ''} Body: None Response - Headers: {'status': '404', u'content-length': '134', 'content-location': 'http://10.167.4.35:9696/v2.0/trunks/2dbf68d9-58f9-43c8-ad1f-a3683eb74572', u'date': 'Wed, 01 May 2019 00:36:56 GMT', u'content-type': 'application/json', u'connection': 'close', u'x-openstack-request-id': 'req-0e2ea359-af0b-474d-b25d-365f4e7cda6e'} Body: {"NeutronError": {"message": "Trunk 2dbf68d9-58f9-43c8-ad1f-a3683eb74572 could not be found.", "type": "TrunkNotFound", "detail": ""}} _log_request_full /root/.rally/verification/verifier-cbe8dfb8-14be-4f39-b9d7-faa451633090/repo/tempest/lib/common/rest_client.py:437
2019-05-01 00:36:56.177 13037 INFO tempest.lib.common.rest_client [req-7cd44976-5c25-4744-85f2-241df7d0e024 ] Request (TrunkTestJSON:_run_cleanups): 404 GET http://10.167.4.35:9696/v2.0/trunks/ad7bcfd1-ab66-4b04-b331-f94022d3636f/get_subports 0.012s
2019-05-01 00:36:56.177 13037 DEBUG tempest.lib.common.rest_client [req-7cd44976-5c25-4744-85f2-241df7d0e024 ] Request - Headers: {'Content-Type': 'application/json', 'Accept': 'application/json', 'X-Auth-Token': ''} Body: None Response - Headers: {'status': '404', u'content-length': '134', 'content-location': 'http://10.167.4.35:9696/v2.0/trunks/ad7bcfd1-ab66-4b04-b331-f94022d3636f/get_subports', u'date': 'Wed, 01 May 2019 00:36:56 GMT', u'content-type': 'application/json', u'connection': 'close', u'x-openstack-request-id': 'req-7cd44976-5c25-4744-85f2-241df7d0e024'} Body: {"NeutronError": {"message": "Trunk ad7bcfd1-ab66-4b04-b331-f94022d3636f could not be found.", "type": "TrunkNotFound", "detail": ""}} _log_request_full /root/.rally/verification/verifier-cbe8dfb8-14be-4f39-b9d7-faa451633090/repo/tempest/lib/common/rest_client.py:437
2019-05-01 00:36:56.188 13033 INFO tempest.lib.common.rest_client [req-b5083b49-f93a-4407-8981-2e2a035a0a4d ] Request (TrunkTestJSON:_run_cleanups): 404 GET http://10.167.4.35:9696/v2.0/trunks/19690b63-af0d-44dd-8282-1631306b0188/get_subports 0.015s
2019-05-01 00:36:56.188 13033 DEBUG tempest.lib.common.rest_client [req-b5083b49-f93a-4407-8981-2e2a035a0a4d ] Request - Headers: {'Content-Type': 'application/json', 'Accept': 'application/json', 'X-Auth-Token': ''} Body: None Response - Headers: {'status': '404', u'content-length': '134', 'content-location': 'http://10.167.4.35:9696/v2.0/trunks/19690b63-af0d-44dd-8282-1631306b0188/get_subports', u'date': 'Wed, 01 May 2019 00:36:56 GMT', u'content-type': 'application/json', u'connection': 'close', u'x-openstack-request-id': 'req-b5083b49-f93a-4407-8981-2e2a035a0a4d'} Body: {"NeutronError": {"message": "Trunk 19690b63-af0d-44dd-8282-1631306b0188 could not be found.", "type": "TrunkNotFound", "detail": ""}} _log_request_full /root/.rally/verification/verifier-cbe8dfb8-14be-4f39-b9d7-faa451633090/repo/tempest/lib/common/rest_client.py:437
2019-05-01 00:36:56.197 13037 INFO tempest.lib.common.rest_client [req-d9b6f7f8-a102-4220-b8b9-d5fce7940e0f ] Request (TrunkTestJSON:_run_cleanups): 404 DELETE http://10.167.4.35:9696/v2.0/trunks/ad7bcfd1-ab66-4b04-b331-f94022d3636f 0.018s
2019-05-01 00:36:56.197 13037 DEBUG tempest.lib.common.rest_client [req-d9b6f7f8-a102-4220-b8b9-d5fce7940e0f ] Request - Headers: {'Content-Type': 'application/json', 'Accept': 'application/json', 'X-Auth-Token': ''} Body: None Response - Headers: {'status': '404', u'content-length': '134', 'content-location': 'http://10.167.4.35:9696/v2.0/trunks/ad7bcfd1-ab66-4b04-b331-f94022d3636f', u'date': 'Wed, 01 May 2019 00:36:56 GMT', u'content-type': 'application/json', u'connection': 'close', u'x-openstack-request-id': 'req-d9b6f7f8-a102-4220-b8b9-d5fce7940e0f'} Body: {"NeutronError": {"message": "Trunk ad7bcfd1-ab66-4b04-b331-f94022d3636f could not be found.", "type": "TrunkNotFound", "detail": ""}} _log_request_full /root/.rally/verification/verifier-cbe8dfb8-14be-4f39-b9d7-faa451633090/repo/tempest/lib/common/rest_client.py:437
2019-05-01 00:36:56.202 13033 INFO tempest.lib.common.rest_client [req-9181341a-25e2-4835-a5ad-694d1002f24d ] Request (TrunkTestJSON:_run_cleanups): 404 DELETE http://10.167.4.35:9696/v2.0/trunks/19690b63-af0d-44dd-8282-1631306b0188 0.013s
