2019-05-01 00:37:10.394 13034 DEBUG tempest.lib.common.rest_client [req-5ebd07c9-b5d3-432d-a749-cd75b736b133 ] Request - Headers: {'Content-Type': 'application/json', 'Accept': 'application/json', 'X-Auth-Token': ''} Body: None Response - Headers: {'status': '200', u'content-length': '1694', 'content-location': 'http://10.167.4.35:8774/v2.1/servers/4c8dfc7e-6223-4d94-a5aa-99a6b9363ca6', u'x-compute-request-id': 'req-5ebd07c9-b5d3-432d-a749-cd75b736b133', u'vary': 'X-OpenStack-Nova-API-Version', u'openstack-api-version': 'compute 2.1', u'connection': 'close', u'x-openstack-nova-api-version': '2.1', u'date': 'Wed, 01 May 2019 00:37:10 GMT', u'content-type': 'application/json', u'x-openstack-request-id': 'req-5ebd07c9-b5d3-432d-a749-cd75b736b133'} Body: {"server": {"OS-EXT-STS:task_state": null, "addresses": {"tempest-test-network--2112981289": [{"OS-EXT-IPS-MAC:mac_addr": "fa:16:3e:f3:64:4b", "version": 4, "addr": "192.168.120.6", "OS-EXT-IPS:type": "fixed"}, {"OS-EXT-IPS-MAC:mac_addr": "fa:16:3e:f3:64:4b", "version": 4, "addr": "172.30.10.127", "OS-EXT-IPS:type": "floating"}]}, "links": [{"href": "http://10.167.4.35:8774/v2.1/servers/4c8dfc7e-6223-4d94-a5aa-99a6b9363ca6", "rel": "self"}, {"href": "http://10.167.4.35:8774/servers/4c8dfc7e-6223-4d94-a5aa-99a6b9363ca6", "rel": "bookmark"}], "image": {"id": "600f13e6-3078-4f16-8711-b5d914bbd332", "links": [{"href": "http://10.167.4.35:8774/images/600f13e6-3078-4f16-8711-b5d914bbd332", "rel": "bookmark"}]}, "OS-EXT-STS:vm_state": "active", "OS-SRV-USG:launched_at": "2019-05-01T00:36:50.000000", "flavor": {"id": "51ed64cc-9447-4d2f-8058-038e0c430ee4", "links": [{"href": "http://10.167.4.35:8774/flavors/51ed64cc-9447-4d2f-8058-038e0c430ee4", "rel": "bookmark"}]}, "id": "4c8dfc7e-6223-4d94-a5aa-99a6b9363ca6", "security_groups": [{"name": "tempest-secgroup-1892952230"}], "user_id": "dd8b395021b34b85b2bdccc17a562691", "OS-DCF:diskConfig": "MANUAL", "accessIPv4": "", "accessIPv6": "", "progress": 0, "OS-EXT-STS:power_state": 1, "OS-EXT-AZ:availability_zone": "nova", "config_drive": "True", "status": "ACTIVE", "updated": "2019-05-01T00:36:51Z", "hostId": "5f446ba425c5338cf64592be1d0c66f4c78ae0ba9bdc1bb7b0f16833", "OS-SRV-USG:terminated_at": null, "key_name": "tempest-keypair-test-165989878", "name": "tempest-server-test-1739103508", "created": "2019-05-01T00:36:43Z", "tenant_id": "3e2528dfdc7b4e4da2cdfff541da1b93", "os-extended-volumes:volumes_attached": [], "metadata": {}}} _log_request_full /root/.rally/verification/verifier-cbe8dfb8-14be-4f39-b9d7-faa451633090/repo/tempest/lib/common/rest_client.py:437
2019-05-01 00:37:10.399 13037 INFO tempest.lib.common.rest_client [req-84e221d8-3e55-45ae-a716-6a74e9c27968 ] Request (TrunkTestJSON:_run_cleanups): 404 DELETE http://10.167.4.35:9696/v2.0/trunks/2e1b2b5f-2d01-4429-b0dd-61197bc0c65e 0.014s
2019-05-01 00:37:10.399 13037 DEBUG tempest.lib.common.rest_client [req-84e221d8-3e55-45ae-a716-6a74e9c27968 ] Request - Headers: {'Content-Type': 'application/json', 'Accept': 'application/json', 'X-Auth-Token': ''} Body: None Response - Headers: {'status': '404', u'content-length': '134', 'content-location': 'http://10.167.4.35:9696/v2.0/trunks/2e1b2b5f-2d01-4429-b0dd-61197bc0c65e', u'date': 'Wed, 01 May 2019 00:37:10 GMT', u'content-type': 'application/json', u'connection': 'close', u'x-openstack-request-id': 'req-84e221d8-3e55-45ae-a716-6a74e9c27968'} Body: {"NeutronError": {"message": "Trunk 2e1b2b5f-2d01-4429-b0dd-61197bc0c65e could not be found.", "type": "TrunkNotFound", "detail": ""}} _log_request_full /root/.rally/verification/verifier-cbe8dfb8-14be-4f39-b9d7-faa451633090/repo/tempest/lib/common/rest_client.py:437
2019-05-01 00:37:10.410 13034 INFO tempest.lib.common.ssh [-] Creating ssh connection to '172.30.10.127:22' as 'cirros' with public key authentication
2019-05-01 00:37:10.413 13033 INFO tempest.lib.common.rest_client [req-5b3119ff-6cf3-41e0-ada4-b74a09315f0e ] Request (TrunkTestJSON:_run_cleanups): 404 DELETE http://10.167.4.35:9696/v2.0/networks/b40772b4-227f-4eb4-8969-623c4efb6c80 0.022s
2019-05-01 00:37:10.413 13034 INFO paramiko.transport [-] Connected (version 2.0, client dropbear_2015.67)
2019-05-01 00:37:10.414 13033 DEBUG tempest.lib.common.rest_client [req-5b3119ff-6cf3-41e0-ada4-b74a09315f0e ] Request - Headers: {'Content-Type': 'application/json', 'Accept': 'application/json', 'X-Auth-Token': ''} Body: None Response - Headers: {'status': '404', u'content-length': '138', 'content-location': 'http://10.167.4.35:9696/v2.0/networks/b40772b4-227f-4eb4-8969-623c4efb6c80', u'date': 'Wed, 01 May 2019 00:37:10 GMT', u'content-type': 'application/json', u'connection': 'close', u'x-openstack-request-id': 'req-5b3119ff-6cf3-41e0-ada4-b74a09315f0e'} Body: {"NeutronError": {"message": "Network b40772b4-227f-4eb4-8969-623c4efb6c80 could not be found.", "type": "NetworkNotFound", "detail": ""}} _log_request_full /root/.rally/verification/verifier-cbe8dfb8-14be-4f39-b9d7-faa451633090/repo/tempest/lib/common/rest_client.py:437
2019-05-01 00:37:10.413 13037 INFO tempest.lib.common.rest_client [req-97e2bcd5-92e8-4aaa-8b7e-226980e7c5c4 ] Request (TrunkTestJSON:_run_cleanups): 404 GET http://10.167.4.35:9696/v2.0/trunks/fa2d1427-54af-4879-afbf-f4a30bc0ec8d/get_subports 0.013s
2019-05-01 00:37:10.414 13037 DEBUG tempest.lib.common.rest_client [req-97e2bcd5-92e8-4aaa-8b7e-226980e7c5c4 ] Request - Headers: {'Content-Type': 'application/json', 'Accept': 'application/json', 'X-Auth-Token': ''} Body: None Response - Headers: {'status': '404', u'content-length': '134', 'content-location': 'http://10.167.4.35:9696/v2.0/trunks/fa2d1427-54af-4879-afbf-f4a30bc0ec8d/get_subports', u'date': 'Wed, 01 May 2019 00:37:10 GMT', u'content-type': 'application/json', u'connection': 'close', u'x-openstack-request-id': 'req-97e2bcd5-92e8-4aaa-8b7e-226980e7c5c4'} Body: {"NeutronError": {"message": "Trunk fa2d1427-54af-4879-afbf-f4a30bc0ec8d could not be found.", "type": "TrunkNotFound", "detail": ""}} _log_request_full /root/.rally/verification/verifier-cbe8dfb8-14be-4f39-b9d7-faa451633090/repo/tempest/lib/common/rest_client.py:437
2019-05-01 00:37:10.429 13037 INFO tempest.lib.common.rest_client [req-6dedc32c-3ceb-4133-b121-3954abaeeac5 ] Request (TrunkTestJSON:_run_cleanups): 404 DELETE http://10.167.4.35:9696/v2.0/trunks/fa2d1427-54af-4879-afbf-f4a30bc0ec8d 0.014s
2019-05-01 00:37:10.429 13037 DEBUG tempest.lib.common.rest_client [req-6dedc32c-3ceb-4133-b121-3954abaeeac5 ] Request - Headers: {'Content-Type': 'application/json', 'Accept': 'application/json', 'X-Auth-Token': ''} Body: None Response - Headers: {'status': '404', u'content-length': '134', 'content-location': 'http://10.167.4.35:9696/v2.0/trunks/fa2d1427-54af-4879-afbf-f4a30bc0ec8d', u'date': 'Wed, 01 May 2019 00:37:10 GMT', u'content-type': 'application/json', u'connection': 'close', u'x-openstack-request-id': 'req-6dedc32c-3ceb-4133-b121-3954abaeeac5'} Body: {"NeutronError": {"message": "Trunk fa2d1427-54af-4879-afbf-f4a30bc0ec8d could not be found.", "type": "TrunkNotFound", "detail": ""}} _log_request_full /root/.rally/verification/verifier-cbe8dfb8-14be-4f39-b9d7-faa451633090/repo/tempest/lib/common/rest_client.py:437
2019-05-01 00:37:10.437 13033 INFO tempest.lib.common.rest_client [req-4be7a650-2d87-4c42-a07f-123e2e2dc9a7 ] Request (TrunkTestJSON:_run_cleanups): 404 DELETE http://10.167.4.35:9696/v2.0/networks/ffac39dd-2f38-416e-99e9-b4a767c66909 0.023s
2019-05-01 00:37:10.438 13033 DEBUG tempest.lib.common.rest_client [req-4be7a650-2d87-4c42-a07f-123e2e2dc9a7 ] Request - Headers: {'Content-Type': 'application/json', 'Accept': 'application/json', 'X-Auth-Token': ''} Body: None Response - Headers: {'status': '404', u'content-length': '138', 'content-location': 'http://10.167.4.35:9696/v2.0/networks/ffac39dd-2f38-416e-99e9-b4a767c66909', u'date': 'Wed, 01 May 2019 00:37:10 GMT', u'content-type': 'application/json', u'connection': 'close', u'x-openstack-request-id': 'req-4be7a650-2d87-4c42-a07f-123e2e2dc9a7'} Body: {"NeutronError": {"message": "Network ffac39dd-2f38-416e-99e9-b4a767c66909 could not be found.", "type": "NetworkNotFound", "detail": ""}} _log_request_full /root/.rally/verification/verifier-cbe8dfb8-14be-4f39-b9d7-faa451633090/repo/tempest/lib/common/rest_client.py:437
2019-05-01 00:37:10.442 13037 INFO tempest.lib.common.rest_client [req-7cd258a2-ce51-4750-a7fb-252b2d051377 ] Request (TrunkTestJSON:_run_cleanups): 404 GET http://10.167.4.35:9696/v2.0/trunks/f51303bb-bd56-4977-9868-e0422edd67f5/get_subports 0.012s
2019-05-01 00:37:10.443 13037 DEBUG tempest.lib.common.rest_client [req-7cd258a2-ce51-4750-a7fb-252b2d051377 ] Request - Headers: {'Content-Type': 'application/json', 'Accept': 'application/json', 'X-Auth-Token': ''} Body: None Response - Headers: {'status': '404', u'content-length': '134', 'content-location': 'http://10.167.4.35:9696/v2.0/trunks/f51303bb-bd56-4977-9868-e0422edd67f5/get_subports', u'date': 'Wed, 01 May 2019 00:37:10 GMT', u'content-type': 'application/json', u'connection': 'close', u'x-openstack-request-id': 'req-7cd258a2-ce51-4750-a7fb-252b2d051377'} Body: {"NeutronError": {"message": "Trunk f51303bb-bd56-4977-9868-e0422edd67f5 could not be found.", "type": "TrunkNotFound", "detail": ""}} _log_request_full /root/.rally/verification/verifier-cbe8dfb8-14be-4f39-b9d7-faa451633090/repo/tempest/lib/common/rest_client.py:437
2019-05-01 00:37:10.456 13037 INFO tempest.lib.common.rest_client [req-614d1102-3100-4cdf-bb88-b8c6e9068bd8 ] Request (TrunkTestJSON:_run_cleanups): 404 DELETE http://10.167.4.35:9696/v2.0/trunks/f51303bb-bd56-4977-9868-e0422edd67f5 0.013s
2019-05-01 00:37:10.457 13037 DEBUG tempest.lib.common.rest_client [req-614d1102-3100-4cdf-bb88-b8c6e9068bd8 ] Request - Headers: {'Content-Type': 'application/json', 'Accept': 'application/json', 'X-Auth-Token': ''} Body: None Response - Headers: {'status': '404', u'content-length': '134', 'content-location': 'http://10.167.4.35:9696/v2.0/trunks/f51303bb-bd56-4977-9868-e0422edd67f5', u'date': 'Wed, 01 May 2019 00:37:10 GMT', u'content-type': 'application/json', u'connection': 'close', u'x-openstack-request-id': 'req-614d1102-3100-4cdf-bb88-b8c6e9068bd8'} Body: {"NeutronError": {"message": "Trunk f51303bb-bd56-4977-9868-e0422edd67f5 could not be found.", "type": "TrunkNotFound", "detail": ""}} _log_request_full /root/.rally/verification/verifier-cbe8dfb8-14be-4f39-b9d7-faa451633090/repo/tempest/lib/common/rest_client.py:437
2019-05-01 00:37:10.460 13033 INFO tempest.lib.common.rest_client [req-a2032bce-56f7-499a-ae6a-f79b353b5084 ] Request (TrunkTestJSON:_run_cleanups): 404 DELETE http://10.167.4.35:9696/v2.0/networks/f3cb0366-a4d2-44e6-ade3-427fe140923d 0.021s
2019-05-01 00:37:10.460 13033 DEBUG tempest.lib.common.rest_client [req-a2032bce-56f7-499a-ae6a-f79b353b5084 ] Request - Headers: {'Content-Type': 'application/json', 'Accept': 'application/json', 'X-Auth-Token': ''} Body: None Response - Headers: {'status': '404', u'content-length': '138', 'content-location': 'http://10.167.4.35:9696/v2.0/networks/f3cb0366-a4d2-44e6-ade3-427fe140923d', u'date': 'Wed, 01 May 2019 00:37:10 GMT', u'content-type': 'application/json', u'connection': 'close', u'x-openstack-request-id': 'req-a2032bce-56f7-499a-ae6a-f79b353b5084'} Body: {"NeutronError": {"message": "Network f3cb0366-a4d2-44e6-ade3-427fe140923d could not be found.", "type": "NetworkNotFound", "detail": ""}} _log_request_full /root/.rally/verification/verifier-cbe8dfb8-14be-4f39-b9d7-faa451633090/repo/tempest/lib/common/rest_client.py:437
2019-05-01 00:37:10.474 13037 INFO tempest.lib.common.rest_client [req-bff860d7-64b2-48ef-a11d-544befbb8379 ] Request (TrunkTestJSON:_run_cleanups): 404 GET http://10.167.4.35:9696/v2.0/trunks/b22f3959-4768-42cf-9790-fc11c94c63e8/get_subports 0.016s
2019-05-01 00:37:10.474 13037 DEBUG tempest.lib.common.rest_client [req-bff860d7-64b2-48ef-a11d-544befbb8379 ] Request - Headers: {'Content-Type': 'application/json', 'Accept': 'application/json', 'X-Auth-Token': ''} Body: None Response - Headers: {'status': '404', u'content-length': '134', 'content-location': 'http://10.167.4.35:9696/v2.0/trunks/b22f3959-4768-42cf-9790-fc11c94c63e8/get_subports', u'date': 'Wed, 01 May 2019 00:37:10 GMT', u'content-type': 'application/json', u'connection': 'close', u'x-openstack-request-id': 'req-bff860d7-64b2-48ef-a11d-544befbb8379'} Body: {"NeutronError": {"message": "Trunk b22f3959-4768-42cf-9790-fc11c94c63e8 could not be found.", "type": "TrunkNotFound", "detail": ""}} _log_request_full /root/.rally/verification/verifier-cbe8dfb8-14be-4f39-b9d7-faa451633090/repo/tempest/lib/common/rest_client.py:437
2019-05-01 00:37:10.481 13033 INFO tempest.lib.common.rest_client [req-f82b1e98-88aa-4578-b828-0d86aae9a5dc ] Request (TrunkTestJSON:_run_cleanups): 404 DELETE http://10.167.4.35:9696/v2.0/networks/d18ea4f7-4633-4ea1-879b-1ea5eccce5f1 0.019s
2019-05-01 00:37:10.481 13033 DEBUG tempest.lib.common.rest_client [req-f82b1e98-88aa-4578-b828-0d86aae9a5dc ] Request - Headers: {'Content-Type': 'application/json', 'Accept': 'application/json', 'X-Auth-Token': ''} Body: None Response - Headers: {'status': '404', u'content-length': '138', 'content-location': 'http://10.167.4.35:9696/v2.0/networks/d18ea4f7-4633-4ea1-879b-1ea5eccce5f1', u'date': 'Wed, 01 May 2019 00:37:10 GMT', u'content-type': 'application/json', u'connection': 'close', u'x-openstack-request-id': 'req-f82b1e98-88aa-4578-b828-0d86aae9a5dc'} Body: {"NeutronError": {"message": "Network d18ea4f7-4633-4ea1-879b-1ea5eccce5f1 could not be found.", "type": "NetworkNotFound", "detail": ""}} _log_request_full /root/.rally/verification/verifier-cbe8dfb8-14be-4f39-b9d7-faa451633090/repo/tempest/lib/common/rest_client.py:437
2019-05-01 00:37:10.490 13037 INFO tempest.lib.common.rest_client [req-2bda7866-c95b-4d4b-ab93-fbbbbe0d7fae ] Request (TrunkTestJSON:_run_cleanups): 404 DELETE http://10.167.4.35:9696/v2.0/trunks/b22f3959-4768-42cf-9790-fc11c94c63e8 0.015s
2019-05-01 00:37:10.491 13037 DEBUG tempest.lib.common.rest_client [req-2bda7866-c95b-4d4b-ab93-fbbbbe0d7fae ] Request - Headers: {'Content-Type': 'application/json', 'Accept': 'application/json', 'X-Auth-Token': ''} Body: None Response - Headers: {'status': '404', u'content-length': '134', 'content-location': 'http://10.167.4.35:9696/v2.0/trunks/b22f3959-4768-42cf-9790-fc11c94c63e8', u'date': 'Wed, 01 May 2019 00:37:10 GMT', u'content-type': 'application/json', u'connection': 'close', u'x-openstack-request-id': 'req-2bda7866-c95b-4d4b-ab93-fbbbbe0d7fae'} Body: {"NeutronError": {"message": "Trunk b22f3959-4768-42cf-9790-fc11c94c63e8 could not be found.", "type": "TrunkNotFound", "detail": ""}} _log_request_full /root/.rally/verification/verifier-cbe8dfb8-14be-4f39-b9d7-faa451633090/repo/tempest/lib/common/rest_client.py:437
2019-05-01 00:37:10.500 13033 INFO tempest.lib.common.rest_client [req-9f018989-31b7-4190-93cc-762a4f1c71a4 ] Request (TrunkTestJSON:_run_cleanups): 404 DELETE http://10.167.4.35:9696/v2.0/networks/607a410c-0e81-461d-993d-7d7b1174bc0b 0.018s
2019-05-01 00:37:10.501 13033 DEBUG tempest.lib.common.rest_client [req-9f018989-31b7-4190-93cc-762a4f1c71a4 ] Request - Headers: {'Content-Type': 'application/json', 'Accept': 'application/json', 'X-Auth-Token': ''} Body: None Response - Headers: {'status': '404', u'content-length': '138', 'content-location': 'http://10.167.4.35:9696/v2.0/networks/607a410c-0e81-461d-993d-7d7b1174bc0b', u'date': 'Wed, 01 May 2019 00:37:10 GMT', u'content-type': 'application/json', u'connection': 'close', u'x-openstack-request-id': 'req-9f018989-31b7-4190-93cc-762a4f1c71a4'} Body: {"NeutronError": {"message": "Network 607a410c-0e81-461d-993d-7d7b1174bc0b could not be found.", "type": "NetworkNotFound", "detail": ""}} _log_request_full /root/.rally/verification/verifier-cbe8dfb8-14be-4f39-b9d7-faa451633090/repo/tempest/lib/common/rest_client.py:437
2019-05-01 00:37:10.504 13037 INFO tempest.lib.common.rest_client [req-42557885-84d2-4726-939c-1593ff87d0d7 ] Request (TrunkTestJSON:_run_cleanups): 404 GET http://10.167.4.35:9696/v2.0/trunks/6a0cf1ca-d957-46fe-8b58-3f5bc9642ad1/get_subports 0.012s
2019-05-01 00:37:10.504 13037 DEBUG tempest.lib.common.rest_client [req-42557885-84d2-4726-939c-1593ff87d0d7 ] Request - Headers: {'Content-Type': 'application/json', 'Accept': 'application/json', 'X-Auth-Token': ''} Body: None Response - Headers: {'status': '404', u'content-length': '134', 'content-location': 'http://10.167.4.35:9696/v2.0/trunks/6a0cf1ca-d957-46fe-8b58-3f5bc9642ad1/get_subports', u'date': 'Wed, 01 May 2019 00:37:10 GMT', u'content-type': 'application/json', u'connection': 'close', u'x-openstack-request-id': 'req-42557885-84d2-4726-939c-1593ff87d0d7'} Body: {"NeutronError": {"message": "Trunk 6a0cf1ca-d957-46fe-8b58-3f5bc9642ad1 could not be found.", "type": "TrunkNotFound", "detail": ""}} _log_request_full /root/.rally/verification/verifier-cbe8dfb8-14be-4f39-b9d7-faa451633090/repo/tempest/lib/common/rest_client.py:437
2019-05-01 00:37:10.519 13037 INFO tempest.lib.common.rest_client [req-5af186b2-39ae-4bd9-86e1-3429b7efc2a4 ] Request (TrunkTestJSON:_run_cleanups): 404 DELETE http://10.167.4.35:9696/v2.0/trunks/6a0cf1ca-d957-46fe-8b58-3f5bc9642ad1 0.014s
2019-05-01 00:37:10.520 13037 DEBUG tempest.lib.common.rest_client [req-5af186b2-39ae-4bd9-86e1-3429b7efc2a4 ] Request - Headers: {'Content-Type': 'application/json', 'Accept': 'application/json', 'X-Auth-Token': ''} Body: None Response - Headers: {'status': '404', u'content-length': '134', 'content-location': 'http://10.167.4.35:9696/v2.0/trunks/6a0cf1ca-d957-46fe-8b58-3f5bc9642ad1', u'date': 'Wed, 01 May 2019 00:37:10 GMT', u'content-type': 'application/json', u'connection': 'close', u'x-openstack-request-id': 'req-5af186b2-39ae-4bd9-86e1-3429b7efc2a4'} Body: {"NeutronError": {"message": "Trunk 6a0cf1ca-d957-46fe-8b58-3f5bc9642ad1 could not be found.", "type": "TrunkNotFound", "detail": ""}} _log_request_full /root/.rally/verification/verifier-cbe8dfb8-14be-4f39-b9d7-faa451633090/repo/tempest/lib/common/rest_client.py:437
2019-05-01 00:37:10.520 13033 INFO tempest.lib.common.rest_client [req-b9b4eed5-7951-4d8e-9ebe-65bf70bb244f ] Request (TrunkTestJSON:_run_cleanups): 404 DELETE http://10.167.4.35:9696/v2.0/networks/1768dff3-2248-4797-94a4-5cf2efd93ca4 0.019s
2019-05-01 00:37:10.521 13033 DEBUG tempest.lib.common.rest_client [req-b9b4eed5-7951-4d8e-9ebe-65bf70bb244f ] Request - Headers: {'Content-Type': 'application/json', 'Accept': 'application/json', 'X-Auth-Token': ''} Body: None Response - Headers: {'status': '404', u'content-length': '138', 'content-location': 'http://10.167.4.35:9696/v2.0/networks/1768dff3-2248-4797-94a4-5cf2efd93ca4', u'date': 'Wed, 01 May 2019 00:37:10 GMT', u'content-type': 'application/json', u'connection': 'close', u'x-openstack-request-id': 'req-b9b4eed5-7951-4d8e-9ebe-65bf70bb244f'} Body: {"NeutronError": {"message": "Network 1768dff3-2248-4797-94a4-5cf2efd93ca4 could not be found.", "type": "NetworkNotFound", "detail": ""}} _log_request_full /root/.rally/verification/verifier-cbe8dfb8-14be-4f39-b9d7-faa451633090/repo/tempest/lib/common/rest_client.py:437
2019-05-01 00:37:10.533 13037 INFO tempest.lib.common.rest_client [req-80bad23a-897f-4fc3-9424-a0dacd391dbb ] Request (TrunkTestJSON:_run_cleanups): 404 GET http://10.167.4.35:9696/v2.0/trunks/b90b93ca-a732-4f5c-8d5d-0df1f46a1896/get_subports 0.012s
2019-05-01 00:37:10.534 13037 DEBUG tempest.lib.common.rest_client [req-80bad23a-897f-4fc3-9424-a0dacd391dbb ] Request - Headers: {'Content-Type': 'application/json', 'Accept': 'application/json', 'X-Auth-Token': ''} Body: None Response - Headers: {'status': '404', u'content-length': '134', 'content-location': 'http://10.167.4.35:9696/v2.0/trunks/b90b93ca-a732-4f5c-8d5d-0df1f46a1896/get_subports', u'date': 'Wed, 01 May 2019 00:37:10 GMT', u'content-type': 'application/json', u'connection': 'close', u'x-openstack-request-id': 'req-80bad23a-897f-4fc3-9424-a0dacd391dbb'} Body: {"NeutronError": {"message": "Trunk b90b93ca-a732-4f5c-8d5d-0df1f46a1896 could not be found.", "type": "TrunkNotFound", "detail": ""}} _log_request_full /root/.rally/verification/verifier-cbe8dfb8-14be-4f39-b9d7-faa451633090/repo/tempest/lib/common/rest_client.py:437
2019-05-01 00:37:10.543 13033 INFO tempest.lib.common.rest_client [req-e87d7724-7d36-4a1b-8f5c-1ef62588293e ] Request (TrunkTestJSON:_run_cleanups): 404 DELETE http://10.167.4.35:9696/v2.0/networks/b4211e22-e13d-4e58-8fb5-179c6e4b42a0 0.021s
2019-05-01 00:37:10.544 13033 DEBUG tempest.lib.common.rest_client [req-e87d7724-7d36-4a1b-8f5c-1ef62588293e ] Request - Headers: {'Content-Type': 'application/json', 'Accept': 'application/json', 'X-Auth-Token': ''} Body: None Response - Headers: {'status': '404', u'content-length': '138', 'content-location': 'http://10.167.4.35:9696/v2.0/networks/b4211e22-e13d-4e58-8fb5-179c6e4b42a0', u'date': 'Wed, 01 May 2019 00:37:10 GMT', u'content-type': 'application/json', u'connection': 'close', u'x-openstack-request-id': 'req-e87d7724-7d36-4a1b-8f5c-1ef62588293e'} Body: {"NeutronError": {"message": "Network b4211e22-e13d-4e58-8fb5-179c6e4b42a0 could not be found.", "type": "NetworkNotFound", "detail": ""}} _log_request_full /root/.rally/verification/verifier-cbe8dfb8-14be-4f39-b9d7-faa451633090/repo/tempest/lib/common/rest_client.py:437
2019-05-01 00:37:10.549 13037 INFO tempest.lib.common.rest_client [req-39bf3b9a-d668-4f4e-9257-af43b7f36bbb ] Request (TrunkTestJSON:_run_cleanups): 404 DELETE http://10.167.4.35:9696/v2.0/trunks/b90b93ca-a732-4f5c-8d5d-0df1f46a1896 0.014s
2019-05-01 00:37:10.549 13037 DEBUG tempest.lib.common.rest_client [req-39bf3b9a-d668-4f4e-9257-af43b7f36bbb ] Request - Headers: {'Content-Type': 'application/json', 'Accept': 'application/json', 'X-Auth-Token': ''} Body: None Response - Headers: {'status': '404', u'content-length': '134', 'content-location': 'http://10.167.4.35:9696/v2.0/trunks/b90b93ca-a732-4f5c-8d5d-0df1f46a1896', u'date': 'Wed, 01 May 2019 00:37:10 GMT', u'content-type': 'application/json', u'connection': 'close', u'x-openstack-request-id': 'req-39bf3b9a-d668-4f4e-9257-af43b7f36bbb'} Body: {"NeutronError": {"message": "Trunk b90b93ca-a732-4f5c-8d5d-0df1f46a1896 could not be found.", "type": "TrunkNotFound", "detail": ""}} _log_request_full /root/.rally/verification/verifier-cbe8dfb8-14be-4f39-b9d7-faa451633090/repo/tempest/lib/common/rest_client.py:437
2019-05-01 00:37:10.562 13037 INFO tempest.lib.common.rest_client [req-0cf675e6-40b7-47ab-898d-d89849e5805c ] Request (TrunkTestJSON:_run_cleanups): 404 GET http://10.167.4.35:9696/v2.0/trunks/ad7bcfd1-ab66-4b04-b331-f94022d3636f 0.012s
2019-05-01 00:37:10.563 13037 DEBUG tempest.lib.common.rest_client [req-0cf675e6-40b7-47ab-898d-d89849e5805c ] Request - Headers: {'Content-Type': 'application/json', 'Accept': 'application/json', 'X-Auth-Token': ''} Body: None Response - Headers: {'status': '404', u'content-length': '134', 'content-location': 'http://10.167.4.35:9696/v2.0/trunks/ad7bcfd1-ab66-4b04-b331-f94022d3636f', u'date': 'Wed, 01 May 2019 00:37:10 GMT', u'content-type': 'application/json', u'connection': 'close', u'x-openstack-request-id': 'req-0cf675e6-40b7-47ab-898d-d89849e5805c'} Body: {"NeutronError": {"message": "Trunk ad7bcfd1-ab66-4b04-b331-f94022d3636f could not be found.", "type": "TrunkNotFound", "detail": ""}} _log_request_full /root/.rally/verification/verifier-cbe8dfb8-14be-4f39-b9d7-faa451633090/repo/tempest/lib/common/rest_client.py:437
2019-05-01 00:37:10.563 13033 INFO tempest.lib.common.rest_client [req-c0b2a5c0-b5fc-47f8-a666-01845e860fe6 ] Request (TrunkTestJSON:_run_cleanups): 404 DELETE http://10.167.4.35:9696/v2.0/networks/a915564f-3ca5-4446-825d-7a0a0c2a11f1 0.019s
2019-05-01 00:37:10.564 13033 DEBUG tempest.lib.common.rest_client [req-c0b2a5c0-b5fc-47f8-a666-01845e860fe6 ] Request - Headers: {'Content-Type': 'application/json', 'Accept': 'application/json', 'X-Auth-Token': ''} Body: None Response - Headers: {'status': '404', u'content-length': '138', 'content-location': 'http://10.167.4.35:9696/v2.0/networks/a915564f-3ca5-4446-825d-7a0a0c2a11f1', u'date': 'Wed, 01 May 2019 00:37:10 GMT', u'content-type': 'application/json', u'connection': 'close', u'x-openstack-request-id': 'req-c0b2a5c0-b5fc-47f8-a666-01845e860fe6'} Body: {"NeutronError": {"message": "Network a915564f-3ca5-4446-825d-7a0a0c2a11f1 could not be found.", "type": "NetworkNotFound", "detail": ""}} _log_request_full /root/.rally/verification/verifier-cbe8dfb8-14be-4f39-b9d7-faa451633090/repo/tempest/lib/common/rest_client.py:437
2019-05-01 00:37:10.576 13037 INFO tempest.lib.common.rest_client [req-f1540f04-815c-4824-b466-3f0c328f099d ] Request (TrunkTestJSON:_run_cleanups): 404 GET http://10.167.4.35:9696/v2.0/trunks/2e1b2b5f-2d01-4429-b0dd-61197bc0c65e 0.012s
2019-05-01 00:37:10.576 13037 DEBUG tempest.lib.common.rest_client [req-f1540f04-815c-4824-b466-3f0c328f099d ] Request - Headers: {'Content-Type': 'application/json', 'Accept': 'application/json', 'X-Auth-Token': ''} Body: None Response - Headers: {'status': '404', u'content-length': '134', 'content-location': 'http://10.167.4.35:9696/v2.0/trunks/2e1b2b5f-2d01-4429-b0dd-61197bc0c65e', u'date': 'Wed, 01 May 2019 00:37:10 GMT', u'content-type': 'application/json', u'connection': 'close', u'x-openstack-request-id': 'req-f1540f04-815c-4824-b466-3f0c328f099d'} Body: {"NeutronError": {"message": "Trunk 2e1b2b5f-2d01-4429-b0dd-61197bc0c65e could not be found.", "type": "TrunkNotFound", "detail": ""}} _log_request_full /root/.rally/verification/verifier-cbe8dfb8-14be-4f39-b9d7-faa451633090/repo/tempest/lib/common/rest_client.py:437
2019-05-01 00:37:10.589 13037 INFO tempest.lib.common.rest_client [req-3caf1d2f-bd35-446b-8843-e883409042b7 ] Request (TrunkTestJSON:_run_cleanups): 404 GET http://10.167.4.35:9696/v2.0/trunks/fa2d1427-54af-4879-afbf-f4a30bc0ec8d 0.011s
2019-05-01 00:37:10.589 13037 DEBUG tempest.lib.common.rest_client [req-3caf1d2f-bd35-446b-8843-e883409042b7 ] Request - Headers: {'Content-Type': 'application/json', 'Accept': 'application/json', 'X-Auth-Token': ''} Body: None Response - Headers: {'status': '404', u'content-length': '134', 'content-location': 'http://10.167.4.35:9696/v2.0/trunks/fa2d1427-54af-4879-afbf-f4a30bc0ec8d', u'date': 'Wed, 01 May 2019 00:37:10 GMT', u'content-type': 'application/json', u'connection': 'close', u'x-openstack-request-id': 'req-3caf1d2f-bd35-446b-8843-e883409042b7'} Body: {"NeutronError": {"message": "Trunk fa2d1427-54af-4879-afbf-f4a30bc0ec8d could not be found.", "type": "TrunkNotFound", "detail": ""}} _log_request_full /root/.rally/verification/verifier-cbe8dfb8-14be-4f39-b9d7-faa451633090/repo/tempest/lib/common/rest_client.py:437
2019-05-01 00:37:10.603 13037 INFO tempest.lib.common.rest_client [req-b6b88d11-74a7-4669-b7ac-0c12035e8662 ] Request (TrunkTestJSON:_run_cleanups): 404 GET http://10.167.4.35:9696/v2.0/trunks/f51303bb-bd56-4977-9868-e0422edd67f5 0.013s
2019-05-01 00:37:10.603 13037 DEBUG tempest.lib.common.rest_client [req-b6b88d11-74a7-4669-b7ac-0c12035e8662 ] Request - Headers: {'Content-Type': 'application/json', 'Accept': 'application/json', 'X-Auth-Token': ''} Body: None Response - Headers: {'status': '404', u'content-length': '134', 'content-location': 'http://10.167.4.35:9696/v2.0/trunks/f51303bb-bd56-4977-9868-e0422edd67f5', u'date': 'Wed, 01 May 2019 00:37:10 GMT', u'content-type': 'application/json', u'connection': 'close', u'x-openstack-request-id': 'req-b6b88d11-74a7-4669-b7ac-0c12035e8662'} Body: {"NeutronError": {"message": "Trunk f51303bb-bd56-4977-9868-e0422edd67f5 could not be found.", "type": "TrunkNotFound", "detail": ""}} _log_request_full /root/.rally/verification/verifier-cbe8dfb8-14be-4f39-b9d7-faa451633090/repo/tempest/lib/common/rest_client.py:437
2019-05-01 00:37:10.618 13037 INFO tempest.lib.common.rest_client [req-f660e017-278d-4171-bf18-f81761a2e25a ] Request (TrunkTestJSON:_run_cleanups): 404 GET http://10.167.4.35:9696/v2.0/trunks/b22f3959-4768-42cf-9790-fc11c94c63e8 0.014s
2019-05-01 00:37:10.619 13037 DEBUG tempest.lib.common.rest_client [req-f660e017-278d-4171-bf18-f81761a2e25a ] Request - Headers: {'Content-Type': 'application/json', 'Accept': 'application/json', 'X-Auth-Token': ''} Body: None Response - Headers: {'status': '404', u'content-length': '134', 'content-location': 'http://10.167.4.35:9696/v2.0/trunks/b22f3959-4768-42cf-9790-fc11c94c63e8', u'date': 'Wed, 01 May 2019 00:37:10 GMT', u'content-type': 'application/json', u'connection': 'close', u'x-openstack-request-id': 'req-f660e017-278d-4171-bf18-f81761a2e25a'} Body: {"NeutronError": {"message": "Trunk b22f3959-4768-42cf-9790-fc11c94c63e8 could not be found.", "type": "TrunkNotFound", "detail": ""}} _log_request_full /root/.rally/verification/verifier-cbe8dfb8-14be-4f39-b9d7-faa451633090/repo/tempest/lib/common/rest_client.py:437
2019-05-01 00:37:10.631 13037 INFO tempest.lib.common.rest_client [req-857cc872-2b16-4ae6-9db8-676c77fb1e9a ] Request (TrunkTestJSON:_run_cleanups): 404 GET http://10.167.4.35:9696/v2.0/trunks/6a0cf1ca-d957-46fe-8b58-3f5bc9642ad1 0.012s
2019-05-01 00:37:10.632 13037 DEBUG tempest.lib.common.rest_client [req-857cc872-2b16-4ae6-9db8-676c77fb1e9a ] Request - Headers: {'Content-Type': 'application/json', 'Accept': 'application/json', 'X-Auth-Token': ''} Body: None Response - Headers: {'status': '404', u'content-length': '134', 'content-location': 'http://10.167.4.35:9696/v2.0/trunks/6a0cf1ca-d957-46fe-8b58-3f5bc9642ad1', u'date': 'Wed, 01 May 2019 00:37:10 GMT', u'content-type': 'application/json', u'connection': 'close', u'x-openstack-request-id': 'req-857cc872-2b16-4ae6-9db8-676c77fb1e9a'} Body: {"NeutronError": {"message": "Trunk 6a0cf1ca-d957-46fe-8b58-3f5bc9642ad1 could not be found.", "type": "TrunkNotFound", "detail": ""}} _log_request_full /root/.rally/verification/verifier-cbe8dfb8-14be-4f39-b9d7-faa451633090/repo/tempest/lib/common/rest_client.py:437
2019-05-01 00:37:10.644 13037 INFO tempest.lib.common.rest_client [req-b20b7036-02b1-43a9-a67f-a8561fdf8d39 ] Request (TrunkTestJSON:_run_cleanups): 404 GET http://10.167.4.35:9696/v2.0/trunks/b90b93ca-a732-4f5c-8d5d-0df1f46a1896 0.011s
2019-05-01 00:37:10.644 13037 DEBUG tempest.lib.common.rest_client [req-b20b7036-02b1-43a9-a67f-a8561fdf8d39 ] Request - Headers: {'Content-Type': 'application/json', 'Accept': 'application/json', 'X-Auth-Token': ''} Body: None Response - Headers: {'status': '404', u'content-length': '134', 'content-location': 'http://10.167.4.35:9696/v2.0/trunks/b90b93ca-a732-4f5c-8d5d-0df1f46a1896', u'date': 'Wed, 01 May 2019 00:37:10 GMT', u'content-type': 'application/json', u'connection': 'close', u'x-openstack-request-id': 'req-b20b7036-02b1-43a9-a67f-a8561fdf8d39'} Body: {"NeutronError": {"message": "Trunk b90b93ca-a732-4f5c-8d5d-0df1f46a1896 could not be found.", "type": "TrunkNotFound", "detail": ""}} _log_request_full /root/.rally/verification/verifier-cbe8dfb8-14be-4f39-b9d7-faa451633090/repo/tempest/lib/common/rest_client.py:437
2019-05-01 00:37:10.683 13037 INFO tempest.lib.common.rest_client [req-1f62dce2-06fc-42e1-bbbb-bff9cc824b0f ] Request (TrunkTestJSON:_run_cleanups): 404 DELETE http://10.167.4.35:9696/v2.0/ports/d4e3f110-d79e-493b-896b-f4d37abd93e1 0.038s
2019-05-01 00:37:10.683 13037 DEBUG tempest.lib.common.rest_client [req-1f62dce2-06fc-42e1-bbbb-bff9cc824b0f ] Request - Headers: {'Content-Type': 'application/json', 'Accept': 'application/json', 'X-Auth-Token': ''} Body: None Response - Headers: {'status': '404', u'content-length': '132', 'content-location': 'http://10.167.4.35:9696/v2.0/ports/d4e3f110-d79e-493b-896b-f4d37abd93e1', u'date': 'Wed, 01 May 2019 00:37:10 GMT', u'content-type': 'application/json', u'connection': 'close', u'x-openstack-request-id': 'req-1f62dce2-06fc-42e1-bbbb-bff9cc824b0f'} Body: {"NeutronError": {"message": "Port d4e3f110-d79e-493b-896b-f4d37abd93e1 could not be found.", "type": "PortNotFound", "detail": ""}} _log_request_full /root/.rally/verification/verifier-cbe8dfb8-14be-4f39-b9d7-faa451633090/repo/tempest/lib/common/rest_client.py:437
2019-05-01 00:37:10.711 13037 INFO tempest.lib.common.rest_client [req-7afea3bd-7699-4496-a654-d547a46b59db ] Request (TrunkTestJSON:_run_cleanups): 404 DELETE http://10.167.4.35:9696/v2.0/ports/7994df8e-69f9-4625-9105-39257a47ed5c 0.027s
2019-05-01 00:37:10.712 13037 DEBUG tempest.lib.common.rest_client [req-7afea3bd-7699-4496-a654-d547a46b59db ] Request - Headers: {'Content-Type': 'application/json', 'Accept': 'application/json', 'X-Auth-Token': ''} Body: None Response - Headers: {'status': '404', u'content-length': '132', 'content-location': 'http://10.167.4.35:9696/v2.0/ports/7994df8e-69f9-4625-9105-39257a47ed5c', u'date': 'Wed, 01 May 2019 00:37:10 GMT', u'content-type': 'application/json', u'connection': 'close', u'x-openstack-request-id': 'req-7afea3bd-7699-4496-a654-d547a46b59db'} Body: {"NeutronError": {"message": "Port 7994df8e-69f9-4625-9105-39257a47ed5c could not be found.", "type": "PortNotFound", "detail": ""}} _log_request_full /root/.rally/verification/verifier-cbe8dfb8-14be-4f39-b9d7-faa451633090/repo/tempest/lib/common/rest_client.py:437
2019-05-01 00:37:10.744 13037 INFO tempest.lib.common.rest_client [req-8cb7ccc6-9d7a-409d-9a9b-20b44895ff37 ] Request (TrunkTestJSON:_run_cleanups): 404 DELETE http://10.167.4.35:9696/v2.0/ports/b04a2510-dd1e-4958-84ca-e1b4963d7331 0.031s
2019-05-01 00:37:10.744 13037 DEBUG tempest.lib.common.rest_client [req-8cb7ccc6-9d7a-409d-9a9b-20b44895ff37 ] Request - Headers: {'Content-Type': 'application/json', 'Accept': 'application/json', 'X-Auth-Token': ''} Body: None Response - Headers: {'status': '404', u'content-length': '132', 'content-location': 'http://10.167.4.35:9696/v2.0/ports/b04a2510-dd1e-4958-84ca-e1b4963d7331', u'date': 'Wed, 01 May 2019 00:37:10 GMT', u'content-type': 'application/json', u'connection': 'close', u'x-openstack-request-id': 'req-8cb7ccc6-9d7a-409d-9a9b-20b44895ff37'} Body: {"NeutronError": {"message": "Port b04a2510-dd1e-4958-84ca-e1b4963d7331 could not be found.", "type": "PortNotFound", "detail": ""}} _log_request_full /root/.rally/verification/verifier-cbe8dfb8-14be-4f39-b9d7-faa451633090/repo/tempest/lib/common/rest_client.py:437
2019-05-01 00:37:10.776 13037 INFO tempest.lib.common.rest_client [req-fb37a8c4-d19c-45de-a3b9-7e5188206e08 ] Request (TrunkTestJSON:_run_cleanups): 404 DELETE http://10.167.4.35:9696/v2.0/ports/366b59ab-cd73-480b-910c-edd0b8141e18 0.031s
2019-05-01 00:37:10.776 13037 DEBUG tempest.lib.common.rest_client [req-fb37a8c4-d19c-45de-a3b9-7e5188206e08 ] Request - Headers: {'Content-Type': 'application/json', 'Accept': 'application/json', 'X-Auth-Token': ''} Body: None Response - Headers: {'status': '404', u'content-length': '132', 'content-location': 'http://10.167.4.35:9696/v2.0/ports/366b59ab-cd73-480b-910c-edd0b8141e18', u'date': 'Wed, 01 May 2019 00:37:10 GMT', u'content-type': 'application/json', u'connection': 'close', u'x-openstack-request-id': 'req-fb37a8c4-d19c-45de-a3b9-7e5188206e08'} Body: {"NeutronError": {"message": "Port 366b59ab-cd73-480b-910c-edd0b8141e18 could not be found.", "type": "PortNotFound", "detail": ""}} _log_request_full /root/.rally/verification/verifier-cbe8dfb8-14be-4f39-b9d7-faa451633090/repo/tempest/lib/common/rest_client.py:437
2019-05-01 00:37:10.809 13037 INFO tempest.lib.common.rest_client [req-ca9dd746-3f5e-4c76-83cb-70d9de41f1c0 ] Request (TrunkTestJSON:_run_cleanups): 404 DELETE http://10.167.4.35:9696/v2.0/ports/2e7626f6-5706-406c-8613-4ea7328a6c9b 0.032s
2019-05-01 00:37:10.810 13037 DEBUG tempest.lib.common.rest_client [req-ca9dd746-3f5e-4c76-83cb-70d9de41f1c0 ] Request - Headers: {'Content-Type': 'application/json', 'Accept': 'application/json', 'X-Auth-Token': ''} Body: None Response - Headers: {'status': '404', u'content-length': '132', 'content-location': 'http://10.167.4.35:9696/v2.0/ports/2e7626f6-5706-406c-8613-4ea7328a6c9b', u'date': 'Wed, 01 May 2019 00:37:10 GMT', u'content-type': 'application/json', u'connection': 'close', u'x-openstack-request-id': 'req-ca9dd746-3f5e-4c76-83cb-70d9de41f1c0'} Body: {"NeutronError": {"message": "Port 2e7626f6-5706-406c-8613-4ea7328a6c9b could not be found.", "type": "PortNotFound", "detail": ""}} _log_request_full /root/.rally/verification/verifier-cbe8dfb8-14be-4f39-b9d7-faa451633090/repo/tempest/lib/common/rest_client.py:437
2019-05-01 00:37:10.838 13037 INFO tempest.lib.common.rest_client [req-ad4bfebb-989a-4bb1-98c2-2ec7c6ee813d ] Request (TrunkTestJSON:_run_cleanups): 404 DELETE http://10.167.4.35:9696/v2.0/ports/41fba9f0-33ec-4137-8f7b-42673c0e15c6 0.028s
2019-05-01 00:37:10.839 13037 DEBUG tempest.lib.common.rest_client [req-ad4bfebb-989a-4bb1-98c2-2ec7c6ee813d ] Request - Headers: {'Content-Type': 'application/json', 'Accept': 'application/json', 'X-Auth-Token': ''} Body: None Response - Headers: {'status': '404', u'content-length': '132', 'content-location': 'http://10.167.4.35:9696/v2.0/ports/41fba9f0-33ec-4137-8f7b-42673c0e15c6', u'date': 'Wed, 01 May 2019 00:37:10 GMT', u'content-type': 'application/json', u'connection': 'close', u'x-openstack-request-id': 'req-ad4bfebb-989a-4bb1-98c2-2ec7c6ee813d'} Body: {"NeutronError": {"message": "Port 41fba9f0-33ec-4137-8f7b-42673c0e15c6 could not be found.", "type": "PortNotFound", "detail": ""}} _log_request_full /root/.rally/verification/verifier-cbe8dfb8-14be-4f39-b9d7-faa451633090/repo/tempest/lib/common/rest_client.py:437
2019-05-01 00:37:10.870 13037 INFO tempest.lib.common.rest_client [req-fe5ec787-6ae8-4338-8503-4219e6968956 ] Request (TrunkTestJSON:_run_cleanups): 404 DELETE http://10.167.4.35:9696/v2.0/ports/603c4d5e-f530-4144-b8c5-e97940fafee5 0.030s
2019-05-01 00:37:10.871 13037 DEBUG tempest.lib.common.rest_client [req-fe5ec787-6ae8-4338-8503-4219e6968956 ] Request - Headers: {'Content-Type': 'application/json', 'Accept': 'application/json', 'X-Auth-Token': ''} Body: None Response - Headers: {'status': '404', u'content-length': '132', 'content-location': 'http://10.167.4.35:9696/v2.0/ports/603c4d5e-f530-4144-b8c5-e97940fafee5', u'date': 'Wed, 01 May 2019 00:37:10 GMT', u'content-type': 'application/json', u'connection': 'close', u'x-openstack-request-id': 'req-fe5ec787-6ae8-4338-8503-4219e6968956'} Body: {"NeutronError": {"message": "Port 603c4d5e-f530-4144-b8c5-e97940fafee5 could not be found.", "type": "PortNotFound", "detail": ""}} _log_request_full /root/.rally/verification/verifier-cbe8dfb8-14be-4f39-b9d7-faa451633090/repo/tempest/lib/common/rest_client.py:437
2019-05-01 00:37:10.899 13037 INFO tempest.lib.common.rest_client [req-02bb9885-b502-4a58-aac3-7bc62ecf059d ] Request (TrunkTestJSON:_run_cleanups): 404 DELETE http://10.167.4.35:9696/v2.0/ports/1049d818-453a-440a-956c-f116e10af82a 0.027s
2019-05-01 00:37:10.899 13037 DEBUG tempest.lib.common.rest_client [req-02bb9885-b502-4a58-aac3-7bc62ecf059d ] Request - Headers: {'Content-Type': 'application/json', 'Accept': 'application/json', 'X-Auth-Token': ''} Body: None Response - Headers: {'status': '404', u'content-length': '132', 'content-location': 'http://10.167.4.35:9696/v2.0/ports/1049d818-453a-440a-956c-f116e10af82a', u'date': 'Wed, 01 May 2019 00:37:10 GMT', u'content-type': 'application/json', u'connection': 'close', u'x-openstack-request-id': 'req-02bb9885-b502-4a58-aac3-7bc62ecf059d'} Body: {"NeutronError": {"message": "Port 1049d818-453a-440a-956c-f116e10af82a could not be found.", "type": "PortNotFound", "detail": ""}} _log_request_full /root/.rally/verification/verifier-cbe8dfb8-14be-4f39-b9d7-faa451633090/repo/tempest/lib/common/rest_client.py:437
2019-05-01 00:37:10.928 13037 INFO tempest.lib.common.rest_client [req-7c035002-3731-402a-b802-e6ff0f679356 ] Request (TrunkTestJSON:_run_cleanups): 404 DELETE http://10.167.4.35:9696/v2.0/ports/9ac8c699-c53b-452e-943c-422504e5e5cb 0.027s
2019-05-01 00:37:10.928 13037 DEBUG tempest.lib.common.rest_client [req-7c035002-3731-402a-b802-e6ff0f679356 ] Request - Headers: {'Content-Type': 'application/json', 'Accept': 'application/json', 'X-Auth-Token': ''} Body: None Response - Headers: {'status': '404', u'content-length': '132', 'content-location': 'http://10.167.4.35:9696/v2.0/ports/9ac8c699-c53b-452e-943c-422504e5e5cb', u'date': 'Wed, 01 May 2019 00:37:10 GMT', u'content-type': 'application/json', u'connection': 'close', u'x-openstack-request-id': 'req-7c035002-3731-402a-b802-e6ff0f679356'} Body: {"NeutronError": {"message": "Port 9ac8c699-c53b-452e-943c-422504e5e5cb could not be found.", "type": "PortNotFound", "detail": ""}} _log_request_full /root/.rally/verification/verifier-cbe8dfb8-14be-4f39-b9d7-faa451633090/repo/tempest/lib/common/rest_client.py:437
2019-05-01 00:37:10.961 13037 INFO tempest.lib.common.rest_client [req-515ca305-bbeb-4734-b796-a8f1b1d9a4b9 ] Request (TrunkTestJSON:_run_cleanups): 404 DELETE http://10.167.4.35:9696/v2.0/ports/2afbfee4-9de9-4dd7-8059-0390b78b0ff4 0.032s
2019-05-01 00:37:10.962 13037 DEBUG tempest.lib.common.rest_client [req-515ca305-bbeb-4734-b796-a8f1b1d9a4b9 ] Request - Headers: {'Content-Type': 'application/json', 'Accept': 'application/json', 'X-Auth-Token': ''} Body: None Response - Headers: {'status': '404', u'content-length': '132', 'content-location': 'http://10.167.4.35:9696/v2.0/ports/2afbfee4-9de9-4dd7-8059-0390b78b0ff4', u'date': 'Wed, 01 May 2019 00:37:10 GMT', u'content-type': 'application/json', u'connection': 'close', u'x-openstack-request-id': 'req-515ca305-bbeb-4734-b796-a8f1b1d9a4b9'} Body: {"NeutronError": {"message": "Port 2afbfee4-9de9-4dd7-8059-0390b78b0ff4 could not be found.", "type": "PortNotFound", "detail": ""}} _log_request_full /root/.rally/verification/verifier-cbe8dfb8-14be-4f39-b9d7-faa451633090/repo/tempest/lib/common/rest_client.py:437
2019-05-01 00:37:10.992 13037 INFO tempest.lib.common.rest_client [req-2dd0d9cc-b8a0-4c13-a4be-886922b8c68c ] Request (TrunkTestJSON:_run_cleanups): 404 DELETE http://10.167.4.35:9696/v2.0/ports/c1db7976-e1c2-4117-b8ff-820398aed749 0.029s
2019-05-01 00:37:10.992 13037 DEBUG tempest.lib.common.rest_client [req-2dd0d9cc-b8a0-4c13-a4be-886922b8c68c ] Request - Headers: {'Content-Type': 'application/json', 'Accept': 'application/json', 'X-Auth-Token': ''} Body: None Response - Headers: {'status': '404', u'content-length': '132', 'content-location': 'http://10.167.4.35:9696/v2.0/ports/c1db7976-e1c2-4117-b8ff-820398aed749', u'date': 'Wed, 01 May 2019 00:37:10 GMT', u'content-type': 'application/json', u'connection': 'close', u'x-openstack-request-id': 'req-2dd0d9cc-b8a0-4c13-a4be-886922b8c68c'} Body: {"NeutronError": {"message": "Port c1db7976-e1c2-4117-b8ff-820398aed749 could not be found.", "type": "PortNotFound", "detail": ""}} _log_request_full /root/.rally/verification/verifier-cbe8dfb8-14be-4f39-b9d7-faa451633090/repo/tempest/lib/common/rest_client.py:437
2019-05-01 00:37:11.024 13037 INFO tempest.lib.common.rest_client [req-87ca3e6a-4ac6-4ad7-9ae8-9b6a4e6c3d7c ] Request (TrunkTestJSON:_run_cleanups): 404 DELETE http://10.167.4.35:9696/v2.0/ports/0c651a53-222c-44c8-ae08-b83ddad9920a 0.031s
2019-05-01 00:37:11.025 13037 DEBUG tempest.lib.common.rest_client [req-87ca3e6a-4ac6-4ad7-9ae8-9b6a4e6c3d7c ] Request - Headers: {'Content-Type': 'application/json', 'Accept': 'application/json', 'X-Auth-Token': ''} Body: None Response - Headers: {'status': '404', u'content-length': '132', 'content-location': 'http://10.167.4.35:9696/v2.0/ports/0c651a53-222c-44c8-ae08-b83ddad9920a', u'date': 'Wed, 01 May 2019 00:37:11 GMT', u'content-type': 'application/json', u'connection': 'close', u'x-openstack-request-id': 'req-87ca3e6a-4ac6-4ad7-9ae8-9b6a4e6c3d7c'} Body: {"NeutronError": {"message": "Port 0c651a53-222c-44c8-ae08-b83ddad9920a could not be found.", "type": "PortNotFound", "detail": ""}} _log_request_full /root/.rally/verification/verifier-cbe8dfb8-14be-4f39-b9d7-faa451633090/repo/tempest/lib/common/rest_client.py:437
2019-05-01 00:37:11.063 13037 INFO tempest.lib.common.rest_client [req-cbe4ffd4-07e3-428d-9f9e-f8b2c219fb0b ] Request (TrunkTestJSON:_run_cleanups): 404 DELETE http://10.167.4.35:9696/v2.0/ports/51d89e4b-f80d-4829-b604-6a2ecf18f204 0.037s
2019-05-01 00:37:11.064 13037 DEBUG tempest.lib.common.rest_client [req-cbe4ffd4-07e3-428d-9f9e-f8b2c219fb0b ] Request - Headers: {'Content-Type': 'application/json', 'Accept': 'application/json', 'X-Auth-Token': ''} Body: None Response - Headers: {'status': '404', u'content-length': '132', 'content-location': 'http://10.167.4.35:9696/v2.0/ports/51d89e4b-f80d-4829-b604-6a2ecf18f204', u'date': 'Wed, 01 May 2019 00:37:11 GMT', u'content-type': 'application/json', u'connection': 'close', u'x-openstack-request-id': 'req-cbe4ffd4-07e3-428d-9f9e-f8b2c219fb0b'} Body: {"NeutronError": {"message": "Port 51d89e4b-f80d-4829-b604-6a2ecf18f204 could not be found.", "type": "PortNotFound", "detail": ""}} _log_request_full /root/.rally/verification/verifier-cbe8dfb8-14be-4f39-b9d7-faa451633090/repo/tempest/lib/common/rest_client.py:437
2019-05-01 00:37:11.096 13033 INFO tempest.lib.common.rest_client [req-e913e4a3-dfeb-48fe-9a8b-75183b0dca88 ] Request (TrunkTestJSON:_run_cleanups): 204 DELETE http://10.167.4.35:9696/v2.0/networks/583a7065-1004-4ea6-b83e-7ab3cf46c9f6 0.531s
2019-05-01 00:37:11.096 13033 DEBUG tempest.lib.common.rest_client [req-e913e4a3-dfeb-48fe-9a8b-75183b0dca88 ] Request - Headers: {'Content-Type': 'application/json', 'Accept': 'application/json', 'X-Auth-Token': ''} Body: None Response - Headers: {'status': '204', u'content-length': '0', 'content-location': 'http://10.167.4.35:9696/v2.0/networks/583a7065-1004-4ea6-b83e-7ab3cf46c9f6', u'date': 'Wed, 01 May 2019 00:37:11 GMT', u'connection': 'close', u'x-openstack-request-id': 'req-e913e4a3-dfeb-48fe-9a8b-75183b0dca88'} Body: _log_request_full /root/.rally/verification/verifier-cbe8dfb8-14be-4f39-b9d7-faa451633090/repo/tempest/lib/common/rest_client.py:437
2019-05-01 00:37:11.098 13037 INFO tempest.lib.common.rest_client [req-40d57502-4c86-49ee-a11c-185db2e748ca ] Request (TrunkTestJSON:_run_cleanups): 404 DELETE http://10.167.4.35:9696/v2.0/ports/b7a67b3e-c92a-412a-a5e8-232928783381 0.033s
2019-05-01 00:37:11.098 13037 DEBUG tempest.lib.common.rest_client [req-40d57502-4c86-49ee-a11c-185db2e748ca ] Request - Headers: {'Content-Type': 'application/json', 'Accept': 'application/json', 'X-Auth-Token': ''} Body: None Response - Headers: {'status': '404', u'content-length': '132', 'content-location': 'http://10.167.4.35:9696/v2.0/ports/b7a67b3e-c92a-412a-a5e8-232928783381', u'date': 'Wed, 01 May 2019 00:37:11 GMT', u'content-type': 'application/json', u'connection': 'close', u'x-openstack-request-id': 'req-40d57502-4c86-49ee-a11c-185db2e748ca'} Body: {"NeutronError": {"message": "Port b7a67b3e-c92a-412a-a5e8-232928783381 could not be found.", "type": "PortNotFound", "detail": ""}} _log_request_full /root/.rally/verification/verifier-cbe8dfb8-14be-4f39-b9d7-faa451633090/repo/tempest/lib/common/rest_client.py:437
2019-05-01 00:37:11.219 13034 INFO paramiko.transport [-] Authentication (publickey) successful!
2019-05-01 00:37:11.247 13034 INFO tempest.lib.common.ssh [-] ssh connection to cirros@172.30.10.127 successfully created
2019-05-01 00:37:11.384 13034 INFO tempest.lib.common.rest_client [req-052e4eee-b921-43b6-8d9f-d090b6cc14ed ] Request (TrunkTest:test_trunk_subport_lifecycle): 200 GET http://10.167.4.35:9696/v2.0/trunks/141f679f-973a-47c8-a828-c0e786038b9c 0.020s
2019-05-01 00:37:11.384 13034 DEBUG tempest.lib.common.rest_client [req-052e4eee-b921-43b6-8d9f-d090b6cc14ed ] Request - Headers: {'Content-Type': 'application/json', 'Accept': 'application/json', 'X-Auth-Token': ''} Body: None Response - Headers: {'status': '200', u'content-length': '409', 'content-location': 'http://10.167.4.35:9696/v2.0/trunks/141f679f-973a-47c8-a828-c0e786038b9c', u'date': 'Wed, 01 May 2019 00:37:11 GMT', u'content-type': 'application/json', u'connection': 'close', u'x-openstack-request-id': 'req-052e4eee-b921-43b6-8d9f-d090b6cc14ed'} Body: {"trunk": {"status": "ACTIVE", "sub_ports": [], "name": "", "admin_state_up": true, "tenant_id": "3e2528dfdc7b4e4da2cdfff541da1b93", "created_at": "2019-05-01T00:36:34Z", "tags": [], "updated_at": "2019-05-01T00:36:47Z", "revision_number": 1, "project_id": "3e2528dfdc7b4e4da2cdfff541da1b93", "port_id": "c2755cc5-e0e0-46ca-aa88-de855f60ef59", "id": "141f679f-973a-47c8-a828-c0e786038b9c", "description": ""}} _log_request_full /root/.rally/verification/verifier-cbe8dfb8-14be-4f39-b9d7-faa451633090/repo/tempest/lib/common/rest_client.py:437
2019-05-01 00:37:11.405 13034 INFO tempest.lib.common.rest_client [req-0cdd6d7c-38a0-4b27-901d-3313918d32b4 ] Request (TrunkTest:test_trunk_subport_lifecycle): 200 GET http://10.167.4.35:9696/v2.0/trunks/5797f1dd-94b2-49d2-9471-eb7af07a1ccb 0.019s
2019-05-01 00:37:11.405 13034 DEBUG tempest.lib.common.rest_client [req-0cdd6d7c-38a0-4b27-901d-3313918d32b4 ] Request - Headers: {'Content-Type': 'application/json', 'Accept': 'application/json', 'X-Auth-Token': ''} Body: None Response - Headers: {'status': '200', u'content-length': '409', 'content-location': 'http://10.167.4.35:9696/v2.0/trunks/5797f1dd-94b2-49d2-9471-eb7af07a1ccb', u'date': 'Wed, 01 May 2019 00:37:11 GMT', u'content-type': 'application/json', u'connection': 'close', u'x-openstack-request-id': 'req-0cdd6d7c-38a0-4b27-901d-3313918d32b4'} Body: {"trunk": {"status": "ACTIVE", "sub_ports": [], "name": "", "admin_state_up": true, "tenant_id": "3e2528dfdc7b4e4da2cdfff541da1b93", "created_at": "2019-05-01T00:36:39Z", "tags": [], "updated_at": "2019-05-01T00:36:48Z", "revision_number": 1, "project_id": "3e2528dfdc7b4e4da2cdfff541da1b93", "port_id": "c7c11e34-efb2-41fc-83b9-9f461b7f819c", "id": "5797f1dd-94b2-49d2-9471-eb7af07a1ccb", "description": ""}} _log_request_full /root/.rally/verification/verifier-cbe8dfb8-14be-4f39-b9d7-faa451633090/repo/tempest/lib/common/rest_client.py:437
