2019-03-22 06:52:18.333 13272 DEBUG tempest.lib.common.rest_client [req-01dca434-f7f9-4169-a8f6-d2477976abd1 ] Request - Headers: {'Content-Type': 'application/json', 'Accept': 'application/json', 'X-Auth-Token': ''} Body: {"sub_ports": []} Response - Headers: {'status': '200', u'content-length': '396', 'content-location': 'http://10.167.4.35:9696/v2.0/trunks/c3c8b1ab-1b32-47a1-be7f-a58d1ecccf6b/remove_subports', u'date': 'Fri, 22 Mar 2019 06:52:18 GMT', u'content-type': 'application/json', u'connection': 'close', u'x-openstack-request-id': 'req-01dca434-f7f9-4169-a8f6-d2477976abd1'} Body: {"status": "DOWN", "sub_ports": [], "name": "", "admin_state_up": true, "tenant_id": "0bd52f3183b743ae92a957107d5dbb1d", "created_at": "2019-03-22T06:52:18Z", "tags": [], "updated_at": "2019-03-22T06:52:18Z", "revision_number": 2, "project_id": "0bd52f3183b743ae92a957107d5dbb1d", "port_id": "c39ee74a-9aea-4d74-bb14-37393a3a4293", "id": "c3c8b1ab-1b32-47a1-be7f-a58d1ecccf6b", "description": ""} _log_request_full /root/.rally/verification/verifier-b9c2b8d1-aee5-404b-b671-dff6da265d35/repo/tempest/lib/common/rest_client.py:437
2019-03-22 06:52:18.368 13271 INFO tempest.lib.common.rest_client [req-ac3c0c63-28d7-4112-854d-833a17924503 ] Request (TrunksSearchCriteriaTest:tearDownClass): 204 DELETE http://10.167.4.35:9696/v2.0/trunks/89dd8b49-6b24-4c86-987c-a0fa4497adac 0.459s
2019-03-22 06:52:18.369 13271 DEBUG tempest.lib.common.rest_client [req-ac3c0c63-28d7-4112-854d-833a17924503 ] Request - Headers: {'Content-Type': 'application/json', 'Accept': 'application/json', 'X-Auth-Token': ''} Body: None Response - Headers: {'status': '204', u'content-length': '0', 'content-location': 'http://10.167.4.35:9696/v2.0/trunks/89dd8b49-6b24-4c86-987c-a0fa4497adac', u'date': 'Fri, 22 Mar 2019 06:52:18 GMT', u'connection': 'close', u'x-openstack-request-id': 'req-ac3c0c63-28d7-4112-854d-833a17924503'} Body: _log_request_full /root/.rally/verification/verifier-b9c2b8d1-aee5-404b-b671-dff6da265d35/repo/tempest/lib/common/rest_client.py:437
2019-03-22 06:52:18.397 13271 INFO tempest.lib.common.rest_client [req-514fcc68-70c1-4f32-94f8-97034d37f90f ] Request (TrunksSearchCriteriaTest:tearDownClass): 200 GET http://10.167.4.35:9696/v2.0/trunks/8ec7a8af-7a69-4fb0-a292-2d926cb7e90d/get_subports 0.027s
2019-03-22 06:52:18.398 13271 DEBUG tempest.lib.common.rest_client [req-514fcc68-70c1-4f32-94f8-97034d37f90f ] Request - Headers: {'Content-Type': 'application/json', 'Accept': 'application/json', 'X-Auth-Token': ''} Body: None Response - Headers: {'status': '200', u'content-length': '17', 'content-location': 'http://10.167.4.35:9696/v2.0/trunks/8ec7a8af-7a69-4fb0-a292-2d926cb7e90d/get_subports', u'date': 'Fri, 22 Mar 2019 06:52:18 GMT', u'content-type': 'application/json', u'connection': 'close', u'x-openstack-request-id': 'req-514fcc68-70c1-4f32-94f8-97034d37f90f'} Body: {"sub_ports": []} _log_request_full /root/.rally/verification/verifier-b9c2b8d1-aee5-404b-b671-dff6da265d35/repo/tempest/lib/common/rest_client.py:437
2019-03-22 06:52:18.405 13268 INFO tempest.lib.common.rest_client [req-40a60a92-d36a-4815-90ac-7616dd4fbc1a ] Request (TrunkTestJSON:test_create_show_delete_trunk): 204 DELETE http://10.167.4.35:9696/v2.0/trunks/af2515e2-8840-49f3-a35a-703e21d1efc8 0.281s
2019-03-22 06:52:18.405 13268 DEBUG tempest.lib.common.rest_client [req-40a60a92-d36a-4815-90ac-7616dd4fbc1a ] Request - Headers: {'Content-Type': 'application/json', 'Accept': 'application/json', 'X-Auth-Token': ''} Body: None Response - Headers: {'status': '204', u'content-length': '0', 'content-location': 'http://10.167.4.35:9696/v2.0/trunks/af2515e2-8840-49f3-a35a-703e21d1efc8', u'date': 'Fri, 22 Mar 2019 06:52:18 GMT', u'connection': 'close', u'x-openstack-request-id': 'req-40a60a92-d36a-4815-90ac-7616dd4fbc1a'} Body: _log_request_full /root/.rally/verification/verifier-b9c2b8d1-aee5-404b-b671-dff6da265d35/repo/tempest/lib/common/rest_client.py:437
2019-03-22 06:52:18.452 13271 INFO tempest.lib.common.rest_client [req-ece7b54f-ce5d-47c2-9381-4f64f2a23fae ] Request (TrunksSearchCriteriaTest:tearDownClass): 200 PUT http://10.167.4.35:9696/v2.0/trunks/8ec7a8af-7a69-4fb0-a292-2d926cb7e90d/remove_subports 0.054s
2019-03-22 06:52:18.453 13271 DEBUG tempest.lib.common.rest_client [req-ece7b54f-ce5d-47c2-9381-4f64f2a23fae ] Request - Headers: {'Content-Type': 'application/json', 'Accept': 'application/json', 'X-Auth-Token': ''} Body: {"sub_ports": []} Response - Headers: {'status': '200', u'content-length': '401', 'content-location': 'http://10.167.4.35:9696/v2.0/trunks/8ec7a8af-7a69-4fb0-a292-2d926cb7e90d/remove_subports', u'date': 'Fri, 22 Mar 2019 06:52:18 GMT', u'content-type': 'application/json', u'connection': 'close', u'x-openstack-request-id': 'req-ece7b54f-ce5d-47c2-9381-4f64f2a23fae'} Body: {"status": "DOWN", "sub_ports": [], "name": "test1", "admin_state_up": true, "tenant_id": "f3e8a0235fc84d7891a5276a4e726817", "created_at": "2019-03-22T06:52:15Z", "tags": [], "updated_at": "2019-03-22T06:52:18Z", "revision_number": 2, "project_id": "f3e8a0235fc84d7891a5276a4e726817", "port_id": "f4cc6425-e1fa-41d6-add9-3b225b85b61c", "id": "8ec7a8af-7a69-4fb0-a292-2d926cb7e90d", "description": ""} _log_request_full /root/.rally/verification/verifier-b9c2b8d1-aee5-404b-b671-dff6da265d35/repo/tempest/lib/common/rest_client.py:437
2019-03-22 06:52:18.458 13272 INFO tempest.lib.common.rest_client [req-0009f1d9-ade1-4686-844c-4e966771a853 ] Request (TrunkTestJSON:_run_cleanups): 204 DELETE http://10.167.4.35:9696/v2.0/trunks/c3c8b1ab-1b32-47a1-be7f-a58d1ecccf6b 0.124s
2019-03-22 06:52:18.459 13272 DEBUG tempest.lib.common.rest_client [req-0009f1d9-ade1-4686-844c-4e966771a853 ] Request - Headers: {'Content-Type': 'application/json', 'Accept': 'application/json', 'X-Auth-Token': ''} Body: None Response - Headers: {'status': '204', u'content-length': '0', 'content-location': 'http://10.167.4.35:9696/v2.0/trunks/c3c8b1ab-1b32-47a1-be7f-a58d1ecccf6b', u'date': 'Fri, 22 Mar 2019 06:52:18 GMT', u'connection': 'close', u'x-openstack-request-id': 'req-0009f1d9-ade1-4686-844c-4e966771a853'} Body: _log_request_full /root/.rally/verification/verifier-b9c2b8d1-aee5-404b-b671-dff6da265d35/repo/tempest/lib/common/rest_client.py:437
2019-03-22 06:52:18.473 13272 INFO tempest.lib.common.rest_client [req-ab07867d-6ed0-4eb7-b312-e3eafaa79089 ] Request (TrunkTestJSON:_run_cleanups): 404 GET http://10.167.4.35:9696/v2.0/trunks/c305d121-1ef3-47d7-9dad-3a4cd0b9de54 0.013s
2019-03-22 06:52:18.473 13272 DEBUG tempest.lib.common.rest_client [req-ab07867d-6ed0-4eb7-b312-e3eafaa79089 ] Request - Headers: {'Content-Type': 'application/json', 'Accept': 'application/json', 'X-Auth-Token': ''} Body: None Response - Headers: {'status': '404', u'content-length': '134', 'content-location': 'http://10.167.4.35:9696/v2.0/trunks/c305d121-1ef3-47d7-9dad-3a4cd0b9de54', u'date': 'Fri, 22 Mar 2019 06:52:18 GMT', u'content-type': 'application/json', u'connection': 'close', u'x-openstack-request-id': 'req-ab07867d-6ed0-4eb7-b312-e3eafaa79089'} Body: {"NeutronError": {"message": "Trunk c305d121-1ef3-47d7-9dad-3a4cd0b9de54 could not be found.", "type": "TrunkNotFound", "detail": ""}} _log_request_full /root/.rally/verification/verifier-b9c2b8d1-aee5-404b-b671-dff6da265d35/repo/tempest/lib/common/rest_client.py:437
2019-03-22 06:52:18.480 13268 INFO tempest.lib.common.rest_client [req-3e6d9f50-1f62-4377-8df0-8ff99a97a954 ] Request (TrunkTestJSON:test_create_show_delete_trunk): 404 GET http://10.167.4.35:9696/v2.0/trunks/af2515e2-8840-49f3-a35a-703e21d1efc8 0.074s
2019-03-22 06:52:18.481 13268 DEBUG tempest.lib.common.rest_client [req-3e6d9f50-1f62-4377-8df0-8ff99a97a954 ] Request - Headers: {'Content-Type': 'application/json', 'Accept': 'application/json', 'X-Auth-Token': ''} Body: None Response - Headers: {'status': '404', u'content-length': '134', 'content-location': 'http://10.167.4.35:9696/v2.0/trunks/af2515e2-8840-49f3-a35a-703e21d1efc8', u'date': 'Fri, 22 Mar 2019 06:52:18 GMT', u'content-type': 'application/json', u'connection': 'close', u'x-openstack-request-id': 'req-3e6d9f50-1f62-4377-8df0-8ff99a97a954'} Body: {"NeutronError": {"message": "Trunk af2515e2-8840-49f3-a35a-703e21d1efc8 could not be found.", "type": "TrunkNotFound", "detail": ""}} _log_request_full /root/.rally/verification/verifier-b9c2b8d1-aee5-404b-b671-dff6da265d35/repo/tempest/lib/common/rest_client.py:437
2019-03-22 06:52:18.496 13272 INFO tempest.lib.common.rest_client [req-29c24d19-96cd-4122-8b38-5660f8c8ddaa ] Request (TrunkTestJSON:_run_cleanups): 404 GET http://10.167.4.35:9696/v2.0/trunks/c3c8b1ab-1b32-47a1-be7f-a58d1ecccf6b 0.022s
2019-03-22 06:52:18.497 13272 DEBUG tempest.lib.common.rest_client [req-29c24d19-96cd-4122-8b38-5660f8c8ddaa ] Request - Headers: {'Content-Type': 'application/json', 'Accept': 'application/json', 'X-Auth-Token': ''} Body: None Response - Headers: {'status': '404', u'content-length': '134', 'content-location': 'http://10.167.4.35:9696/v2.0/trunks/c3c8b1ab-1b32-47a1-be7f-a58d1ecccf6b', u'date': 'Fri, 22 Mar 2019 06:52:18 GMT', u'content-type': 'application/json', u'connection': 'close', u'x-openstack-request-id': 'req-29c24d19-96cd-4122-8b38-5660f8c8ddaa'} Body: {"NeutronError": {"message": "Trunk c3c8b1ab-1b32-47a1-be7f-a58d1ecccf6b could not be found.", "type": "TrunkNotFound", "detail": ""}} _log_request_full /root/.rally/verification/verifier-b9c2b8d1-aee5-404b-b671-dff6da265d35/repo/tempest/lib/common/rest_client.py:437
2019-03-22 06:52:18.497 13268 INFO tempest.lib.common.rest_client [req-4f550f8a-4d56-4cbb-a3c9-e32c9f060897 ] Request (TrunkTestJSON:_run_cleanups): 404 GET http://10.167.4.35:9696/v2.0/trunks/3127db85-9b18-428b-867f-81f4d00e7aa3/get_subports 0.015s
2019-03-22 06:52:18.498 13268 DEBUG tempest.lib.common.rest_client [req-4f550f8a-4d56-4cbb-a3c9-e32c9f060897 ] Request - Headers: {'Content-Type': 'application/json', 'Accept': 'application/json', 'X-Auth-Token': ''} Body: None Response - Headers: {'status': '404', u'content-length': '134', 'content-location': 'http://10.167.4.35:9696/v2.0/trunks/3127db85-9b18-428b-867f-81f4d00e7aa3/get_subports', u'date': 'Fri, 22 Mar 2019 06:52:18 GMT', u'content-type': 'application/json', u'connection': 'close', u'x-openstack-request-id': 'req-4f550f8a-4d56-4cbb-a3c9-e32c9f060897'} Body: {"NeutronError": {"message": "Trunk 3127db85-9b18-428b-867f-81f4d00e7aa3 could not be found.", "type": "TrunkNotFound", "detail": ""}} _log_request_full /root/.rally/verification/verifier-b9c2b8d1-aee5-404b-b671-dff6da265d35/repo/tempest/lib/common/rest_client.py:437
2019-03-22 06:52:18.520 13268 INFO tempest.lib.common.rest_client [req-6e460ae6-dcd9-4518-8bd9-b5bbaa2d4b4c ] Request (TrunkTestJSON:_run_cleanups): 404 DELETE http://10.167.4.35:9696/v2.0/trunks/3127db85-9b18-428b-867f-81f4d00e7aa3 0.021s
2019-03-22 06:52:18.520 13268 DEBUG tempest.lib.common.rest_client [req-6e460ae6-dcd9-4518-8bd9-b5bbaa2d4b4c ] Request - Headers: {'Content-Type': 'application/json', 'Accept': 'application/json', 'X-Auth-Token': ''} Body: None Response - Headers: {'status': '404', u'content-length': '134', 'content-location': 'http://10.167.4.35:9696/v2.0/trunks/3127db85-9b18-428b-867f-81f4d00e7aa3', u'date': 'Fri, 22 Mar 2019 06:52:18 GMT', u'content-type': 'application/json', u'connection': 'close', u'x-openstack-request-id': 'req-6e460ae6-dcd9-4518-8bd9-b5bbaa2d4b4c'} Body: {"NeutronError": {"message": "Trunk 3127db85-9b18-428b-867f-81f4d00e7aa3 could not be found.", "type": "TrunkNotFound", "detail": ""}} _log_request_full /root/.rally/verification/verifier-b9c2b8d1-aee5-404b-b671-dff6da265d35/repo/tempest/lib/common/rest_client.py:437
2019-03-22 06:52:18.528 13272 INFO tempest.lib.common.rest_client [req-1d454445-eece-4b2f-b7c4-9267747ae9f8 ] Request (TrunkTestJSON:_run_cleanups): 404 DELETE http://10.167.4.35:9696/v2.0/ports/54acf7cf-0d7e-4b23-9f7d-ac6ee62524c7 0.030s
2019-03-22 06:52:18.529 13272 DEBUG tempest.lib.common.rest_client [req-1d454445-eece-4b2f-b7c4-9267747ae9f8 ] Request - Headers: {'Content-Type': 'application/json', 'Accept': 'application/json', 'X-Auth-Token': ''} Body: None Response - Headers: {'status': '404', u'content-length': '132', 'content-location': 'http://10.167.4.35:9696/v2.0/ports/54acf7cf-0d7e-4b23-9f7d-ac6ee62524c7', u'date': 'Fri, 22 Mar 2019 06:52:18 GMT', u'content-type': 'application/json', u'connection': 'close', u'x-openstack-request-id': 'req-1d454445-eece-4b2f-b7c4-9267747ae9f8'} Body: {"NeutronError": {"message": "Port 54acf7cf-0d7e-4b23-9f7d-ac6ee62524c7 could not be found.", "type": "PortNotFound", "detail": ""}} _log_request_full /root/.rally/verification/verifier-b9c2b8d1-aee5-404b-b671-dff6da265d35/repo/tempest/lib/common/rest_client.py:437
2019-03-22 06:52:18.572 13272 INFO tempest.lib.common.rest_client [req-ff800cf7-fbc8-4728-bcd9-3a9850bc5958 ] Request (TrunkTestJSON:_run_cleanups): 404 DELETE http://10.167.4.35:9696/v2.0/ports/e62ac827-2353-4e08-9611-7529b660f34c 0.042s
2019-03-22 06:52:18.572 13272 DEBUG tempest.lib.common.rest_client [req-ff800cf7-fbc8-4728-bcd9-3a9850bc5958 ] Request - Headers: {'Content-Type': 'application/json', 'Accept': 'application/json', 'X-Auth-Token': ''} Body: None Response - Headers: {'status': '404', u'content-length': '132', 'content-location': 'http://10.167.4.35:9696/v2.0/ports/e62ac827-2353-4e08-9611-7529b660f34c', u'date': 'Fri, 22 Mar 2019 06:52:18 GMT', u'content-type': 'application/json', u'connection': 'close', u'x-openstack-request-id': 'req-ff800cf7-fbc8-4728-bcd9-3a9850bc5958'} Body: {"NeutronError": {"message": "Port e62ac827-2353-4e08-9611-7529b660f34c could not be found.", "type": "PortNotFound", "detail": ""}} _log_request_full /root/.rally/verification/verifier-b9c2b8d1-aee5-404b-b671-dff6da265d35/repo/tempest/lib/common/rest_client.py:437
2019-03-22 06:52:18.578 13271 INFO tempest.lib.common.rest_client [req-1df22258-51a6-4ebc-b8e6-22a6324e5844 ] Request (TrunksSearchCriteriaTest:tearDownClass): 204 DELETE http://10.167.4.35:9696/v2.0/trunks/8ec7a8af-7a69-4fb0-a292-2d926cb7e90d 0.124s
2019-03-22 06:52:18.579 13271 DEBUG tempest.lib.common.rest_client [req-1df22258-51a6-4ebc-b8e6-22a6324e5844 ] Request - Headers: {'Content-Type': 'application/json', 'Accept': 'application/json', 'X-Auth-Token': ''} Body: None Response - Headers: {'status': '204', u'content-length': '0', 'content-location': 'http://10.167.4.35:9696/v2.0/trunks/8ec7a8af-7a69-4fb0-a292-2d926cb7e90d', u'date': 'Fri, 22 Mar 2019 06:52:18 GMT', u'connection': 'close', u'x-openstack-request-id': 'req-1df22258-51a6-4ebc-b8e6-22a6324e5844'} Body: _log_request_full /root/.rally/verification/verifier-b9c2b8d1-aee5-404b-b671-dff6da265d35/repo/tempest/lib/common/rest_client.py:437
2019-03-22 06:52:18.591 13268 INFO tempest.lib.common.rest_client [req-a5fb7f4b-ba1d-46eb-adf8-86d192c95d3d ] Request (TrunkTestJSON:_run_cleanups): 404 GET http://10.167.4.35:9696/v2.0/trunks/af2515e2-8840-49f3-a35a-703e21d1efc8/get_subports 0.070s
2019-03-22 06:52:18.592 13268 DEBUG tempest.lib.common.rest_client [req-a5fb7f4b-ba1d-46eb-adf8-86d192c95d3d ] Request - Headers: {'Content-Type': 'application/json', 'Accept': 'application/json', 'X-Auth-Token': ''} Body: None Response - Headers: {'status': '404', u'content-length': '134', 'content-location': 'http://10.167.4.35:9696/v2.0/trunks/af2515e2-8840-49f3-a35a-703e21d1efc8/get_subports', u'date': 'Fri, 22 Mar 2019 06:52:18 GMT', u'content-type': 'application/json', u'connection': 'close', u'x-openstack-request-id': 'req-a5fb7f4b-ba1d-46eb-adf8-86d192c95d3d'} Body: {"NeutronError": {"message": "Trunk af2515e2-8840-49f3-a35a-703e21d1efc8 could not be found.", "type": "TrunkNotFound", "detail": ""}} _log_request_full /root/.rally/verification/verifier-b9c2b8d1-aee5-404b-b671-dff6da265d35/repo/tempest/lib/common/rest_client.py:437
2019-03-22 06:52:18.610 13272 INFO tempest.lib.common.rest_client [req-86b6018c-b7ea-4f66-8f61-53dd2482bf0a ] Request (TrunkTestJSON:_run_cleanups): 404 DELETE http://10.167.4.35:9696/v2.0/ports/0ed59a24-d712-4904-ab79-cb37da046aba 0.037s
2019-03-22 06:52:18.611 13272 DEBUG tempest.lib.common.rest_client [req-86b6018c-b7ea-4f66-8f61-53dd2482bf0a ] Request - Headers: {'Content-Type': 'application/json', 'Accept': 'application/json', 'X-Auth-Token': ''} Body: None Response - Headers: {'status': '404', u'content-length': '132', 'content-location': 'http://10.167.4.35:9696/v2.0/ports/0ed59a24-d712-4904-ab79-cb37da046aba', u'date': 'Fri, 22 Mar 2019 06:52:18 GMT', u'content-type': 'application/json', u'connection': 'close', u'x-openstack-request-id': 'req-86b6018c-b7ea-4f66-8f61-53dd2482bf0a'} Body: {"NeutronError": {"message": "Port 0ed59a24-d712-4904-ab79-cb37da046aba could not be found.", "type": "PortNotFound", "detail": ""}} _log_request_full /root/.rally/verification/verifier-b9c2b8d1-aee5-404b-b671-dff6da265d35/repo/tempest/lib/common/rest_client.py:437
2019-03-22 06:52:18.618 13268 INFO tempest.lib.common.rest_client [req-03747af0-2522-4e1d-9b1e-850f988c6558 ] Request (TrunkTestJSON:_run_cleanups): 404 DELETE http://10.167.4.35:9696/v2.0/trunks/af2515e2-8840-49f3-a35a-703e21d1efc8 0.025s
2019-03-22 06:52:18.618 13268 DEBUG tempest.lib.common.rest_client [req-03747af0-2522-4e1d-9b1e-850f988c6558 ] Request - Headers: {'Content-Type': 'application/json', 'Accept': 'application/json', 'X-Auth-Token': ''} Body: None Response - Headers: {'status': '404', u'content-length': '134', 'content-location': 'http://10.167.4.35:9696/v2.0/trunks/af2515e2-8840-49f3-a35a-703e21d1efc8', u'date': 'Fri, 22 Mar 2019 06:52:18 GMT', u'content-type': 'application/json', u'connection': 'close', u'x-openstack-request-id': 'req-03747af0-2522-4e1d-9b1e-850f988c6558'} Body: {"NeutronError": {"message": "Trunk af2515e2-8840-49f3-a35a-703e21d1efc8 could not be found.", "type": "TrunkNotFound", "detail": ""}} _log_request_full /root/.rally/verification/verifier-b9c2b8d1-aee5-404b-b671-dff6da265d35/repo/tempest/lib/common/rest_client.py:437
2019-03-22 06:52:18.632 13271 INFO tempest.lib.common.rest_client [req-eeb720df-da94-4407-8d48-1e698338cc7e ] Request (TrunksSearchCriteriaTest:tearDownClass): 404 GET http://10.167.4.35:9696/v2.0/trunks/4d37e42d-ad29-4cbb-a4a0-4c3c7d72b7eb 0.052s
2019-03-22 06:52:18.632 13271 DEBUG tempest.lib.common.rest_client [req-eeb720df-da94-4407-8d48-1e698338cc7e ] Request - Headers: {'Content-Type': 'application/json', 'Accept': 'application/json', 'X-Auth-Token': ''} Body: None Response - Headers: {'status': '404', u'content-length': '134', 'content-location': 'http://10.167.4.35:9696/v2.0/trunks/4d37e42d-ad29-4cbb-a4a0-4c3c7d72b7eb', u'date': 'Fri, 22 Mar 2019 06:52:18 GMT', u'content-type': 'application/json', u'connection': 'close', u'x-openstack-request-id': 'req-eeb720df-da94-4407-8d48-1e698338cc7e'} Body: {"NeutronError": {"message": "Trunk 4d37e42d-ad29-4cbb-a4a0-4c3c7d72b7eb could not be found.", "type": "TrunkNotFound", "detail": ""}} _log_request_full /root/.rally/verification/verifier-b9c2b8d1-aee5-404b-b671-dff6da265d35/repo/tempest/lib/common/rest_client.py:437
2019-03-22 06:52:18.639 13268 INFO tempest.lib.common.rest_client [req-aceef335-fc51-49b7-a99d-63e4d7ea4f8c ] Request (TrunkTestJSON:_run_cleanups): 404 GET http://10.167.4.35:9696/v2.0/trunks/3127db85-9b18-428b-867f-81f4d00e7aa3 0.020s
2019-03-22 06:52:18.640 13268 DEBUG tempest.lib.common.rest_client [req-aceef335-fc51-49b7-a99d-63e4d7ea4f8c ] Request - Headers: {'Content-Type': 'application/json', 'Accept': 'application/json', 'X-Auth-Token': ''} Body: None Response - Headers: {'status': '404', u'content-length': '134', 'content-location': 'http://10.167.4.35:9696/v2.0/trunks/3127db85-9b18-428b-867f-81f4d00e7aa3', u'date': 'Fri, 22 Mar 2019 06:52:18 GMT', u'content-type': 'application/json', u'connection': 'close', u'x-openstack-request-id': 'req-aceef335-fc51-49b7-a99d-63e4d7ea4f8c'} Body: {"NeutronError": {"message": "Trunk 3127db85-9b18-428b-867f-81f4d00e7aa3 could not be found.", "type": "TrunkNotFound", "detail": ""}} _log_request_full /root/.rally/verification/verifier-b9c2b8d1-aee5-404b-b671-dff6da265d35/repo/tempest/lib/common/rest_client.py:437
2019-03-22 06:52:18.647 13271 INFO tempest.lib.common.rest_client [req-20294cab-a746-4892-8120-fbb98a903710 ] Request (TrunksSearchCriteriaTest:tearDownClass): 404 GET http://10.167.4.35:9696/v2.0/trunks/6eea943b-7cee-4b5a-91fd-4d2ad79ef182 0.013s
2019-03-22 06:52:18.647 13271 DEBUG tempest.lib.common.rest_client [req-20294cab-a746-4892-8120-fbb98a903710 ] Request - Headers: {'Content-Type': 'application/json', 'Accept': 'application/json', 'X-Auth-Token': ''} Body: None Response - Headers: {'status': '404', u'content-length': '134', 'content-location': 'http://10.167.4.35:9696/v2.0/trunks/6eea943b-7cee-4b5a-91fd-4d2ad79ef182', u'date': 'Fri, 22 Mar 2019 06:52:18 GMT', u'content-type': 'application/json', u'connection': 'close', u'x-openstack-request-id': 'req-20294cab-a746-4892-8120-fbb98a903710'} Body: {"NeutronError": {"message": "Trunk 6eea943b-7cee-4b5a-91fd-4d2ad79ef182 could not be found.", "type": "TrunkNotFound", "detail": ""}} _log_request_full /root/.rally/verification/verifier-b9c2b8d1-aee5-404b-b671-dff6da265d35/repo/tempest/lib/common/rest_client.py:437
2019-03-22 06:52:18.659 13268 INFO tempest.lib.common.rest_client [req-170bf417-3025-4589-8105-57f9b655d162 ] Request (TrunkTestJSON:_run_cleanups): 404 GET http://10.167.4.35:9696/v2.0/trunks/af2515e2-8840-49f3-a35a-703e21d1efc8 0.018s
2019-03-22 06:52:18.660 13268 DEBUG tempest.lib.common.rest_client [req-170bf417-3025-4589-8105-57f9b655d162 ] Request - Headers: {'Content-Type': 'application/json', 'Accept': 'application/json', 'X-Auth-Token': ''} Body: None Response - Headers: {'status': '404', u'content-length': '134', 'content-location': 'http://10.167.4.35:9696/v2.0/trunks/af2515e2-8840-49f3-a35a-703e21d1efc8', u'date': 'Fri, 22 Mar 2019 06:52:18 GMT', u'content-type': 'application/json', u'connection': 'close', u'x-openstack-request-id': 'req-170bf417-3025-4589-8105-57f9b655d162'} Body: {"NeutronError": {"message": "Trunk af2515e2-8840-49f3-a35a-703e21d1efc8 could not be found.", "type": "TrunkNotFound", "detail": ""}} _log_request_full /root/.rally/verification/verifier-b9c2b8d1-aee5-404b-b671-dff6da265d35/repo/tempest/lib/common/rest_client.py:437
2019-03-22 06:52:18.672 13271 INFO tempest.lib.common.rest_client [req-60afe12e-7161-4ea9-a88e-3e6264a67d6a ] Request (TrunksSearchCriteriaTest:tearDownClass): 404 GET http://10.167.4.35:9696/v2.0/trunks/aa7698ea-165a-48f4-b1dd-ed43adccf384 0.024s
2019-03-22 06:52:18.672 13271 DEBUG tempest.lib.common.rest_client [req-60afe12e-7161-4ea9-a88e-3e6264a67d6a ] Request - Headers: {'Content-Type': 'application/json', 'Accept': 'application/json', 'X-Auth-Token': ''} Body: None Response - Headers: {'status': '404', u'content-length': '134', 'content-location': 'http://10.167.4.35:9696/v2.0/trunks/aa7698ea-165a-48f4-b1dd-ed43adccf384', u'date': 'Fri, 22 Mar 2019 06:52:18 GMT', u'content-type': 'application/json', u'connection': 'close', u'x-openstack-request-id': 'req-60afe12e-7161-4ea9-a88e-3e6264a67d6a'} Body: {"NeutronError": {"message": "Trunk aa7698ea-165a-48f4-b1dd-ed43adccf384 could not be found.", "type": "TrunkNotFound", "detail": ""}} _log_request_full /root/.rally/verification/verifier-b9c2b8d1-aee5-404b-b671-dff6da265d35/repo/tempest/lib/common/rest_client.py:437
2019-03-22 06:52:18.691 13268 INFO tempest.lib.common.rest_client [req-8ba7e185-5433-4169-9933-cfd980df9680 ] Request (TrunkTestJSON:_run_cleanups): 404 DELETE http://10.167.4.35:9696/v2.0/ports/99a0e888-91ea-48c4-871f-a3d1ff74dc15 0.030s
2019-03-22 06:52:18.691 13268 DEBUG tempest.lib.common.rest_client [req-8ba7e185-5433-4169-9933-cfd980df9680 ] Request - Headers: {'Content-Type': 'application/json', 'Accept': 'application/json', 'X-Auth-Token': ''} Body: None Response - Headers: {'status': '404', u'content-length': '132', 'content-location': 'http://10.167.4.35:9696/v2.0/ports/99a0e888-91ea-48c4-871f-a3d1ff74dc15', u'date': 'Fri, 22 Mar 2019 06:52:18 GMT', u'content-type': 'application/json', u'connection': 'close', u'x-openstack-request-id': 'req-8ba7e185-5433-4169-9933-cfd980df9680'} Body: {"NeutronError": {"message": "Port 99a0e888-91ea-48c4-871f-a3d1ff74dc15 could not be found.", "type": "PortNotFound", "detail": ""}} _log_request_full /root/.rally/verification/verifier-b9c2b8d1-aee5-404b-b671-dff6da265d35/repo/tempest/lib/common/rest_client.py:437
2019-03-22 06:52:18.693 13271 INFO tempest.lib.common.rest_client [req-3d906d58-2cc7-4b27-a4b6-e9bdad7b38f9 ] Request (TrunksSearchCriteriaTest:tearDownClass): 404 GET http://10.167.4.35:9696/v2.0/trunks/89dd8b49-6b24-4c86-987c-a0fa4497adac 0.020s
2019-03-22 06:52:18.694 13271 DEBUG tempest.lib.common.rest_client [req-3d906d58-2cc7-4b27-a4b6-e9bdad7b38f9 ] Request - Headers: {'Content-Type': 'application/json', 'Accept': 'application/json', 'X-Auth-Token': ''} Body: None Response - Headers: {'status': '404', u'content-length': '134', 'content-location': 'http://10.167.4.35:9696/v2.0/trunks/89dd8b49-6b24-4c86-987c-a0fa4497adac', u'date': 'Fri, 22 Mar 2019 06:52:18 GMT', u'content-type': 'application/json', u'connection': 'close', u'x-openstack-request-id': 'req-3d906d58-2cc7-4b27-a4b6-e9bdad7b38f9'} Body: {"NeutronError": {"message": "Trunk 89dd8b49-6b24-4c86-987c-a0fa4497adac could not be found.", "type": "TrunkNotFound", "detail": ""}} _log_request_full /root/.rally/verification/verifier-b9c2b8d1-aee5-404b-b671-dff6da265d35/repo/tempest/lib/common/rest_client.py:437
2019-03-22 06:52:18.709 13271 INFO tempest.lib.common.rest_client [req-052d2d44-46a1-4fad-81ec-9186606fbb68 ] Request (TrunksSearchCriteriaTest:tearDownClass): 404 GET http://10.167.4.35:9696/v2.0/trunks/8ec7a8af-7a69-4fb0-a292-2d926cb7e90d 0.014s
2019-03-22 06:52:18.710 13271 DEBUG tempest.lib.common.rest_client [req-052d2d44-46a1-4fad-81ec-9186606fbb68 ] Request - Headers: {'Content-Type': 'application/json', 'Accept': 'application/json', 'X-Auth-Token': ''} Body: None Response - Headers: {'status': '404', u'content-length': '134', 'content-location': 'http://10.167.4.35:9696/v2.0/trunks/8ec7a8af-7a69-4fb0-a292-2d926cb7e90d', u'date': 'Fri, 22 Mar 2019 06:52:18 GMT', u'content-type': 'application/json', u'connection': 'close', u'x-openstack-request-id': 'req-052d2d44-46a1-4fad-81ec-9186606fbb68'} Body: {"NeutronError": {"message": "Trunk 8ec7a8af-7a69-4fb0-a292-2d926cb7e90d could not be found.", "type": "TrunkNotFound", "detail": ""}} _log_request_full /root/.rally/verification/verifier-b9c2b8d1-aee5-404b-b671-dff6da265d35/repo/tempest/lib/common/rest_client.py:437
2019-03-22 06:52:18.736 13268 INFO tempest.lib.common.rest_client [req-8fe6fb0e-deaf-475d-a7da-a054e3e323b9 ] Request (TrunkTestJSON:_run_cleanups): 404 DELETE http://10.167.4.35:9696/v2.0/ports/f59c9745-b8fe-4035-964c-2b13d31938c8 0.044s
2019-03-22 06:52:18.737 13268 DEBUG tempest.lib.common.rest_client [req-8fe6fb0e-deaf-475d-a7da-a054e3e323b9 ] Request - Headers: {'Content-Type': 'application/json', 'Accept': 'application/json', 'X-Auth-Token': ''} Body: None Response - Headers: {'status': '404', u'content-length': '132', 'content-location': 'http://10.167.4.35:9696/v2.0/ports/f59c9745-b8fe-4035-964c-2b13d31938c8', u'date': 'Fri, 22 Mar 2019 06:52:18 GMT', u'content-type': 'application/json', u'connection': 'close', u'x-openstack-request-id': 'req-8fe6fb0e-deaf-475d-a7da-a054e3e323b9'} Body: {"NeutronError": {"message": "Port f59c9745-b8fe-4035-964c-2b13d31938c8 could not be found.", "type": "PortNotFound", "detail": ""}} _log_request_full /root/.rally/verification/verifier-b9c2b8d1-aee5-404b-b671-dff6da265d35/repo/tempest/lib/common/rest_client.py:437
2019-03-22 06:52:18.852 13270 INFO tempest.lib.common.rest_client [req-77abb329-8f48-45d2-8a82-01c271ad1261 ] Request (TestTrunkDetailsJSON:test_port_resource_trunk_details_with_subport): 201 POST http://10.167.4.35:9696/v2.0/ports 0.829s
2019-03-22 06:52:18.852 13270 DEBUG tempest.lib.common.rest_client [req-77abb329-8f48-45d2-8a82-01c271ad1261 ] Request - Headers: {'Content-Type': 'application/json', 'Accept': 'application/json', 'X-Auth-Token': ''} Body: {"port": {"network_id": "e5341496-e2d4-4ce6-88e2-7d0d7c50b5be"}} Response - Headers: {'status': '201', u'content-length': '615', 'content-location': 'http://10.167.4.35:9696/v2.0/ports', u'date': 'Fri, 22 Mar 2019 06:52:18 GMT', u'content-type': 'application/json', u'connection': 'close', u'x-openstack-request-id': 'req-77abb329-8f48-45d2-8a82-01c271ad1261'} Body: {"port":{"status":"DOWN","created_at":"2019-03-22T06:52:18Z","description":"","allowed_address_pairs":[],"tags":[],"network_id":"e5341496-e2d4-4ce6-88e2-7d0d7c50b5be","tenant_id":"e83d57812b924f318870e817d68deec3","extra_dhcp_opts":[],"admin_state_up":true,"updated_at":"2019-03-22T06:52:18Z","name":"","device_owner":"","revision_number":1,"mac_address":"fa:16:3e:c1:6c:84","binding:vnic_type":"normal","port_security_enabled":true,"project_id":"e83d57812b924f318870e817d68deec3","fixed_ips":[],"id":"965a7d4a-8981-4b3f-ac6c-6568460188df","security_groups":["98203513-a55a-4cfe-8465-1269f209c03e"],"device_id":""}} _log_request_full /root/.rally/verification/verifier-b9c2b8d1-aee5-404b-b671-dff6da265d35/repo/tempest/lib/common/rest_client.py:437
2019-03-22 06:52:18.994 13269 INFO tempest.lib.common.rest_client [req-216b5966-5aa4-429a-a385-b129043c4053 ] Request (TrunkTest:test_trunk_subport_lifecycle): 202 POST http://10.167.4.35:8774/v2.1/servers 1.475s
2019-03-22 06:52:18.995 13269 DEBUG tempest.lib.common.rest_client [req-216b5966-5aa4-429a-a385-b129043c4053 ] Request - Headers: {'Content-Type': 'application/json', 'Accept': 'application/json', 'X-Auth-Token': ''} Body: {"server": {"name": "tempest-server-test-1509179441", "imageRef": "c8cbb200-ed86-43da-bae6-10c20250da1b", "key_name": "tempest-keypair-test-400993627", "flavorRef": "23db4c76-0a6c-48df-a08d-6d3c8b9c5e55", "networks": [{"port": "f5f6c90c-f7e8-47f3-ad02-fbad8071c653"}], "security_groups": [{"name": "tempest-secgroup-1353794553"}]}} Response - Headers: {'status': '202', u'content-length': '394', 'content-location': 'http://10.167.4.35:8774/v2.1/servers', u'x-compute-request-id': 'req-216b5966-5aa4-429a-a385-b129043c4053', u'vary': 'X-OpenStack-Nova-API-Version', u'openstack-api-version': 'compute 2.1', u'connection': 'close', u'location': 'http://10.167.4.35:8774/v2.1/servers/3ed4b2d5-e665-4b34-a728-bbe5061d4dd2', u'x-openstack-nova-api-version': '2.1', u'date': 'Fri, 22 Mar 2019 06:52:18 GMT', u'content-type': 'application/json', u'x-openstack-request-id': 'req-216b5966-5aa4-429a-a385-b129043c4053'} Body: {"server": {"security_groups": [{"name": "tempest-secgroup-1353794553"}], "OS-DCF:diskConfig": "MANUAL", "id": "3ed4b2d5-e665-4b34-a728-bbe5061d4dd2", "links": [{"href": "http://10.167.4.35:8774/v2.1/servers/3ed4b2d5-e665-4b34-a728-bbe5061d4dd2", "rel": "self"}, {"href": "http://10.167.4.35:8774/servers/3ed4b2d5-e665-4b34-a728-bbe5061d4dd2", "rel": "bookmark"}], "adminPass": "2gg6AWVmmcoW"}} _log_request_full /root/.rally/verification/verifier-b9c2b8d1-aee5-404b-b671-dff6da265d35/repo/tempest/lib/common/rest_client.py:437
2019-03-22 06:52:19.154 13271 INFO tempest.lib.common.rest_client [req-a14c09b6-5344-4e3f-be48-a2e289af2d6e ] Request (TrunksSearchCriteriaTest:tearDownClass): 204 DELETE http://10.167.4.35:9696/v2.0/ports/d665ab7a-7d96-4466-8267-46c9d61d34d0 0.443s
2019-03-22 06:52:19.154 13271 DEBUG tempest.lib.common.rest_client [req-a14c09b6-5344-4e3f-be48-a2e289af2d6e ] Request - Headers: {'Content-Type': 'application/json', 'Accept': 'application/json', 'X-Auth-Token': ''} Body: None Response - Headers: {'status': '204', u'content-length': '0', 'content-location': 'http://10.167.4.35:9696/v2.0/ports/d665ab7a-7d96-4466-8267-46c9d61d34d0', u'date': 'Fri, 22 Mar 2019 06:52:19 GMT', u'connection': 'close', u'x-openstack-request-id': 'req-a14c09b6-5344-4e3f-be48-a2e289af2d6e'} Body: _log_request_full /root/.rally/verification/verifier-b9c2b8d1-aee5-404b-b671-dff6da265d35/repo/tempest/lib/common/rest_client.py:437
2019-03-22 06:52:19.295 13270 INFO tempest.lib.common.rest_client [req-85ead055-299a-4f9c-b99c-a9f3093a3ea3 ] Request (TestTrunkDetailsJSON:test_port_resource_trunk_details_with_subport): 201 POST http://10.167.4.35:9696/v2.0/trunks 0.442s
2019-03-22 06:52:19.296 13270 DEBUG tempest.lib.common.rest_client [req-85ead055-299a-4f9c-b99c-a9f3093a3ea3 ] Request - Headers: {'Content-Type': 'application/json', 'Accept': 'application/json', 'X-Auth-Token': ''} Body: {"trunk": {"sub_ports": [{"segmentation_type": "vlan", "port_id": "4de1de7b-a848-4328-b335-832e31e580c9", "segmentation_id": 2}], "port_id": "965a7d4a-8981-4b3f-ac6c-6568460188df"}} Response - Headers: {'status': '201', u'content-length': '511', 'content-location': 'http://10.167.4.35:9696/v2.0/trunks', u'date': 'Fri, 22 Mar 2019 06:52:19 GMT', u'content-type': 'application/json', u'connection': 'close', u'x-openstack-request-id': 'req-85ead055-299a-4f9c-b99c-a9f3093a3ea3'} Body: {"trunk": {"status": "ACTIVE", "sub_ports": [{"segmentation_type": "vlan", "port_id": "4de1de7b-a848-4328-b335-832e31e580c9", "segmentation_id": 2}], "name": "", "admin_state_up": true, "tenant_id": "e83d57812b924f318870e817d68deec3", "created_at": "2019-03-22T06:52:19Z", "tags": [], "updated_at": "2019-03-22T06:52:19Z", "revision_number": 1, "project_id": "e83d57812b924f318870e817d68deec3", "port_id": "965a7d4a-8981-4b3f-ac6c-6568460188df", "id": "b595441e-4586-4f37-b957-711efcc4c95d", "description": ""}} _log_request_full /root/.rally/verification/verifier-b9c2b8d1-aee5-404b-b671-dff6da265d35/repo/tempest/lib/common/rest_client.py:437
2019-03-22 06:52:19.370 13272 INFO tempest.lib.common.rest_client [req-10f8ec68-a686-4e0d-8b0f-53e1d5f65dd0 ] Request (TrunkTestJSON:_run_cleanups): 204 DELETE http://10.167.4.35:9696/v2.0/ports/c39ee74a-9aea-4d74-bb14-37393a3a4293 0.758s
2019-03-22 06:52:19.370 13272 DEBUG tempest.lib.common.rest_client [req-10f8ec68-a686-4e0d-8b0f-53e1d5f65dd0 ] Request - Headers: {'Content-Type': 'application/json', 'Accept': 'application/json', 'X-Auth-Token': ''} Body: None Response - Headers: {'status': '204', u'content-length': '0', 'content-location': 'http://10.167.4.35:9696/v2.0/ports/c39ee74a-9aea-4d74-bb14-37393a3a4293', u'date': 'Fri, 22 Mar 2019 06:52:19 GMT', u'connection': 'close', u'x-openstack-request-id': 'req-10f8ec68-a686-4e0d-8b0f-53e1d5f65dd0'} Body: _log_request_full /root/.rally/verification/verifier-b9c2b8d1-aee5-404b-b671-dff6da265d35/repo/tempest/lib/common/rest_client.py:437
2019-03-22 06:52:19.410 13272 INFO tempest.lib.common.rest_client [req-29170b93-58cb-461f-89e4-5a2fd66624ac ] Request (TrunkTestJSON:_run_cleanups): 404 DELETE http://10.167.4.35:9696/v2.0/networks/8f321ea4-fe03-4327-8e4f-4308c731594f 0.039s
2019-03-22 06:52:19.411 13272 DEBUG tempest.lib.common.rest_client [req-29170b93-58cb-461f-89e4-5a2fd66624ac ] Request - Headers: {'Content-Type': 'application/json', 'Accept': 'application/json', 'X-Auth-Token': ''} Body: None Response - Headers: {'status': '404', u'content-length': '138', 'content-location': 'http://10.167.4.35:9696/v2.0/networks/8f321ea4-fe03-4327-8e4f-4308c731594f', u'date': 'Fri, 22 Mar 2019 06:52:19 GMT', u'content-type': 'application/json', u'connection': 'close', u'x-openstack-request-id': 'req-29170b93-58cb-461f-89e4-5a2fd66624ac'} Body: {"NeutronError": {"message": "Network 8f321ea4-fe03-4327-8e4f-4308c731594f could not be found.", "type": "NetworkNotFound", "detail": ""}} _log_request_full /root/.rally/verification/verifier-b9c2b8d1-aee5-404b-b671-dff6da265d35/repo/tempest/lib/common/rest_client.py:437
2019-03-22 06:52:19.434 13270 INFO tempest.lib.common.rest_client [req-10db1f31-2137-4753-9931-2144973d085d ] Request (TestTrunkDetailsJSON:test_port_resource_trunk_details_with_subport): 200 GET http://10.167.4.35:9696/v2.0/ports/965a7d4a-8981-4b3f-ac6c-6568460188df 0.137s
2019-03-22 06:52:19.435 13270 DEBUG tempest.lib.common.rest_client [req-10db1f31-2137-4753-9931-2144973d085d ] Request - Headers: {'Content-Type': 'application/json', 'Accept': 'application/json', 'X-Auth-Token': ''} Body: None Response - Headers: {'status': '200', u'content-length': '829', 'content-location': 'http://10.167.4.35:9696/v2.0/ports/965a7d4a-8981-4b3f-ac6c-6568460188df', u'date': 'Fri, 22 Mar 2019 06:52:19 GMT', u'content-type': 'application/json', u'connection': 'close', u'x-openstack-request-id': 'req-10db1f31-2137-4753-9931-2144973d085d'} Body: {"port":{"allowed_address_pairs":[],"extra_dhcp_opts":[],"updated_at":"2019-03-22T06:52:18Z","device_owner":"","revision_number":1,"port_security_enabled":true,"fixed_ips":[],"id":"965a7d4a-8981-4b3f-ac6c-6568460188df","security_groups":["98203513-a55a-4cfe-8465-1269f209c03e"],"mac_address":"fa:16:3e:c1:6c:84","project_id":"e83d57812b924f318870e817d68deec3","status":"DOWN","description":"","tags":[],"trunk_details":{"trunk_id":"b595441e-4586-4f37-b957-711efcc4c95d","sub_ports":[{"segmentation_id":2,"port_id":"4de1de7b-a848-4328-b335-832e31e580c9","segmentation_type":"vlan","mac_address":"fa:16:3e:06:b6:b8"}]},"device_id":"","name":"","admin_state_up":true,"network_id":"e5341496-e2d4-4ce6-88e2-7d0d7c50b5be","tenant_id":"e83d57812b924f318870e817d68deec3","created_at":"2019-03-22T06:52:18Z","binding:vnic_type":"normal"}} _log_request_full /root/.rally/verification/verifier-b9c2b8d1-aee5-404b-b671-dff6da265d35/repo/tempest/lib/common/rest_client.py:437
2019-03-22 06:52:19.435 13272 INFO tempest.lib.common.rest_client [req-b639c036-abdd-43cd-a7b7-ed08c0e0d67a ] Request (TrunkTestJSON:_run_cleanups): 404 DELETE http://10.167.4.35:9696/v2.0/networks/463be9f6-10e8-4b95-a887-0dbb6e357a55 0.023s
2019-03-22 06:52:19.435 13272 DEBUG tempest.lib.common.rest_client [req-b639c036-abdd-43cd-a7b7-ed08c0e0d67a ] Request - Headers: {'Content-Type': 'application/json', 'Accept': 'application/json', 'X-Auth-Token': ''} Body: None Response - Headers: {'status': '404', u'content-length': '138', 'content-location': 'http://10.167.4.35:9696/v2.0/networks/463be9f6-10e8-4b95-a887-0dbb6e357a55', u'date': 'Fri, 22 Mar 2019 06:52:19 GMT', u'content-type': 'application/json', u'connection': 'close', u'x-openstack-request-id': 'req-b639c036-abdd-43cd-a7b7-ed08c0e0d67a'} Body: {"NeutronError": {"message": "Network 463be9f6-10e8-4b95-a887-0dbb6e357a55 could not be found.", "type": "NetworkNotFound", "detail": ""}} _log_request_full /root/.rally/verification/verifier-b9c2b8d1-aee5-404b-b671-dff6da265d35/repo/tempest/lib/common/rest_client.py:437
2019-03-22 06:52:19.454 13268 INFO tempest.lib.common.rest_client [req-0113e0e7-3967-46ff-a26f-e323a0139c26 ] Request (TrunkTestJSON:_run_cleanups): 204 DELETE http://10.167.4.35:9696/v2.0/ports/b45a7e63-a749-460e-aa46-926057a8d681 0.716s
2019-03-22 06:52:19.454 13268 DEBUG tempest.lib.common.rest_client [req-0113e0e7-3967-46ff-a26f-e323a0139c26 ] Request - Headers: {'Content-Type': 'application/json', 'Accept': 'application/json', 'X-Auth-Token': ''} Body: None Response - Headers: {'status': '204', u'content-length': '0', 'content-location': 'http://10.167.4.35:9696/v2.0/ports/b45a7e63-a749-460e-aa46-926057a8d681', u'date': 'Fri, 22 Mar 2019 06:52:19 GMT', u'connection': 'close', u'x-openstack-request-id': 'req-0113e0e7-3967-46ff-a26f-e323a0139c26'} Body: _log_request_full /root/.rally/verification/verifier-b9c2b8d1-aee5-404b-b671-dff6da265d35/repo/tempest/lib/common/rest_client.py:437
2019-03-22 06:52:19.454 13270 INFO tempest.lib.common.rest_client [req-2d7ae4ed-0dc8-4195-9fe9-3f24d5b7f26b ] Request (TestTrunkDetailsJSON:_run_cleanups): 404 GET http://10.167.4.35:9696/v2.0/trunks/aa8df215-15bb-4af8-8886-64f26ee11d48/get_subports 0.018s
2019-03-22 06:52:19.455 13270 DEBUG tempest.lib.common.rest_client [req-2d7ae4ed-0dc8-4195-9fe9-3f24d5b7f26b ] Request - Headers: {'Content-Type': 'application/json', 'Accept': 'application/json', 'X-Auth-Token': ''} Body: None Response - Headers: {'status': '404', u'content-length': '134', 'content-location': 'http://10.167.4.35:9696/v2.0/trunks/aa8df215-15bb-4af8-8886-64f26ee11d48/get_subports', u'date': 'Fri, 22 Mar 2019 06:52:19 GMT', u'content-type': 'application/json', u'connection': 'close', u'x-openstack-request-id': 'req-2d7ae4ed-0dc8-4195-9fe9-3f24d5b7f26b'} Body: {"NeutronError": {"message": "Trunk aa8df215-15bb-4af8-8886-64f26ee11d48 could not be found.", "type": "TrunkNotFound", "detail": ""}} _log_request_full /root/.rally/verification/verifier-b9c2b8d1-aee5-404b-b671-dff6da265d35/repo/tempest/lib/common/rest_client.py:437
2019-03-22 06:52:19.479 13268 INFO tempest.lib.common.rest_client [req-f420c457-7a4b-4049-a5f0-6e75a5eae0ab ] Request (TrunkTestJSON:_run_cleanups): 404 DELETE http://10.167.4.35:9696/v2.0/networks/8a3da62e-83cd-4808-8b40-825adbc7a142 0.024s
2019-03-22 06:52:19.480 13268 DEBUG tempest.lib.common.rest_client [req-f420c457-7a4b-4049-a5f0-6e75a5eae0ab ] Request - Headers: {'Content-Type': 'application/json', 'Accept': 'application/json', 'X-Auth-Token': ''} Body: None Response - Headers: {'status': '404', u'content-length': '138', 'content-location': 'http://10.167.4.35:9696/v2.0/networks/8a3da62e-83cd-4808-8b40-825adbc7a142', u'date': 'Fri, 22 Mar 2019 06:52:19 GMT', u'content-type': 'application/json', u'connection': 'close', u'x-openstack-request-id': 'req-f420c457-7a4b-4049-a5f0-6e75a5eae0ab'} Body: {"NeutronError": {"message": "Network 8a3da62e-83cd-4808-8b40-825adbc7a142 could not be found.", "type": "NetworkNotFound", "detail": ""}} _log_request_full /root/.rally/verification/verifier-b9c2b8d1-aee5-404b-b671-dff6da265d35/repo/tempest/lib/common/rest_client.py:437
2019-03-22 06:52:19.504 13270 INFO tempest.lib.common.rest_client [req-ae7eb7c6-cf37-45cf-9127-232400520485 ] Request (TestTrunkDetailsJSON:_run_cleanups): 404 DELETE http://10.167.4.35:9696/v2.0/trunks/aa8df215-15bb-4af8-8886-64f26ee11d48 0.048s
2019-03-22 06:52:19.504 13270 DEBUG tempest.lib.common.rest_client [req-ae7eb7c6-cf37-45cf-9127-232400520485 ] Request - Headers: {'Content-Type': 'application/json', 'Accept': 'application/json', 'X-Auth-Token': ''} Body: None Response - Headers: {'status': '404', u'content-length': '134', 'content-location': 'http://10.167.4.35:9696/v2.0/trunks/aa8df215-15bb-4af8-8886-64f26ee11d48', u'date': 'Fri, 22 Mar 2019 06:52:19 GMT', u'content-type': 'application/json', u'connection': 'close', u'x-openstack-request-id': 'req-ae7eb7c6-cf37-45cf-9127-232400520485'} Body: {"NeutronError": {"message": "Trunk aa8df215-15bb-4af8-8886-64f26ee11d48 could not be found.", "type": "TrunkNotFound", "detail": ""}} _log_request_full /root/.rally/verification/verifier-b9c2b8d1-aee5-404b-b671-dff6da265d35/repo/tempest/lib/common/rest_client.py:437
2019-03-22 06:52:19.525 13268 INFO tempest.lib.common.rest_client [req-0604dd92-d5b6-4db3-962c-a86475848b8b ] Request (TrunkTestJSON:_run_cleanups): 404 DELETE http://10.167.4.35:9696/v2.0/networks/a5cb5228-579e-40a0-a8f0-f682a269ab4b 0.044s
2019-03-22 06:52:19.525 13268 DEBUG tempest.lib.common.rest_client [req-0604dd92-d5b6-4db3-962c-a86475848b8b ] Request - Headers: {'Content-Type': 'application/json', 'Accept': 'application/json', 'X-Auth-Token': ''} Body: None Response - Headers: {'status': '404', u'content-length': '138', 'content-location': 'http://10.167.4.35:9696/v2.0/networks/a5cb5228-579e-40a0-a8f0-f682a269ab4b', u'date': 'Fri, 22 Mar 2019 06:52:19 GMT', u'content-type': 'application/json', u'connection': 'close', u'x-openstack-request-id': 'req-0604dd92-d5b6-4db3-962c-a86475848b8b'} Body: {"NeutronError": {"message": "Network a5cb5228-579e-40a0-a8f0-f682a269ab4b could not be found.", "type": "NetworkNotFound", "detail": ""}} _log_request_full /root/.rally/verification/verifier-b9c2b8d1-aee5-404b-b671-dff6da265d35/repo/tempest/lib/common/rest_client.py:437
2019-03-22 06:52:19.588 13270 INFO tempest.lib.common.rest_client [req-22f4d2e5-964f-4820-8b79-e30e31ca5c1d ] Request (TestTrunkDetailsJSON:_run_cleanups): 200 GET http://10.167.4.35:9696/v2.0/trunks/b595441e-4586-4f37-b957-711efcc4c95d/get_subports 0.082s
2019-03-22 06:52:19.588 13270 DEBUG tempest.lib.common.rest_client [req-22f4d2e5-964f-4820-8b79-e30e31ca5c1d ] Request - Headers: {'Content-Type': 'application/json', 'Accept': 'application/json', 'X-Auth-Token': ''} Body: None Response - Headers: {'status': '200', u'content-length': '119', 'content-location': 'http://10.167.4.35:9696/v2.0/trunks/b595441e-4586-4f37-b957-711efcc4c95d/get_subports', u'date': 'Fri, 22 Mar 2019 06:52:19 GMT', u'content-type': 'application/json', u'connection': 'close', u'x-openstack-request-id': 'req-22f4d2e5-964f-4820-8b79-e30e31ca5c1d'} Body: {"sub_ports": [{"segmentation_type": "vlan", "port_id": "4de1de7b-a848-4328-b335-832e31e580c9", "segmentation_id": 2}]} _log_request_full /root/.rally/verification/verifier-b9c2b8d1-aee5-404b-b671-dff6da265d35/repo/tempest/lib/common/rest_client.py:437
2019-03-22 06:52:19.598 13271 INFO tempest.lib.common.rest_client [req-a32527ef-507d-4431-8e1c-07827627bd8e ] Request (TrunksSearchCriteriaTest:tearDownClass): 204 DELETE http://10.167.4.35:9696/v2.0/ports/0e5c8c22-f0e9-48af-95f3-a418a4040e28 0.443s
2019-03-22 06:52:19.598 13271 DEBUG tempest.lib.common.rest_client [req-a32527ef-507d-4431-8e1c-07827627bd8e ] Request - Headers: {'Content-Type': 'application/json', 'Accept': 'application/json', 'X-Auth-Token': ''} Body: None Response - Headers: {'status': '204', u'content-length': '0', 'content-location': 'http://10.167.4.35:9696/v2.0/ports/0e5c8c22-f0e9-48af-95f3-a418a4040e28', u'date': 'Fri, 22 Mar 2019 06:52:19 GMT', u'connection': 'close', u'x-openstack-request-id': 'req-a32527ef-507d-4431-8e1c-07827627bd8e'} Body: _log_request_full /root/.rally/verification/verifier-b9c2b8d1-aee5-404b-b671-dff6da265d35/repo/tempest/lib/common/rest_client.py:437
2019-03-22 06:52:19.946 13269 INFO tempest.lib.common.rest_client [req-20b66f47-fbd0-489f-9efc-cbceef0eafce ] Request (TrunkTest:test_trunk_subport_lifecycle): 201 POST http://10.167.4.35:9696/v2.0/ports 0.945s
2019-03-22 06:52:19.946 13269 DEBUG tempest.lib.common.rest_client [req-20b66f47-fbd0-489f-9efc-cbceef0eafce ] Request - Headers: {'Content-Type': 'application/json', 'Accept': 'application/json', 'X-Auth-Token': ''} Body: {"port": {"network_id": "9b3f22ac-6595-429b-a5d1-2ccc7cccb5a7", "security_groups": ["774252e3-f415-4a23-8efe-0dd755e63cd7"]}} Response - Headers: {'status': '201', u'content-length': '696', 'content-location': 'http://10.167.4.35:9696/v2.0/ports', u'date': 'Fri, 22 Mar 2019 06:52:19 GMT', u'content-type': 'application/json', u'connection': 'close', u'x-openstack-request-id': 'req-20b66f47-fbd0-489f-9efc-cbceef0eafce'} Body: {"port":{"status":"DOWN","created_at":"2019-03-22T06:52:19Z","description":"","allowed_address_pairs":[],"tags":[],"network_id":"9b3f22ac-6595-429b-a5d1-2ccc7cccb5a7","tenant_id":"218f2734aebc45288bca7e8270c9652c","extra_dhcp_opts":[],"admin_state_up":true,"updated_at":"2019-03-22T06:52:19Z","name":"","device_owner":"","revision_number":1,"mac_address":"fa:16:3e:a4:0e:e9","binding:vnic_type":"normal","port_security_enabled":true,"project_id":"218f2734aebc45288bca7e8270c9652c","fixed_ips":[{"subnet_id":"1cb1a161-001a-42d5-a698-b386d2ad0813","ip_address":"192.168.120.9"}],"id":"e2d6c650-cbf2-4d5d-ad17-94b2937d8a6d","security_groups":["774252e3-f415-4a23-8efe-0dd755e63cd7"],"device_id":""}} _log_request_full /root/.rally/verification/verifier-b9c2b8d1-aee5-404b-b671-dff6da265d35/repo/tempest/lib/common/rest_client.py:437
2019-03-22 06:52:20.056 13271 INFO tempest.lib.common.rest_client [req-9d9dca41-5439-445a-ae51-31d67cd14f01 ] Request (TrunksSearchCriteriaTest:tearDownClass): 204 DELETE http://10.167.4.35:9696/v2.0/ports/962c4fb9-87f0-48e9-8a15-9f50a5b68fc9 0.457s
2019-03-22 06:52:20.056 13271 DEBUG tempest.lib.common.rest_client [req-9d9dca41-5439-445a-ae51-31d67cd14f01 ] Request - Headers: {'Content-Type': 'application/json', 'Accept': 'application/json', 'X-Auth-Token': ''} Body: None Response - Headers: {'status': '204', u'content-length': '0', 'content-location': 'http://10.167.4.35:9696/v2.0/ports/962c4fb9-87f0-48e9-8a15-9f50a5b68fc9', u'date': 'Fri, 22 Mar 2019 06:52:20 GMT', u'connection': 'close', u'x-openstack-request-id': 'req-9d9dca41-5439-445a-ae51-31d67cd14f01'} Body: _log_request_full /root/.rally/verification/verifier-b9c2b8d1-aee5-404b-b671-dff6da265d35/repo/tempest/lib/common/rest_client.py:437
2019-03-22 06:52:20.108 13268 INFO tempest.lib.common.rest_client [req-d63922e8-acfc-469e-bcd0-0a3624bea98d ] Request (TrunkTestJSON:_run_cleanups): 204 DELETE http://10.167.4.35:9696/v2.0/networks/bf47068e-1f68-4f45-b138-8b046920ff78 0.582s
2019-03-22 06:52:20.109 13268 DEBUG tempest.lib.common.rest_client [req-d63922e8-acfc-469e-bcd0-0a3624bea98d ] Request - Headers: {'Content-Type': 'application/json', 'Accept': 'application/json', 'X-Auth-Token': ''} Body: None Response - Headers: {'status': '204', u'content-length': '0', 'content-location': 'http://10.167.4.35:9696/v2.0/networks/bf47068e-1f68-4f45-b138-8b046920ff78', u'date': 'Fri, 22 Mar 2019 06:52:20 GMT', u'connection': 'close', u'x-openstack-request-id': 'req-d63922e8-acfc-469e-bcd0-0a3624bea98d'} Body: _log_request_full /root/.rally/verification/verifier-b9c2b8d1-aee5-404b-b671-dff6da265d35/repo/tempest/lib/common/rest_client.py:437
2019-03-22 06:52:20.123 13270 INFO tempest.lib.common.rest_client [req-19cef7d6-27e4-45a5-b139-bac0751b8fa7 ] Request (TestTrunkDetailsJSON:_run_cleanups): 200 PUT http://10.167.4.35:9696/v2.0/trunks/b595441e-4586-4f37-b957-711efcc4c95d/remove_subports 0.533s
