2019-03-19 06:57:05.893 13337 DEBUG tempest.lib.common.rest_client [req-39ea95c8-4d80-4c80-a745-a91319dde59a ] Request - Headers: {'Content-Type': 'application/json', 'Accept': 'application/json', 'X-Auth-Token': ''} Body: None Response - Headers: {'status': '404', u'content-length': '134', 'content-location': 'http://10.167.4.35:9696/v2.0/trunks/5f58f6c3-cf15-4a2f-9890-25340c971e56', u'date': 'Tue, 19 Mar 2019 06:57:05 GMT', u'content-type': 'application/json', u'connection': 'close', u'x-openstack-request-id': 'req-39ea95c8-4d80-4c80-a745-a91319dde59a'} Body: {"NeutronError": {"message": "Trunk 5f58f6c3-cf15-4a2f-9890-25340c971e56 could not be found.", "type": "TrunkNotFound", "detail": ""}} _log_request_full /root/.rally/verification/verifier-291ac1a1-b8ef-4587-ab6f-19dff4d665e0/repo/tempest/lib/common/rest_client.py:437
2019-03-19 06:57:05.922 13337 INFO tempest.lib.common.rest_client [req-eaa57009-43f2-4fbd-af3e-437396e6bc82 ] Request (TrunkTestJSON:_run_cleanups): 200 GET http://10.167.4.35:9696/v2.0/trunks/1c020947-a6a6-4144-9dc7-d8aa05b882cd/get_subports 0.028s
2019-03-19 06:57:05.923 13337 DEBUG tempest.lib.common.rest_client [req-eaa57009-43f2-4fbd-af3e-437396e6bc82 ] Request - Headers: {'Content-Type': 'application/json', 'Accept': 'application/json', 'X-Auth-Token': ''} Body: None Response - Headers: {'status': '200', u'content-length': '17', 'content-location': 'http://10.167.4.35:9696/v2.0/trunks/1c020947-a6a6-4144-9dc7-d8aa05b882cd/get_subports', u'date': 'Tue, 19 Mar 2019 06:57:05 GMT', u'content-type': 'application/json', u'connection': 'close', u'x-openstack-request-id': 'req-eaa57009-43f2-4fbd-af3e-437396e6bc82'} Body: {"sub_ports": []} _log_request_full /root/.rally/verification/verifier-291ac1a1-b8ef-4587-ab6f-19dff4d665e0/repo/tempest/lib/common/rest_client.py:437
2019-03-19 06:57:05.948 13341 INFO tempest.lib.common.rest_client [req-35cb4b76-17db-44bb-9f3a-45f8eb1971e2 ] Request (TrunkTestJSON:_run_cleanups): 204 DELETE http://10.167.4.35:9696/v2.0/networks/ae52bf12-3e92-4c2c-aeda-46425a7a6ec0 0.596s
2019-03-19 06:57:05.948 13341 DEBUG tempest.lib.common.rest_client [req-35cb4b76-17db-44bb-9f3a-45f8eb1971e2 ] Request - Headers: {'Content-Type': 'application/json', 'Accept': 'application/json', 'X-Auth-Token': ''} Body: None Response - Headers: {'status': '204', u'content-length': '0', 'content-location': 'http://10.167.4.35:9696/v2.0/networks/ae52bf12-3e92-4c2c-aeda-46425a7a6ec0', u'date': 'Tue, 19 Mar 2019 06:57:05 GMT', u'connection': 'close', u'x-openstack-request-id': 'req-35cb4b76-17db-44bb-9f3a-45f8eb1971e2'} Body: _log_request_full /root/.rally/verification/verifier-291ac1a1-b8ef-4587-ab6f-19dff4d665e0/repo/tempest/lib/common/rest_client.py:437
2019-03-19 06:57:05.966 13337 INFO tempest.lib.common.rest_client [req-3827696c-92be-4b07-80b6-b0df4650c8aa ] Request (TrunkTestJSON:_run_cleanups): 200 PUT http://10.167.4.35:9696/v2.0/trunks/1c020947-a6a6-4144-9dc7-d8aa05b882cd/remove_subports 0.042s
2019-03-19 06:57:05.966 13337 DEBUG tempest.lib.common.rest_client [req-3827696c-92be-4b07-80b6-b0df4650c8aa ] Request - Headers: {'Content-Type': 'application/json', 'Accept': 'application/json', 'X-Auth-Token': ''} Body: {"sub_ports": []} Response - Headers: {'status': '200', u'content-length': '399', 'content-location': 'http://10.167.4.35:9696/v2.0/trunks/1c020947-a6a6-4144-9dc7-d8aa05b882cd/remove_subports', u'date': 'Tue, 19 Mar 2019 06:57:05 GMT', u'content-type': 'application/json', u'connection': 'close', u'x-openstack-request-id': 'req-3827696c-92be-4b07-80b6-b0df4650c8aa'} Body: {"status": "DOWN", "sub_ports": [], "name": "foo", "admin_state_up": true, "tenant_id": "b0780ac766974fe5bca569ca8b3744a9", "created_at": "2019-03-19T06:57:05Z", "tags": [], "updated_at": "2019-03-19T06:57:05Z", "revision_number": 8, "project_id": "b0780ac766974fe5bca569ca8b3744a9", "port_id": "7f6ff4e7-44b5-412a-8829-5fa1918ccfc9", "id": "1c020947-a6a6-4144-9dc7-d8aa05b882cd", "description": ""} _log_request_full /root/.rally/verification/verifier-291ac1a1-b8ef-4587-ab6f-19dff4d665e0/repo/tempest/lib/common/rest_client.py:437
2019-03-19 06:57:05.971 13341 INFO tempest.lib.common.rest_client [req-a7efc7b4-0d2a-4a32-a62f-473f75920b2e ] Request (TrunkTestJSON:_run_cleanups): 404 GET http://10.167.4.35:9696/v2.0/trunks/9e159f01-5ca9-41eb-9ea3-382b3e68a267/get_subports 0.017s
2019-03-19 06:57:05.971 13341 DEBUG tempest.lib.common.rest_client [req-a7efc7b4-0d2a-4a32-a62f-473f75920b2e ] Request - Headers: {'Content-Type': 'application/json', 'Accept': 'application/json', 'X-Auth-Token': ''} Body: None Response - Headers: {'status': '404', u'content-length': '134', 'content-location': 'http://10.167.4.35:9696/v2.0/trunks/9e159f01-5ca9-41eb-9ea3-382b3e68a267/get_subports', u'date': 'Tue, 19 Mar 2019 06:57:05 GMT', u'content-type': 'application/json', u'connection': 'close', u'x-openstack-request-id': 'req-a7efc7b4-0d2a-4a32-a62f-473f75920b2e'} Body: {"NeutronError": {"message": "Trunk 9e159f01-5ca9-41eb-9ea3-382b3e68a267 could not be found.", "type": "TrunkNotFound", "detail": ""}} _log_request_full /root/.rally/verification/verifier-291ac1a1-b8ef-4587-ab6f-19dff4d665e0/repo/tempest/lib/common/rest_client.py:437
2019-03-19 06:57:05.988 13341 INFO tempest.lib.common.rest_client [req-b658dda1-68f4-4181-b9aa-c3606c4972dc ] Request (TrunkTestJSON:_run_cleanups): 404 DELETE http://10.167.4.35:9696/v2.0/trunks/9e159f01-5ca9-41eb-9ea3-382b3e68a267 0.016s
2019-03-19 06:57:05.989 13341 DEBUG tempest.lib.common.rest_client [req-b658dda1-68f4-4181-b9aa-c3606c4972dc ] Request - Headers: {'Content-Type': 'application/json', 'Accept': 'application/json', 'X-Auth-Token': ''} Body: None Response - Headers: {'status': '404', u'content-length': '134', 'content-location': 'http://10.167.4.35:9696/v2.0/trunks/9e159f01-5ca9-41eb-9ea3-382b3e68a267', u'date': 'Tue, 19 Mar 2019 06:57:05 GMT', u'content-type': 'application/json', u'connection': 'close', u'x-openstack-request-id': 'req-b658dda1-68f4-4181-b9aa-c3606c4972dc'} Body: {"NeutronError": {"message": "Trunk 9e159f01-5ca9-41eb-9ea3-382b3e68a267 could not be found.", "type": "TrunkNotFound", "detail": ""}} _log_request_full /root/.rally/verification/verifier-291ac1a1-b8ef-4587-ab6f-19dff4d665e0/repo/tempest/lib/common/rest_client.py:437
2019-03-19 06:57:06.004 13341 INFO tempest.lib.common.rest_client [req-5c748f7e-0827-408d-b83f-c293e87b1753 ] Request (TrunkTestJSON:_run_cleanups): 404 GET http://10.167.4.35:9696/v2.0/trunks/58f4f768-6d44-4254-9f6d-09ac35d0f1e9/get_subports 0.014s
2019-03-19 06:57:06.004 13341 DEBUG tempest.lib.common.rest_client [req-5c748f7e-0827-408d-b83f-c293e87b1753 ] Request - Headers: {'Content-Type': 'application/json', 'Accept': 'application/json', 'X-Auth-Token': ''} Body: None Response - Headers: {'status': '404', u'content-length': '134', 'content-location': 'http://10.167.4.35:9696/v2.0/trunks/58f4f768-6d44-4254-9f6d-09ac35d0f1e9/get_subports', u'date': 'Tue, 19 Mar 2019 06:57:06 GMT', u'content-type': 'application/json', u'connection': 'close', u'x-openstack-request-id': 'req-5c748f7e-0827-408d-b83f-c293e87b1753'} Body: {"NeutronError": {"message": "Trunk 58f4f768-6d44-4254-9f6d-09ac35d0f1e9 could not be found.", "type": "TrunkNotFound", "detail": ""}} _log_request_full /root/.rally/verification/verifier-291ac1a1-b8ef-4587-ab6f-19dff4d665e0/repo/tempest/lib/common/rest_client.py:437
2019-03-19 06:57:06.023 13341 INFO tempest.lib.common.rest_client [req-5a6de3e6-84c7-43fa-abea-9a9553e83fe8 ] Request (TrunkTestJSON:_run_cleanups): 404 DELETE http://10.167.4.35:9696/v2.0/trunks/58f4f768-6d44-4254-9f6d-09ac35d0f1e9 0.018s
2019-03-19 06:57:06.024 13341 DEBUG tempest.lib.common.rest_client [req-5a6de3e6-84c7-43fa-abea-9a9553e83fe8 ] Request - Headers: {'Content-Type': 'application/json', 'Accept': 'application/json', 'X-Auth-Token': ''} Body: None Response - Headers: {'status': '404', u'content-length': '134', 'content-location': 'http://10.167.4.35:9696/v2.0/trunks/58f4f768-6d44-4254-9f6d-09ac35d0f1e9', u'date': 'Tue, 19 Mar 2019 06:57:06 GMT', u'content-type': 'application/json', u'connection': 'close', u'x-openstack-request-id': 'req-5a6de3e6-84c7-43fa-abea-9a9553e83fe8'} Body: {"NeutronError": {"message": "Trunk 58f4f768-6d44-4254-9f6d-09ac35d0f1e9 could not be found.", "type": "TrunkNotFound", "detail": ""}} _log_request_full /root/.rally/verification/verifier-291ac1a1-b8ef-4587-ab6f-19dff4d665e0/repo/tempest/lib/common/rest_client.py:437
2019-03-19 06:57:06.038 13341 INFO tempest.lib.common.rest_client [req-27bfae03-8080-4d48-afdd-994ca39c48b5 ] Request (TrunkTestJSON:_run_cleanups): 404 GET http://10.167.4.35:9696/v2.0/trunks/c16196cf-9d76-4113-9762-00d64a294d3a/get_subports 0.013s
2019-03-19 06:57:06.039 13341 DEBUG tempest.lib.common.rest_client [req-27bfae03-8080-4d48-afdd-994ca39c48b5 ] Request - Headers: {'Content-Type': 'application/json', 'Accept': 'application/json', 'X-Auth-Token': ''} Body: None Response - Headers: {'status': '404', u'content-length': '134', 'content-location': 'http://10.167.4.35:9696/v2.0/trunks/c16196cf-9d76-4113-9762-00d64a294d3a/get_subports', u'date': 'Tue, 19 Mar 2019 06:57:06 GMT', u'content-type': 'application/json', u'connection': 'close', u'x-openstack-request-id': 'req-27bfae03-8080-4d48-afdd-994ca39c48b5'} Body: {"NeutronError": {"message": "Trunk c16196cf-9d76-4113-9762-00d64a294d3a could not be found.", "type": "TrunkNotFound", "detail": ""}} _log_request_full /root/.rally/verification/verifier-291ac1a1-b8ef-4587-ab6f-19dff4d665e0/repo/tempest/lib/common/rest_client.py:437
2019-03-19 06:57:06.056 13341 INFO tempest.lib.common.rest_client [req-f800af5d-0490-4d48-a41b-f19632dd43a6 ] Request (TrunkTestJSON:_run_cleanups): 404 DELETE http://10.167.4.35:9696/v2.0/trunks/c16196cf-9d76-4113-9762-00d64a294d3a 0.016s
2019-03-19 06:57:06.056 13341 DEBUG tempest.lib.common.rest_client [req-f800af5d-0490-4d48-a41b-f19632dd43a6 ] Request - Headers: {'Content-Type': 'application/json', 'Accept': 'application/json', 'X-Auth-Token': ''} Body: None Response - Headers: {'status': '404', u'content-length': '134', 'content-location': 'http://10.167.4.35:9696/v2.0/trunks/c16196cf-9d76-4113-9762-00d64a294d3a', u'date': 'Tue, 19 Mar 2019 06:57:06 GMT', u'content-type': 'application/json', u'connection': 'close', u'x-openstack-request-id': 'req-f800af5d-0490-4d48-a41b-f19632dd43a6'} Body: {"NeutronError": {"message": "Trunk c16196cf-9d76-4113-9762-00d64a294d3a could not be found.", "type": "TrunkNotFound", "detail": ""}} _log_request_full /root/.rally/verification/verifier-291ac1a1-b8ef-4587-ab6f-19dff4d665e0/repo/tempest/lib/common/rest_client.py:437
2019-03-19 06:57:06.072 13341 INFO tempest.lib.common.rest_client [req-e82dea50-6735-4c68-a179-31f9b549703d ] Request (TrunkTestJSON:_run_cleanups): 404 GET http://10.167.4.35:9696/v2.0/trunks/2e748ad8-61cc-483f-9702-81fa1706611e/get_subports 0.015s
2019-03-19 06:57:06.072 13341 DEBUG tempest.lib.common.rest_client [req-e82dea50-6735-4c68-a179-31f9b549703d ] Request - Headers: {'Content-Type': 'application/json', 'Accept': 'application/json', 'X-Auth-Token': ''} Body: None Response - Headers: {'status': '404', u'content-length': '134', 'content-location': 'http://10.167.4.35:9696/v2.0/trunks/2e748ad8-61cc-483f-9702-81fa1706611e/get_subports', u'date': 'Tue, 19 Mar 2019 06:57:06 GMT', u'content-type': 'application/json', u'connection': 'close', u'x-openstack-request-id': 'req-e82dea50-6735-4c68-a179-31f9b549703d'} Body: {"NeutronError": {"message": "Trunk 2e748ad8-61cc-483f-9702-81fa1706611e could not be found.", "type": "TrunkNotFound", "detail": ""}} _log_request_full /root/.rally/verification/verifier-291ac1a1-b8ef-4587-ab6f-19dff4d665e0/repo/tempest/lib/common/rest_client.py:437
2019-03-19 06:57:06.092 13337 INFO tempest.lib.common.rest_client [req-00f673e5-8199-4de9-86a1-a2ee9622e1c4 ] Request (TrunkTestJSON:_run_cleanups): 204 DELETE http://10.167.4.35:9696/v2.0/trunks/1c020947-a6a6-4144-9dc7-d8aa05b882cd 0.125s
2019-03-19 06:57:06.093 13337 DEBUG tempest.lib.common.rest_client [req-00f673e5-8199-4de9-86a1-a2ee9622e1c4 ] Request - Headers: {'Content-Type': 'application/json', 'Accept': 'application/json', 'X-Auth-Token': ''} Body: None Response - Headers: {'status': '204', u'content-length': '0', 'content-location': 'http://10.167.4.35:9696/v2.0/trunks/1c020947-a6a6-4144-9dc7-d8aa05b882cd', u'date': 'Tue, 19 Mar 2019 06:57:06 GMT', u'connection': 'close', u'x-openstack-request-id': 'req-00f673e5-8199-4de9-86a1-a2ee9622e1c4'} Body: _log_request_full /root/.rally/verification/verifier-291ac1a1-b8ef-4587-ab6f-19dff4d665e0/repo/tempest/lib/common/rest_client.py:437
2019-03-19 06:57:06.093 13341 INFO tempest.lib.common.rest_client [req-6c776ac1-4dc8-402b-8514-ae3f8e61cd22 ] Request (TrunkTestJSON:_run_cleanups): 404 DELETE http://10.167.4.35:9696/v2.0/trunks/2e748ad8-61cc-483f-9702-81fa1706611e 0.020s
2019-03-19 06:57:06.094 13341 DEBUG tempest.lib.common.rest_client [req-6c776ac1-4dc8-402b-8514-ae3f8e61cd22 ] Request - Headers: {'Content-Type': 'application/json', 'Accept': 'application/json', 'X-Auth-Token': ''} Body: None Response - Headers: {'status': '404', u'content-length': '134', 'content-location': 'http://10.167.4.35:9696/v2.0/trunks/2e748ad8-61cc-483f-9702-81fa1706611e', u'date': 'Tue, 19 Mar 2019 06:57:06 GMT', u'content-type': 'application/json', u'connection': 'close', u'x-openstack-request-id': 'req-6c776ac1-4dc8-402b-8514-ae3f8e61cd22'} Body: {"NeutronError": {"message": "Trunk 2e748ad8-61cc-483f-9702-81fa1706611e could not be found.", "type": "TrunkNotFound", "detail": ""}} _log_request_full /root/.rally/verification/verifier-291ac1a1-b8ef-4587-ab6f-19dff4d665e0/repo/tempest/lib/common/rest_client.py:437
2019-03-19 06:57:06.107 13341 INFO tempest.lib.common.rest_client [req-c03a4084-a449-4327-9d2f-33158d59844f ] Request (TrunkTestJSON:_run_cleanups): 404 GET http://10.167.4.35:9696/v2.0/trunks/9e159f01-5ca9-41eb-9ea3-382b3e68a267 0.013s
2019-03-19 06:57:06.108 13341 DEBUG tempest.lib.common.rest_client [req-c03a4084-a449-4327-9d2f-33158d59844f ] Request - Headers: {'Content-Type': 'application/json', 'Accept': 'application/json', 'X-Auth-Token': ''} Body: None Response - Headers: {'status': '404', u'content-length': '134', 'content-location': 'http://10.167.4.35:9696/v2.0/trunks/9e159f01-5ca9-41eb-9ea3-382b3e68a267', u'date': 'Tue, 19 Mar 2019 06:57:06 GMT', u'content-type': 'application/json', u'connection': 'close', u'x-openstack-request-id': 'req-c03a4084-a449-4327-9d2f-33158d59844f'} Body: {"NeutronError": {"message": "Trunk 9e159f01-5ca9-41eb-9ea3-382b3e68a267 could not be found.", "type": "TrunkNotFound", "detail": ""}} _log_request_full /root/.rally/verification/verifier-291ac1a1-b8ef-4587-ab6f-19dff4d665e0/repo/tempest/lib/common/rest_client.py:437
2019-03-19 06:57:06.109 13337 INFO tempest.lib.common.rest_client [req-0c180e3e-bb08-44c6-abff-ceff6bc1c4d8 ] Request (TrunkTestJSON:_run_cleanups): 404 GET http://10.167.4.35:9696/v2.0/trunks/8c67d108-3df9-4e93-8a34-a4eef762c62f 0.015s
2019-03-19 06:57:06.109 13337 DEBUG tempest.lib.common.rest_client [req-0c180e3e-bb08-44c6-abff-ceff6bc1c4d8 ] Request - Headers: {'Content-Type': 'application/json', 'Accept': 'application/json', 'X-Auth-Token': ''} Body: None Response - Headers: {'status': '404', u'content-length': '134', 'content-location': 'http://10.167.4.35:9696/v2.0/trunks/8c67d108-3df9-4e93-8a34-a4eef762c62f', u'date': 'Tue, 19 Mar 2019 06:57:06 GMT', u'content-type': 'application/json', u'connection': 'close', u'x-openstack-request-id': 'req-0c180e3e-bb08-44c6-abff-ceff6bc1c4d8'} Body: {"NeutronError": {"message": "Trunk 8c67d108-3df9-4e93-8a34-a4eef762c62f could not be found.", "type": "TrunkNotFound", "detail": ""}} _log_request_full /root/.rally/verification/verifier-291ac1a1-b8ef-4587-ab6f-19dff4d665e0/repo/tempest/lib/common/rest_client.py:437
2019-03-19 06:57:06.122 13341 INFO tempest.lib.common.rest_client [req-8f6b6548-d7df-4d21-bca1-20d3de446c62 ] Request (TrunkTestJSON:_run_cleanups): 404 GET http://10.167.4.35:9696/v2.0/trunks/58f4f768-6d44-4254-9f6d-09ac35d0f1e9 0.013s
2019-03-19 06:57:06.123 13341 DEBUG tempest.lib.common.rest_client [req-8f6b6548-d7df-4d21-bca1-20d3de446c62 ] Request - Headers: {'Content-Type': 'application/json', 'Accept': 'application/json', 'X-Auth-Token': ''} Body: None Response - Headers: {'status': '404', u'content-length': '134', 'content-location': 'http://10.167.4.35:9696/v2.0/trunks/58f4f768-6d44-4254-9f6d-09ac35d0f1e9', u'date': 'Tue, 19 Mar 2019 06:57:06 GMT', u'content-type': 'application/json', u'connection': 'close', u'x-openstack-request-id': 'req-8f6b6548-d7df-4d21-bca1-20d3de446c62'} Body: {"NeutronError": {"message": "Trunk 58f4f768-6d44-4254-9f6d-09ac35d0f1e9 could not be found.", "type": "TrunkNotFound", "detail": ""}} _log_request_full /root/.rally/verification/verifier-291ac1a1-b8ef-4587-ab6f-19dff4d665e0/repo/tempest/lib/common/rest_client.py:437
2019-03-19 06:57:06.123 13337 INFO tempest.lib.common.rest_client [req-9e38a764-b115-458e-99a8-f3bf8ac8c19c ] Request (TrunkTestJSON:_run_cleanups): 404 GET http://10.167.4.35:9696/v2.0/trunks/56c96079-28dc-42fe-a53a-0dce1111f396 0.013s
2019-03-19 06:57:06.124 13337 DEBUG tempest.lib.common.rest_client [req-9e38a764-b115-458e-99a8-f3bf8ac8c19c ] Request - Headers: {'Content-Type': 'application/json', 'Accept': 'application/json', 'X-Auth-Token': ''} Body: None Response - Headers: {'status': '404', u'content-length': '134', 'content-location': 'http://10.167.4.35:9696/v2.0/trunks/56c96079-28dc-42fe-a53a-0dce1111f396', u'date': 'Tue, 19 Mar 2019 06:57:06 GMT', u'content-type': 'application/json', u'connection': 'close', u'x-openstack-request-id': 'req-9e38a764-b115-458e-99a8-f3bf8ac8c19c'} Body: {"NeutronError": {"message": "Trunk 56c96079-28dc-42fe-a53a-0dce1111f396 could not be found.", "type": "TrunkNotFound", "detail": ""}} _log_request_full /root/.rally/verification/verifier-291ac1a1-b8ef-4587-ab6f-19dff4d665e0/repo/tempest/lib/common/rest_client.py:437
2019-03-19 06:57:06.136 13341 INFO tempest.lib.common.rest_client [req-0ebc5254-9d4c-4898-bf7f-90e7f5b45467 ] Request (TrunkTestJSON:_run_cleanups): 404 GET http://10.167.4.35:9696/v2.0/trunks/c16196cf-9d76-4113-9762-00d64a294d3a 0.012s
2019-03-19 06:57:06.136 13341 DEBUG tempest.lib.common.rest_client [req-0ebc5254-9d4c-4898-bf7f-90e7f5b45467 ] Request - Headers: {'Content-Type': 'application/json', 'Accept': 'application/json', 'X-Auth-Token': ''} Body: None Response - Headers: {'status': '404', u'content-length': '134', 'content-location': 'http://10.167.4.35:9696/v2.0/trunks/c16196cf-9d76-4113-9762-00d64a294d3a', u'date': 'Tue, 19 Mar 2019 06:57:06 GMT', u'content-type': 'application/json', u'connection': 'close', u'x-openstack-request-id': 'req-0ebc5254-9d4c-4898-bf7f-90e7f5b45467'} Body: {"NeutronError": {"message": "Trunk c16196cf-9d76-4113-9762-00d64a294d3a could not be found.", "type": "TrunkNotFound", "detail": ""}} _log_request_full /root/.rally/verification/verifier-291ac1a1-b8ef-4587-ab6f-19dff4d665e0/repo/tempest/lib/common/rest_client.py:437
2019-03-19 06:57:06.138 13337 INFO tempest.lib.common.rest_client [req-116fa74c-f596-4a9b-b0cb-af703b1a9c6c ] Request (TrunkTestJSON:_run_cleanups): 404 GET http://10.167.4.35:9696/v2.0/trunks/cfba927f-2061-47a6-b3f5-87efdfbcd1c0 0.013s
2019-03-19 06:57:06.138 13337 DEBUG tempest.lib.common.rest_client [req-116fa74c-f596-4a9b-b0cb-af703b1a9c6c ] Request - Headers: {'Content-Type': 'application/json', 'Accept': 'application/json', 'X-Auth-Token': ''} Body: None Response - Headers: {'status': '404', u'content-length': '134', 'content-location': 'http://10.167.4.35:9696/v2.0/trunks/cfba927f-2061-47a6-b3f5-87efdfbcd1c0', u'date': 'Tue, 19 Mar 2019 06:57:06 GMT', u'content-type': 'application/json', u'connection': 'close', u'x-openstack-request-id': 'req-116fa74c-f596-4a9b-b0cb-af703b1a9c6c'} Body: {"NeutronError": {"message": "Trunk cfba927f-2061-47a6-b3f5-87efdfbcd1c0 could not be found.", "type": "TrunkNotFound", "detail": ""}} _log_request_full /root/.rally/verification/verifier-291ac1a1-b8ef-4587-ab6f-19dff4d665e0/repo/tempest/lib/common/rest_client.py:437
2019-03-19 06:57:06.149 13341 INFO tempest.lib.common.rest_client [req-d9b5c18e-0aae-458f-b421-a5359a19e564 ] Request (TrunkTestJSON:_run_cleanups): 404 GET http://10.167.4.35:9696/v2.0/trunks/2e748ad8-61cc-483f-9702-81fa1706611e 0.012s
2019-03-19 06:57:06.150 13341 DEBUG tempest.lib.common.rest_client [req-d9b5c18e-0aae-458f-b421-a5359a19e564 ] Request - Headers: {'Content-Type': 'application/json', 'Accept': 'application/json', 'X-Auth-Token': ''} Body: None Response - Headers: {'status': '404', u'content-length': '134', 'content-location': 'http://10.167.4.35:9696/v2.0/trunks/2e748ad8-61cc-483f-9702-81fa1706611e', u'date': 'Tue, 19 Mar 2019 06:57:06 GMT', u'content-type': 'application/json', u'connection': 'close', u'x-openstack-request-id': 'req-d9b5c18e-0aae-458f-b421-a5359a19e564'} Body: {"NeutronError": {"message": "Trunk 2e748ad8-61cc-483f-9702-81fa1706611e could not be found.", "type": "TrunkNotFound", "detail": ""}} _log_request_full /root/.rally/verification/verifier-291ac1a1-b8ef-4587-ab6f-19dff4d665e0/repo/tempest/lib/common/rest_client.py:437
2019-03-19 06:57:06.151 13337 INFO tempest.lib.common.rest_client [req-c73d9bd2-90f8-4fbf-855f-f8c22ab7778f ] Request (TrunkTestJSON:_run_cleanups): 404 GET http://10.167.4.35:9696/v2.0/trunks/5f58f6c3-cf15-4a2f-9890-25340c971e56 0.012s
2019-03-19 06:57:06.152 13337 DEBUG tempest.lib.common.rest_client [req-c73d9bd2-90f8-4fbf-855f-f8c22ab7778f ] Request - Headers: {'Content-Type': 'application/json', 'Accept': 'application/json', 'X-Auth-Token': ''} Body: None Response - Headers: {'status': '404', u'content-length': '134', 'content-location': 'http://10.167.4.35:9696/v2.0/trunks/5f58f6c3-cf15-4a2f-9890-25340c971e56', u'date': 'Tue, 19 Mar 2019 06:57:06 GMT', u'content-type': 'application/json', u'connection': 'close', u'x-openstack-request-id': 'req-c73d9bd2-90f8-4fbf-855f-f8c22ab7778f'} Body: {"NeutronError": {"message": "Trunk 5f58f6c3-cf15-4a2f-9890-25340c971e56 could not be found.", "type": "TrunkNotFound", "detail": ""}} _log_request_full /root/.rally/verification/verifier-291ac1a1-b8ef-4587-ab6f-19dff4d665e0/repo/tempest/lib/common/rest_client.py:437
2019-03-19 06:57:06.165 13337 INFO tempest.lib.common.rest_client [req-97342cb4-281a-4438-ae7f-6001da3f8373 ] Request (TrunkTestJSON:_run_cleanups): 404 GET http://10.167.4.35:9696/v2.0/trunks/1c020947-a6a6-4144-9dc7-d8aa05b882cd 0.012s
2019-03-19 06:57:06.165 13337 DEBUG tempest.lib.common.rest_client [req-97342cb4-281a-4438-ae7f-6001da3f8373 ] Request - Headers: {'Content-Type': 'application/json', 'Accept': 'application/json', 'X-Auth-Token': ''} Body: None Response - Headers: {'status': '404', u'content-length': '134', 'content-location': 'http://10.167.4.35:9696/v2.0/trunks/1c020947-a6a6-4144-9dc7-d8aa05b882cd', u'date': 'Tue, 19 Mar 2019 06:57:06 GMT', u'content-type': 'application/json', u'connection': 'close', u'x-openstack-request-id': 'req-97342cb4-281a-4438-ae7f-6001da3f8373'} Body: {"NeutronError": {"message": "Trunk 1c020947-a6a6-4144-9dc7-d8aa05b882cd could not be found.", "type": "TrunkNotFound", "detail": ""}} _log_request_full /root/.rally/verification/verifier-291ac1a1-b8ef-4587-ab6f-19dff4d665e0/repo/tempest/lib/common/rest_client.py:437
2019-03-19 06:57:06.186 13341 INFO tempest.lib.common.rest_client [req-a7c4a484-eaa4-4dff-80a2-d08c4c66947a ] Request (TrunkTestJSON:_run_cleanups): 404 DELETE http://10.167.4.35:9696/v2.0/ports/0684593f-96fe-48ee-bc21-942109006dc0 0.035s
2019-03-19 06:57:06.186 13341 DEBUG tempest.lib.common.rest_client [req-a7c4a484-eaa4-4dff-80a2-d08c4c66947a ] Request - Headers: {'Content-Type': 'application/json', 'Accept': 'application/json', 'X-Auth-Token': ''} Body: None Response - Headers: {'status': '404', u'content-length': '132', 'content-location': 'http://10.167.4.35:9696/v2.0/ports/0684593f-96fe-48ee-bc21-942109006dc0', u'date': 'Tue, 19 Mar 2019 06:57:06 GMT', u'content-type': 'application/json', u'connection': 'close', u'x-openstack-request-id': 'req-a7c4a484-eaa4-4dff-80a2-d08c4c66947a'} Body: {"NeutronError": {"message": "Port 0684593f-96fe-48ee-bc21-942109006dc0 could not be found.", "type": "PortNotFound", "detail": ""}} _log_request_full /root/.rally/verification/verifier-291ac1a1-b8ef-4587-ab6f-19dff4d665e0/repo/tempest/lib/common/rest_client.py:437
2019-03-19 06:57:06.197 13337 INFO tempest.lib.common.rest_client [req-6c465d48-450e-4891-be5e-f65bea1fa138 ] Request (TrunkTestJSON:_run_cleanups): 404 DELETE http://10.167.4.35:9696/v2.0/ports/e18755c6-bf0a-400f-80c7-8011d6377f0a 0.030s
2019-03-19 06:57:06.197 13337 DEBUG tempest.lib.common.rest_client [req-6c465d48-450e-4891-be5e-f65bea1fa138 ] Request - Headers: {'Content-Type': 'application/json', 'Accept': 'application/json', 'X-Auth-Token': ''} Body: None Response - Headers: {'status': '404', u'content-length': '132', 'content-location': 'http://10.167.4.35:9696/v2.0/ports/e18755c6-bf0a-400f-80c7-8011d6377f0a', u'date': 'Tue, 19 Mar 2019 06:57:06 GMT', u'content-type': 'application/json', u'connection': 'close', u'x-openstack-request-id': 'req-6c465d48-450e-4891-be5e-f65bea1fa138'} Body: {"NeutronError": {"message": "Port e18755c6-bf0a-400f-80c7-8011d6377f0a could not be found.", "type": "PortNotFound", "detail": ""}} _log_request_full /root/.rally/verification/verifier-291ac1a1-b8ef-4587-ab6f-19dff4d665e0/repo/tempest/lib/common/rest_client.py:437
2019-03-19 06:57:06.221 13341 INFO tempest.lib.common.rest_client [req-9ce7ac77-c31c-4b89-8b4e-96e7ce0d7a36 ] Request (TrunkTestJSON:_run_cleanups): 404 DELETE http://10.167.4.35:9696/v2.0/ports/c0c389e8-1a95-4449-bddf-49d2bdb6fba4 0.034s
2019-03-19 06:57:06.222 13341 DEBUG tempest.lib.common.rest_client [req-9ce7ac77-c31c-4b89-8b4e-96e7ce0d7a36 ] Request - Headers: {'Content-Type': 'application/json', 'Accept': 'application/json', 'X-Auth-Token': ''} Body: None Response - Headers: {'status': '404', u'content-length': '132', 'content-location': 'http://10.167.4.35:9696/v2.0/ports/c0c389e8-1a95-4449-bddf-49d2bdb6fba4', u'date': 'Tue, 19 Mar 2019 06:57:06 GMT', u'content-type': 'application/json', u'connection': 'close', u'x-openstack-request-id': 'req-9ce7ac77-c31c-4b89-8b4e-96e7ce0d7a36'} Body: {"NeutronError": {"message": "Port c0c389e8-1a95-4449-bddf-49d2bdb6fba4 could not be found.", "type": "PortNotFound", "detail": ""}} _log_request_full /root/.rally/verification/verifier-291ac1a1-b8ef-4587-ab6f-19dff4d665e0/repo/tempest/lib/common/rest_client.py:437
2019-03-19 06:57:06.228 13337 INFO tempest.lib.common.rest_client [req-c906aa43-e805-4d55-87f6-18218723e087 ] Request (TrunkTestJSON:_run_cleanups): 404 DELETE http://10.167.4.35:9696/v2.0/ports/837dffc3-0a98-49e0-8398-44c2c6d0668d 0.030s
2019-03-19 06:57:06.229 13337 DEBUG tempest.lib.common.rest_client [req-c906aa43-e805-4d55-87f6-18218723e087 ] Request - Headers: {'Content-Type': 'application/json', 'Accept': 'application/json', 'X-Auth-Token': ''} Body: None Response - Headers: {'status': '404', u'content-length': '132', 'content-location': 'http://10.167.4.35:9696/v2.0/ports/837dffc3-0a98-49e0-8398-44c2c6d0668d', u'date': 'Tue, 19 Mar 2019 06:57:06 GMT', u'content-type': 'application/json', u'connection': 'close', u'x-openstack-request-id': 'req-c906aa43-e805-4d55-87f6-18218723e087'} Body: {"NeutronError": {"message": "Port 837dffc3-0a98-49e0-8398-44c2c6d0668d could not be found.", "type": "PortNotFound", "detail": ""}} _log_request_full /root/.rally/verification/verifier-291ac1a1-b8ef-4587-ab6f-19dff4d665e0/repo/tempest/lib/common/rest_client.py:437
2019-03-19 06:57:06.252 13341 INFO tempest.lib.common.rest_client [req-a3e7af32-bff1-4e3b-b0ea-27501bdd6c1d ] Request (TrunkTestJSON:_run_cleanups): 404 DELETE http://10.167.4.35:9696/v2.0/ports/3ffdb378-cf89-41bc-ba7c-b98f1a7b1a18 0.029s
2019-03-19 06:57:06.252 13341 DEBUG tempest.lib.common.rest_client [req-a3e7af32-bff1-4e3b-b0ea-27501bdd6c1d ] Request - Headers: {'Content-Type': 'application/json', 'Accept': 'application/json', 'X-Auth-Token': ''} Body: None Response - Headers: {'status': '404', u'content-length': '132', 'content-location': 'http://10.167.4.35:9696/v2.0/ports/3ffdb378-cf89-41bc-ba7c-b98f1a7b1a18', u'date': 'Tue, 19 Mar 2019 06:57:06 GMT', u'content-type': 'application/json', u'connection': 'close', u'x-openstack-request-id': 'req-a3e7af32-bff1-4e3b-b0ea-27501bdd6c1d'} Body: {"NeutronError": {"message": "Port 3ffdb378-cf89-41bc-ba7c-b98f1a7b1a18 could not be found.", "type": "PortNotFound", "detail": ""}} _log_request_full /root/.rally/verification/verifier-291ac1a1-b8ef-4587-ab6f-19dff4d665e0/repo/tempest/lib/common/rest_client.py:437
2019-03-19 06:57:06.264 13337 INFO tempest.lib.common.rest_client [req-79c3a0be-ac4e-49dc-b96d-819b924e00ec ] Request (TrunkTestJSON:_run_cleanups): 404 DELETE http://10.167.4.35:9696/v2.0/ports/2e75c4cf-8743-45c7-b74c-177ccc67156f 0.034s
2019-03-19 06:57:06.264 13337 DEBUG tempest.lib.common.rest_client [req-79c3a0be-ac4e-49dc-b96d-819b924e00ec ] Request - Headers: {'Content-Type': 'application/json', 'Accept': 'application/json', 'X-Auth-Token': ''} Body: None Response - Headers: {'status': '404', u'content-length': '132', 'content-location': 'http://10.167.4.35:9696/v2.0/ports/2e75c4cf-8743-45c7-b74c-177ccc67156f', u'date': 'Tue, 19 Mar 2019 06:57:06 GMT', u'content-type': 'application/json', u'connection': 'close', u'x-openstack-request-id': 'req-79c3a0be-ac4e-49dc-b96d-819b924e00ec'} Body: {"NeutronError": {"message": "Port 2e75c4cf-8743-45c7-b74c-177ccc67156f could not be found.", "type": "PortNotFound", "detail": ""}} _log_request_full /root/.rally/verification/verifier-291ac1a1-b8ef-4587-ab6f-19dff4d665e0/repo/tempest/lib/common/rest_client.py:437
2019-03-19 06:57:06.286 13341 INFO tempest.lib.common.rest_client [req-736e49ee-fcd9-470c-90c7-3979e9b86287 ] Request (TrunkTestJSON:_run_cleanups): 404 DELETE http://10.167.4.35:9696/v2.0/ports/138bafaa-8a4f-483a-bea3-18b412b6d708 0.033s
2019-03-19 06:57:06.286 13341 DEBUG tempest.lib.common.rest_client [req-736e49ee-fcd9-470c-90c7-3979e9b86287 ] Request - Headers: {'Content-Type': 'application/json', 'Accept': 'application/json', 'X-Auth-Token': ''} Body: None Response - Headers: {'status': '404', u'content-length': '132', 'content-location': 'http://10.167.4.35:9696/v2.0/ports/138bafaa-8a4f-483a-bea3-18b412b6d708', u'date': 'Tue, 19 Mar 2019 06:57:06 GMT', u'content-type': 'application/json', u'connection': 'close', u'x-openstack-request-id': 'req-736e49ee-fcd9-470c-90c7-3979e9b86287'} Body: {"NeutronError": {"message": "Port 138bafaa-8a4f-483a-bea3-18b412b6d708 could not be found.", "type": "PortNotFound", "detail": ""}} _log_request_full /root/.rally/verification/verifier-291ac1a1-b8ef-4587-ab6f-19dff4d665e0/repo/tempest/lib/common/rest_client.py:437
2019-03-19 06:57:06.293 13337 INFO tempest.lib.common.rest_client [req-1abb2b22-6ec9-48c0-a2ef-d05a2a82a43f ] Request (TrunkTestJSON:_run_cleanups): 404 DELETE http://10.167.4.35:9696/v2.0/ports/db07668f-497e-44d3-ab32-35eb7bbac32d 0.028s
2019-03-19 06:57:06.294 13337 DEBUG tempest.lib.common.rest_client [req-1abb2b22-6ec9-48c0-a2ef-d05a2a82a43f ] Request - Headers: {'Content-Type': 'application/json', 'Accept': 'application/json', 'X-Auth-Token': ''} Body: None Response - Headers: {'status': '404', u'content-length': '132', 'content-location': 'http://10.167.4.35:9696/v2.0/ports/db07668f-497e-44d3-ab32-35eb7bbac32d', u'date': 'Tue, 19 Mar 2019 06:57:06 GMT', u'content-type': 'application/json', u'connection': 'close', u'x-openstack-request-id': 'req-1abb2b22-6ec9-48c0-a2ef-d05a2a82a43f'} Body: {"NeutronError": {"message": "Port db07668f-497e-44d3-ab32-35eb7bbac32d could not be found.", "type": "PortNotFound", "detail": ""}} _log_request_full /root/.rally/verification/verifier-291ac1a1-b8ef-4587-ab6f-19dff4d665e0/repo/tempest/lib/common/rest_client.py:437
2019-03-19 06:57:06.318 13341 INFO tempest.lib.common.rest_client [req-b6c75918-7748-4d7a-8543-f7188364f153 ] Request (TrunkTestJSON:_run_cleanups): 404 DELETE http://10.167.4.35:9696/v2.0/ports/a18c3f7b-d5f4-457e-ab8c-f00824794e1c 0.030s
2019-03-19 06:57:06.318 13341 DEBUG tempest.lib.common.rest_client [req-b6c75918-7748-4d7a-8543-f7188364f153 ] Request - Headers: {'Content-Type': 'application/json', 'Accept': 'application/json', 'X-Auth-Token': ''} Body: None Response - Headers: {'status': '404', u'content-length': '132', 'content-location': 'http://10.167.4.35:9696/v2.0/ports/a18c3f7b-d5f4-457e-ab8c-f00824794e1c', u'date': 'Tue, 19 Mar 2019 06:57:06 GMT', u'content-type': 'application/json', u'connection': 'close', u'x-openstack-request-id': 'req-b6c75918-7748-4d7a-8543-f7188364f153'} Body: {"NeutronError": {"message": "Port a18c3f7b-d5f4-457e-ab8c-f00824794e1c could not be found.", "type": "PortNotFound", "detail": ""}} _log_request_full /root/.rally/verification/verifier-291ac1a1-b8ef-4587-ab6f-19dff4d665e0/repo/tempest/lib/common/rest_client.py:437
2019-03-19 06:57:06.324 13337 INFO tempest.lib.common.rest_client [req-f8ebe9dd-2b07-4134-a517-5a51e6b3d110 ] Request (TrunkTestJSON:_run_cleanups): 404 DELETE http://10.167.4.35:9696/v2.0/ports/33c85025-bfe5-441d-9c90-fbdb9a081665 0.030s
2019-03-19 06:57:06.325 13337 DEBUG tempest.lib.common.rest_client [req-f8ebe9dd-2b07-4134-a517-5a51e6b3d110 ] Request - Headers: {'Content-Type': 'application/json', 'Accept': 'application/json', 'X-Auth-Token': ''} Body: None Response - Headers: {'status': '404', u'content-length': '132', 'content-location': 'http://10.167.4.35:9696/v2.0/ports/33c85025-bfe5-441d-9c90-fbdb9a081665', u'date': 'Tue, 19 Mar 2019 06:57:06 GMT', u'content-type': 'application/json', u'connection': 'close', u'x-openstack-request-id': 'req-f8ebe9dd-2b07-4134-a517-5a51e6b3d110'} Body: {"NeutronError": {"message": "Port 33c85025-bfe5-441d-9c90-fbdb9a081665 could not be found.", "type": "PortNotFound", "detail": ""}} _log_request_full /root/.rally/verification/verifier-291ac1a1-b8ef-4587-ab6f-19dff4d665e0/repo/tempest/lib/common/rest_client.py:437
2019-03-19 06:57:06.350 13341 INFO tempest.lib.common.rest_client [req-014f686f-b228-48d8-ae48-4ff0dce43a3e ] Request (TrunkTestJSON:_run_cleanups): 404 DELETE http://10.167.4.35:9696/v2.0/ports/4f22fbe5-9535-448d-8040-c96b483589ac 0.031s
2019-03-19 06:57:06.351 13341 DEBUG tempest.lib.common.rest_client [req-014f686f-b228-48d8-ae48-4ff0dce43a3e ] Request - Headers: {'Content-Type': 'application/json', 'Accept': 'application/json', 'X-Auth-Token': ''} Body: None Response - Headers: {'status': '404', u'content-length': '132', 'content-location': 'http://10.167.4.35:9696/v2.0/ports/4f22fbe5-9535-448d-8040-c96b483589ac', u'date': 'Tue, 19 Mar 2019 06:57:06 GMT', u'content-type': 'application/json', u'connection': 'close', u'x-openstack-request-id': 'req-014f686f-b228-48d8-ae48-4ff0dce43a3e'} Body: {"NeutronError": {"message": "Port 4f22fbe5-9535-448d-8040-c96b483589ac could not be found.", "type": "PortNotFound", "detail": ""}} _log_request_full /root/.rally/verification/verifier-291ac1a1-b8ef-4587-ab6f-19dff4d665e0/repo/tempest/lib/common/rest_client.py:437
2019-03-19 06:57:06.375 13341 INFO tempest.lib.common.rest_client [req-002536ea-86b2-4df0-8866-87810cd58768 ] Request (TrunkTestJSON:_run_cleanups): 404 DELETE http://10.167.4.35:9696/v2.0/networks/f72070ab-de89-41fb-a7de-699fcef507b7 0.023s
2019-03-19 06:57:06.375 13341 DEBUG tempest.lib.common.rest_client [req-002536ea-86b2-4df0-8866-87810cd58768 ] Request - Headers: {'Content-Type': 'application/json', 'Accept': 'application/json', 'X-Auth-Token': ''} Body: None Response - Headers: {'status': '404', u'content-length': '138', 'content-location': 'http://10.167.4.35:9696/v2.0/networks/f72070ab-de89-41fb-a7de-699fcef507b7', u'date': 'Tue, 19 Mar 2019 06:57:06 GMT', u'content-type': 'application/json', u'connection': 'close', u'x-openstack-request-id': 'req-002536ea-86b2-4df0-8866-87810cd58768'} Body: {"NeutronError": {"message": "Network f72070ab-de89-41fb-a7de-699fcef507b7 could not be found.", "type": "NetworkNotFound", "detail": ""}} _log_request_full /root/.rally/verification/verifier-291ac1a1-b8ef-4587-ab6f-19dff4d665e0/repo/tempest/lib/common/rest_client.py:437
2019-03-19 06:57:06.397 13341 INFO tempest.lib.common.rest_client [req-e23074b0-e203-4ee1-9118-cae5f0d69287 ] Request (TrunkTestJSON:_run_cleanups): 404 DELETE http://10.167.4.35:9696/v2.0/networks/af26bc69-d9e0-4095-aa30-72528faea340 0.021s
2019-03-19 06:57:06.398 13341 DEBUG tempest.lib.common.rest_client [req-e23074b0-e203-4ee1-9118-cae5f0d69287 ] Request - Headers: {'Content-Type': 'application/json', 'Accept': 'application/json', 'X-Auth-Token': ''} Body: None Response - Headers: {'status': '404', u'content-length': '138', 'content-location': 'http://10.167.4.35:9696/v2.0/networks/af26bc69-d9e0-4095-aa30-72528faea340', u'date': 'Tue, 19 Mar 2019 06:57:06 GMT', u'content-type': 'application/json', u'connection': 'close', u'x-openstack-request-id': 'req-e23074b0-e203-4ee1-9118-cae5f0d69287'} Body: {"NeutronError": {"message": "Network af26bc69-d9e0-4095-aa30-72528faea340 could not be found.", "type": "NetworkNotFound", "detail": ""}} _log_request_full /root/.rally/verification/verifier-291ac1a1-b8ef-4587-ab6f-19dff4d665e0/repo/tempest/lib/common/rest_client.py:437
2019-03-19 06:57:06.420 13341 INFO tempest.lib.common.rest_client [req-56522e6a-71ae-4bec-848e-e58d2a821cb6 ] Request (TrunkTestJSON:_run_cleanups): 404 DELETE http://10.167.4.35:9696/v2.0/networks/e97b6ba1-5b75-480e-94dd-17e984469e08 0.021s
2019-03-19 06:57:06.420 13341 DEBUG tempest.lib.common.rest_client [req-56522e6a-71ae-4bec-848e-e58d2a821cb6 ] Request - Headers: {'Content-Type': 'application/json', 'Accept': 'application/json', 'X-Auth-Token': ''} Body: None Response - Headers: {'status': '404', u'content-length': '138', 'content-location': 'http://10.167.4.35:9696/v2.0/networks/e97b6ba1-5b75-480e-94dd-17e984469e08', u'date': 'Tue, 19 Mar 2019 06:57:06 GMT', u'content-type': 'application/json', u'connection': 'close', u'x-openstack-request-id': 'req-56522e6a-71ae-4bec-848e-e58d2a821cb6'} Body: {"NeutronError": {"message": "Network e97b6ba1-5b75-480e-94dd-17e984469e08 could not be found.", "type": "NetworkNotFound", "detail": ""}} _log_request_full /root/.rally/verification/verifier-291ac1a1-b8ef-4587-ab6f-19dff4d665e0/repo/tempest/lib/common/rest_client.py:437
2019-03-19 06:57:06.443 13341 INFO tempest.lib.common.rest_client [req-eb3cfcef-498e-40a3-8ab8-408d98b97334 ] Request (TrunkTestJSON:_run_cleanups): 404 DELETE http://10.167.4.35:9696/v2.0/networks/f326a483-e5c0-40dc-87e7-ecc38dac1aac 0.022s
2019-03-19 06:57:06.444 13341 DEBUG tempest.lib.common.rest_client [req-eb3cfcef-498e-40a3-8ab8-408d98b97334 ] Request - Headers: {'Content-Type': 'application/json', 'Accept': 'application/json', 'X-Auth-Token': ''} Body: None Response - Headers: {'status': '404', u'content-length': '138', 'content-location': 'http://10.167.4.35:9696/v2.0/networks/f326a483-e5c0-40dc-87e7-ecc38dac1aac', u'date': 'Tue, 19 Mar 2019 06:57:06 GMT', u'content-type': 'application/json', u'connection': 'close', u'x-openstack-request-id': 'req-eb3cfcef-498e-40a3-8ab8-408d98b97334'} Body: {"NeutronError": {"message": "Network f326a483-e5c0-40dc-87e7-ecc38dac1aac could not be found.", "type": "NetworkNotFound", "detail": ""}} _log_request_full /root/.rally/verification/verifier-291ac1a1-b8ef-4587-ab6f-19dff4d665e0/repo/tempest/lib/common/rest_client.py:437
2019-03-19 06:57:06.466 13341 INFO tempest.lib.common.rest_client [req-a891482b-fde0-4bd4-bfbd-06e0fd1ba8c1 ] Request (TrunkTestJSON:_run_cleanups): 404 DELETE http://10.167.4.35:9696/v2.0/networks/ae52bf12-3e92-4c2c-aeda-46425a7a6ec0 0.021s
2019-03-19 06:57:06.467 13341 DEBUG tempest.lib.common.rest_client [req-a891482b-fde0-4bd4-bfbd-06e0fd1ba8c1 ] Request - Headers: {'Content-Type': 'application/json', 'Accept': 'application/json', 'X-Auth-Token': ''} Body: None Response - Headers: {'status': '404', u'content-length': '138', 'content-location': 'http://10.167.4.35:9696/v2.0/networks/ae52bf12-3e92-4c2c-aeda-46425a7a6ec0', u'date': 'Tue, 19 Mar 2019 06:57:06 GMT', u'content-type': 'application/json', u'connection': 'close', u'x-openstack-request-id': 'req-a891482b-fde0-4bd4-bfbd-06e0fd1ba8c1'} Body: {"NeutronError": {"message": "Network ae52bf12-3e92-4c2c-aeda-46425a7a6ec0 could not be found.", "type": "NetworkNotFound", "detail": ""}} _log_request_full /root/.rally/verification/verifier-291ac1a1-b8ef-4587-ab6f-19dff4d665e0/repo/tempest/lib/common/rest_client.py:437
2019-03-19 06:57:06.648 13341 INFO tempest.lib.common.rest_client [req-435d7c99-eadf-43a7-8c50-8ef8c578d2e1 ] Request (TrunkTestJSON:test_create_subport_missing_segmentation_id): 201 POST http://10.167.4.35:9696/v2.0/networks 0.178s
2019-03-19 06:57:06.648 13341 DEBUG tempest.lib.common.rest_client [req-435d7c99-eadf-43a7-8c50-8ef8c578d2e1 ] Request - Headers: {'Content-Type': 'application/json', 'Accept': 'application/json', 'X-Auth-Token': ''} Body: {"network": {"name": "tempest-test-network--2016089459"}} Response - Headers: {'status': '201', u'content-length': '569', 'content-location': 'http://10.167.4.35:9696/v2.0/networks', u'date': 'Tue, 19 Mar 2019 06:57:06 GMT', u'content-type': 'application/json', u'connection': 'close', u'x-openstack-request-id': 'req-435d7c99-eadf-43a7-8c50-8ef8c578d2e1'} Body: {"network":{"status":"ACTIVE","router:external":false,"availability_zone_hints":[],"availability_zones":[],"description":"","subnets":[],"shared":false,"tenant_id":"5577d61926594355988f0e8317a5f3cb","created_at":"2019-03-19T06:57:06Z","tags":[],"ipv6_address_scope":null,"mtu":1450,"updated_at":"2019-03-19T06:57:06Z","admin_state_up":true,"revision_number":1,"ipv4_address_scope":null,"is_default":false,"port_security_enabled":true,"project_id":"5577d61926594355988f0e8317a5f3cb","id":"65994814-cf47-43c4-830e-ffc925ac6396","name":"tempest-test-network--2016089459"}} _log_request_full /root/.rally/verification/verifier-291ac1a1-b8ef-4587-ab6f-19dff4d665e0/repo/tempest/lib/common/rest_client.py:437
2019-03-19 06:57:06.692 13338 INFO tempest.lib.common.rest_client [req-3a344158-bf30-4b73-9a7a-e9ec715b6c6a ] Request (TrunkTest:test_trunk_subport_lifecycle): 200 GET http://10.167.4.35:8774/v2.1/servers/71318c64-b070-4034-aa9b-b24083cb1675 0.239s
2019-03-19 06:57:06.693 13338 DEBUG tempest.lib.common.rest_client [req-3a344158-bf30-4b73-9a7a-e9ec715b6c6a ] Request - Headers: {'Content-Type': 'application/json', 'Accept': 'application/json', 'X-Auth-Token': ''} Body: None Response - Headers: {'status': '200', u'content-length': '1693', 'content-location': 'http://10.167.4.35:8774/v2.1/servers/71318c64-b070-4034-aa9b-b24083cb1675', u'x-compute-request-id': 'req-3a344158-bf30-4b73-9a7a-e9ec715b6c6a', u'vary': 'X-OpenStack-Nova-API-Version', u'openstack-api-version': 'compute 2.1', u'connection': 'close', u'x-openstack-nova-api-version': '2.1', u'date': 'Tue, 19 Mar 2019 06:57:06 GMT', u'content-type': 'application/json', u'x-openstack-request-id': 'req-3a344158-bf30-4b73-9a7a-e9ec715b6c6a'} Body: {"server": {"OS-EXT-STS:task_state": null, "addresses": {"tempest-test-network--424143133": [{"OS-EXT-IPS-MAC:mac_addr": "fa:16:3e:b5:be:7c", "version": 4, "addr": "192.168.120.6", "OS-EXT-IPS:type": "fixed"}, {"OS-EXT-IPS-MAC:mac_addr": "fa:16:3e:b5:be:7c", "version": 4, "addr": "172.30.10.123", "OS-EXT-IPS:type": "floating"}]}, "links": [{"href": "http://10.167.4.35:8774/v2.1/servers/71318c64-b070-4034-aa9b-b24083cb1675", "rel": "self"}, {"href": "http://10.167.4.35:8774/servers/71318c64-b070-4034-aa9b-b24083cb1675", "rel": "bookmark"}], "image": {"id": "e1922f28-7a06-4bfe-8561-8d9772d15df1", "links": [{"href": "http://10.167.4.35:8774/images/e1922f28-7a06-4bfe-8561-8d9772d15df1", "rel": "bookmark"}]}, "OS-EXT-STS:vm_state": "active", "OS-SRV-USG:launched_at": "2019-03-19T06:57:05.000000", "flavor": {"id": "8225805e-d767-4e7b-87ce-4050daa82a3e", "links": [{"href": "http://10.167.4.35:8774/flavors/8225805e-d767-4e7b-87ce-4050daa82a3e", "rel": "bookmark"}]}, "id": "71318c64-b070-4034-aa9b-b24083cb1675", "security_groups": [{"name": "tempest-secgroup-1703478147"}], "user_id": "aecd37a555a24a6cb2a170f3f55bdccc", "OS-DCF:diskConfig": "MANUAL", "accessIPv4": "", "accessIPv6": "", "progress": 0, "OS-EXT-STS:power_state": 1, "OS-EXT-AZ:availability_zone": "nova", "config_drive": "True", "status": "ACTIVE", "updated": "2019-03-19T06:57:06Z", "hostId": "13ec0dc762bc6ed9bacb5fe2a2cf00364f48323858b9fb487ec7dd16", "OS-SRV-USG:terminated_at": null, "key_name": "tempest-keypair-test-2127299567", "name": "tempest-server-test-560151356", "created": "2019-03-19T06:56:56Z", "tenant_id": "b561b88a0c4e441c9836495a86a38d30", "os-extended-volumes:volumes_attached": [], "metadata": {}}} _log_request_full /root/.rally/verification/verifier-291ac1a1-b8ef-4587-ab6f-19dff4d665e0/repo/tempest/lib/common/rest_client.py:437
2019-03-19 06:57:06.716 13338 INFO tempest.common.waiters [-] State transition "BUILD/spawning" ==> "ACTIVE/None" after 4 second wait
2019-03-19 06:57:06.720 13338 INFO tempest.lib.common.ssh [-] Creating ssh connection to '172.30.10.123:22' as 'cirros' with public key authentication
2019-03-19 06:57:06.786 13337 INFO tempest.lib.common.rest_client [req-25044c4c-f843-4a06-b706-0a652322597b ] Request (TrunkTestJSON:_run_cleanups): 204 DELETE http://10.167.4.35:9696/v2.0/ports/7f6ff4e7-44b5-412a-8829-5fa1918ccfc9 0.460s
2019-03-19 06:57:06.787 13337 DEBUG tempest.lib.common.rest_client [req-25044c4c-f843-4a06-b706-0a652322597b ] Request - Headers: {'Content-Type': 'application/json', 'Accept': 'application/json', 'X-Auth-Token': ''} Body: None Response - Headers: {'status': '204', u'content-length': '0', 'content-location': 'http://10.167.4.35:9696/v2.0/ports/7f6ff4e7-44b5-412a-8829-5fa1918ccfc9', u'date': 'Tue, 19 Mar 2019 06:57:06 GMT', u'connection': 'close', u'x-openstack-request-id': 'req-25044c4c-f843-4a06-b706-0a652322597b'} Body: _log_request_full /root/.rally/verification/verifier-291ac1a1-b8ef-4587-ab6f-19dff4d665e0/repo/tempest/lib/common/rest_client.py:437
2019-03-19 06:57:06.812 13337 INFO tempest.lib.common.rest_client [req-e9ee9df2-90a8-4124-97f8-b1cbf19e6a8a ] Request (TrunkTestJSON:_run_cleanups): 404 DELETE http://10.167.4.35:9696/v2.0/networks/1efca7fe-1ff6-4fe7-aa09-ca3a5c82bcc7 0.024s
2019-03-19 06:57:06.812 13337 DEBUG tempest.lib.common.rest_client [req-e9ee9df2-90a8-4124-97f8-b1cbf19e6a8a ] Request - Headers: {'Content-Type': 'application/json', 'Accept': 'application/json', 'X-Auth-Token': ''} Body: None Response - Headers: {'status': '404', u'content-length': '138', 'content-location': 'http://10.167.4.35:9696/v2.0/networks/1efca7fe-1ff6-4fe7-aa09-ca3a5c82bcc7', u'date': 'Tue, 19 Mar 2019 06:57:06 GMT', u'content-type': 'application/json', u'connection': 'close', u'x-openstack-request-id': 'req-e9ee9df2-90a8-4124-97f8-b1cbf19e6a8a'} Body: {"NeutronError": {"message": "Network 1efca7fe-1ff6-4fe7-aa09-ca3a5c82bcc7 could not be found.", "type": "NetworkNotFound", "detail": ""}} _log_request_full /root/.rally/verification/verifier-291ac1a1-b8ef-4587-ab6f-19dff4d665e0/repo/tempest/lib/common/rest_client.py:437
2019-03-19 06:57:06.835 13337 INFO tempest.lib.common.rest_client [req-9d50d117-ec94-48d4-8d30-2acf529e2d2a ] Request (TrunkTestJSON:_run_cleanups): 404 DELETE http://10.167.4.35:9696/v2.0/networks/9fe9b4d8-3a4d-4fd0-9f64-06e99510251b 0.022s
2019-03-19 06:57:06.835 13337 DEBUG tempest.lib.common.rest_client [req-9d50d117-ec94-48d4-8d30-2acf529e2d2a ] Request - Headers: {'Content-Type': 'application/json', 'Accept': 'application/json', 'X-Auth-Token': ''} Body: None Response - Headers: {'status': '404', u'content-length': '138', 'content-location': 'http://10.167.4.35:9696/v2.0/networks/9fe9b4d8-3a4d-4fd0-9f64-06e99510251b', u'date': 'Tue, 19 Mar 2019 06:57:06 GMT', u'content-type': 'application/json', u'connection': 'close', u'x-openstack-request-id': 'req-9d50d117-ec94-48d4-8d30-2acf529e2d2a'} Body: {"NeutronError": {"message": "Network 9fe9b4d8-3a4d-4fd0-9f64-06e99510251b could not be found.", "type": "NetworkNotFound", "detail": ""}} _log_request_full /root/.rally/verification/verifier-291ac1a1-b8ef-4587-ab6f-19dff4d665e0/repo/tempest/lib/common/rest_client.py:437
2019-03-19 06:57:06.870 13337 INFO tempest.lib.common.rest_client [req-174bf0de-4529-4fe3-b47c-306584147fd3 ] Request (TrunkTestJSON:_run_cleanups): 404 DELETE http://10.167.4.35:9696/v2.0/networks/5bbfb6a4-483f-44ce-98fd-326fe2d1c8c7 0.033s
2019-03-19 06:57:06.870 13337 DEBUG tempest.lib.common.rest_client [req-174bf0de-4529-4fe3-b47c-306584147fd3 ] Request - Headers: {'Content-Type': 'application/json', 'Accept': 'application/json', 'X-Auth-Token': ''} Body: None Response - Headers: {'status': '404', u'content-length': '138', 'content-location': 'http://10.167.4.35:9696/v2.0/networks/5bbfb6a4-483f-44ce-98fd-326fe2d1c8c7', u'date': 'Tue, 19 Mar 2019 06:57:06 GMT', u'content-type': 'application/json', u'connection': 'close', u'x-openstack-request-id': 'req-174bf0de-4529-4fe3-b47c-306584147fd3'} Body: {"NeutronError": {"message": "Network 5bbfb6a4-483f-44ce-98fd-326fe2d1c8c7 could not be found.", "type": "NetworkNotFound", "detail": ""}} _log_request_full /root/.rally/verification/verifier-291ac1a1-b8ef-4587-ab6f-19dff4d665e0/repo/tempest/lib/common/rest_client.py:437
2019-03-19 06:57:06.900 13337 INFO tempest.lib.common.rest_client [req-99f30c47-6039-4077-8f91-67504b208953 ] Request (TrunkTestJSON:_run_cleanups): 404 DELETE http://10.167.4.35:9696/v2.0/networks/c64060ea-dd19-4cd0-a6fa-8c130a23f541 0.029s
