2019-03-19 06:57:31.708 13337 DEBUG tempest.lib.common.rest_client [req-e74cda5f-be7a-4a92-973d-383e6679c111 ] Request - Headers: {'Content-Type': 'application/json', 'Accept': 'application/json', 'X-Auth-Token': ''} Body: None Response - Headers: {'status': '404', u'content-length': '134', 'content-location': 'http://10.167.4.35:9696/v2.0/trunks/a96075e8-2b13-445e-8350-f3f7be35860e/get_subports', u'date': 'Tue, 19 Mar 2019 06:57:31 GMT', u'content-type': 'application/json', u'connection': 'close', u'x-openstack-request-id': 'req-e74cda5f-be7a-4a92-973d-383e6679c111'} Body: {"NeutronError": {"message": "Trunk a96075e8-2b13-445e-8350-f3f7be35860e could not be found.", "type": "TrunkNotFound", "detail": ""}} _log_request_full /root/.rally/verification/verifier-291ac1a1-b8ef-4587-ab6f-19dff4d665e0/repo/tempest/lib/common/rest_client.py:437
2019-03-19 06:57:31.724 13337 INFO tempest.lib.common.rest_client [req-1c31ab3a-dc91-427b-9216-c375e763bcc9 ] Request (TrunkTestJSON:_run_cleanups): 404 DELETE http://10.167.4.35:9696/v2.0/trunks/a96075e8-2b13-445e-8350-f3f7be35860e 0.015s
2019-03-19 06:57:31.724 13337 DEBUG tempest.lib.common.rest_client [req-1c31ab3a-dc91-427b-9216-c375e763bcc9 ] Request - Headers: {'Content-Type': 'application/json', 'Accept': 'application/json', 'X-Auth-Token': ''} Body: None Response - Headers: {'status': '404', u'content-length': '134', 'content-location': 'http://10.167.4.35:9696/v2.0/trunks/a96075e8-2b13-445e-8350-f3f7be35860e', u'date': 'Tue, 19 Mar 2019 06:57:31 GMT', u'content-type': 'application/json', u'connection': 'close', u'x-openstack-request-id': 'req-1c31ab3a-dc91-427b-9216-c375e763bcc9'} Body: {"NeutronError": {"message": "Trunk a96075e8-2b13-445e-8350-f3f7be35860e could not be found.", "type": "TrunkNotFound", "detail": ""}} _log_request_full /root/.rally/verification/verifier-291ac1a1-b8ef-4587-ab6f-19dff4d665e0/repo/tempest/lib/common/rest_client.py:437
2019-03-19 06:57:31.727 13341 INFO tempest.lib.common.rest_client [req-ca6af06c-26fd-44b4-938f-dbe98e257715 ] Request (TrunkTestJSON:_run_cleanups): 404 DELETE http://10.167.4.35:9696/v2.0/networks/ae52bf12-3e92-4c2c-aeda-46425a7a6ec0 0.020s
2019-03-19 06:57:31.727 13341 DEBUG tempest.lib.common.rest_client [req-ca6af06c-26fd-44b4-938f-dbe98e257715 ] Request - Headers: {'Content-Type': 'application/json', 'Accept': 'application/json', 'X-Auth-Token': ''} Body: None Response - Headers: {'status': '404', u'content-length': '138', 'content-location': 'http://10.167.4.35:9696/v2.0/networks/ae52bf12-3e92-4c2c-aeda-46425a7a6ec0', u'date': 'Tue, 19 Mar 2019 06:57:31 GMT', u'content-type': 'application/json', u'connection': 'close', u'x-openstack-request-id': 'req-ca6af06c-26fd-44b4-938f-dbe98e257715'} Body: {"NeutronError": {"message": "Network ae52bf12-3e92-4c2c-aeda-46425a7a6ec0 could not be found.", "type": "NetworkNotFound", "detail": ""}} _log_request_full /root/.rally/verification/verifier-291ac1a1-b8ef-4587-ab6f-19dff4d665e0/repo/tempest/lib/common/rest_client.py:437
2019-03-19 06:57:31.737 13337 INFO tempest.lib.common.rest_client [req-07eff8e1-1fd0-49a1-87a1-f3cbf54804c8 ] Request (TrunkTestJSON:_run_cleanups): 404 GET http://10.167.4.35:9696/v2.0/trunks/5e67b7e6-bcd5-4af6-b5eb-32165cb855cc/get_subports 0.012s
2019-03-19 06:57:31.738 13337 DEBUG tempest.lib.common.rest_client [req-07eff8e1-1fd0-49a1-87a1-f3cbf54804c8 ] Request - Headers: {'Content-Type': 'application/json', 'Accept': 'application/json', 'X-Auth-Token': ''} Body: None Response - Headers: {'status': '404', u'content-length': '134', 'content-location': 'http://10.167.4.35:9696/v2.0/trunks/5e67b7e6-bcd5-4af6-b5eb-32165cb855cc/get_subports', u'date': 'Tue, 19 Mar 2019 06:57:31 GMT', u'content-type': 'application/json', u'connection': 'close', u'x-openstack-request-id': 'req-07eff8e1-1fd0-49a1-87a1-f3cbf54804c8'} Body: {"NeutronError": {"message": "Trunk 5e67b7e6-bcd5-4af6-b5eb-32165cb855cc could not be found.", "type": "TrunkNotFound", "detail": ""}} _log_request_full /root/.rally/verification/verifier-291ac1a1-b8ef-4587-ab6f-19dff4d665e0/repo/tempest/lib/common/rest_client.py:437
2019-03-19 06:57:31.750 13341 INFO tempest.lib.common.rest_client [req-7c965a83-bbc1-46ef-857b-6487767e45e3 ] Request (TrunkTestJSON:_run_cleanups): 404 DELETE http://10.167.4.35:9696/v2.0/networks/65994814-cf47-43c4-830e-ffc925ac6396 0.022s
2019-03-19 06:57:31.751 13341 DEBUG tempest.lib.common.rest_client [req-7c965a83-bbc1-46ef-857b-6487767e45e3 ] Request - Headers: {'Content-Type': 'application/json', 'Accept': 'application/json', 'X-Auth-Token': ''} Body: None Response - Headers: {'status': '404', u'content-length': '138', 'content-location': 'http://10.167.4.35:9696/v2.0/networks/65994814-cf47-43c4-830e-ffc925ac6396', u'date': 'Tue, 19 Mar 2019 06:57:31 GMT', u'content-type': 'application/json', u'connection': 'close', u'x-openstack-request-id': 'req-7c965a83-bbc1-46ef-857b-6487767e45e3'} Body: {"NeutronError": {"message": "Network 65994814-cf47-43c4-830e-ffc925ac6396 could not be found.", "type": "NetworkNotFound", "detail": ""}} _log_request_full /root/.rally/verification/verifier-291ac1a1-b8ef-4587-ab6f-19dff4d665e0/repo/tempest/lib/common/rest_client.py:437
2019-03-19 06:57:31.757 13337 INFO tempest.lib.common.rest_client [req-a3abfb40-fbc5-47f8-9d06-50f469dd0f0a ] Request (TrunkTestJSON:_run_cleanups): 404 DELETE http://10.167.4.35:9696/v2.0/trunks/5e67b7e6-bcd5-4af6-b5eb-32165cb855cc 0.018s
2019-03-19 06:57:31.757 13337 DEBUG tempest.lib.common.rest_client [req-a3abfb40-fbc5-47f8-9d06-50f469dd0f0a ] Request - Headers: {'Content-Type': 'application/json', 'Accept': 'application/json', 'X-Auth-Token': ''} Body: None Response - Headers: {'status': '404', u'content-length': '134', 'content-location': 'http://10.167.4.35:9696/v2.0/trunks/5e67b7e6-bcd5-4af6-b5eb-32165cb855cc', u'date': 'Tue, 19 Mar 2019 06:57:31 GMT', u'content-type': 'application/json', u'connection': 'close', u'x-openstack-request-id': 'req-a3abfb40-fbc5-47f8-9d06-50f469dd0f0a'} Body: {"NeutronError": {"message": "Trunk 5e67b7e6-bcd5-4af6-b5eb-32165cb855cc could not be found.", "type": "TrunkNotFound", "detail": ""}} _log_request_full /root/.rally/verification/verifier-291ac1a1-b8ef-4587-ab6f-19dff4d665e0/repo/tempest/lib/common/rest_client.py:437
2019-03-19 06:57:31.770 13337 INFO tempest.lib.common.rest_client [req-505d7f1c-90cf-436e-a1a8-e05e8c5cfe87 ] Request (TrunkTestJSON:_run_cleanups): 404 GET http://10.167.4.35:9696/v2.0/trunks/9631a8d6-9410-465c-81a3-e09440a33c73/get_subports 0.012s
2019-03-19 06:57:31.770 13337 DEBUG tempest.lib.common.rest_client [req-505d7f1c-90cf-436e-a1a8-e05e8c5cfe87 ] Request - Headers: {'Content-Type': 'application/json', 'Accept': 'application/json', 'X-Auth-Token': ''} Body: None Response - Headers: {'status': '404', u'content-length': '134', 'content-location': 'http://10.167.4.35:9696/v2.0/trunks/9631a8d6-9410-465c-81a3-e09440a33c73/get_subports', u'date': 'Tue, 19 Mar 2019 06:57:31 GMT', u'content-type': 'application/json', u'connection': 'close', u'x-openstack-request-id': 'req-505d7f1c-90cf-436e-a1a8-e05e8c5cfe87'} Body: {"NeutronError": {"message": "Trunk 9631a8d6-9410-465c-81a3-e09440a33c73 could not be found.", "type": "TrunkNotFound", "detail": ""}} _log_request_full /root/.rally/verification/verifier-291ac1a1-b8ef-4587-ab6f-19dff4d665e0/repo/tempest/lib/common/rest_client.py:437
2019-03-19 06:57:31.772 13341 INFO tempest.lib.common.rest_client [req-2ea12744-aafa-421e-9b52-c0684570d68e ] Request (TrunkTestJSON:_run_cleanups): 404 DELETE http://10.167.4.35:9696/v2.0/networks/bbbb73ec-31f9-4455-90e6-23a075f6bece 0.020s
2019-03-19 06:57:31.772 13341 DEBUG tempest.lib.common.rest_client [req-2ea12744-aafa-421e-9b52-c0684570d68e ] Request - Headers: {'Content-Type': 'application/json', 'Accept': 'application/json', 'X-Auth-Token': ''} Body: None Response - Headers: {'status': '404', u'content-length': '138', 'content-location': 'http://10.167.4.35:9696/v2.0/networks/bbbb73ec-31f9-4455-90e6-23a075f6bece', u'date': 'Tue, 19 Mar 2019 06:57:31 GMT', u'content-type': 'application/json', u'connection': 'close', u'x-openstack-request-id': 'req-2ea12744-aafa-421e-9b52-c0684570d68e'} Body: {"NeutronError": {"message": "Network bbbb73ec-31f9-4455-90e6-23a075f6bece could not be found.", "type": "NetworkNotFound", "detail": ""}} _log_request_full /root/.rally/verification/verifier-291ac1a1-b8ef-4587-ab6f-19dff4d665e0/repo/tempest/lib/common/rest_client.py:437
2019-03-19 06:57:31.785 13337 INFO tempest.lib.common.rest_client [req-0497ecdb-dd40-4482-b411-b360904fbbfb ] Request (TrunkTestJSON:_run_cleanups): 404 DELETE http://10.167.4.35:9696/v2.0/trunks/9631a8d6-9410-465c-81a3-e09440a33c73 0.014s
2019-03-19 06:57:31.786 13337 DEBUG tempest.lib.common.rest_client [req-0497ecdb-dd40-4482-b411-b360904fbbfb ] Request - Headers: {'Content-Type': 'application/json', 'Accept': 'application/json', 'X-Auth-Token': ''} Body: None Response - Headers: {'status': '404', u'content-length': '134', 'content-location': 'http://10.167.4.35:9696/v2.0/trunks/9631a8d6-9410-465c-81a3-e09440a33c73', u'date': 'Tue, 19 Mar 2019 06:57:31 GMT', u'content-type': 'application/json', u'connection': 'close', u'x-openstack-request-id': 'req-0497ecdb-dd40-4482-b411-b360904fbbfb'} Body: {"NeutronError": {"message": "Trunk 9631a8d6-9410-465c-81a3-e09440a33c73 could not be found.", "type": "TrunkNotFound", "detail": ""}} _log_request_full /root/.rally/verification/verifier-291ac1a1-b8ef-4587-ab6f-19dff4d665e0/repo/tempest/lib/common/rest_client.py:437
2019-03-19 06:57:31.793 13341 INFO tempest.lib.common.rest_client [req-3ed9b749-0daf-42dc-b397-46f3c679c228 ] Request (TrunkTestJSON:_run_cleanups): 404 DELETE http://10.167.4.35:9696/v2.0/networks/02dfa6fe-04c1-49b5-bb6c-45561bd84b8e 0.019s
2019-03-19 06:57:31.793 13341 DEBUG tempest.lib.common.rest_client [req-3ed9b749-0daf-42dc-b397-46f3c679c228 ] Request - Headers: {'Content-Type': 'application/json', 'Accept': 'application/json', 'X-Auth-Token': ''} Body: None Response - Headers: {'status': '404', u'content-length': '138', 'content-location': 'http://10.167.4.35:9696/v2.0/networks/02dfa6fe-04c1-49b5-bb6c-45561bd84b8e', u'date': 'Tue, 19 Mar 2019 06:57:31 GMT', u'content-type': 'application/json', u'connection': 'close', u'x-openstack-request-id': 'req-3ed9b749-0daf-42dc-b397-46f3c679c228'} Body: {"NeutronError": {"message": "Network 02dfa6fe-04c1-49b5-bb6c-45561bd84b8e could not be found.", "type": "NetworkNotFound", "detail": ""}} _log_request_full /root/.rally/verification/verifier-291ac1a1-b8ef-4587-ab6f-19dff4d665e0/repo/tempest/lib/common/rest_client.py:437
2019-03-19 06:57:31.814 13341 INFO tempest.lib.common.rest_client [req-5f61b36f-26df-4a31-bd02-78ba0c939a17 ] Request (TrunkTestJSON:_run_cleanups): 404 DELETE http://10.167.4.35:9696/v2.0/networks/93897b1f-2ae1-4317-9ddb-e67946cc3746 0.020s
2019-03-19 06:57:31.815 13337 INFO tempest.lib.common.rest_client [req-d0ee29a1-087f-4b71-82af-fd99cda3c5dc ] Request (TrunkTestJSON:_run_cleanups): 200 GET http://10.167.4.35:9696/v2.0/trunks/9ed5f9d8-a055-4e76-8b95-4f6746382087/get_subports 0.028s
2019-03-19 06:57:31.815 13341 DEBUG tempest.lib.common.rest_client [req-5f61b36f-26df-4a31-bd02-78ba0c939a17 ] Request - Headers: {'Content-Type': 'application/json', 'Accept': 'application/json', 'X-Auth-Token': ''} Body: None Response - Headers: {'status': '404', u'content-length': '138', 'content-location': 'http://10.167.4.35:9696/v2.0/networks/93897b1f-2ae1-4317-9ddb-e67946cc3746', u'date': 'Tue, 19 Mar 2019 06:57:31 GMT', u'content-type': 'application/json', u'connection': 'close', u'x-openstack-request-id': 'req-5f61b36f-26df-4a31-bd02-78ba0c939a17'} Body: {"NeutronError": {"message": "Network 93897b1f-2ae1-4317-9ddb-e67946cc3746 could not be found.", "type": "NetworkNotFound", "detail": ""}} _log_request_full /root/.rally/verification/verifier-291ac1a1-b8ef-4587-ab6f-19dff4d665e0/repo/tempest/lib/common/rest_client.py:437
2019-03-19 06:57:31.815 13337 DEBUG tempest.lib.common.rest_client [req-d0ee29a1-087f-4b71-82af-fd99cda3c5dc ] Request - Headers: {'Content-Type': 'application/json', 'Accept': 'application/json', 'X-Auth-Token': ''} Body: None Response - Headers: {'status': '200', u'content-length': '119', 'content-location': 'http://10.167.4.35:9696/v2.0/trunks/9ed5f9d8-a055-4e76-8b95-4f6746382087/get_subports', u'date': 'Tue, 19 Mar 2019 06:57:31 GMT', u'content-type': 'application/json', u'connection': 'close', u'x-openstack-request-id': 'req-d0ee29a1-087f-4b71-82af-fd99cda3c5dc'} Body: {"sub_ports": [{"segmentation_type": "vlan", "port_id": "297cbc7f-dec9-4be6-ac41-473326a2ae6f", "segmentation_id": 4}]} _log_request_full /root/.rally/verification/verifier-291ac1a1-b8ef-4587-ab6f-19dff4d665e0/repo/tempest/lib/common/rest_client.py:437
2019-03-19 06:57:31.836 13341 INFO tempest.lib.common.rest_client [req-50d0393c-b86f-4882-b08d-1b85a552d3b9 ] Request (TrunkTestJSON:_run_cleanups): 404 DELETE http://10.167.4.35:9696/v2.0/networks/8f83c1f3-f42c-471f-88cb-690272fedc84 0.020s
2019-03-19 06:57:31.836 13341 DEBUG tempest.lib.common.rest_client [req-50d0393c-b86f-4882-b08d-1b85a552d3b9 ] Request - Headers: {'Content-Type': 'application/json', 'Accept': 'application/json', 'X-Auth-Token': ''} Body: None Response - Headers: {'status': '404', u'content-length': '138', 'content-location': 'http://10.167.4.35:9696/v2.0/networks/8f83c1f3-f42c-471f-88cb-690272fedc84', u'date': 'Tue, 19 Mar 2019 06:57:31 GMT', u'content-type': 'application/json', u'connection': 'close', u'x-openstack-request-id': 'req-50d0393c-b86f-4882-b08d-1b85a552d3b9'} Body: {"NeutronError": {"message": "Network 8f83c1f3-f42c-471f-88cb-690272fedc84 could not be found.", "type": "NetworkNotFound", "detail": ""}} _log_request_full /root/.rally/verification/verifier-291ac1a1-b8ef-4587-ab6f-19dff4d665e0/repo/tempest/lib/common/rest_client.py:437
2019-03-19 06:57:31.860 13341 INFO tempest.lib.common.rest_client [req-fc8d5b68-6c59-4f10-9581-62674cc18aa7 ] Request (TrunkTestJSON:_run_cleanups): 404 DELETE http://10.167.4.35:9696/v2.0/networks/961de2c8-bea7-46ba-9321-a80eeadb2989 0.022s
2019-03-19 06:57:31.860 13341 DEBUG tempest.lib.common.rest_client [req-fc8d5b68-6c59-4f10-9581-62674cc18aa7 ] Request - Headers: {'Content-Type': 'application/json', 'Accept': 'application/json', 'X-Auth-Token': ''} Body: None Response - Headers: {'status': '404', u'content-length': '138', 'content-location': 'http://10.167.4.35:9696/v2.0/networks/961de2c8-bea7-46ba-9321-a80eeadb2989', u'date': 'Tue, 19 Mar 2019 06:57:31 GMT', u'content-type': 'application/json', u'connection': 'close', u'x-openstack-request-id': 'req-fc8d5b68-6c59-4f10-9581-62674cc18aa7'} Body: {"NeutronError": {"message": "Network 961de2c8-bea7-46ba-9321-a80eeadb2989 could not be found.", "type": "NetworkNotFound", "detail": ""}} _log_request_full /root/.rally/verification/verifier-291ac1a1-b8ef-4587-ab6f-19dff4d665e0/repo/tempest/lib/common/rest_client.py:437
2019-03-19 06:57:31.884 13341 INFO tempest.lib.common.rest_client [req-76b2831d-79f7-4720-8761-c669c1a47e2b ] Request (TrunkTestJSON:_run_cleanups): 404 DELETE http://10.167.4.35:9696/v2.0/networks/7bd2c8a7-6388-48ae-b687-2e2e831f0067 0.023s
2019-03-19 06:57:31.884 13341 DEBUG tempest.lib.common.rest_client [req-76b2831d-79f7-4720-8761-c669c1a47e2b ] Request - Headers: {'Content-Type': 'application/json', 'Accept': 'application/json', 'X-Auth-Token': ''} Body: None Response - Headers: {'status': '404', u'content-length': '138', 'content-location': 'http://10.167.4.35:9696/v2.0/networks/7bd2c8a7-6388-48ae-b687-2e2e831f0067', u'date': 'Tue, 19 Mar 2019 06:57:31 GMT', u'content-type': 'application/json', u'connection': 'close', u'x-openstack-request-id': 'req-76b2831d-79f7-4720-8761-c669c1a47e2b'} Body: {"NeutronError": {"message": "Network 7bd2c8a7-6388-48ae-b687-2e2e831f0067 could not be found.", "type": "NetworkNotFound", "detail": ""}} _log_request_full /root/.rally/verification/verifier-291ac1a1-b8ef-4587-ab6f-19dff4d665e0/repo/tempest/lib/common/rest_client.py:437
2019-03-19 06:57:31.938 13337 INFO tempest.lib.common.rest_client [req-aa713549-2bcc-4592-a5d4-7ce28186f949 ] Request (TrunkTestJSON:_run_cleanups): 200 PUT http://10.167.4.35:9696/v2.0/trunks/9ed5f9d8-a055-4e76-8b95-4f6746382087/remove_subports 0.121s
2019-03-19 06:57:31.938 13337 DEBUG tempest.lib.common.rest_client [req-aa713549-2bcc-4592-a5d4-7ce28186f949 ] Request - Headers: {'Content-Type': 'application/json', 'Accept': 'application/json', 'X-Auth-Token': ''} Body: {"sub_ports": [{"port_id": "297cbc7f-dec9-4be6-ac41-473326a2ae6f", "segmentation_type": "vlan", "segmentation_id": 4}]} Response - Headers: {'status': '200', u'content-length': '398', 'content-location': 'http://10.167.4.35:9696/v2.0/trunks/9ed5f9d8-a055-4e76-8b95-4f6746382087/remove_subports', u'date': 'Tue, 19 Mar 2019 06:57:31 GMT', u'content-type': 'application/json', u'connection': 'close', u'x-openstack-request-id': 'req-aa713549-2bcc-4592-a5d4-7ce28186f949'} Body: {"status": "ACTIVE", "sub_ports": [], "name": "", "admin_state_up": true, "tenant_id": "b0780ac766974fe5bca569ca8b3744a9", "created_at": "2019-03-19T06:57:31Z", "tags": [], "updated_at": "2019-03-19T06:57:31Z", "revision_number": 7, "project_id": "b0780ac766974fe5bca569ca8b3744a9", "port_id": "917503f8-1b89-4f2e-8275-b4ac2eea7dd7", "id": "9ed5f9d8-a055-4e76-8b95-4f6746382087", "description": ""} _log_request_full /root/.rally/verification/verifier-291ac1a1-b8ef-4587-ab6f-19dff4d665e0/repo/tempest/lib/common/rest_client.py:437
2019-03-19 06:57:32.253 13337 INFO tempest.lib.common.rest_client [req-9e429795-3680-4573-96e7-e89270ecbf68 ] Request (TrunkTestJSON:_run_cleanups): 204 DELETE http://10.167.4.35:9696/v2.0/trunks/9ed5f9d8-a055-4e76-8b95-4f6746382087 0.313s
2019-03-19 06:57:32.253 13337 DEBUG tempest.lib.common.rest_client [req-9e429795-3680-4573-96e7-e89270ecbf68 ] Request - Headers: {'Content-Type': 'application/json', 'Accept': 'application/json', 'X-Auth-Token': ''} Body: None Response - Headers: {'status': '204', u'content-length': '0', 'content-location': 'http://10.167.4.35:9696/v2.0/trunks/9ed5f9d8-a055-4e76-8b95-4f6746382087', u'date': 'Tue, 19 Mar 2019 06:57:32 GMT', u'connection': 'close', u'x-openstack-request-id': 'req-9e429795-3680-4573-96e7-e89270ecbf68'} Body: _log_request_full /root/.rally/verification/verifier-291ac1a1-b8ef-4587-ab6f-19dff4d665e0/repo/tempest/lib/common/rest_client.py:437
2019-03-19 06:57:32.269 13337 INFO tempest.lib.common.rest_client [req-223a494c-6f6a-4c2a-be81-38dba065212d ] Request (TrunkTestJSON:_run_cleanups): 404 GET http://10.167.4.35:9696/v2.0/trunks/8c67d108-3df9-4e93-8a34-a4eef762c62f 0.014s
2019-03-19 06:57:32.269 13337 DEBUG tempest.lib.common.rest_client [req-223a494c-6f6a-4c2a-be81-38dba065212d ] Request - Headers: {'Content-Type': 'application/json', 'Accept': 'application/json', 'X-Auth-Token': ''} Body: None Response - Headers: {'status': '404', u'content-length': '134', 'content-location': 'http://10.167.4.35:9696/v2.0/trunks/8c67d108-3df9-4e93-8a34-a4eef762c62f', u'date': 'Tue, 19 Mar 2019 06:57:32 GMT', u'content-type': 'application/json', u'connection': 'close', u'x-openstack-request-id': 'req-223a494c-6f6a-4c2a-be81-38dba065212d'} Body: {"NeutronError": {"message": "Trunk 8c67d108-3df9-4e93-8a34-a4eef762c62f could not be found.", "type": "TrunkNotFound", "detail": ""}} _log_request_full /root/.rally/verification/verifier-291ac1a1-b8ef-4587-ab6f-19dff4d665e0/repo/tempest/lib/common/rest_client.py:437
2019-03-19 06:57:32.286 13337 INFO tempest.lib.common.rest_client [req-f554ba4e-0350-486a-977a-87653d995108 ] Request (TrunkTestJSON:_run_cleanups): 404 GET http://10.167.4.35:9696/v2.0/trunks/56c96079-28dc-42fe-a53a-0dce1111f396 0.016s
2019-03-19 06:57:32.287 13337 DEBUG tempest.lib.common.rest_client [req-f554ba4e-0350-486a-977a-87653d995108 ] Request - Headers: {'Content-Type': 'application/json', 'Accept': 'application/json', 'X-Auth-Token': ''} Body: None Response - Headers: {'status': '404', u'content-length': '134', 'content-location': 'http://10.167.4.35:9696/v2.0/trunks/56c96079-28dc-42fe-a53a-0dce1111f396', u'date': 'Tue, 19 Mar 2019 06:57:32 GMT', u'content-type': 'application/json', u'connection': 'close', u'x-openstack-request-id': 'req-f554ba4e-0350-486a-977a-87653d995108'} Body: {"NeutronError": {"message": "Trunk 56c96079-28dc-42fe-a53a-0dce1111f396 could not be found.", "type": "TrunkNotFound", "detail": ""}} _log_request_full /root/.rally/verification/verifier-291ac1a1-b8ef-4587-ab6f-19dff4d665e0/repo/tempest/lib/common/rest_client.py:437
2019-03-19 06:57:32.303 13337 INFO tempest.lib.common.rest_client [req-b495ba12-ea68-4913-abac-faebe3fdac82 ] Request (TrunkTestJSON:_run_cleanups): 404 GET http://10.167.4.35:9696/v2.0/trunks/cfba927f-2061-47a6-b3f5-87efdfbcd1c0 0.015s
2019-03-19 06:57:32.303 13337 DEBUG tempest.lib.common.rest_client [req-b495ba12-ea68-4913-abac-faebe3fdac82 ] Request - Headers: {'Content-Type': 'application/json', 'Accept': 'application/json', 'X-Auth-Token': ''} Body: None Response - Headers: {'status': '404', u'content-length': '134', 'content-location': 'http://10.167.4.35:9696/v2.0/trunks/cfba927f-2061-47a6-b3f5-87efdfbcd1c0', u'date': 'Tue, 19 Mar 2019 06:57:32 GMT', u'content-type': 'application/json', u'connection': 'close', u'x-openstack-request-id': 'req-b495ba12-ea68-4913-abac-faebe3fdac82'} Body: {"NeutronError": {"message": "Trunk cfba927f-2061-47a6-b3f5-87efdfbcd1c0 could not be found.", "type": "TrunkNotFound", "detail": ""}} _log_request_full /root/.rally/verification/verifier-291ac1a1-b8ef-4587-ab6f-19dff4d665e0/repo/tempest/lib/common/rest_client.py:437
2019-03-19 06:57:32.318 13337 INFO tempest.lib.common.rest_client [req-bf20b8ae-22f9-4125-b58a-29e49c7925c3 ] Request (TrunkTestJSON:_run_cleanups): 404 GET http://10.167.4.35:9696/v2.0/trunks/5f58f6c3-cf15-4a2f-9890-25340c971e56 0.014s
2019-03-19 06:57:32.318 13337 DEBUG tempest.lib.common.rest_client [req-bf20b8ae-22f9-4125-b58a-29e49c7925c3 ] Request - Headers: {'Content-Type': 'application/json', 'Accept': 'application/json', 'X-Auth-Token': ''} Body: None Response - Headers: {'status': '404', u'content-length': '134', 'content-location': 'http://10.167.4.35:9696/v2.0/trunks/5f58f6c3-cf15-4a2f-9890-25340c971e56', u'date': 'Tue, 19 Mar 2019 06:57:32 GMT', u'content-type': 'application/json', u'connection': 'close', u'x-openstack-request-id': 'req-bf20b8ae-22f9-4125-b58a-29e49c7925c3'} Body: {"NeutronError": {"message": "Trunk 5f58f6c3-cf15-4a2f-9890-25340c971e56 could not be found.", "type": "TrunkNotFound", "detail": ""}} _log_request_full /root/.rally/verification/verifier-291ac1a1-b8ef-4587-ab6f-19dff4d665e0/repo/tempest/lib/common/rest_client.py:437
2019-03-19 06:57:32.335 13337 INFO tempest.lib.common.rest_client [req-ffff3b74-3a93-4c38-95d9-c65031494789 ] Request (TrunkTestJSON:_run_cleanups): 404 GET http://10.167.4.35:9696/v2.0/trunks/1c020947-a6a6-4144-9dc7-d8aa05b882cd 0.016s
2019-03-19 06:57:32.335 13337 DEBUG tempest.lib.common.rest_client [req-ffff3b74-3a93-4c38-95d9-c65031494789 ] Request - Headers: {'Content-Type': 'application/json', 'Accept': 'application/json', 'X-Auth-Token': ''} Body: None Response - Headers: {'status': '404', u'content-length': '134', 'content-location': 'http://10.167.4.35:9696/v2.0/trunks/1c020947-a6a6-4144-9dc7-d8aa05b882cd', u'date': 'Tue, 19 Mar 2019 06:57:32 GMT', u'content-type': 'application/json', u'connection': 'close', u'x-openstack-request-id': 'req-ffff3b74-3a93-4c38-95d9-c65031494789'} Body: {"NeutronError": {"message": "Trunk 1c020947-a6a6-4144-9dc7-d8aa05b882cd could not be found.", "type": "TrunkNotFound", "detail": ""}} _log_request_full /root/.rally/verification/verifier-291ac1a1-b8ef-4587-ab6f-19dff4d665e0/repo/tempest/lib/common/rest_client.py:437
2019-03-19 06:57:32.352 13337 INFO tempest.lib.common.rest_client [req-1a735af5-bb56-4d4b-a0f9-bc1f50c32fed ] Request (TrunkTestJSON:_run_cleanups): 404 GET http://10.167.4.35:9696/v2.0/trunks/4223cf1f-d372-4b5a-b8cb-6eaead44d53e 0.016s
2019-03-19 06:57:32.353 13337 DEBUG tempest.lib.common.rest_client [req-1a735af5-bb56-4d4b-a0f9-bc1f50c32fed ] Request - Headers: {'Content-Type': 'application/json', 'Accept': 'application/json', 'X-Auth-Token': ''} Body: None Response - Headers: {'status': '404', u'content-length': '134', 'content-location': 'http://10.167.4.35:9696/v2.0/trunks/4223cf1f-d372-4b5a-b8cb-6eaead44d53e', u'date': 'Tue, 19 Mar 2019 06:57:32 GMT', u'content-type': 'application/json', u'connection': 'close', u'x-openstack-request-id': 'req-1a735af5-bb56-4d4b-a0f9-bc1f50c32fed'} Body: {"NeutronError": {"message": "Trunk 4223cf1f-d372-4b5a-b8cb-6eaead44d53e could not be found.", "type": "TrunkNotFound", "detail": ""}} _log_request_full /root/.rally/verification/verifier-291ac1a1-b8ef-4587-ab6f-19dff4d665e0/repo/tempest/lib/common/rest_client.py:437
2019-03-19 06:57:32.368 13337 INFO tempest.lib.common.rest_client [req-50a62b37-c5e7-44c1-8ac6-6bbf53b2c03d ] Request (TrunkTestJSON:_run_cleanups): 404 GET http://10.167.4.35:9696/v2.0/trunks/aa820f40-4bc5-4f91-a499-3bca12812081 0.014s
2019-03-19 06:57:32.369 13337 DEBUG tempest.lib.common.rest_client [req-50a62b37-c5e7-44c1-8ac6-6bbf53b2c03d ] Request - Headers: {'Content-Type': 'application/json', 'Accept': 'application/json', 'X-Auth-Token': ''} Body: None Response - Headers: {'status': '404', u'content-length': '134', 'content-location': 'http://10.167.4.35:9696/v2.0/trunks/aa820f40-4bc5-4f91-a499-3bca12812081', u'date': 'Tue, 19 Mar 2019 06:57:32 GMT', u'content-type': 'application/json', u'connection': 'close', u'x-openstack-request-id': 'req-50a62b37-c5e7-44c1-8ac6-6bbf53b2c03d'} Body: {"NeutronError": {"message": "Trunk aa820f40-4bc5-4f91-a499-3bca12812081 could not be found.", "type": "TrunkNotFound", "detail": ""}} _log_request_full /root/.rally/verification/verifier-291ac1a1-b8ef-4587-ab6f-19dff4d665e0/repo/tempest/lib/common/rest_client.py:437
2019-03-19 06:57:32.385 13337 INFO tempest.lib.common.rest_client [req-aa3835b4-e187-4007-8e84-3dd2d37c9a96 ] Request (TrunkTestJSON:_run_cleanups): 404 GET http://10.167.4.35:9696/v2.0/trunks/a96075e8-2b13-445e-8350-f3f7be35860e 0.016s
2019-03-19 06:57:32.386 13337 DEBUG tempest.lib.common.rest_client [req-aa3835b4-e187-4007-8e84-3dd2d37c9a96 ] Request - Headers: {'Content-Type': 'application/json', 'Accept': 'application/json', 'X-Auth-Token': ''} Body: None Response - Headers: {'status': '404', u'content-length': '134', 'content-location': 'http://10.167.4.35:9696/v2.0/trunks/a96075e8-2b13-445e-8350-f3f7be35860e', u'date': 'Tue, 19 Mar 2019 06:57:32 GMT', u'content-type': 'application/json', u'connection': 'close', u'x-openstack-request-id': 'req-aa3835b4-e187-4007-8e84-3dd2d37c9a96'} Body: {"NeutronError": {"message": "Trunk a96075e8-2b13-445e-8350-f3f7be35860e could not be found.", "type": "TrunkNotFound", "detail": ""}} _log_request_full /root/.rally/verification/verifier-291ac1a1-b8ef-4587-ab6f-19dff4d665e0/repo/tempest/lib/common/rest_client.py:437
2019-03-19 06:57:32.401 13337 INFO tempest.lib.common.rest_client [req-29b2d6bc-968b-45e0-bf9a-6dff7a0cbd44 ] Request (TrunkTestJSON:_run_cleanups): 404 GET http://10.167.4.35:9696/v2.0/trunks/5e67b7e6-bcd5-4af6-b5eb-32165cb855cc 0.014s
2019-03-19 06:57:32.401 13337 DEBUG tempest.lib.common.rest_client [req-29b2d6bc-968b-45e0-bf9a-6dff7a0cbd44 ] Request - Headers: {'Content-Type': 'application/json', 'Accept': 'application/json', 'X-Auth-Token': ''} Body: None Response - Headers: {'status': '404', u'content-length': '134', 'content-location': 'http://10.167.4.35:9696/v2.0/trunks/5e67b7e6-bcd5-4af6-b5eb-32165cb855cc', u'date': 'Tue, 19 Mar 2019 06:57:32 GMT', u'content-type': 'application/json', u'connection': 'close', u'x-openstack-request-id': 'req-29b2d6bc-968b-45e0-bf9a-6dff7a0cbd44'} Body: {"NeutronError": {"message": "Trunk 5e67b7e6-bcd5-4af6-b5eb-32165cb855cc could not be found.", "type": "TrunkNotFound", "detail": ""}} _log_request_full /root/.rally/verification/verifier-291ac1a1-b8ef-4587-ab6f-19dff4d665e0/repo/tempest/lib/common/rest_client.py:437
2019-03-19 06:57:32.415 13337 INFO tempest.lib.common.rest_client [req-381421ed-b903-4052-abb5-c8203c69b105 ] Request (TrunkTestJSON:_run_cleanups): 404 GET http://10.167.4.35:9696/v2.0/trunks/9631a8d6-9410-465c-81a3-e09440a33c73 0.013s
2019-03-19 06:57:32.416 13337 DEBUG tempest.lib.common.rest_client [req-381421ed-b903-4052-abb5-c8203c69b105 ] Request - Headers: {'Content-Type': 'application/json', 'Accept': 'application/json', 'X-Auth-Token': ''} Body: None Response - Headers: {'status': '404', u'content-length': '134', 'content-location': 'http://10.167.4.35:9696/v2.0/trunks/9631a8d6-9410-465c-81a3-e09440a33c73', u'date': 'Tue, 19 Mar 2019 06:57:32 GMT', u'content-type': 'application/json', u'connection': 'close', u'x-openstack-request-id': 'req-381421ed-b903-4052-abb5-c8203c69b105'} Body: {"NeutronError": {"message": "Trunk 9631a8d6-9410-465c-81a3-e09440a33c73 could not be found.", "type": "TrunkNotFound", "detail": ""}} _log_request_full /root/.rally/verification/verifier-291ac1a1-b8ef-4587-ab6f-19dff4d665e0/repo/tempest/lib/common/rest_client.py:437
2019-03-19 06:57:32.431 13337 INFO tempest.lib.common.rest_client [req-787dc9cc-e3d2-42ae-8d2b-f944c40e413b ] Request (TrunkTestJSON:_run_cleanups): 404 GET http://10.167.4.35:9696/v2.0/trunks/9ed5f9d8-a055-4e76-8b95-4f6746382087 0.014s
2019-03-19 06:57:32.431 13337 DEBUG tempest.lib.common.rest_client [req-787dc9cc-e3d2-42ae-8d2b-f944c40e413b ] Request - Headers: {'Content-Type': 'application/json', 'Accept': 'application/json', 'X-Auth-Token': ''} Body: None Response - Headers: {'status': '404', u'content-length': '134', 'content-location': 'http://10.167.4.35:9696/v2.0/trunks/9ed5f9d8-a055-4e76-8b95-4f6746382087', u'date': 'Tue, 19 Mar 2019 06:57:32 GMT', u'content-type': 'application/json', u'connection': 'close', u'x-openstack-request-id': 'req-787dc9cc-e3d2-42ae-8d2b-f944c40e413b'} Body: {"NeutronError": {"message": "Trunk 9ed5f9d8-a055-4e76-8b95-4f6746382087 could not be found.", "type": "TrunkNotFound", "detail": ""}} _log_request_full /root/.rally/verification/verifier-291ac1a1-b8ef-4587-ab6f-19dff4d665e0/repo/tempest/lib/common/rest_client.py:437
2019-03-19 06:57:32.466 13337 INFO tempest.lib.common.rest_client [req-38883d87-0ebf-467b-bcae-ef65144f8247 ] Request (TrunkTestJSON:_run_cleanups): 404 DELETE http://10.167.4.35:9696/v2.0/ports/e18755c6-bf0a-400f-80c7-8011d6377f0a 0.034s
2019-03-19 06:57:32.467 13337 DEBUG tempest.lib.common.rest_client [req-38883d87-0ebf-467b-bcae-ef65144f8247 ] Request - Headers: {'Content-Type': 'application/json', 'Accept': 'application/json', 'X-Auth-Token': ''} Body: None Response - Headers: {'status': '404', u'content-length': '132', 'content-location': 'http://10.167.4.35:9696/v2.0/ports/e18755c6-bf0a-400f-80c7-8011d6377f0a', u'date': 'Tue, 19 Mar 2019 06:57:32 GMT', u'content-type': 'application/json', u'connection': 'close', u'x-openstack-request-id': 'req-38883d87-0ebf-467b-bcae-ef65144f8247'} Body: {"NeutronError": {"message": "Port e18755c6-bf0a-400f-80c7-8011d6377f0a could not be found.", "type": "PortNotFound", "detail": ""}} _log_request_full /root/.rally/verification/verifier-291ac1a1-b8ef-4587-ab6f-19dff4d665e0/repo/tempest/lib/common/rest_client.py:437
2019-03-19 06:57:32.504 13337 INFO tempest.lib.common.rest_client [req-720e8d83-16ad-4730-ba4a-8f087f6a7b1a ] Request (TrunkTestJSON:_run_cleanups): 404 DELETE http://10.167.4.35:9696/v2.0/ports/837dffc3-0a98-49e0-8398-44c2c6d0668d 0.036s
2019-03-19 06:57:32.505 13337 DEBUG tempest.lib.common.rest_client [req-720e8d83-16ad-4730-ba4a-8f087f6a7b1a ] Request - Headers: {'Content-Type': 'application/json', 'Accept': 'application/json', 'X-Auth-Token': ''} Body: None Response - Headers: {'status': '404', u'content-length': '132', 'content-location': 'http://10.167.4.35:9696/v2.0/ports/837dffc3-0a98-49e0-8398-44c2c6d0668d', u'date': 'Tue, 19 Mar 2019 06:57:32 GMT', u'content-type': 'application/json', u'connection': 'close', u'x-openstack-request-id': 'req-720e8d83-16ad-4730-ba4a-8f087f6a7b1a'} Body: {"NeutronError": {"message": "Port 837dffc3-0a98-49e0-8398-44c2c6d0668d could not be found.", "type": "PortNotFound", "detail": ""}} _log_request_full /root/.rally/verification/verifier-291ac1a1-b8ef-4587-ab6f-19dff4d665e0/repo/tempest/lib/common/rest_client.py:437
2019-03-19 06:57:32.548 13337 INFO tempest.lib.common.rest_client [req-34c76ab8-d79d-4487-863b-0cbcce00c5c1 ] Request (TrunkTestJSON:_run_cleanups): 404 DELETE http://10.167.4.35:9696/v2.0/ports/2e75c4cf-8743-45c7-b74c-177ccc67156f 0.042s
2019-03-19 06:57:32.549 13337 DEBUG tempest.lib.common.rest_client [req-34c76ab8-d79d-4487-863b-0cbcce00c5c1 ] Request - Headers: {'Content-Type': 'application/json', 'Accept': 'application/json', 'X-Auth-Token': ''} Body: None Response - Headers: {'status': '404', u'content-length': '132', 'content-location': 'http://10.167.4.35:9696/v2.0/ports/2e75c4cf-8743-45c7-b74c-177ccc67156f', u'date': 'Tue, 19 Mar 2019 06:57:32 GMT', u'content-type': 'application/json', u'connection': 'close', u'x-openstack-request-id': 'req-34c76ab8-d79d-4487-863b-0cbcce00c5c1'} Body: {"NeutronError": {"message": "Port 2e75c4cf-8743-45c7-b74c-177ccc67156f could not be found.", "type": "PortNotFound", "detail": ""}} _log_request_full /root/.rally/verification/verifier-291ac1a1-b8ef-4587-ab6f-19dff4d665e0/repo/tempest/lib/common/rest_client.py:437
2019-03-19 06:57:32.581 13337 INFO tempest.lib.common.rest_client [req-22e04de8-8feb-46d0-b430-6d63f1430e4d ] Request (TrunkTestJSON:_run_cleanups): 404 DELETE http://10.167.4.35:9696/v2.0/ports/db07668f-497e-44d3-ab32-35eb7bbac32d 0.031s
2019-03-19 06:57:32.582 13337 DEBUG tempest.lib.common.rest_client [req-22e04de8-8feb-46d0-b430-6d63f1430e4d ] Request - Headers: {'Content-Type': 'application/json', 'Accept': 'application/json', 'X-Auth-Token': ''} Body: None Response - Headers: {'status': '404', u'content-length': '132', 'content-location': 'http://10.167.4.35:9696/v2.0/ports/db07668f-497e-44d3-ab32-35eb7bbac32d', u'date': 'Tue, 19 Mar 2019 06:57:32 GMT', u'content-type': 'application/json', u'connection': 'close', u'x-openstack-request-id': 'req-22e04de8-8feb-46d0-b430-6d63f1430e4d'} Body: {"NeutronError": {"message": "Port db07668f-497e-44d3-ab32-35eb7bbac32d could not be found.", "type": "PortNotFound", "detail": ""}} _log_request_full /root/.rally/verification/verifier-291ac1a1-b8ef-4587-ab6f-19dff4d665e0/repo/tempest/lib/common/rest_client.py:437
2019-03-19 06:57:32.617 13337 INFO tempest.lib.common.rest_client [req-d52a4e3c-f45f-4c3e-8d73-97a4eec8458d ] Request (TrunkTestJSON:_run_cleanups): 404 DELETE http://10.167.4.35:9696/v2.0/ports/33c85025-bfe5-441d-9c90-fbdb9a081665 0.035s
2019-03-19 06:57:32.618 13337 DEBUG tempest.lib.common.rest_client [req-d52a4e3c-f45f-4c3e-8d73-97a4eec8458d ] Request - Headers: {'Content-Type': 'application/json', 'Accept': 'application/json', 'X-Auth-Token': ''} Body: None Response - Headers: {'status': '404', u'content-length': '132', 'content-location': 'http://10.167.4.35:9696/v2.0/ports/33c85025-bfe5-441d-9c90-fbdb9a081665', u'date': 'Tue, 19 Mar 2019 06:57:32 GMT', u'content-type': 'application/json', u'connection': 'close', u'x-openstack-request-id': 'req-d52a4e3c-f45f-4c3e-8d73-97a4eec8458d'} Body: {"NeutronError": {"message": "Port 33c85025-bfe5-441d-9c90-fbdb9a081665 could not be found.", "type": "PortNotFound", "detail": ""}} _log_request_full /root/.rally/verification/verifier-291ac1a1-b8ef-4587-ab6f-19dff4d665e0/repo/tempest/lib/common/rest_client.py:437
2019-03-19 06:57:32.647 13337 INFO tempest.lib.common.rest_client [req-e10d39ee-07c0-4fdf-a118-873ce3b7e3d0 ] Request (TrunkTestJSON:_run_cleanups): 404 DELETE http://10.167.4.35:9696/v2.0/ports/7f6ff4e7-44b5-412a-8829-5fa1918ccfc9 0.028s
2019-03-19 06:57:32.647 13337 DEBUG tempest.lib.common.rest_client [req-e10d39ee-07c0-4fdf-a118-873ce3b7e3d0 ] Request - Headers: {'Content-Type': 'application/json', 'Accept': 'application/json', 'X-Auth-Token': ''} Body: None Response - Headers: {'status': '404', u'content-length': '132', 'content-location': 'http://10.167.4.35:9696/v2.0/ports/7f6ff4e7-44b5-412a-8829-5fa1918ccfc9', u'date': 'Tue, 19 Mar 2019 06:57:32 GMT', u'content-type': 'application/json', u'connection': 'close', u'x-openstack-request-id': 'req-e10d39ee-07c0-4fdf-a118-873ce3b7e3d0'} Body: {"NeutronError": {"message": "Port 7f6ff4e7-44b5-412a-8829-5fa1918ccfc9 could not be found.", "type": "PortNotFound", "detail": ""}} _log_request_full /root/.rally/verification/verifier-291ac1a1-b8ef-4587-ab6f-19dff4d665e0/repo/tempest/lib/common/rest_client.py:437
2019-03-19 06:57:32.683 13337 INFO tempest.lib.common.rest_client [req-53126835-6c73-429c-a646-63b31ef76db1 ] Request (TrunkTestJSON:_run_cleanups): 404 DELETE http://10.167.4.35:9696/v2.0/ports/3a051935-dd28-45a2-b8ab-29bd94ab75c7 0.034s
2019-03-19 06:57:32.683 13337 DEBUG tempest.lib.common.rest_client [req-53126835-6c73-429c-a646-63b31ef76db1 ] Request - Headers: {'Content-Type': 'application/json', 'Accept': 'application/json', 'X-Auth-Token': ''} Body: None Response - Headers: {'status': '404', u'content-length': '132', 'content-location': 'http://10.167.4.35:9696/v2.0/ports/3a051935-dd28-45a2-b8ab-29bd94ab75c7', u'date': 'Tue, 19 Mar 2019 06:57:32 GMT', u'content-type': 'application/json', u'connection': 'close', u'x-openstack-request-id': 'req-53126835-6c73-429c-a646-63b31ef76db1'} Body: {"NeutronError": {"message": "Port 3a051935-dd28-45a2-b8ab-29bd94ab75c7 could not be found.", "type": "PortNotFound", "detail": ""}} _log_request_full /root/.rally/verification/verifier-291ac1a1-b8ef-4587-ab6f-19dff4d665e0/repo/tempest/lib/common/rest_client.py:437
2019-03-19 06:57:32.715 13337 INFO tempest.lib.common.rest_client [req-61a1a46a-e49f-4f47-ac08-67e3c8f74808 ] Request (TrunkTestJSON:_run_cleanups): 404 DELETE http://10.167.4.35:9696/v2.0/ports/4c0fbcf6-90de-4b36-bb8c-2bf52ca64b75 0.031s
2019-03-19 06:57:32.716 13337 DEBUG tempest.lib.common.rest_client [req-61a1a46a-e49f-4f47-ac08-67e3c8f74808 ] Request - Headers: {'Content-Type': 'application/json', 'Accept': 'application/json', 'X-Auth-Token': ''} Body: None Response - Headers: {'status': '404', u'content-length': '132', 'content-location': 'http://10.167.4.35:9696/v2.0/ports/4c0fbcf6-90de-4b36-bb8c-2bf52ca64b75', u'date': 'Tue, 19 Mar 2019 06:57:32 GMT', u'content-type': 'application/json', u'connection': 'close', u'x-openstack-request-id': 'req-61a1a46a-e49f-4f47-ac08-67e3c8f74808'} Body: {"NeutronError": {"message": "Port 4c0fbcf6-90de-4b36-bb8c-2bf52ca64b75 could not be found.", "type": "PortNotFound", "detail": ""}} _log_request_full /root/.rally/verification/verifier-291ac1a1-b8ef-4587-ab6f-19dff4d665e0/repo/tempest/lib/common/rest_client.py:437
2019-03-19 06:57:32.748 13337 INFO tempest.lib.common.rest_client [req-82b6ee07-dccd-43e1-8fb5-26e6fdf2aaaa ] Request (TrunkTestJSON:_run_cleanups): 404 DELETE http://10.167.4.35:9696/v2.0/ports/d6fc15e9-0819-48db-9a48-4d484505d203 0.031s
2019-03-19 06:57:32.749 13337 DEBUG tempest.lib.common.rest_client [req-82b6ee07-dccd-43e1-8fb5-26e6fdf2aaaa ] Request - Headers: {'Content-Type': 'application/json', 'Accept': 'application/json', 'X-Auth-Token': ''} Body: None Response - Headers: {'status': '404', u'content-length': '132', 'content-location': 'http://10.167.4.35:9696/v2.0/ports/d6fc15e9-0819-48db-9a48-4d484505d203', u'date': 'Tue, 19 Mar 2019 06:57:32 GMT', u'content-type': 'application/json', u'connection': 'close', u'x-openstack-request-id': 'req-82b6ee07-dccd-43e1-8fb5-26e6fdf2aaaa'} Body: {"NeutronError": {"message": "Port d6fc15e9-0819-48db-9a48-4d484505d203 could not be found.", "type": "PortNotFound", "detail": ""}} _log_request_full /root/.rally/verification/verifier-291ac1a1-b8ef-4587-ab6f-19dff4d665e0/repo/tempest/lib/common/rest_client.py:437
2019-03-19 06:57:32.759 13341 INFO tempest.lib.common.rest_client [req-f7e4ef7d-abdf-43b4-92e4-0a96bd6e53df ] Request (TrunkTestJSON:_run_cleanups): 204 DELETE http://10.167.4.35:9696/v2.0/networks/975e32c2-0b0c-441c-a0ab-c83691e7ae37 0.874s
2019-03-19 06:57:32.760 13341 DEBUG tempest.lib.common.rest_client [req-f7e4ef7d-abdf-43b4-92e4-0a96bd6e53df ] Request - Headers: {'Content-Type': 'application/json', 'Accept': 'application/json', 'X-Auth-Token': ''} Body: None Response - Headers: {'status': '204', u'content-length': '0', 'content-location': 'http://10.167.4.35:9696/v2.0/networks/975e32c2-0b0c-441c-a0ab-c83691e7ae37', u'date': 'Tue, 19 Mar 2019 06:57:32 GMT', u'connection': 'close', u'x-openstack-request-id': 'req-f7e4ef7d-abdf-43b4-92e4-0a96bd6e53df'} Body: _log_request_full /root/.rally/verification/verifier-291ac1a1-b8ef-4587-ab6f-19dff4d665e0/repo/tempest/lib/common/rest_client.py:437
2019-03-19 06:57:32.780 13337 INFO tempest.lib.common.rest_client [req-d72c522a-5f90-49ce-a3f7-6321e25fb500 ] Request (TrunkTestJSON:_run_cleanups): 404 DELETE http://10.167.4.35:9696/v2.0/ports/06a3b96b-01bb-4873-9483-5daa6f1cb84d 0.030s
2019-03-19 06:57:32.781 13337 DEBUG tempest.lib.common.rest_client [req-d72c522a-5f90-49ce-a3f7-6321e25fb500 ] Request - Headers: {'Content-Type': 'application/json', 'Accept': 'application/json', 'X-Auth-Token': ''} Body: None Response - Headers: {'status': '404', u'content-length': '132', 'content-location': 'http://10.167.4.35:9696/v2.0/ports/06a3b96b-01bb-4873-9483-5daa6f1cb84d', u'date': 'Tue, 19 Mar 2019 06:57:32 GMT', u'content-type': 'application/json', u'connection': 'close', u'x-openstack-request-id': 'req-d72c522a-5f90-49ce-a3f7-6321e25fb500'} Body: {"NeutronError": {"message": "Port 06a3b96b-01bb-4873-9483-5daa6f1cb84d could not be found.", "type": "PortNotFound", "detail": ""}} _log_request_full /root/.rally/verification/verifier-291ac1a1-b8ef-4587-ab6f-19dff4d665e0/repo/tempest/lib/common/rest_client.py:437
2019-03-19 06:57:32.824 13337 INFO tempest.lib.common.rest_client [req-10e9c886-d0aa-4e66-9fc8-abc94e7dcc71 ] Request (TrunkTestJSON:_run_cleanups): 404 DELETE http://10.167.4.35:9696/v2.0/ports/2584fb2a-7bef-4c14-9ed8-4a5381f45229 0.042s
2019-03-19 06:57:32.824 13337 DEBUG tempest.lib.common.rest_client [req-10e9c886-d0aa-4e66-9fc8-abc94e7dcc71 ] Request - Headers: {'Content-Type': 'application/json', 'Accept': 'application/json', 'X-Auth-Token': ''} Body: None Response - Headers: {'status': '404', u'content-length': '132', 'content-location': 'http://10.167.4.35:9696/v2.0/ports/2584fb2a-7bef-4c14-9ed8-4a5381f45229', u'date': 'Tue, 19 Mar 2019 06:57:32 GMT', u'content-type': 'application/json', u'connection': 'close', u'x-openstack-request-id': 'req-10e9c886-d0aa-4e66-9fc8-abc94e7dcc71'} Body: {"NeutronError": {"message": "Port 2584fb2a-7bef-4c14-9ed8-4a5381f45229 could not be found.", "type": "PortNotFound", "detail": ""}} _log_request_full /root/.rally/verification/verifier-291ac1a1-b8ef-4587-ab6f-19dff4d665e0/repo/tempest/lib/common/rest_client.py:437
2019-03-19 06:57:32.865 13337 INFO tempest.lib.common.rest_client [req-97e5753c-7d86-45ab-8530-4b190d5ce9f2 ] Request (TrunkTestJSON:_run_cleanups): 404 DELETE http://10.167.4.35:9696/v2.0/ports/6ca7c8ba-995c-4813-b9b0-beac0876837e 0.040s
2019-03-19 06:57:32.866 13337 DEBUG tempest.lib.common.rest_client [req-97e5753c-7d86-45ab-8530-4b190d5ce9f2 ] Request - Headers: {'Content-Type': 'application/json', 'Accept': 'application/json', 'X-Auth-Token': ''} Body: None Response - Headers: {'status': '404', u'content-length': '132', 'content-location': 'http://10.167.4.35:9696/v2.0/ports/6ca7c8ba-995c-4813-b9b0-beac0876837e', u'date': 'Tue, 19 Mar 2019 06:57:32 GMT', u'content-type': 'application/json', u'connection': 'close', u'x-openstack-request-id': 'req-97e5753c-7d86-45ab-8530-4b190d5ce9f2'} Body: {"NeutronError": {"message": "Port 6ca7c8ba-995c-4813-b9b0-beac0876837e could not be found.", "type": "PortNotFound", "detail": ""}} _log_request_full /root/.rally/verification/verifier-291ac1a1-b8ef-4587-ab6f-19dff4d665e0/repo/tempest/lib/common/rest_client.py:437
2019-03-19 06:57:32.899 13337 INFO tempest.lib.common.rest_client [req-33ed13f5-db77-4139-80da-0b444c36f4d1 ] Request (TrunkTestJSON:_run_cleanups): 404 DELETE http://10.167.4.35:9696/v2.0/ports/395565a3-1c31-426e-a66f-941f5a6e224b 0.032s
2019-03-19 06:57:32.899 13337 DEBUG tempest.lib.common.rest_client [req-33ed13f5-db77-4139-80da-0b444c36f4d1 ] Request - Headers: {'Content-Type': 'application/json', 'Accept': 'application/json', 'X-Auth-Token': ''} Body: None Response - Headers: {'status': '404', u'content-length': '132', 'content-location': 'http://10.167.4.35:9696/v2.0/ports/395565a3-1c31-426e-a66f-941f5a6e224b', u'date': 'Tue, 19 Mar 2019 06:57:32 GMT', u'content-type': 'application/json', u'connection': 'close', u'x-openstack-request-id': 'req-33ed13f5-db77-4139-80da-0b444c36f4d1'} Body: {"NeutronError": {"message": "Port 395565a3-1c31-426e-a66f-941f5a6e224b could not be found.", "type": "PortNotFound", "detail": ""}} _log_request_full /root/.rally/verification/verifier-291ac1a1-b8ef-4587-ab6f-19dff4d665e0/repo/tempest/lib/common/rest_client.py:437
2019-03-19 06:57:32.932 13341 INFO tempest.lib.common.rest_client [req-ad019a35-762a-4414-a90f-8c894d96f6df ] Request (TrunkTestJSON:test_create_trunk_with_subport_missing_port_id): 201 POST http://10.167.4.35:9696/v2.0/networks 0.170s
2019-03-19 06:57:32.933 13341 DEBUG tempest.lib.common.rest_client [req-ad019a35-762a-4414-a90f-8c894d96f6df ] Request - Headers: {'Content-Type': 'application/json', 'Accept': 'application/json', 'X-Auth-Token': ''} Body: {"network": {"name": "tempest-test-network--904677485"}} Response - Headers: {'status': '201', u'content-length': '568', 'content-location': 'http://10.167.4.35:9696/v2.0/networks', u'date': 'Tue, 19 Mar 2019 06:57:32 GMT', u'content-type': 'application/json', u'connection': 'close', u'x-openstack-request-id': 'req-ad019a35-762a-4414-a90f-8c894d96f6df'} Body: {"network":{"status":"ACTIVE","router:external":false,"availability_zone_hints":[],"availability_zones":[],"description":"","subnets":[],"shared":false,"tenant_id":"5577d61926594355988f0e8317a5f3cb","created_at":"2019-03-19T06:57:32Z","tags":[],"ipv6_address_scope":null,"mtu":1450,"updated_at":"2019-03-19T06:57:32Z","admin_state_up":true,"revision_number":1,"ipv4_address_scope":null,"is_default":false,"port_security_enabled":true,"project_id":"5577d61926594355988f0e8317a5f3cb","id":"a596d692-5fb5-46f2-91bc-81109d297467","name":"tempest-test-network--904677485"}} _log_request_full /root/.rally/verification/verifier-291ac1a1-b8ef-4587-ab6f-19dff4d665e0/repo/tempest/lib/common/rest_client.py:437
2019-03-19 06:57:33.326 13337 INFO tempest.lib.common.rest_client [req-12623f7c-0dd5-423a-81bc-915bf2fc9172 ] Request (TrunkTestJSON:_run_cleanups): 204 DELETE http://10.167.4.35:9696/v2.0/ports/e8dfc184-cf08-4d2d-ad16-eff7541e66ea 0.426s
2019-03-19 06:57:33.326 13337 DEBUG tempest.lib.common.rest_client [req-12623f7c-0dd5-423a-81bc-915bf2fc9172 ] Request - Headers: {'Content-Type': 'application/json', 'Accept': 'application/json', 'X-Auth-Token': ''} Body: None Response - Headers: {'status': '204', u'content-length': '0', 'content-location': 'http://10.167.4.35:9696/v2.0/ports/e8dfc184-cf08-4d2d-ad16-eff7541e66ea', u'date': 'Tue, 19 Mar 2019 06:57:33 GMT', u'connection': 'close', u'x-openstack-request-id': 'req-12623f7c-0dd5-423a-81bc-915bf2fc9172'} Body: _log_request_full /root/.rally/verification/verifier-291ac1a1-b8ef-4587-ab6f-19dff4d665e0/repo/tempest/lib/common/rest_client.py:437
2019-03-19 06:57:33.472 13341 INFO tempest.lib.common.rest_client [req-916ed95c-af99-4ede-b17b-7a318fde43ee ] Request (TrunkTestJSON:test_create_trunk_with_subport_missing_port_id): 201 POST http://10.167.4.35:9696/v2.0/ports 0.538s
2019-03-19 06:57:33.472 13341 DEBUG tempest.lib.common.rest_client [req-916ed95c-af99-4ede-b17b-7a318fde43ee ] Request - Headers: {'Content-Type': 'application/json', 'Accept': 'application/json', 'X-Auth-Token': ''} Body: {"port": {"network_id": "a596d692-5fb5-46f2-91bc-81109d297467"}} Response - Headers: {'status': '201', u'content-length': '615', 'content-location': 'http://10.167.4.35:9696/v2.0/ports', u'date': 'Tue, 19 Mar 2019 06:57:33 GMT', u'content-type': 'application/json', u'connection': 'close', u'x-openstack-request-id': 'req-916ed95c-af99-4ede-b17b-7a318fde43ee'} Body: {"port":{"status":"DOWN","created_at":"2019-03-19T06:57:33Z","description":"","allowed_address_pairs":[],"tags":[],"network_id":"a596d692-5fb5-46f2-91bc-81109d297467","tenant_id":"5577d61926594355988f0e8317a5f3cb","extra_dhcp_opts":[],"admin_state_up":true,"updated_at":"2019-03-19T06:57:33Z","name":"","device_owner":"","revision_number":1,"mac_address":"fa:16:3e:56:04:ce","binding:vnic_type":"normal","port_security_enabled":true,"project_id":"5577d61926594355988f0e8317a5f3cb","fixed_ips":[],"id":"18b9602e-6bdf-4174-b000-fe255487f7ad","security_groups":["975b47f8-f4c0-4ba3-90b4-b001d5d0b173"],"device_id":""}} _log_request_full /root/.rally/verification/verifier-291ac1a1-b8ef-4587-ab6f-19dff4d665e0/repo/tempest/lib/common/rest_client.py:437
2019-03-19 06:57:33.483 13341 INFO tempest.lib.common.rest_client [req-e9b82766-16cd-4d90-a07a-6a271bafba27 ] Request (TrunkTestJSON:test_create_trunk_with_subport_missing_port_id): 400 POST http://10.167.4.35:9696/v2.0/trunks 0.009s
