2019-03-19 06:57:24.935 13337 DEBUG tempest.lib.common.rest_client [req-8819ec48-4c39-429e-a4a8-ab351d9b4d55 ] Request - Headers: {'Content-Type': 'application/json', 'Accept': 'application/json', 'X-Auth-Token': ''} Body: None Response - Headers: {'status': '404', u'content-length': '134', 'content-location': 'http://10.167.4.35:9696/v2.0/trunks/56c96079-28dc-42fe-a53a-0dce1111f396', u'date': 'Tue, 19 Mar 2019 06:57:24 GMT', u'content-type': 'application/json', u'connection': 'close', u'x-openstack-request-id': 'req-8819ec48-4c39-429e-a4a8-ab351d9b4d55'} Body: {"NeutronError": {"message": "Trunk 56c96079-28dc-42fe-a53a-0dce1111f396 could not be found.", "type": "TrunkNotFound", "detail": ""}} _log_request_full /root/.rally/verification/verifier-291ac1a1-b8ef-4587-ab6f-19dff4d665e0/repo/tempest/lib/common/rest_client.py:437
2019-03-19 06:57:24.950 13337 INFO tempest.lib.common.rest_client [req-d3c94004-4324-43d7-98d7-53fda1145d74 ] Request (TrunkTestJSON:_run_cleanups): 404 GET http://10.167.4.35:9696/v2.0/trunks/cfba927f-2061-47a6-b3f5-87efdfbcd1c0/get_subports 0.014s
2019-03-19 06:57:24.950 13337 DEBUG tempest.lib.common.rest_client [req-d3c94004-4324-43d7-98d7-53fda1145d74 ] Request - Headers: {'Content-Type': 'application/json', 'Accept': 'application/json', 'X-Auth-Token': ''} Body: None Response - Headers: {'status': '404', u'content-length': '134', 'content-location': 'http://10.167.4.35:9696/v2.0/trunks/cfba927f-2061-47a6-b3f5-87efdfbcd1c0/get_subports', u'date': 'Tue, 19 Mar 2019 06:57:24 GMT', u'content-type': 'application/json', u'connection': 'close', u'x-openstack-request-id': 'req-d3c94004-4324-43d7-98d7-53fda1145d74'} Body: {"NeutronError": {"message": "Trunk cfba927f-2061-47a6-b3f5-87efdfbcd1c0 could not be found.", "type": "TrunkNotFound", "detail": ""}} _log_request_full /root/.rally/verification/verifier-291ac1a1-b8ef-4587-ab6f-19dff4d665e0/repo/tempest/lib/common/rest_client.py:437
2019-03-19 06:57:24.967 13337 INFO tempest.lib.common.rest_client [req-bd541307-bcda-4948-b716-cb07985db3be ] Request (TrunkTestJSON:_run_cleanups): 404 DELETE http://10.167.4.35:9696/v2.0/trunks/cfba927f-2061-47a6-b3f5-87efdfbcd1c0 0.016s
2019-03-19 06:57:24.968 13337 DEBUG tempest.lib.common.rest_client [req-bd541307-bcda-4948-b716-cb07985db3be ] Request - Headers: {'Content-Type': 'application/json', 'Accept': 'application/json', 'X-Auth-Token': ''} Body: None Response - Headers: {'status': '404', u'content-length': '134', 'content-location': 'http://10.167.4.35:9696/v2.0/trunks/cfba927f-2061-47a6-b3f5-87efdfbcd1c0', u'date': 'Tue, 19 Mar 2019 06:57:24 GMT', u'content-type': 'application/json', u'connection': 'close', u'x-openstack-request-id': 'req-bd541307-bcda-4948-b716-cb07985db3be'} Body: {"NeutronError": {"message": "Trunk cfba927f-2061-47a6-b3f5-87efdfbcd1c0 could not be found.", "type": "TrunkNotFound", "detail": ""}} _log_request_full /root/.rally/verification/verifier-291ac1a1-b8ef-4587-ab6f-19dff4d665e0/repo/tempest/lib/common/rest_client.py:437
2019-03-19 06:57:24.986 13337 INFO tempest.lib.common.rest_client [req-785658f3-0c64-46b2-a4d4-cfe94bd12513 ] Request (TrunkTestJSON:_run_cleanups): 404 GET http://10.167.4.35:9696/v2.0/trunks/5f58f6c3-cf15-4a2f-9890-25340c971e56/get_subports 0.017s
2019-03-19 06:57:24.987 13337 DEBUG tempest.lib.common.rest_client [req-785658f3-0c64-46b2-a4d4-cfe94bd12513 ] Request - Headers: {'Content-Type': 'application/json', 'Accept': 'application/json', 'X-Auth-Token': ''} Body: None Response - Headers: {'status': '404', u'content-length': '134', 'content-location': 'http://10.167.4.35:9696/v2.0/trunks/5f58f6c3-cf15-4a2f-9890-25340c971e56/get_subports', u'date': 'Tue, 19 Mar 2019 06:57:24 GMT', u'content-type': 'application/json', u'connection': 'close', u'x-openstack-request-id': 'req-785658f3-0c64-46b2-a4d4-cfe94bd12513'} Body: {"NeutronError": {"message": "Trunk 5f58f6c3-cf15-4a2f-9890-25340c971e56 could not be found.", "type": "TrunkNotFound", "detail": ""}} _log_request_full /root/.rally/verification/verifier-291ac1a1-b8ef-4587-ab6f-19dff4d665e0/repo/tempest/lib/common/rest_client.py:437
2019-03-19 06:57:24.987 13341 INFO tempest.lib.common.rest_client [req-2b722318-59c5-47ea-872e-fbcc67d1433f ] Request (TrunkTestJSON:_run_cleanups): 204 DELETE http://10.167.4.35:9696/v2.0/ports/af29d09a-2a21-4ead-a398-95d95b1fc26f 0.434s
2019-03-19 06:57:24.987 13341 DEBUG tempest.lib.common.rest_client [req-2b722318-59c5-47ea-872e-fbcc67d1433f ] Request - Headers: {'Content-Type': 'application/json', 'Accept': 'application/json', 'X-Auth-Token': ''} Body: None Response - Headers: {'status': '204', u'content-length': '0', 'content-location': 'http://10.167.4.35:9696/v2.0/ports/af29d09a-2a21-4ead-a398-95d95b1fc26f', u'date': 'Tue, 19 Mar 2019 06:57:24 GMT', u'connection': 'close', u'x-openstack-request-id': 'req-2b722318-59c5-47ea-872e-fbcc67d1433f'} Body: _log_request_full /root/.rally/verification/verifier-291ac1a1-b8ef-4587-ab6f-19dff4d665e0/repo/tempest/lib/common/rest_client.py:437
2019-03-19 06:57:25.005 13337 INFO tempest.lib.common.rest_client [req-fa223a40-5950-4121-b03d-fc8c2fbb34f7 ] Request (TrunkTestJSON:_run_cleanups): 404 DELETE http://10.167.4.35:9696/v2.0/trunks/5f58f6c3-cf15-4a2f-9890-25340c971e56 0.017s
2019-03-19 06:57:25.005 13337 DEBUG tempest.lib.common.rest_client [req-fa223a40-5950-4121-b03d-fc8c2fbb34f7 ] Request - Headers: {'Content-Type': 'application/json', 'Accept': 'application/json', 'X-Auth-Token': ''} Body: None Response - Headers: {'status': '404', u'content-length': '134', 'content-location': 'http://10.167.4.35:9696/v2.0/trunks/5f58f6c3-cf15-4a2f-9890-25340c971e56', u'date': 'Tue, 19 Mar 2019 06:57:25 GMT', u'content-type': 'application/json', u'connection': 'close', u'x-openstack-request-id': 'req-fa223a40-5950-4121-b03d-fc8c2fbb34f7'} Body: {"NeutronError": {"message": "Trunk 5f58f6c3-cf15-4a2f-9890-25340c971e56 could not be found.", "type": "TrunkNotFound", "detail": ""}} _log_request_full /root/.rally/verification/verifier-291ac1a1-b8ef-4587-ab6f-19dff4d665e0/repo/tempest/lib/common/rest_client.py:437
2019-03-19 06:57:25.017 13341 INFO tempest.lib.common.rest_client [req-9190fbbb-5533-4212-999c-229ef78cd291 ] Request (TrunkTestJSON:_run_cleanups): 404 DELETE http://10.167.4.35:9696/v2.0/networks/f72070ab-de89-41fb-a7de-699fcef507b7 0.028s
2019-03-19 06:57:25.017 13341 DEBUG tempest.lib.common.rest_client [req-9190fbbb-5533-4212-999c-229ef78cd291 ] Request - Headers: {'Content-Type': 'application/json', 'Accept': 'application/json', 'X-Auth-Token': ''} Body: None Response - Headers: {'status': '404', u'content-length': '138', 'content-location': 'http://10.167.4.35:9696/v2.0/networks/f72070ab-de89-41fb-a7de-699fcef507b7', u'date': 'Tue, 19 Mar 2019 06:57:25 GMT', u'content-type': 'application/json', u'connection': 'close', u'x-openstack-request-id': 'req-9190fbbb-5533-4212-999c-229ef78cd291'} Body: {"NeutronError": {"message": "Network f72070ab-de89-41fb-a7de-699fcef507b7 could not be found.", "type": "NetworkNotFound", "detail": ""}} _log_request_full /root/.rally/verification/verifier-291ac1a1-b8ef-4587-ab6f-19dff4d665e0/repo/tempest/lib/common/rest_client.py:437
2019-03-19 06:57:25.020 13337 INFO tempest.lib.common.rest_client [req-a5d83639-74ba-4e36-a12b-4b5702707989 ] Request (TrunkTestJSON:_run_cleanups): 404 GET http://10.167.4.35:9696/v2.0/trunks/1c020947-a6a6-4144-9dc7-d8aa05b882cd/get_subports 0.014s
2019-03-19 06:57:25.020 13337 DEBUG tempest.lib.common.rest_client [req-a5d83639-74ba-4e36-a12b-4b5702707989 ] Request - Headers: {'Content-Type': 'application/json', 'Accept': 'application/json', 'X-Auth-Token': ''} Body: None Response - Headers: {'status': '404', u'content-length': '134', 'content-location': 'http://10.167.4.35:9696/v2.0/trunks/1c020947-a6a6-4144-9dc7-d8aa05b882cd/get_subports', u'date': 'Tue, 19 Mar 2019 06:57:25 GMT', u'content-type': 'application/json', u'connection': 'close', u'x-openstack-request-id': 'req-a5d83639-74ba-4e36-a12b-4b5702707989'} Body: {"NeutronError": {"message": "Trunk 1c020947-a6a6-4144-9dc7-d8aa05b882cd could not be found.", "type": "TrunkNotFound", "detail": ""}} _log_request_full /root/.rally/verification/verifier-291ac1a1-b8ef-4587-ab6f-19dff4d665e0/repo/tempest/lib/common/rest_client.py:437
2019-03-19 06:57:25.038 13337 INFO tempest.lib.common.rest_client [req-0bcf7c7e-32bc-48d5-8d7b-bae0de5e8793 ] Request (TrunkTestJSON:_run_cleanups): 404 DELETE http://10.167.4.35:9696/v2.0/trunks/1c020947-a6a6-4144-9dc7-d8aa05b882cd 0.017s
2019-03-19 06:57:25.039 13337 DEBUG tempest.lib.common.rest_client [req-0bcf7c7e-32bc-48d5-8d7b-bae0de5e8793 ] Request - Headers: {'Content-Type': 'application/json', 'Accept': 'application/json', 'X-Auth-Token': ''} Body: None Response - Headers: {'status': '404', u'content-length': '134', 'content-location': 'http://10.167.4.35:9696/v2.0/trunks/1c020947-a6a6-4144-9dc7-d8aa05b882cd', u'date': 'Tue, 19 Mar 2019 06:57:25 GMT', u'content-type': 'application/json', u'connection': 'close', u'x-openstack-request-id': 'req-0bcf7c7e-32bc-48d5-8d7b-bae0de5e8793'} Body: {"NeutronError": {"message": "Trunk 1c020947-a6a6-4144-9dc7-d8aa05b882cd could not be found.", "type": "TrunkNotFound", "detail": ""}} _log_request_full /root/.rally/verification/verifier-291ac1a1-b8ef-4587-ab6f-19dff4d665e0/repo/tempest/lib/common/rest_client.py:437
2019-03-19 06:57:25.044 13341 INFO tempest.lib.common.rest_client [req-dfea06a6-644a-48bb-8731-b6872ea4ba3f ] Request (TrunkTestJSON:_run_cleanups): 404 DELETE http://10.167.4.35:9696/v2.0/networks/af26bc69-d9e0-4095-aa30-72528faea340 0.025s
2019-03-19 06:57:25.044 13341 DEBUG tempest.lib.common.rest_client [req-dfea06a6-644a-48bb-8731-b6872ea4ba3f ] Request - Headers: {'Content-Type': 'application/json', 'Accept': 'application/json', 'X-Auth-Token': ''} Body: None Response - Headers: {'status': '404', u'content-length': '138', 'content-location': 'http://10.167.4.35:9696/v2.0/networks/af26bc69-d9e0-4095-aa30-72528faea340', u'date': 'Tue, 19 Mar 2019 06:57:25 GMT', u'content-type': 'application/json', u'connection': 'close', u'x-openstack-request-id': 'req-dfea06a6-644a-48bb-8731-b6872ea4ba3f'} Body: {"NeutronError": {"message": "Network af26bc69-d9e0-4095-aa30-72528faea340 could not be found.", "type": "NetworkNotFound", "detail": ""}} _log_request_full /root/.rally/verification/verifier-291ac1a1-b8ef-4587-ab6f-19dff4d665e0/repo/tempest/lib/common/rest_client.py:437
2019-03-19 06:57:25.057 13337 INFO tempest.lib.common.rest_client [req-1c167a02-a713-43f7-b25c-50947fbc1c03 ] Request (TrunkTestJSON:_run_cleanups): 404 GET http://10.167.4.35:9696/v2.0/trunks/4223cf1f-d372-4b5a-b8cb-6eaead44d53e/get_subports 0.018s
2019-03-19 06:57:25.058 13337 DEBUG tempest.lib.common.rest_client [req-1c167a02-a713-43f7-b25c-50947fbc1c03 ] Request - Headers: {'Content-Type': 'application/json', 'Accept': 'application/json', 'X-Auth-Token': ''} Body: None Response - Headers: {'status': '404', u'content-length': '134', 'content-location': 'http://10.167.4.35:9696/v2.0/trunks/4223cf1f-d372-4b5a-b8cb-6eaead44d53e/get_subports', u'date': 'Tue, 19 Mar 2019 06:57:25 GMT', u'content-type': 'application/json', u'connection': 'close', u'x-openstack-request-id': 'req-1c167a02-a713-43f7-b25c-50947fbc1c03'} Body: {"NeutronError": {"message": "Trunk 4223cf1f-d372-4b5a-b8cb-6eaead44d53e could not be found.", "type": "TrunkNotFound", "detail": ""}} _log_request_full /root/.rally/verification/verifier-291ac1a1-b8ef-4587-ab6f-19dff4d665e0/repo/tempest/lib/common/rest_client.py:437
2019-03-19 06:57:25.065 13341 INFO tempest.lib.common.rest_client [req-d9863b33-9e26-4a7a-9c2c-ac95e01a2f77 ] Request (TrunkTestJSON:_run_cleanups): 404 DELETE http://10.167.4.35:9696/v2.0/networks/e97b6ba1-5b75-480e-94dd-17e984469e08 0.020s
2019-03-19 06:57:25.065 13341 DEBUG tempest.lib.common.rest_client [req-d9863b33-9e26-4a7a-9c2c-ac95e01a2f77 ] Request - Headers: {'Content-Type': 'application/json', 'Accept': 'application/json', 'X-Auth-Token': ''} Body: None Response - Headers: {'status': '404', u'content-length': '138', 'content-location': 'http://10.167.4.35:9696/v2.0/networks/e97b6ba1-5b75-480e-94dd-17e984469e08', u'date': 'Tue, 19 Mar 2019 06:57:25 GMT', u'content-type': 'application/json', u'connection': 'close', u'x-openstack-request-id': 'req-d9863b33-9e26-4a7a-9c2c-ac95e01a2f77'} Body: {"NeutronError": {"message": "Network e97b6ba1-5b75-480e-94dd-17e984469e08 could not be found.", "type": "NetworkNotFound", "detail": ""}} _log_request_full /root/.rally/verification/verifier-291ac1a1-b8ef-4587-ab6f-19dff4d665e0/repo/tempest/lib/common/rest_client.py:437
2019-03-19 06:57:25.074 13337 INFO tempest.lib.common.rest_client [req-09053daf-3657-46d0-a2b7-8f4726708b15 ] Request (TrunkTestJSON:_run_cleanups): 404 DELETE http://10.167.4.35:9696/v2.0/trunks/4223cf1f-d372-4b5a-b8cb-6eaead44d53e 0.015s
2019-03-19 06:57:25.074 13337 DEBUG tempest.lib.common.rest_client [req-09053daf-3657-46d0-a2b7-8f4726708b15 ] Request - Headers: {'Content-Type': 'application/json', 'Accept': 'application/json', 'X-Auth-Token': ''} Body: None Response - Headers: {'status': '404', u'content-length': '134', 'content-location': 'http://10.167.4.35:9696/v2.0/trunks/4223cf1f-d372-4b5a-b8cb-6eaead44d53e', u'date': 'Tue, 19 Mar 2019 06:57:25 GMT', u'content-type': 'application/json', u'connection': 'close', u'x-openstack-request-id': 'req-09053daf-3657-46d0-a2b7-8f4726708b15'} Body: {"NeutronError": {"message": "Trunk 4223cf1f-d372-4b5a-b8cb-6eaead44d53e could not be found.", "type": "TrunkNotFound", "detail": ""}} _log_request_full /root/.rally/verification/verifier-291ac1a1-b8ef-4587-ab6f-19dff4d665e0/repo/tempest/lib/common/rest_client.py:437
2019-03-19 06:57:25.087 13341 INFO tempest.lib.common.rest_client [req-4c66497c-9bf0-46c5-8e3b-26fc5430f638 ] Request (TrunkTestJSON:_run_cleanups): 404 DELETE http://10.167.4.35:9696/v2.0/networks/f326a483-e5c0-40dc-87e7-ecc38dac1aac 0.021s
2019-03-19 06:57:25.088 13341 DEBUG tempest.lib.common.rest_client [req-4c66497c-9bf0-46c5-8e3b-26fc5430f638 ] Request - Headers: {'Content-Type': 'application/json', 'Accept': 'application/json', 'X-Auth-Token': ''} Body: None Response - Headers: {'status': '404', u'content-length': '138', 'content-location': 'http://10.167.4.35:9696/v2.0/networks/f326a483-e5c0-40dc-87e7-ecc38dac1aac', u'date': 'Tue, 19 Mar 2019 06:57:25 GMT', u'content-type': 'application/json', u'connection': 'close', u'x-openstack-request-id': 'req-4c66497c-9bf0-46c5-8e3b-26fc5430f638'} Body: {"NeutronError": {"message": "Network f326a483-e5c0-40dc-87e7-ecc38dac1aac could not be found.", "type": "NetworkNotFound", "detail": ""}} _log_request_full /root/.rally/verification/verifier-291ac1a1-b8ef-4587-ab6f-19dff4d665e0/repo/tempest/lib/common/rest_client.py:437
2019-03-19 06:57:25.093 13337 INFO tempest.lib.common.rest_client [req-53f6310f-9ef9-4a34-bdf9-1283ca9d2119 ] Request (TrunkTestJSON:_run_cleanups): 404 GET http://10.167.4.35:9696/v2.0/trunks/aa820f40-4bc5-4f91-a499-3bca12812081/get_subports 0.018s
2019-03-19 06:57:25.093 13337 DEBUG tempest.lib.common.rest_client [req-53f6310f-9ef9-4a34-bdf9-1283ca9d2119 ] Request - Headers: {'Content-Type': 'application/json', 'Accept': 'application/json', 'X-Auth-Token': ''} Body: None Response - Headers: {'status': '404', u'content-length': '134', 'content-location': 'http://10.167.4.35:9696/v2.0/trunks/aa820f40-4bc5-4f91-a499-3bca12812081/get_subports', u'date': 'Tue, 19 Mar 2019 06:57:25 GMT', u'content-type': 'application/json', u'connection': 'close', u'x-openstack-request-id': 'req-53f6310f-9ef9-4a34-bdf9-1283ca9d2119'} Body: {"NeutronError": {"message": "Trunk aa820f40-4bc5-4f91-a499-3bca12812081 could not be found.", "type": "TrunkNotFound", "detail": ""}} _log_request_full /root/.rally/verification/verifier-291ac1a1-b8ef-4587-ab6f-19dff4d665e0/repo/tempest/lib/common/rest_client.py:437
2019-03-19 06:57:25.110 13341 INFO tempest.lib.common.rest_client [req-f9ec070b-04a9-4384-b177-a228da47be9d ] Request (TrunkTestJSON:_run_cleanups): 404 DELETE http://10.167.4.35:9696/v2.0/networks/ae52bf12-3e92-4c2c-aeda-46425a7a6ec0 0.021s
2019-03-19 06:57:25.110 13341 DEBUG tempest.lib.common.rest_client [req-f9ec070b-04a9-4384-b177-a228da47be9d ] Request - Headers: {'Content-Type': 'application/json', 'Accept': 'application/json', 'X-Auth-Token': ''} Body: None Response - Headers: {'status': '404', u'content-length': '138', 'content-location': 'http://10.167.4.35:9696/v2.0/networks/ae52bf12-3e92-4c2c-aeda-46425a7a6ec0', u'date': 'Tue, 19 Mar 2019 06:57:25 GMT', u'content-type': 'application/json', u'connection': 'close', u'x-openstack-request-id': 'req-f9ec070b-04a9-4384-b177-a228da47be9d'} Body: {"NeutronError": {"message": "Network ae52bf12-3e92-4c2c-aeda-46425a7a6ec0 could not be found.", "type": "NetworkNotFound", "detail": ""}} _log_request_full /root/.rally/verification/verifier-291ac1a1-b8ef-4587-ab6f-19dff4d665e0/repo/tempest/lib/common/rest_client.py:437
2019-03-19 06:57:25.112 13337 INFO tempest.lib.common.rest_client [req-486707f7-9616-4169-9edd-17e6d134edf9 ] Request (TrunkTestJSON:_run_cleanups): 404 DELETE http://10.167.4.35:9696/v2.0/trunks/aa820f40-4bc5-4f91-a499-3bca12812081 0.018s
2019-03-19 06:57:25.113 13337 DEBUG tempest.lib.common.rest_client [req-486707f7-9616-4169-9edd-17e6d134edf9 ] Request - Headers: {'Content-Type': 'application/json', 'Accept': 'application/json', 'X-Auth-Token': ''} Body: None Response - Headers: {'status': '404', u'content-length': '134', 'content-location': 'http://10.167.4.35:9696/v2.0/trunks/aa820f40-4bc5-4f91-a499-3bca12812081', u'date': 'Tue, 19 Mar 2019 06:57:25 GMT', u'content-type': 'application/json', u'connection': 'close', u'x-openstack-request-id': 'req-486707f7-9616-4169-9edd-17e6d134edf9'} Body: {"NeutronError": {"message": "Trunk aa820f40-4bc5-4f91-a499-3bca12812081 could not be found.", "type": "TrunkNotFound", "detail": ""}} _log_request_full /root/.rally/verification/verifier-291ac1a1-b8ef-4587-ab6f-19dff4d665e0/repo/tempest/lib/common/rest_client.py:437
2019-03-19 06:57:25.127 13337 INFO tempest.lib.common.rest_client [req-bcdd5bef-9a3e-43db-97f4-0e076afa17f3 ] Request (TrunkTestJSON:_run_cleanups): 404 GET http://10.167.4.35:9696/v2.0/trunks/a96075e8-2b13-445e-8350-f3f7be35860e/get_subports 0.013s
2019-03-19 06:57:25.127 13337 DEBUG tempest.lib.common.rest_client [req-bcdd5bef-9a3e-43db-97f4-0e076afa17f3 ] Request - Headers: {'Content-Type': 'application/json', 'Accept': 'application/json', 'X-Auth-Token': ''} Body: None Response - Headers: {'status': '404', u'content-length': '134', 'content-location': 'http://10.167.4.35:9696/v2.0/trunks/a96075e8-2b13-445e-8350-f3f7be35860e/get_subports', u'date': 'Tue, 19 Mar 2019 06:57:25 GMT', u'content-type': 'application/json', u'connection': 'close', u'x-openstack-request-id': 'req-bcdd5bef-9a3e-43db-97f4-0e076afa17f3'} Body: {"NeutronError": {"message": "Trunk a96075e8-2b13-445e-8350-f3f7be35860e could not be found.", "type": "TrunkNotFound", "detail": ""}} _log_request_full /root/.rally/verification/verifier-291ac1a1-b8ef-4587-ab6f-19dff4d665e0/repo/tempest/lib/common/rest_client.py:437
2019-03-19 06:57:25.135 13341 INFO tempest.lib.common.rest_client [req-d96d1fef-7c77-48c9-8e0f-eb2922f6b4ad ] Request (TrunkTestJSON:_run_cleanups): 404 DELETE http://10.167.4.35:9696/v2.0/networks/65994814-cf47-43c4-830e-ffc925ac6396 0.023s
2019-03-19 06:57:25.135 13341 DEBUG tempest.lib.common.rest_client [req-d96d1fef-7c77-48c9-8e0f-eb2922f6b4ad ] Request - Headers: {'Content-Type': 'application/json', 'Accept': 'application/json', 'X-Auth-Token': ''} Body: None Response - Headers: {'status': '404', u'content-length': '138', 'content-location': 'http://10.167.4.35:9696/v2.0/networks/65994814-cf47-43c4-830e-ffc925ac6396', u'date': 'Tue, 19 Mar 2019 06:57:25 GMT', u'content-type': 'application/json', u'connection': 'close', u'x-openstack-request-id': 'req-d96d1fef-7c77-48c9-8e0f-eb2922f6b4ad'} Body: {"NeutronError": {"message": "Network 65994814-cf47-43c4-830e-ffc925ac6396 could not be found.", "type": "NetworkNotFound", "detail": ""}} _log_request_full /root/.rally/verification/verifier-291ac1a1-b8ef-4587-ab6f-19dff4d665e0/repo/tempest/lib/common/rest_client.py:437
2019-03-19 06:57:25.145 13337 INFO tempest.lib.common.rest_client [req-3606a3fd-3f9d-45bb-b38c-ccc0c7de3f56 ] Request (TrunkTestJSON:_run_cleanups): 404 DELETE http://10.167.4.35:9696/v2.0/trunks/a96075e8-2b13-445e-8350-f3f7be35860e 0.017s
2019-03-19 06:57:25.145 13337 DEBUG tempest.lib.common.rest_client [req-3606a3fd-3f9d-45bb-b38c-ccc0c7de3f56 ] Request - Headers: {'Content-Type': 'application/json', 'Accept': 'application/json', 'X-Auth-Token': ''} Body: None Response - Headers: {'status': '404', u'content-length': '134', 'content-location': 'http://10.167.4.35:9696/v2.0/trunks/a96075e8-2b13-445e-8350-f3f7be35860e', u'date': 'Tue, 19 Mar 2019 06:57:25 GMT', u'content-type': 'application/json', u'connection': 'close', u'x-openstack-request-id': 'req-3606a3fd-3f9d-45bb-b38c-ccc0c7de3f56'} Body: {"NeutronError": {"message": "Trunk a96075e8-2b13-445e-8350-f3f7be35860e could not be found.", "type": "TrunkNotFound", "detail": ""}} _log_request_full /root/.rally/verification/verifier-291ac1a1-b8ef-4587-ab6f-19dff4d665e0/repo/tempest/lib/common/rest_client.py:437
2019-03-19 06:57:25.160 13341 INFO tempest.lib.common.rest_client [req-4843f28d-31ca-4742-bdc8-2048d568c0f8 ] Request (TrunkTestJSON:_run_cleanups): 404 DELETE http://10.167.4.35:9696/v2.0/networks/bbbb73ec-31f9-4455-90e6-23a075f6bece 0.024s
2019-03-19 06:57:25.161 13341 DEBUG tempest.lib.common.rest_client [req-4843f28d-31ca-4742-bdc8-2048d568c0f8 ] Request - Headers: {'Content-Type': 'application/json', 'Accept': 'application/json', 'X-Auth-Token': ''} Body: None Response - Headers: {'status': '404', u'content-length': '138', 'content-location': 'http://10.167.4.35:9696/v2.0/networks/bbbb73ec-31f9-4455-90e6-23a075f6bece', u'date': 'Tue, 19 Mar 2019 06:57:25 GMT', u'content-type': 'application/json', u'connection': 'close', u'x-openstack-request-id': 'req-4843f28d-31ca-4742-bdc8-2048d568c0f8'} Body: {"NeutronError": {"message": "Network bbbb73ec-31f9-4455-90e6-23a075f6bece could not be found.", "type": "NetworkNotFound", "detail": ""}} _log_request_full /root/.rally/verification/verifier-291ac1a1-b8ef-4587-ab6f-19dff4d665e0/repo/tempest/lib/common/rest_client.py:437
2019-03-19 06:57:25.181 13341 INFO tempest.lib.common.rest_client [req-1e6773e8-0428-4d24-808b-4cdd0a725a5a ] Request (TrunkTestJSON:_run_cleanups): 404 DELETE http://10.167.4.35:9696/v2.0/networks/02dfa6fe-04c1-49b5-bb6c-45561bd84b8e 0.020s
2019-03-19 06:57:25.182 13341 DEBUG tempest.lib.common.rest_client [req-1e6773e8-0428-4d24-808b-4cdd0a725a5a ] Request - Headers: {'Content-Type': 'application/json', 'Accept': 'application/json', 'X-Auth-Token': ''} Body: None Response - Headers: {'status': '404', u'content-length': '138', 'content-location': 'http://10.167.4.35:9696/v2.0/networks/02dfa6fe-04c1-49b5-bb6c-45561bd84b8e', u'date': 'Tue, 19 Mar 2019 06:57:25 GMT', u'content-type': 'application/json', u'connection': 'close', u'x-openstack-request-id': 'req-1e6773e8-0428-4d24-808b-4cdd0a725a5a'} Body: {"NeutronError": {"message": "Network 02dfa6fe-04c1-49b5-bb6c-45561bd84b8e could not be found.", "type": "NetworkNotFound", "detail": ""}} _log_request_full /root/.rally/verification/verifier-291ac1a1-b8ef-4587-ab6f-19dff4d665e0/repo/tempest/lib/common/rest_client.py:437
2019-03-19 06:57:25.183 13337 INFO tempest.lib.common.rest_client [req-7910bed4-4ecf-401a-8039-031778e47598 ] Request (TrunkTestJSON:_run_cleanups): 200 GET http://10.167.4.35:9696/v2.0/trunks/5e67b7e6-bcd5-4af6-b5eb-32165cb855cc/get_subports 0.037s
2019-03-19 06:57:25.183 13337 DEBUG tempest.lib.common.rest_client [req-7910bed4-4ecf-401a-8039-031778e47598 ] Request - Headers: {'Content-Type': 'application/json', 'Accept': 'application/json', 'X-Auth-Token': ''} Body: None Response - Headers: {'status': '200', u'content-length': '17', 'content-location': 'http://10.167.4.35:9696/v2.0/trunks/5e67b7e6-bcd5-4af6-b5eb-32165cb855cc/get_subports', u'date': 'Tue, 19 Mar 2019 06:57:25 GMT', u'content-type': 'application/json', u'connection': 'close', u'x-openstack-request-id': 'req-7910bed4-4ecf-401a-8039-031778e47598'} Body: {"sub_ports": []} _log_request_full /root/.rally/verification/verifier-291ac1a1-b8ef-4587-ab6f-19dff4d665e0/repo/tempest/lib/common/rest_client.py:437
2019-03-19 06:57:25.205 13341 INFO tempest.lib.common.rest_client [req-eacb6696-cd11-4079-aa0d-c25ea654ddea ] Request (TrunkTestJSON:_run_cleanups): 404 DELETE http://10.167.4.35:9696/v2.0/networks/93897b1f-2ae1-4317-9ddb-e67946cc3746 0.022s
2019-03-19 06:57:25.206 13341 DEBUG tempest.lib.common.rest_client [req-eacb6696-cd11-4079-aa0d-c25ea654ddea ] Request - Headers: {'Content-Type': 'application/json', 'Accept': 'application/json', 'X-Auth-Token': ''} Body: None Response - Headers: {'status': '404', u'content-length': '138', 'content-location': 'http://10.167.4.35:9696/v2.0/networks/93897b1f-2ae1-4317-9ddb-e67946cc3746', u'date': 'Tue, 19 Mar 2019 06:57:25 GMT', u'content-type': 'application/json', u'connection': 'close', u'x-openstack-request-id': 'req-eacb6696-cd11-4079-aa0d-c25ea654ddea'} Body: {"NeutronError": {"message": "Network 93897b1f-2ae1-4317-9ddb-e67946cc3746 could not be found.", "type": "NetworkNotFound", "detail": ""}} _log_request_full /root/.rally/verification/verifier-291ac1a1-b8ef-4587-ab6f-19dff4d665e0/repo/tempest/lib/common/rest_client.py:437
2019-03-19 06:57:25.237 13337 INFO tempest.lib.common.rest_client [req-9b04a928-20a0-4014-a0f3-c02aaafbd369 ] Request (TrunkTestJSON:_run_cleanups): 200 PUT http://10.167.4.35:9696/v2.0/trunks/5e67b7e6-bcd5-4af6-b5eb-32165cb855cc/remove_subports 0.053s
2019-03-19 06:57:25.238 13337 DEBUG tempest.lib.common.rest_client [req-9b04a928-20a0-4014-a0f3-c02aaafbd369 ] Request - Headers: {'Content-Type': 'application/json', 'Accept': 'application/json', 'X-Auth-Token': ''} Body: {"sub_ports": []} Response - Headers: {'status': '200', u'content-length': '396', 'content-location': 'http://10.167.4.35:9696/v2.0/trunks/5e67b7e6-bcd5-4af6-b5eb-32165cb855cc/remove_subports', u'date': 'Tue, 19 Mar 2019 06:57:25 GMT', u'content-type': 'application/json', u'connection': 'close', u'x-openstack-request-id': 'req-9b04a928-20a0-4014-a0f3-c02aaafbd369'} Body: {"status": "DOWN", "sub_ports": [], "name": "", "admin_state_up": true, "tenant_id": "b0780ac766974fe5bca569ca8b3744a9", "created_at": "2019-03-19T06:57:23Z", "tags": [], "updated_at": "2019-03-19T06:57:25Z", "revision_number": 2, "project_id": "b0780ac766974fe5bca569ca8b3744a9", "port_id": "6ca7c8ba-995c-4813-b9b0-beac0876837e", "id": "5e67b7e6-bcd5-4af6-b5eb-32165cb855cc", "description": ""} _log_request_full /root/.rally/verification/verifier-291ac1a1-b8ef-4587-ab6f-19dff4d665e0/repo/tempest/lib/common/rest_client.py:437
2019-03-19 06:57:25.345 13337 INFO tempest.lib.common.rest_client [req-de23088a-011f-47c1-beec-564c8f5cbec7 ] Request (TrunkTestJSON:_run_cleanups): 204 DELETE http://10.167.4.35:9696/v2.0/trunks/5e67b7e6-bcd5-4af6-b5eb-32165cb855cc 0.106s
2019-03-19 06:57:25.345 13337 DEBUG tempest.lib.common.rest_client [req-de23088a-011f-47c1-beec-564c8f5cbec7 ] Request - Headers: {'Content-Type': 'application/json', 'Accept': 'application/json', 'X-Auth-Token': ''} Body: None Response - Headers: {'status': '204', u'content-length': '0', 'content-location': 'http://10.167.4.35:9696/v2.0/trunks/5e67b7e6-bcd5-4af6-b5eb-32165cb855cc', u'date': 'Tue, 19 Mar 2019 06:57:25 GMT', u'connection': 'close', u'x-openstack-request-id': 'req-de23088a-011f-47c1-beec-564c8f5cbec7'} Body: _log_request_full /root/.rally/verification/verifier-291ac1a1-b8ef-4587-ab6f-19dff4d665e0/repo/tempest/lib/common/rest_client.py:437
2019-03-19 06:57:25.377 13337 INFO tempest.lib.common.rest_client [req-fc0eb7a5-0af6-49c3-b347-004ab61bbe30 ] Request (TrunkTestJSON:_run_cleanups): 200 GET http://10.167.4.35:9696/v2.0/trunks/9631a8d6-9410-465c-81a3-e09440a33c73/get_subports 0.031s
2019-03-19 06:57:25.378 13337 DEBUG tempest.lib.common.rest_client [req-fc0eb7a5-0af6-49c3-b347-004ab61bbe30 ] Request - Headers: {'Content-Type': 'application/json', 'Accept': 'application/json', 'X-Auth-Token': ''} Body: None Response - Headers: {'status': '200', u'content-length': '17', 'content-location': 'http://10.167.4.35:9696/v2.0/trunks/9631a8d6-9410-465c-81a3-e09440a33c73/get_subports', u'date': 'Tue, 19 Mar 2019 06:57:25 GMT', u'content-type': 'application/json', u'connection': 'close', u'x-openstack-request-id': 'req-fc0eb7a5-0af6-49c3-b347-004ab61bbe30'} Body: {"sub_ports": []} _log_request_full /root/.rally/verification/verifier-291ac1a1-b8ef-4587-ab6f-19dff4d665e0/repo/tempest/lib/common/rest_client.py:437
2019-03-19 06:57:25.430 13337 INFO tempest.lib.common.rest_client [req-1aa5560d-b285-46b6-9d8f-0a1f69b1239b ] Request (TrunkTestJSON:_run_cleanups): 200 PUT http://10.167.4.35:9696/v2.0/trunks/9631a8d6-9410-465c-81a3-e09440a33c73/remove_subports 0.051s
2019-03-19 06:57:25.430 13337 DEBUG tempest.lib.common.rest_client [req-1aa5560d-b285-46b6-9d8f-0a1f69b1239b ] Request - Headers: {'Content-Type': 'application/json', 'Accept': 'application/json', 'X-Auth-Token': ''} Body: {"sub_ports": []} Response - Headers: {'status': '200', u'content-length': '396', 'content-location': 'http://10.167.4.35:9696/v2.0/trunks/9631a8d6-9410-465c-81a3-e09440a33c73/remove_subports', u'date': 'Tue, 19 Mar 2019 06:57:25 GMT', u'content-type': 'application/json', u'connection': 'close', u'x-openstack-request-id': 'req-1aa5560d-b285-46b6-9d8f-0a1f69b1239b'} Body: {"status": "DOWN", "sub_ports": [], "name": "", "admin_state_up": true, "tenant_id": "b0780ac766974fe5bca569ca8b3744a9", "created_at": "2019-03-19T06:57:24Z", "tags": [], "updated_at": "2019-03-19T06:57:25Z", "revision_number": 2, "project_id": "b0780ac766974fe5bca569ca8b3744a9", "port_id": "395565a3-1c31-426e-a66f-941f5a6e224b", "id": "9631a8d6-9410-465c-81a3-e09440a33c73", "description": ""} _log_request_full /root/.rally/verification/verifier-291ac1a1-b8ef-4587-ab6f-19dff4d665e0/repo/tempest/lib/common/rest_client.py:437
2019-03-19 06:57:25.539 13337 INFO tempest.lib.common.rest_client [req-9ef2c0c4-2f1d-4eaf-b28e-1c0087dcb46a ] Request (TrunkTestJSON:_run_cleanups): 204 DELETE http://10.167.4.35:9696/v2.0/trunks/9631a8d6-9410-465c-81a3-e09440a33c73 0.108s
2019-03-19 06:57:25.540 13337 DEBUG tempest.lib.common.rest_client [req-9ef2c0c4-2f1d-4eaf-b28e-1c0087dcb46a ] Request - Headers: {'Content-Type': 'application/json', 'Accept': 'application/json', 'X-Auth-Token': ''} Body: None Response - Headers: {'status': '204', u'content-length': '0', 'content-location': 'http://10.167.4.35:9696/v2.0/trunks/9631a8d6-9410-465c-81a3-e09440a33c73', u'date': 'Tue, 19 Mar 2019 06:57:25 GMT', u'connection': 'close', u'x-openstack-request-id': 'req-9ef2c0c4-2f1d-4eaf-b28e-1c0087dcb46a'} Body: _log_request_full /root/.rally/verification/verifier-291ac1a1-b8ef-4587-ab6f-19dff4d665e0/repo/tempest/lib/common/rest_client.py:437
2019-03-19 06:57:25.555 13337 INFO tempest.lib.common.rest_client [req-d8f521d6-fe9a-4dd7-981b-309e0e9a5192 ] Request (TrunkTestJSON:_run_cleanups): 404 GET http://10.167.4.35:9696/v2.0/trunks/8c67d108-3df9-4e93-8a34-a4eef762c62f 0.014s
2019-03-19 06:57:25.555 13337 DEBUG tempest.lib.common.rest_client [req-d8f521d6-fe9a-4dd7-981b-309e0e9a5192 ] Request - Headers: {'Content-Type': 'application/json', 'Accept': 'application/json', 'X-Auth-Token': ''} Body: None Response - Headers: {'status': '404', u'content-length': '134', 'content-location': 'http://10.167.4.35:9696/v2.0/trunks/8c67d108-3df9-4e93-8a34-a4eef762c62f', u'date': 'Tue, 19 Mar 2019 06:57:25 GMT', u'content-type': 'application/json', u'connection': 'close', u'x-openstack-request-id': 'req-d8f521d6-fe9a-4dd7-981b-309e0e9a5192'} Body: {"NeutronError": {"message": "Trunk 8c67d108-3df9-4e93-8a34-a4eef762c62f could not be found.", "type": "TrunkNotFound", "detail": ""}} _log_request_full /root/.rally/verification/verifier-291ac1a1-b8ef-4587-ab6f-19dff4d665e0/repo/tempest/lib/common/rest_client.py:437
2019-03-19 06:57:25.570 13337 INFO tempest.lib.common.rest_client [req-4b305c61-aec6-4119-8fdd-504717841e96 ] Request (TrunkTestJSON:_run_cleanups): 404 GET http://10.167.4.35:9696/v2.0/trunks/56c96079-28dc-42fe-a53a-0dce1111f396 0.014s
2019-03-19 06:57:25.570 13337 DEBUG tempest.lib.common.rest_client [req-4b305c61-aec6-4119-8fdd-504717841e96 ] Request - Headers: {'Content-Type': 'application/json', 'Accept': 'application/json', 'X-Auth-Token': ''} Body: None Response - Headers: {'status': '404', u'content-length': '134', 'content-location': 'http://10.167.4.35:9696/v2.0/trunks/56c96079-28dc-42fe-a53a-0dce1111f396', u'date': 'Tue, 19 Mar 2019 06:57:25 GMT', u'content-type': 'application/json', u'connection': 'close', u'x-openstack-request-id': 'req-4b305c61-aec6-4119-8fdd-504717841e96'} Body: {"NeutronError": {"message": "Trunk 56c96079-28dc-42fe-a53a-0dce1111f396 could not be found.", "type": "TrunkNotFound", "detail": ""}} _log_request_full /root/.rally/verification/verifier-291ac1a1-b8ef-4587-ab6f-19dff4d665e0/repo/tempest/lib/common/rest_client.py:437
2019-03-19 06:57:25.584 13337 INFO tempest.lib.common.rest_client [req-f626b04f-befc-42b0-9ce0-04dd35fd8ff0 ] Request (TrunkTestJSON:_run_cleanups): 404 GET http://10.167.4.35:9696/v2.0/trunks/cfba927f-2061-47a6-b3f5-87efdfbcd1c0 0.013s
2019-03-19 06:57:25.585 13337 DEBUG tempest.lib.common.rest_client [req-f626b04f-befc-42b0-9ce0-04dd35fd8ff0 ] Request - Headers: {'Content-Type': 'application/json', 'Accept': 'application/json', 'X-Auth-Token': ''} Body: None Response - Headers: {'status': '404', u'content-length': '134', 'content-location': 'http://10.167.4.35:9696/v2.0/trunks/cfba927f-2061-47a6-b3f5-87efdfbcd1c0', u'date': 'Tue, 19 Mar 2019 06:57:25 GMT', u'content-type': 'application/json', u'connection': 'close', u'x-openstack-request-id': 'req-f626b04f-befc-42b0-9ce0-04dd35fd8ff0'} Body: {"NeutronError": {"message": "Trunk cfba927f-2061-47a6-b3f5-87efdfbcd1c0 could not be found.", "type": "TrunkNotFound", "detail": ""}} _log_request_full /root/.rally/verification/verifier-291ac1a1-b8ef-4587-ab6f-19dff4d665e0/repo/tempest/lib/common/rest_client.py:437
2019-03-19 06:57:25.599 13337 INFO tempest.lib.common.rest_client [req-556d311c-7df4-43a6-865f-61a7406f7d6e ] Request (TrunkTestJSON:_run_cleanups): 404 GET http://10.167.4.35:9696/v2.0/trunks/5f58f6c3-cf15-4a2f-9890-25340c971e56 0.013s
2019-03-19 06:57:25.599 13337 DEBUG tempest.lib.common.rest_client [req-556d311c-7df4-43a6-865f-61a7406f7d6e ] Request - Headers: {'Content-Type': 'application/json', 'Accept': 'application/json', 'X-Auth-Token': ''} Body: None Response - Headers: {'status': '404', u'content-length': '134', 'content-location': 'http://10.167.4.35:9696/v2.0/trunks/5f58f6c3-cf15-4a2f-9890-25340c971e56', u'date': 'Tue, 19 Mar 2019 06:57:25 GMT', u'content-type': 'application/json', u'connection': 'close', u'x-openstack-request-id': 'req-556d311c-7df4-43a6-865f-61a7406f7d6e'} Body: {"NeutronError": {"message": "Trunk 5f58f6c3-cf15-4a2f-9890-25340c971e56 could not be found.", "type": "TrunkNotFound", "detail": ""}} _log_request_full /root/.rally/verification/verifier-291ac1a1-b8ef-4587-ab6f-19dff4d665e0/repo/tempest/lib/common/rest_client.py:437
2019-03-19 06:57:25.615 13337 INFO tempest.lib.common.rest_client [req-e7c41504-f351-4c81-bfca-d09a7efc8496 ] Request (TrunkTestJSON:_run_cleanups): 404 GET http://10.167.4.35:9696/v2.0/trunks/1c020947-a6a6-4144-9dc7-d8aa05b882cd 0.014s
2019-03-19 06:57:25.615 13337 DEBUG tempest.lib.common.rest_client [req-e7c41504-f351-4c81-bfca-d09a7efc8496 ] Request - Headers: {'Content-Type': 'application/json', 'Accept': 'application/json', 'X-Auth-Token': ''} Body: None Response - Headers: {'status': '404', u'content-length': '134', 'content-location': 'http://10.167.4.35:9696/v2.0/trunks/1c020947-a6a6-4144-9dc7-d8aa05b882cd', u'date': 'Tue, 19 Mar 2019 06:57:25 GMT', u'content-type': 'application/json', u'connection': 'close', u'x-openstack-request-id': 'req-e7c41504-f351-4c81-bfca-d09a7efc8496'} Body: {"NeutronError": {"message": "Trunk 1c020947-a6a6-4144-9dc7-d8aa05b882cd could not be found.", "type": "TrunkNotFound", "detail": ""}} _log_request_full /root/.rally/verification/verifier-291ac1a1-b8ef-4587-ab6f-19dff4d665e0/repo/tempest/lib/common/rest_client.py:437
2019-03-19 06:57:25.630 13337 INFO tempest.lib.common.rest_client [req-72ad214e-3568-4689-94d8-c24897601683 ] Request (TrunkTestJSON:_run_cleanups): 404 GET http://10.167.4.35:9696/v2.0/trunks/4223cf1f-d372-4b5a-b8cb-6eaead44d53e 0.014s
2019-03-19 06:57:25.631 13337 DEBUG tempest.lib.common.rest_client [req-72ad214e-3568-4689-94d8-c24897601683 ] Request - Headers: {'Content-Type': 'application/json', 'Accept': 'application/json', 'X-Auth-Token': ''} Body: None Response - Headers: {'status': '404', u'content-length': '134', 'content-location': 'http://10.167.4.35:9696/v2.0/trunks/4223cf1f-d372-4b5a-b8cb-6eaead44d53e', u'date': 'Tue, 19 Mar 2019 06:57:25 GMT', u'content-type': 'application/json', u'connection': 'close', u'x-openstack-request-id': 'req-72ad214e-3568-4689-94d8-c24897601683'} Body: {"NeutronError": {"message": "Trunk 4223cf1f-d372-4b5a-b8cb-6eaead44d53e could not be found.", "type": "TrunkNotFound", "detail": ""}} _log_request_full /root/.rally/verification/verifier-291ac1a1-b8ef-4587-ab6f-19dff4d665e0/repo/tempest/lib/common/rest_client.py:437
2019-03-19 06:57:25.644 13337 INFO tempest.lib.common.rest_client [req-3fccf8bd-1803-4786-85b5-ad2c323b7113 ] Request (TrunkTestJSON:_run_cleanups): 404 GET http://10.167.4.35:9696/v2.0/trunks/aa820f40-4bc5-4f91-a499-3bca12812081 0.013s
2019-03-19 06:57:25.645 13337 DEBUG tempest.lib.common.rest_client [req-3fccf8bd-1803-4786-85b5-ad2c323b7113 ] Request - Headers: {'Content-Type': 'application/json', 'Accept': 'application/json', 'X-Auth-Token': ''} Body: None Response - Headers: {'status': '404', u'content-length': '134', 'content-location': 'http://10.167.4.35:9696/v2.0/trunks/aa820f40-4bc5-4f91-a499-3bca12812081', u'date': 'Tue, 19 Mar 2019 06:57:25 GMT', u'content-type': 'application/json', u'connection': 'close', u'x-openstack-request-id': 'req-3fccf8bd-1803-4786-85b5-ad2c323b7113'} Body: {"NeutronError": {"message": "Trunk aa820f40-4bc5-4f91-a499-3bca12812081 could not be found.", "type": "TrunkNotFound", "detail": ""}} _log_request_full /root/.rally/verification/verifier-291ac1a1-b8ef-4587-ab6f-19dff4d665e0/repo/tempest/lib/common/rest_client.py:437
2019-03-19 06:57:25.664 13337 INFO tempest.lib.common.rest_client [req-3c7fa934-0c5d-45fe-9d6a-2a969007fefa ] Request (TrunkTestJSON:_run_cleanups): 404 GET http://10.167.4.35:9696/v2.0/trunks/a96075e8-2b13-445e-8350-f3f7be35860e 0.019s
2019-03-19 06:57:25.665 13337 DEBUG tempest.lib.common.rest_client [req-3c7fa934-0c5d-45fe-9d6a-2a969007fefa ] Request - Headers: {'Content-Type': 'application/json', 'Accept': 'application/json', 'X-Auth-Token': ''} Body: None Response - Headers: {'status': '404', u'content-length': '134', 'content-location': 'http://10.167.4.35:9696/v2.0/trunks/a96075e8-2b13-445e-8350-f3f7be35860e', u'date': 'Tue, 19 Mar 2019 06:57:25 GMT', u'content-type': 'application/json', u'connection': 'close', u'x-openstack-request-id': 'req-3c7fa934-0c5d-45fe-9d6a-2a969007fefa'} Body: {"NeutronError": {"message": "Trunk a96075e8-2b13-445e-8350-f3f7be35860e could not be found.", "type": "TrunkNotFound", "detail": ""}} _log_request_full /root/.rally/verification/verifier-291ac1a1-b8ef-4587-ab6f-19dff4d665e0/repo/tempest/lib/common/rest_client.py:437
2019-03-19 06:57:25.680 13337 INFO tempest.lib.common.rest_client [req-1fc1460e-831f-4e56-ba64-b54bf767f8e2 ] Request (TrunkTestJSON:_run_cleanups): 404 GET http://10.167.4.35:9696/v2.0/trunks/5e67b7e6-bcd5-4af6-b5eb-32165cb855cc 0.014s
2019-03-19 06:57:25.680 13337 DEBUG tempest.lib.common.rest_client [req-1fc1460e-831f-4e56-ba64-b54bf767f8e2 ] Request - Headers: {'Content-Type': 'application/json', 'Accept': 'application/json', 'X-Auth-Token': ''} Body: None Response - Headers: {'status': '404', u'content-length': '134', 'content-location': 'http://10.167.4.35:9696/v2.0/trunks/5e67b7e6-bcd5-4af6-b5eb-32165cb855cc', u'date': 'Tue, 19 Mar 2019 06:57:25 GMT', u'content-type': 'application/json', u'connection': 'close', u'x-openstack-request-id': 'req-1fc1460e-831f-4e56-ba64-b54bf767f8e2'} Body: {"NeutronError": {"message": "Trunk 5e67b7e6-bcd5-4af6-b5eb-32165cb855cc could not be found.", "type": "TrunkNotFound", "detail": ""}} _log_request_full /root/.rally/verification/verifier-291ac1a1-b8ef-4587-ab6f-19dff4d665e0/repo/tempest/lib/common/rest_client.py:437
2019-03-19 06:57:25.695 13337 INFO tempest.lib.common.rest_client [req-6b297cdd-c2c5-4bf4-bb93-1ab4c71f6f96 ] Request (TrunkTestJSON:_run_cleanups): 404 GET http://10.167.4.35:9696/v2.0/trunks/9631a8d6-9410-465c-81a3-e09440a33c73 0.014s
2019-03-19 06:57:25.695 13337 DEBUG tempest.lib.common.rest_client [req-6b297cdd-c2c5-4bf4-bb93-1ab4c71f6f96 ] Request - Headers: {'Content-Type': 'application/json', 'Accept': 'application/json', 'X-Auth-Token': ''} Body: None Response - Headers: {'status': '404', u'content-length': '134', 'content-location': 'http://10.167.4.35:9696/v2.0/trunks/9631a8d6-9410-465c-81a3-e09440a33c73', u'date': 'Tue, 19 Mar 2019 06:57:25 GMT', u'content-type': 'application/json', u'connection': 'close', u'x-openstack-request-id': 'req-6b297cdd-c2c5-4bf4-bb93-1ab4c71f6f96'} Body: {"NeutronError": {"message": "Trunk 9631a8d6-9410-465c-81a3-e09440a33c73 could not be found.", "type": "TrunkNotFound", "detail": ""}} _log_request_full /root/.rally/verification/verifier-291ac1a1-b8ef-4587-ab6f-19dff4d665e0/repo/tempest/lib/common/rest_client.py:437
2019-03-19 06:57:25.733 13337 INFO tempest.lib.common.rest_client [req-e407c0c2-d4e7-4e90-ba24-fd6b2724ac8f ] Request (TrunkTestJSON:_run_cleanups): 404 DELETE http://10.167.4.35:9696/v2.0/ports/e18755c6-bf0a-400f-80c7-8011d6377f0a 0.036s
2019-03-19 06:57:25.733 13337 DEBUG tempest.lib.common.rest_client [req-e407c0c2-d4e7-4e90-ba24-fd6b2724ac8f ] Request - Headers: {'Content-Type': 'application/json', 'Accept': 'application/json', 'X-Auth-Token': ''} Body: None Response - Headers: {'status': '404', u'content-length': '132', 'content-location': 'http://10.167.4.35:9696/v2.0/ports/e18755c6-bf0a-400f-80c7-8011d6377f0a', u'date': 'Tue, 19 Mar 2019 06:57:25 GMT', u'content-type': 'application/json', u'connection': 'close', u'x-openstack-request-id': 'req-e407c0c2-d4e7-4e90-ba24-fd6b2724ac8f'} Body: {"NeutronError": {"message": "Port e18755c6-bf0a-400f-80c7-8011d6377f0a could not be found.", "type": "PortNotFound", "detail": ""}} _log_request_full /root/.rally/verification/verifier-291ac1a1-b8ef-4587-ab6f-19dff4d665e0/repo/tempest/lib/common/rest_client.py:437
2019-03-19 06:57:25.764 13337 INFO tempest.lib.common.rest_client [req-94759423-a64a-4e15-809f-4e3ee5431258 ] Request (TrunkTestJSON:_run_cleanups): 404 DELETE http://10.167.4.35:9696/v2.0/ports/837dffc3-0a98-49e0-8398-44c2c6d0668d 0.030s
2019-03-19 06:57:25.764 13337 DEBUG tempest.lib.common.rest_client [req-94759423-a64a-4e15-809f-4e3ee5431258 ] Request - Headers: {'Content-Type': 'application/json', 'Accept': 'application/json', 'X-Auth-Token': ''} Body: None Response - Headers: {'status': '404', u'content-length': '132', 'content-location': 'http://10.167.4.35:9696/v2.0/ports/837dffc3-0a98-49e0-8398-44c2c6d0668d', u'date': 'Tue, 19 Mar 2019 06:57:25 GMT', u'content-type': 'application/json', u'connection': 'close', u'x-openstack-request-id': 'req-94759423-a64a-4e15-809f-4e3ee5431258'} Body: {"NeutronError": {"message": "Port 837dffc3-0a98-49e0-8398-44c2c6d0668d could not be found.", "type": "PortNotFound", "detail": ""}} _log_request_full /root/.rally/verification/verifier-291ac1a1-b8ef-4587-ab6f-19dff4d665e0/repo/tempest/lib/common/rest_client.py:437
2019-03-19 06:57:25.801 13337 INFO tempest.lib.common.rest_client [req-ea34daeb-d4ae-4c89-ba6e-560e01801ae3 ] Request (TrunkTestJSON:_run_cleanups): 404 DELETE http://10.167.4.35:9696/v2.0/ports/2e75c4cf-8743-45c7-b74c-177ccc67156f 0.035s
2019-03-19 06:57:25.801 13337 DEBUG tempest.lib.common.rest_client [req-ea34daeb-d4ae-4c89-ba6e-560e01801ae3 ] Request - Headers: {'Content-Type': 'application/json', 'Accept': 'application/json', 'X-Auth-Token': ''} Body: None Response - Headers: {'status': '404', u'content-length': '132', 'content-location': 'http://10.167.4.35:9696/v2.0/ports/2e75c4cf-8743-45c7-b74c-177ccc67156f', u'date': 'Tue, 19 Mar 2019 06:57:25 GMT', u'content-type': 'application/json', u'connection': 'close', u'x-openstack-request-id': 'req-ea34daeb-d4ae-4c89-ba6e-560e01801ae3'} Body: {"NeutronError": {"message": "Port 2e75c4cf-8743-45c7-b74c-177ccc67156f could not be found.", "type": "PortNotFound", "detail": ""}} _log_request_full /root/.rally/verification/verifier-291ac1a1-b8ef-4587-ab6f-19dff4d665e0/repo/tempest/lib/common/rest_client.py:437
2019-03-19 06:57:25.834 13337 INFO tempest.lib.common.rest_client [req-ddbc9e6d-b52e-41fe-a9a2-64c340142103 ] Request (TrunkTestJSON:_run_cleanups): 404 DELETE http://10.167.4.35:9696/v2.0/ports/db07668f-497e-44d3-ab32-35eb7bbac32d 0.032s
2019-03-19 06:57:25.834 13337 DEBUG tempest.lib.common.rest_client [req-ddbc9e6d-b52e-41fe-a9a2-64c340142103 ] Request - Headers: {'Content-Type': 'application/json', 'Accept': 'application/json', 'X-Auth-Token': ''} Body: None Response - Headers: {'status': '404', u'content-length': '132', 'content-location': 'http://10.167.4.35:9696/v2.0/ports/db07668f-497e-44d3-ab32-35eb7bbac32d', u'date': 'Tue, 19 Mar 2019 06:57:25 GMT', u'content-type': 'application/json', u'connection': 'close', u'x-openstack-request-id': 'req-ddbc9e6d-b52e-41fe-a9a2-64c340142103'} Body: {"NeutronError": {"message": "Port db07668f-497e-44d3-ab32-35eb7bbac32d could not be found.", "type": "PortNotFound", "detail": ""}} _log_request_full /root/.rally/verification/verifier-291ac1a1-b8ef-4587-ab6f-19dff4d665e0/repo/tempest/lib/common/rest_client.py:437
2019-03-19 06:57:25.870 13337 INFO tempest.lib.common.rest_client [req-87823c45-1b01-46af-8838-31ec14e8a80c ] Request (TrunkTestJSON:_run_cleanups): 404 DELETE http://10.167.4.35:9696/v2.0/ports/33c85025-bfe5-441d-9c90-fbdb9a081665 0.035s
2019-03-19 06:57:25.871 13337 DEBUG tempest.lib.common.rest_client [req-87823c45-1b01-46af-8838-31ec14e8a80c ] Request - Headers: {'Content-Type': 'application/json', 'Accept': 'application/json', 'X-Auth-Token': ''} Body: None Response - Headers: {'status': '404', u'content-length': '132', 'content-location': 'http://10.167.4.35:9696/v2.0/ports/33c85025-bfe5-441d-9c90-fbdb9a081665', u'date': 'Tue, 19 Mar 2019 06:57:25 GMT', u'content-type': 'application/json', u'connection': 'close', u'x-openstack-request-id': 'req-87823c45-1b01-46af-8838-31ec14e8a80c'} Body: {"NeutronError": {"message": "Port 33c85025-bfe5-441d-9c90-fbdb9a081665 could not be found.", "type": "PortNotFound", "detail": ""}} _log_request_full /root/.rally/verification/verifier-291ac1a1-b8ef-4587-ab6f-19dff4d665e0/repo/tempest/lib/common/rest_client.py:437
2019-03-19 06:57:25.903 13337 INFO tempest.lib.common.rest_client [req-50a93f65-045f-4b40-90ef-f696599933b0 ] Request (TrunkTestJSON:_run_cleanups): 404 DELETE http://10.167.4.35:9696/v2.0/ports/7f6ff4e7-44b5-412a-8829-5fa1918ccfc9 0.031s
2019-03-19 06:57:25.904 13337 DEBUG tempest.lib.common.rest_client [req-50a93f65-045f-4b40-90ef-f696599933b0 ] Request - Headers: {'Content-Type': 'application/json', 'Accept': 'application/json', 'X-Auth-Token': ''} Body: None Response - Headers: {'status': '404', u'content-length': '132', 'content-location': 'http://10.167.4.35:9696/v2.0/ports/7f6ff4e7-44b5-412a-8829-5fa1918ccfc9', u'date': 'Tue, 19 Mar 2019 06:57:25 GMT', u'content-type': 'application/json', u'connection': 'close', u'x-openstack-request-id': 'req-50a93f65-045f-4b40-90ef-f696599933b0'} Body: {"NeutronError": {"message": "Port 7f6ff4e7-44b5-412a-8829-5fa1918ccfc9 could not be found.", "type": "PortNotFound", "detail": ""}} _log_request_full /root/.rally/verification/verifier-291ac1a1-b8ef-4587-ab6f-19dff4d665e0/repo/tempest/lib/common/rest_client.py:437
2019-03-19 06:57:25.936 13337 INFO tempest.lib.common.rest_client [req-94e016d3-93cb-4897-913c-0f394a7099d5 ] Request (TrunkTestJSON:_run_cleanups): 404 DELETE http://10.167.4.35:9696/v2.0/ports/3a051935-dd28-45a2-b8ab-29bd94ab75c7 0.031s
2019-03-19 06:57:25.936 13337 DEBUG tempest.lib.common.rest_client [req-94e016d3-93cb-4897-913c-0f394a7099d5 ] Request - Headers: {'Content-Type': 'application/json', 'Accept': 'application/json', 'X-Auth-Token': ''} Body: None Response - Headers: {'status': '404', u'content-length': '132', 'content-location': 'http://10.167.4.35:9696/v2.0/ports/3a051935-dd28-45a2-b8ab-29bd94ab75c7', u'date': 'Tue, 19 Mar 2019 06:57:25 GMT', u'content-type': 'application/json', u'connection': 'close', u'x-openstack-request-id': 'req-94e016d3-93cb-4897-913c-0f394a7099d5'} Body: {"NeutronError": {"message": "Port 3a051935-dd28-45a2-b8ab-29bd94ab75c7 could not be found.", "type": "PortNotFound", "detail": ""}} _log_request_full /root/.rally/verification/verifier-291ac1a1-b8ef-4587-ab6f-19dff4d665e0/repo/tempest/lib/common/rest_client.py:437
2019-03-19 06:57:25.966 13337 INFO tempest.lib.common.rest_client [req-4a765b7d-4f91-4785-9999-19f561d6251d ] Request (TrunkTestJSON:_run_cleanups): 404 DELETE http://10.167.4.35:9696/v2.0/ports/4c0fbcf6-90de-4b36-bb8c-2bf52ca64b75 0.029s
