2019-03-12 08:17:37.074 13279 DEBUG tempest.lib.common.rest_client [req-48968baf-875e-4663-9a09-997063b6f8ff ] Request - Headers: {'Content-Type': 'application/json', 'Accept': 'application/json', 'X-Auth-Token': ''} Body: None Response - Headers: {'status': '404', u'content-length': '138', 'content-location': 'http://10.167.4.35:9696/v2.0/networks/4c60d71d-d443-42da-9ff9-b514e300f37e', u'date': 'Tue, 12 Mar 2019 08:17:37 GMT', u'content-type': 'application/json', u'connection': 'close', u'x-openstack-request-id': 'req-48968baf-875e-4663-9a09-997063b6f8ff'} Body: {"NeutronError": {"message": "Network 4c60d71d-d443-42da-9ff9-b514e300f37e could not be found.", "type": "NetworkNotFound", "detail": ""}} _log_request_full /root/.rally/verification/verifier-d5f6f177-ffcb-42cf-8696-8df8079de766/repo/tempest/lib/common/rest_client.py:437
2019-03-12 08:17:37.099 13279 INFO tempest.lib.common.rest_client [req-e1227bc3-8d5f-48c6-9f53-fe7a141b09ce ] Request (TrunkTestJSON:_run_cleanups): 404 DELETE http://10.167.4.35:9696/v2.0/networks/fabf72a3-f8fc-4998-977e-804d3eb7f11d 0.024s
2019-03-12 08:17:37.099 13279 DEBUG tempest.lib.common.rest_client [req-e1227bc3-8d5f-48c6-9f53-fe7a141b09ce ] Request - Headers: {'Content-Type': 'application/json', 'Accept': 'application/json', 'X-Auth-Token': ''} Body: None Response - Headers: {'status': '404', u'content-length': '138', 'content-location': 'http://10.167.4.35:9696/v2.0/networks/fabf72a3-f8fc-4998-977e-804d3eb7f11d', u'date': 'Tue, 12 Mar 2019 08:17:37 GMT', u'content-type': 'application/json', u'connection': 'close', u'x-openstack-request-id': 'req-e1227bc3-8d5f-48c6-9f53-fe7a141b09ce'} Body: {"NeutronError": {"message": "Network fabf72a3-f8fc-4998-977e-804d3eb7f11d could not be found.", "type": "NetworkNotFound", "detail": ""}} _log_request_full /root/.rally/verification/verifier-d5f6f177-ffcb-42cf-8696-8df8079de766/repo/tempest/lib/common/rest_client.py:437
2019-03-12 08:17:37.122 13279 INFO tempest.lib.common.rest_client [req-18b2b07d-c2e0-48a7-b5d2-785efeac1cc1 ] Request (TrunkTestJSON:_run_cleanups): 404 DELETE http://10.167.4.35:9696/v2.0/networks/617fe241-d403-4bcd-b1ca-be239f00bf8e 0.021s
2019-03-12 08:17:37.122 13279 DEBUG tempest.lib.common.rest_client [req-18b2b07d-c2e0-48a7-b5d2-785efeac1cc1 ] Request - Headers: {'Content-Type': 'application/json', 'Accept': 'application/json', 'X-Auth-Token': ''} Body: None Response - Headers: {'status': '404', u'content-length': '138', 'content-location': 'http://10.167.4.35:9696/v2.0/networks/617fe241-d403-4bcd-b1ca-be239f00bf8e', u'date': 'Tue, 12 Mar 2019 08:17:37 GMT', u'content-type': 'application/json', u'connection': 'close', u'x-openstack-request-id': 'req-18b2b07d-c2e0-48a7-b5d2-785efeac1cc1'} Body: {"NeutronError": {"message": "Network 617fe241-d403-4bcd-b1ca-be239f00bf8e could not be found.", "type": "NetworkNotFound", "detail": ""}} _log_request_full /root/.rally/verification/verifier-d5f6f177-ffcb-42cf-8696-8df8079de766/repo/tempest/lib/common/rest_client.py:437
2019-03-12 08:17:37.130 13276 INFO tempest.lib.common.ssh [-] Creating ssh connection to '172.30.10.118:22' as 'cirros' with public key authentication
2019-03-12 08:17:37.132 13276 INFO paramiko.transport [-] Connected (version 2.0, client dropbear_2015.67)
2019-03-12 08:17:37.142 13279 INFO tempest.lib.common.rest_client [req-0f19b821-b3fe-497f-9e22-40039fedb758 ] Request (TrunkTestJSON:_run_cleanups): 404 DELETE http://10.167.4.35:9696/v2.0/networks/315c177f-6493-4bb5-8604-bc9c9d9c51d9 0.019s
2019-03-12 08:17:37.143 13279 DEBUG tempest.lib.common.rest_client [req-0f19b821-b3fe-497f-9e22-40039fedb758 ] Request - Headers: {'Content-Type': 'application/json', 'Accept': 'application/json', 'X-Auth-Token': ''} Body: None Response - Headers: {'status': '404', u'content-length': '138', 'content-location': 'http://10.167.4.35:9696/v2.0/networks/315c177f-6493-4bb5-8604-bc9c9d9c51d9', u'date': 'Tue, 12 Mar 2019 08:17:37 GMT', u'content-type': 'application/json', u'connection': 'close', u'x-openstack-request-id': 'req-0f19b821-b3fe-497f-9e22-40039fedb758'} Body: {"NeutronError": {"message": "Network 315c177f-6493-4bb5-8604-bc9c9d9c51d9 could not be found.", "type": "NetworkNotFound", "detail": ""}} _log_request_full /root/.rally/verification/verifier-d5f6f177-ffcb-42cf-8696-8df8079de766/repo/tempest/lib/common/rest_client.py:437
2019-03-12 08:17:37.167 13279 INFO tempest.lib.common.rest_client [req-1ef7dff2-564c-4226-829a-5b0b54d7486d ] Request (TrunkTestJSON:_run_cleanups): 404 DELETE http://10.167.4.35:9696/v2.0/networks/7b410578-bd7e-461b-be74-667a838d56ea 0.023s
2019-03-12 08:17:37.167 13279 DEBUG tempest.lib.common.rest_client [req-1ef7dff2-564c-4226-829a-5b0b54d7486d ] Request - Headers: {'Content-Type': 'application/json', 'Accept': 'application/json', 'X-Auth-Token': ''} Body: None Response - Headers: {'status': '404', u'content-length': '138', 'content-location': 'http://10.167.4.35:9696/v2.0/networks/7b410578-bd7e-461b-be74-667a838d56ea', u'date': 'Tue, 12 Mar 2019 08:17:37 GMT', u'content-type': 'application/json', u'connection': 'close', u'x-openstack-request-id': 'req-1ef7dff2-564c-4226-829a-5b0b54d7486d'} Body: {"NeutronError": {"message": "Network 7b410578-bd7e-461b-be74-667a838d56ea could not be found.", "type": "NetworkNotFound", "detail": ""}} _log_request_full /root/.rally/verification/verifier-d5f6f177-ffcb-42cf-8696-8df8079de766/repo/tempest/lib/common/rest_client.py:437
2019-03-12 08:17:37.190 13279 INFO tempest.lib.common.rest_client [req-3bf74a8f-05de-480c-b782-525057bfa2d2 ] Request (TrunkTestJSON:_run_cleanups): 404 DELETE http://10.167.4.35:9696/v2.0/networks/bd63a52e-b793-412e-86cf-d2db6e0de5ac 0.022s
2019-03-12 08:17:37.191 13279 DEBUG tempest.lib.common.rest_client [req-3bf74a8f-05de-480c-b782-525057bfa2d2 ] Request - Headers: {'Content-Type': 'application/json', 'Accept': 'application/json', 'X-Auth-Token': ''} Body: None Response - Headers: {'status': '404', u'content-length': '138', 'content-location': 'http://10.167.4.35:9696/v2.0/networks/bd63a52e-b793-412e-86cf-d2db6e0de5ac', u'date': 'Tue, 12 Mar 2019 08:17:37 GMT', u'content-type': 'application/json', u'connection': 'close', u'x-openstack-request-id': 'req-3bf74a8f-05de-480c-b782-525057bfa2d2'} Body: {"NeutronError": {"message": "Network bd63a52e-b793-412e-86cf-d2db6e0de5ac could not be found.", "type": "NetworkNotFound", "detail": ""}} _log_request_full /root/.rally/verification/verifier-d5f6f177-ffcb-42cf-8696-8df8079de766/repo/tempest/lib/common/rest_client.py:437
2019-03-12 08:17:37.193 13276 INFO paramiko.transport [-] Authentication (publickey) successful!
2019-03-12 08:17:37.196 13276 INFO tempest.lib.common.ssh [-] ssh connection to cirros@172.30.10.118 successfully created
2019-03-12 08:17:37.218 13279 INFO tempest.lib.common.rest_client [req-edaed915-b5fb-4ba9-b816-ba7d8888b682 ] Request (TrunkTestJSON:_run_cleanups): 404 DELETE http://10.167.4.35:9696/v2.0/networks/513fa2a8-94b8-43fe-bbca-4dbdb2cad693 0.026s
2019-03-12 08:17:37.218 13279 DEBUG tempest.lib.common.rest_client [req-edaed915-b5fb-4ba9-b816-ba7d8888b682 ] Request - Headers: {'Content-Type': 'application/json', 'Accept': 'application/json', 'X-Auth-Token': ''} Body: None Response - Headers: {'status': '404', u'content-length': '138', 'content-location': 'http://10.167.4.35:9696/v2.0/networks/513fa2a8-94b8-43fe-bbca-4dbdb2cad693', u'date': 'Tue, 12 Mar 2019 08:17:37 GMT', u'content-type': 'application/json', u'connection': 'close', u'x-openstack-request-id': 'req-edaed915-b5fb-4ba9-b816-ba7d8888b682'} Body: {"NeutronError": {"message": "Network 513fa2a8-94b8-43fe-bbca-4dbdb2cad693 could not be found.", "type": "NetworkNotFound", "detail": ""}} _log_request_full /root/.rally/verification/verifier-d5f6f177-ffcb-42cf-8696-8df8079de766/repo/tempest/lib/common/rest_client.py:437
2019-03-12 08:17:37.245 13279 INFO tempest.lib.common.rest_client [req-32c40b47-bf18-4217-baeb-420e06591e2d ] Request (TrunkTestJSON:_run_cleanups): 404 DELETE http://10.167.4.35:9696/v2.0/networks/f72b2816-23aa-4197-b21e-a9e73ade5d66 0.026s
2019-03-12 08:17:37.246 13279 DEBUG tempest.lib.common.rest_client [req-32c40b47-bf18-4217-baeb-420e06591e2d ] Request - Headers: {'Content-Type': 'application/json', 'Accept': 'application/json', 'X-Auth-Token': ''} Body: None Response - Headers: {'status': '404', u'content-length': '138', 'content-location': 'http://10.167.4.35:9696/v2.0/networks/f72b2816-23aa-4197-b21e-a9e73ade5d66', u'date': 'Tue, 12 Mar 2019 08:17:37 GMT', u'content-type': 'application/json', u'connection': 'close', u'x-openstack-request-id': 'req-32c40b47-bf18-4217-baeb-420e06591e2d'} Body: {"NeutronError": {"message": "Network f72b2816-23aa-4197-b21e-a9e73ade5d66 could not be found.", "type": "NetworkNotFound", "detail": ""}} _log_request_full /root/.rally/verification/verifier-d5f6f177-ffcb-42cf-8696-8df8079de766/repo/tempest/lib/common/rest_client.py:437
2019-03-12 08:17:37.273 13279 INFO tempest.lib.common.rest_client [req-4b2dfc62-0264-490d-bb78-c169bc6bf78a ] Request (TrunkTestJSON:_run_cleanups): 404 DELETE http://10.167.4.35:9696/v2.0/networks/e57ef5c3-8347-492a-9585-9703ac842705 0.027s
2019-03-12 08:17:37.274 13279 DEBUG tempest.lib.common.rest_client [req-4b2dfc62-0264-490d-bb78-c169bc6bf78a ] Request - Headers: {'Content-Type': 'application/json', 'Accept': 'application/json', 'X-Auth-Token': ''} Body: None Response - Headers: {'status': '404', u'content-length': '138', 'content-location': 'http://10.167.4.35:9696/v2.0/networks/e57ef5c3-8347-492a-9585-9703ac842705', u'date': 'Tue, 12 Mar 2019 08:17:37 GMT', u'content-type': 'application/json', u'connection': 'close', u'x-openstack-request-id': 'req-4b2dfc62-0264-490d-bb78-c169bc6bf78a'} Body: {"NeutronError": {"message": "Network e57ef5c3-8347-492a-9585-9703ac842705 could not be found.", "type": "NetworkNotFound", "detail": ""}} _log_request_full /root/.rally/verification/verifier-d5f6f177-ffcb-42cf-8696-8df8079de766/repo/tempest/lib/common/rest_client.py:437
2019-03-12 08:17:37.299 13279 INFO tempest.lib.common.rest_client [req-2b158416-709d-418a-a0ff-8b0a78369e08 ] Request (TrunkTestJSON:_run_cleanups): 404 DELETE http://10.167.4.35:9696/v2.0/networks/b6597d3e-e954-402d-9958-795d03d9694c 0.024s
2019-03-12 08:17:37.299 13279 DEBUG tempest.lib.common.rest_client [req-2b158416-709d-418a-a0ff-8b0a78369e08 ] Request - Headers: {'Content-Type': 'application/json', 'Accept': 'application/json', 'X-Auth-Token': ''} Body: None Response - Headers: {'status': '404', u'content-length': '138', 'content-location': 'http://10.167.4.35:9696/v2.0/networks/b6597d3e-e954-402d-9958-795d03d9694c', u'date': 'Tue, 12 Mar 2019 08:17:37 GMT', u'content-type': 'application/json', u'connection': 'close', u'x-openstack-request-id': 'req-2b158416-709d-418a-a0ff-8b0a78369e08'} Body: {"NeutronError": {"message": "Network b6597d3e-e954-402d-9958-795d03d9694c could not be found.", "type": "NetworkNotFound", "detail": ""}} _log_request_full /root/.rally/verification/verifier-d5f6f177-ffcb-42cf-8696-8df8079de766/repo/tempest/lib/common/rest_client.py:437
2019-03-12 08:17:37.324 13279 INFO tempest.lib.common.rest_client [req-23bfc2f4-65d9-4c69-8d03-f38908a243f8 ] Request (TrunkTestJSON:_run_cleanups): 404 DELETE http://10.167.4.35:9696/v2.0/networks/20e48483-7e0e-44d6-a3eb-e2c26a735c5e 0.023s
2019-03-12 08:17:37.324 13279 DEBUG tempest.lib.common.rest_client [req-23bfc2f4-65d9-4c69-8d03-f38908a243f8 ] Request - Headers: {'Content-Type': 'application/json', 'Accept': 'application/json', 'X-Auth-Token': ''} Body: None Response - Headers: {'status': '404', u'content-length': '138', 'content-location': 'http://10.167.4.35:9696/v2.0/networks/20e48483-7e0e-44d6-a3eb-e2c26a735c5e', u'date': 'Tue, 12 Mar 2019 08:17:37 GMT', u'content-type': 'application/json', u'connection': 'close', u'x-openstack-request-id': 'req-23bfc2f4-65d9-4c69-8d03-f38908a243f8'} Body: {"NeutronError": {"message": "Network 20e48483-7e0e-44d6-a3eb-e2c26a735c5e could not be found.", "type": "NetworkNotFound", "detail": ""}} _log_request_full /root/.rally/verification/verifier-d5f6f177-ffcb-42cf-8696-8df8079de766/repo/tempest/lib/common/rest_client.py:437
2019-03-12 08:17:37.374 13276 INFO tempest.lib.common.rest_client [req-24893dc5-144c-4698-9e4f-d6441fc5cfe8 ] Request (TrunkTest:_run_cleanups): 202 DELETE http://10.167.4.35:8774/v2.1/servers/39725f5e-352f-4015-a05a-34172b370dba/os-interface/7ae21626-c6cd-4e1e-b36b-aadd5e9e40d5 0.062s
2019-03-12 08:17:37.375 13276 DEBUG tempest.lib.common.rest_client [req-24893dc5-144c-4698-9e4f-d6441fc5cfe8 ] Request - Headers: {'Content-Type': 'application/json', 'Accept': 'application/json', 'X-Auth-Token': ''} Body: None Response - Headers: {'status': '202', u'content-length': '0', 'content-location': 'http://10.167.4.35:8774/v2.1/servers/39725f5e-352f-4015-a05a-34172b370dba/os-interface/7ae21626-c6cd-4e1e-b36b-aadd5e9e40d5', u'x-compute-request-id': 'req-24893dc5-144c-4698-9e4f-d6441fc5cfe8', u'vary': 'X-OpenStack-Nova-API-Version', u'openstack-api-version': 'compute 2.1', u'connection': 'close', u'x-openstack-nova-api-version': '2.1', u'date': 'Tue, 12 Mar 2019 08:17:37 GMT', u'content-type': 'application/json', u'x-openstack-request-id': 'req-24893dc5-144c-4698-9e4f-d6441fc5cfe8'} Body: _log_request_full /root/.rally/verification/verifier-d5f6f177-ffcb-42cf-8696-8df8079de766/repo/tempest/lib/common/rest_client.py:437
2019-03-12 08:17:37.393 13275 INFO tempest.lib.common.rest_client [req-3ad6709a-8a40-463f-a994-ad74a96e9da3 ] Request (TrunkTestJSON:_run_cleanups): 204 DELETE http://10.167.4.35:9696/v2.0/ports/9a82e30e-7421-41d0-ac2f-6ba18e15e09f 0.759s
2019-03-12 08:17:37.394 13275 DEBUG tempest.lib.common.rest_client [req-3ad6709a-8a40-463f-a994-ad74a96e9da3 ] Request - Headers: {'Content-Type': 'application/json', 'Accept': 'application/json', 'X-Auth-Token': ''} Body: None Response - Headers: {'status': '204', u'content-length': '0', 'content-location': 'http://10.167.4.35:9696/v2.0/ports/9a82e30e-7421-41d0-ac2f-6ba18e15e09f', u'date': 'Tue, 12 Mar 2019 08:17:37 GMT', u'connection': 'close', u'x-openstack-request-id': 'req-3ad6709a-8a40-463f-a994-ad74a96e9da3'} Body: _log_request_full /root/.rally/verification/verifier-d5f6f177-ffcb-42cf-8696-8df8079de766/repo/tempest/lib/common/rest_client.py:437
2019-03-12 08:17:37.416 13275 INFO tempest.lib.common.rest_client [req-d2dea903-1306-41fb-9160-7cac606cedff ] Request (TrunkTestJSON:_run_cleanups): 404 DELETE http://10.167.4.35:9696/v2.0/networks/72be4c9e-362e-44cb-b0b5-126208e920bd 0.022s
2019-03-12 08:17:37.417 13275 DEBUG tempest.lib.common.rest_client [req-d2dea903-1306-41fb-9160-7cac606cedff ] Request - Headers: {'Content-Type': 'application/json', 'Accept': 'application/json', 'X-Auth-Token': ''} Body: None Response - Headers: {'status': '404', u'content-length': '138', 'content-location': 'http://10.167.4.35:9696/v2.0/networks/72be4c9e-362e-44cb-b0b5-126208e920bd', u'date': 'Tue, 12 Mar 2019 08:17:37 GMT', u'content-type': 'application/json', u'connection': 'close', u'x-openstack-request-id': 'req-d2dea903-1306-41fb-9160-7cac606cedff'} Body: {"NeutronError": {"message": "Network 72be4c9e-362e-44cb-b0b5-126208e920bd could not be found.", "type": "NetworkNotFound", "detail": ""}} _log_request_full /root/.rally/verification/verifier-d5f6f177-ffcb-42cf-8696-8df8079de766/repo/tempest/lib/common/rest_client.py:437
2019-03-12 08:17:37.444 13275 INFO tempest.lib.common.rest_client [req-5abf1895-85c9-43ac-a005-a40bfaf826ce ] Request (TrunkTestJSON:_run_cleanups): 404 DELETE http://10.167.4.35:9696/v2.0/networks/d0d7b593-2df6-4e28-bd67-9e173152f455 0.026s
2019-03-12 08:17:37.444 13275 DEBUG tempest.lib.common.rest_client [req-5abf1895-85c9-43ac-a005-a40bfaf826ce ] Request - Headers: {'Content-Type': 'application/json', 'Accept': 'application/json', 'X-Auth-Token': ''} Body: None Response - Headers: {'status': '404', u'content-length': '138', 'content-location': 'http://10.167.4.35:9696/v2.0/networks/d0d7b593-2df6-4e28-bd67-9e173152f455', u'date': 'Tue, 12 Mar 2019 08:17:37 GMT', u'content-type': 'application/json', u'connection': 'close', u'x-openstack-request-id': 'req-5abf1895-85c9-43ac-a005-a40bfaf826ce'} Body: {"NeutronError": {"message": "Network d0d7b593-2df6-4e28-bd67-9e173152f455 could not be found.", "type": "NetworkNotFound", "detail": ""}} _log_request_full /root/.rally/verification/verifier-d5f6f177-ffcb-42cf-8696-8df8079de766/repo/tempest/lib/common/rest_client.py:437
2019-03-12 08:17:37.470 13275 INFO tempest.lib.common.rest_client [req-d633b53b-9914-4253-a6d1-10ec91776502 ] Request (TrunkTestJSON:_run_cleanups): 404 DELETE http://10.167.4.35:9696/v2.0/networks/fb8713b4-8481-4a22-b61c-5bfb4f7bf08e 0.024s
2019-03-12 08:17:37.470 13275 DEBUG tempest.lib.common.rest_client [req-d633b53b-9914-4253-a6d1-10ec91776502 ] Request - Headers: {'Content-Type': 'application/json', 'Accept': 'application/json', 'X-Auth-Token': ''} Body: None Response - Headers: {'status': '404', u'content-length': '138', 'content-location': 'http://10.167.4.35:9696/v2.0/networks/fb8713b4-8481-4a22-b61c-5bfb4f7bf08e', u'date': 'Tue, 12 Mar 2019 08:17:37 GMT', u'content-type': 'application/json', u'connection': 'close', u'x-openstack-request-id': 'req-d633b53b-9914-4253-a6d1-10ec91776502'} Body: {"NeutronError": {"message": "Network fb8713b4-8481-4a22-b61c-5bfb4f7bf08e could not be found.", "type": "NetworkNotFound", "detail": ""}} _log_request_full /root/.rally/verification/verifier-d5f6f177-ffcb-42cf-8696-8df8079de766/repo/tempest/lib/common/rest_client.py:437
2019-03-12 08:17:37.485 13276 INFO tempest.lib.common.rest_client [req-486843eb-ebcd-4230-8413-234ce47a0322 ] Request (TrunkTest:_run_cleanups): 200 GET http://10.167.4.35:9696/v2.0/ports/7ae21626-c6cd-4e1e-b36b-aadd5e9e40d5 0.109s
2019-03-12 08:17:37.486 13276 DEBUG tempest.lib.common.rest_client [req-486843eb-ebcd-4230-8413-234ce47a0322 ] Request - Headers: {'Content-Type': 'application/json', 'Accept': 'application/json', 'X-Auth-Token': ''} Body: None Response - Headers: {'status': '200', u'content-length': '1356', 'content-location': 'http://10.167.4.35:9696/v2.0/ports/7ae21626-c6cd-4e1e-b36b-aadd5e9e40d5', u'date': 'Tue, 12 Mar 2019 08:17:37 GMT', u'content-type': 'application/json', u'connection': 'close', u'x-openstack-request-id': 'req-486843eb-ebcd-4230-8413-234ce47a0322'} Body: {"port":{"allowed_address_pairs":[],"extra_dhcp_opts":[],"updated_at":"2019-03-12T08:17:16Z","device_owner":"compute:nova","revision_number":4,"port_security_enabled":true,"fixed_ips":[{"subnet_id":"7a9b3efb-45d5-482f-a018-4d218ea0f943","ip_address":"192.168.120.5"}],"id":"7ae21626-c6cd-4e1e-b36b-aadd5e9e40d5","security_groups":["ac08516f-bde3-4d62-9fef-9999f3efc853"],"mac_address":"fa:16:3e:77:ba:da","project_id":"69beca9281da40a9975c4f0a556a0196","status":"ACTIVE","description":"","tags":[],"trunk_details":{"trunk_id":"f137e29c-20de-477a-8bdf-d515dd1c7a6c","sub_ports":[{"segmentation_id":5,"port_id":"db08823c-2206-4f64-b435-dba27d0c777e","segmentation_type":"vlan","mac_address":"fa:16:3e:49:82:81"},{"segmentation_id":3,"port_id":"cea6ef0f-6c01-4859-a16b-ad9e570a800d","segmentation_type":"vlan","mac_address":"fa:16:3e:00:19:51"},{"segmentation_id":4,"port_id":"95438bc8-c3b8-4799-bf9e-19a31b8d8364","segmentation_type":"vlan","mac_address":"fa:16:3e:2b:ce:b6"},{"segmentation_id":6,"port_id":"72ca8586-e9b8-4b85-96a4-fccd5c5dcbb1","segmentation_type":"vlan","mac_address":"fa:16:3e:3b:0d:01"}]},"device_id":"39725f5e-352f-4015-a05a-34172b370dba","name":"","admin_state_up":true,"network_id":"6cc5cdd7-7000-482b-aa8a-981f986cd40b","tenant_id":"69beca9281da40a9975c4f0a556a0196","created_at":"2019-03-12T08:17:06Z","binding:vnic_type":"normal"}} _log_request_full /root/.rally/verification/verifier-d5f6f177-ffcb-42cf-8696-8df8079de766/repo/tempest/lib/common/rest_client.py:437
2019-03-12 08:17:37.491 13275 INFO tempest.lib.common.rest_client [req-6ede1f2e-c960-47e7-8dce-2f1dc8a393c7 ] Request (TrunkTestJSON:_run_cleanups): 404 DELETE http://10.167.4.35:9696/v2.0/networks/e96efc7a-eafa-4da5-b1cb-ffd7ae83dff7 0.019s
2019-03-12 08:17:37.491 13275 DEBUG tempest.lib.common.rest_client [req-6ede1f2e-c960-47e7-8dce-2f1dc8a393c7 ] Request - Headers: {'Content-Type': 'application/json', 'Accept': 'application/json', 'X-Auth-Token': ''} Body: None Response - Headers: {'status': '404', u'content-length': '138', 'content-location': 'http://10.167.4.35:9696/v2.0/networks/e96efc7a-eafa-4da5-b1cb-ffd7ae83dff7', u'date': 'Tue, 12 Mar 2019 08:17:37 GMT', u'content-type': 'application/json', u'connection': 'close', u'x-openstack-request-id': 'req-6ede1f2e-c960-47e7-8dce-2f1dc8a393c7'} Body: {"NeutronError": {"message": "Network e96efc7a-eafa-4da5-b1cb-ffd7ae83dff7 could not be found.", "type": "NetworkNotFound", "detail": ""}} _log_request_full /root/.rally/verification/verifier-d5f6f177-ffcb-42cf-8696-8df8079de766/repo/tempest/lib/common/rest_client.py:437
2019-03-12 08:17:37.521 13275 INFO tempest.lib.common.rest_client [req-701897e4-8e5d-4910-ad07-fd1209cb6742 ] Request (TrunkTestJSON:_run_cleanups): 404 DELETE http://10.167.4.35:9696/v2.0/networks/073f4776-68ef-4d60-a5c4-39587b69d7f6 0.029s
2019-03-12 08:17:37.522 13275 DEBUG tempest.lib.common.rest_client [req-701897e4-8e5d-4910-ad07-fd1209cb6742 ] Request - Headers: {'Content-Type': 'application/json', 'Accept': 'application/json', 'X-Auth-Token': ''} Body: None Response - Headers: {'status': '404', u'content-length': '138', 'content-location': 'http://10.167.4.35:9696/v2.0/networks/073f4776-68ef-4d60-a5c4-39587b69d7f6', u'date': 'Tue, 12 Mar 2019 08:17:37 GMT', u'content-type': 'application/json', u'connection': 'close', u'x-openstack-request-id': 'req-701897e4-8e5d-4910-ad07-fd1209cb6742'} Body: {"NeutronError": {"message": "Network 073f4776-68ef-4d60-a5c4-39587b69d7f6 could not be found.", "type": "NetworkNotFound", "detail": ""}} _log_request_full /root/.rally/verification/verifier-d5f6f177-ffcb-42cf-8696-8df8079de766/repo/tempest/lib/common/rest_client.py:437
2019-03-12 08:17:37.545 13275 INFO tempest.lib.common.rest_client [req-1dca7b19-9249-4d26-8884-5f85f8970bfe ] Request (TrunkTestJSON:_run_cleanups): 404 DELETE http://10.167.4.35:9696/v2.0/networks/43e66dd8-7d6c-4731-bb94-1d9c36f7b2b0 0.022s
2019-03-12 08:17:37.545 13275 DEBUG tempest.lib.common.rest_client [req-1dca7b19-9249-4d26-8884-5f85f8970bfe ] Request - Headers: {'Content-Type': 'application/json', 'Accept': 'application/json', 'X-Auth-Token': ''} Body: None Response - Headers: {'status': '404', u'content-length': '138', 'content-location': 'http://10.167.4.35:9696/v2.0/networks/43e66dd8-7d6c-4731-bb94-1d9c36f7b2b0', u'date': 'Tue, 12 Mar 2019 08:17:37 GMT', u'content-type': 'application/json', u'connection': 'close', u'x-openstack-request-id': 'req-1dca7b19-9249-4d26-8884-5f85f8970bfe'} Body: {"NeutronError": {"message": "Network 43e66dd8-7d6c-4731-bb94-1d9c36f7b2b0 could not be found.", "type": "NetworkNotFound", "detail": ""}} _log_request_full /root/.rally/verification/verifier-d5f6f177-ffcb-42cf-8696-8df8079de766/repo/tempest/lib/common/rest_client.py:437
2019-03-12 08:17:37.569 13275 INFO tempest.lib.common.rest_client [req-3570a4a7-2fe4-456f-aa83-f60da1a25415 ] Request (TrunkTestJSON:_run_cleanups): 404 DELETE http://10.167.4.35:9696/v2.0/networks/b2f36205-94ed-44c7-9df1-3ecf90d4a4be 0.022s
2019-03-12 08:17:37.569 13275 DEBUG tempest.lib.common.rest_client [req-3570a4a7-2fe4-456f-aa83-f60da1a25415 ] Request - Headers: {'Content-Type': 'application/json', 'Accept': 'application/json', 'X-Auth-Token': ''} Body: None Response - Headers: {'status': '404', u'content-length': '138', 'content-location': 'http://10.167.4.35:9696/v2.0/networks/b2f36205-94ed-44c7-9df1-3ecf90d4a4be', u'date': 'Tue, 12 Mar 2019 08:17:37 GMT', u'content-type': 'application/json', u'connection': 'close', u'x-openstack-request-id': 'req-3570a4a7-2fe4-456f-aa83-f60da1a25415'} Body: {"NeutronError": {"message": "Network b2f36205-94ed-44c7-9df1-3ecf90d4a4be could not be found.", "type": "NetworkNotFound", "detail": ""}} _log_request_full /root/.rally/verification/verifier-d5f6f177-ffcb-42cf-8696-8df8079de766/repo/tempest/lib/common/rest_client.py:437
2019-03-12 08:17:37.590 13275 INFO tempest.lib.common.rest_client [req-55ba24c0-164f-4293-a504-dbf760c559d9 ] Request (TrunkTestJSON:_run_cleanups): 404 DELETE http://10.167.4.35:9696/v2.0/networks/091f8478-3a8c-4750-aaf1-82db8ebfda18 0.019s
2019-03-12 08:17:37.590 13275 DEBUG tempest.lib.common.rest_client [req-55ba24c0-164f-4293-a504-dbf760c559d9 ] Request - Headers: {'Content-Type': 'application/json', 'Accept': 'application/json', 'X-Auth-Token': ''} Body: None Response - Headers: {'status': '404', u'content-length': '138', 'content-location': 'http://10.167.4.35:9696/v2.0/networks/091f8478-3a8c-4750-aaf1-82db8ebfda18', u'date': 'Tue, 12 Mar 2019 08:17:37 GMT', u'content-type': 'application/json', u'connection': 'close', u'x-openstack-request-id': 'req-55ba24c0-164f-4293-a504-dbf760c559d9'} Body: {"NeutronError": {"message": "Network 091f8478-3a8c-4750-aaf1-82db8ebfda18 could not be found.", "type": "NetworkNotFound", "detail": ""}} _log_request_full /root/.rally/verification/verifier-d5f6f177-ffcb-42cf-8696-8df8079de766/repo/tempest/lib/common/rest_client.py:437
2019-03-12 08:17:37.616 13275 INFO tempest.lib.common.rest_client [req-1df87b4a-8252-49f2-8339-04c665a7fc1b ] Request (TrunkTestJSON:_run_cleanups): 404 DELETE http://10.167.4.35:9696/v2.0/networks/9fcf02c6-7d36-44c6-a516-fa7443881b65 0.025s
2019-03-12 08:17:37.616 13275 DEBUG tempest.lib.common.rest_client [req-1df87b4a-8252-49f2-8339-04c665a7fc1b ] Request - Headers: {'Content-Type': 'application/json', 'Accept': 'application/json', 'X-Auth-Token': ''} Body: None Response - Headers: {'status': '404', u'content-length': '138', 'content-location': 'http://10.167.4.35:9696/v2.0/networks/9fcf02c6-7d36-44c6-a516-fa7443881b65', u'date': 'Tue, 12 Mar 2019 08:17:37 GMT', u'content-type': 'application/json', u'connection': 'close', u'x-openstack-request-id': 'req-1df87b4a-8252-49f2-8339-04c665a7fc1b'} Body: {"NeutronError": {"message": "Network 9fcf02c6-7d36-44c6-a516-fa7443881b65 could not be found.", "type": "NetworkNotFound", "detail": ""}} _log_request_full /root/.rally/verification/verifier-d5f6f177-ffcb-42cf-8696-8df8079de766/repo/tempest/lib/common/rest_client.py:437
2019-03-12 08:17:37.646 13275 INFO tempest.lib.common.rest_client [req-7a446bfd-6c8a-4eae-b652-062561548e48 ] Request (TrunkTestJSON:_run_cleanups): 404 DELETE http://10.167.4.35:9696/v2.0/networks/ee3488ec-22dd-4318-8eeb-b606d28aff8b 0.029s
2019-03-12 08:17:37.647 13275 DEBUG tempest.lib.common.rest_client [req-7a446bfd-6c8a-4eae-b652-062561548e48 ] Request - Headers: {'Content-Type': 'application/json', 'Accept': 'application/json', 'X-Auth-Token': ''} Body: None Response - Headers: {'status': '404', u'content-length': '138', 'content-location': 'http://10.167.4.35:9696/v2.0/networks/ee3488ec-22dd-4318-8eeb-b606d28aff8b', u'date': 'Tue, 12 Mar 2019 08:17:37 GMT', u'content-type': 'application/json', u'connection': 'close', u'x-openstack-request-id': 'req-7a446bfd-6c8a-4eae-b652-062561548e48'} Body: {"NeutronError": {"message": "Network ee3488ec-22dd-4318-8eeb-b606d28aff8b could not be found.", "type": "NetworkNotFound", "detail": ""}} _log_request_full /root/.rally/verification/verifier-d5f6f177-ffcb-42cf-8696-8df8079de766/repo/tempest/lib/common/rest_client.py:437
2019-03-12 08:17:37.668 13275 INFO tempest.lib.common.rest_client [req-3f12299b-c1e1-4837-9143-037ec9bc87a5 ] Request (TrunkTestJSON:_run_cleanups): 404 DELETE http://10.167.4.35:9696/v2.0/networks/d840d596-321f-4313-8c74-eafe85b8fbd2 0.021s
2019-03-12 08:17:37.669 13275 DEBUG tempest.lib.common.rest_client [req-3f12299b-c1e1-4837-9143-037ec9bc87a5 ] Request - Headers: {'Content-Type': 'application/json', 'Accept': 'application/json', 'X-Auth-Token': ''} Body: None Response - Headers: {'status': '404', u'content-length': '138', 'content-location': 'http://10.167.4.35:9696/v2.0/networks/d840d596-321f-4313-8c74-eafe85b8fbd2', u'date': 'Tue, 12 Mar 2019 08:17:37 GMT', u'content-type': 'application/json', u'connection': 'close', u'x-openstack-request-id': 'req-3f12299b-c1e1-4837-9143-037ec9bc87a5'} Body: {"NeutronError": {"message": "Network d840d596-321f-4313-8c74-eafe85b8fbd2 could not be found.", "type": "NetworkNotFound", "detail": ""}} _log_request_full /root/.rally/verification/verifier-d5f6f177-ffcb-42cf-8696-8df8079de766/repo/tempest/lib/common/rest_client.py:437
2019-03-12 08:17:37.941 13279 INFO tempest.lib.common.rest_client [req-b75903aa-0f67-4f91-84e3-eed9e2e43bad ] Request (TrunkTestJSON:_run_cleanups): 204 DELETE http://10.167.4.35:9696/v2.0/networks/7b3ae3b7-5ee7-4d05-8cd5-2d4f3bc21b3f 0.616s
2019-03-12 08:17:37.942 13279 DEBUG tempest.lib.common.rest_client [req-b75903aa-0f67-4f91-84e3-eed9e2e43bad ] Request - Headers: {'Content-Type': 'application/json', 'Accept': 'application/json', 'X-Auth-Token': ''} Body: None Response - Headers: {'status': '204', u'content-length': '0', 'content-location': 'http://10.167.4.35:9696/v2.0/networks/7b3ae3b7-5ee7-4d05-8cd5-2d4f3bc21b3f', u'date': 'Tue, 12 Mar 2019 08:17:37 GMT', u'connection': 'close', u'x-openstack-request-id': 'req-b75903aa-0f67-4f91-84e3-eed9e2e43bad'} Body: _log_request_full /root/.rally/verification/verifier-d5f6f177-ffcb-42cf-8696-8df8079de766/repo/tempest/lib/common/rest_client.py:437
2019-03-12 08:17:38.151 13279 INFO tempest.lib.common.rest_client [req-319d4e44-6222-4db5-a7df-24c6234d8dcb ] Request (TrunkTestJSON:test_create_trunk_with_subport_missing_port_id): 201 POST http://10.167.4.35:9696/v2.0/networks 0.207s
2019-03-12 08:17:38.152 13279 DEBUG tempest.lib.common.rest_client [req-319d4e44-6222-4db5-a7df-24c6234d8dcb ] Request - Headers: {'Content-Type': 'application/json', 'Accept': 'application/json', 'X-Auth-Token': ''} Body: {"network": {"name": "tempest-test-network--1213624430"}} Response - Headers: {'status': '201', u'content-length': '569', 'content-location': 'http://10.167.4.35:9696/v2.0/networks', u'date': 'Tue, 12 Mar 2019 08:17:38 GMT', u'content-type': 'application/json', u'connection': 'close', u'x-openstack-request-id': 'req-319d4e44-6222-4db5-a7df-24c6234d8dcb'} Body: {"network":{"status":"ACTIVE","router:external":false,"availability_zone_hints":[],"availability_zones":[],"description":"","subnets":[],"shared":false,"tenant_id":"9a13d920b0be48668fc2264b57c710e3","created_at":"2019-03-12T08:17:38Z","tags":[],"ipv6_address_scope":null,"mtu":1450,"updated_at":"2019-03-12T08:17:38Z","admin_state_up":true,"revision_number":1,"ipv4_address_scope":null,"is_default":false,"port_security_enabled":true,"project_id":"9a13d920b0be48668fc2264b57c710e3","id":"7cf0fbfb-69fd-4d9f-9ef4-3ce83f908b41","name":"tempest-test-network--1213624430"}} _log_request_full /root/.rally/verification/verifier-d5f6f177-ffcb-42cf-8696-8df8079de766/repo/tempest/lib/common/rest_client.py:437
2019-03-12 08:17:38.528 13275 INFO tempest.lib.common.rest_client [req-553dbae0-9797-4ac1-adf5-090a32b2a179 ] Request (TrunkTestJSON:_run_cleanups): 204 DELETE http://10.167.4.35:9696/v2.0/networks/b6d7ed72-8e50-426f-ba61-c3739d1dd65b 0.858s
2019-03-12 08:17:38.528 13275 DEBUG tempest.lib.common.rest_client [req-553dbae0-9797-4ac1-adf5-090a32b2a179 ] Request - Headers: {'Content-Type': 'application/json', 'Accept': 'application/json', 'X-Auth-Token': ''} Body: None Response - Headers: {'status': '204', u'content-length': '0', 'content-location': 'http://10.167.4.35:9696/v2.0/networks/b6d7ed72-8e50-426f-ba61-c3739d1dd65b', u'date': 'Tue, 12 Mar 2019 08:17:38 GMT', u'connection': 'close', u'x-openstack-request-id': 'req-553dbae0-9797-4ac1-adf5-090a32b2a179'} Body: _log_request_full /root/.rally/verification/verifier-d5f6f177-ffcb-42cf-8696-8df8079de766/repo/tempest/lib/common/rest_client.py:437
2019-03-12 08:17:38.572 13276 INFO tempest.lib.common.rest_client [req-16d4780a-93e0-46ec-a330-4425e5464f6c ] Request (TrunkTest:_run_cleanups): 200 GET http://10.167.4.35:9696/v2.0/ports/7ae21626-c6cd-4e1e-b36b-aadd5e9e40d5 0.083s
2019-03-12 08:17:38.572 13276 DEBUG tempest.lib.common.rest_client [req-16d4780a-93e0-46ec-a330-4425e5464f6c ] Request - Headers: {'Content-Type': 'application/json', 'Accept': 'application/json', 'X-Auth-Token': ''} Body: None Response - Headers: {'status': '200', u'content-length': '1306', 'content-location': 'http://10.167.4.35:9696/v2.0/ports/7ae21626-c6cd-4e1e-b36b-aadd5e9e40d5', u'date': 'Tue, 12 Mar 2019 08:17:38 GMT', u'content-type': 'application/json', u'connection': 'close', u'x-openstack-request-id': 'req-16d4780a-93e0-46ec-a330-4425e5464f6c'} Body: {"port":{"allowed_address_pairs":[],"extra_dhcp_opts":[],"updated_at":"2019-03-12T08:17:38Z","device_owner":"","revision_number":5,"port_security_enabled":true,"fixed_ips":[{"subnet_id":"7a9b3efb-45d5-482f-a018-4d218ea0f943","ip_address":"192.168.120.5"}],"id":"7ae21626-c6cd-4e1e-b36b-aadd5e9e40d5","security_groups":["ac08516f-bde3-4d62-9fef-9999f3efc853"],"mac_address":"fa:16:3e:77:ba:da","project_id":"69beca9281da40a9975c4f0a556a0196","status":"DOWN","description":"","tags":[],"trunk_details":{"trunk_id":"f137e29c-20de-477a-8bdf-d515dd1c7a6c","sub_ports":[{"segmentation_id":5,"port_id":"db08823c-2206-4f64-b435-dba27d0c777e","segmentation_type":"vlan","mac_address":"fa:16:3e:49:82:81"},{"segmentation_id":3,"port_id":"cea6ef0f-6c01-4859-a16b-ad9e570a800d","segmentation_type":"vlan","mac_address":"fa:16:3e:00:19:51"},{"segmentation_id":4,"port_id":"95438bc8-c3b8-4799-bf9e-19a31b8d8364","segmentation_type":"vlan","mac_address":"fa:16:3e:2b:ce:b6"},{"segmentation_id":6,"port_id":"72ca8586-e9b8-4b85-96a4-fccd5c5dcbb1","segmentation_type":"vlan","mac_address":"fa:16:3e:3b:0d:01"}]},"device_id":"","name":"","admin_state_up":true,"network_id":"6cc5cdd7-7000-482b-aa8a-981f986cd40b","tenant_id":"69beca9281da40a9975c4f0a556a0196","created_at":"2019-03-12T08:17:06Z","binding:vnic_type":"normal"}} _log_request_full /root/.rally/verification/verifier-d5f6f177-ffcb-42cf-8696-8df8079de766/repo/tempest/lib/common/rest_client.py:437
2019-03-12 08:17:38.692 13279 INFO tempest.lib.common.rest_client [req-55892fae-6e73-40cd-8104-20cd72b59a9d ] Request (TrunkTestJSON:test_create_trunk_with_subport_missing_port_id): 201 POST http://10.167.4.35:9696/v2.0/ports 0.539s
2019-03-12 08:17:38.693 13279 DEBUG tempest.lib.common.rest_client [req-55892fae-6e73-40cd-8104-20cd72b59a9d ] Request - Headers: {'Content-Type': 'application/json', 'Accept': 'application/json', 'X-Auth-Token': ''} Body: {"port": {"network_id": "7cf0fbfb-69fd-4d9f-9ef4-3ce83f908b41"}} Response - Headers: {'status': '201', u'content-length': '615', 'content-location': 'http://10.167.4.35:9696/v2.0/ports', u'date': 'Tue, 12 Mar 2019 08:17:38 GMT', u'content-type': 'application/json', u'connection': 'close', u'x-openstack-request-id': 'req-55892fae-6e73-40cd-8104-20cd72b59a9d'} Body: {"port":{"status":"DOWN","created_at":"2019-03-12T08:17:38Z","description":"","allowed_address_pairs":[],"tags":[],"network_id":"7cf0fbfb-69fd-4d9f-9ef4-3ce83f908b41","tenant_id":"9a13d920b0be48668fc2264b57c710e3","extra_dhcp_opts":[],"admin_state_up":true,"updated_at":"2019-03-12T08:17:38Z","name":"","device_owner":"","revision_number":1,"mac_address":"fa:16:3e:91:5c:45","binding:vnic_type":"normal","port_security_enabled":true,"project_id":"9a13d920b0be48668fc2264b57c710e3","fixed_ips":[],"id":"fce57c92-c7b0-46c9-a4d6-926daa9b680c","security_groups":["723b0c5a-68ba-46bc-a4f6-47075e4e558e"],"device_id":""}} _log_request_full /root/.rally/verification/verifier-d5f6f177-ffcb-42cf-8696-8df8079de766/repo/tempest/lib/common/rest_client.py:437
2019-03-12 08:17:38.704 13279 INFO tempest.lib.common.rest_client [req-7bad8e39-13eb-4498-a996-629b75a4fc2e ] Request (TrunkTestJSON:test_create_trunk_with_subport_missing_port_id): 400 POST http://10.167.4.35:9696/v2.0/trunks 0.010s
2019-03-12 08:17:38.705 13279 DEBUG tempest.lib.common.rest_client [req-7bad8e39-13eb-4498-a996-629b75a4fc2e ] Request - Headers: {'Content-Type': 'application/json', 'Accept': 'application/json', 'X-Auth-Token': ''} Body: {"trunk": {"sub_ports": [{"segmentation_id": 3, "segmentation_type": "vlan"}], "port_id": "fce57c92-c7b0-46c9-a4d6-926daa9b680c"}} Response - Headers: {'status': '400', u'content-length': '146', 'content-location': 'http://10.167.4.35:9696/v2.0/trunks', u'date': 'Tue, 12 Mar 2019 08:17:38 GMT', u'content-type': 'application/json', u'connection': 'close', u'x-openstack-request-id': 'req-7bad8e39-13eb-4498-a996-629b75a4fc2e'} Body: {"NeutronError": {"message": "Invalid input for sub_ports. Reason: A valid port UUID must be specified.", "type": "HTTPBadRequest", "detail": ""}} _log_request_full /root/.rally/verification/verifier-d5f6f177-ffcb-42cf-8696-8df8079de766/repo/tempest/lib/common/rest_client.py:437
2019-03-12 08:17:38.707 13276 INFO tempest.lib.common.rest_client [req-2b649e89-c33b-47a8-9ad2-f9e17f544baa ] Request (TrunkTest:_run_cleanups): 204 DELETE http://10.167.4.35:9696/v2.0/trunks/f137e29c-20de-477a-8bdf-d515dd1c7a6c 0.133s
2019-03-12 08:17:38.707 13276 DEBUG tempest.lib.common.rest_client [req-2b649e89-c33b-47a8-9ad2-f9e17f544baa ] Request - Headers: {'Content-Type': 'application/json', 'Accept': 'application/json', 'X-Auth-Token': ''} Body: None Response - Headers: {'status': '204', u'content-length': '0', 'content-location': 'http://10.167.4.35:9696/v2.0/trunks/f137e29c-20de-477a-8bdf-d515dd1c7a6c', u'date': 'Tue, 12 Mar 2019 08:17:38 GMT', u'connection': 'close', u'x-openstack-request-id': 'req-2b649e89-c33b-47a8-9ad2-f9e17f544baa'} Body: _log_request_full /root/.rally/verification/verifier-d5f6f177-ffcb-42cf-8696-8df8079de766/repo/tempest/lib/common/rest_client.py:437
2019-03-12 08:17:38.724 13279 INFO tempest.lib.common.rest_client [req-4d4f2061-3fa2-4cba-9bf1-b1b58db33797 ] Request (TrunkTestJSON:_run_cleanups): 404 GET http://10.167.4.35:9696/v2.0/trunks/c6da7d6b-0372-4f8a-8bd7-9e29ac7655c1/get_subports 0.018s
2019-03-12 08:17:38.725 13279 DEBUG tempest.lib.common.rest_client [req-4d4f2061-3fa2-4cba-9bf1-b1b58db33797 ] Request - Headers: {'Content-Type': 'application/json', 'Accept': 'application/json', 'X-Auth-Token': ''} Body: None Response - Headers: {'status': '404', u'content-length': '134', 'content-location': 'http://10.167.4.35:9696/v2.0/trunks/c6da7d6b-0372-4f8a-8bd7-9e29ac7655c1/get_subports', u'date': 'Tue, 12 Mar 2019 08:17:38 GMT', u'content-type': 'application/json', u'connection': 'close', u'x-openstack-request-id': 'req-4d4f2061-3fa2-4cba-9bf1-b1b58db33797'} Body: {"NeutronError": {"message": "Trunk c6da7d6b-0372-4f8a-8bd7-9e29ac7655c1 could not be found.", "type": "TrunkNotFound", "detail": ""}} _log_request_full /root/.rally/verification/verifier-d5f6f177-ffcb-42cf-8696-8df8079de766/repo/tempest/lib/common/rest_client.py:437
2019-03-12 08:17:38.746 13279 INFO tempest.lib.common.rest_client [req-f0722e89-2670-40eb-b918-9260e56836af ] Request (TrunkTestJSON:_run_cleanups): 404 DELETE http://10.167.4.35:9696/v2.0/trunks/c6da7d6b-0372-4f8a-8bd7-9e29ac7655c1 0.020s
2019-03-12 08:17:38.747 13279 DEBUG tempest.lib.common.rest_client [req-f0722e89-2670-40eb-b918-9260e56836af ] Request - Headers: {'Content-Type': 'application/json', 'Accept': 'application/json', 'X-Auth-Token': ''} Body: None Response - Headers: {'status': '404', u'content-length': '134', 'content-location': 'http://10.167.4.35:9696/v2.0/trunks/c6da7d6b-0372-4f8a-8bd7-9e29ac7655c1', u'date': 'Tue, 12 Mar 2019 08:17:38 GMT', u'content-type': 'application/json', u'connection': 'close', u'x-openstack-request-id': 'req-f0722e89-2670-40eb-b918-9260e56836af'} Body: {"NeutronError": {"message": "Trunk c6da7d6b-0372-4f8a-8bd7-9e29ac7655c1 could not be found.", "type": "TrunkNotFound", "detail": ""}} _log_request_full /root/.rally/verification/verifier-d5f6f177-ffcb-42cf-8696-8df8079de766/repo/tempest/lib/common/rest_client.py:437
2019-03-12 08:17:38.767 13279 INFO tempest.lib.common.rest_client [req-973b3f8a-2816-4b88-92a3-1c0d43680b71 ] Request (TrunkTestJSON:_run_cleanups): 404 GET http://10.167.4.35:9696/v2.0/trunks/f1f13010-fd2e-4226-ad74-e460b2ed1fe5/get_subports 0.019s
2019-03-12 08:17:38.767 13279 DEBUG tempest.lib.common.rest_client [req-973b3f8a-2816-4b88-92a3-1c0d43680b71 ] Request - Headers: {'Content-Type': 'application/json', 'Accept': 'application/json', 'X-Auth-Token': ''} Body: None Response - Headers: {'status': '404', u'content-length': '134', 'content-location': 'http://10.167.4.35:9696/v2.0/trunks/f1f13010-fd2e-4226-ad74-e460b2ed1fe5/get_subports', u'date': 'Tue, 12 Mar 2019 08:17:38 GMT', u'content-type': 'application/json', u'connection': 'close', u'x-openstack-request-id': 'req-973b3f8a-2816-4b88-92a3-1c0d43680b71'} Body: {"NeutronError": {"message": "Trunk f1f13010-fd2e-4226-ad74-e460b2ed1fe5 could not be found.", "type": "TrunkNotFound", "detail": ""}} _log_request_full /root/.rally/verification/verifier-d5f6f177-ffcb-42cf-8696-8df8079de766/repo/tempest/lib/common/rest_client.py:437
2019-03-12 08:17:38.784 13279 INFO tempest.lib.common.rest_client [req-658c99f5-5cd2-4d0f-816e-fcd9587bbe3c ] Request (TrunkTestJSON:_run_cleanups): 404 DELETE http://10.167.4.35:9696/v2.0/trunks/f1f13010-fd2e-4226-ad74-e460b2ed1fe5 0.016s
2019-03-12 08:17:38.785 13279 DEBUG tempest.lib.common.rest_client [req-658c99f5-5cd2-4d0f-816e-fcd9587bbe3c ] Request - Headers: {'Content-Type': 'application/json', 'Accept': 'application/json', 'X-Auth-Token': ''} Body: None Response - Headers: {'status': '404', u'content-length': '134', 'content-location': 'http://10.167.4.35:9696/v2.0/trunks/f1f13010-fd2e-4226-ad74-e460b2ed1fe5', u'date': 'Tue, 12 Mar 2019 08:17:38 GMT', u'content-type': 'application/json', u'connection': 'close', u'x-openstack-request-id': 'req-658c99f5-5cd2-4d0f-816e-fcd9587bbe3c'} Body: {"NeutronError": {"message": "Trunk f1f13010-fd2e-4226-ad74-e460b2ed1fe5 could not be found.", "type": "TrunkNotFound", "detail": ""}} _log_request_full /root/.rally/verification/verifier-d5f6f177-ffcb-42cf-8696-8df8079de766/repo/tempest/lib/common/rest_client.py:437
2019-03-12 08:17:38.800 13279 INFO tempest.lib.common.rest_client [req-d4b3a67d-4fd2-47b0-9fe7-4ecc4aa2dbdd ] Request (TrunkTestJSON:_run_cleanups): 404 GET http://10.167.4.35:9696/v2.0/trunks/d3f5b706-8c96-4f55-9fe7-bf2bde4ef3a0/get_subports 0.014s
2019-03-12 08:17:38.800 13279 DEBUG tempest.lib.common.rest_client [req-d4b3a67d-4fd2-47b0-9fe7-4ecc4aa2dbdd ] Request - Headers: {'Content-Type': 'application/json', 'Accept': 'application/json', 'X-Auth-Token': ''} Body: None Response - Headers: {'status': '404', u'content-length': '134', 'content-location': 'http://10.167.4.35:9696/v2.0/trunks/d3f5b706-8c96-4f55-9fe7-bf2bde4ef3a0/get_subports', u'date': 'Tue, 12 Mar 2019 08:17:38 GMT', u'content-type': 'application/json', u'connection': 'close', u'x-openstack-request-id': 'req-d4b3a67d-4fd2-47b0-9fe7-4ecc4aa2dbdd'} Body: {"NeutronError": {"message": "Trunk d3f5b706-8c96-4f55-9fe7-bf2bde4ef3a0 could not be found.", "type": "TrunkNotFound", "detail": ""}} _log_request_full /root/.rally/verification/verifier-d5f6f177-ffcb-42cf-8696-8df8079de766/repo/tempest/lib/common/rest_client.py:437
2019-03-12 08:17:38.818 13279 INFO tempest.lib.common.rest_client [req-2c96bd30-318f-4301-adba-44cfdc09795a ] Request (TrunkTestJSON:_run_cleanups): 404 DELETE http://10.167.4.35:9696/v2.0/trunks/d3f5b706-8c96-4f55-9fe7-bf2bde4ef3a0 0.017s
2019-03-12 08:17:38.819 13279 DEBUG tempest.lib.common.rest_client [req-2c96bd30-318f-4301-adba-44cfdc09795a ] Request - Headers: {'Content-Type': 'application/json', 'Accept': 'application/json', 'X-Auth-Token': ''} Body: None Response - Headers: {'status': '404', u'content-length': '134', 'content-location': 'http://10.167.4.35:9696/v2.0/trunks/d3f5b706-8c96-4f55-9fe7-bf2bde4ef3a0', u'date': 'Tue, 12 Mar 2019 08:17:38 GMT', u'content-type': 'application/json', u'connection': 'close', u'x-openstack-request-id': 'req-2c96bd30-318f-4301-adba-44cfdc09795a'} Body: {"NeutronError": {"message": "Trunk d3f5b706-8c96-4f55-9fe7-bf2bde4ef3a0 could not be found.", "type": "TrunkNotFound", "detail": ""}} _log_request_full /root/.rally/verification/verifier-d5f6f177-ffcb-42cf-8696-8df8079de766/repo/tempest/lib/common/rest_client.py:437
2019-03-12 08:17:38.836 13279 INFO tempest.lib.common.rest_client [req-be8c711c-2ca6-472b-9318-cd0c27608eee ] Request (TrunkTestJSON:_run_cleanups): 404 GET http://10.167.4.35:9696/v2.0/trunks/ba591f8b-f2ba-433a-a203-4a5d154c7f4f/get_subports 0.016s
2019-03-12 08:17:38.836 13279 DEBUG tempest.lib.common.rest_client [req-be8c711c-2ca6-472b-9318-cd0c27608eee ] Request - Headers: {'Content-Type': 'application/json', 'Accept': 'application/json', 'X-Auth-Token': ''} Body: None Response - Headers: {'status': '404', u'content-length': '134', 'content-location': 'http://10.167.4.35:9696/v2.0/trunks/ba591f8b-f2ba-433a-a203-4a5d154c7f4f/get_subports', u'date': 'Tue, 12 Mar 2019 08:17:38 GMT', u'content-type': 'application/json', u'connection': 'close', u'x-openstack-request-id': 'req-be8c711c-2ca6-472b-9318-cd0c27608eee'} Body: {"NeutronError": {"message": "Trunk ba591f8b-f2ba-433a-a203-4a5d154c7f4f could not be found.", "type": "TrunkNotFound", "detail": ""}} _log_request_full /root/.rally/verification/verifier-d5f6f177-ffcb-42cf-8696-8df8079de766/repo/tempest/lib/common/rest_client.py:437
2019-03-12 08:17:38.840 13276 INFO tempest.lib.common.rest_client [req-9ae9d350-a3c3-4e06-8039-8fed300e11dd ] Request (TrunkTest:_run_cleanups): 204 DELETE http://10.167.4.35:8774/v2.1/servers/39725f5e-352f-4015-a05a-34172b370dba 0.132s
2019-03-12 08:17:38.841 13276 DEBUG tempest.lib.common.rest_client [req-9ae9d350-a3c3-4e06-8039-8fed300e11dd ] Request - Headers: {'Content-Type': 'application/json', 'Accept': 'application/json', 'X-Auth-Token': ''} Body: None Response - Headers: {'status': '204', u'content-length': '0', 'content-location': 'http://10.167.4.35:8774/v2.1/servers/39725f5e-352f-4015-a05a-34172b370dba', u'x-compute-request-id': 'req-9ae9d350-a3c3-4e06-8039-8fed300e11dd', u'vary': 'X-OpenStack-Nova-API-Version', u'openstack-api-version': 'compute 2.1', u'connection': 'close', u'x-openstack-nova-api-version': '2.1', u'date': 'Tue, 12 Mar 2019 08:17:38 GMT', u'content-type': 'application/json', u'x-openstack-request-id': 'req-9ae9d350-a3c3-4e06-8039-8fed300e11dd'} Body: _log_request_full /root/.rally/verification/verifier-d5f6f177-ffcb-42cf-8696-8df8079de766/repo/tempest/lib/common/rest_client.py:437
2019-03-12 08:17:38.855 13279 INFO tempest.lib.common.rest_client [req-36f1438b-2b07-4cd1-b4d8-81109e7f74e8 ] Request (TrunkTestJSON:_run_cleanups): 404 DELETE http://10.167.4.35:9696/v2.0/trunks/ba591f8b-f2ba-433a-a203-4a5d154c7f4f 0.018s
2019-03-12 08:17:38.856 13279 DEBUG tempest.lib.common.rest_client [req-36f1438b-2b07-4cd1-b4d8-81109e7f74e8 ] Request - Headers: {'Content-Type': 'application/json', 'Accept': 'application/json', 'X-Auth-Token': ''} Body: None Response - Headers: {'status': '404', u'content-length': '134', 'content-location': 'http://10.167.4.35:9696/v2.0/trunks/ba591f8b-f2ba-433a-a203-4a5d154c7f4f', u'date': 'Tue, 12 Mar 2019 08:17:38 GMT', u'content-type': 'application/json', u'connection': 'close', u'x-openstack-request-id': 'req-36f1438b-2b07-4cd1-b4d8-81109e7f74e8'} Body: {"NeutronError": {"message": "Trunk ba591f8b-f2ba-433a-a203-4a5d154c7f4f could not be found.", "type": "TrunkNotFound", "detail": ""}} _log_request_full /root/.rally/verification/verifier-d5f6f177-ffcb-42cf-8696-8df8079de766/repo/tempest/lib/common/rest_client.py:437
2019-03-12 08:17:38.890 13279 INFO tempest.lib.common.rest_client [req-4aecb7bd-f0dc-4739-bfe0-3baace5532a3 ] Request (TrunkTestJSON:_run_cleanups): 404 GET http://10.167.4.35:9696/v2.0/trunks/7c337e47-b5c2-41e3-88ad-07f1fc12ec4d/get_subports 0.033s
2019-03-12 08:17:38.890 13279 DEBUG tempest.lib.common.rest_client [req-4aecb7bd-f0dc-4739-bfe0-3baace5532a3 ] Request - Headers: {'Content-Type': 'application/json', 'Accept': 'application/json', 'X-Auth-Token': ''} Body: None Response - Headers: {'status': '404', u'content-length': '134', 'content-location': 'http://10.167.4.35:9696/v2.0/trunks/7c337e47-b5c2-41e3-88ad-07f1fc12ec4d/get_subports', u'date': 'Tue, 12 Mar 2019 08:17:38 GMT', u'content-type': 'application/json', u'connection': 'close', u'x-openstack-request-id': 'req-4aecb7bd-f0dc-4739-bfe0-3baace5532a3'} Body: {"NeutronError": {"message": "Trunk 7c337e47-b5c2-41e3-88ad-07f1fc12ec4d could not be found.", "type": "TrunkNotFound", "detail": ""}} _log_request_full /root/.rally/verification/verifier-d5f6f177-ffcb-42cf-8696-8df8079de766/repo/tempest/lib/common/rest_client.py:437
2019-03-12 08:17:38.908 13279 INFO tempest.lib.common.rest_client [req-6a072e87-4dca-4c36-8bdc-8f28bc0f98e2 ] Request (TrunkTestJSON:_run_cleanups): 404 DELETE http://10.167.4.35:9696/v2.0/trunks/7c337e47-b5c2-41e3-88ad-07f1fc12ec4d 0.017s
2019-03-12 08:17:38.909 13279 DEBUG tempest.lib.common.rest_client [req-6a072e87-4dca-4c36-8bdc-8f28bc0f98e2 ] Request - Headers: {'Content-Type': 'application/json', 'Accept': 'application/json', 'X-Auth-Token': ''} Body: None Response - Headers: {'status': '404', u'content-length': '134', 'content-location': 'http://10.167.4.35:9696/v2.0/trunks/7c337e47-b5c2-41e3-88ad-07f1fc12ec4d', u'date': 'Tue, 12 Mar 2019 08:17:38 GMT', u'content-type': 'application/json', u'connection': 'close', u'x-openstack-request-id': 'req-6a072e87-4dca-4c36-8bdc-8f28bc0f98e2'} Body: {"NeutronError": {"message": "Trunk 7c337e47-b5c2-41e3-88ad-07f1fc12ec4d could not be found.", "type": "TrunkNotFound", "detail": ""}} _log_request_full /root/.rally/verification/verifier-d5f6f177-ffcb-42cf-8696-8df8079de766/repo/tempest/lib/common/rest_client.py:437
2019-03-12 08:17:38.923 13279 INFO tempest.lib.common.rest_client [req-a8116ae7-07ff-47ca-a655-cb126b31f850 ] Request (TrunkTestJSON:_run_cleanups): 404 GET http://10.167.4.35:9696/v2.0/trunks/ec86761d-e154-4a8b-8015-a5fdadfb2eed/get_subports 0.014s
