2019-03-12 08:17:35.715 13279 DEBUG tempest.lib.common.rest_client [req-7e164024-170f-4954-8954-375f36a035b0 ] Request - Headers: {'Content-Type': 'application/json', 'Accept': 'application/json', 'X-Auth-Token': ''} Body: None Response - Headers: {'status': '404', u'content-length': '134', 'content-location': 'http://10.167.4.35:9696/v2.0/trunks/ec86761d-e154-4a8b-8015-a5fdadfb2eed/get_subports', u'date': 'Tue, 12 Mar 2019 08:17:35 GMT', u'content-type': 'application/json', u'connection': 'close', u'x-openstack-request-id': 'req-7e164024-170f-4954-8954-375f36a035b0'} Body: {"NeutronError": {"message": "Trunk ec86761d-e154-4a8b-8015-a5fdadfb2eed could not be found.", "type": "TrunkNotFound", "detail": ""}} _log_request_full /root/.rally/verification/verifier-d5f6f177-ffcb-42cf-8696-8df8079de766/repo/tempest/lib/common/rest_client.py:437
2019-03-12 08:17:35.730 13279 INFO tempest.lib.common.rest_client [req-60114030-7e62-4459-a726-a9b8bae572c9 ] Request (TrunkTestJSON:_run_cleanups): 404 DELETE http://10.167.4.35:9696/v2.0/trunks/ec86761d-e154-4a8b-8015-a5fdadfb2eed 0.014s
2019-03-12 08:17:35.730 13279 DEBUG tempest.lib.common.rest_client [req-60114030-7e62-4459-a726-a9b8bae572c9 ] Request - Headers: {'Content-Type': 'application/json', 'Accept': 'application/json', 'X-Auth-Token': ''} Body: None Response - Headers: {'status': '404', u'content-length': '134', 'content-location': 'http://10.167.4.35:9696/v2.0/trunks/ec86761d-e154-4a8b-8015-a5fdadfb2eed', u'date': 'Tue, 12 Mar 2019 08:17:35 GMT', u'content-type': 'application/json', u'connection': 'close', u'x-openstack-request-id': 'req-60114030-7e62-4459-a726-a9b8bae572c9'} Body: {"NeutronError": {"message": "Trunk ec86761d-e154-4a8b-8015-a5fdadfb2eed could not be found.", "type": "TrunkNotFound", "detail": ""}} _log_request_full /root/.rally/verification/verifier-d5f6f177-ffcb-42cf-8696-8df8079de766/repo/tempest/lib/common/rest_client.py:437
2019-03-12 08:17:35.745 13279 INFO tempest.lib.common.rest_client [req-862189ba-c99c-4829-87ff-69b468a82282 ] Request (TrunkTestJSON:_run_cleanups): 404 GET http://10.167.4.35:9696/v2.0/trunks/c1f84d66-6c14-4fbc-a5a1-cf556746e96a/get_subports 0.014s
2019-03-12 08:17:35.745 13279 DEBUG tempest.lib.common.rest_client [req-862189ba-c99c-4829-87ff-69b468a82282 ] Request - Headers: {'Content-Type': 'application/json', 'Accept': 'application/json', 'X-Auth-Token': ''} Body: None Response - Headers: {'status': '404', u'content-length': '134', 'content-location': 'http://10.167.4.35:9696/v2.0/trunks/c1f84d66-6c14-4fbc-a5a1-cf556746e96a/get_subports', u'date': 'Tue, 12 Mar 2019 08:17:35 GMT', u'content-type': 'application/json', u'connection': 'close', u'x-openstack-request-id': 'req-862189ba-c99c-4829-87ff-69b468a82282'} Body: {"NeutronError": {"message": "Trunk c1f84d66-6c14-4fbc-a5a1-cf556746e96a could not be found.", "type": "TrunkNotFound", "detail": ""}} _log_request_full /root/.rally/verification/verifier-d5f6f177-ffcb-42cf-8696-8df8079de766/repo/tempest/lib/common/rest_client.py:437
2019-03-12 08:17:35.764 13279 INFO tempest.lib.common.rest_client [req-4ac96e1f-109e-4e4f-8233-d6d7bd5caed9 ] Request (TrunkTestJSON:_run_cleanups): 404 DELETE http://10.167.4.35:9696/v2.0/trunks/c1f84d66-6c14-4fbc-a5a1-cf556746e96a 0.017s
2019-03-12 08:17:35.764 13279 DEBUG tempest.lib.common.rest_client [req-4ac96e1f-109e-4e4f-8233-d6d7bd5caed9 ] Request - Headers: {'Content-Type': 'application/json', 'Accept': 'application/json', 'X-Auth-Token': ''} Body: None Response - Headers: {'status': '404', u'content-length': '134', 'content-location': 'http://10.167.4.35:9696/v2.0/trunks/c1f84d66-6c14-4fbc-a5a1-cf556746e96a', u'date': 'Tue, 12 Mar 2019 08:17:35 GMT', u'content-type': 'application/json', u'connection': 'close', u'x-openstack-request-id': 'req-4ac96e1f-109e-4e4f-8233-d6d7bd5caed9'} Body: {"NeutronError": {"message": "Trunk c1f84d66-6c14-4fbc-a5a1-cf556746e96a could not be found.", "type": "TrunkNotFound", "detail": ""}} _log_request_full /root/.rally/verification/verifier-d5f6f177-ffcb-42cf-8696-8df8079de766/repo/tempest/lib/common/rest_client.py:437
2019-03-12 08:17:35.779 13279 INFO tempest.lib.common.rest_client [req-e1ad0565-5e87-436c-bba0-4303f2004421 ] Request (TrunkTestJSON:_run_cleanups): 404 GET http://10.167.4.35:9696/v2.0/trunks/c6da7d6b-0372-4f8a-8bd7-9e29ac7655c1 0.014s
2019-03-12 08:17:35.780 13279 DEBUG tempest.lib.common.rest_client [req-e1ad0565-5e87-436c-bba0-4303f2004421 ] Request - Headers: {'Content-Type': 'application/json', 'Accept': 'application/json', 'X-Auth-Token': ''} Body: None Response - Headers: {'status': '404', u'content-length': '134', 'content-location': 'http://10.167.4.35:9696/v2.0/trunks/c6da7d6b-0372-4f8a-8bd7-9e29ac7655c1', u'date': 'Tue, 12 Mar 2019 08:17:35 GMT', u'content-type': 'application/json', u'connection': 'close', u'x-openstack-request-id': 'req-e1ad0565-5e87-436c-bba0-4303f2004421'} Body: {"NeutronError": {"message": "Trunk c6da7d6b-0372-4f8a-8bd7-9e29ac7655c1 could not be found.", "type": "TrunkNotFound", "detail": ""}} _log_request_full /root/.rally/verification/verifier-d5f6f177-ffcb-42cf-8696-8df8079de766/repo/tempest/lib/common/rest_client.py:437
2019-03-12 08:17:35.794 13279 INFO tempest.lib.common.rest_client [req-8d3fda88-dae4-4219-b677-6b45d332076c ] Request (TrunkTestJSON:_run_cleanups): 404 GET http://10.167.4.35:9696/v2.0/trunks/f1f13010-fd2e-4226-ad74-e460b2ed1fe5 0.013s
2019-03-12 08:17:35.794 13279 DEBUG tempest.lib.common.rest_client [req-8d3fda88-dae4-4219-b677-6b45d332076c ] Request - Headers: {'Content-Type': 'application/json', 'Accept': 'application/json', 'X-Auth-Token': ''} Body: None Response - Headers: {'status': '404', u'content-length': '134', 'content-location': 'http://10.167.4.35:9696/v2.0/trunks/f1f13010-fd2e-4226-ad74-e460b2ed1fe5', u'date': 'Tue, 12 Mar 2019 08:17:35 GMT', u'content-type': 'application/json', u'connection': 'close', u'x-openstack-request-id': 'req-8d3fda88-dae4-4219-b677-6b45d332076c'} Body: {"NeutronError": {"message": "Trunk f1f13010-fd2e-4226-ad74-e460b2ed1fe5 could not be found.", "type": "TrunkNotFound", "detail": ""}} _log_request_full /root/.rally/verification/verifier-d5f6f177-ffcb-42cf-8696-8df8079de766/repo/tempest/lib/common/rest_client.py:437
2019-03-12 08:17:35.814 13279 INFO tempest.lib.common.rest_client [req-65a6e1d5-bc46-4725-9a36-7e3ec9c2b3b8 ] Request (TrunkTestJSON:_run_cleanups): 404 GET http://10.167.4.35:9696/v2.0/trunks/d3f5b706-8c96-4f55-9fe7-bf2bde4ef3a0 0.019s
2019-03-12 08:17:35.815 13279 DEBUG tempest.lib.common.rest_client [req-65a6e1d5-bc46-4725-9a36-7e3ec9c2b3b8 ] Request - Headers: {'Content-Type': 'application/json', 'Accept': 'application/json', 'X-Auth-Token': ''} Body: None Response - Headers: {'status': '404', u'content-length': '134', 'content-location': 'http://10.167.4.35:9696/v2.0/trunks/d3f5b706-8c96-4f55-9fe7-bf2bde4ef3a0', u'date': 'Tue, 12 Mar 2019 08:17:35 GMT', u'content-type': 'application/json', u'connection': 'close', u'x-openstack-request-id': 'req-65a6e1d5-bc46-4725-9a36-7e3ec9c2b3b8'} Body: {"NeutronError": {"message": "Trunk d3f5b706-8c96-4f55-9fe7-bf2bde4ef3a0 could not be found.", "type": "TrunkNotFound", "detail": ""}} _log_request_full /root/.rally/verification/verifier-d5f6f177-ffcb-42cf-8696-8df8079de766/repo/tempest/lib/common/rest_client.py:437
2019-03-12 08:17:35.828 13279 INFO tempest.lib.common.rest_client [req-2155a8cf-595b-48e3-a55e-51cf72ad1842 ] Request (TrunkTestJSON:_run_cleanups): 404 GET http://10.167.4.35:9696/v2.0/trunks/ba591f8b-f2ba-433a-a203-4a5d154c7f4f 0.012s
2019-03-12 08:17:35.828 13279 DEBUG tempest.lib.common.rest_client [req-2155a8cf-595b-48e3-a55e-51cf72ad1842 ] Request - Headers: {'Content-Type': 'application/json', 'Accept': 'application/json', 'X-Auth-Token': ''} Body: None Response - Headers: {'status': '404', u'content-length': '134', 'content-location': 'http://10.167.4.35:9696/v2.0/trunks/ba591f8b-f2ba-433a-a203-4a5d154c7f4f', u'date': 'Tue, 12 Mar 2019 08:17:35 GMT', u'content-type': 'application/json', u'connection': 'close', u'x-openstack-request-id': 'req-2155a8cf-595b-48e3-a55e-51cf72ad1842'} Body: {"NeutronError": {"message": "Trunk ba591f8b-f2ba-433a-a203-4a5d154c7f4f could not be found.", "type": "TrunkNotFound", "detail": ""}} _log_request_full /root/.rally/verification/verifier-d5f6f177-ffcb-42cf-8696-8df8079de766/repo/tempest/lib/common/rest_client.py:437
2019-03-12 08:17:35.843 13279 INFO tempest.lib.common.rest_client [req-7230a51f-6680-4b30-8eab-5e47f36a9661 ] Request (TrunkTestJSON:_run_cleanups): 404 GET http://10.167.4.35:9696/v2.0/trunks/7c337e47-b5c2-41e3-88ad-07f1fc12ec4d 0.014s
2019-03-12 08:17:35.844 13279 DEBUG tempest.lib.common.rest_client [req-7230a51f-6680-4b30-8eab-5e47f36a9661 ] Request - Headers: {'Content-Type': 'application/json', 'Accept': 'application/json', 'X-Auth-Token': ''} Body: None Response - Headers: {'status': '404', u'content-length': '134', 'content-location': 'http://10.167.4.35:9696/v2.0/trunks/7c337e47-b5c2-41e3-88ad-07f1fc12ec4d', u'date': 'Tue, 12 Mar 2019 08:17:35 GMT', u'content-type': 'application/json', u'connection': 'close', u'x-openstack-request-id': 'req-7230a51f-6680-4b30-8eab-5e47f36a9661'} Body: {"NeutronError": {"message": "Trunk 7c337e47-b5c2-41e3-88ad-07f1fc12ec4d could not be found.", "type": "TrunkNotFound", "detail": ""}} _log_request_full /root/.rally/verification/verifier-d5f6f177-ffcb-42cf-8696-8df8079de766/repo/tempest/lib/common/rest_client.py:437
2019-03-12 08:17:35.857 13279 INFO tempest.lib.common.rest_client [req-752c766d-51d2-4b8d-9d11-c4c2dbf5e58a ] Request (TrunkTestJSON:_run_cleanups): 404 GET http://10.167.4.35:9696/v2.0/trunks/ec86761d-e154-4a8b-8015-a5fdadfb2eed 0.012s
2019-03-12 08:17:35.857 13279 DEBUG tempest.lib.common.rest_client [req-752c766d-51d2-4b8d-9d11-c4c2dbf5e58a ] Request - Headers: {'Content-Type': 'application/json', 'Accept': 'application/json', 'X-Auth-Token': ''} Body: None Response - Headers: {'status': '404', u'content-length': '134', 'content-location': 'http://10.167.4.35:9696/v2.0/trunks/ec86761d-e154-4a8b-8015-a5fdadfb2eed', u'date': 'Tue, 12 Mar 2019 08:17:35 GMT', u'content-type': 'application/json', u'connection': 'close', u'x-openstack-request-id': 'req-752c766d-51d2-4b8d-9d11-c4c2dbf5e58a'} Body: {"NeutronError": {"message": "Trunk ec86761d-e154-4a8b-8015-a5fdadfb2eed could not be found.", "type": "TrunkNotFound", "detail": ""}} _log_request_full /root/.rally/verification/verifier-d5f6f177-ffcb-42cf-8696-8df8079de766/repo/tempest/lib/common/rest_client.py:437
2019-03-12 08:17:35.870 13279 INFO tempest.lib.common.rest_client [req-42904210-6fda-47f7-8bbd-b2a2b6f81724 ] Request (TrunkTestJSON:_run_cleanups): 404 GET http://10.167.4.35:9696/v2.0/trunks/c1f84d66-6c14-4fbc-a5a1-cf556746e96a 0.012s
2019-03-12 08:17:35.870 13279 DEBUG tempest.lib.common.rest_client [req-42904210-6fda-47f7-8bbd-b2a2b6f81724 ] Request - Headers: {'Content-Type': 'application/json', 'Accept': 'application/json', 'X-Auth-Token': ''} Body: None Response - Headers: {'status': '404', u'content-length': '134', 'content-location': 'http://10.167.4.35:9696/v2.0/trunks/c1f84d66-6c14-4fbc-a5a1-cf556746e96a', u'date': 'Tue, 12 Mar 2019 08:17:35 GMT', u'content-type': 'application/json', u'connection': 'close', u'x-openstack-request-id': 'req-42904210-6fda-47f7-8bbd-b2a2b6f81724'} Body: {"NeutronError": {"message": "Trunk c1f84d66-6c14-4fbc-a5a1-cf556746e96a could not be found.", "type": "TrunkNotFound", "detail": ""}} _log_request_full /root/.rally/verification/verifier-d5f6f177-ffcb-42cf-8696-8df8079de766/repo/tempest/lib/common/rest_client.py:437
2019-03-12 08:17:35.904 13279 INFO tempest.lib.common.rest_client [req-abe97fa7-9a1d-4d90-9a2a-ce25b9c6e3ea ] Request (TrunkTestJSON:_run_cleanups): 404 DELETE http://10.167.4.35:9696/v2.0/ports/fa3822a7-ae4a-4b91-93b3-e1f6d908c595 0.033s
2019-03-12 08:17:35.905 13279 DEBUG tempest.lib.common.rest_client [req-abe97fa7-9a1d-4d90-9a2a-ce25b9c6e3ea ] Request - Headers: {'Content-Type': 'application/json', 'Accept': 'application/json', 'X-Auth-Token': ''} Body: None Response - Headers: {'status': '404', u'content-length': '132', 'content-location': 'http://10.167.4.35:9696/v2.0/ports/fa3822a7-ae4a-4b91-93b3-e1f6d908c595', u'date': 'Tue, 12 Mar 2019 08:17:35 GMT', u'content-type': 'application/json', u'connection': 'close', u'x-openstack-request-id': 'req-abe97fa7-9a1d-4d90-9a2a-ce25b9c6e3ea'} Body: {"NeutronError": {"message": "Port fa3822a7-ae4a-4b91-93b3-e1f6d908c595 could not be found.", "type": "PortNotFound", "detail": ""}} _log_request_full /root/.rally/verification/verifier-d5f6f177-ffcb-42cf-8696-8df8079de766/repo/tempest/lib/common/rest_client.py:437
2019-03-12 08:17:35.933 13279 INFO tempest.lib.common.rest_client [req-9c505429-5cc0-44f0-9aef-37e05f7dd99e ] Request (TrunkTestJSON:_run_cleanups): 404 DELETE http://10.167.4.35:9696/v2.0/ports/f8f06d07-fd2e-473a-9fae-c2fe5b917757 0.027s
2019-03-12 08:17:35.933 13279 DEBUG tempest.lib.common.rest_client [req-9c505429-5cc0-44f0-9aef-37e05f7dd99e ] Request - Headers: {'Content-Type': 'application/json', 'Accept': 'application/json', 'X-Auth-Token': ''} Body: None Response - Headers: {'status': '404', u'content-length': '132', 'content-location': 'http://10.167.4.35:9696/v2.0/ports/f8f06d07-fd2e-473a-9fae-c2fe5b917757', u'date': 'Tue, 12 Mar 2019 08:17:35 GMT', u'content-type': 'application/json', u'connection': 'close', u'x-openstack-request-id': 'req-9c505429-5cc0-44f0-9aef-37e05f7dd99e'} Body: {"NeutronError": {"message": "Port f8f06d07-fd2e-473a-9fae-c2fe5b917757 could not be found.", "type": "PortNotFound", "detail": ""}} _log_request_full /root/.rally/verification/verifier-d5f6f177-ffcb-42cf-8696-8df8079de766/repo/tempest/lib/common/rest_client.py:437
2019-03-12 08:17:35.968 13275 INFO tempest.lib.common.rest_client [req-bd48fe31-cbb1-4e12-91f4-d2eb1673739a ] Request (TrunkTestJSON:_run_cleanups): 404 DELETE http://10.167.4.35:9696/v2.0/ports/ddd1d963-f01a-4a47-914a-1f1756643efe 0.283s
2019-03-12 08:17:35.968 13279 INFO tempest.lib.common.rest_client [req-6ece8139-f80d-4767-a446-cc5af107b327 ] Request (TrunkTestJSON:_run_cleanups): 404 DELETE http://10.167.4.35:9696/v2.0/ports/b2f87a90-be76-47b3-ab51-da5b921cbb93 0.034s
2019-03-12 08:17:35.969 13275 DEBUG tempest.lib.common.rest_client [req-bd48fe31-cbb1-4e12-91f4-d2eb1673739a ] Request - Headers: {'Content-Type': 'application/json', 'Accept': 'application/json', 'X-Auth-Token': ''} Body: None Response - Headers: {'status': '404', u'content-length': '132', 'content-location': 'http://10.167.4.35:9696/v2.0/ports/ddd1d963-f01a-4a47-914a-1f1756643efe', u'date': 'Tue, 12 Mar 2019 08:17:35 GMT', u'content-type': 'application/json', u'connection': 'close', u'x-openstack-request-id': 'req-bd48fe31-cbb1-4e12-91f4-d2eb1673739a'} Body: {"NeutronError": {"message": "Port ddd1d963-f01a-4a47-914a-1f1756643efe could not be found.", "type": "PortNotFound", "detail": ""}} _log_request_full /root/.rally/verification/verifier-d5f6f177-ffcb-42cf-8696-8df8079de766/repo/tempest/lib/common/rest_client.py:437
2019-03-12 08:17:35.969 13279 DEBUG tempest.lib.common.rest_client [req-6ece8139-f80d-4767-a446-cc5af107b327 ] Request - Headers: {'Content-Type': 'application/json', 'Accept': 'application/json', 'X-Auth-Token': ''} Body: None Response - Headers: {'status': '404', u'content-length': '132', 'content-location': 'http://10.167.4.35:9696/v2.0/ports/b2f87a90-be76-47b3-ab51-da5b921cbb93', u'date': 'Tue, 12 Mar 2019 08:17:35 GMT', u'content-type': 'application/json', u'connection': 'close', u'x-openstack-request-id': 'req-6ece8139-f80d-4767-a446-cc5af107b327'} Body: {"NeutronError": {"message": "Port b2f87a90-be76-47b3-ab51-da5b921cbb93 could not be found.", "type": "PortNotFound", "detail": ""}} _log_request_full /root/.rally/verification/verifier-d5f6f177-ffcb-42cf-8696-8df8079de766/repo/tempest/lib/common/rest_client.py:437
2019-03-12 08:17:35.997 13279 INFO tempest.lib.common.rest_client [req-5fd9334a-6161-4497-bc8c-55bfe33390f8 ] Request (TrunkTestJSON:_run_cleanups): 404 DELETE http://10.167.4.35:9696/v2.0/ports/fd4c4764-b437-475e-91d3-d14c5b07f6f5 0.027s
2019-03-12 08:17:35.997 13279 DEBUG tempest.lib.common.rest_client [req-5fd9334a-6161-4497-bc8c-55bfe33390f8 ] Request - Headers: {'Content-Type': 'application/json', 'Accept': 'application/json', 'X-Auth-Token': ''} Body: None Response - Headers: {'status': '404', u'content-length': '132', 'content-location': 'http://10.167.4.35:9696/v2.0/ports/fd4c4764-b437-475e-91d3-d14c5b07f6f5', u'date': 'Tue, 12 Mar 2019 08:17:36 GMT', u'content-type': 'application/json', u'connection': 'close', u'x-openstack-request-id': 'req-5fd9334a-6161-4497-bc8c-55bfe33390f8'} Body: {"NeutronError": {"message": "Port fd4c4764-b437-475e-91d3-d14c5b07f6f5 could not be found.", "type": "PortNotFound", "detail": ""}} _log_request_full /root/.rally/verification/verifier-d5f6f177-ffcb-42cf-8696-8df8079de766/repo/tempest/lib/common/rest_client.py:437
2019-03-12 08:17:35.999 13275 INFO tempest.lib.common.rest_client [req-3df2ec9a-99ee-40f3-9704-cc7f6b38876c ] Request (TrunkTestJSON:_run_cleanups): 404 DELETE http://10.167.4.35:9696/v2.0/ports/20899aff-00fd-484e-8bc7-b57a7486a400 0.029s
2019-03-12 08:17:36.000 13275 DEBUG tempest.lib.common.rest_client [req-3df2ec9a-99ee-40f3-9704-cc7f6b38876c ] Request - Headers: {'Content-Type': 'application/json', 'Accept': 'application/json', 'X-Auth-Token': ''} Body: None Response - Headers: {'status': '404', u'content-length': '132', 'content-location': 'http://10.167.4.35:9696/v2.0/ports/20899aff-00fd-484e-8bc7-b57a7486a400', u'date': 'Tue, 12 Mar 2019 08:17:35 GMT', u'content-type': 'application/json', u'connection': 'close', u'x-openstack-request-id': 'req-3df2ec9a-99ee-40f3-9704-cc7f6b38876c'} Body: {"NeutronError": {"message": "Port 20899aff-00fd-484e-8bc7-b57a7486a400 could not be found.", "type": "PortNotFound", "detail": ""}} _log_request_full /root/.rally/verification/verifier-d5f6f177-ffcb-42cf-8696-8df8079de766/repo/tempest/lib/common/rest_client.py:437
2019-03-12 08:17:36.031 13275 INFO tempest.lib.common.rest_client [req-3cb438ee-ea05-46ba-97f6-d68b6df805df ] Request (TrunkTestJSON:_run_cleanups): 404 DELETE http://10.167.4.35:9696/v2.0/ports/32e5f02e-3965-45a8-a3f7-a99c85d0e99a 0.030s
2019-03-12 08:17:36.032 13279 INFO tempest.lib.common.rest_client [req-8b5482ee-f914-4d22-87af-e97a01e9b104 ] Request (TrunkTestJSON:_run_cleanups): 404 DELETE http://10.167.4.35:9696/v2.0/ports/b9e67c3d-2395-4dc8-ac25-10c4171e794d 0.033s
2019-03-12 08:17:36.032 13275 DEBUG tempest.lib.common.rest_client [req-3cb438ee-ea05-46ba-97f6-d68b6df805df ] Request - Headers: {'Content-Type': 'application/json', 'Accept': 'application/json', 'X-Auth-Token': ''} Body: None Response - Headers: {'status': '404', u'content-length': '132', 'content-location': 'http://10.167.4.35:9696/v2.0/ports/32e5f02e-3965-45a8-a3f7-a99c85d0e99a', u'date': 'Tue, 12 Mar 2019 08:17:36 GMT', u'content-type': 'application/json', u'connection': 'close', u'x-openstack-request-id': 'req-3cb438ee-ea05-46ba-97f6-d68b6df805df'} Body: {"NeutronError": {"message": "Port 32e5f02e-3965-45a8-a3f7-a99c85d0e99a could not be found.", "type": "PortNotFound", "detail": ""}} _log_request_full /root/.rally/verification/verifier-d5f6f177-ffcb-42cf-8696-8df8079de766/repo/tempest/lib/common/rest_client.py:437
2019-03-12 08:17:36.032 13279 DEBUG tempest.lib.common.rest_client [req-8b5482ee-f914-4d22-87af-e97a01e9b104 ] Request - Headers: {'Content-Type': 'application/json', 'Accept': 'application/json', 'X-Auth-Token': ''} Body: None Response - Headers: {'status': '404', u'content-length': '132', 'content-location': 'http://10.167.4.35:9696/v2.0/ports/b9e67c3d-2395-4dc8-ac25-10c4171e794d', u'date': 'Tue, 12 Mar 2019 08:17:36 GMT', u'content-type': 'application/json', u'connection': 'close', u'x-openstack-request-id': 'req-8b5482ee-f914-4d22-87af-e97a01e9b104'} Body: {"NeutronError": {"message": "Port b9e67c3d-2395-4dc8-ac25-10c4171e794d could not be found.", "type": "PortNotFound", "detail": ""}} _log_request_full /root/.rally/verification/verifier-d5f6f177-ffcb-42cf-8696-8df8079de766/repo/tempest/lib/common/rest_client.py:437
2019-03-12 08:17:36.061 13279 INFO tempest.lib.common.rest_client [req-ca603a76-3e5d-42fc-ad95-c177904be186 ] Request (TrunkTestJSON:_run_cleanups): 404 DELETE http://10.167.4.35:9696/v2.0/ports/a9ca7ce8-6884-48db-9c9f-fbe965ee51ab 0.028s
2019-03-12 08:17:36.061 13279 DEBUG tempest.lib.common.rest_client [req-ca603a76-3e5d-42fc-ad95-c177904be186 ] Request - Headers: {'Content-Type': 'application/json', 'Accept': 'application/json', 'X-Auth-Token': ''} Body: None Response - Headers: {'status': '404', u'content-length': '132', 'content-location': 'http://10.167.4.35:9696/v2.0/ports/a9ca7ce8-6884-48db-9c9f-fbe965ee51ab', u'date': 'Tue, 12 Mar 2019 08:17:36 GMT', u'content-type': 'application/json', u'connection': 'close', u'x-openstack-request-id': 'req-ca603a76-3e5d-42fc-ad95-c177904be186'} Body: {"NeutronError": {"message": "Port a9ca7ce8-6884-48db-9c9f-fbe965ee51ab could not be found.", "type": "PortNotFound", "detail": ""}} _log_request_full /root/.rally/verification/verifier-d5f6f177-ffcb-42cf-8696-8df8079de766/repo/tempest/lib/common/rest_client.py:437
2019-03-12 08:17:36.069 13275 INFO tempest.lib.common.rest_client [req-3e5a5a47-b938-4270-9926-c6c5da3e08c3 ] Request (TrunkTestJSON:_run_cleanups): 404 DELETE http://10.167.4.35:9696/v2.0/ports/5aed8a50-ece3-425e-8408-9e0e40adf764 0.036s
2019-03-12 08:17:36.069 13275 DEBUG tempest.lib.common.rest_client [req-3e5a5a47-b938-4270-9926-c6c5da3e08c3 ] Request - Headers: {'Content-Type': 'application/json', 'Accept': 'application/json', 'X-Auth-Token': ''} Body: None Response - Headers: {'status': '404', u'content-length': '132', 'content-location': 'http://10.167.4.35:9696/v2.0/ports/5aed8a50-ece3-425e-8408-9e0e40adf764', u'date': 'Tue, 12 Mar 2019 08:17:36 GMT', u'content-type': 'application/json', u'connection': 'close', u'x-openstack-request-id': 'req-3e5a5a47-b938-4270-9926-c6c5da3e08c3'} Body: {"NeutronError": {"message": "Port 5aed8a50-ece3-425e-8408-9e0e40adf764 could not be found.", "type": "PortNotFound", "detail": ""}} _log_request_full /root/.rally/verification/verifier-d5f6f177-ffcb-42cf-8696-8df8079de766/repo/tempest/lib/common/rest_client.py:437
2019-03-12 08:17:36.093 13279 INFO tempest.lib.common.rest_client [req-9abc6b6e-f859-4291-9cae-693137ae2ab2 ] Request (TrunkTestJSON:_run_cleanups): 404 DELETE http://10.167.4.35:9696/v2.0/ports/7aef6678-e68e-4fab-a2ee-a4d9c6b8d8f2 0.031s
2019-03-12 08:17:36.094 13279 DEBUG tempest.lib.common.rest_client [req-9abc6b6e-f859-4291-9cae-693137ae2ab2 ] Request - Headers: {'Content-Type': 'application/json', 'Accept': 'application/json', 'X-Auth-Token': ''} Body: None Response - Headers: {'status': '404', u'content-length': '132', 'content-location': 'http://10.167.4.35:9696/v2.0/ports/7aef6678-e68e-4fab-a2ee-a4d9c6b8d8f2', u'date': 'Tue, 12 Mar 2019 08:17:36 GMT', u'content-type': 'application/json', u'connection': 'close', u'x-openstack-request-id': 'req-9abc6b6e-f859-4291-9cae-693137ae2ab2'} Body: {"NeutronError": {"message": "Port 7aef6678-e68e-4fab-a2ee-a4d9c6b8d8f2 could not be found.", "type": "PortNotFound", "detail": ""}} _log_request_full /root/.rally/verification/verifier-d5f6f177-ffcb-42cf-8696-8df8079de766/repo/tempest/lib/common/rest_client.py:437
2019-03-12 08:17:36.107 13275 INFO tempest.lib.common.rest_client [req-7db7cf8d-ae1e-4f3e-9e8a-c30da859c712 ] Request (TrunkTestJSON:_run_cleanups): 404 DELETE http://10.167.4.35:9696/v2.0/ports/2e305c83-5224-471c-9926-758386796c1d 0.036s
2019-03-12 08:17:36.107 13275 DEBUG tempest.lib.common.rest_client [req-7db7cf8d-ae1e-4f3e-9e8a-c30da859c712 ] Request - Headers: {'Content-Type': 'application/json', 'Accept': 'application/json', 'X-Auth-Token': ''} Body: None Response - Headers: {'status': '404', u'content-length': '132', 'content-location': 'http://10.167.4.35:9696/v2.0/ports/2e305c83-5224-471c-9926-758386796c1d', u'date': 'Tue, 12 Mar 2019 08:17:36 GMT', u'content-type': 'application/json', u'connection': 'close', u'x-openstack-request-id': 'req-7db7cf8d-ae1e-4f3e-9e8a-c30da859c712'} Body: {"NeutronError": {"message": "Port 2e305c83-5224-471c-9926-758386796c1d could not be found.", "type": "PortNotFound", "detail": ""}} _log_request_full /root/.rally/verification/verifier-d5f6f177-ffcb-42cf-8696-8df8079de766/repo/tempest/lib/common/rest_client.py:437
2019-03-12 08:17:36.121 13279 INFO tempest.lib.common.rest_client [req-216fa928-2031-4e76-bd35-999dbd575671 ] Request (TrunkTestJSON:_run_cleanups): 404 DELETE http://10.167.4.35:9696/v2.0/ports/a6567d05-101b-4c06-851f-9370dcfa30ec 0.026s
2019-03-12 08:17:36.121 13279 DEBUG tempest.lib.common.rest_client [req-216fa928-2031-4e76-bd35-999dbd575671 ] Request - Headers: {'Content-Type': 'application/json', 'Accept': 'application/json', 'X-Auth-Token': ''} Body: None Response - Headers: {'status': '404', u'content-length': '132', 'content-location': 'http://10.167.4.35:9696/v2.0/ports/a6567d05-101b-4c06-851f-9370dcfa30ec', u'date': 'Tue, 12 Mar 2019 08:17:36 GMT', u'content-type': 'application/json', u'connection': 'close', u'x-openstack-request-id': 'req-216fa928-2031-4e76-bd35-999dbd575671'} Body: {"NeutronError": {"message": "Port a6567d05-101b-4c06-851f-9370dcfa30ec could not be found.", "type": "PortNotFound", "detail": ""}} _log_request_full /root/.rally/verification/verifier-d5f6f177-ffcb-42cf-8696-8df8079de766/repo/tempest/lib/common/rest_client.py:437
2019-03-12 08:17:36.138 13275 INFO tempest.lib.common.rest_client [req-1e01a9a1-1264-4769-8edf-4722a2311fb2 ] Request (TrunkTestJSON:_run_cleanups): 404 DELETE http://10.167.4.35:9696/v2.0/ports/61c08bc1-14c9-4a21-b19d-3e1222ff5f00 0.029s
2019-03-12 08:17:36.138 13275 DEBUG tempest.lib.common.rest_client [req-1e01a9a1-1264-4769-8edf-4722a2311fb2 ] Request - Headers: {'Content-Type': 'application/json', 'Accept': 'application/json', 'X-Auth-Token': ''} Body: None Response - Headers: {'status': '404', u'content-length': '132', 'content-location': 'http://10.167.4.35:9696/v2.0/ports/61c08bc1-14c9-4a21-b19d-3e1222ff5f00', u'date': 'Tue, 12 Mar 2019 08:17:36 GMT', u'content-type': 'application/json', u'connection': 'close', u'x-openstack-request-id': 'req-1e01a9a1-1264-4769-8edf-4722a2311fb2'} Body: {"NeutronError": {"message": "Port 61c08bc1-14c9-4a21-b19d-3e1222ff5f00 could not be found.", "type": "PortNotFound", "detail": ""}} _log_request_full /root/.rally/verification/verifier-d5f6f177-ffcb-42cf-8696-8df8079de766/repo/tempest/lib/common/rest_client.py:437
2019-03-12 08:17:36.154 13279 INFO tempest.lib.common.rest_client [req-d6ed33e9-3aae-4947-9df0-489cd2fe55bc ] Request (TrunkTestJSON:_run_cleanups): 404 DELETE http://10.167.4.35:9696/v2.0/ports/88339851-2d8f-4759-bc52-693ef7526c8a 0.031s
2019-03-12 08:17:36.154 13279 DEBUG tempest.lib.common.rest_client [req-d6ed33e9-3aae-4947-9df0-489cd2fe55bc ] Request - Headers: {'Content-Type': 'application/json', 'Accept': 'application/json', 'X-Auth-Token': ''} Body: None Response - Headers: {'status': '404', u'content-length': '132', 'content-location': 'http://10.167.4.35:9696/v2.0/ports/88339851-2d8f-4759-bc52-693ef7526c8a', u'date': 'Tue, 12 Mar 2019 08:17:36 GMT', u'content-type': 'application/json', u'connection': 'close', u'x-openstack-request-id': 'req-d6ed33e9-3aae-4947-9df0-489cd2fe55bc'} Body: {"NeutronError": {"message": "Port 88339851-2d8f-4759-bc52-693ef7526c8a could not be found.", "type": "PortNotFound", "detail": ""}} _log_request_full /root/.rally/verification/verifier-d5f6f177-ffcb-42cf-8696-8df8079de766/repo/tempest/lib/common/rest_client.py:437
2019-03-12 08:17:36.171 13275 INFO tempest.lib.common.rest_client [req-da9359f1-c8e6-4cab-87b2-876340aa2530 ] Request (TrunkTestJSON:_run_cleanups): 404 DELETE http://10.167.4.35:9696/v2.0/ports/fa2f10a9-ab83-4e61-b2bd-617cc9919c0c 0.032s
2019-03-12 08:17:36.172 13275 DEBUG tempest.lib.common.rest_client [req-da9359f1-c8e6-4cab-87b2-876340aa2530 ] Request - Headers: {'Content-Type': 'application/json', 'Accept': 'application/json', 'X-Auth-Token': ''} Body: None Response - Headers: {'status': '404', u'content-length': '132', 'content-location': 'http://10.167.4.35:9696/v2.0/ports/fa2f10a9-ab83-4e61-b2bd-617cc9919c0c', u'date': 'Tue, 12 Mar 2019 08:17:36 GMT', u'content-type': 'application/json', u'connection': 'close', u'x-openstack-request-id': 'req-da9359f1-c8e6-4cab-87b2-876340aa2530'} Body: {"NeutronError": {"message": "Port fa2f10a9-ab83-4e61-b2bd-617cc9919c0c could not be found.", "type": "PortNotFound", "detail": ""}} _log_request_full /root/.rally/verification/verifier-d5f6f177-ffcb-42cf-8696-8df8079de766/repo/tempest/lib/common/rest_client.py:437
2019-03-12 08:17:36.198 13279 INFO tempest.lib.common.rest_client [req-c796a86f-a7d8-490c-91de-81c1d2866f36 ] Request (TrunkTestJSON:_run_cleanups): 404 DELETE http://10.167.4.35:9696/v2.0/ports/300e6584-f197-4693-83a1-e62218df49c9 0.043s
2019-03-12 08:17:36.199 13279 DEBUG tempest.lib.common.rest_client [req-c796a86f-a7d8-490c-91de-81c1d2866f36 ] Request - Headers: {'Content-Type': 'application/json', 'Accept': 'application/json', 'X-Auth-Token': ''} Body: None Response - Headers: {'status': '404', u'content-length': '132', 'content-location': 'http://10.167.4.35:9696/v2.0/ports/300e6584-f197-4693-83a1-e62218df49c9', u'date': 'Tue, 12 Mar 2019 08:17:36 GMT', u'content-type': 'application/json', u'connection': 'close', u'x-openstack-request-id': 'req-c796a86f-a7d8-490c-91de-81c1d2866f36'} Body: {"NeutronError": {"message": "Port 300e6584-f197-4693-83a1-e62218df49c9 could not be found.", "type": "PortNotFound", "detail": ""}} _log_request_full /root/.rally/verification/verifier-d5f6f177-ffcb-42cf-8696-8df8079de766/repo/tempest/lib/common/rest_client.py:437
2019-03-12 08:17:36.204 13275 INFO tempest.lib.common.rest_client [req-3e7dba12-043d-49ea-be9d-9db754f11a70 ] Request (TrunkTestJSON:_run_cleanups): 404 DELETE http://10.167.4.35:9696/v2.0/ports/ad680927-6402-4105-9d9b-7ed0f956beac 0.032s
2019-03-12 08:17:36.205 13275 DEBUG tempest.lib.common.rest_client [req-3e7dba12-043d-49ea-be9d-9db754f11a70 ] Request - Headers: {'Content-Type': 'application/json', 'Accept': 'application/json', 'X-Auth-Token': ''} Body: None Response - Headers: {'status': '404', u'content-length': '132', 'content-location': 'http://10.167.4.35:9696/v2.0/ports/ad680927-6402-4105-9d9b-7ed0f956beac', u'date': 'Tue, 12 Mar 2019 08:17:36 GMT', u'content-type': 'application/json', u'connection': 'close', u'x-openstack-request-id': 'req-3e7dba12-043d-49ea-be9d-9db754f11a70'} Body: {"NeutronError": {"message": "Port ad680927-6402-4105-9d9b-7ed0f956beac could not be found.", "type": "PortNotFound", "detail": ""}} _log_request_full /root/.rally/verification/verifier-d5f6f177-ffcb-42cf-8696-8df8079de766/repo/tempest/lib/common/rest_client.py:437
2019-03-12 08:17:36.227 13279 INFO tempest.lib.common.rest_client [req-b2b604be-ae3f-4077-8152-7b1efe5f5ef0 ] Request (TrunkTestJSON:_run_cleanups): 404 DELETE http://10.167.4.35:9696/v2.0/ports/046a349f-05bd-4539-b89a-9f077cd29968 0.027s
2019-03-12 08:17:36.227 13279 DEBUG tempest.lib.common.rest_client [req-b2b604be-ae3f-4077-8152-7b1efe5f5ef0 ] Request - Headers: {'Content-Type': 'application/json', 'Accept': 'application/json', 'X-Auth-Token': ''} Body: None Response - Headers: {'status': '404', u'content-length': '132', 'content-location': 'http://10.167.4.35:9696/v2.0/ports/046a349f-05bd-4539-b89a-9f077cd29968', u'date': 'Tue, 12 Mar 2019 08:17:36 GMT', u'content-type': 'application/json', u'connection': 'close', u'x-openstack-request-id': 'req-b2b604be-ae3f-4077-8152-7b1efe5f5ef0'} Body: {"NeutronError": {"message": "Port 046a349f-05bd-4539-b89a-9f077cd29968 could not be found.", "type": "PortNotFound", "detail": ""}} _log_request_full /root/.rally/verification/verifier-d5f6f177-ffcb-42cf-8696-8df8079de766/repo/tempest/lib/common/rest_client.py:437
2019-03-12 08:17:36.264 13279 INFO tempest.lib.common.rest_client [req-b147fbba-6625-4cf1-baca-993a3aa91be1 ] Request (TrunkTestJSON:_run_cleanups): 404 DELETE http://10.167.4.35:9696/v2.0/ports/e1a7c4f2-f654-4500-8947-c56c500f3a5c 0.035s
2019-03-12 08:17:36.264 13279 DEBUG tempest.lib.common.rest_client [req-b147fbba-6625-4cf1-baca-993a3aa91be1 ] Request - Headers: {'Content-Type': 'application/json', 'Accept': 'application/json', 'X-Auth-Token': ''} Body: None Response - Headers: {'status': '404', u'content-length': '132', 'content-location': 'http://10.167.4.35:9696/v2.0/ports/e1a7c4f2-f654-4500-8947-c56c500f3a5c', u'date': 'Tue, 12 Mar 2019 08:17:36 GMT', u'content-type': 'application/json', u'connection': 'close', u'x-openstack-request-id': 'req-b147fbba-6625-4cf1-baca-993a3aa91be1'} Body: {"NeutronError": {"message": "Port e1a7c4f2-f654-4500-8947-c56c500f3a5c could not be found.", "type": "PortNotFound", "detail": ""}} _log_request_full /root/.rally/verification/verifier-d5f6f177-ffcb-42cf-8696-8df8079de766/repo/tempest/lib/common/rest_client.py:437
2019-03-12 08:17:36.293 13279 INFO tempest.lib.common.rest_client [req-3c259533-0e58-408f-b58e-b1225ae517fd ] Request (TrunkTestJSON:_run_cleanups): 404 DELETE http://10.167.4.35:9696/v2.0/ports/6f94c5e2-2f34-4b9a-aee9-83c47c6b649c 0.028s
2019-03-12 08:17:36.294 13279 DEBUG tempest.lib.common.rest_client [req-3c259533-0e58-408f-b58e-b1225ae517fd ] Request - Headers: {'Content-Type': 'application/json', 'Accept': 'application/json', 'X-Auth-Token': ''} Body: None Response - Headers: {'status': '404', u'content-length': '132', 'content-location': 'http://10.167.4.35:9696/v2.0/ports/6f94c5e2-2f34-4b9a-aee9-83c47c6b649c', u'date': 'Tue, 12 Mar 2019 08:17:36 GMT', u'content-type': 'application/json', u'connection': 'close', u'x-openstack-request-id': 'req-3c259533-0e58-408f-b58e-b1225ae517fd'} Body: {"NeutronError": {"message": "Port 6f94c5e2-2f34-4b9a-aee9-83c47c6b649c could not be found.", "type": "PortNotFound", "detail": ""}} _log_request_full /root/.rally/verification/verifier-d5f6f177-ffcb-42cf-8696-8df8079de766/repo/tempest/lib/common/rest_client.py:437
2019-03-12 08:17:36.633 13275 INFO tempest.lib.common.rest_client [req-26242ef0-4ec1-483a-bfd7-2f4dd065124a ] Request (TrunkTestJSON:_run_cleanups): 204 DELETE http://10.167.4.35:9696/v2.0/ports/2d06917a-4d6c-4acb-86f4-94e4eacb71cf 0.427s
2019-03-12 08:17:36.633 13275 DEBUG tempest.lib.common.rest_client [req-26242ef0-4ec1-483a-bfd7-2f4dd065124a ] Request - Headers: {'Content-Type': 'application/json', 'Accept': 'application/json', 'X-Auth-Token': ''} Body: None Response - Headers: {'status': '204', u'content-length': '0', 'content-location': 'http://10.167.4.35:9696/v2.0/ports/2d06917a-4d6c-4acb-86f4-94e4eacb71cf', u'date': 'Tue, 12 Mar 2019 08:17:36 GMT', u'connection': 'close', u'x-openstack-request-id': 'req-26242ef0-4ec1-483a-bfd7-2f4dd065124a'} Body: _log_request_full /root/.rally/verification/verifier-d5f6f177-ffcb-42cf-8696-8df8079de766/repo/tempest/lib/common/rest_client.py:437
2019-03-12 08:17:36.690 13276 INFO tempest.lib.common.rest_client [req-10d37da9-c49a-40ce-9135-d21314c7c2b1 ] Request (TrunkTest:test_trunk_subport_lifecycle): 200 PUT http://10.167.4.35:9696/v2.0/trunks/f137e29c-20de-477a-8bdf-d515dd1c7a6c/add_subports 1.026s
2019-03-12 08:17:36.691 13276 DEBUG tempest.lib.common.rest_client [req-10d37da9-c49a-40ce-9135-d21314c7c2b1 ] Request - Headers: {'Content-Type': 'application/json', 'Accept': 'application/json', 'X-Auth-Token': ''} Body: {"sub_ports": [{"segmentation_type": "vlan", "port_id": "cea6ef0f-6c01-4859-a16b-ad9e570a800d", "segmentation_id": 3}, {"segmentation_type": "vlan", "port_id": "95438bc8-c3b8-4799-bf9e-19a31b8d8364", "segmentation_id": 4}, {"segmentation_type": "vlan", "port_id": "db08823c-2206-4f64-b435-dba27d0c777e", "segmentation_id": 5}, {"segmentation_type": "vlan", "port_id": "72ca8586-e9b8-4b85-96a4-fccd5c5dcbb1", "segmentation_id": 6}]} Response - Headers: {'status': '200', u'content-length': '812', 'content-location': 'http://10.167.4.35:9696/v2.0/trunks/f137e29c-20de-477a-8bdf-d515dd1c7a6c/add_subports', u'date': 'Tue, 12 Mar 2019 08:17:36 GMT', u'content-type': 'application/json', u'connection': 'close', u'x-openstack-request-id': 'req-10d37da9-c49a-40ce-9135-d21314c7c2b1'} Body: {"status": "ACTIVE", "sub_ports": [{"segmentation_type": "vlan", "port_id": "cea6ef0f-6c01-4859-a16b-ad9e570a800d", "segmentation_id": 3}, {"segmentation_type": "vlan", "port_id": "95438bc8-c3b8-4799-bf9e-19a31b8d8364", "segmentation_id": 4}, {"segmentation_type": "vlan", "port_id": "db08823c-2206-4f64-b435-dba27d0c777e", "segmentation_id": 5}, {"segmentation_type": "vlan", "port_id": "72ca8586-e9b8-4b85-96a4-fccd5c5dcbb1", "segmentation_id": 6}], "name": "", "admin_state_up": true, "tenant_id": "69beca9281da40a9975c4f0a556a0196", "created_at": "2019-03-12T08:17:07Z", "tags": [], "updated_at": "2019-03-12T08:17:36Z", "revision_number": 4, "project_id": "69beca9281da40a9975c4f0a556a0196", "port_id": "7ae21626-c6cd-4e1e-b36b-aadd5e9e40d5", "id": "f137e29c-20de-477a-8bdf-d515dd1c7a6c", "description": ""} _log_request_full /root/.rally/verification/verifier-d5f6f177-ffcb-42cf-8696-8df8079de766/repo/tempest/lib/common/rest_client.py:437
2019-03-12 08:17:36.711 13276 INFO tempest.lib.common.rest_client [req-ec8c7481-3119-402e-bdb1-a22ee77fefc5 ] Request (TrunkTest:test_trunk_subport_lifecycle): 200 GET http://10.167.4.35:9696/v2.0/trunks/887bca1d-ca2c-4172-8798-91f70219bfb8 0.019s
2019-03-12 08:17:36.711 13276 DEBUG tempest.lib.common.rest_client [req-ec8c7481-3119-402e-bdb1-a22ee77fefc5 ] Request - Headers: {'Content-Type': 'application/json', 'Accept': 'application/json', 'X-Auth-Token': ''} Body: None Response - Headers: {'status': '200', u'content-length': '409', 'content-location': 'http://10.167.4.35:9696/v2.0/trunks/887bca1d-ca2c-4172-8798-91f70219bfb8', u'date': 'Tue, 12 Mar 2019 08:17:36 GMT', u'content-type': 'application/json', u'connection': 'close', u'x-openstack-request-id': 'req-ec8c7481-3119-402e-bdb1-a22ee77fefc5'} Body: {"trunk": {"status": "ACTIVE", "sub_ports": [], "name": "", "admin_state_up": true, "tenant_id": "69beca9281da40a9975c4f0a556a0196", "created_at": "2019-03-12T08:17:02Z", "tags": [], "updated_at": "2019-03-12T08:17:35Z", "revision_number": 7, "project_id": "69beca9281da40a9975c4f0a556a0196", "port_id": "d2c6b832-ed87-405b-9efa-ca92bfd510ca", "id": "887bca1d-ca2c-4172-8798-91f70219bfb8", "description": ""}} _log_request_full /root/.rally/verification/verifier-d5f6f177-ffcb-42cf-8696-8df8079de766/repo/tempest/lib/common/rest_client.py:437
2019-03-12 08:17:36.735 13276 INFO tempest.lib.common.rest_client [req-f22050ab-0ab2-4b3a-88f8-244acd37ec37 ] Request (TrunkTest:test_trunk_subport_lifecycle): 200 GET http://10.167.4.35:9696/v2.0/trunks/f137e29c-20de-477a-8bdf-d515dd1c7a6c 0.023s
2019-03-12 08:17:36.736 13276 DEBUG tempest.lib.common.rest_client [req-f22050ab-0ab2-4b3a-88f8-244acd37ec37 ] Request - Headers: {'Content-Type': 'application/json', 'Accept': 'application/json', 'X-Auth-Token': ''} Body: None Response - Headers: {'status': '200', u'content-length': '823', 'content-location': 'http://10.167.4.35:9696/v2.0/trunks/f137e29c-20de-477a-8bdf-d515dd1c7a6c', u'date': 'Tue, 12 Mar 2019 08:17:36 GMT', u'content-type': 'application/json', u'connection': 'close', u'x-openstack-request-id': 'req-f22050ab-0ab2-4b3a-88f8-244acd37ec37'} Body: {"trunk": {"status": "ACTIVE", "sub_ports": [{"segmentation_type": "vlan", "port_id": "cea6ef0f-6c01-4859-a16b-ad9e570a800d", "segmentation_id": 3}, {"segmentation_type": "vlan", "port_id": "95438bc8-c3b8-4799-bf9e-19a31b8d8364", "segmentation_id": 4}, {"segmentation_type": "vlan", "port_id": "db08823c-2206-4f64-b435-dba27d0c777e", "segmentation_id": 5}, {"segmentation_type": "vlan", "port_id": "72ca8586-e9b8-4b85-96a4-fccd5c5dcbb1", "segmentation_id": 6}], "name": "", "admin_state_up": true, "tenant_id": "69beca9281da40a9975c4f0a556a0196", "created_at": "2019-03-12T08:17:07Z", "tags": [], "updated_at": "2019-03-12T08:17:36Z", "revision_number": 4, "project_id": "69beca9281da40a9975c4f0a556a0196", "port_id": "7ae21626-c6cd-4e1e-b36b-aadd5e9e40d5", "id": "f137e29c-20de-477a-8bdf-d515dd1c7a6c", "description": ""}} _log_request_full /root/.rally/verification/verifier-d5f6f177-ffcb-42cf-8696-8df8079de766/repo/tempest/lib/common/rest_client.py:437
2019-03-12 08:17:36.802 13276 INFO tempest.lib.common.rest_client [req-e5f772a2-8481-4445-b2d8-a625e9a1d319 ] Request (TrunkTest:test_trunk_subport_lifecycle): 200 GET http://10.167.4.35:9696/v2.0/ports/cea6ef0f-6c01-4859-a16b-ad9e570a800d 0.065s
2019-03-12 08:17:36.803 13276 DEBUG tempest.lib.common.rest_client [req-e5f772a2-8481-4445-b2d8-a625e9a1d319 ] Request - Headers: {'Content-Type': 'application/json', 'Accept': 'application/json', 'X-Auth-Token': ''} Body: None Response - Headers: {'status': '200', u'content-length': '617', 'content-location': 'http://10.167.4.35:9696/v2.0/ports/cea6ef0f-6c01-4859-a16b-ad9e570a800d', u'date': 'Tue, 12 Mar 2019 08:17:36 GMT', u'content-type': 'application/json', u'connection': 'close', u'x-openstack-request-id': 'req-e5f772a2-8481-4445-b2d8-a625e9a1d319'} Body: {"port":{"status":"ACTIVE","created_at":"2019-03-12T08:17:30Z","description":"","allowed_address_pairs":[],"tags":[],"network_id":"fd5474fc-c69f-4f71-93dd-59fe04498f20","tenant_id":"69beca9281da40a9975c4f0a556a0196","extra_dhcp_opts":[],"admin_state_up":true,"updated_at":"2019-03-12T08:17:36Z","name":"","device_owner":"","revision_number":4,"mac_address":"fa:16:3e:00:19:51","binding:vnic_type":"normal","port_security_enabled":true,"project_id":"69beca9281da40a9975c4f0a556a0196","fixed_ips":[],"id":"cea6ef0f-6c01-4859-a16b-ad9e570a800d","security_groups":["4611e4b6-c1f2-49b8-83bc-05c276538e62"],"device_id":""}} _log_request_full /root/.rally/verification/verifier-d5f6f177-ffcb-42cf-8696-8df8079de766/repo/tempest/lib/common/rest_client.py:437
2019-03-12 08:17:36.850 13276 INFO tempest.lib.common.rest_client [req-da2e1840-fc1e-4441-beff-c110d2f97026 ] Request (TrunkTest:test_trunk_subport_lifecycle): 200 GET http://10.167.4.35:9696/v2.0/ports/95438bc8-c3b8-4799-bf9e-19a31b8d8364 0.046s
2019-03-12 08:17:36.850 13276 DEBUG tempest.lib.common.rest_client [req-da2e1840-fc1e-4441-beff-c110d2f97026 ] Request - Headers: {'Content-Type': 'application/json', 'Accept': 'application/json', 'X-Auth-Token': ''} Body: None Response - Headers: {'status': '200', u'content-length': '617', 'content-location': 'http://10.167.4.35:9696/v2.0/ports/95438bc8-c3b8-4799-bf9e-19a31b8d8364', u'date': 'Tue, 12 Mar 2019 08:17:36 GMT', u'content-type': 'application/json', u'connection': 'close', u'x-openstack-request-id': 'req-da2e1840-fc1e-4441-beff-c110d2f97026'} Body: {"port":{"status":"ACTIVE","created_at":"2019-03-12T08:17:30Z","description":"","allowed_address_pairs":[],"tags":[],"network_id":"461c8b49-6020-4b21-b10c-b8e17822d987","tenant_id":"69beca9281da40a9975c4f0a556a0196","extra_dhcp_opts":[],"admin_state_up":true,"updated_at":"2019-03-12T08:17:36Z","name":"","device_owner":"","revision_number":4,"mac_address":"fa:16:3e:2b:ce:b6","binding:vnic_type":"normal","port_security_enabled":true,"project_id":"69beca9281da40a9975c4f0a556a0196","fixed_ips":[],"id":"95438bc8-c3b8-4799-bf9e-19a31b8d8364","security_groups":["4611e4b6-c1f2-49b8-83bc-05c276538e62"],"device_id":""}} _log_request_full /root/.rally/verification/verifier-d5f6f177-ffcb-42cf-8696-8df8079de766/repo/tempest/lib/common/rest_client.py:437
2019-03-12 08:17:36.901 13276 INFO tempest.lib.common.rest_client [req-530cd3cf-d661-48e6-ab69-47964bef4f86 ] Request (TrunkTest:test_trunk_subport_lifecycle): 200 GET http://10.167.4.35:9696/v2.0/ports/db08823c-2206-4f64-b435-dba27d0c777e 0.049s
2019-03-12 08:17:36.901 13276 DEBUG tempest.lib.common.rest_client [req-530cd3cf-d661-48e6-ab69-47964bef4f86 ] Request - Headers: {'Content-Type': 'application/json', 'Accept': 'application/json', 'X-Auth-Token': ''} Body: None Response - Headers: {'status': '200', u'content-length': '617', 'content-location': 'http://10.167.4.35:9696/v2.0/ports/db08823c-2206-4f64-b435-dba27d0c777e', u'date': 'Tue, 12 Mar 2019 08:17:36 GMT', u'content-type': 'application/json', u'connection': 'close', u'x-openstack-request-id': 'req-530cd3cf-d661-48e6-ab69-47964bef4f86'} Body: {"port":{"status":"ACTIVE","created_at":"2019-03-12T08:17:31Z","description":"","allowed_address_pairs":[],"tags":[],"network_id":"af0a583e-741b-48c3-acf7-26aa505a1584","tenant_id":"69beca9281da40a9975c4f0a556a0196","extra_dhcp_opts":[],"admin_state_up":true,"updated_at":"2019-03-12T08:17:36Z","name":"","device_owner":"","revision_number":4,"mac_address":"fa:16:3e:49:82:81","binding:vnic_type":"normal","port_security_enabled":true,"project_id":"69beca9281da40a9975c4f0a556a0196","fixed_ips":[],"id":"db08823c-2206-4f64-b435-dba27d0c777e","security_groups":["4611e4b6-c1f2-49b8-83bc-05c276538e62"],"device_id":""}} _log_request_full /root/.rally/verification/verifier-d5f6f177-ffcb-42cf-8696-8df8079de766/repo/tempest/lib/common/rest_client.py:437
2019-03-12 08:17:36.946 13276 INFO tempest.lib.common.rest_client [req-4930a256-c3c2-4638-b25b-a8f964e3e636 ] Request (TrunkTest:test_trunk_subport_lifecycle): 200 GET http://10.167.4.35:9696/v2.0/ports/72ca8586-e9b8-4b85-96a4-fccd5c5dcbb1 0.043s
2019-03-12 08:17:36.947 13276 DEBUG tempest.lib.common.rest_client [req-4930a256-c3c2-4638-b25b-a8f964e3e636 ] Request - Headers: {'Content-Type': 'application/json', 'Accept': 'application/json', 'X-Auth-Token': ''} Body: None Response - Headers: {'status': '200', u'content-length': '617', 'content-location': 'http://10.167.4.35:9696/v2.0/ports/72ca8586-e9b8-4b85-96a4-fccd5c5dcbb1', u'date': 'Tue, 12 Mar 2019 08:17:36 GMT', u'content-type': 'application/json', u'connection': 'close', u'x-openstack-request-id': 'req-4930a256-c3c2-4638-b25b-a8f964e3e636'} Body: {"port":{"status":"ACTIVE","created_at":"2019-03-12T08:17:32Z","description":"","allowed_address_pairs":[],"tags":[],"network_id":"e7d40d22-09a8-4d27-abcf-d1a3c8ca1a62","tenant_id":"69beca9281da40a9975c4f0a556a0196","extra_dhcp_opts":[],"admin_state_up":true,"updated_at":"2019-03-12T08:17:36Z","name":"","device_owner":"","revision_number":4,"mac_address":"fa:16:3e:3b:0d:01","binding:vnic_type":"normal","port_security_enabled":true,"project_id":"69beca9281da40a9975c4f0a556a0196","fixed_ips":[],"id":"72ca8586-e9b8-4b85-96a4-fccd5c5dcbb1","security_groups":["4611e4b6-c1f2-49b8-83bc-05c276538e62"],"device_id":""}} _log_request_full /root/.rally/verification/verifier-d5f6f177-ffcb-42cf-8696-8df8079de766/repo/tempest/lib/common/rest_client.py:437
2019-03-12 08:17:36.948 13276 INFO tempest.lib.common.ssh [-] Creating ssh connection to '172.30.10.115:22' as 'cirros' with public key authentication
2019-03-12 08:17:36.950 13276 INFO paramiko.transport [-] Connected (version 2.0, client dropbear_2015.67)
2019-03-12 08:17:37.014 13276 INFO paramiko.transport [-] Authentication (publickey) successful!
2019-03-12 08:17:37.015 13276 INFO tempest.lib.common.ssh [-] ssh connection to cirros@172.30.10.115 successfully created
2019-03-12 08:17:37.026 13279 INFO tempest.lib.common.rest_client [req-b6b5fe4e-d954-4056-aba1-fd8f238b18a6 ] Request (TrunkTestJSON:_run_cleanups): 204 DELETE http://10.167.4.35:9696/v2.0/ports/430c9cf6-8a1b-4fae-b32a-74efda8b16d4 0.732s
2019-03-12 08:17:37.027 13279 DEBUG tempest.lib.common.rest_client [req-b6b5fe4e-d954-4056-aba1-fd8f238b18a6 ] Request - Headers: {'Content-Type': 'application/json', 'Accept': 'application/json', 'X-Auth-Token': ''} Body: None Response - Headers: {'status': '204', u'content-length': '0', 'content-location': 'http://10.167.4.35:9696/v2.0/ports/430c9cf6-8a1b-4fae-b32a-74efda8b16d4', u'date': 'Tue, 12 Mar 2019 08:17:37 GMT', u'connection': 'close', u'x-openstack-request-id': 'req-b6b5fe4e-d954-4056-aba1-fd8f238b18a6'} Body: _log_request_full /root/.rally/verification/verifier-d5f6f177-ffcb-42cf-8696-8df8079de766/repo/tempest/lib/common/rest_client.py:437
2019-03-12 08:17:37.051 13279 INFO tempest.lib.common.rest_client [req-9c039503-e1a9-416f-b766-6967be68ff34 ] Request (TrunkTestJSON:_run_cleanups): 404 DELETE http://10.167.4.35:9696/v2.0/networks/45fd7732-c6c4-4b51-b612-9054c9542b45 0.023s
2019-03-12 08:17:37.051 13279 DEBUG tempest.lib.common.rest_client [req-9c039503-e1a9-416f-b766-6967be68ff34 ] Request - Headers: {'Content-Type': 'application/json', 'Accept': 'application/json', 'X-Auth-Token': ''} Body: None Response - Headers: {'status': '404', u'content-length': '138', 'content-location': 'http://10.167.4.35:9696/v2.0/networks/45fd7732-c6c4-4b51-b612-9054c9542b45', u'date': 'Tue, 12 Mar 2019 08:17:37 GMT', u'content-type': 'application/json', u'connection': 'close', u'x-openstack-request-id': 'req-9c039503-e1a9-416f-b766-6967be68ff34'} Body: {"NeutronError": {"message": "Network 45fd7732-c6c4-4b51-b612-9054c9542b45 could not be found.", "type": "NetworkNotFound", "detail": ""}} _log_request_full /root/.rally/verification/verifier-d5f6f177-ffcb-42cf-8696-8df8079de766/repo/tempest/lib/common/rest_client.py:437
2019-03-12 08:17:37.073 13279 INFO tempest.lib.common.rest_client [req-48968baf-875e-4663-9a09-997063b6f8ff ] Request (TrunkTestJSON:_run_cleanups): 404 DELETE http://10.167.4.35:9696/v2.0/networks/4c60d71d-d443-42da-9ff9-b514e300f37e 0.021s
