2019-03-10 09:10:18.704 13371 DEBUG tempest.lib.common.rest_client [req-dc1cc9cb-9ae2-4650-9526-6b80d627f0eb ] Request - Headers: {'Content-Type': 'application/json', 'Accept': 'application/json', 'X-Auth-Token': ''} Body: None Response - Headers: {'status': '404', u'content-length': '138', 'content-location': 'http://10.167.4.35:9696/v2.0/networks/bbb4bc19-66e5-48f2-8493-37b5c83b02a8', u'date': 'Sun, 10 Mar 2019 09:10:18 GMT', u'content-type': 'application/json', u'connection': 'close', u'x-openstack-request-id': 'req-dc1cc9cb-9ae2-4650-9526-6b80d627f0eb'} Body: {"NeutronError": {"message": "Network bbb4bc19-66e5-48f2-8493-37b5c83b02a8 could not be found.", "type": "NetworkNotFound", "detail": ""}} _log_request_full /root/.rally/verification/verifier-a7230d79-d6e8-4468-b61b-f950b69e65de/repo/tempest/lib/common/rest_client.py:437
2019-03-10 09:10:18.714 13372 INFO paramiko.transport [-] Authentication (publickey) successful!
2019-03-10 09:10:18.730 13371 INFO tempest.lib.common.rest_client [req-88a77036-897e-4883-ae86-d8578437b632 ] Request (TrunkTestJSON:_run_cleanups): 404 DELETE http://10.167.4.35:9696/v2.0/networks/4d22f0f4-7819-4192-9ed1-f315dc770d4b 0.025s
2019-03-10 09:10:18.731 13371 DEBUG tempest.lib.common.rest_client [req-88a77036-897e-4883-ae86-d8578437b632 ] Request - Headers: {'Content-Type': 'application/json', 'Accept': 'application/json', 'X-Auth-Token': ''} Body: None Response - Headers: {'status': '404', u'content-length': '138', 'content-location': 'http://10.167.4.35:9696/v2.0/networks/4d22f0f4-7819-4192-9ed1-f315dc770d4b', u'date': 'Sun, 10 Mar 2019 09:10:18 GMT', u'content-type': 'application/json', u'connection': 'close', u'x-openstack-request-id': 'req-88a77036-897e-4883-ae86-d8578437b632'} Body: {"NeutronError": {"message": "Network 4d22f0f4-7819-4192-9ed1-f315dc770d4b could not be found.", "type": "NetworkNotFound", "detail": ""}} _log_request_full /root/.rally/verification/verifier-a7230d79-d6e8-4468-b61b-f950b69e65de/repo/tempest/lib/common/rest_client.py:437
2019-03-10 09:10:18.746 13372 INFO tempest.lib.common.ssh [-] ssh connection to cirros@172.30.10.115 successfully created
2019-03-10 09:10:18.778 13371 INFO tempest.lib.common.rest_client [req-d8eb6568-c572-416e-9b7f-9c78cd89109e ] Request (TrunkTestJSON:_run_cleanups): 404 DELETE http://10.167.4.35:9696/v2.0/networks/6e7aeb13-fea0-445d-882c-4bb875203ee0 0.046s
2019-03-10 09:10:18.779 13371 DEBUG tempest.lib.common.rest_client [req-d8eb6568-c572-416e-9b7f-9c78cd89109e ] Request - Headers: {'Content-Type': 'application/json', 'Accept': 'application/json', 'X-Auth-Token': ''} Body: None Response - Headers: {'status': '404', u'content-length': '138', 'content-location': 'http://10.167.4.35:9696/v2.0/networks/6e7aeb13-fea0-445d-882c-4bb875203ee0', u'date': 'Sun, 10 Mar 2019 09:10:18 GMT', u'content-type': 'application/json', u'connection': 'close', u'x-openstack-request-id': 'req-d8eb6568-c572-416e-9b7f-9c78cd89109e'} Body: {"NeutronError": {"message": "Network 6e7aeb13-fea0-445d-882c-4bb875203ee0 could not be found.", "type": "NetworkNotFound", "detail": ""}} _log_request_full /root/.rally/verification/verifier-a7230d79-d6e8-4468-b61b-f950b69e65de/repo/tempest/lib/common/rest_client.py:437
2019-03-10 09:10:18.790 13375 INFO tempest.lib.common.rest_client [req-8159ddc0-1c4f-469c-acce-3dee21f950cd ] Request (TrunkTestJSON:_run_cleanups): 204 DELETE http://10.167.4.35:9696/v2.0/networks/584db719-d996-4e31-a06d-ba3c57144866 0.893s
2019-03-10 09:10:18.791 13375 DEBUG tempest.lib.common.rest_client [req-8159ddc0-1c4f-469c-acce-3dee21f950cd ] Request - Headers: {'Content-Type': 'application/json', 'Accept': 'application/json', 'X-Auth-Token': ''} Body: None Response - Headers: {'status': '204', u'content-length': '0', 'content-location': 'http://10.167.4.35:9696/v2.0/networks/584db719-d996-4e31-a06d-ba3c57144866', u'date': 'Sun, 10 Mar 2019 09:10:18 GMT', u'connection': 'close', u'x-openstack-request-id': 'req-8159ddc0-1c4f-469c-acce-3dee21f950cd'} Body: _log_request_full /root/.rally/verification/verifier-a7230d79-d6e8-4468-b61b-f950b69e65de/repo/tempest/lib/common/rest_client.py:437
2019-03-10 09:10:18.808 13371 INFO tempest.lib.common.rest_client [req-31e63c1a-b093-4a21-b109-157cd2fab738 ] Request (TrunkTestJSON:_run_cleanups): 404 DELETE http://10.167.4.35:9696/v2.0/networks/58570712-9ae3-4e32-a028-32cdf0e7898d 0.029s
2019-03-10 09:10:18.809 13371 DEBUG tempest.lib.common.rest_client [req-31e63c1a-b093-4a21-b109-157cd2fab738 ] Request - Headers: {'Content-Type': 'application/json', 'Accept': 'application/json', 'X-Auth-Token': ''} Body: None Response - Headers: {'status': '404', u'content-length': '138', 'content-location': 'http://10.167.4.35:9696/v2.0/networks/58570712-9ae3-4e32-a028-32cdf0e7898d', u'date': 'Sun, 10 Mar 2019 09:10:18 GMT', u'content-type': 'application/json', u'connection': 'close', u'x-openstack-request-id': 'req-31e63c1a-b093-4a21-b109-157cd2fab738'} Body: {"NeutronError": {"message": "Network 58570712-9ae3-4e32-a028-32cdf0e7898d could not be found.", "type": "NetworkNotFound", "detail": ""}} _log_request_full /root/.rally/verification/verifier-a7230d79-d6e8-4468-b61b-f950b69e65de/repo/tempest/lib/common/rest_client.py:437
2019-03-10 09:10:18.850 13371 INFO tempest.lib.common.rest_client [req-037aa5df-7263-4709-855e-c124f34a0975 ] Request (TrunkTestJSON:_run_cleanups): 404 DELETE http://10.167.4.35:9696/v2.0/networks/806986e6-361f-492e-9699-40b8220695d8 0.040s
2019-03-10 09:10:18.851 13371 DEBUG tempest.lib.common.rest_client [req-037aa5df-7263-4709-855e-c124f34a0975 ] Request - Headers: {'Content-Type': 'application/json', 'Accept': 'application/json', 'X-Auth-Token': ''} Body: None Response - Headers: {'status': '404', u'content-length': '138', 'content-location': 'http://10.167.4.35:9696/v2.0/networks/806986e6-361f-492e-9699-40b8220695d8', u'date': 'Sun, 10 Mar 2019 09:10:18 GMT', u'content-type': 'application/json', u'connection': 'close', u'x-openstack-request-id': 'req-037aa5df-7263-4709-855e-c124f34a0975'} Body: {"NeutronError": {"message": "Network 806986e6-361f-492e-9699-40b8220695d8 could not be found.", "type": "NetworkNotFound", "detail": ""}} _log_request_full /root/.rally/verification/verifier-a7230d79-d6e8-4468-b61b-f950b69e65de/repo/tempest/lib/common/rest_client.py:437
2019-03-10 09:10:18.861 13372 INFO tempest.lib.common.ssh [-] Creating ssh connection to '172.30.10.121:22' as 'cirros' with public key authentication
2019-03-10 09:10:18.863 13372 INFO paramiko.transport [-] Connected (version 2.0, client dropbear_2015.67)
2019-03-10 09:10:18.865 13375 INFO tempest.lib.common.rest_client [req-193cd346-e54f-48b1-9c5c-c5d8909e75e5 ] Request (TrunkTestJSON:test_create_trunk_nonexistent_port_id): 404 POST http://10.167.4.35:9696/v2.0/trunks 0.072s
2019-03-10 09:10:18.866 13375 DEBUG tempest.lib.common.rest_client [req-193cd346-e54f-48b1-9c5c-c5d8909e75e5 ] Request - Headers: {'Content-Type': 'application/json', 'Accept': 'application/json', 'X-Auth-Token': ''} Body: {"trunk": {"sub_ports": [], "port_id": "cb8dbc8b-d007-4af9-8712-212cd152501c"}} Response - Headers: {'status': '404', u'content-length': '132', 'content-location': 'http://10.167.4.35:9696/v2.0/trunks', u'date': 'Sun, 10 Mar 2019 09:10:18 GMT', u'content-type': 'application/json', u'connection': 'close', u'x-openstack-request-id': 'req-193cd346-e54f-48b1-9c5c-c5d8909e75e5'} Body: {"NeutronError": {"message": "Port cb8dbc8b-d007-4af9-8712-212cd152501c could not be found.", "type": "PortNotFound", "detail": ""}} _log_request_full /root/.rally/verification/verifier-a7230d79-d6e8-4468-b61b-f950b69e65de/repo/tempest/lib/common/rest_client.py:437
2019-03-10 09:10:18.877 13371 INFO tempest.lib.common.rest_client [req-362e2848-617f-4b9b-90df-222001cfa05d ] Request (TrunkTestJSON:_run_cleanups): 404 DELETE http://10.167.4.35:9696/v2.0/networks/d8c94f8f-fa62-41a6-924b-d3d1c90fa5d2 0.025s
2019-03-10 09:10:18.877 13371 DEBUG tempest.lib.common.rest_client [req-362e2848-617f-4b9b-90df-222001cfa05d ] Request - Headers: {'Content-Type': 'application/json', 'Accept': 'application/json', 'X-Auth-Token': ''} Body: None Response - Headers: {'status': '404', u'content-length': '138', 'content-location': 'http://10.167.4.35:9696/v2.0/networks/d8c94f8f-fa62-41a6-924b-d3d1c90fa5d2', u'date': 'Sun, 10 Mar 2019 09:10:18 GMT', u'content-type': 'application/json', u'connection': 'close', u'x-openstack-request-id': 'req-362e2848-617f-4b9b-90df-222001cfa05d'} Body: {"NeutronError": {"message": "Network d8c94f8f-fa62-41a6-924b-d3d1c90fa5d2 could not be found.", "type": "NetworkNotFound", "detail": ""}} _log_request_full /root/.rally/verification/verifier-a7230d79-d6e8-4468-b61b-f950b69e65de/repo/tempest/lib/common/rest_client.py:437
2019-03-10 09:10:18.881 13375 INFO tempest.lib.common.rest_client [req-3ee0d48c-1317-4c45-aae3-c16b30470c94 ] Request (TrunkTestJSON:_run_cleanups): 404 GET http://10.167.4.35:9696/v2.0/trunks/6330a293-7590-4d44-a118-04fa050f87d6/get_subports 0.013s
2019-03-10 09:10:18.881 13375 DEBUG tempest.lib.common.rest_client [req-3ee0d48c-1317-4c45-aae3-c16b30470c94 ] Request - Headers: {'Content-Type': 'application/json', 'Accept': 'application/json', 'X-Auth-Token': ''} Body: None Response - Headers: {'status': '404', u'content-length': '134', 'content-location': 'http://10.167.4.35:9696/v2.0/trunks/6330a293-7590-4d44-a118-04fa050f87d6/get_subports', u'date': 'Sun, 10 Mar 2019 09:10:18 GMT', u'content-type': 'application/json', u'connection': 'close', u'x-openstack-request-id': 'req-3ee0d48c-1317-4c45-aae3-c16b30470c94'} Body: {"NeutronError": {"message": "Trunk 6330a293-7590-4d44-a118-04fa050f87d6 could not be found.", "type": "TrunkNotFound", "detail": ""}} _log_request_full /root/.rally/verification/verifier-a7230d79-d6e8-4468-b61b-f950b69e65de/repo/tempest/lib/common/rest_client.py:437
2019-03-10 09:10:18.904 13375 INFO tempest.lib.common.rest_client [req-fad7c65e-4b33-40f6-a347-09b507110d63 ] Request (TrunkTestJSON:_run_cleanups): 404 DELETE http://10.167.4.35:9696/v2.0/trunks/6330a293-7590-4d44-a118-04fa050f87d6 0.022s
2019-03-10 09:10:18.904 13375 DEBUG tempest.lib.common.rest_client [req-fad7c65e-4b33-40f6-a347-09b507110d63 ] Request - Headers: {'Content-Type': 'application/json', 'Accept': 'application/json', 'X-Auth-Token': ''} Body: None Response - Headers: {'status': '404', u'content-length': '134', 'content-location': 'http://10.167.4.35:9696/v2.0/trunks/6330a293-7590-4d44-a118-04fa050f87d6', u'date': 'Sun, 10 Mar 2019 09:10:18 GMT', u'content-type': 'application/json', u'connection': 'close', u'x-openstack-request-id': 'req-fad7c65e-4b33-40f6-a347-09b507110d63'} Body: {"NeutronError": {"message": "Trunk 6330a293-7590-4d44-a118-04fa050f87d6 could not be found.", "type": "TrunkNotFound", "detail": ""}} _log_request_full /root/.rally/verification/verifier-a7230d79-d6e8-4468-b61b-f950b69e65de/repo/tempest/lib/common/rest_client.py:437
2019-03-10 09:10:18.919 13375 INFO tempest.lib.common.rest_client [req-c3ae881f-8c7f-44ba-bc9b-12dd9f4f3fed ] Request (TrunkTestJSON:_run_cleanups): 404 GET http://10.167.4.35:9696/v2.0/trunks/49d5355c-d731-4908-9cd5-73f7b82bb85a/get_subports 0.014s
2019-03-10 09:10:18.920 13375 DEBUG tempest.lib.common.rest_client [req-c3ae881f-8c7f-44ba-bc9b-12dd9f4f3fed ] Request - Headers: {'Content-Type': 'application/json', 'Accept': 'application/json', 'X-Auth-Token': ''} Body: None Response - Headers: {'status': '404', u'content-length': '134', 'content-location': 'http://10.167.4.35:9696/v2.0/trunks/49d5355c-d731-4908-9cd5-73f7b82bb85a/get_subports', u'date': 'Sun, 10 Mar 2019 09:10:18 GMT', u'content-type': 'application/json', u'connection': 'close', u'x-openstack-request-id': 'req-c3ae881f-8c7f-44ba-bc9b-12dd9f4f3fed'} Body: {"NeutronError": {"message": "Trunk 49d5355c-d731-4908-9cd5-73f7b82bb85a could not be found.", "type": "TrunkNotFound", "detail": ""}} _log_request_full /root/.rally/verification/verifier-a7230d79-d6e8-4468-b61b-f950b69e65de/repo/tempest/lib/common/rest_client.py:437
2019-03-10 09:10:18.920 13371 INFO tempest.lib.common.rest_client [req-e1c0983b-46c5-477b-b9d7-425f77efca2c ] Request (TrunkTestJSON:_run_cleanups): 404 DELETE http://10.167.4.35:9696/v2.0/networks/336d5e25-13ec-4cbc-9977-cf1c47a2a95e 0.041s
2019-03-10 09:10:18.920 13371 DEBUG tempest.lib.common.rest_client [req-e1c0983b-46c5-477b-b9d7-425f77efca2c ] Request - Headers: {'Content-Type': 'application/json', 'Accept': 'application/json', 'X-Auth-Token': ''} Body: None Response - Headers: {'status': '404', u'content-length': '138', 'content-location': 'http://10.167.4.35:9696/v2.0/networks/336d5e25-13ec-4cbc-9977-cf1c47a2a95e', u'date': 'Sun, 10 Mar 2019 09:10:18 GMT', u'content-type': 'application/json', u'connection': 'close', u'x-openstack-request-id': 'req-e1c0983b-46c5-477b-b9d7-425f77efca2c'} Body: {"NeutronError": {"message": "Network 336d5e25-13ec-4cbc-9977-cf1c47a2a95e could not be found.", "type": "NetworkNotFound", "detail": ""}} _log_request_full /root/.rally/verification/verifier-a7230d79-d6e8-4468-b61b-f950b69e65de/repo/tempest/lib/common/rest_client.py:437
2019-03-10 09:10:18.927 13372 INFO paramiko.transport [-] Authentication (publickey) successful!
2019-03-10 09:10:18.948 13371 INFO tempest.lib.common.rest_client [req-7a8041ac-478c-44a8-b231-c68e7ec7a38b ] Request (TrunkTestJSON:_run_cleanups): 404 DELETE http://10.167.4.35:9696/v2.0/networks/c03dd716-1659-481a-a767-48162e8ccb93 0.026s
2019-03-10 09:10:18.948 13371 DEBUG tempest.lib.common.rest_client [req-7a8041ac-478c-44a8-b231-c68e7ec7a38b ] Request - Headers: {'Content-Type': 'application/json', 'Accept': 'application/json', 'X-Auth-Token': ''} Body: None Response - Headers: {'status': '404', u'content-length': '138', 'content-location': 'http://10.167.4.35:9696/v2.0/networks/c03dd716-1659-481a-a767-48162e8ccb93', u'date': 'Sun, 10 Mar 2019 09:10:18 GMT', u'content-type': 'application/json', u'connection': 'close', u'x-openstack-request-id': 'req-7a8041ac-478c-44a8-b231-c68e7ec7a38b'} Body: {"NeutronError": {"message": "Network c03dd716-1659-481a-a767-48162e8ccb93 could not be found.", "type": "NetworkNotFound", "detail": ""}} _log_request_full /root/.rally/verification/verifier-a7230d79-d6e8-4468-b61b-f950b69e65de/repo/tempest/lib/common/rest_client.py:437
2019-03-10 09:10:18.952 13375 INFO tempest.lib.common.rest_client [req-918e57d4-2410-4094-960a-68ff7b3da34a ] Request (TrunkTestJSON:_run_cleanups): 404 DELETE http://10.167.4.35:9696/v2.0/trunks/49d5355c-d731-4908-9cd5-73f7b82bb85a 0.031s
2019-03-10 09:10:18.952 13375 DEBUG tempest.lib.common.rest_client [req-918e57d4-2410-4094-960a-68ff7b3da34a ] Request - Headers: {'Content-Type': 'application/json', 'Accept': 'application/json', 'X-Auth-Token': ''} Body: None Response - Headers: {'status': '404', u'content-length': '134', 'content-location': 'http://10.167.4.35:9696/v2.0/trunks/49d5355c-d731-4908-9cd5-73f7b82bb85a', u'date': 'Sun, 10 Mar 2019 09:10:18 GMT', u'content-type': 'application/json', u'connection': 'close', u'x-openstack-request-id': 'req-918e57d4-2410-4094-960a-68ff7b3da34a'} Body: {"NeutronError": {"message": "Trunk 49d5355c-d731-4908-9cd5-73f7b82bb85a could not be found.", "type": "TrunkNotFound", "detail": ""}} _log_request_full /root/.rally/verification/verifier-a7230d79-d6e8-4468-b61b-f950b69e65de/repo/tempest/lib/common/rest_client.py:437
2019-03-10 09:10:18.960 13372 INFO tempest.lib.common.ssh [-] ssh connection to cirros@172.30.10.121 successfully created
2019-03-10 09:10:18.973 13375 INFO tempest.lib.common.rest_client [req-e75b8030-68ec-4cfc-bd22-1fa2bcf819fc ] Request (TrunkTestJSON:_run_cleanups): 404 GET http://10.167.4.35:9696/v2.0/trunks/bd143347-807c-468d-b433-6876a181a1f0/get_subports 0.020s
2019-03-10 09:10:18.973 13375 DEBUG tempest.lib.common.rest_client [req-e75b8030-68ec-4cfc-bd22-1fa2bcf819fc ] Request - Headers: {'Content-Type': 'application/json', 'Accept': 'application/json', 'X-Auth-Token': ''} Body: None Response - Headers: {'status': '404', u'content-length': '134', 'content-location': 'http://10.167.4.35:9696/v2.0/trunks/bd143347-807c-468d-b433-6876a181a1f0/get_subports', u'date': 'Sun, 10 Mar 2019 09:10:18 GMT', u'content-type': 'application/json', u'connection': 'close', u'x-openstack-request-id': 'req-e75b8030-68ec-4cfc-bd22-1fa2bcf819fc'} Body: {"NeutronError": {"message": "Trunk bd143347-807c-468d-b433-6876a181a1f0 could not be found.", "type": "TrunkNotFound", "detail": ""}} _log_request_full /root/.rally/verification/verifier-a7230d79-d6e8-4468-b61b-f950b69e65de/repo/tempest/lib/common/rest_client.py:437
2019-03-10 09:10:18.976 13371 INFO tempest.lib.common.rest_client [req-8eda0ce5-22b2-4132-9aa5-a47a0c83f2c2 ] Request (TrunkTestJSON:_run_cleanups): 404 DELETE http://10.167.4.35:9696/v2.0/networks/5c4240d3-4bdd-42ad-91bc-4080f65e71be 0.026s
2019-03-10 09:10:18.976 13371 DEBUG tempest.lib.common.rest_client [req-8eda0ce5-22b2-4132-9aa5-a47a0c83f2c2 ] Request - Headers: {'Content-Type': 'application/json', 'Accept': 'application/json', 'X-Auth-Token': ''} Body: None Response - Headers: {'status': '404', u'content-length': '138', 'content-location': 'http://10.167.4.35:9696/v2.0/networks/5c4240d3-4bdd-42ad-91bc-4080f65e71be', u'date': 'Sun, 10 Mar 2019 09:10:18 GMT', u'content-type': 'application/json', u'connection': 'close', u'x-openstack-request-id': 'req-8eda0ce5-22b2-4132-9aa5-a47a0c83f2c2'} Body: {"NeutronError": {"message": "Network 5c4240d3-4bdd-42ad-91bc-4080f65e71be could not be found.", "type": "NetworkNotFound", "detail": ""}} _log_request_full /root/.rally/verification/verifier-a7230d79-d6e8-4468-b61b-f950b69e65de/repo/tempest/lib/common/rest_client.py:437
2019-03-10 09:10:18.992 13375 INFO tempest.lib.common.rest_client [req-e07a8a97-f384-4261-8841-d0afddd94a2d ] Request (TrunkTestJSON:_run_cleanups): 404 DELETE http://10.167.4.35:9696/v2.0/trunks/bd143347-807c-468d-b433-6876a181a1f0 0.018s
2019-03-10 09:10:18.993 13375 DEBUG tempest.lib.common.rest_client [req-e07a8a97-f384-4261-8841-d0afddd94a2d ] Request - Headers: {'Content-Type': 'application/json', 'Accept': 'application/json', 'X-Auth-Token': ''} Body: None Response - Headers: {'status': '404', u'content-length': '134', 'content-location': 'http://10.167.4.35:9696/v2.0/trunks/bd143347-807c-468d-b433-6876a181a1f0', u'date': 'Sun, 10 Mar 2019 09:10:18 GMT', u'content-type': 'application/json', u'connection': 'close', u'x-openstack-request-id': 'req-e07a8a97-f384-4261-8841-d0afddd94a2d'} Body: {"NeutronError": {"message": "Trunk bd143347-807c-468d-b433-6876a181a1f0 could not be found.", "type": "TrunkNotFound", "detail": ""}} _log_request_full /root/.rally/verification/verifier-a7230d79-d6e8-4468-b61b-f950b69e65de/repo/tempest/lib/common/rest_client.py:437
2019-03-10 09:10:18.997 13371 INFO tempest.lib.common.rest_client [req-21332219-1a11-4eb2-9ac7-bb145ccd7f2d ] Request (TrunkTestJSON:_run_cleanups): 404 DELETE http://10.167.4.35:9696/v2.0/networks/5f34db28-da51-4bcc-ad5f-d8d86acc0697 0.020s
2019-03-10 09:10:18.997 13371 DEBUG tempest.lib.common.rest_client [req-21332219-1a11-4eb2-9ac7-bb145ccd7f2d ] Request - Headers: {'Content-Type': 'application/json', 'Accept': 'application/json', 'X-Auth-Token': ''} Body: None Response - Headers: {'status': '404', u'content-length': '138', 'content-location': 'http://10.167.4.35:9696/v2.0/networks/5f34db28-da51-4bcc-ad5f-d8d86acc0697', u'date': 'Sun, 10 Mar 2019 09:10:18 GMT', u'content-type': 'application/json', u'connection': 'close', u'x-openstack-request-id': 'req-21332219-1a11-4eb2-9ac7-bb145ccd7f2d'} Body: {"NeutronError": {"message": "Network 5f34db28-da51-4bcc-ad5f-d8d86acc0697 could not be found.", "type": "NetworkNotFound", "detail": ""}} _log_request_full /root/.rally/verification/verifier-a7230d79-d6e8-4468-b61b-f950b69e65de/repo/tempest/lib/common/rest_client.py:437
2019-03-10 09:10:19.013 13375 INFO tempest.lib.common.rest_client [req-aafc3073-ec5c-4c42-9a86-33329bdb66b2 ] Request (TrunkTestJSON:_run_cleanups): 404 GET http://10.167.4.35:9696/v2.0/trunks/af2856d5-df15-4061-ac02-c4a6a40419ae/get_subports 0.019s
2019-03-10 09:10:19.013 13375 DEBUG tempest.lib.common.rest_client [req-aafc3073-ec5c-4c42-9a86-33329bdb66b2 ] Request - Headers: {'Content-Type': 'application/json', 'Accept': 'application/json', 'X-Auth-Token': ''} Body: None Response - Headers: {'status': '404', u'content-length': '134', 'content-location': 'http://10.167.4.35:9696/v2.0/trunks/af2856d5-df15-4061-ac02-c4a6a40419ae/get_subports', u'date': 'Sun, 10 Mar 2019 09:10:19 GMT', u'content-type': 'application/json', u'connection': 'close', u'x-openstack-request-id': 'req-aafc3073-ec5c-4c42-9a86-33329bdb66b2'} Body: {"NeutronError": {"message": "Trunk af2856d5-df15-4061-ac02-c4a6a40419ae could not be found.", "type": "TrunkNotFound", "detail": ""}} _log_request_full /root/.rally/verification/verifier-a7230d79-d6e8-4468-b61b-f950b69e65de/repo/tempest/lib/common/rest_client.py:437
2019-03-10 09:10:19.024 13371 INFO tempest.lib.common.rest_client [req-725a5d71-496e-4923-af93-df26bb5d455a ] Request (TrunkTestJSON:_run_cleanups): 404 DELETE http://10.167.4.35:9696/v2.0/networks/fc16cfbb-c655-493c-90b5-b90516149da7 0.026s
2019-03-10 09:10:19.025 13371 DEBUG tempest.lib.common.rest_client [req-725a5d71-496e-4923-af93-df26bb5d455a ] Request - Headers: {'Content-Type': 'application/json', 'Accept': 'application/json', 'X-Auth-Token': ''} Body: None Response - Headers: {'status': '404', u'content-length': '138', 'content-location': 'http://10.167.4.35:9696/v2.0/networks/fc16cfbb-c655-493c-90b5-b90516149da7', u'date': 'Sun, 10 Mar 2019 09:10:19 GMT', u'content-type': 'application/json', u'connection': 'close', u'x-openstack-request-id': 'req-725a5d71-496e-4923-af93-df26bb5d455a'} Body: {"NeutronError": {"message": "Network fc16cfbb-c655-493c-90b5-b90516149da7 could not be found.", "type": "NetworkNotFound", "detail": ""}} _log_request_full /root/.rally/verification/verifier-a7230d79-d6e8-4468-b61b-f950b69e65de/repo/tempest/lib/common/rest_client.py:437
2019-03-10 09:10:19.033 13375 INFO tempest.lib.common.rest_client [req-ea915af2-9478-462c-b932-9e08b980a4fc ] Request (TrunkTestJSON:_run_cleanups): 404 DELETE http://10.167.4.35:9696/v2.0/trunks/af2856d5-df15-4061-ac02-c4a6a40419ae 0.019s
2019-03-10 09:10:19.033 13375 DEBUG tempest.lib.common.rest_client [req-ea915af2-9478-462c-b932-9e08b980a4fc ] Request - Headers: {'Content-Type': 'application/json', 'Accept': 'application/json', 'X-Auth-Token': ''} Body: None Response - Headers: {'status': '404', u'content-length': '134', 'content-location': 'http://10.167.4.35:9696/v2.0/trunks/af2856d5-df15-4061-ac02-c4a6a40419ae', u'date': 'Sun, 10 Mar 2019 09:10:19 GMT', u'content-type': 'application/json', u'connection': 'close', u'x-openstack-request-id': 'req-ea915af2-9478-462c-b932-9e08b980a4fc'} Body: {"NeutronError": {"message": "Trunk af2856d5-df15-4061-ac02-c4a6a40419ae could not be found.", "type": "TrunkNotFound", "detail": ""}} _log_request_full /root/.rally/verification/verifier-a7230d79-d6e8-4468-b61b-f950b69e65de/repo/tempest/lib/common/rest_client.py:437
2019-03-10 09:10:19.048 13375 INFO tempest.lib.common.rest_client [req-8a9aadfb-454f-4708-a768-48727c811613 ] Request (TrunkTestJSON:_run_cleanups): 404 GET http://10.167.4.35:9696/v2.0/trunks/0ed4d553-5abe-4518-bb07-ff7cc2497cc2/get_subports 0.014s
2019-03-10 09:10:19.049 13375 DEBUG tempest.lib.common.rest_client [req-8a9aadfb-454f-4708-a768-48727c811613 ] Request - Headers: {'Content-Type': 'application/json', 'Accept': 'application/json', 'X-Auth-Token': ''} Body: None Response - Headers: {'status': '404', u'content-length': '134', 'content-location': 'http://10.167.4.35:9696/v2.0/trunks/0ed4d553-5abe-4518-bb07-ff7cc2497cc2/get_subports', u'date': 'Sun, 10 Mar 2019 09:10:19 GMT', u'content-type': 'application/json', u'connection': 'close', u'x-openstack-request-id': 'req-8a9aadfb-454f-4708-a768-48727c811613'} Body: {"NeutronError": {"message": "Trunk 0ed4d553-5abe-4518-bb07-ff7cc2497cc2 could not be found.", "type": "TrunkNotFound", "detail": ""}} _log_request_full /root/.rally/verification/verifier-a7230d79-d6e8-4468-b61b-f950b69e65de/repo/tempest/lib/common/rest_client.py:437
2019-03-10 09:10:19.069 13375 INFO tempest.lib.common.rest_client [req-1c558215-29cd-4b7b-b2dc-e7405b4a692a ] Request (TrunkTestJSON:_run_cleanups): 404 DELETE http://10.167.4.35:9696/v2.0/trunks/0ed4d553-5abe-4518-bb07-ff7cc2497cc2 0.019s
2019-03-10 09:10:19.070 13375 DEBUG tempest.lib.common.rest_client [req-1c558215-29cd-4b7b-b2dc-e7405b4a692a ] Request - Headers: {'Content-Type': 'application/json', 'Accept': 'application/json', 'X-Auth-Token': ''} Body: None Response - Headers: {'status': '404', u'content-length': '134', 'content-location': 'http://10.167.4.35:9696/v2.0/trunks/0ed4d553-5abe-4518-bb07-ff7cc2497cc2', u'date': 'Sun, 10 Mar 2019 09:10:19 GMT', u'content-type': 'application/json', u'connection': 'close', u'x-openstack-request-id': 'req-1c558215-29cd-4b7b-b2dc-e7405b4a692a'} Body: {"NeutronError": {"message": "Trunk 0ed4d553-5abe-4518-bb07-ff7cc2497cc2 could not be found.", "type": "TrunkNotFound", "detail": ""}} _log_request_full /root/.rally/verification/verifier-a7230d79-d6e8-4468-b61b-f950b69e65de/repo/tempest/lib/common/rest_client.py:437
2019-03-10 09:10:19.095 13375 INFO tempest.lib.common.rest_client [req-275ec07c-f0ac-41c9-902e-c57c9020241e ] Request (TrunkTestJSON:_run_cleanups): 404 GET http://10.167.4.35:9696/v2.0/trunks/d9685b87-9c5b-4749-a215-19f0e080cb6c/get_subports 0.025s
2019-03-10 09:10:19.096 13375 DEBUG tempest.lib.common.rest_client [req-275ec07c-f0ac-41c9-902e-c57c9020241e ] Request - Headers: {'Content-Type': 'application/json', 'Accept': 'application/json', 'X-Auth-Token': ''} Body: None Response - Headers: {'status': '404', u'content-length': '134', 'content-location': 'http://10.167.4.35:9696/v2.0/trunks/d9685b87-9c5b-4749-a215-19f0e080cb6c/get_subports', u'date': 'Sun, 10 Mar 2019 09:10:19 GMT', u'content-type': 'application/json', u'connection': 'close', u'x-openstack-request-id': 'req-275ec07c-f0ac-41c9-902e-c57c9020241e'} Body: {"NeutronError": {"message": "Trunk d9685b87-9c5b-4749-a215-19f0e080cb6c could not be found.", "type": "TrunkNotFound", "detail": ""}} _log_request_full /root/.rally/verification/verifier-a7230d79-d6e8-4468-b61b-f950b69e65de/repo/tempest/lib/common/rest_client.py:437
2019-03-10 09:10:19.118 13375 INFO tempest.lib.common.rest_client [req-7ae97890-6a81-4eb2-8405-fc35bd8e976b ] Request (TrunkTestJSON:_run_cleanups): 404 DELETE http://10.167.4.35:9696/v2.0/trunks/d9685b87-9c5b-4749-a215-19f0e080cb6c 0.021s
2019-03-10 09:10:19.118 13375 DEBUG tempest.lib.common.rest_client [req-7ae97890-6a81-4eb2-8405-fc35bd8e976b ] Request - Headers: {'Content-Type': 'application/json', 'Accept': 'application/json', 'X-Auth-Token': ''} Body: None Response - Headers: {'status': '404', u'content-length': '134', 'content-location': 'http://10.167.4.35:9696/v2.0/trunks/d9685b87-9c5b-4749-a215-19f0e080cb6c', u'date': 'Sun, 10 Mar 2019 09:10:19 GMT', u'content-type': 'application/json', u'connection': 'close', u'x-openstack-request-id': 'req-7ae97890-6a81-4eb2-8405-fc35bd8e976b'} Body: {"NeutronError": {"message": "Trunk d9685b87-9c5b-4749-a215-19f0e080cb6c could not be found.", "type": "TrunkNotFound", "detail": ""}} _log_request_full /root/.rally/verification/verifier-a7230d79-d6e8-4468-b61b-f950b69e65de/repo/tempest/lib/common/rest_client.py:437
2019-03-10 09:10:19.131 13372 INFO tempest.lib.common.rest_client [req-34f3058d-7d2d-4c50-9913-2ea41320b585 ] Request (TrunkTest:_run_cleanups): 202 DELETE http://10.167.4.35:8774/v2.1/servers/4f744495-b862-411e-a6c3-39fb22ee1674/os-interface/6aba8833-12a3-491c-8be8-54a2b3467341 0.055s
2019-03-10 09:10:19.131 13372 DEBUG tempest.lib.common.rest_client [req-34f3058d-7d2d-4c50-9913-2ea41320b585 ] Request - Headers: {'Content-Type': 'application/json', 'Accept': 'application/json', 'X-Auth-Token': ''} Body: None Response - Headers: {'status': '202', u'content-length': '0', 'content-location': 'http://10.167.4.35:8774/v2.1/servers/4f744495-b862-411e-a6c3-39fb22ee1674/os-interface/6aba8833-12a3-491c-8be8-54a2b3467341', u'x-compute-request-id': 'req-34f3058d-7d2d-4c50-9913-2ea41320b585', u'vary': 'X-OpenStack-Nova-API-Version', u'openstack-api-version': 'compute 2.1', u'connection': 'close', u'x-openstack-nova-api-version': '2.1', u'date': 'Sun, 10 Mar 2019 09:10:19 GMT', u'content-type': 'application/json', u'x-openstack-request-id': 'req-34f3058d-7d2d-4c50-9913-2ea41320b585'} Body: _log_request_full /root/.rally/verification/verifier-a7230d79-d6e8-4468-b61b-f950b69e65de/repo/tempest/lib/common/rest_client.py:437
2019-03-10 09:10:19.135 13375 INFO tempest.lib.common.rest_client [req-c4d4dee0-1fba-4094-b4e5-19175f869447 ] Request (TrunkTestJSON:_run_cleanups): 404 GET http://10.167.4.35:9696/v2.0/trunks/73031597-3aa5-4308-b514-7af95b662433/get_subports 0.016s
2019-03-10 09:10:19.135 13375 DEBUG tempest.lib.common.rest_client [req-c4d4dee0-1fba-4094-b4e5-19175f869447 ] Request - Headers: {'Content-Type': 'application/json', 'Accept': 'application/json', 'X-Auth-Token': ''} Body: None Response - Headers: {'status': '404', u'content-length': '134', 'content-location': 'http://10.167.4.35:9696/v2.0/trunks/73031597-3aa5-4308-b514-7af95b662433/get_subports', u'date': 'Sun, 10 Mar 2019 09:10:19 GMT', u'content-type': 'application/json', u'connection': 'close', u'x-openstack-request-id': 'req-c4d4dee0-1fba-4094-b4e5-19175f869447'} Body: {"NeutronError": {"message": "Trunk 73031597-3aa5-4308-b514-7af95b662433 could not be found.", "type": "TrunkNotFound", "detail": ""}} _log_request_full /root/.rally/verification/verifier-a7230d79-d6e8-4468-b61b-f950b69e65de/repo/tempest/lib/common/rest_client.py:437
2019-03-10 09:10:19.154 13375 INFO tempest.lib.common.rest_client [req-4d993ed0-4b81-4edf-870a-5026a09f5e13 ] Request (TrunkTestJSON:_run_cleanups): 404 DELETE http://10.167.4.35:9696/v2.0/trunks/73031597-3aa5-4308-b514-7af95b662433 0.018s
2019-03-10 09:10:19.155 13375 DEBUG tempest.lib.common.rest_client [req-4d993ed0-4b81-4edf-870a-5026a09f5e13 ] Request - Headers: {'Content-Type': 'application/json', 'Accept': 'application/json', 'X-Auth-Token': ''} Body: None Response - Headers: {'status': '404', u'content-length': '134', 'content-location': 'http://10.167.4.35:9696/v2.0/trunks/73031597-3aa5-4308-b514-7af95b662433', u'date': 'Sun, 10 Mar 2019 09:10:19 GMT', u'content-type': 'application/json', u'connection': 'close', u'x-openstack-request-id': 'req-4d993ed0-4b81-4edf-870a-5026a09f5e13'} Body: {"NeutronError": {"message": "Trunk 73031597-3aa5-4308-b514-7af95b662433 could not be found.", "type": "TrunkNotFound", "detail": ""}} _log_request_full /root/.rally/verification/verifier-a7230d79-d6e8-4468-b61b-f950b69e65de/repo/tempest/lib/common/rest_client.py:437
2019-03-10 09:10:19.171 13375 INFO tempest.lib.common.rest_client [req-7f4aeecd-995f-4249-b548-cf7624ad353f ] Request (TrunkTestJSON:_run_cleanups): 404 GET http://10.167.4.35:9696/v2.0/trunks/6330a293-7590-4d44-a118-04fa050f87d6 0.016s
2019-03-10 09:10:19.172 13375 DEBUG tempest.lib.common.rest_client [req-7f4aeecd-995f-4249-b548-cf7624ad353f ] Request - Headers: {'Content-Type': 'application/json', 'Accept': 'application/json', 'X-Auth-Token': ''} Body: None Response - Headers: {'status': '404', u'content-length': '134', 'content-location': 'http://10.167.4.35:9696/v2.0/trunks/6330a293-7590-4d44-a118-04fa050f87d6', u'date': 'Sun, 10 Mar 2019 09:10:19 GMT', u'content-type': 'application/json', u'connection': 'close', u'x-openstack-request-id': 'req-7f4aeecd-995f-4249-b548-cf7624ad353f'} Body: {"NeutronError": {"message": "Trunk 6330a293-7590-4d44-a118-04fa050f87d6 could not be found.", "type": "TrunkNotFound", "detail": ""}} _log_request_full /root/.rally/verification/verifier-a7230d79-d6e8-4468-b61b-f950b69e65de/repo/tempest/lib/common/rest_client.py:437
2019-03-10 09:10:19.202 13375 INFO tempest.lib.common.rest_client [req-9f91d1cf-636d-42f9-8134-2456cbaff175 ] Request (TrunkTestJSON:_run_cleanups): 404 GET http://10.167.4.35:9696/v2.0/trunks/49d5355c-d731-4908-9cd5-73f7b82bb85a 0.029s
2019-03-10 09:10:19.202 13375 DEBUG tempest.lib.common.rest_client [req-9f91d1cf-636d-42f9-8134-2456cbaff175 ] Request - Headers: {'Content-Type': 'application/json', 'Accept': 'application/json', 'X-Auth-Token': ''} Body: None Response - Headers: {'status': '404', u'content-length': '134', 'content-location': 'http://10.167.4.35:9696/v2.0/trunks/49d5355c-d731-4908-9cd5-73f7b82bb85a', u'date': 'Sun, 10 Mar 2019 09:10:19 GMT', u'content-type': 'application/json', u'connection': 'close', u'x-openstack-request-id': 'req-9f91d1cf-636d-42f9-8134-2456cbaff175'} Body: {"NeutronError": {"message": "Trunk 49d5355c-d731-4908-9cd5-73f7b82bb85a could not be found.", "type": "TrunkNotFound", "detail": ""}} _log_request_full /root/.rally/verification/verifier-a7230d79-d6e8-4468-b61b-f950b69e65de/repo/tempest/lib/common/rest_client.py:437
2019-03-10 09:10:19.220 13375 INFO tempest.lib.common.rest_client [req-dd498fad-1bf3-4534-8f03-5cbb99f63c84 ] Request (TrunkTestJSON:_run_cleanups): 404 GET http://10.167.4.35:9696/v2.0/trunks/bd143347-807c-468d-b433-6876a181a1f0 0.017s
2019-03-10 09:10:19.220 13375 DEBUG tempest.lib.common.rest_client [req-dd498fad-1bf3-4534-8f03-5cbb99f63c84 ] Request - Headers: {'Content-Type': 'application/json', 'Accept': 'application/json', 'X-Auth-Token': ''} Body: None Response - Headers: {'status': '404', u'content-length': '134', 'content-location': 'http://10.167.4.35:9696/v2.0/trunks/bd143347-807c-468d-b433-6876a181a1f0', u'date': 'Sun, 10 Mar 2019 09:10:19 GMT', u'content-type': 'application/json', u'connection': 'close', u'x-openstack-request-id': 'req-dd498fad-1bf3-4534-8f03-5cbb99f63c84'} Body: {"NeutronError": {"message": "Trunk bd143347-807c-468d-b433-6876a181a1f0 could not be found.", "type": "TrunkNotFound", "detail": ""}} _log_request_full /root/.rally/verification/verifier-a7230d79-d6e8-4468-b61b-f950b69e65de/repo/tempest/lib/common/rest_client.py:437
2019-03-10 09:10:19.238 13375 INFO tempest.lib.common.rest_client [req-533f10b4-c37f-4640-bedf-a36edcfa4310 ] Request (TrunkTestJSON:_run_cleanups): 404 GET http://10.167.4.35:9696/v2.0/trunks/af2856d5-df15-4061-ac02-c4a6a40419ae 0.016s
2019-03-10 09:10:19.238 13375 DEBUG tempest.lib.common.rest_client [req-533f10b4-c37f-4640-bedf-a36edcfa4310 ] Request - Headers: {'Content-Type': 'application/json', 'Accept': 'application/json', 'X-Auth-Token': ''} Body: None Response - Headers: {'status': '404', u'content-length': '134', 'content-location': 'http://10.167.4.35:9696/v2.0/trunks/af2856d5-df15-4061-ac02-c4a6a40419ae', u'date': 'Sun, 10 Mar 2019 09:10:19 GMT', u'content-type': 'application/json', u'connection': 'close', u'x-openstack-request-id': 'req-533f10b4-c37f-4640-bedf-a36edcfa4310'} Body: {"NeutronError": {"message": "Trunk af2856d5-df15-4061-ac02-c4a6a40419ae could not be found.", "type": "TrunkNotFound", "detail": ""}} _log_request_full /root/.rally/verification/verifier-a7230d79-d6e8-4468-b61b-f950b69e65de/repo/tempest/lib/common/rest_client.py:437
2019-03-10 09:10:19.261 13375 INFO tempest.lib.common.rest_client [req-36783052-b082-4cbb-81cd-1bfbb9994770 ] Request (TrunkTestJSON:_run_cleanups): 404 GET http://10.167.4.35:9696/v2.0/trunks/0ed4d553-5abe-4518-bb07-ff7cc2497cc2 0.022s
2019-03-10 09:10:19.261 13375 DEBUG tempest.lib.common.rest_client [req-36783052-b082-4cbb-81cd-1bfbb9994770 ] Request - Headers: {'Content-Type': 'application/json', 'Accept': 'application/json', 'X-Auth-Token': ''} Body: None Response - Headers: {'status': '404', u'content-length': '134', 'content-location': 'http://10.167.4.35:9696/v2.0/trunks/0ed4d553-5abe-4518-bb07-ff7cc2497cc2', u'date': 'Sun, 10 Mar 2019 09:10:19 GMT', u'content-type': 'application/json', u'connection': 'close', u'x-openstack-request-id': 'req-36783052-b082-4cbb-81cd-1bfbb9994770'} Body: {"NeutronError": {"message": "Trunk 0ed4d553-5abe-4518-bb07-ff7cc2497cc2 could not be found.", "type": "TrunkNotFound", "detail": ""}} _log_request_full /root/.rally/verification/verifier-a7230d79-d6e8-4468-b61b-f950b69e65de/repo/tempest/lib/common/rest_client.py:437
2019-03-10 09:10:19.279 13375 INFO tempest.lib.common.rest_client [req-22822574-82a1-4afa-95e3-38b5bf726aa3 ] Request (TrunkTestJSON:_run_cleanups): 404 GET http://10.167.4.35:9696/v2.0/trunks/d9685b87-9c5b-4749-a215-19f0e080cb6c 0.017s
2019-03-10 09:10:19.279 13375 DEBUG tempest.lib.common.rest_client [req-22822574-82a1-4afa-95e3-38b5bf726aa3 ] Request - Headers: {'Content-Type': 'application/json', 'Accept': 'application/json', 'X-Auth-Token': ''} Body: None Response - Headers: {'status': '404', u'content-length': '134', 'content-location': 'http://10.167.4.35:9696/v2.0/trunks/d9685b87-9c5b-4749-a215-19f0e080cb6c', u'date': 'Sun, 10 Mar 2019 09:10:19 GMT', u'content-type': 'application/json', u'connection': 'close', u'x-openstack-request-id': 'req-22822574-82a1-4afa-95e3-38b5bf726aa3'} Body: {"NeutronError": {"message": "Trunk d9685b87-9c5b-4749-a215-19f0e080cb6c could not be found.", "type": "TrunkNotFound", "detail": ""}} _log_request_full /root/.rally/verification/verifier-a7230d79-d6e8-4468-b61b-f950b69e65de/repo/tempest/lib/common/rest_client.py:437
2019-03-10 09:10:19.295 13375 INFO tempest.lib.common.rest_client [req-97f69160-2369-4970-83c6-f7577c1d7117 ] Request (TrunkTestJSON:_run_cleanups): 404 GET http://10.167.4.35:9696/v2.0/trunks/73031597-3aa5-4308-b514-7af95b662433 0.015s
2019-03-10 09:10:19.296 13375 DEBUG tempest.lib.common.rest_client [req-97f69160-2369-4970-83c6-f7577c1d7117 ] Request - Headers: {'Content-Type': 'application/json', 'Accept': 'application/json', 'X-Auth-Token': ''} Body: None Response - Headers: {'status': '404', u'content-length': '134', 'content-location': 'http://10.167.4.35:9696/v2.0/trunks/73031597-3aa5-4308-b514-7af95b662433', u'date': 'Sun, 10 Mar 2019 09:10:19 GMT', u'content-type': 'application/json', u'connection': 'close', u'x-openstack-request-id': 'req-97f69160-2369-4970-83c6-f7577c1d7117'} Body: {"NeutronError": {"message": "Trunk 73031597-3aa5-4308-b514-7af95b662433 could not be found.", "type": "TrunkNotFound", "detail": ""}} _log_request_full /root/.rally/verification/verifier-a7230d79-d6e8-4468-b61b-f950b69e65de/repo/tempest/lib/common/rest_client.py:437
2019-03-10 09:10:19.298 13372 INFO tempest.lib.common.rest_client [req-8d39e5a2-1060-48b9-9ff9-6127b4d2f94b ] Request (TrunkTest:_run_cleanups): 200 GET http://10.167.4.35:9696/v2.0/ports/6aba8833-12a3-491c-8be8-54a2b3467341 0.166s
2019-03-10 09:10:19.299 13372 DEBUG tempest.lib.common.rest_client [req-8d39e5a2-1060-48b9-9ff9-6127b4d2f94b ] Request - Headers: {'Content-Type': 'application/json', 'Accept': 'application/json', 'X-Auth-Token': ''} Body: None Response - Headers: {'status': '200', u'content-length': '1356', 'content-location': 'http://10.167.4.35:9696/v2.0/ports/6aba8833-12a3-491c-8be8-54a2b3467341', u'date': 'Sun, 10 Mar 2019 09:10:19 GMT', u'content-type': 'application/json', u'connection': 'close', u'x-openstack-request-id': 'req-8d39e5a2-1060-48b9-9ff9-6127b4d2f94b'} Body: {"port":{"allowed_address_pairs":[],"extra_dhcp_opts":[],"updated_at":"2019-03-10T09:09:51Z","device_owner":"compute:nova","revision_number":4,"port_security_enabled":true,"fixed_ips":[{"subnet_id":"49264c1e-abcf-4440-b113-84f66bb18596","ip_address":"192.168.120.6"}],"id":"6aba8833-12a3-491c-8be8-54a2b3467341","security_groups":["9c6873cd-3b6e-43fe-b508-6789938d24b8"],"mac_address":"fa:16:3e:ad:37:53","project_id":"4e49b0a5dfdc412d84e71ccfecf5092b","status":"ACTIVE","description":"","tags":[],"trunk_details":{"trunk_id":"7555b15f-601b-46ec-8bea-4db41f6b235b","sub_ports":[{"segmentation_id":4,"port_id":"94125e22-4e01-4f2a-b6e6-b59fb12678e4","segmentation_type":"vlan","mac_address":"fa:16:3e:ca:7f:31"},{"segmentation_id":3,"port_id":"af2fc9ba-a6f9-4809-934a-87a8e12bb7ba","segmentation_type":"vlan","mac_address":"fa:16:3e:05:6c:53"},{"segmentation_id":5,"port_id":"cbaccdd7-8ef0-4f85-81c4-ac08c71c9ca1","segmentation_type":"vlan","mac_address":"fa:16:3e:07:cd:c3"},{"segmentation_id":6,"port_id":"a437afde-590b-4c0c-91c4-0c95320bdbe0","segmentation_type":"vlan","mac_address":"fa:16:3e:c8:34:e5"}]},"device_id":"4f744495-b862-411e-a6c3-39fb22ee1674","name":"","admin_state_up":true,"network_id":"485bbec4-cf91-408b-8d57-62493724c3fb","tenant_id":"4e49b0a5dfdc412d84e71ccfecf5092b","created_at":"2019-03-10T09:09:41Z","binding:vnic_type":"normal"}} _log_request_full /root/.rally/verification/verifier-a7230d79-d6e8-4468-b61b-f950b69e65de/repo/tempest/lib/common/rest_client.py:437
2019-03-10 09:10:19.344 13375 INFO tempest.lib.common.rest_client [req-2ff713b0-1953-4d39-ac08-fbd0e055a525 ] Request (TrunkTestJSON:_run_cleanups): 404 DELETE http://10.167.4.35:9696/v2.0/ports/92619aed-a99f-4213-ba74-327b1aedd106 0.047s
2019-03-10 09:10:19.345 13375 DEBUG tempest.lib.common.rest_client [req-2ff713b0-1953-4d39-ac08-fbd0e055a525 ] Request - Headers: {'Content-Type': 'application/json', 'Accept': 'application/json', 'X-Auth-Token': ''} Body: None Response - Headers: {'status': '404', u'content-length': '132', 'content-location': 'http://10.167.4.35:9696/v2.0/ports/92619aed-a99f-4213-ba74-327b1aedd106', u'date': 'Sun, 10 Mar 2019 09:10:19 GMT', u'content-type': 'application/json', u'connection': 'close', u'x-openstack-request-id': 'req-2ff713b0-1953-4d39-ac08-fbd0e055a525'} Body: {"NeutronError": {"message": "Port 92619aed-a99f-4213-ba74-327b1aedd106 could not be found.", "type": "PortNotFound", "detail": ""}} _log_request_full /root/.rally/verification/verifier-a7230d79-d6e8-4468-b61b-f950b69e65de/repo/tempest/lib/common/rest_client.py:437
2019-03-10 09:10:19.377 13375 INFO tempest.lib.common.rest_client [req-043460dd-2467-4e72-8cac-625babf7b0c1 ] Request (TrunkTestJSON:_run_cleanups): 404 DELETE http://10.167.4.35:9696/v2.0/ports/d6006f32-c65e-47c9-aa62-48e76bf73418 0.031s
2019-03-10 09:10:19.377 13375 DEBUG tempest.lib.common.rest_client [req-043460dd-2467-4e72-8cac-625babf7b0c1 ] Request - Headers: {'Content-Type': 'application/json', 'Accept': 'application/json', 'X-Auth-Token': ''} Body: None Response - Headers: {'status': '404', u'content-length': '132', 'content-location': 'http://10.167.4.35:9696/v2.0/ports/d6006f32-c65e-47c9-aa62-48e76bf73418', u'date': 'Sun, 10 Mar 2019 09:10:19 GMT', u'content-type': 'application/json', u'connection': 'close', u'x-openstack-request-id': 'req-043460dd-2467-4e72-8cac-625babf7b0c1'} Body: {"NeutronError": {"message": "Port d6006f32-c65e-47c9-aa62-48e76bf73418 could not be found.", "type": "PortNotFound", "detail": ""}} _log_request_full /root/.rally/verification/verifier-a7230d79-d6e8-4468-b61b-f950b69e65de/repo/tempest/lib/common/rest_client.py:437
2019-03-10 09:10:19.436 13375 INFO tempest.lib.common.rest_client [req-cf5d4b29-510e-4268-8f9d-744824a2eabd ] Request (TrunkTestJSON:_run_cleanups): 404 DELETE http://10.167.4.35:9696/v2.0/ports/4508f389-0022-44a3-ba1d-0bdd45d1eccb 0.058s
2019-03-10 09:10:19.437 13375 DEBUG tempest.lib.common.rest_client [req-cf5d4b29-510e-4268-8f9d-744824a2eabd ] Request - Headers: {'Content-Type': 'application/json', 'Accept': 'application/json', 'X-Auth-Token': ''} Body: None Response - Headers: {'status': '404', u'content-length': '132', 'content-location': 'http://10.167.4.35:9696/v2.0/ports/4508f389-0022-44a3-ba1d-0bdd45d1eccb', u'date': 'Sun, 10 Mar 2019 09:10:19 GMT', u'content-type': 'application/json', u'connection': 'close', u'x-openstack-request-id': 'req-cf5d4b29-510e-4268-8f9d-744824a2eabd'} Body: {"NeutronError": {"message": "Port 4508f389-0022-44a3-ba1d-0bdd45d1eccb could not be found.", "type": "PortNotFound", "detail": ""}} _log_request_full /root/.rally/verification/verifier-a7230d79-d6e8-4468-b61b-f950b69e65de/repo/tempest/lib/common/rest_client.py:437
2019-03-10 09:10:19.471 13375 INFO tempest.lib.common.rest_client [req-a0dcf688-b060-4a23-94cd-dab453c5d1f8 ] Request (TrunkTestJSON:_run_cleanups): 404 DELETE http://10.167.4.35:9696/v2.0/ports/2a1b99cb-9d15-42f4-8a1d-c854d0620383 0.033s
2019-03-10 09:10:19.471 13375 DEBUG tempest.lib.common.rest_client [req-a0dcf688-b060-4a23-94cd-dab453c5d1f8 ] Request - Headers: {'Content-Type': 'application/json', 'Accept': 'application/json', 'X-Auth-Token': ''} Body: None Response - Headers: {'status': '404', u'content-length': '132', 'content-location': 'http://10.167.4.35:9696/v2.0/ports/2a1b99cb-9d15-42f4-8a1d-c854d0620383', u'date': 'Sun, 10 Mar 2019 09:10:19 GMT', u'content-type': 'application/json', u'connection': 'close', u'x-openstack-request-id': 'req-a0dcf688-b060-4a23-94cd-dab453c5d1f8'} Body: {"NeutronError": {"message": "Port 2a1b99cb-9d15-42f4-8a1d-c854d0620383 could not be found.", "type": "PortNotFound", "detail": ""}} _log_request_full /root/.rally/verification/verifier-a7230d79-d6e8-4468-b61b-f950b69e65de/repo/tempest/lib/common/rest_client.py:437
2019-03-10 09:10:19.507 13375 INFO tempest.lib.common.rest_client [req-f7d434a5-ba96-4df2-932e-dded03c0e9ea ] Request (TrunkTestJSON:_run_cleanups): 404 DELETE http://10.167.4.35:9696/v2.0/ports/d9568ee5-d42d-44c5-b00d-aa4d3e59d2c0 0.035s
2019-03-10 09:10:19.508 13375 DEBUG tempest.lib.common.rest_client [req-f7d434a5-ba96-4df2-932e-dded03c0e9ea ] Request - Headers: {'Content-Type': 'application/json', 'Accept': 'application/json', 'X-Auth-Token': ''} Body: None Response - Headers: {'status': '404', u'content-length': '132', 'content-location': 'http://10.167.4.35:9696/v2.0/ports/d9568ee5-d42d-44c5-b00d-aa4d3e59d2c0', u'date': 'Sun, 10 Mar 2019 09:10:19 GMT', u'content-type': 'application/json', u'connection': 'close', u'x-openstack-request-id': 'req-f7d434a5-ba96-4df2-932e-dded03c0e9ea'} Body: {"NeutronError": {"message": "Port d9568ee5-d42d-44c5-b00d-aa4d3e59d2c0 could not be found.", "type": "PortNotFound", "detail": ""}} _log_request_full /root/.rally/verification/verifier-a7230d79-d6e8-4468-b61b-f950b69e65de/repo/tempest/lib/common/rest_client.py:437
2019-03-10 09:10:19.540 13375 INFO tempest.lib.common.rest_client [req-564f89a7-8cfc-4bae-b86f-fa00d999b83e ] Request (TrunkTestJSON:_run_cleanups): 404 DELETE http://10.167.4.35:9696/v2.0/ports/5a4953a4-80cf-4988-8348-c33be041590b 0.031s
2019-03-10 09:10:19.540 13375 DEBUG tempest.lib.common.rest_client [req-564f89a7-8cfc-4bae-b86f-fa00d999b83e ] Request - Headers: {'Content-Type': 'application/json', 'Accept': 'application/json', 'X-Auth-Token': ''} Body: None Response - Headers: {'status': '404', u'content-length': '132', 'content-location': 'http://10.167.4.35:9696/v2.0/ports/5a4953a4-80cf-4988-8348-c33be041590b', u'date': 'Sun, 10 Mar 2019 09:10:19 GMT', u'content-type': 'application/json', u'connection': 'close', u'x-openstack-request-id': 'req-564f89a7-8cfc-4bae-b86f-fa00d999b83e'} Body: {"NeutronError": {"message": "Port 5a4953a4-80cf-4988-8348-c33be041590b could not be found.", "type": "PortNotFound", "detail": ""}} _log_request_full /root/.rally/verification/verifier-a7230d79-d6e8-4468-b61b-f950b69e65de/repo/tempest/lib/common/rest_client.py:437
2019-03-10 09:10:19.572 13375 INFO tempest.lib.common.rest_client [req-967e99dc-dcab-401c-8e33-0b8cdaa11c57 ] Request (TrunkTestJSON:_run_cleanups): 404 DELETE http://10.167.4.35:9696/v2.0/ports/c976d27f-2795-41a2-b790-b7017773f298 0.031s
2019-03-10 09:10:19.573 13375 DEBUG tempest.lib.common.rest_client [req-967e99dc-dcab-401c-8e33-0b8cdaa11c57 ] Request - Headers: {'Content-Type': 'application/json', 'Accept': 'application/json', 'X-Auth-Token': ''} Body: None Response - Headers: {'status': '404', u'content-length': '132', 'content-location': 'http://10.167.4.35:9696/v2.0/ports/c976d27f-2795-41a2-b790-b7017773f298', u'date': 'Sun, 10 Mar 2019 09:10:19 GMT', u'content-type': 'application/json', u'connection': 'close', u'x-openstack-request-id': 'req-967e99dc-dcab-401c-8e33-0b8cdaa11c57'} Body: {"NeutronError": {"message": "Port c976d27f-2795-41a2-b790-b7017773f298 could not be found.", "type": "PortNotFound", "detail": ""}} _log_request_full /root/.rally/verification/verifier-a7230d79-d6e8-4468-b61b-f950b69e65de/repo/tempest/lib/common/rest_client.py:437
2019-03-10 09:10:19.634 13375 INFO tempest.lib.common.rest_client [req-11faf37a-157b-4166-966e-e3f44520c8bd ] Request (TrunkTestJSON:_run_cleanups): 404 DELETE http://10.167.4.35:9696/v2.0/ports/1c9c4599-19b4-4e55-bc2a-f98d39672f33 0.060s
2019-03-10 09:10:19.634 13375 DEBUG tempest.lib.common.rest_client [req-11faf37a-157b-4166-966e-e3f44520c8bd ] Request - Headers: {'Content-Type': 'application/json', 'Accept': 'application/json', 'X-Auth-Token': ''} Body: None Response - Headers: {'status': '404', u'content-length': '132', 'content-location': 'http://10.167.4.35:9696/v2.0/ports/1c9c4599-19b4-4e55-bc2a-f98d39672f33', u'date': 'Sun, 10 Mar 2019 09:10:19 GMT', u'content-type': 'application/json', u'connection': 'close', u'x-openstack-request-id': 'req-11faf37a-157b-4166-966e-e3f44520c8bd'} Body: {"NeutronError": {"message": "Port 1c9c4599-19b4-4e55-bc2a-f98d39672f33 could not be found.", "type": "PortNotFound", "detail": ""}} _log_request_full /root/.rally/verification/verifier-a7230d79-d6e8-4468-b61b-f950b69e65de/repo/tempest/lib/common/rest_client.py:437
2019-03-10 09:10:19.668 13375 INFO tempest.lib.common.rest_client [req-ca9c4580-a06c-4ca7-a260-f2c55cb24480 ] Request (TrunkTestJSON:_run_cleanups): 404 DELETE http://10.167.4.35:9696/v2.0/ports/6f433578-4510-49d3-bc2e-04cc86b7ef46 0.033s
