2019-03-05 07:03:24.460 13276 DEBUG tempest.lib.common.rest_client [req-c1cc9acb-c633-45eb-8d7f-4f96541eb534 ] Request - Headers: {'Content-Type': 'application/json', 'Accept': 'application/json', 'X-Auth-Token': ''} Body: None Response - Headers: {'status': '404', u'content-length': '132', 'content-location': 'http://10.167.4.35:9696/v2.0/ports/a7d23e64-ce96-44ea-90cc-6a0e2c096e9e', u'date': 'Tue, 05 Mar 2019 07:03:24 GMT', u'content-type': 'application/json', u'connection': 'close', u'x-openstack-request-id': 'req-c1cc9acb-c633-45eb-8d7f-4f96541eb534'} Body: {"NeutronError": {"message": "Port a7d23e64-ce96-44ea-90cc-6a0e2c096e9e could not be found.", "type": "PortNotFound", "detail": ""}} _log_request_full /root/.rally/verification/verifier-a0c4a81d-8674-4823-a68a-46abd25de637/repo/tempest/lib/common/rest_client.py:437
2019-03-05 07:03:24.506 13273 INFO tempest.lib.common.rest_client [req-7f7c4035-8ab7-4dcd-859f-e858f6216e34 ] Request (TrunkTest:test_trunk_subport_lifecycle): 200 GET http://10.167.4.35:9696/v2.0/ports/ed339f5a-6532-47dd-b37d-3ba526f0b8a4 0.045s
2019-03-05 07:03:24.507 13273 DEBUG tempest.lib.common.rest_client [req-7f7c4035-8ab7-4dcd-859f-e858f6216e34 ] Request - Headers: {'Content-Type': 'application/json', 'Accept': 'application/json', 'X-Auth-Token': ''} Body: None Response - Headers: {'status': '200', u'content-length': '617', 'content-location': 'http://10.167.4.35:9696/v2.0/ports/ed339f5a-6532-47dd-b37d-3ba526f0b8a4', u'date': 'Tue, 05 Mar 2019 07:03:24 GMT', u'content-type': 'application/json', u'connection': 'close', u'x-openstack-request-id': 'req-7f7c4035-8ab7-4dcd-859f-e858f6216e34'} Body: {"port":{"status":"ACTIVE","created_at":"2019-03-05T07:03:17Z","description":"","allowed_address_pairs":[],"tags":[],"network_id":"26f618b0-9495-45b0-aa2f-9bfb39da472a","tenant_id":"0303cfb871a042d5b9afacda4ba3e51d","extra_dhcp_opts":[],"admin_state_up":true,"updated_at":"2019-03-05T07:03:24Z","name":"","device_owner":"","revision_number":2,"mac_address":"fa:16:3e:f9:25:a6","binding:vnic_type":"normal","port_security_enabled":true,"project_id":"0303cfb871a042d5b9afacda4ba3e51d","fixed_ips":[],"id":"ed339f5a-6532-47dd-b37d-3ba526f0b8a4","security_groups":["f4af5a3f-bf63-424c-bbf4-acfad1f9be90"],"device_id":""}} _log_request_full /root/.rally/verification/verifier-a0c4a81d-8674-4823-a68a-46abd25de637/repo/tempest/lib/common/rest_client.py:437
2019-03-05 07:03:24.512 13276 INFO tempest.lib.common.rest_client [req-f84f04e8-9828-446f-8cd2-1a460e21e7d0 ] Request (TrunkTestJSON:_run_cleanups): 404 DELETE http://10.167.4.35:9696/v2.0/ports/9f2d4b3f-8fc5-4a31-95fc-565fcf7ae779 0.050s
2019-03-05 07:03:24.512 13276 DEBUG tempest.lib.common.rest_client [req-f84f04e8-9828-446f-8cd2-1a460e21e7d0 ] Request - Headers: {'Content-Type': 'application/json', 'Accept': 'application/json', 'X-Auth-Token': ''} Body: None Response - Headers: {'status': '404', u'content-length': '132', 'content-location': 'http://10.167.4.35:9696/v2.0/ports/9f2d4b3f-8fc5-4a31-95fc-565fcf7ae779', u'date': 'Tue, 05 Mar 2019 07:03:24 GMT', u'content-type': 'application/json', u'connection': 'close', u'x-openstack-request-id': 'req-f84f04e8-9828-446f-8cd2-1a460e21e7d0'} Body: {"NeutronError": {"message": "Port 9f2d4b3f-8fc5-4a31-95fc-565fcf7ae779 could not be found.", "type": "PortNotFound", "detail": ""}} _log_request_full /root/.rally/verification/verifier-a0c4a81d-8674-4823-a68a-46abd25de637/repo/tempest/lib/common/rest_client.py:437
2019-03-05 07:03:24.548 13276 INFO tempest.lib.common.rest_client [req-ad0a19c2-0e6c-4d1a-b768-9981f87cb59d ] Request (TrunkTestJSON:_run_cleanups): 404 DELETE http://10.167.4.35:9696/v2.0/ports/472237c4-7e62-49a2-bef9-d72b4cf34f70 0.034s
2019-03-05 07:03:24.548 13276 DEBUG tempest.lib.common.rest_client [req-ad0a19c2-0e6c-4d1a-b768-9981f87cb59d ] Request - Headers: {'Content-Type': 'application/json', 'Accept': 'application/json', 'X-Auth-Token': ''} Body: None Response - Headers: {'status': '404', u'content-length': '132', 'content-location': 'http://10.167.4.35:9696/v2.0/ports/472237c4-7e62-49a2-bef9-d72b4cf34f70', u'date': 'Tue, 05 Mar 2019 07:03:24 GMT', u'content-type': 'application/json', u'connection': 'close', u'x-openstack-request-id': 'req-ad0a19c2-0e6c-4d1a-b768-9981f87cb59d'} Body: {"NeutronError": {"message": "Port 472237c4-7e62-49a2-bef9-d72b4cf34f70 could not be found.", "type": "PortNotFound", "detail": ""}} _log_request_full /root/.rally/verification/verifier-a0c4a81d-8674-4823-a68a-46abd25de637/repo/tempest/lib/common/rest_client.py:437
2019-03-05 07:03:24.565 13273 INFO tempest.lib.common.rest_client [req-40d19923-cd27-40b8-a0f6-acc276141d34 ] Request (TrunkTest:test_trunk_subport_lifecycle): 200 GET http://10.167.4.35:9696/v2.0/ports/448e310e-921f-42d6-a819-4f7e8fa6eda4 0.057s
2019-03-05 07:03:24.565 13273 DEBUG tempest.lib.common.rest_client [req-40d19923-cd27-40b8-a0f6-acc276141d34 ] Request - Headers: {'Content-Type': 'application/json', 'Accept': 'application/json', 'X-Auth-Token': ''} Body: None Response - Headers: {'status': '200', u'content-length': '617', 'content-location': 'http://10.167.4.35:9696/v2.0/ports/448e310e-921f-42d6-a819-4f7e8fa6eda4', u'date': 'Tue, 05 Mar 2019 07:03:24 GMT', u'content-type': 'application/json', u'connection': 'close', u'x-openstack-request-id': 'req-40d19923-cd27-40b8-a0f6-acc276141d34'} Body: {"port":{"status":"ACTIVE","created_at":"2019-03-05T07:03:18Z","description":"","allowed_address_pairs":[],"tags":[],"network_id":"68b8ad6b-eab1-4a96-b359-d49463667320","tenant_id":"0303cfb871a042d5b9afacda4ba3e51d","extra_dhcp_opts":[],"admin_state_up":true,"updated_at":"2019-03-05T07:03:24Z","name":"","device_owner":"","revision_number":2,"mac_address":"fa:16:3e:41:5f:d0","binding:vnic_type":"normal","port_security_enabled":true,"project_id":"0303cfb871a042d5b9afacda4ba3e51d","fixed_ips":[],"id":"448e310e-921f-42d6-a819-4f7e8fa6eda4","security_groups":["f4af5a3f-bf63-424c-bbf4-acfad1f9be90"],"device_id":""}} _log_request_full /root/.rally/verification/verifier-a0c4a81d-8674-4823-a68a-46abd25de637/repo/tempest/lib/common/rest_client.py:437
2019-03-05 07:03:24.604 13276 INFO tempest.lib.common.rest_client [req-d4b2ff9d-7cf3-4a39-825e-c7e54b738c23 ] Request (TrunkTestJSON:_run_cleanups): 404 DELETE http://10.167.4.35:9696/v2.0/ports/891b38fd-b320-48c0-8164-63a8bf115ef7 0.054s
2019-03-05 07:03:24.604 13276 DEBUG tempest.lib.common.rest_client [req-d4b2ff9d-7cf3-4a39-825e-c7e54b738c23 ] Request - Headers: {'Content-Type': 'application/json', 'Accept': 'application/json', 'X-Auth-Token': ''} Body: None Response - Headers: {'status': '404', u'content-length': '132', 'content-location': 'http://10.167.4.35:9696/v2.0/ports/891b38fd-b320-48c0-8164-63a8bf115ef7', u'date': 'Tue, 05 Mar 2019 07:03:24 GMT', u'content-type': 'application/json', u'connection': 'close', u'x-openstack-request-id': 'req-d4b2ff9d-7cf3-4a39-825e-c7e54b738c23'} Body: {"NeutronError": {"message": "Port 891b38fd-b320-48c0-8164-63a8bf115ef7 could not be found.", "type": "PortNotFound", "detail": ""}} _log_request_full /root/.rally/verification/verifier-a0c4a81d-8674-4823-a68a-46abd25de637/repo/tempest/lib/common/rest_client.py:437
2019-03-05 07:03:24.607 13273 INFO tempest.lib.common.rest_client [req-cab7d17e-aa8c-4e63-9420-7c982660fce2 ] Request (TrunkTest:test_trunk_subport_lifecycle): 200 GET http://10.167.4.35:9696/v2.0/ports/0dcbc865-b773-484a-bd7c-026dee8e6897 0.041s
2019-03-05 07:03:24.608 13273 DEBUG tempest.lib.common.rest_client [req-cab7d17e-aa8c-4e63-9420-7c982660fce2 ] Request - Headers: {'Content-Type': 'application/json', 'Accept': 'application/json', 'X-Auth-Token': ''} Body: None Response - Headers: {'status': '200', u'content-length': '617', 'content-location': 'http://10.167.4.35:9696/v2.0/ports/0dcbc865-b773-484a-bd7c-026dee8e6897', u'date': 'Tue, 05 Mar 2019 07:03:24 GMT', u'content-type': 'application/json', u'connection': 'close', u'x-openstack-request-id': 'req-cab7d17e-aa8c-4e63-9420-7c982660fce2'} Body: {"port":{"status":"ACTIVE","created_at":"2019-03-05T07:03:20Z","description":"","allowed_address_pairs":[],"tags":[],"network_id":"9d8065fd-01d1-4708-9cf7-4b038006bc83","tenant_id":"0303cfb871a042d5b9afacda4ba3e51d","extra_dhcp_opts":[],"admin_state_up":true,"updated_at":"2019-03-05T07:03:24Z","name":"","device_owner":"","revision_number":2,"mac_address":"fa:16:3e:c1:3f:0e","binding:vnic_type":"normal","port_security_enabled":true,"project_id":"0303cfb871a042d5b9afacda4ba3e51d","fixed_ips":[],"id":"0dcbc865-b773-484a-bd7c-026dee8e6897","security_groups":["f4af5a3f-bf63-424c-bbf4-acfad1f9be90"],"device_id":""}} _log_request_full /root/.rally/verification/verifier-a0c4a81d-8674-4823-a68a-46abd25de637/repo/tempest/lib/common/rest_client.py:437
2019-03-05 07:03:24.640 13276 INFO tempest.lib.common.rest_client [req-e9e81e54-3b0d-4a0a-9b10-11a290d6bcf7 ] Request (TrunkTestJSON:_run_cleanups): 404 DELETE http://10.167.4.35:9696/v2.0/ports/81fec55a-b4a2-42a9-95d4-a80d25e77ab4 0.034s
2019-03-05 07:03:24.640 13276 DEBUG tempest.lib.common.rest_client [req-e9e81e54-3b0d-4a0a-9b10-11a290d6bcf7 ] Request - Headers: {'Content-Type': 'application/json', 'Accept': 'application/json', 'X-Auth-Token': ''} Body: None Response - Headers: {'status': '404', u'content-length': '132', 'content-location': 'http://10.167.4.35:9696/v2.0/ports/81fec55a-b4a2-42a9-95d4-a80d25e77ab4', u'date': 'Tue, 05 Mar 2019 07:03:24 GMT', u'content-type': 'application/json', u'connection': 'close', u'x-openstack-request-id': 'req-e9e81e54-3b0d-4a0a-9b10-11a290d6bcf7'} Body: {"NeutronError": {"message": "Port 81fec55a-b4a2-42a9-95d4-a80d25e77ab4 could not be found.", "type": "PortNotFound", "detail": ""}} _log_request_full /root/.rally/verification/verifier-a0c4a81d-8674-4823-a68a-46abd25de637/repo/tempest/lib/common/rest_client.py:437
2019-03-05 07:03:24.653 13272 INFO tempest.lib.common.rest_client [req-515102a1-0ecb-477f-949a-8825e78d4a10 ] Request (TrunkTestJSON:test_list_trunks): 201 POST http://10.167.4.35:9696/v2.0/ports 0.585s
2019-03-05 07:03:24.654 13272 DEBUG tempest.lib.common.rest_client [req-515102a1-0ecb-477f-949a-8825e78d4a10 ] Request - Headers: {'Content-Type': 'application/json', 'Accept': 'application/json', 'X-Auth-Token': ''} Body: {"port": {"network_id": "05783ef7-5918-48e4-8949-d82f6f23b053"}} Response - Headers: {'status': '201', u'content-length': '615', 'content-location': 'http://10.167.4.35:9696/v2.0/ports', u'date': 'Tue, 05 Mar 2019 07:03:24 GMT', u'content-type': 'application/json', u'connection': 'close', u'x-openstack-request-id': 'req-515102a1-0ecb-477f-949a-8825e78d4a10'} Body: {"port":{"status":"DOWN","created_at":"2019-03-05T07:03:24Z","description":"","allowed_address_pairs":[],"tags":[],"network_id":"05783ef7-5918-48e4-8949-d82f6f23b053","tenant_id":"4cabc16300874108926d2d5576879a26","extra_dhcp_opts":[],"admin_state_up":true,"updated_at":"2019-03-05T07:03:24Z","name":"","device_owner":"","revision_number":1,"mac_address":"fa:16:3e:bf:b2:4c","binding:vnic_type":"normal","port_security_enabled":true,"project_id":"4cabc16300874108926d2d5576879a26","fixed_ips":[],"id":"0c27695c-ae7a-46d1-a118-b28a7f79eb07","security_groups":["6327afe1-045a-4eba-82fc-adbbeee50c62"],"device_id":""}} _log_request_full /root/.rally/verification/verifier-a0c4a81d-8674-4823-a68a-46abd25de637/repo/tempest/lib/common/rest_client.py:437
2019-03-05 07:03:24.672 13276 INFO tempest.lib.common.rest_client [req-d1d6c6e9-eedb-4679-a9f2-87088118a042 ] Request (TrunkTestJSON:_run_cleanups): 404 DELETE http://10.167.4.35:9696/v2.0/ports/d0e54104-6f55-4d37-86bc-675fe5f02106 0.031s
2019-03-05 07:03:24.673 13276 DEBUG tempest.lib.common.rest_client [req-d1d6c6e9-eedb-4679-a9f2-87088118a042 ] Request - Headers: {'Content-Type': 'application/json', 'Accept': 'application/json', 'X-Auth-Token': ''} Body: None Response - Headers: {'status': '404', u'content-length': '132', 'content-location': 'http://10.167.4.35:9696/v2.0/ports/d0e54104-6f55-4d37-86bc-675fe5f02106', u'date': 'Tue, 05 Mar 2019 07:03:24 GMT', u'content-type': 'application/json', u'connection': 'close', u'x-openstack-request-id': 'req-d1d6c6e9-eedb-4679-a9f2-87088118a042'} Body: {"NeutronError": {"message": "Port d0e54104-6f55-4d37-86bc-675fe5f02106 could not be found.", "type": "PortNotFound", "detail": ""}} _log_request_full /root/.rally/verification/verifier-a0c4a81d-8674-4823-a68a-46abd25de637/repo/tempest/lib/common/rest_client.py:437
2019-03-05 07:03:24.721 13273 INFO tempest.lib.common.rest_client [req-0eac02af-da54-44c0-9080-862d6d129b25 ] Request (TrunkTest:test_trunk_subport_lifecycle): 200 GET http://10.167.4.35:9696/v2.0/ports/6e983978-1b8f-424f-a2aa-14c9c134553c 0.112s
2019-03-05 07:03:24.721 13273 DEBUG tempest.lib.common.rest_client [req-0eac02af-da54-44c0-9080-862d6d129b25 ] Request - Headers: {'Content-Type': 'application/json', 'Accept': 'application/json', 'X-Auth-Token': ''} Body: None Response - Headers: {'status': '200', u'content-length': '617', 'content-location': 'http://10.167.4.35:9696/v2.0/ports/6e983978-1b8f-424f-a2aa-14c9c134553c', u'date': 'Tue, 05 Mar 2019 07:03:24 GMT', u'content-type': 'application/json', u'connection': 'close', u'x-openstack-request-id': 'req-0eac02af-da54-44c0-9080-862d6d129b25'} Body: {"port":{"status":"ACTIVE","created_at":"2019-03-05T07:03:21Z","description":"","allowed_address_pairs":[],"tags":[],"network_id":"7f41a876-e594-42ee-83a3-2adbe8d559c9","tenant_id":"0303cfb871a042d5b9afacda4ba3e51d","extra_dhcp_opts":[],"admin_state_up":true,"updated_at":"2019-03-05T07:03:24Z","name":"","device_owner":"","revision_number":2,"mac_address":"fa:16:3e:e3:9e:25","binding:vnic_type":"normal","port_security_enabled":true,"project_id":"0303cfb871a042d5b9afacda4ba3e51d","fixed_ips":[],"id":"6e983978-1b8f-424f-a2aa-14c9c134553c","security_groups":["f4af5a3f-bf63-424c-bbf4-acfad1f9be90"],"device_id":""}} _log_request_full /root/.rally/verification/verifier-a0c4a81d-8674-4823-a68a-46abd25de637/repo/tempest/lib/common/rest_client.py:437
2019-03-05 07:03:24.723 13273 INFO tempest.lib.common.ssh [-] Creating ssh connection to '172.30.10.134:22' as 'cirros' with public key authentication
2019-03-05 07:03:24.725 13273 INFO paramiko.transport [-] Connected (version 2.0, client dropbear_2015.67)
2019-03-05 07:03:24.737 13276 INFO tempest.lib.common.rest_client [req-5643cdfc-c101-4ffb-9bfb-c616d3392190 ] Request (TrunkTestJSON:_run_cleanups): 404 DELETE http://10.167.4.35:9696/v2.0/ports/86faff39-d1dc-4dfa-a2b1-1afc9ac6d91e 0.063s
2019-03-05 07:03:24.737 13276 DEBUG tempest.lib.common.rest_client [req-5643cdfc-c101-4ffb-9bfb-c616d3392190 ] Request - Headers: {'Content-Type': 'application/json', 'Accept': 'application/json', 'X-Auth-Token': ''} Body: None Response - Headers: {'status': '404', u'content-length': '132', 'content-location': 'http://10.167.4.35:9696/v2.0/ports/86faff39-d1dc-4dfa-a2b1-1afc9ac6d91e', u'date': 'Tue, 05 Mar 2019 07:03:24 GMT', u'content-type': 'application/json', u'connection': 'close', u'x-openstack-request-id': 'req-5643cdfc-c101-4ffb-9bfb-c616d3392190'} Body: {"NeutronError": {"message": "Port 86faff39-d1dc-4dfa-a2b1-1afc9ac6d91e could not be found.", "type": "PortNotFound", "detail": ""}} _log_request_full /root/.rally/verification/verifier-a0c4a81d-8674-4823-a68a-46abd25de637/repo/tempest/lib/common/rest_client.py:437
2019-03-05 07:03:24.780 13276 INFO tempest.lib.common.rest_client [req-a0f8682e-de7b-4594-a691-40b114b29cd4 ] Request (TrunkTestJSON:_run_cleanups): 404 DELETE http://10.167.4.35:9696/v2.0/ports/252124ff-87ae-4593-ba27-c2abe863515c 0.041s
2019-03-05 07:03:24.780 13276 DEBUG tempest.lib.common.rest_client [req-a0f8682e-de7b-4594-a691-40b114b29cd4 ] Request - Headers: {'Content-Type': 'application/json', 'Accept': 'application/json', 'X-Auth-Token': ''} Body: None Response - Headers: {'status': '404', u'content-length': '132', 'content-location': 'http://10.167.4.35:9696/v2.0/ports/252124ff-87ae-4593-ba27-c2abe863515c', u'date': 'Tue, 05 Mar 2019 07:03:24 GMT', u'content-type': 'application/json', u'connection': 'close', u'x-openstack-request-id': 'req-a0f8682e-de7b-4594-a691-40b114b29cd4'} Body: {"NeutronError": {"message": "Port 252124ff-87ae-4593-ba27-c2abe863515c could not be found.", "type": "PortNotFound", "detail": ""}} _log_request_full /root/.rally/verification/verifier-a0c4a81d-8674-4823-a68a-46abd25de637/repo/tempest/lib/common/rest_client.py:437
2019-03-05 07:03:24.789 13273 INFO paramiko.transport [-] Authentication (publickey) successful!
2019-03-05 07:03:24.822 13273 INFO tempest.lib.common.ssh [-] ssh connection to cirros@172.30.10.134 successfully created
2019-03-05 07:03:24.825 13276 INFO tempest.lib.common.rest_client [req-b3a5556c-69e4-493d-967d-6a8dd0453a61 ] Request (TrunkTestJSON:_run_cleanups): 404 DELETE http://10.167.4.35:9696/v2.0/networks/6430ef22-0441-4d9a-9c36-df996deeed0c 0.044s
2019-03-05 07:03:24.826 13276 DEBUG tempest.lib.common.rest_client [req-b3a5556c-69e4-493d-967d-6a8dd0453a61 ] Request - Headers: {'Content-Type': 'application/json', 'Accept': 'application/json', 'X-Auth-Token': ''} Body: None Response - Headers: {'status': '404', u'content-length': '138', 'content-location': 'http://10.167.4.35:9696/v2.0/networks/6430ef22-0441-4d9a-9c36-df996deeed0c', u'date': 'Tue, 05 Mar 2019 07:03:24 GMT', u'content-type': 'application/json', u'connection': 'close', u'x-openstack-request-id': 'req-b3a5556c-69e4-493d-967d-6a8dd0453a61'} Body: {"NeutronError": {"message": "Network 6430ef22-0441-4d9a-9c36-df996deeed0c could not be found.", "type": "NetworkNotFound", "detail": ""}} _log_request_full /root/.rally/verification/verifier-a0c4a81d-8674-4823-a68a-46abd25de637/repo/tempest/lib/common/rest_client.py:437
2019-03-05 07:03:24.882 13276 INFO tempest.lib.common.rest_client [req-8e3fcbea-95e0-4cf9-ba52-d6d7afa51a40 ] Request (TrunkTestJSON:_run_cleanups): 404 DELETE http://10.167.4.35:9696/v2.0/networks/9c5cbcce-eff9-47ff-b859-635ab6952db6 0.055s
2019-03-05 07:03:24.882 13276 DEBUG tempest.lib.common.rest_client [req-8e3fcbea-95e0-4cf9-ba52-d6d7afa51a40 ] Request - Headers: {'Content-Type': 'application/json', 'Accept': 'application/json', 'X-Auth-Token': ''} Body: None Response - Headers: {'status': '404', u'content-length': '138', 'content-location': 'http://10.167.4.35:9696/v2.0/networks/9c5cbcce-eff9-47ff-b859-635ab6952db6', u'date': 'Tue, 05 Mar 2019 07:03:24 GMT', u'content-type': 'application/json', u'connection': 'close', u'x-openstack-request-id': 'req-8e3fcbea-95e0-4cf9-ba52-d6d7afa51a40'} Body: {"NeutronError": {"message": "Network 9c5cbcce-eff9-47ff-b859-635ab6952db6 could not be found.", "type": "NetworkNotFound", "detail": ""}} _log_request_full /root/.rally/verification/verifier-a0c4a81d-8674-4823-a68a-46abd25de637/repo/tempest/lib/common/rest_client.py:437
2019-03-05 07:03:24.911 13276 INFO tempest.lib.common.rest_client [req-20a959ec-c5ba-4fe3-abaa-85697dc64cd9 ] Request (TrunkTestJSON:_run_cleanups): 404 DELETE http://10.167.4.35:9696/v2.0/networks/9b6e5285-ac8e-42f8-abc0-e37320350c7c 0.027s
2019-03-05 07:03:24.911 13276 DEBUG tempest.lib.common.rest_client [req-20a959ec-c5ba-4fe3-abaa-85697dc64cd9 ] Request - Headers: {'Content-Type': 'application/json', 'Accept': 'application/json', 'X-Auth-Token': ''} Body: None Response - Headers: {'status': '404', u'content-length': '138', 'content-location': 'http://10.167.4.35:9696/v2.0/networks/9b6e5285-ac8e-42f8-abc0-e37320350c7c', u'date': 'Tue, 05 Mar 2019 07:03:24 GMT', u'content-type': 'application/json', u'connection': 'close', u'x-openstack-request-id': 'req-20a959ec-c5ba-4fe3-abaa-85697dc64cd9'} Body: {"NeutronError": {"message": "Network 9b6e5285-ac8e-42f8-abc0-e37320350c7c could not be found.", "type": "NetworkNotFound", "detail": ""}} _log_request_full /root/.rally/verification/verifier-a0c4a81d-8674-4823-a68a-46abd25de637/repo/tempest/lib/common/rest_client.py:437
2019-03-05 07:03:24.942 13276 INFO tempest.lib.common.rest_client [req-35da4174-9b69-4d4c-9486-d19fa1cf4a2e ] Request (TrunkTestJSON:_run_cleanups): 404 DELETE http://10.167.4.35:9696/v2.0/networks/acb81cbb-7a19-406a-956a-30e6cae1f440 0.030s
2019-03-05 07:03:24.942 13276 DEBUG tempest.lib.common.rest_client [req-35da4174-9b69-4d4c-9486-d19fa1cf4a2e ] Request - Headers: {'Content-Type': 'application/json', 'Accept': 'application/json', 'X-Auth-Token': ''} Body: None Response - Headers: {'status': '404', u'content-length': '138', 'content-location': 'http://10.167.4.35:9696/v2.0/networks/acb81cbb-7a19-406a-956a-30e6cae1f440', u'date': 'Tue, 05 Mar 2019 07:03:24 GMT', u'content-type': 'application/json', u'connection': 'close', u'x-openstack-request-id': 'req-35da4174-9b69-4d4c-9486-d19fa1cf4a2e'} Body: {"NeutronError": {"message": "Network acb81cbb-7a19-406a-956a-30e6cae1f440 could not be found.", "type": "NetworkNotFound", "detail": ""}} _log_request_full /root/.rally/verification/verifier-a0c4a81d-8674-4823-a68a-46abd25de637/repo/tempest/lib/common/rest_client.py:437
2019-03-05 07:03:24.953 13272 INFO tempest.lib.common.rest_client [req-f91712c1-0dc1-42f5-85f0-db36bfff3dc5 ] Request (TrunkTestJSON:test_list_trunks): 201 POST http://10.167.4.35:9696/v2.0/trunks 0.298s
2019-03-05 07:03:24.954 13272 DEBUG tempest.lib.common.rest_client [req-f91712c1-0dc1-42f5-85f0-db36bfff3dc5 ] Request - Headers: {'Content-Type': 'application/json', 'Accept': 'application/json', 'X-Auth-Token': ''} Body: {"trunk": {"port_id": "0c27695c-ae7a-46d1-a118-b28a7f79eb07"}} Response - Headers: {'status': '201', u'content-length': '409', 'content-location': 'http://10.167.4.35:9696/v2.0/trunks', u'date': 'Tue, 05 Mar 2019 07:03:24 GMT', u'content-type': 'application/json', u'connection': 'close', u'x-openstack-request-id': 'req-f91712c1-0dc1-42f5-85f0-db36bfff3dc5'} Body: {"trunk": {"status": "ACTIVE", "sub_ports": [], "name": "", "admin_state_up": true, "tenant_id": "4cabc16300874108926d2d5576879a26", "created_at": "2019-03-05T07:03:24Z", "tags": [], "updated_at": "2019-03-05T07:03:24Z", "revision_number": 1, "project_id": "4cabc16300874108926d2d5576879a26", "port_id": "0c27695c-ae7a-46d1-a118-b28a7f79eb07", "id": "8a26ed69-fcaa-489f-9dbc-8eac59efe170", "description": ""}} _log_request_full /root/.rally/verification/verifier-a0c4a81d-8674-4823-a68a-46abd25de637/repo/tempest/lib/common/rest_client.py:437
2019-03-05 07:03:24.967 13276 INFO tempest.lib.common.rest_client [req-ad3afbf8-2e9f-49fc-a01f-b833864c0fd1 ] Request (TrunkTestJSON:_run_cleanups): 404 DELETE http://10.167.4.35:9696/v2.0/networks/dee1e115-7c3a-4a68-be2d-ade9cefb8aed 0.024s
2019-03-05 07:03:24.968 13276 DEBUG tempest.lib.common.rest_client [req-ad3afbf8-2e9f-49fc-a01f-b833864c0fd1 ] Request - Headers: {'Content-Type': 'application/json', 'Accept': 'application/json', 'X-Auth-Token': ''} Body: None Response - Headers: {'status': '404', u'content-length': '138', 'content-location': 'http://10.167.4.35:9696/v2.0/networks/dee1e115-7c3a-4a68-be2d-ade9cefb8aed', u'date': 'Tue, 05 Mar 2019 07:03:24 GMT', u'content-type': 'application/json', u'connection': 'close', u'x-openstack-request-id': 'req-ad3afbf8-2e9f-49fc-a01f-b833864c0fd1'} Body: {"NeutronError": {"message": "Network dee1e115-7c3a-4a68-be2d-ade9cefb8aed could not be found.", "type": "NetworkNotFound", "detail": ""}} _log_request_full /root/.rally/verification/verifier-a0c4a81d-8674-4823-a68a-46abd25de637/repo/tempest/lib/common/rest_client.py:437
2019-03-05 07:03:24.976 13272 INFO tempest.lib.common.rest_client [req-d6422501-403b-403c-81ee-6cc7e1b54ba1 ] Request (TrunkTestJSON:test_list_trunks): 200 GET http://10.167.4.35:9696/v2.0/trunks 0.021s
2019-03-05 07:03:24.977 13272 DEBUG tempest.lib.common.rest_client [req-d6422501-403b-403c-81ee-6cc7e1b54ba1 ] Request - Headers: {'Content-Type': 'application/json', 'Accept': 'application/json', 'X-Auth-Token': ''} Body: None Response - Headers: {'status': '200', u'content-length': '812', 'content-location': 'http://10.167.4.35:9696/v2.0/trunks', u'date': 'Tue, 05 Mar 2019 07:03:24 GMT', u'content-type': 'application/json', u'connection': 'close', u'x-openstack-request-id': 'req-d6422501-403b-403c-81ee-6cc7e1b54ba1'} Body: {"trunks": [{"status": "ACTIVE", "sub_ports": [], "name": "", "admin_state_up": true, "tenant_id": "4cabc16300874108926d2d5576879a26", "created_at": "2019-03-05T07:03:23Z", "tags": [], "updated_at": "2019-03-05T07:03:23Z", "revision_number": 1, "project_id": "4cabc16300874108926d2d5576879a26", "port_id": "2f1d762e-7748-4706-9087-c86ef1e16438", "id": "849392c7-abaa-4218-9843-ea0dd2af1267", "description": ""}, {"status": "ACTIVE", "sub_ports": [], "name": "", "admin_state_up": true, "tenant_id": "4cabc16300874108926d2d5576879a26", "created_at": "2019-03-05T07:03:24Z", "tags": [], "updated_at": "2019-03-05T07:03:24Z", "revision_number": 1, "project_id": "4cabc16300874108926d2d5576879a26", "port_id": "0c27695c-ae7a-46d1-a118-b28a7f79eb07", "id": "8a26ed69-fcaa-489f-9dbc-8eac59efe170", "description": ""}]} _log_request_full /root/.rally/verification/verifier-a0c4a81d-8674-4823-a68a-46abd25de637/repo/tempest/lib/common/rest_client.py:437
2019-03-05 07:03:24.992 13272 INFO tempest.lib.common.rest_client [req-c500d885-a705-4eff-96aa-27dfe62306c2 ] Request (TrunkTestJSON:_run_cleanups): 404 GET http://10.167.4.35:9696/v2.0/trunks/dcc3de7e-77e3-4f71-bde7-0cbed96378a5/get_subports 0.014s
2019-03-05 07:03:24.993 13272 DEBUG tempest.lib.common.rest_client [req-c500d885-a705-4eff-96aa-27dfe62306c2 ] Request - Headers: {'Content-Type': 'application/json', 'Accept': 'application/json', 'X-Auth-Token': ''} Body: None Response - Headers: {'status': '404', u'content-length': '134', 'content-location': 'http://10.167.4.35:9696/v2.0/trunks/dcc3de7e-77e3-4f71-bde7-0cbed96378a5/get_subports', u'date': 'Tue, 05 Mar 2019 07:03:24 GMT', u'content-type': 'application/json', u'connection': 'close', u'x-openstack-request-id': 'req-c500d885-a705-4eff-96aa-27dfe62306c2'} Body: {"NeutronError": {"message": "Trunk dcc3de7e-77e3-4f71-bde7-0cbed96378a5 could not be found.", "type": "TrunkNotFound", "detail": ""}} _log_request_full /root/.rally/verification/verifier-a0c4a81d-8674-4823-a68a-46abd25de637/repo/tempest/lib/common/rest_client.py:437
2019-03-05 07:03:25.012 13272 INFO tempest.lib.common.rest_client [req-9a900c73-4780-466f-a861-1c943b368b3f ] Request (TrunkTestJSON:_run_cleanups): 404 DELETE http://10.167.4.35:9696/v2.0/trunks/dcc3de7e-77e3-4f71-bde7-0cbed96378a5 0.018s
2019-03-05 07:03:25.012 13272 DEBUG tempest.lib.common.rest_client [req-9a900c73-4780-466f-a861-1c943b368b3f ] Request - Headers: {'Content-Type': 'application/json', 'Accept': 'application/json', 'X-Auth-Token': ''} Body: None Response - Headers: {'status': '404', u'content-length': '134', 'content-location': 'http://10.167.4.35:9696/v2.0/trunks/dcc3de7e-77e3-4f71-bde7-0cbed96378a5', u'date': 'Tue, 05 Mar 2019 07:03:25 GMT', u'content-type': 'application/json', u'connection': 'close', u'x-openstack-request-id': 'req-9a900c73-4780-466f-a861-1c943b368b3f'} Body: {"NeutronError": {"message": "Trunk dcc3de7e-77e3-4f71-bde7-0cbed96378a5 could not be found.", "type": "TrunkNotFound", "detail": ""}} _log_request_full /root/.rally/verification/verifier-a0c4a81d-8674-4823-a68a-46abd25de637/repo/tempest/lib/common/rest_client.py:437
2019-03-05 07:03:25.023 13276 INFO tempest.lib.common.rest_client [req-aa7e0233-b06f-487d-b01b-a43a5046e371 ] Request (TrunkTestJSON:_run_cleanups): 404 DELETE http://10.167.4.35:9696/v2.0/networks/257da9b4-53d3-4554-868b-58fd529d8e51 0.054s
2019-03-05 07:03:25.023 13276 DEBUG tempest.lib.common.rest_client [req-aa7e0233-b06f-487d-b01b-a43a5046e371 ] Request - Headers: {'Content-Type': 'application/json', 'Accept': 'application/json', 'X-Auth-Token': ''} Body: None Response - Headers: {'status': '404', u'content-length': '138', 'content-location': 'http://10.167.4.35:9696/v2.0/networks/257da9b4-53d3-4554-868b-58fd529d8e51', u'date': 'Tue, 05 Mar 2019 07:03:25 GMT', u'content-type': 'application/json', u'connection': 'close', u'x-openstack-request-id': 'req-aa7e0233-b06f-487d-b01b-a43a5046e371'} Body: {"NeutronError": {"message": "Network 257da9b4-53d3-4554-868b-58fd529d8e51 could not be found.", "type": "NetworkNotFound", "detail": ""}} _log_request_full /root/.rally/verification/verifier-a0c4a81d-8674-4823-a68a-46abd25de637/repo/tempest/lib/common/rest_client.py:437
2019-03-05 07:03:25.046 13272 INFO tempest.lib.common.rest_client [req-1bfe5334-1722-48a9-a6e6-bacdb97dbcf1 ] Request (TrunkTestJSON:_run_cleanups): 404 GET http://10.167.4.35:9696/v2.0/trunks/2e47b7ae-1580-4922-890d-883ff1564d9b/get_subports 0.033s
2019-03-05 07:03:25.046 13272 DEBUG tempest.lib.common.rest_client [req-1bfe5334-1722-48a9-a6e6-bacdb97dbcf1 ] Request - Headers: {'Content-Type': 'application/json', 'Accept': 'application/json', 'X-Auth-Token': ''} Body: None Response - Headers: {'status': '404', u'content-length': '134', 'content-location': 'http://10.167.4.35:9696/v2.0/trunks/2e47b7ae-1580-4922-890d-883ff1564d9b/get_subports', u'date': 'Tue, 05 Mar 2019 07:03:25 GMT', u'content-type': 'application/json', u'connection': 'close', u'x-openstack-request-id': 'req-1bfe5334-1722-48a9-a6e6-bacdb97dbcf1'} Body: {"NeutronError": {"message": "Trunk 2e47b7ae-1580-4922-890d-883ff1564d9b could not be found.", "type": "TrunkNotFound", "detail": ""}} _log_request_full /root/.rally/verification/verifier-a0c4a81d-8674-4823-a68a-46abd25de637/repo/tempest/lib/common/rest_client.py:437
2019-03-05 07:03:25.049 13276 INFO tempest.lib.common.rest_client [req-745680c5-46d2-4449-a567-f743b10a7509 ] Request (TrunkTestJSON:_run_cleanups): 404 DELETE http://10.167.4.35:9696/v2.0/networks/50356a75-6100-4226-a6c2-74cd5d4600e3 0.024s
2019-03-05 07:03:25.049 13276 DEBUG tempest.lib.common.rest_client [req-745680c5-46d2-4449-a567-f743b10a7509 ] Request - Headers: {'Content-Type': 'application/json', 'Accept': 'application/json', 'X-Auth-Token': ''} Body: None Response - Headers: {'status': '404', u'content-length': '138', 'content-location': 'http://10.167.4.35:9696/v2.0/networks/50356a75-6100-4226-a6c2-74cd5d4600e3', u'date': 'Tue, 05 Mar 2019 07:03:25 GMT', u'content-type': 'application/json', u'connection': 'close', u'x-openstack-request-id': 'req-745680c5-46d2-4449-a567-f743b10a7509'} Body: {"NeutronError": {"message": "Network 50356a75-6100-4226-a6c2-74cd5d4600e3 could not be found.", "type": "NetworkNotFound", "detail": ""}} _log_request_full /root/.rally/verification/verifier-a0c4a81d-8674-4823-a68a-46abd25de637/repo/tempest/lib/common/rest_client.py:437
2019-03-05 07:03:25.064 13272 INFO tempest.lib.common.rest_client [req-f3c0980d-371e-4374-a404-3643f3a0fdc6 ] Request (TrunkTestJSON:_run_cleanups): 404 DELETE http://10.167.4.35:9696/v2.0/trunks/2e47b7ae-1580-4922-890d-883ff1564d9b 0.017s
2019-03-05 07:03:25.064 13272 DEBUG tempest.lib.common.rest_client [req-f3c0980d-371e-4374-a404-3643f3a0fdc6 ] Request - Headers: {'Content-Type': 'application/json', 'Accept': 'application/json', 'X-Auth-Token': ''} Body: None Response - Headers: {'status': '404', u'content-length': '134', 'content-location': 'http://10.167.4.35:9696/v2.0/trunks/2e47b7ae-1580-4922-890d-883ff1564d9b', u'date': 'Tue, 05 Mar 2019 07:03:25 GMT', u'content-type': 'application/json', u'connection': 'close', u'x-openstack-request-id': 'req-f3c0980d-371e-4374-a404-3643f3a0fdc6'} Body: {"NeutronError": {"message": "Trunk 2e47b7ae-1580-4922-890d-883ff1564d9b could not be found.", "type": "TrunkNotFound", "detail": ""}} _log_request_full /root/.rally/verification/verifier-a0c4a81d-8674-4823-a68a-46abd25de637/repo/tempest/lib/common/rest_client.py:437
2019-03-05 07:03:25.079 13272 INFO tempest.lib.common.rest_client [req-f790f17e-ad6d-4a67-8b0e-87c2522ed69c ] Request (TrunkTestJSON:_run_cleanups): 404 GET http://10.167.4.35:9696/v2.0/trunks/57d6b2ca-b8ea-4e77-a0d0-65b8999e2c13/get_subports 0.014s
2019-03-05 07:03:25.079 13272 DEBUG tempest.lib.common.rest_client [req-f790f17e-ad6d-4a67-8b0e-87c2522ed69c ] Request - Headers: {'Content-Type': 'application/json', 'Accept': 'application/json', 'X-Auth-Token': ''} Body: None Response - Headers: {'status': '404', u'content-length': '134', 'content-location': 'http://10.167.4.35:9696/v2.0/trunks/57d6b2ca-b8ea-4e77-a0d0-65b8999e2c13/get_subports', u'date': 'Tue, 05 Mar 2019 07:03:25 GMT', u'content-type': 'application/json', u'connection': 'close', u'x-openstack-request-id': 'req-f790f17e-ad6d-4a67-8b0e-87c2522ed69c'} Body: {"NeutronError": {"message": "Trunk 57d6b2ca-b8ea-4e77-a0d0-65b8999e2c13 could not be found.", "type": "TrunkNotFound", "detail": ""}} _log_request_full /root/.rally/verification/verifier-a0c4a81d-8674-4823-a68a-46abd25de637/repo/tempest/lib/common/rest_client.py:437
2019-03-05 07:03:25.095 13276 INFO tempest.lib.common.rest_client [req-f873dcd1-57c4-4393-96eb-8ced3b155cf5 ] Request (TrunkTestJSON:_run_cleanups): 404 DELETE http://10.167.4.35:9696/v2.0/networks/bea05190-8719-4839-a1c6-7ecad2525e4f 0.045s
2019-03-05 07:03:25.096 13276 DEBUG tempest.lib.common.rest_client [req-f873dcd1-57c4-4393-96eb-8ced3b155cf5 ] Request - Headers: {'Content-Type': 'application/json', 'Accept': 'application/json', 'X-Auth-Token': ''} Body: None Response - Headers: {'status': '404', u'content-length': '138', 'content-location': 'http://10.167.4.35:9696/v2.0/networks/bea05190-8719-4839-a1c6-7ecad2525e4f', u'date': 'Tue, 05 Mar 2019 07:03:25 GMT', u'content-type': 'application/json', u'connection': 'close', u'x-openstack-request-id': 'req-f873dcd1-57c4-4393-96eb-8ced3b155cf5'} Body: {"NeutronError": {"message": "Network bea05190-8719-4839-a1c6-7ecad2525e4f could not be found.", "type": "NetworkNotFound", "detail": ""}} _log_request_full /root/.rally/verification/verifier-a0c4a81d-8674-4823-a68a-46abd25de637/repo/tempest/lib/common/rest_client.py:437
2019-03-05 07:03:25.096 13272 INFO tempest.lib.common.rest_client [req-c4c77c95-1ae7-4b71-8344-09f1ae821134 ] Request (TrunkTestJSON:_run_cleanups): 404 DELETE http://10.167.4.35:9696/v2.0/trunks/57d6b2ca-b8ea-4e77-a0d0-65b8999e2c13 0.015s
2019-03-05 07:03:25.096 13272 DEBUG tempest.lib.common.rest_client [req-c4c77c95-1ae7-4b71-8344-09f1ae821134 ] Request - Headers: {'Content-Type': 'application/json', 'Accept': 'application/json', 'X-Auth-Token': ''} Body: None Response - Headers: {'status': '404', u'content-length': '134', 'content-location': 'http://10.167.4.35:9696/v2.0/trunks/57d6b2ca-b8ea-4e77-a0d0-65b8999e2c13', u'date': 'Tue, 05 Mar 2019 07:03:25 GMT', u'content-type': 'application/json', u'connection': 'close', u'x-openstack-request-id': 'req-c4c77c95-1ae7-4b71-8344-09f1ae821134'} Body: {"NeutronError": {"message": "Trunk 57d6b2ca-b8ea-4e77-a0d0-65b8999e2c13 could not be found.", "type": "TrunkNotFound", "detail": ""}} _log_request_full /root/.rally/verification/verifier-a0c4a81d-8674-4823-a68a-46abd25de637/repo/tempest/lib/common/rest_client.py:437
2019-03-05 07:03:25.110 13272 INFO tempest.lib.common.rest_client [req-37f293cb-74a6-4c12-971a-168a78088707 ] Request (TrunkTestJSON:_run_cleanups): 404 GET http://10.167.4.35:9696/v2.0/trunks/29686a08-0b37-4c6b-a12b-f6afbb8cd576/get_subports 0.013s
2019-03-05 07:03:25.111 13272 DEBUG tempest.lib.common.rest_client [req-37f293cb-74a6-4c12-971a-168a78088707 ] Request - Headers: {'Content-Type': 'application/json', 'Accept': 'application/json', 'X-Auth-Token': ''} Body: None Response - Headers: {'status': '404', u'content-length': '134', 'content-location': 'http://10.167.4.35:9696/v2.0/trunks/29686a08-0b37-4c6b-a12b-f6afbb8cd576/get_subports', u'date': 'Tue, 05 Mar 2019 07:03:25 GMT', u'content-type': 'application/json', u'connection': 'close', u'x-openstack-request-id': 'req-37f293cb-74a6-4c12-971a-168a78088707'} Body: {"NeutronError": {"message": "Trunk 29686a08-0b37-4c6b-a12b-f6afbb8cd576 could not be found.", "type": "TrunkNotFound", "detail": ""}} _log_request_full /root/.rally/verification/verifier-a0c4a81d-8674-4823-a68a-46abd25de637/repo/tempest/lib/common/rest_client.py:437
2019-03-05 07:03:25.131 13272 INFO tempest.lib.common.rest_client [req-78a92999-7eb0-46b7-9f4e-e01eb52d2b48 ] Request (TrunkTestJSON:_run_cleanups): 404 DELETE http://10.167.4.35:9696/v2.0/trunks/29686a08-0b37-4c6b-a12b-f6afbb8cd576 0.019s
2019-03-05 07:03:25.131 13272 DEBUG tempest.lib.common.rest_client [req-78a92999-7eb0-46b7-9f4e-e01eb52d2b48 ] Request - Headers: {'Content-Type': 'application/json', 'Accept': 'application/json', 'X-Auth-Token': ''} Body: None Response - Headers: {'status': '404', u'content-length': '134', 'content-location': 'http://10.167.4.35:9696/v2.0/trunks/29686a08-0b37-4c6b-a12b-f6afbb8cd576', u'date': 'Tue, 05 Mar 2019 07:03:25 GMT', u'content-type': 'application/json', u'connection': 'close', u'x-openstack-request-id': 'req-78a92999-7eb0-46b7-9f4e-e01eb52d2b48'} Body: {"NeutronError": {"message": "Trunk 29686a08-0b37-4c6b-a12b-f6afbb8cd576 could not be found.", "type": "TrunkNotFound", "detail": ""}} _log_request_full /root/.rally/verification/verifier-a0c4a81d-8674-4823-a68a-46abd25de637/repo/tempest/lib/common/rest_client.py:437
2019-03-05 07:03:25.164 13276 INFO tempest.lib.common.rest_client [req-24bb6d7b-f6b7-4a80-8394-c8cec6f44900 ] Request (TrunkTestJSON:_run_cleanups): 404 DELETE http://10.167.4.35:9696/v2.0/networks/73085737-4662-41fd-9e32-305b596e0aee 0.068s
2019-03-05 07:03:25.165 13276 DEBUG tempest.lib.common.rest_client [req-24bb6d7b-f6b7-4a80-8394-c8cec6f44900 ] Request - Headers: {'Content-Type': 'application/json', 'Accept': 'application/json', 'X-Auth-Token': ''} Body: None Response - Headers: {'status': '404', u'content-length': '138', 'content-location': 'http://10.167.4.35:9696/v2.0/networks/73085737-4662-41fd-9e32-305b596e0aee', u'date': 'Tue, 05 Mar 2019 07:03:25 GMT', u'content-type': 'application/json', u'connection': 'close', u'x-openstack-request-id': 'req-24bb6d7b-f6b7-4a80-8394-c8cec6f44900'} Body: {"NeutronError": {"message": "Network 73085737-4662-41fd-9e32-305b596e0aee could not be found.", "type": "NetworkNotFound", "detail": ""}} _log_request_full /root/.rally/verification/verifier-a0c4a81d-8674-4823-a68a-46abd25de637/repo/tempest/lib/common/rest_client.py:437
2019-03-05 07:03:25.166 13272 INFO tempest.lib.common.rest_client [req-89cb0f93-3f1b-4de9-b154-bed19f2d0b89 ] Request (TrunkTestJSON:_run_cleanups): 404 GET http://10.167.4.35:9696/v2.0/trunks/32567932-7869-426c-84d7-9bb5797aea9d/get_subports 0.034s
2019-03-05 07:03:25.167 13272 DEBUG tempest.lib.common.rest_client [req-89cb0f93-3f1b-4de9-b154-bed19f2d0b89 ] Request - Headers: {'Content-Type': 'application/json', 'Accept': 'application/json', 'X-Auth-Token': ''} Body: None Response - Headers: {'status': '404', u'content-length': '134', 'content-location': 'http://10.167.4.35:9696/v2.0/trunks/32567932-7869-426c-84d7-9bb5797aea9d/get_subports', u'date': 'Tue, 05 Mar 2019 07:03:25 GMT', u'content-type': 'application/json', u'connection': 'close', u'x-openstack-request-id': 'req-89cb0f93-3f1b-4de9-b154-bed19f2d0b89'} Body: {"NeutronError": {"message": "Trunk 32567932-7869-426c-84d7-9bb5797aea9d could not be found.", "type": "TrunkNotFound", "detail": ""}} _log_request_full /root/.rally/verification/verifier-a0c4a81d-8674-4823-a68a-46abd25de637/repo/tempest/lib/common/rest_client.py:437
2019-03-05 07:03:25.186 13272 INFO tempest.lib.common.rest_client [req-d48bdae2-20b3-4776-bc1f-c3576836fc0a ] Request (TrunkTestJSON:_run_cleanups): 404 DELETE http://10.167.4.35:9696/v2.0/trunks/32567932-7869-426c-84d7-9bb5797aea9d 0.018s
2019-03-05 07:03:25.187 13272 DEBUG tempest.lib.common.rest_client [req-d48bdae2-20b3-4776-bc1f-c3576836fc0a ] Request - Headers: {'Content-Type': 'application/json', 'Accept': 'application/json', 'X-Auth-Token': ''} Body: None Response - Headers: {'status': '404', u'content-length': '134', 'content-location': 'http://10.167.4.35:9696/v2.0/trunks/32567932-7869-426c-84d7-9bb5797aea9d', u'date': 'Tue, 05 Mar 2019 07:03:25 GMT', u'content-type': 'application/json', u'connection': 'close', u'x-openstack-request-id': 'req-d48bdae2-20b3-4776-bc1f-c3576836fc0a'} Body: {"NeutronError": {"message": "Trunk 32567932-7869-426c-84d7-9bb5797aea9d could not be found.", "type": "TrunkNotFound", "detail": ""}} _log_request_full /root/.rally/verification/verifier-a0c4a81d-8674-4823-a68a-46abd25de637/repo/tempest/lib/common/rest_client.py:437
2019-03-05 07:03:25.191 13276 INFO tempest.lib.common.rest_client [req-9144cc68-47c4-4693-adc2-38cfc1074694 ] Request (TrunkTestJSON:_run_cleanups): 404 DELETE http://10.167.4.35:9696/v2.0/networks/9e31bd65-b5a0-424f-8215-bd38e839f389 0.025s
2019-03-05 07:03:25.192 13276 DEBUG tempest.lib.common.rest_client [req-9144cc68-47c4-4693-adc2-38cfc1074694 ] Request - Headers: {'Content-Type': 'application/json', 'Accept': 'application/json', 'X-Auth-Token': ''} Body: None Response - Headers: {'status': '404', u'content-length': '138', 'content-location': 'http://10.167.4.35:9696/v2.0/networks/9e31bd65-b5a0-424f-8215-bd38e839f389', u'date': 'Tue, 05 Mar 2019 07:03:25 GMT', u'content-type': 'application/json', u'connection': 'close', u'x-openstack-request-id': 'req-9144cc68-47c4-4693-adc2-38cfc1074694'} Body: {"NeutronError": {"message": "Network 9e31bd65-b5a0-424f-8215-bd38e839f389 could not be found.", "type": "NetworkNotFound", "detail": ""}} _log_request_full /root/.rally/verification/verifier-a0c4a81d-8674-4823-a68a-46abd25de637/repo/tempest/lib/common/rest_client.py:437
2019-03-05 07:03:25.213 13272 INFO tempest.lib.common.rest_client [req-7f6b7c31-a7d8-4365-acec-1e30fe5c9cb3 ] Request (TrunkTestJSON:_run_cleanups): 404 GET http://10.167.4.35:9696/v2.0/trunks/0c2e6b4f-8706-400e-9b3d-dc10ae3cb2c1/get_subports 0.025s
2019-03-05 07:03:25.213 13272 DEBUG tempest.lib.common.rest_client [req-7f6b7c31-a7d8-4365-acec-1e30fe5c9cb3 ] Request - Headers: {'Content-Type': 'application/json', 'Accept': 'application/json', 'X-Auth-Token': ''} Body: None Response - Headers: {'status': '404', u'content-length': '134', 'content-location': 'http://10.167.4.35:9696/v2.0/trunks/0c2e6b4f-8706-400e-9b3d-dc10ae3cb2c1/get_subports', u'date': 'Tue, 05 Mar 2019 07:03:25 GMT', u'content-type': 'application/json', u'connection': 'close', u'x-openstack-request-id': 'req-7f6b7c31-a7d8-4365-acec-1e30fe5c9cb3'} Body: {"NeutronError": {"message": "Trunk 0c2e6b4f-8706-400e-9b3d-dc10ae3cb2c1 could not be found.", "type": "TrunkNotFound", "detail": ""}} _log_request_full /root/.rally/verification/verifier-a0c4a81d-8674-4823-a68a-46abd25de637/repo/tempest/lib/common/rest_client.py:437
2019-03-05 07:03:25.218 13276 INFO tempest.lib.common.rest_client [req-997ba0a1-59df-41a5-9713-36d8a27b62e2 ] Request (TrunkTestJSON:_run_cleanups): 404 DELETE http://10.167.4.35:9696/v2.0/networks/8fa4c513-9660-4207-badf-2a0301f59d1e 0.026s
2019-03-05 07:03:25.219 13276 DEBUG tempest.lib.common.rest_client [req-997ba0a1-59df-41a5-9713-36d8a27b62e2 ] Request - Headers: {'Content-Type': 'application/json', 'Accept': 'application/json', 'X-Auth-Token': ''} Body: None Response - Headers: {'status': '404', u'content-length': '138', 'content-location': 'http://10.167.4.35:9696/v2.0/networks/8fa4c513-9660-4207-badf-2a0301f59d1e', u'date': 'Tue, 05 Mar 2019 07:03:25 GMT', u'content-type': 'application/json', u'connection': 'close', u'x-openstack-request-id': 'req-997ba0a1-59df-41a5-9713-36d8a27b62e2'} Body: {"NeutronError": {"message": "Network 8fa4c513-9660-4207-badf-2a0301f59d1e could not be found.", "type": "NetworkNotFound", "detail": ""}} _log_request_full /root/.rally/verification/verifier-a0c4a81d-8674-4823-a68a-46abd25de637/repo/tempest/lib/common/rest_client.py:437
2019-03-05 07:03:25.234 13272 INFO tempest.lib.common.rest_client [req-1e0ad8ce-8393-4be0-80fc-00b33c1506ec ] Request (TrunkTestJSON:_run_cleanups): 404 DELETE http://10.167.4.35:9696/v2.0/trunks/0c2e6b4f-8706-400e-9b3d-dc10ae3cb2c1 0.020s
2019-03-05 07:03:25.235 13272 DEBUG tempest.lib.common.rest_client [req-1e0ad8ce-8393-4be0-80fc-00b33c1506ec ] Request - Headers: {'Content-Type': 'application/json', 'Accept': 'application/json', 'X-Auth-Token': ''} Body: None Response - Headers: {'status': '404', u'content-length': '134', 'content-location': 'http://10.167.4.35:9696/v2.0/trunks/0c2e6b4f-8706-400e-9b3d-dc10ae3cb2c1', u'date': 'Tue, 05 Mar 2019 07:03:25 GMT', u'content-type': 'application/json', u'connection': 'close', u'x-openstack-request-id': 'req-1e0ad8ce-8393-4be0-80fc-00b33c1506ec'} Body: {"NeutronError": {"message": "Trunk 0c2e6b4f-8706-400e-9b3d-dc10ae3cb2c1 could not be found.", "type": "TrunkNotFound", "detail": ""}} _log_request_full /root/.rally/verification/verifier-a0c4a81d-8674-4823-a68a-46abd25de637/repo/tempest/lib/common/rest_client.py:437
2019-03-05 07:03:25.249 13272 INFO tempest.lib.common.rest_client [req-6290e599-b959-4d2e-b30d-1919115ffe66 ] Request (TrunkTestJSON:_run_cleanups): 404 GET http://10.167.4.35:9696/v2.0/trunks/288316e5-f1ae-41e0-9e91-dd0611cce86f/get_subports 0.013s
2019-03-05 07:03:25.249 13272 DEBUG tempest.lib.common.rest_client [req-6290e599-b959-4d2e-b30d-1919115ffe66 ] Request - Headers: {'Content-Type': 'application/json', 'Accept': 'application/json', 'X-Auth-Token': ''} Body: None Response - Headers: {'status': '404', u'content-length': '134', 'content-location': 'http://10.167.4.35:9696/v2.0/trunks/288316e5-f1ae-41e0-9e91-dd0611cce86f/get_subports', u'date': 'Tue, 05 Mar 2019 07:03:25 GMT', u'content-type': 'application/json', u'connection': 'close', u'x-openstack-request-id': 'req-6290e599-b959-4d2e-b30d-1919115ffe66'} Body: {"NeutronError": {"message": "Trunk 288316e5-f1ae-41e0-9e91-dd0611cce86f could not be found.", "type": "TrunkNotFound", "detail": ""}} _log_request_full /root/.rally/verification/verifier-a0c4a81d-8674-4823-a68a-46abd25de637/repo/tempest/lib/common/rest_client.py:437
2019-03-05 07:03:25.256 13276 INFO tempest.lib.common.rest_client [req-682aa2c3-e760-4a67-bcfb-d5f43154965a ] Request (TrunkTestJSON:_run_cleanups): 404 DELETE http://10.167.4.35:9696/v2.0/networks/1062dbd3-3b9a-486b-af24-97a42255393c 0.036s
2019-03-05 07:03:25.257 13276 DEBUG tempest.lib.common.rest_client [req-682aa2c3-e760-4a67-bcfb-d5f43154965a ] Request - Headers: {'Content-Type': 'application/json', 'Accept': 'application/json', 'X-Auth-Token': ''} Body: None Response - Headers: {'status': '404', u'content-length': '138', 'content-location': 'http://10.167.4.35:9696/v2.0/networks/1062dbd3-3b9a-486b-af24-97a42255393c', u'date': 'Tue, 05 Mar 2019 07:03:25 GMT', u'content-type': 'application/json', u'connection': 'close', u'x-openstack-request-id': 'req-682aa2c3-e760-4a67-bcfb-d5f43154965a'} Body: {"NeutronError": {"message": "Network 1062dbd3-3b9a-486b-af24-97a42255393c could not be found.", "type": "NetworkNotFound", "detail": ""}} _log_request_full /root/.rally/verification/verifier-a0c4a81d-8674-4823-a68a-46abd25de637/repo/tempest/lib/common/rest_client.py:437
2019-03-05 07:03:25.269 13272 INFO tempest.lib.common.rest_client [req-7fb23d07-bda1-4b85-bcdb-6816c4a365a9 ] Request (TrunkTestJSON:_run_cleanups): 404 DELETE http://10.167.4.35:9696/v2.0/trunks/288316e5-f1ae-41e0-9e91-dd0611cce86f 0.018s
2019-03-05 07:03:25.269 13272 DEBUG tempest.lib.common.rest_client [req-7fb23d07-bda1-4b85-bcdb-6816c4a365a9 ] Request - Headers: {'Content-Type': 'application/json', 'Accept': 'application/json', 'X-Auth-Token': ''} Body: None Response - Headers: {'status': '404', u'content-length': '134', 'content-location': 'http://10.167.4.35:9696/v2.0/trunks/288316e5-f1ae-41e0-9e91-dd0611cce86f', u'date': 'Tue, 05 Mar 2019 07:03:25 GMT', u'content-type': 'application/json', u'connection': 'close', u'x-openstack-request-id': 'req-7fb23d07-bda1-4b85-bcdb-6816c4a365a9'} Body: {"NeutronError": {"message": "Trunk 288316e5-f1ae-41e0-9e91-dd0611cce86f could not be found.", "type": "TrunkNotFound", "detail": ""}} _log_request_full /root/.rally/verification/verifier-a0c4a81d-8674-4823-a68a-46abd25de637/repo/tempest/lib/common/rest_client.py:437
2019-03-05 07:03:25.285 13272 INFO tempest.lib.common.rest_client [req-83abcb80-fbb4-4555-8f8c-666522701d1f ] Request (TrunkTestJSON:_run_cleanups): 404 GET http://10.167.4.35:9696/v2.0/trunks/14095358-f370-4fad-9f03-5007f2202705/get_subports 0.014s
2019-03-05 07:03:25.285 13272 DEBUG tempest.lib.common.rest_client [req-83abcb80-fbb4-4555-8f8c-666522701d1f ] Request - Headers: {'Content-Type': 'application/json', 'Accept': 'application/json', 'X-Auth-Token': ''} Body: None Response - Headers: {'status': '404', u'content-length': '134', 'content-location': 'http://10.167.4.35:9696/v2.0/trunks/14095358-f370-4fad-9f03-5007f2202705/get_subports', u'date': 'Tue, 05 Mar 2019 07:03:25 GMT', u'content-type': 'application/json', u'connection': 'close', u'x-openstack-request-id': 'req-83abcb80-fbb4-4555-8f8c-666522701d1f'} Body: {"NeutronError": {"message": "Trunk 14095358-f370-4fad-9f03-5007f2202705 could not be found.", "type": "TrunkNotFound", "detail": ""}} _log_request_full /root/.rally/verification/verifier-a0c4a81d-8674-4823-a68a-46abd25de637/repo/tempest/lib/common/rest_client.py:437
2019-03-05 07:03:25.304 13272 INFO tempest.lib.common.rest_client [req-31795262-03b7-493d-aec9-9f17d3126af5 ] Request (TrunkTestJSON:_run_cleanups): 404 DELETE http://10.167.4.35:9696/v2.0/trunks/14095358-f370-4fad-9f03-5007f2202705 0.017s
