2019-02-15 07:35:57.550 13233 INFO tempest.lib.common.rest_client [req-f8b87df6-b94d-4fae-b928-99bd1d915127 ] Request (TrunkTestJSON:_run_cleanups): 404 DELETE http://10.167.4.35:9696/v2.0/ports/6b0f7edc-c324-4387-8f93-4bbba8342aaa 0.075s
2019-02-15 07:35:57.550 13233 DEBUG tempest.lib.common.rest_client [req-f8b87df6-b94d-4fae-b928-99bd1d915127 ] Request - Headers: {'Content-Type': 'application/json', 'Accept': 'application/json', 'X-Auth-Token': ''} Body: None Response - Headers: {'status': '404', u'content-length': '132', 'content-location': 'http://10.167.4.35:9696/v2.0/ports/6b0f7edc-c324-4387-8f93-4bbba8342aaa', u'date': 'Fri, 15 Feb 2019 07:35:57 GMT', u'content-type': 'application/json', u'connection': 'close', u'x-openstack-request-id': 'req-f8b87df6-b94d-4fae-b928-99bd1d915127'} Body: {"NeutronError": {"message": "Port 6b0f7edc-c324-4387-8f93-4bbba8342aaa could not be found.", "type": "PortNotFound", "detail": ""}} _log_request_full /root/.rally/verification/verifier-40330e19-944e-4d87-87b5-d0062234cb5f/repo/tempest/lib/common/rest_client.py:437
2019-02-15 07:35:57.608 13237 INFO tempest.lib.common.rest_client [req-07c1a075-8d7e-445f-8e19-fd4c620d7b55 ] Request (TrunkTestJSON:_run_cleanups): 404 DELETE http://10.167.4.35:9696/v2.0/ports/ab5025fa-6cb9-4384-911c-6b15685850e4 0.061s
2019-02-15 07:35:57.609 13237 DEBUG tempest.lib.common.rest_client [req-07c1a075-8d7e-445f-8e19-fd4c620d7b55 ] Request - Headers: {'Content-Type': 'application/json', 'Accept': 'application/json', 'X-Auth-Token': ''} Body: None Response - Headers: {'status': '404', u'content-length': '132', 'content-location': 'http://10.167.4.35:9696/v2.0/ports/ab5025fa-6cb9-4384-911c-6b15685850e4', u'date': 'Fri, 15 Feb 2019 07:35:57 GMT', u'content-type': 'application/json', u'connection': 'close', u'x-openstack-request-id': 'req-07c1a075-8d7e-445f-8e19-fd4c620d7b55'} Body: {"NeutronError": {"message": "Port ab5025fa-6cb9-4384-911c-6b15685850e4 could not be found.", "type": "PortNotFound", "detail": ""}} _log_request_full /root/.rally/verification/verifier-40330e19-944e-4d87-87b5-d0062234cb5f/repo/tempest/lib/common/rest_client.py:437
2019-02-15 07:35:57.621 13233 INFO tempest.lib.common.rest_client [req-371d2bcd-561e-44a3-b418-7d998a743eba ] Request (TrunkTestJSON:_run_cleanups): 404 DELETE http://10.167.4.35:9696/v2.0/ports/10ff1b4c-6845-4695-8387-41e1b00a434e 0.070s
2019-02-15 07:35:57.622 13233 DEBUG tempest.lib.common.rest_client [req-371d2bcd-561e-44a3-b418-7d998a743eba ] Request - Headers: {'Content-Type': 'application/json', 'Accept': 'application/json', 'X-Auth-Token': ''} Body: None Response - Headers: {'status': '404', u'content-length': '132', 'content-location': 'http://10.167.4.35:9696/v2.0/ports/10ff1b4c-6845-4695-8387-41e1b00a434e', u'date': 'Fri, 15 Feb 2019 07:35:57 GMT', u'content-type': 'application/json', u'connection': 'close', u'x-openstack-request-id': 'req-371d2bcd-561e-44a3-b418-7d998a743eba'} Body: {"NeutronError": {"message": "Port 10ff1b4c-6845-4695-8387-41e1b00a434e could not be found.", "type": "PortNotFound", "detail": ""}} _log_request_full /root/.rally/verification/verifier-40330e19-944e-4d87-87b5-d0062234cb5f/repo/tempest/lib/common/rest_client.py:437
2019-02-15 07:35:57.679 13233 INFO tempest.lib.common.rest_client [req-9efa972f-4132-4b7d-86b4-0bf838e905e6 ] Request (TrunkTestJSON:_run_cleanups): 404 DELETE http://10.167.4.35:9696/v2.0/ports/a479d4e9-a30e-44c8-84a9-7d5b60dd6aba 0.056s
2019-02-15 07:35:57.679 13237 INFO tempest.lib.common.rest_client [req-c74f27e1-7def-472e-9134-10b0cce2ad18 ] Request (TrunkTestJSON:_run_cleanups): 404 DELETE http://10.167.4.35:9696/v2.0/ports/b9e01b70-fa46-43a1-acb8-428fee3a5e1c 0.069s
2019-02-15 07:35:57.680 13233 DEBUG tempest.lib.common.rest_client [req-9efa972f-4132-4b7d-86b4-0bf838e905e6 ] Request - Headers: {'Content-Type': 'application/json', 'Accept': 'application/json', 'X-Auth-Token': ''} Body: None Response - Headers: {'status': '404', u'content-length': '132', 'content-location': 'http://10.167.4.35:9696/v2.0/ports/a479d4e9-a30e-44c8-84a9-7d5b60dd6aba', u'date': 'Fri, 15 Feb 2019 07:35:57 GMT', u'content-type': 'application/json', u'connection': 'close', u'x-openstack-request-id': 'req-9efa972f-4132-4b7d-86b4-0bf838e905e6'} Body: {"NeutronError": {"message": "Port a479d4e9-a30e-44c8-84a9-7d5b60dd6aba could not be found.", "type": "PortNotFound", "detail": ""}} _log_request_full /root/.rally/verification/verifier-40330e19-944e-4d87-87b5-d0062234cb5f/repo/tempest/lib/common/rest_client.py:437
2019-02-15 07:35:57.680 13237 DEBUG tempest.lib.common.rest_client [req-c74f27e1-7def-472e-9134-10b0cce2ad18 ] Request - Headers: {'Content-Type': 'application/json', 'Accept': 'application/json', 'X-Auth-Token': ''} Body: None Response - Headers: {'status': '404', u'content-length': '132', 'content-location': 'http://10.167.4.35:9696/v2.0/ports/b9e01b70-fa46-43a1-acb8-428fee3a5e1c', u'date': 'Fri, 15 Feb 2019 07:35:57 GMT', u'content-type': 'application/json', u'connection': 'close', u'x-openstack-request-id': 'req-c74f27e1-7def-472e-9134-10b0cce2ad18'} Body: {"NeutronError": {"message": "Port b9e01b70-fa46-43a1-acb8-428fee3a5e1c could not be found.", "type": "PortNotFound", "detail": ""}} _log_request_full /root/.rally/verification/verifier-40330e19-944e-4d87-87b5-d0062234cb5f/repo/tempest/lib/common/rest_client.py:437
2019-02-15 07:35:57.737 13237 INFO tempest.lib.common.rest_client [req-d20a8ae8-9ae5-4422-8034-4e13c4cde5d6 ] Request (TrunkTestJSON:_run_cleanups): 404 DELETE http://10.167.4.35:9696/v2.0/ports/1cd6102e-b1b5-4029-ba51-086ad80798d5 0.056s
2019-02-15 07:35:57.738 13237 DEBUG tempest.lib.common.rest_client [req-d20a8ae8-9ae5-4422-8034-4e13c4cde5d6 ] Request - Headers: {'Content-Type': 'application/json', 'Accept': 'application/json', 'X-Auth-Token': ''} Body: None Response - Headers: {'status': '404', u'content-length': '132', 'content-location': 'http://10.167.4.35:9696/v2.0/ports/1cd6102e-b1b5-4029-ba51-086ad80798d5', u'date': 'Fri, 15 Feb 2019 07:35:57 GMT', u'content-type': 'application/json', u'connection': 'close', u'x-openstack-request-id': 'req-d20a8ae8-9ae5-4422-8034-4e13c4cde5d6'} Body: {"NeutronError": {"message": "Port 1cd6102e-b1b5-4029-ba51-086ad80798d5 could not be found.", "type": "PortNotFound", "detail": ""}} _log_request_full /root/.rally/verification/verifier-40330e19-944e-4d87-87b5-d0062234cb5f/repo/tempest/lib/common/rest_client.py:437
2019-02-15 07:35:57.747 13233 INFO tempest.lib.common.rest_client [req-ee96b732-5472-4ee3-84b3-2459c2c563d7 ] Request (TrunkTestJSON:_run_cleanups): 404 DELETE http://10.167.4.35:9696/v2.0/ports/0a6ff9dd-5fe4-4c50-be2f-7830b6f807a1 0.066s
2019-02-15 07:35:57.747 13233 DEBUG tempest.lib.common.rest_client [req-ee96b732-5472-4ee3-84b3-2459c2c563d7 ] Request - Headers: {'Content-Type': 'application/json', 'Accept': 'application/json', 'X-Auth-Token': ''} Body: None Response - Headers: {'status': '404', u'content-length': '132', 'content-location': 'http://10.167.4.35:9696/v2.0/ports/0a6ff9dd-5fe4-4c50-be2f-7830b6f807a1', u'date': 'Fri, 15 Feb 2019 07:35:57 GMT', u'content-type': 'application/json', u'connection': 'close', u'x-openstack-request-id': 'req-ee96b732-5472-4ee3-84b3-2459c2c563d7'} Body: {"NeutronError": {"message": "Port 0a6ff9dd-5fe4-4c50-be2f-7830b6f807a1 could not be found.", "type": "PortNotFound", "detail": ""}} _log_request_full /root/.rally/verification/verifier-40330e19-944e-4d87-87b5-d0062234cb5f/repo/tempest/lib/common/rest_client.py:437
2019-02-15 07:35:57.806 13237 INFO tempest.lib.common.rest_client [req-636333f1-79bd-4ffd-ad85-76f6031f7239 ] Request (TrunkTestJSON:_run_cleanups): 404 DELETE http://10.167.4.35:9696/v2.0/ports/b6ff4e4c-0256-4360-84ad-9e34715fc140 0.067s
2019-02-15 07:35:57.807 13237 DEBUG tempest.lib.common.rest_client [req-636333f1-79bd-4ffd-ad85-76f6031f7239 ] Request - Headers: {'Content-Type': 'application/json', 'Accept': 'application/json', 'X-Auth-Token': ''} Body: None Response - Headers: {'status': '404', u'content-length': '132', 'content-location': 'http://10.167.4.35:9696/v2.0/ports/b6ff4e4c-0256-4360-84ad-9e34715fc140', u'date': 'Fri, 15 Feb 2019 07:35:57 GMT', u'content-type': 'application/json', u'connection': 'close', u'x-openstack-request-id': 'req-636333f1-79bd-4ffd-ad85-76f6031f7239'} Body: {"NeutronError": {"message": "Port b6ff4e4c-0256-4360-84ad-9e34715fc140 could not be found.", "type": "PortNotFound", "detail": ""}} _log_request_full /root/.rally/verification/verifier-40330e19-944e-4d87-87b5-d0062234cb5f/repo/tempest/lib/common/rest_client.py:437
2019-02-15 07:35:58.272 13234 INFO paramiko.transport [-] Connected (version 2.0, client dropbear_2015.67)
2019-02-15 07:35:58.668 13233 INFO tempest.lib.common.rest_client [req-32a2153e-59d1-41f3-8a75-52cb57b2bbe9 ] Request (TrunkTestJSON:_run_cleanups): 204 DELETE http://10.167.4.35:9696/v2.0/ports/e4a994a2-435a-4065-b7b4-312d4958b2ce 0.919s
2019-02-15 07:35:58.668 13233 DEBUG tempest.lib.common.rest_client [req-32a2153e-59d1-41f3-8a75-52cb57b2bbe9 ] Request - Headers: {'Content-Type': 'application/json', 'Accept': 'application/json', 'X-Auth-Token': ''} Body: None Response - Headers: {'status': '204', u'content-length': '0', 'content-location': 'http://10.167.4.35:9696/v2.0/ports/e4a994a2-435a-4065-b7b4-312d4958b2ce', u'date': 'Fri, 15 Feb 2019 07:35:58 GMT', u'connection': 'close', u'x-openstack-request-id': 'req-32a2153e-59d1-41f3-8a75-52cb57b2bbe9'} Body: _log_request_full /root/.rally/verification/verifier-40330e19-944e-4d87-87b5-d0062234cb5f/repo/tempest/lib/common/rest_client.py:437
2019-02-15 07:35:58.715 13237 INFO tempest.lib.common.rest_client [req-baf05f55-7aea-417c-8efb-6b652d08fe57 ] Request (TrunkTestJSON:_run_cleanups): 204 DELETE http://10.167.4.35:9696/v2.0/ports/6653373f-ef04-41df-84bc-1f77f25239c8 0.907s
2019-02-15 07:35:58.715 13237 DEBUG tempest.lib.common.rest_client [req-baf05f55-7aea-417c-8efb-6b652d08fe57 ] Request - Headers: {'Content-Type': 'application/json', 'Accept': 'application/json', 'X-Auth-Token': ''} Body: None Response - Headers: {'status': '204', u'content-length': '0', 'content-location': 'http://10.167.4.35:9696/v2.0/ports/6653373f-ef04-41df-84bc-1f77f25239c8', u'date': 'Fri, 15 Feb 2019 07:35:58 GMT', u'connection': 'close', u'x-openstack-request-id': 'req-baf05f55-7aea-417c-8efb-6b652d08fe57'} Body: _log_request_full /root/.rally/verification/verifier-40330e19-944e-4d87-87b5-d0062234cb5f/repo/tempest/lib/common/rest_client.py:437
2019-02-15 07:35:58.748 13237 INFO tempest.lib.common.rest_client [req-ea5daa20-b987-4c87-84d3-c9864118886d ] Request (TrunkTestJSON:_run_cleanups): 404 DELETE http://10.167.4.35:9696/v2.0/networks/45b59e4c-1d47-4fce-b215-4d88da0f4fd5 0.031s
2019-02-15 07:35:58.748 13237 DEBUG tempest.lib.common.rest_client [req-ea5daa20-b987-4c87-84d3-c9864118886d ] Request - Headers: {'Content-Type': 'application/json', 'Accept': 'application/json', 'X-Auth-Token': ''} Body: None Response - Headers: {'status': '404', u'content-length': '138', 'content-location': 'http://10.167.4.35:9696/v2.0/networks/45b59e4c-1d47-4fce-b215-4d88da0f4fd5', u'date': 'Fri, 15 Feb 2019 07:35:58 GMT', u'content-type': 'application/json', u'connection': 'close', u'x-openstack-request-id': 'req-ea5daa20-b987-4c87-84d3-c9864118886d'} Body: {"NeutronError": {"message": "Network 45b59e4c-1d47-4fce-b215-4d88da0f4fd5 could not be found.", "type": "NetworkNotFound", "detail": ""}} _log_request_full /root/.rally/verification/verifier-40330e19-944e-4d87-87b5-d0062234cb5f/repo/tempest/lib/common/rest_client.py:437
2019-02-15 07:35:58.785 13237 INFO tempest.lib.common.rest_client [req-807d373e-e64d-4f05-806d-ad84075dab41 ] Request (TrunkTestJSON:_run_cleanups): 404 DELETE http://10.167.4.35:9696/v2.0/networks/d7ad47d5-8628-440f-9a51-7631a2553a1b 0.036s
2019-02-15 07:35:58.786 13237 DEBUG tempest.lib.common.rest_client [req-807d373e-e64d-4f05-806d-ad84075dab41 ] Request - Headers: {'Content-Type': 'application/json', 'Accept': 'application/json', 'X-Auth-Token': ''} Body: None Response - Headers: {'status': '404', u'content-length': '138', 'content-location': 'http://10.167.4.35:9696/v2.0/networks/d7ad47d5-8628-440f-9a51-7631a2553a1b', u'date': 'Fri, 15 Feb 2019 07:35:58 GMT', u'content-type': 'application/json', u'connection': 'close', u'x-openstack-request-id': 'req-807d373e-e64d-4f05-806d-ad84075dab41'} Body: {"NeutronError": {"message": "Network d7ad47d5-8628-440f-9a51-7631a2553a1b could not be found.", "type": "NetworkNotFound", "detail": ""}} _log_request_full /root/.rally/verification/verifier-40330e19-944e-4d87-87b5-d0062234cb5f/repo/tempest/lib/common/rest_client.py:437
2019-02-15 07:35:58.881 13237 INFO tempest.lib.common.rest_client [req-5111f296-d58e-496e-af9e-33fde9d7e7d6 ] Request (TrunkTestJSON:_run_cleanups): 404 DELETE http://10.167.4.35:9696/v2.0/networks/e4c69c35-cc72-4ffc-83c8-1788721986e7 0.094s
2019-02-15 07:35:58.882 13237 DEBUG tempest.lib.common.rest_client [req-5111f296-d58e-496e-af9e-33fde9d7e7d6 ] Request - Headers: {'Content-Type': 'application/json', 'Accept': 'application/json', 'X-Auth-Token': ''} Body: None Response - Headers: {'status': '404', u'content-length': '138', 'content-location': 'http://10.167.4.35:9696/v2.0/networks/e4c69c35-cc72-4ffc-83c8-1788721986e7', u'date': 'Fri, 15 Feb 2019 07:35:58 GMT', u'content-type': 'application/json', u'connection': 'close', u'x-openstack-request-id': 'req-5111f296-d58e-496e-af9e-33fde9d7e7d6'} Body: {"NeutronError": {"message": "Network e4c69c35-cc72-4ffc-83c8-1788721986e7 could not be found.", "type": "NetworkNotFound", "detail": ""}} _log_request_full /root/.rally/verification/verifier-40330e19-944e-4d87-87b5-d0062234cb5f/repo/tempest/lib/common/rest_client.py:437
2019-02-15 07:35:58.923 13237 INFO tempest.lib.common.rest_client [req-245d31c7-9a13-4c0a-a927-f7bc7d844adf ] Request (TrunkTestJSON:_run_cleanups): 404 DELETE http://10.167.4.35:9696/v2.0/networks/c24ef31d-3563-4243-9a04-de09479846c7 0.041s
2019-02-15 07:35:58.924 13237 DEBUG tempest.lib.common.rest_client [req-245d31c7-9a13-4c0a-a927-f7bc7d844adf ] Request - Headers: {'Content-Type': 'application/json', 'Accept': 'application/json', 'X-Auth-Token': ''} Body: None Response - Headers: {'status': '404', u'content-length': '138', 'content-location': 'http://10.167.4.35:9696/v2.0/networks/c24ef31d-3563-4243-9a04-de09479846c7', u'date': 'Fri, 15 Feb 2019 07:35:58 GMT', u'content-type': 'application/json', u'connection': 'close', u'x-openstack-request-id': 'req-245d31c7-9a13-4c0a-a927-f7bc7d844adf'} Body: {"NeutronError": {"message": "Network c24ef31d-3563-4243-9a04-de09479846c7 could not be found.", "type": "NetworkNotFound", "detail": ""}} _log_request_full /root/.rally/verification/verifier-40330e19-944e-4d87-87b5-d0062234cb5f/repo/tempest/lib/common/rest_client.py:437
2019-02-15 07:35:58.982 13237 INFO tempest.lib.common.rest_client [req-7388f8bf-b10f-4f5c-bc72-96995f8d9233 ] Request (TrunkTestJSON:_run_cleanups): 404 DELETE http://10.167.4.35:9696/v2.0/networks/2eff93f3-9001-4cd8-90a0-02ed4a8d458e 0.057s
2019-02-15 07:35:58.982 13237 DEBUG tempest.lib.common.rest_client [req-7388f8bf-b10f-4f5c-bc72-96995f8d9233 ] Request - Headers: {'Content-Type': 'application/json', 'Accept': 'application/json', 'X-Auth-Token': ''} Body: None Response - Headers: {'status': '404', u'content-length': '138', 'content-location': 'http://10.167.4.35:9696/v2.0/networks/2eff93f3-9001-4cd8-90a0-02ed4a8d458e', u'date': 'Fri, 15 Feb 2019 07:35:58 GMT', u'content-type': 'application/json', u'connection': 'close', u'x-openstack-request-id': 'req-7388f8bf-b10f-4f5c-bc72-96995f8d9233'} Body: {"NeutronError": {"message": "Network 2eff93f3-9001-4cd8-90a0-02ed4a8d458e could not be found.", "type": "NetworkNotFound", "detail": ""}} _log_request_full /root/.rally/verification/verifier-40330e19-944e-4d87-87b5-d0062234cb5f/repo/tempest/lib/common/rest_client.py:437
2019-02-15 07:35:59.032 13237 INFO tempest.lib.common.rest_client [req-1fa05bb0-20bf-4762-aed9-918e9e8a7418 ] Request (TrunkTestJSON:_run_cleanups): 404 DELETE http://10.167.4.35:9696/v2.0/networks/369737ae-26ae-41d8-b54c-c8d9ede5f5ab 0.049s
2019-02-15 07:35:59.032 13237 DEBUG tempest.lib.common.rest_client [req-1fa05bb0-20bf-4762-aed9-918e9e8a7418 ] Request - Headers: {'Content-Type': 'application/json', 'Accept': 'application/json', 'X-Auth-Token': ''} Body: None Response - Headers: {'status': '404', u'content-length': '138', 'content-location': 'http://10.167.4.35:9696/v2.0/networks/369737ae-26ae-41d8-b54c-c8d9ede5f5ab', u'date': 'Fri, 15 Feb 2019 07:35:59 GMT', u'content-type': 'application/json', u'connection': 'close', u'x-openstack-request-id': 'req-1fa05bb0-20bf-4762-aed9-918e9e8a7418'} Body: {"NeutronError": {"message": "Network 369737ae-26ae-41d8-b54c-c8d9ede5f5ab could not be found.", "type": "NetworkNotFound", "detail": ""}} _log_request_full /root/.rally/verification/verifier-40330e19-944e-4d87-87b5-d0062234cb5f/repo/tempest/lib/common/rest_client.py:437
2019-02-15 07:35:59.085 13237 INFO tempest.lib.common.rest_client [req-1f2f86a1-732d-43a6-a218-de3c2e923661 ] Request (TrunkTestJSON:_run_cleanups): 404 DELETE http://10.167.4.35:9696/v2.0/networks/882d7813-a812-4641-8940-596aee1a6426 0.051s
2019-02-15 07:35:59.085 13237 DEBUG tempest.lib.common.rest_client [req-1f2f86a1-732d-43a6-a218-de3c2e923661 ] Request - Headers: {'Content-Type': 'application/json', 'Accept': 'application/json', 'X-Auth-Token': ''} Body: None Response - Headers: {'status': '404', u'content-length': '138', 'content-location': 'http://10.167.4.35:9696/v2.0/networks/882d7813-a812-4641-8940-596aee1a6426', u'date': 'Fri, 15 Feb 2019 07:35:59 GMT', u'content-type': 'application/json', u'connection': 'close', u'x-openstack-request-id': 'req-1f2f86a1-732d-43a6-a218-de3c2e923661'} Body: {"NeutronError": {"message": "Network 882d7813-a812-4641-8940-596aee1a6426 could not be found.", "type": "NetworkNotFound", "detail": ""}} _log_request_full /root/.rally/verification/verifier-40330e19-944e-4d87-87b5-d0062234cb5f/repo/tempest/lib/common/rest_client.py:437
2019-02-15 07:35:59.434 13233 INFO tempest.lib.common.rest_client [req-d254c405-774e-4946-a562-1646b0e9ac19 ] Request (TrunkTestJSON:_run_cleanups): 204 DELETE http://10.167.4.35:9696/v2.0/ports/2c05bbff-005d-4246-ae73-156bf403af51 0.765s
2019-02-15 07:35:59.435 13233 DEBUG tempest.lib.common.rest_client [req-d254c405-774e-4946-a562-1646b0e9ac19 ] Request - Headers: {'Content-Type': 'application/json', 'Accept': 'application/json', 'X-Auth-Token': ''} Body: None Response - Headers: {'status': '204', u'content-length': '0', 'content-location': 'http://10.167.4.35:9696/v2.0/ports/2c05bbff-005d-4246-ae73-156bf403af51', u'date': 'Fri, 15 Feb 2019 07:35:59 GMT', u'connection': 'close', u'x-openstack-request-id': 'req-d254c405-774e-4946-a562-1646b0e9ac19'} Body: _log_request_full /root/.rally/verification/verifier-40330e19-944e-4d87-87b5-d0062234cb5f/repo/tempest/lib/common/rest_client.py:437
2019-02-15 07:35:59.469 13233 INFO tempest.lib.common.rest_client [req-8831d5a8-815a-4260-826d-07c636ecd075 ] Request (TrunkTestJSON:_run_cleanups): 404 DELETE http://10.167.4.35:9696/v2.0/networks/9d14da74-e13d-432f-aadc-85df21bfabf9 0.033s
2019-02-15 07:35:59.469 13233 DEBUG tempest.lib.common.rest_client [req-8831d5a8-815a-4260-826d-07c636ecd075 ] Request - Headers: {'Content-Type': 'application/json', 'Accept': 'application/json', 'X-Auth-Token': ''} Body: None Response - Headers: {'status': '404', u'content-length': '138', 'content-location': 'http://10.167.4.35:9696/v2.0/networks/9d14da74-e13d-432f-aadc-85df21bfabf9', u'date': 'Fri, 15 Feb 2019 07:35:59 GMT', u'content-type': 'application/json', u'connection': 'close', u'x-openstack-request-id': 'req-8831d5a8-815a-4260-826d-07c636ecd075'} Body: {"NeutronError": {"message": "Network 9d14da74-e13d-432f-aadc-85df21bfabf9 could not be found.", "type": "NetworkNotFound", "detail": ""}} _log_request_full /root/.rally/verification/verifier-40330e19-944e-4d87-87b5-d0062234cb5f/repo/tempest/lib/common/rest_client.py:437
2019-02-15 07:35:59.526 13233 INFO tempest.lib.common.rest_client [req-62cde34c-d609-4af9-80c8-dea83378cac0 ] Request (TrunkTestJSON:_run_cleanups): 404 DELETE http://10.167.4.35:9696/v2.0/networks/3f271085-8ab6-448f-a583-7830efc1fbb5 0.056s
2019-02-15 07:35:59.527 13233 DEBUG tempest.lib.common.rest_client [req-62cde34c-d609-4af9-80c8-dea83378cac0 ] Request - Headers: {'Content-Type': 'application/json', 'Accept': 'application/json', 'X-Auth-Token': ''} Body: None Response - Headers: {'status': '404', u'content-length': '138', 'content-location': 'http://10.167.4.35:9696/v2.0/networks/3f271085-8ab6-448f-a583-7830efc1fbb5', u'date': 'Fri, 15 Feb 2019 07:35:59 GMT', u'content-type': 'application/json', u'connection': 'close', u'x-openstack-request-id': 'req-62cde34c-d609-4af9-80c8-dea83378cac0'} Body: {"NeutronError": {"message": "Network 3f271085-8ab6-448f-a583-7830efc1fbb5 could not be found.", "type": "NetworkNotFound", "detail": ""}} _log_request_full /root/.rally/verification/verifier-40330e19-944e-4d87-87b5-d0062234cb5f/repo/tempest/lib/common/rest_client.py:437
2019-02-15 07:35:59.593 13233 INFO tempest.lib.common.rest_client [req-4ae76a5d-ce4a-447a-a7c4-0c317b4c911b ] Request (TrunkTestJSON:_run_cleanups): 404 DELETE http://10.167.4.35:9696/v2.0/networks/b7ea3aeb-4aaa-439a-88e2-de7aa468c1c6 0.065s
2019-02-15 07:35:59.593 13233 DEBUG tempest.lib.common.rest_client [req-4ae76a5d-ce4a-447a-a7c4-0c317b4c911b ] Request - Headers: {'Content-Type': 'application/json', 'Accept': 'application/json', 'X-Auth-Token': ''} Body: None Response - Headers: {'status': '404', u'content-length': '138', 'content-location': 'http://10.167.4.35:9696/v2.0/networks/b7ea3aeb-4aaa-439a-88e2-de7aa468c1c6', u'date': 'Fri, 15 Feb 2019 07:35:59 GMT', u'content-type': 'application/json', u'connection': 'close', u'x-openstack-request-id': 'req-4ae76a5d-ce4a-447a-a7c4-0c317b4c911b'} Body: {"NeutronError": {"message": "Network b7ea3aeb-4aaa-439a-88e2-de7aa468c1c6 could not be found.", "type": "NetworkNotFound", "detail": ""}} _log_request_full /root/.rally/verification/verifier-40330e19-944e-4d87-87b5-d0062234cb5f/repo/tempest/lib/common/rest_client.py:437
2019-02-15 07:35:59.641 13233 INFO tempest.lib.common.rest_client [req-968079e2-bd51-4166-a2d4-e8ff85de4cac ] Request (TrunkTestJSON:_run_cleanups): 404 DELETE http://10.167.4.35:9696/v2.0/networks/f98c86fd-9baa-4c6a-83ab-45e49005d1a1 0.046s
2019-02-15 07:35:59.641 13233 DEBUG tempest.lib.common.rest_client [req-968079e2-bd51-4166-a2d4-e8ff85de4cac ] Request - Headers: {'Content-Type': 'application/json', 'Accept': 'application/json', 'X-Auth-Token': ''} Body: None Response - Headers: {'status': '404', u'content-length': '138', 'content-location': 'http://10.167.4.35:9696/v2.0/networks/f98c86fd-9baa-4c6a-83ab-45e49005d1a1', u'date': 'Fri, 15 Feb 2019 07:35:59 GMT', u'content-type': 'application/json', u'connection': 'close', u'x-openstack-request-id': 'req-968079e2-bd51-4166-a2d4-e8ff85de4cac'} Body: {"NeutronError": {"message": "Network f98c86fd-9baa-4c6a-83ab-45e49005d1a1 could not be found.", "type": "NetworkNotFound", "detail": ""}} _log_request_full /root/.rally/verification/verifier-40330e19-944e-4d87-87b5-d0062234cb5f/repo/tempest/lib/common/rest_client.py:437
2019-02-15 07:35:59.691 13233 INFO tempest.lib.common.rest_client [req-3849ab9d-0bf4-4159-b206-335c8d9d9ab4 ] Request (TrunkTestJSON:_run_cleanups): 404 DELETE http://10.167.4.35:9696/v2.0/networks/ad7d46ea-7756-4547-8f5c-7ef01e6e8726 0.049s
2019-02-15 07:35:59.692 13233 DEBUG tempest.lib.common.rest_client [req-3849ab9d-0bf4-4159-b206-335c8d9d9ab4 ] Request - Headers: {'Content-Type': 'application/json', 'Accept': 'application/json', 'X-Auth-Token': ''} Body: None Response - Headers: {'status': '404', u'content-length': '138', 'content-location': 'http://10.167.4.35:9696/v2.0/networks/ad7d46ea-7756-4547-8f5c-7ef01e6e8726', u'date': 'Fri, 15 Feb 2019 07:35:59 GMT', u'content-type': 'application/json', u'connection': 'close', u'x-openstack-request-id': 'req-3849ab9d-0bf4-4159-b206-335c8d9d9ab4'} Body: {"NeutronError": {"message": "Network ad7d46ea-7756-4547-8f5c-7ef01e6e8726 could not be found.", "type": "NetworkNotFound", "detail": ""}} _log_request_full /root/.rally/verification/verifier-40330e19-944e-4d87-87b5-d0062234cb5f/repo/tempest/lib/common/rest_client.py:437
2019-02-15 07:35:59.736 13233 INFO tempest.lib.common.rest_client [req-63cb9a67-4aa1-4626-94f4-7f4e3beb34de ] Request (TrunkTestJSON:_run_cleanups): 404 DELETE http://10.167.4.35:9696/v2.0/networks/7f745b3c-27fe-461d-b99f-ebb79a6bef49 0.043s
2019-02-15 07:35:59.736 13233 DEBUG tempest.lib.common.rest_client [req-63cb9a67-4aa1-4626-94f4-7f4e3beb34de ] Request - Headers: {'Content-Type': 'application/json', 'Accept': 'application/json', 'X-Auth-Token': ''} Body: None Response - Headers: {'status': '404', u'content-length': '138', 'content-location': 'http://10.167.4.35:9696/v2.0/networks/7f745b3c-27fe-461d-b99f-ebb79a6bef49', u'date': 'Fri, 15 Feb 2019 07:35:59 GMT', u'content-type': 'application/json', u'connection': 'close', u'x-openstack-request-id': 'req-63cb9a67-4aa1-4626-94f4-7f4e3beb34de'} Body: {"NeutronError": {"message": "Network 7f745b3c-27fe-461d-b99f-ebb79a6bef49 could not be found.", "type": "NetworkNotFound", "detail": ""}} _log_request_full /root/.rally/verification/verifier-40330e19-944e-4d87-87b5-d0062234cb5f/repo/tempest/lib/common/rest_client.py:437
2019-02-15 07:35:59.793 13233 INFO tempest.lib.common.rest_client [req-e08b0cf2-2a0b-4f60-9ed2-1e0004ab1a01 ] Request (TrunkTestJSON:_run_cleanups): 404 DELETE http://10.167.4.35:9696/v2.0/networks/68b5e23d-958c-473a-b79a-449cddc5d156 0.055s
2019-02-15 07:35:59.793 13233 DEBUG tempest.lib.common.rest_client [req-e08b0cf2-2a0b-4f60-9ed2-1e0004ab1a01 ] Request - Headers: {'Content-Type': 'application/json', 'Accept': 'application/json', 'X-Auth-Token': ''} Body: None Response - Headers: {'status': '404', u'content-length': '138', 'content-location': 'http://10.167.4.35:9696/v2.0/networks/68b5e23d-958c-473a-b79a-449cddc5d156', u'date': 'Fri, 15 Feb 2019 07:35:59 GMT', u'content-type': 'application/json', u'connection': 'close', u'x-openstack-request-id': 'req-e08b0cf2-2a0b-4f60-9ed2-1e0004ab1a01'} Body: {"NeutronError": {"message": "Network 68b5e23d-958c-473a-b79a-449cddc5d156 could not be found.", "type": "NetworkNotFound", "detail": ""}} _log_request_full /root/.rally/verification/verifier-40330e19-944e-4d87-87b5-d0062234cb5f/repo/tempest/lib/common/rest_client.py:437
2019-02-15 07:36:00.274 13237 INFO tempest.lib.common.rest_client [req-de6e1603-97b4-46a6-ae32-861d1c72c225 ] Request (TrunkTestJSON:_run_cleanups): 204 DELETE http://10.167.4.35:9696/v2.0/networks/ea5f413b-df69-4e1c-9bd3-a206a2d94679 1.188s
2019-02-15 07:36:00.275 13237 DEBUG tempest.lib.common.rest_client [req-de6e1603-97b4-46a6-ae32-861d1c72c225 ] Request - Headers: {'Content-Type': 'application/json', 'Accept': 'application/json', 'X-Auth-Token': ''} Body: None Response - Headers: {'status': '204', u'content-length': '0', 'content-location': 'http://10.167.4.35:9696/v2.0/networks/ea5f413b-df69-4e1c-9bd3-a206a2d94679', u'date': 'Fri, 15 Feb 2019 07:36:00 GMT', u'connection': 'close', u'x-openstack-request-id': 'req-de6e1603-97b4-46a6-ae32-861d1c72c225'} Body: _log_request_full /root/.rally/verification/verifier-40330e19-944e-4d87-87b5-d0062234cb5f/repo/tempest/lib/common/rest_client.py:437
2019-02-15 07:36:00.505 13237 INFO tempest.lib.common.rest_client [req-fe74cf75-ee9c-4f6d-bd1b-ef8f6bd23be0 ] Request (TrunkTestJSON:test_create_subport_nonexistent_trunk): 201 POST http://10.167.4.35:9696/v2.0/networks 0.228s
2019-02-15 07:36:00.506 13237 DEBUG tempest.lib.common.rest_client [req-fe74cf75-ee9c-4f6d-bd1b-ef8f6bd23be0 ] Request - Headers: {'Content-Type': 'application/json', 'Accept': 'application/json', 'X-Auth-Token': ''} Body: {"network": {"name": "tempest-test-network--952761552"}} Response - Headers: {'status': '201', u'content-length': '568', 'content-location': 'http://10.167.4.35:9696/v2.0/networks', u'date': 'Fri, 15 Feb 2019 07:36:00 GMT', u'content-type': 'application/json', u'connection': 'close', u'x-openstack-request-id': 'req-fe74cf75-ee9c-4f6d-bd1b-ef8f6bd23be0'} Body: {"network":{"status":"ACTIVE","router:external":false,"availability_zone_hints":[],"availability_zones":[],"description":"","subnets":[],"shared":false,"tenant_id":"8ac87e75d3054f08a342161a789598b6","created_at":"2019-02-15T07:36:00Z","tags":[],"ipv6_address_scope":null,"mtu":1450,"updated_at":"2019-02-15T07:36:00Z","admin_state_up":true,"revision_number":1,"ipv4_address_scope":null,"is_default":false,"port_security_enabled":true,"project_id":"8ac87e75d3054f08a342161a789598b6","id":"df113288-3de2-4cbc-9c5e-907632ae2ad1","name":"tempest-test-network--952761552"}} _log_request_full /root/.rally/verification/verifier-40330e19-944e-4d87-87b5-d0062234cb5f/repo/tempest/lib/common/rest_client.py:437
2019-02-15 07:36:00.587 13234 INFO paramiko.transport [-] Authentication (publickey) successful!
2019-02-15 07:36:00.609 13234 INFO tempest.lib.common.ssh [-] ssh connection to cirros@172.30.10.124 successfully created
2019-02-15 07:36:00.841 13233 INFO tempest.lib.common.rest_client [req-e51416ad-f65b-4501-8eb4-f0b78085df53 ] Request (TrunkTestJSON:_run_cleanups): 204 DELETE http://10.167.4.35:9696/v2.0/networks/86c7e592-4696-469f-94ad-36beecccbf11 1.047s
2019-02-15 07:36:00.842 13233 DEBUG tempest.lib.common.rest_client [req-e51416ad-f65b-4501-8eb4-f0b78085df53 ] Request - Headers: {'Content-Type': 'application/json', 'Accept': 'application/json', 'X-Auth-Token': ''} Body: None Response - Headers: {'status': '204', u'content-length': '0', 'content-location': 'http://10.167.4.35:9696/v2.0/networks/86c7e592-4696-469f-94ad-36beecccbf11', u'date': 'Fri, 15 Feb 2019 07:36:00 GMT', u'connection': 'close', u'x-openstack-request-id': 'req-e51416ad-f65b-4501-8eb4-f0b78085df53'} Body: _log_request_full /root/.rally/verification/verifier-40330e19-944e-4d87-87b5-d0062234cb5f/repo/tempest/lib/common/rest_client.py:437
2019-02-15 07:36:01.375 13234 INFO tempest.lib.common.rest_client [req-e5bcc70a-fd19-4aa9-aff4-cd148be3ac62 ] Request (TrunkTest:test_trunk_subport_lifecycle): 200 GET http://10.167.4.35:8774/v2.1/servers/fe83de7c-21c5-42ea-ae56-b505b5ade11f 0.652s
2019-02-15 07:36:01.376 13234 DEBUG tempest.lib.common.rest_client [req-e5bcc70a-fd19-4aa9-aff4-cd148be3ac62 ] Request - Headers: {'Content-Type': 'application/json', 'Accept': 'application/json', 'X-Auth-Token': ''} Body: None Response - Headers: {'status': '200', u'content-length': '1692', 'content-location': 'http://10.167.4.35:8774/v2.1/servers/fe83de7c-21c5-42ea-ae56-b505b5ade11f', u'x-compute-request-id': 'req-e5bcc70a-fd19-4aa9-aff4-cd148be3ac62', u'vary': 'X-OpenStack-Nova-API-Version', u'openstack-api-version': 'compute 2.1', u'connection': 'close', u'x-openstack-nova-api-version': '2.1', u'date': 'Fri, 15 Feb 2019 07:36:01 GMT', u'content-type': 'application/json', u'x-openstack-request-id': 'req-e5bcc70a-fd19-4aa9-aff4-cd148be3ac62'} Body: {"server": {"OS-EXT-STS:task_state": null, "addresses": {"tempest-test-network--900056292": [{"OS-EXT-IPS-MAC:mac_addr": "fa:16:3e:57:cd:dc", "version": 4, "addr": "192.168.120.5", "OS-EXT-IPS:type": "fixed"}, {"OS-EXT-IPS-MAC:mac_addr": "fa:16:3e:57:cd:dc", "version": 4, "addr": "172.30.10.119", "OS-EXT-IPS:type": "floating"}]}, "links": [{"href": "http://10.167.4.35:8774/v2.1/servers/fe83de7c-21c5-42ea-ae56-b505b5ade11f", "rel": "self"}, {"href": "http://10.167.4.35:8774/servers/fe83de7c-21c5-42ea-ae56-b505b5ade11f", "rel": "bookmark"}], "image": {"id": "060142b9-db73-4630-92c3-711d41400d0f", "links": [{"href": "http://10.167.4.35:8774/images/060142b9-db73-4630-92c3-711d41400d0f", "rel": "bookmark"}]}, "OS-EXT-STS:vm_state": "active", "OS-SRV-USG:launched_at": "2019-02-15T07:35:46.000000", "flavor": {"id": "6030a5fd-c9b2-4f7e-9f1b-20d6831c0ce9", "links": [{"href": "http://10.167.4.35:8774/flavors/6030a5fd-c9b2-4f7e-9f1b-20d6831c0ce9", "rel": "bookmark"}]}, "id": "fe83de7c-21c5-42ea-ae56-b505b5ade11f", "security_groups": [{"name": "tempest-secgroup-355882286"}], "user_id": "c297d9ad833e4075b663e7257ff2f486", "OS-DCF:diskConfig": "MANUAL", "accessIPv4": "", "accessIPv6": "", "progress": 0, "OS-EXT-STS:power_state": 1, "OS-EXT-AZ:availability_zone": "nova", "config_drive": "True", "status": "ACTIVE", "updated": "2019-02-15T07:35:47Z", "hostId": "64e999693e885e71b28a9e96f4369feba01eab10e2370eb744b833d3", "OS-SRV-USG:terminated_at": null, "key_name": "tempest-keypair-test-1611138129", "name": "tempest-server-test-308582662", "created": "2019-02-15T07:35:39Z", "tenant_id": "f455a4fd04af490b952066464fd362b9", "os-extended-volumes:volumes_attached": [], "metadata": {}}} _log_request_full /root/.rally/verification/verifier-40330e19-944e-4d87-87b5-d0062234cb5f/repo/tempest/lib/common/rest_client.py:437
2019-02-15 07:36:01.393 13234 INFO tempest.lib.common.ssh [-] Creating ssh connection to '172.30.10.119:22' as 'cirros' with public key authentication
2019-02-15 07:36:01.767 13237 INFO tempest.lib.common.rest_client [req-bf26857d-19ad-4f37-adc2-55bb819ed72a ] Request (TrunkTestJSON:test_create_subport_nonexistent_trunk): 201 POST http://10.167.4.35:9696/v2.0/ports 1.259s
2019-02-15 07:36:01.767 13237 DEBUG tempest.lib.common.rest_client [req-bf26857d-19ad-4f37-adc2-55bb819ed72a ] Request - Headers: {'Content-Type': 'application/json', 'Accept': 'application/json', 'X-Auth-Token': ''} Body: {"port": {"network_id": "df113288-3de2-4cbc-9c5e-907632ae2ad1"}} Response - Headers: {'status': '201', u'content-length': '615', 'content-location': 'http://10.167.4.35:9696/v2.0/ports', u'date': 'Fri, 15 Feb 2019 07:36:01 GMT', u'content-type': 'application/json', u'connection': 'close', u'x-openstack-request-id': 'req-bf26857d-19ad-4f37-adc2-55bb819ed72a'} Body: {"port":{"status":"DOWN","created_at":"2019-02-15T07:36:00Z","description":"","allowed_address_pairs":[],"tags":[],"network_id":"df113288-3de2-4cbc-9c5e-907632ae2ad1","tenant_id":"8ac87e75d3054f08a342161a789598b6","extra_dhcp_opts":[],"admin_state_up":true,"updated_at":"2019-02-15T07:36:01Z","name":"","device_owner":"","revision_number":1,"mac_address":"fa:16:3e:ed:f9:b2","binding:vnic_type":"normal","port_security_enabled":true,"project_id":"8ac87e75d3054f08a342161a789598b6","fixed_ips":[],"id":"5429c912-1646-4db1-90c2-9c314a9c0b96","security_groups":["d19c1d65-b68a-4958-8115-6c2ce9b9ef88"],"device_id":""}} _log_request_full /root/.rally/verification/verifier-40330e19-944e-4d87-87b5-d0062234cb5f/repo/tempest/lib/common/rest_client.py:437
2019-02-15 07:36:01.796 13237 INFO tempest.lib.common.rest_client [req-f5738f2f-a7b6-4120-83a7-79e2b806b3a5 ] Request (TrunkTestJSON:test_create_subport_nonexistent_trunk): 404 PUT http://10.167.4.35:9696/v2.0/trunks/9825ee2a-91b1-4a4b-8398-45a5037559ea/add_subports 0.027s
2019-02-15 07:36:01.796 13237 DEBUG tempest.lib.common.rest_client [req-f5738f2f-a7b6-4120-83a7-79e2b806b3a5 ] Request - Headers: {'Content-Type': 'application/json', 'Accept': 'application/json', 'X-Auth-Token': ''} Body: {"sub_ports": [{"segmentation_type": "vlan", "port_id": "5429c912-1646-4db1-90c2-9c314a9c0b96", "segmentation_id": 2}]} Response - Headers: {'status': '404', u'content-length': '134', 'content-location': 'http://10.167.4.35:9696/v2.0/trunks/9825ee2a-91b1-4a4b-8398-45a5037559ea/add_subports', u'date': 'Fri, 15 Feb 2019 07:36:01 GMT', u'content-type': 'application/json', u'connection': 'close', u'x-openstack-request-id': 'req-f5738f2f-a7b6-4120-83a7-79e2b806b3a5'} Body: {"NeutronError": {"message": "Trunk 9825ee2a-91b1-4a4b-8398-45a5037559ea could not be found.", "type": "TrunkNotFound", "detail": ""}} _log_request_full /root/.rally/verification/verifier-40330e19-944e-4d87-87b5-d0062234cb5f/repo/tempest/lib/common/rest_client.py:437
2019-02-15 07:36:01.828 13237 INFO tempest.lib.common.rest_client [req-aa4a0e48-3d30-4813-ae82-3d90083aaf2b ] Request (TrunkTestJSON:_run_cleanups): 404 GET http://10.167.4.35:9696/v2.0/trunks/06cfa7aa-6aa1-4401-bb30-6be5f5767ae5/get_subports 0.030s
2019-02-15 07:36:01.828 13237 DEBUG tempest.lib.common.rest_client [req-aa4a0e48-3d30-4813-ae82-3d90083aaf2b ] Request - Headers: {'Content-Type': 'application/json', 'Accept': 'application/json', 'X-Auth-Token': ''} Body: None Response - Headers: {'status': '404', u'content-length': '134', 'content-location': 'http://10.167.4.35:9696/v2.0/trunks/06cfa7aa-6aa1-4401-bb30-6be5f5767ae5/get_subports', u'date': 'Fri, 15 Feb 2019 07:36:01 GMT', u'content-type': 'application/json', u'connection': 'close', u'x-openstack-request-id': 'req-aa4a0e48-3d30-4813-ae82-3d90083aaf2b'} Body: {"NeutronError": {"message": "Trunk 06cfa7aa-6aa1-4401-bb30-6be5f5767ae5 could not be found.", "type": "TrunkNotFound", "detail": ""}} _log_request_full /root/.rally/verification/verifier-40330e19-944e-4d87-87b5-d0062234cb5f/repo/tempest/lib/common/rest_client.py:437
2019-02-15 07:36:01.869 13237 INFO tempest.lib.common.rest_client [req-a021f5f3-0982-4463-adf6-19a90db0a9f4 ] Request (TrunkTestJSON:_run_cleanups): 404 DELETE http://10.167.4.35:9696/v2.0/trunks/06cfa7aa-6aa1-4401-bb30-6be5f5767ae5 0.040s
2019-02-15 07:36:01.869 13237 DEBUG tempest.lib.common.rest_client [req-a021f5f3-0982-4463-adf6-19a90db0a9f4 ] Request - Headers: {'Content-Type': 'application/json', 'Accept': 'application/json', 'X-Auth-Token': ''} Body: None Response - Headers: {'status': '404', u'content-length': '134', 'content-location': 'http://10.167.4.35:9696/v2.0/trunks/06cfa7aa-6aa1-4401-bb30-6be5f5767ae5', u'date': 'Fri, 15 Feb 2019 07:36:01 GMT', u'content-type': 'application/json', u'connection': 'close', u'x-openstack-request-id': 'req-a021f5f3-0982-4463-adf6-19a90db0a9f4'} Body: {"NeutronError": {"message": "Trunk 06cfa7aa-6aa1-4401-bb30-6be5f5767ae5 could not be found.", "type": "TrunkNotFound", "detail": ""}} _log_request_full /root/.rally/verification/verifier-40330e19-944e-4d87-87b5-d0062234cb5f/repo/tempest/lib/common/rest_client.py:437
2019-02-15 07:36:01.908 13237 INFO tempest.lib.common.rest_client [req-c11f158a-4c1b-4d67-9581-34c12559dc2b ] Request (TrunkTestJSON:_run_cleanups): 404 GET http://10.167.4.35:9696/v2.0/trunks/b2617155-8f63-4025-b2ca-d4300b38d4cf/get_subports 0.037s
2019-02-15 07:36:01.909 13237 DEBUG tempest.lib.common.rest_client [req-c11f158a-4c1b-4d67-9581-34c12559dc2b ] Request - Headers: {'Content-Type': 'application/json', 'Accept': 'application/json', 'X-Auth-Token': ''} Body: None Response - Headers: {'status': '404', u'content-length': '134', 'content-location': 'http://10.167.4.35:9696/v2.0/trunks/b2617155-8f63-4025-b2ca-d4300b38d4cf/get_subports', u'date': 'Fri, 15 Feb 2019 07:36:01 GMT', u'content-type': 'application/json', u'connection': 'close', u'x-openstack-request-id': 'req-c11f158a-4c1b-4d67-9581-34c12559dc2b'} Body: {"NeutronError": {"message": "Trunk b2617155-8f63-4025-b2ca-d4300b38d4cf could not be found.", "type": "TrunkNotFound", "detail": ""}} _log_request_full /root/.rally/verification/verifier-40330e19-944e-4d87-87b5-d0062234cb5f/repo/tempest/lib/common/rest_client.py:437
2019-02-15 07:36:01.951 13237 INFO tempest.lib.common.rest_client [req-59fcf635-ddba-4864-9bce-1a1f6f7786f3 ] Request (TrunkTestJSON:_run_cleanups): 404 DELETE http://10.167.4.35:9696/v2.0/trunks/b2617155-8f63-4025-b2ca-d4300b38d4cf 0.041s
2019-02-15 07:36:01.951 13237 DEBUG tempest.lib.common.rest_client [req-59fcf635-ddba-4864-9bce-1a1f6f7786f3 ] Request - Headers: {'Content-Type': 'application/json', 'Accept': 'application/json', 'X-Auth-Token': ''} Body: None Response - Headers: {'status': '404', u'content-length': '134', 'content-location': 'http://10.167.4.35:9696/v2.0/trunks/b2617155-8f63-4025-b2ca-d4300b38d4cf', u'date': 'Fri, 15 Feb 2019 07:36:01 GMT', u'content-type': 'application/json', u'connection': 'close', u'x-openstack-request-id': 'req-59fcf635-ddba-4864-9bce-1a1f6f7786f3'} Body: {"NeutronError": {"message": "Trunk b2617155-8f63-4025-b2ca-d4300b38d4cf could not be found.", "type": "TrunkNotFound", "detail": ""}} _log_request_full /root/.rally/verification/verifier-40330e19-944e-4d87-87b5-d0062234cb5f/repo/tempest/lib/common/rest_client.py:437
2019-02-15 07:36:01.985 13237 INFO tempest.lib.common.rest_client [req-bad162ee-b870-469c-bd7b-5c9194993d53 ] Request (TrunkTestJSON:_run_cleanups): 404 GET http://10.167.4.35:9696/v2.0/trunks/717592c5-d93d-41d1-9cc2-9512164ba876/get_subports 0.033s
2019-02-15 07:36:01.986 13237 DEBUG tempest.lib.common.rest_client [req-bad162ee-b870-469c-bd7b-5c9194993d53 ] Request - Headers: {'Content-Type': 'application/json', 'Accept': 'application/json', 'X-Auth-Token': ''} Body: None Response - Headers: {'status': '404', u'content-length': '134', 'content-location': 'http://10.167.4.35:9696/v2.0/trunks/717592c5-d93d-41d1-9cc2-9512164ba876/get_subports', u'date': 'Fri, 15 Feb 2019 07:36:01 GMT', u'content-type': 'application/json', u'connection': 'close', u'x-openstack-request-id': 'req-bad162ee-b870-469c-bd7b-5c9194993d53'} Body: {"NeutronError": {"message": "Trunk 717592c5-d93d-41d1-9cc2-9512164ba876 could not be found.", "type": "TrunkNotFound", "detail": ""}} _log_request_full /root/.rally/verification/verifier-40330e19-944e-4d87-87b5-d0062234cb5f/repo/tempest/lib/common/rest_client.py:437
2019-02-15 07:36:02.026 13237 INFO tempest.lib.common.rest_client [req-83b53e4e-7c0e-4605-adb6-b9e31ac06ddb ] Request (TrunkTestJSON:_run_cleanups): 404 DELETE http://10.167.4.35:9696/v2.0/trunks/717592c5-d93d-41d1-9cc2-9512164ba876 0.039s
2019-02-15 07:36:02.027 13237 DEBUG tempest.lib.common.rest_client [req-83b53e4e-7c0e-4605-adb6-b9e31ac06ddb ] Request - Headers: {'Content-Type': 'application/json', 'Accept': 'application/json', 'X-Auth-Token': ''} Body: None Response - Headers: {'status': '404', u'content-length': '134', 'content-location': 'http://10.167.4.35:9696/v2.0/trunks/717592c5-d93d-41d1-9cc2-9512164ba876', u'date': 'Fri, 15 Feb 2019 07:36:02 GMT', u'content-type': 'application/json', u'connection': 'close', u'x-openstack-request-id': 'req-83b53e4e-7c0e-4605-adb6-b9e31ac06ddb'} Body: {"NeutronError": {"message": "Trunk 717592c5-d93d-41d1-9cc2-9512164ba876 could not be found.", "type": "TrunkNotFound", "detail": ""}} _log_request_full /root/.rally/verification/verifier-40330e19-944e-4d87-87b5-d0062234cb5f/repo/tempest/lib/common/rest_client.py:437
2019-02-15 07:36:02.056 13237 INFO tempest.lib.common.rest_client [req-e5e75cf6-0e04-4ae4-9b55-1c11aefa208b ] Request (TrunkTestJSON:_run_cleanups): 404 GET http://10.167.4.35:9696/v2.0/trunks/5e8d6f33-8696-4b41-9bbf-03f5d3e2b32a/get_subports 0.028s
2019-02-15 07:36:02.056 13237 DEBUG tempest.lib.common.rest_client [req-e5e75cf6-0e04-4ae4-9b55-1c11aefa208b ] Request - Headers: {'Content-Type': 'application/json', 'Accept': 'application/json', 'X-Auth-Token': ''} Body: None Response - Headers: {'status': '404', u'content-length': '134', 'content-location': 'http://10.167.4.35:9696/v2.0/trunks/5e8d6f33-8696-4b41-9bbf-03f5d3e2b32a/get_subports', u'date': 'Fri, 15 Feb 2019 07:36:02 GMT', u'content-type': 'application/json', u'connection': 'close', u'x-openstack-request-id': 'req-e5e75cf6-0e04-4ae4-9b55-1c11aefa208b'} Body: {"NeutronError": {"message": "Trunk 5e8d6f33-8696-4b41-9bbf-03f5d3e2b32a could not be found.", "type": "TrunkNotFound", "detail": ""}} _log_request_full /root/.rally/verification/verifier-40330e19-944e-4d87-87b5-d0062234cb5f/repo/tempest/lib/common/rest_client.py:437
2019-02-15 07:36:02.094 13237 INFO tempest.lib.common.rest_client [req-2f48b947-a443-4d2b-819e-cbe8d71a9384 ] Request (TrunkTestJSON:_run_cleanups): 404 DELETE http://10.167.4.35:9696/v2.0/trunks/5e8d6f33-8696-4b41-9bbf-03f5d3e2b32a 0.037s
2019-02-15 07:36:02.095 13237 DEBUG tempest.lib.common.rest_client [req-2f48b947-a443-4d2b-819e-cbe8d71a9384 ] Request - Headers: {'Content-Type': 'application/json', 'Accept': 'application/json', 'X-Auth-Token': ''} Body: None Response - Headers: {'status': '404', u'content-length': '134', 'content-location': 'http://10.167.4.35:9696/v2.0/trunks/5e8d6f33-8696-4b41-9bbf-03f5d3e2b32a', u'date': 'Fri, 15 Feb 2019 07:36:02 GMT', u'content-type': 'application/json', u'connection': 'close', u'x-openstack-request-id': 'req-2f48b947-a443-4d2b-819e-cbe8d71a9384'} Body: {"NeutronError": {"message": "Trunk 5e8d6f33-8696-4b41-9bbf-03f5d3e2b32a could not be found.", "type": "TrunkNotFound", "detail": ""}} _log_request_full /root/.rally/verification/verifier-40330e19-944e-4d87-87b5-d0062234cb5f/repo/tempest/lib/common/rest_client.py:437
2019-02-15 07:36:02.132 13237 INFO tempest.lib.common.rest_client [req-66e9f90f-a183-491a-addc-9e4126c43b1f ] Request (TrunkTestJSON:_run_cleanups): 404 GET http://10.167.4.35:9696/v2.0/trunks/27bfc2fd-35fa-4c33-8d93-58bafcb5f373/get_subports 0.037s
2019-02-15 07:36:02.133 13237 DEBUG tempest.lib.common.rest_client [req-66e9f90f-a183-491a-addc-9e4126c43b1f ] Request - Headers: {'Content-Type': 'application/json', 'Accept': 'application/json', 'X-Auth-Token': ''} Body: None Response - Headers: {'status': '404', u'content-length': '134', 'content-location': 'http://10.167.4.35:9696/v2.0/trunks/27bfc2fd-35fa-4c33-8d93-58bafcb5f373/get_subports', u'date': 'Fri, 15 Feb 2019 07:36:02 GMT', u'content-type': 'application/json', u'connection': 'close', u'x-openstack-request-id': 'req-66e9f90f-a183-491a-addc-9e4126c43b1f'} Body: {"NeutronError": {"message": "Trunk 27bfc2fd-35fa-4c33-8d93-58bafcb5f373 could not be found.", "type": "TrunkNotFound", "detail": ""}} _log_request_full /root/.rally/verification/verifier-40330e19-944e-4d87-87b5-d0062234cb5f/repo/tempest/lib/common/rest_client.py:437
2019-02-15 07:36:02.168 13237 INFO tempest.lib.common.rest_client [req-9707a872-86b3-494b-892e-7c877a354ce6 ] Request (TrunkTestJSON:_run_cleanups): 404 DELETE http://10.167.4.35:9696/v2.0/trunks/27bfc2fd-35fa-4c33-8d93-58bafcb5f373 0.034s
2019-02-15 07:36:02.168 13237 DEBUG tempest.lib.common.rest_client [req-9707a872-86b3-494b-892e-7c877a354ce6 ] Request - Headers: {'Content-Type': 'application/json', 'Accept': 'application/json', 'X-Auth-Token': ''} Body: None Response - Headers: {'status': '404', u'content-length': '134', 'content-location': 'http://10.167.4.35:9696/v2.0/trunks/27bfc2fd-35fa-4c33-8d93-58bafcb5f373', u'date': 'Fri, 15 Feb 2019 07:36:02 GMT', u'content-type': 'application/json', u'connection': 'close', u'x-openstack-request-id': 'req-9707a872-86b3-494b-892e-7c877a354ce6'} Body: {"NeutronError": {"message": "Trunk 27bfc2fd-35fa-4c33-8d93-58bafcb5f373 could not be found.", "type": "TrunkNotFound", "detail": ""}} _log_request_full /root/.rally/verification/verifier-40330e19-944e-4d87-87b5-d0062234cb5f/repo/tempest/lib/common/rest_client.py:437
2019-02-15 07:36:02.200 13237 INFO tempest.lib.common.rest_client [req-dbbd088b-c5c1-45b4-871d-2673d8a15fd2 ] Request (TrunkTestJSON:_run_cleanups): 404 GET http://10.167.4.35:9696/v2.0/trunks/8bf1070c-f07b-4891-a071-47cc92a04438/get_subports 0.030s
2019-02-15 07:36:02.200 13237 DEBUG tempest.lib.common.rest_client [req-dbbd088b-c5c1-45b4-871d-2673d8a15fd2 ] Request - Headers: {'Content-Type': 'application/json', 'Accept': 'application/json', 'X-Auth-Token': ''} Body: None Response - Headers: {'status': '404', u'content-length': '134', 'content-location': 'http://10.167.4.35:9696/v2.0/trunks/8bf1070c-f07b-4891-a071-47cc92a04438/get_subports', u'date': 'Fri, 15 Feb 2019 07:36:02 GMT', u'content-type': 'application/json', u'connection': 'close', u'x-openstack-request-id': 'req-dbbd088b-c5c1-45b4-871d-2673d8a15fd2'} Body: {"NeutronError": {"message": "Trunk 8bf1070c-f07b-4891-a071-47cc92a04438 could not be found.", "type": "TrunkNotFound", "detail": ""}} _log_request_full /root/.rally/verification/verifier-40330e19-944e-4d87-87b5-d0062234cb5f/repo/tempest/lib/common/rest_client.py:437
2019-02-15 07:36:02.245 13237 INFO tempest.lib.common.rest_client [req-202abc8c-817e-4a1e-9a35-308df4f37b88 ] Request (TrunkTestJSON:_run_cleanups): 404 DELETE http://10.167.4.35:9696/v2.0/trunks/8bf1070c-f07b-4891-a071-47cc92a04438 0.044s
2019-02-15 07:36:02.246 13237 DEBUG tempest.lib.common.rest_client [req-202abc8c-817e-4a1e-9a35-308df4f37b88 ] Request - Headers: {'Content-Type': 'application/json', 'Accept': 'application/json', 'X-Auth-Token': ''} Body: None Response - Headers: {'status': '404', u'content-length': '134', 'content-location': 'http://10.167.4.35:9696/v2.0/trunks/8bf1070c-f07b-4891-a071-47cc92a04438', u'date': 'Fri, 15 Feb 2019 07:36:02 GMT', u'content-type': 'application/json', u'connection': 'close', u'x-openstack-request-id': 'req-202abc8c-817e-4a1e-9a35-308df4f37b88'} Body: {"NeutronError": {"message": "Trunk 8bf1070c-f07b-4891-a071-47cc92a04438 could not be found.", "type": "TrunkNotFound", "detail": ""}} _log_request_full /root/.rally/verification/verifier-40330e19-944e-4d87-87b5-d0062234cb5f/repo/tempest/lib/common/rest_client.py:437
2019-02-15 07:36:02.275 13237 INFO tempest.lib.common.rest_client [req-4b196ad7-2bd9-415c-9043-a0c495f81592 ] Request (TrunkTestJSON:_run_cleanups): 404 GET http://10.167.4.35:9696/v2.0/trunks/06cfa7aa-6aa1-4401-bb30-6be5f5767ae5 0.028s
