2019-02-15 07:36:20.120 13237 DEBUG tempest.lib.common.rest_client [req-db4dae27-c89f-48a4-ae44-ab8a23d450ab ] Request - Headers: {'Content-Type': 'application/json', 'Accept': 'application/json', 'X-Auth-Token': ''} Body: None Response - Headers: {'status': '404', u'content-length': '132', 'content-location': 'http://10.167.4.35:9696/v2.0/ports/3c1425e9-237c-426d-855e-15b0e63fc5a2', u'date': 'Fri, 15 Feb 2019 07:36:20 GMT', u'content-type': 'application/json', u'connection': 'close', u'x-openstack-request-id': 'req-db4dae27-c89f-48a4-ae44-ab8a23d450ab'} Body: {"NeutronError": {"message": "Port 3c1425e9-237c-426d-855e-15b0e63fc5a2 could not be found.", "type": "PortNotFound", "detail": ""}} _log_request_full /root/.rally/verification/verifier-40330e19-944e-4d87-87b5-d0062234cb5f/repo/tempest/lib/common/rest_client.py:437
2019-02-15 07:36:20.188 13237 INFO tempest.lib.common.rest_client [req-f936e81e-b8cd-4adb-b32c-b374444f38e8 ] Request (TrunkTestJSON:_run_cleanups): 404 DELETE http://10.167.4.35:9696/v2.0/ports/a1a60743-a015-4e10-a7cb-e6709de3afdb 0.067s
2019-02-15 07:36:20.188 13237 DEBUG tempest.lib.common.rest_client [req-f936e81e-b8cd-4adb-b32c-b374444f38e8 ] Request - Headers: {'Content-Type': 'application/json', 'Accept': 'application/json', 'X-Auth-Token': ''} Body: None Response - Headers: {'status': '404', u'content-length': '132', 'content-location': 'http://10.167.4.35:9696/v2.0/ports/a1a60743-a015-4e10-a7cb-e6709de3afdb', u'date': 'Fri, 15 Feb 2019 07:36:20 GMT', u'content-type': 'application/json', u'connection': 'close', u'x-openstack-request-id': 'req-f936e81e-b8cd-4adb-b32c-b374444f38e8'} Body: {"NeutronError": {"message": "Port a1a60743-a015-4e10-a7cb-e6709de3afdb could not be found.", "type": "PortNotFound", "detail": ""}} _log_request_full /root/.rally/verification/verifier-40330e19-944e-4d87-87b5-d0062234cb5f/repo/tempest/lib/common/rest_client.py:437
2019-02-15 07:36:20.228 13237 INFO tempest.lib.common.rest_client [req-4837e650-6003-4f92-8d26-f2cde6d74d63 ] Request (TrunkTestJSON:_run_cleanups): 404 DELETE http://10.167.4.35:9696/v2.0/ports/ab5025fa-6cb9-4384-911c-6b15685850e4 0.038s
2019-02-15 07:36:20.228 13237 DEBUG tempest.lib.common.rest_client [req-4837e650-6003-4f92-8d26-f2cde6d74d63 ] Request - Headers: {'Content-Type': 'application/json', 'Accept': 'application/json', 'X-Auth-Token': ''} Body: None Response - Headers: {'status': '404', u'content-length': '132', 'content-location': 'http://10.167.4.35:9696/v2.0/ports/ab5025fa-6cb9-4384-911c-6b15685850e4', u'date': 'Fri, 15 Feb 2019 07:36:20 GMT', u'content-type': 'application/json', u'connection': 'close', u'x-openstack-request-id': 'req-4837e650-6003-4f92-8d26-f2cde6d74d63'} Body: {"NeutronError": {"message": "Port ab5025fa-6cb9-4384-911c-6b15685850e4 could not be found.", "type": "PortNotFound", "detail": ""}} _log_request_full /root/.rally/verification/verifier-40330e19-944e-4d87-87b5-d0062234cb5f/repo/tempest/lib/common/rest_client.py:437
2019-02-15 07:36:20.270 13237 INFO tempest.lib.common.rest_client [req-340aa333-3025-4f76-8518-fa78d004a4ec ] Request (TrunkTestJSON:_run_cleanups): 404 DELETE http://10.167.4.35:9696/v2.0/ports/b9e01b70-fa46-43a1-acb8-428fee3a5e1c 0.041s
2019-02-15 07:36:20.271 13237 DEBUG tempest.lib.common.rest_client [req-340aa333-3025-4f76-8518-fa78d004a4ec ] Request - Headers: {'Content-Type': 'application/json', 'Accept': 'application/json', 'X-Auth-Token': ''} Body: None Response - Headers: {'status': '404', u'content-length': '132', 'content-location': 'http://10.167.4.35:9696/v2.0/ports/b9e01b70-fa46-43a1-acb8-428fee3a5e1c', u'date': 'Fri, 15 Feb 2019 07:36:20 GMT', u'content-type': 'application/json', u'connection': 'close', u'x-openstack-request-id': 'req-340aa333-3025-4f76-8518-fa78d004a4ec'} Body: {"NeutronError": {"message": "Port b9e01b70-fa46-43a1-acb8-428fee3a5e1c could not be found.", "type": "PortNotFound", "detail": ""}} _log_request_full /root/.rally/verification/verifier-40330e19-944e-4d87-87b5-d0062234cb5f/repo/tempest/lib/common/rest_client.py:437
2019-02-15 07:36:20.337 13237 INFO tempest.lib.common.rest_client [req-32e76274-4799-41df-a977-e4ea32c07a48 ] Request (TrunkTestJSON:_run_cleanups): 404 DELETE http://10.167.4.35:9696/v2.0/ports/1cd6102e-b1b5-4029-ba51-086ad80798d5 0.065s
2019-02-15 07:36:20.338 13237 DEBUG tempest.lib.common.rest_client [req-32e76274-4799-41df-a977-e4ea32c07a48 ] Request - Headers: {'Content-Type': 'application/json', 'Accept': 'application/json', 'X-Auth-Token': ''} Body: None Response - Headers: {'status': '404', u'content-length': '132', 'content-location': 'http://10.167.4.35:9696/v2.0/ports/1cd6102e-b1b5-4029-ba51-086ad80798d5', u'date': 'Fri, 15 Feb 2019 07:36:20 GMT', u'content-type': 'application/json', u'connection': 'close', u'x-openstack-request-id': 'req-32e76274-4799-41df-a977-e4ea32c07a48'} Body: {"NeutronError": {"message": "Port 1cd6102e-b1b5-4029-ba51-086ad80798d5 could not be found.", "type": "PortNotFound", "detail": ""}} _log_request_full /root/.rally/verification/verifier-40330e19-944e-4d87-87b5-d0062234cb5f/repo/tempest/lib/common/rest_client.py:437
2019-02-15 07:36:20.401 13237 INFO tempest.lib.common.rest_client [req-d7456c65-f0ba-4c4e-8931-21918e168187 ] Request (TrunkTestJSON:_run_cleanups): 404 DELETE http://10.167.4.35:9696/v2.0/ports/b6ff4e4c-0256-4360-84ad-9e34715fc140 0.062s
2019-02-15 07:36:20.402 13237 DEBUG tempest.lib.common.rest_client [req-d7456c65-f0ba-4c4e-8931-21918e168187 ] Request - Headers: {'Content-Type': 'application/json', 'Accept': 'application/json', 'X-Auth-Token': ''} Body: None Response - Headers: {'status': '404', u'content-length': '132', 'content-location': 'http://10.167.4.35:9696/v2.0/ports/b6ff4e4c-0256-4360-84ad-9e34715fc140', u'date': 'Fri, 15 Feb 2019 07:36:20 GMT', u'content-type': 'application/json', u'connection': 'close', u'x-openstack-request-id': 'req-d7456c65-f0ba-4c4e-8931-21918e168187'} Body: {"NeutronError": {"message": "Port b6ff4e4c-0256-4360-84ad-9e34715fc140 could not be found.", "type": "PortNotFound", "detail": ""}} _log_request_full /root/.rally/verification/verifier-40330e19-944e-4d87-87b5-d0062234cb5f/repo/tempest/lib/common/rest_client.py:437
2019-02-15 07:36:20.450 13237 INFO tempest.lib.common.rest_client [req-4fb5fa54-46ca-49a0-a31a-5cde07a7955b ] Request (TrunkTestJSON:_run_cleanups): 404 DELETE http://10.167.4.35:9696/v2.0/ports/6653373f-ef04-41df-84bc-1f77f25239c8 0.047s
2019-02-15 07:36:20.451 13237 DEBUG tempest.lib.common.rest_client [req-4fb5fa54-46ca-49a0-a31a-5cde07a7955b ] Request - Headers: {'Content-Type': 'application/json', 'Accept': 'application/json', 'X-Auth-Token': ''} Body: None Response - Headers: {'status': '404', u'content-length': '132', 'content-location': 'http://10.167.4.35:9696/v2.0/ports/6653373f-ef04-41df-84bc-1f77f25239c8', u'date': 'Fri, 15 Feb 2019 07:36:20 GMT', u'content-type': 'application/json', u'connection': 'close', u'x-openstack-request-id': 'req-4fb5fa54-46ca-49a0-a31a-5cde07a7955b'} Body: {"NeutronError": {"message": "Port 6653373f-ef04-41df-84bc-1f77f25239c8 could not be found.", "type": "PortNotFound", "detail": ""}} _log_request_full /root/.rally/verification/verifier-40330e19-944e-4d87-87b5-d0062234cb5f/repo/tempest/lib/common/rest_client.py:437
2019-02-15 07:36:20.492 13237 INFO tempest.lib.common.rest_client [req-d7ffd006-db17-4eef-b5a9-8d440d95ab06 ] Request (TrunkTestJSON:_run_cleanups): 404 DELETE http://10.167.4.35:9696/v2.0/ports/5429c912-1646-4db1-90c2-9c314a9c0b96 0.040s
2019-02-15 07:36:20.492 13237 DEBUG tempest.lib.common.rest_client [req-d7ffd006-db17-4eef-b5a9-8d440d95ab06 ] Request - Headers: {'Content-Type': 'application/json', 'Accept': 'application/json', 'X-Auth-Token': ''} Body: None Response - Headers: {'status': '404', u'content-length': '132', 'content-location': 'http://10.167.4.35:9696/v2.0/ports/5429c912-1646-4db1-90c2-9c314a9c0b96', u'date': 'Fri, 15 Feb 2019 07:36:20 GMT', u'content-type': 'application/json', u'connection': 'close', u'x-openstack-request-id': 'req-d7ffd006-db17-4eef-b5a9-8d440d95ab06'} Body: {"NeutronError": {"message": "Port 5429c912-1646-4db1-90c2-9c314a9c0b96 could not be found.", "type": "PortNotFound", "detail": ""}} _log_request_full /root/.rally/verification/verifier-40330e19-944e-4d87-87b5-d0062234cb5f/repo/tempest/lib/common/rest_client.py:437
2019-02-15 07:36:20.536 13237 INFO tempest.lib.common.rest_client [req-e2b1917d-54dd-4aa6-a312-b77248a2d281 ] Request (TrunkTestJSON:_run_cleanups): 404 DELETE http://10.167.4.35:9696/v2.0/ports/2432bd6b-66cc-4271-b927-1dfe84fcc018 0.042s
2019-02-15 07:36:20.537 13237 DEBUG tempest.lib.common.rest_client [req-e2b1917d-54dd-4aa6-a312-b77248a2d281 ] Request - Headers: {'Content-Type': 'application/json', 'Accept': 'application/json', 'X-Auth-Token': ''} Body: None Response - Headers: {'status': '404', u'content-length': '132', 'content-location': 'http://10.167.4.35:9696/v2.0/ports/2432bd6b-66cc-4271-b927-1dfe84fcc018', u'date': 'Fri, 15 Feb 2019 07:36:20 GMT', u'content-type': 'application/json', u'connection': 'close', u'x-openstack-request-id': 'req-e2b1917d-54dd-4aa6-a312-b77248a2d281'} Body: {"NeutronError": {"message": "Port 2432bd6b-66cc-4271-b927-1dfe84fcc018 could not be found.", "type": "PortNotFound", "detail": ""}} _log_request_full /root/.rally/verification/verifier-40330e19-944e-4d87-87b5-d0062234cb5f/repo/tempest/lib/common/rest_client.py:437
2019-02-15 07:36:20.601 13237 INFO tempest.lib.common.rest_client [req-7320e213-d727-4aa0-acba-2b062cd24e0c ] Request (TrunkTestJSON:_run_cleanups): 404 DELETE http://10.167.4.35:9696/v2.0/ports/ee648885-66b0-4ad1-8310-e6ff57786fba 0.064s
2019-02-15 07:36:20.602 13237 DEBUG tempest.lib.common.rest_client [req-7320e213-d727-4aa0-acba-2b062cd24e0c ] Request - Headers: {'Content-Type': 'application/json', 'Accept': 'application/json', 'X-Auth-Token': ''} Body: None Response - Headers: {'status': '404', u'content-length': '132', 'content-location': 'http://10.167.4.35:9696/v2.0/ports/ee648885-66b0-4ad1-8310-e6ff57786fba', u'date': 'Fri, 15 Feb 2019 07:36:20 GMT', u'content-type': 'application/json', u'connection': 'close', u'x-openstack-request-id': 'req-7320e213-d727-4aa0-acba-2b062cd24e0c'} Body: {"NeutronError": {"message": "Port ee648885-66b0-4ad1-8310-e6ff57786fba could not be found.", "type": "PortNotFound", "detail": ""}} _log_request_full /root/.rally/verification/verifier-40330e19-944e-4d87-87b5-d0062234cb5f/repo/tempest/lib/common/rest_client.py:437
2019-02-15 07:36:20.643 13237 INFO tempest.lib.common.rest_client [req-bf76f085-e055-42d7-8960-734d4a90a970 ] Request (TrunkTestJSON:_run_cleanups): 404 DELETE http://10.167.4.35:9696/v2.0/ports/5f57a416-34b9-4327-abdc-22fbace560f0 0.040s
2019-02-15 07:36:20.644 13237 DEBUG tempest.lib.common.rest_client [req-bf76f085-e055-42d7-8960-734d4a90a970 ] Request - Headers: {'Content-Type': 'application/json', 'Accept': 'application/json', 'X-Auth-Token': ''} Body: None Response - Headers: {'status': '404', u'content-length': '132', 'content-location': 'http://10.167.4.35:9696/v2.0/ports/5f57a416-34b9-4327-abdc-22fbace560f0', u'date': 'Fri, 15 Feb 2019 07:36:20 GMT', u'content-type': 'application/json', u'connection': 'close', u'x-openstack-request-id': 'req-bf76f085-e055-42d7-8960-734d4a90a970'} Body: {"NeutronError": {"message": "Port 5f57a416-34b9-4327-abdc-22fbace560f0 could not be found.", "type": "PortNotFound", "detail": ""}} _log_request_full /root/.rally/verification/verifier-40330e19-944e-4d87-87b5-d0062234cb5f/repo/tempest/lib/common/rest_client.py:437
2019-02-15 07:36:20.672 13233 INFO tempest.lib.common.rest_client [req-ee2f93e1-64df-4e85-b194-93f9c8d8d879 ] Request (TrunkTestJSON:_run_cleanups): 204 DELETE http://10.167.4.35:9696/v2.0/ports/77b871ef-1ce6-4021-a1ec-535aa92bd40a 0.598s
2019-02-15 07:36:20.672 13233 DEBUG tempest.lib.common.rest_client [req-ee2f93e1-64df-4e85-b194-93f9c8d8d879 ] Request - Headers: {'Content-Type': 'application/json', 'Accept': 'application/json', 'X-Auth-Token': ''} Body: None Response - Headers: {'status': '204', u'content-length': '0', 'content-location': 'http://10.167.4.35:9696/v2.0/ports/77b871ef-1ce6-4021-a1ec-535aa92bd40a', u'date': 'Fri, 15 Feb 2019 07:36:20 GMT', u'connection': 'close', u'x-openstack-request-id': 'req-ee2f93e1-64df-4e85-b194-93f9c8d8d879'} Body: _log_request_full /root/.rally/verification/verifier-40330e19-944e-4d87-87b5-d0062234cb5f/repo/tempest/lib/common/rest_client.py:437
2019-02-15 07:36:20.694 13237 INFO tempest.lib.common.rest_client [req-2a056018-9bdb-4956-88e9-485129b1872e ] Request (TrunkTestJSON:_run_cleanups): 404 DELETE http://10.167.4.35:9696/v2.0/networks/45b59e4c-1d47-4fce-b215-4d88da0f4fd5 0.049s
2019-02-15 07:36:20.694 13237 DEBUG tempest.lib.common.rest_client [req-2a056018-9bdb-4956-88e9-485129b1872e ] Request - Headers: {'Content-Type': 'application/json', 'Accept': 'application/json', 'X-Auth-Token': ''} Body: None Response - Headers: {'status': '404', u'content-length': '138', 'content-location': 'http://10.167.4.35:9696/v2.0/networks/45b59e4c-1d47-4fce-b215-4d88da0f4fd5', u'date': 'Fri, 15 Feb 2019 07:36:20 GMT', u'content-type': 'application/json', u'connection': 'close', u'x-openstack-request-id': 'req-2a056018-9bdb-4956-88e9-485129b1872e'} Body: {"NeutronError": {"message": "Network 45b59e4c-1d47-4fce-b215-4d88da0f4fd5 could not be found.", "type": "NetworkNotFound", "detail": ""}} _log_request_full /root/.rally/verification/verifier-40330e19-944e-4d87-87b5-d0062234cb5f/repo/tempest/lib/common/rest_client.py:437
2019-02-15 07:36:20.709 13233 INFO tempest.lib.common.rest_client [req-f51fa22f-4fa3-4d4b-9f2c-6cf3a9a79f05 ] Request (TrunkTestJSON:_run_cleanups): 404 DELETE http://10.167.4.35:9696/v2.0/networks/9d14da74-e13d-432f-aadc-85df21bfabf9 0.036s
2019-02-15 07:36:20.710 13233 DEBUG tempest.lib.common.rest_client [req-f51fa22f-4fa3-4d4b-9f2c-6cf3a9a79f05 ] Request - Headers: {'Content-Type': 'application/json', 'Accept': 'application/json', 'X-Auth-Token': ''} Body: None Response - Headers: {'status': '404', u'content-length': '138', 'content-location': 'http://10.167.4.35:9696/v2.0/networks/9d14da74-e13d-432f-aadc-85df21bfabf9', u'date': 'Fri, 15 Feb 2019 07:36:20 GMT', u'content-type': 'application/json', u'connection': 'close', u'x-openstack-request-id': 'req-f51fa22f-4fa3-4d4b-9f2c-6cf3a9a79f05'} Body: {"NeutronError": {"message": "Network 9d14da74-e13d-432f-aadc-85df21bfabf9 could not be found.", "type": "NetworkNotFound", "detail": ""}} _log_request_full /root/.rally/verification/verifier-40330e19-944e-4d87-87b5-d0062234cb5f/repo/tempest/lib/common/rest_client.py:437
2019-02-15 07:36:20.727 13237 INFO tempest.lib.common.rest_client [req-db97e8cc-224b-4e56-a299-b189b8091d6d ] Request (TrunkTestJSON:_run_cleanups): 404 DELETE http://10.167.4.35:9696/v2.0/networks/d7ad47d5-8628-440f-9a51-7631a2553a1b 0.032s
2019-02-15 07:36:20.728 13237 DEBUG tempest.lib.common.rest_client [req-db97e8cc-224b-4e56-a299-b189b8091d6d ] Request - Headers: {'Content-Type': 'application/json', 'Accept': 'application/json', 'X-Auth-Token': ''} Body: None Response - Headers: {'status': '404', u'content-length': '138', 'content-location': 'http://10.167.4.35:9696/v2.0/networks/d7ad47d5-8628-440f-9a51-7631a2553a1b', u'date': 'Fri, 15 Feb 2019 07:36:20 GMT', u'content-type': 'application/json', u'connection': 'close', u'x-openstack-request-id': 'req-db97e8cc-224b-4e56-a299-b189b8091d6d'} Body: {"NeutronError": {"message": "Network d7ad47d5-8628-440f-9a51-7631a2553a1b could not be found.", "type": "NetworkNotFound", "detail": ""}} _log_request_full /root/.rally/verification/verifier-40330e19-944e-4d87-87b5-d0062234cb5f/repo/tempest/lib/common/rest_client.py:437
2019-02-15 07:36:20.753 13237 INFO tempest.lib.common.rest_client [req-2b9d16d3-5243-426c-b33e-a64df43fa9ff ] Request (TrunkTestJSON:_run_cleanups): 404 DELETE http://10.167.4.35:9696/v2.0/networks/e4c69c35-cc72-4ffc-83c8-1788721986e7 0.025s
2019-02-15 07:36:20.754 13233 INFO tempest.lib.common.rest_client [req-18ce31b1-c059-45f1-b647-5c349523c69d ] Request (TrunkTestJSON:_run_cleanups): 404 DELETE http://10.167.4.35:9696/v2.0/networks/3f271085-8ab6-448f-a583-7830efc1fbb5 0.043s
2019-02-15 07:36:20.754 13237 DEBUG tempest.lib.common.rest_client [req-2b9d16d3-5243-426c-b33e-a64df43fa9ff ] Request - Headers: {'Content-Type': 'application/json', 'Accept': 'application/json', 'X-Auth-Token': ''} Body: None Response - Headers: {'status': '404', u'content-length': '138', 'content-location': 'http://10.167.4.35:9696/v2.0/networks/e4c69c35-cc72-4ffc-83c8-1788721986e7', u'date': 'Fri, 15 Feb 2019 07:36:20 GMT', u'content-type': 'application/json', u'connection': 'close', u'x-openstack-request-id': 'req-2b9d16d3-5243-426c-b33e-a64df43fa9ff'} Body: {"NeutronError": {"message": "Network e4c69c35-cc72-4ffc-83c8-1788721986e7 could not be found.", "type": "NetworkNotFound", "detail": ""}} _log_request_full /root/.rally/verification/verifier-40330e19-944e-4d87-87b5-d0062234cb5f/repo/tempest/lib/common/rest_client.py:437
2019-02-15 07:36:20.754 13233 DEBUG tempest.lib.common.rest_client [req-18ce31b1-c059-45f1-b647-5c349523c69d ] Request - Headers: {'Content-Type': 'application/json', 'Accept': 'application/json', 'X-Auth-Token': ''} Body: None Response - Headers: {'status': '404', u'content-length': '138', 'content-location': 'http://10.167.4.35:9696/v2.0/networks/3f271085-8ab6-448f-a583-7830efc1fbb5', u'date': 'Fri, 15 Feb 2019 07:36:20 GMT', u'content-type': 'application/json', u'connection': 'close', u'x-openstack-request-id': 'req-18ce31b1-c059-45f1-b647-5c349523c69d'} Body: {"NeutronError": {"message": "Network 3f271085-8ab6-448f-a583-7830efc1fbb5 could not be found.", "type": "NetworkNotFound", "detail": ""}} _log_request_full /root/.rally/verification/verifier-40330e19-944e-4d87-87b5-d0062234cb5f/repo/tempest/lib/common/rest_client.py:437
2019-02-15 07:36:20.779 13233 INFO tempest.lib.common.rest_client [req-d0b22373-da67-4a8b-b67e-ab7d120a33fc ] Request (TrunkTestJSON:_run_cleanups): 404 DELETE http://10.167.4.35:9696/v2.0/networks/b7ea3aeb-4aaa-439a-88e2-de7aa468c1c6 0.024s
2019-02-15 07:36:20.780 13233 DEBUG tempest.lib.common.rest_client [req-d0b22373-da67-4a8b-b67e-ab7d120a33fc ] Request - Headers: {'Content-Type': 'application/json', 'Accept': 'application/json', 'X-Auth-Token': ''} Body: None Response - Headers: {'status': '404', u'content-length': '138', 'content-location': 'http://10.167.4.35:9696/v2.0/networks/b7ea3aeb-4aaa-439a-88e2-de7aa468c1c6', u'date': 'Fri, 15 Feb 2019 07:36:20 GMT', u'content-type': 'application/json', u'connection': 'close', u'x-openstack-request-id': 'req-d0b22373-da67-4a8b-b67e-ab7d120a33fc'} Body: {"NeutronError": {"message": "Network b7ea3aeb-4aaa-439a-88e2-de7aa468c1c6 could not be found.", "type": "NetworkNotFound", "detail": ""}} _log_request_full /root/.rally/verification/verifier-40330e19-944e-4d87-87b5-d0062234cb5f/repo/tempest/lib/common/rest_client.py:437
2019-02-15 07:36:20.809 13237 INFO tempest.lib.common.rest_client [req-770a7afb-e729-4fa0-8f34-2de7ac2ac1bd ] Request (TrunkTestJSON:_run_cleanups): 404 DELETE http://10.167.4.35:9696/v2.0/networks/c24ef31d-3563-4243-9a04-de09479846c7 0.054s
2019-02-15 07:36:20.809 13237 DEBUG tempest.lib.common.rest_client [req-770a7afb-e729-4fa0-8f34-2de7ac2ac1bd ] Request - Headers: {'Content-Type': 'application/json', 'Accept': 'application/json', 'X-Auth-Token': ''} Body: None Response - Headers: {'status': '404', u'content-length': '138', 'content-location': 'http://10.167.4.35:9696/v2.0/networks/c24ef31d-3563-4243-9a04-de09479846c7', u'date': 'Fri, 15 Feb 2019 07:36:20 GMT', u'content-type': 'application/json', u'connection': 'close', u'x-openstack-request-id': 'req-770a7afb-e729-4fa0-8f34-2de7ac2ac1bd'} Body: {"NeutronError": {"message": "Network c24ef31d-3563-4243-9a04-de09479846c7 could not be found.", "type": "NetworkNotFound", "detail": ""}} _log_request_full /root/.rally/verification/verifier-40330e19-944e-4d87-87b5-d0062234cb5f/repo/tempest/lib/common/rest_client.py:437
2019-02-15 07:36:20.834 13233 INFO tempest.lib.common.rest_client [req-6f5c4269-acf2-4fb7-9506-780526ea5746 ] Request (TrunkTestJSON:_run_cleanups): 404 DELETE http://10.167.4.35:9696/v2.0/networks/f98c86fd-9baa-4c6a-83ab-45e49005d1a1 0.053s
2019-02-15 07:36:20.834 13233 DEBUG tempest.lib.common.rest_client [req-6f5c4269-acf2-4fb7-9506-780526ea5746 ] Request - Headers: {'Content-Type': 'application/json', 'Accept': 'application/json', 'X-Auth-Token': ''} Body: None Response - Headers: {'status': '404', u'content-length': '138', 'content-location': 'http://10.167.4.35:9696/v2.0/networks/f98c86fd-9baa-4c6a-83ab-45e49005d1a1', u'date': 'Fri, 15 Feb 2019 07:36:20 GMT', u'content-type': 'application/json', u'connection': 'close', u'x-openstack-request-id': 'req-6f5c4269-acf2-4fb7-9506-780526ea5746'} Body: {"NeutronError": {"message": "Network f98c86fd-9baa-4c6a-83ab-45e49005d1a1 could not be found.", "type": "NetworkNotFound", "detail": ""}} _log_request_full /root/.rally/verification/verifier-40330e19-944e-4d87-87b5-d0062234cb5f/repo/tempest/lib/common/rest_client.py:437
2019-02-15 07:36:20.866 13237 INFO tempest.lib.common.rest_client [req-937d649e-eaa2-4769-aa52-fa3d5d764220 ] Request (TrunkTestJSON:_run_cleanups): 404 DELETE http://10.167.4.35:9696/v2.0/networks/2eff93f3-9001-4cd8-90a0-02ed4a8d458e 0.056s
2019-02-15 07:36:20.867 13237 DEBUG tempest.lib.common.rest_client [req-937d649e-eaa2-4769-aa52-fa3d5d764220 ] Request - Headers: {'Content-Type': 'application/json', 'Accept': 'application/json', 'X-Auth-Token': ''} Body: None Response - Headers: {'status': '404', u'content-length': '138', 'content-location': 'http://10.167.4.35:9696/v2.0/networks/2eff93f3-9001-4cd8-90a0-02ed4a8d458e', u'date': 'Fri, 15 Feb 2019 07:36:20 GMT', u'content-type': 'application/json', u'connection': 'close', u'x-openstack-request-id': 'req-937d649e-eaa2-4769-aa52-fa3d5d764220'} Body: {"NeutronError": {"message": "Network 2eff93f3-9001-4cd8-90a0-02ed4a8d458e could not be found.", "type": "NetworkNotFound", "detail": ""}} _log_request_full /root/.rally/verification/verifier-40330e19-944e-4d87-87b5-d0062234cb5f/repo/tempest/lib/common/rest_client.py:437
2019-02-15 07:36:20.869 13233 INFO tempest.lib.common.rest_client [req-060b0a2a-a6c5-43ef-a683-f90ef25192ef ] Request (TrunkTestJSON:_run_cleanups): 404 DELETE http://10.167.4.35:9696/v2.0/networks/ad7d46ea-7756-4547-8f5c-7ef01e6e8726 0.034s
2019-02-15 07:36:20.870 13233 DEBUG tempest.lib.common.rest_client [req-060b0a2a-a6c5-43ef-a683-f90ef25192ef ] Request - Headers: {'Content-Type': 'application/json', 'Accept': 'application/json', 'X-Auth-Token': ''} Body: None Response - Headers: {'status': '404', u'content-length': '138', 'content-location': 'http://10.167.4.35:9696/v2.0/networks/ad7d46ea-7756-4547-8f5c-7ef01e6e8726', u'date': 'Fri, 15 Feb 2019 07:36:20 GMT', u'content-type': 'application/json', u'connection': 'close', u'x-openstack-request-id': 'req-060b0a2a-a6c5-43ef-a683-f90ef25192ef'} Body: {"NeutronError": {"message": "Network ad7d46ea-7756-4547-8f5c-7ef01e6e8726 could not be found.", "type": "NetworkNotFound", "detail": ""}} _log_request_full /root/.rally/verification/verifier-40330e19-944e-4d87-87b5-d0062234cb5f/repo/tempest/lib/common/rest_client.py:437
2019-02-15 07:36:20.921 13237 INFO tempest.lib.common.rest_client [req-a24cb9da-51b6-4cf5-9741-01d12d7337b0 ] Request (TrunkTestJSON:_run_cleanups): 404 DELETE http://10.167.4.35:9696/v2.0/networks/369737ae-26ae-41d8-b54c-c8d9ede5f5ab 0.053s
2019-02-15 07:36:20.921 13237 DEBUG tempest.lib.common.rest_client [req-a24cb9da-51b6-4cf5-9741-01d12d7337b0 ] Request - Headers: {'Content-Type': 'application/json', 'Accept': 'application/json', 'X-Auth-Token': ''} Body: None Response - Headers: {'status': '404', u'content-length': '138', 'content-location': 'http://10.167.4.35:9696/v2.0/networks/369737ae-26ae-41d8-b54c-c8d9ede5f5ab', u'date': 'Fri, 15 Feb 2019 07:36:20 GMT', u'content-type': 'application/json', u'connection': 'close', u'x-openstack-request-id': 'req-a24cb9da-51b6-4cf5-9741-01d12d7337b0'} Body: {"NeutronError": {"message": "Network 369737ae-26ae-41d8-b54c-c8d9ede5f5ab could not be found.", "type": "NetworkNotFound", "detail": ""}} _log_request_full /root/.rally/verification/verifier-40330e19-944e-4d87-87b5-d0062234cb5f/repo/tempest/lib/common/rest_client.py:437
2019-02-15 07:36:20.927 13233 INFO tempest.lib.common.rest_client [req-95c0e287-163a-4793-b397-90f3f629b6a5 ] Request (TrunkTestJSON:_run_cleanups): 404 DELETE http://10.167.4.35:9696/v2.0/networks/7f745b3c-27fe-461d-b99f-ebb79a6bef49 0.056s
2019-02-15 07:36:20.928 13233 DEBUG tempest.lib.common.rest_client [req-95c0e287-163a-4793-b397-90f3f629b6a5 ] Request - Headers: {'Content-Type': 'application/json', 'Accept': 'application/json', 'X-Auth-Token': ''} Body: None Response - Headers: {'status': '404', u'content-length': '138', 'content-location': 'http://10.167.4.35:9696/v2.0/networks/7f745b3c-27fe-461d-b99f-ebb79a6bef49', u'date': 'Fri, 15 Feb 2019 07:36:20 GMT', u'content-type': 'application/json', u'connection': 'close', u'x-openstack-request-id': 'req-95c0e287-163a-4793-b397-90f3f629b6a5'} Body: {"NeutronError": {"message": "Network 7f745b3c-27fe-461d-b99f-ebb79a6bef49 could not be found.", "type": "NetworkNotFound", "detail": ""}} _log_request_full /root/.rally/verification/verifier-40330e19-944e-4d87-87b5-d0062234cb5f/repo/tempest/lib/common/rest_client.py:437
2019-02-15 07:36:20.967 13237 INFO tempest.lib.common.rest_client [req-52b27391-a84e-4b71-b895-59ca660ac39f ] Request (TrunkTestJSON:_run_cleanups): 404 DELETE http://10.167.4.35:9696/v2.0/networks/882d7813-a812-4641-8940-596aee1a6426 0.045s
2019-02-15 07:36:20.968 13237 DEBUG tempest.lib.common.rest_client [req-52b27391-a84e-4b71-b895-59ca660ac39f ] Request - Headers: {'Content-Type': 'application/json', 'Accept': 'application/json', 'X-Auth-Token': ''} Body: None Response - Headers: {'status': '404', u'content-length': '138', 'content-location': 'http://10.167.4.35:9696/v2.0/networks/882d7813-a812-4641-8940-596aee1a6426', u'date': 'Fri, 15 Feb 2019 07:36:20 GMT', u'content-type': 'application/json', u'connection': 'close', u'x-openstack-request-id': 'req-52b27391-a84e-4b71-b895-59ca660ac39f'} Body: {"NeutronError": {"message": "Network 882d7813-a812-4641-8940-596aee1a6426 could not be found.", "type": "NetworkNotFound", "detail": ""}} _log_request_full /root/.rally/verification/verifier-40330e19-944e-4d87-87b5-d0062234cb5f/repo/tempest/lib/common/rest_client.py:437
2019-02-15 07:36:20.986 13233 INFO tempest.lib.common.rest_client [req-22a93d0e-9d6f-4bcc-af92-ce36da9d49c6 ] Request (TrunkTestJSON:_run_cleanups): 404 DELETE http://10.167.4.35:9696/v2.0/networks/68b5e23d-958c-473a-b79a-449cddc5d156 0.057s
2019-02-15 07:36:20.986 13233 DEBUG tempest.lib.common.rest_client [req-22a93d0e-9d6f-4bcc-af92-ce36da9d49c6 ] Request - Headers: {'Content-Type': 'application/json', 'Accept': 'application/json', 'X-Auth-Token': ''} Body: None Response - Headers: {'status': '404', u'content-length': '138', 'content-location': 'http://10.167.4.35:9696/v2.0/networks/68b5e23d-958c-473a-b79a-449cddc5d156', u'date': 'Fri, 15 Feb 2019 07:36:20 GMT', u'content-type': 'application/json', u'connection': 'close', u'x-openstack-request-id': 'req-22a93d0e-9d6f-4bcc-af92-ce36da9d49c6'} Body: {"NeutronError": {"message": "Network 68b5e23d-958c-473a-b79a-449cddc5d156 could not be found.", "type": "NetworkNotFound", "detail": ""}} _log_request_full /root/.rally/verification/verifier-40330e19-944e-4d87-87b5-d0062234cb5f/repo/tempest/lib/common/rest_client.py:437
2019-02-15 07:36:21.016 13237 INFO tempest.lib.common.rest_client [req-0fec61b6-c45a-4a89-8815-76c076b92844 ] Request (TrunkTestJSON:_run_cleanups): 404 DELETE http://10.167.4.35:9696/v2.0/networks/ea5f413b-df69-4e1c-9bd3-a206a2d94679 0.047s
2019-02-15 07:36:21.016 13237 DEBUG tempest.lib.common.rest_client [req-0fec61b6-c45a-4a89-8815-76c076b92844 ] Request - Headers: {'Content-Type': 'application/json', 'Accept': 'application/json', 'X-Auth-Token': ''} Body: None Response - Headers: {'status': '404', u'content-length': '138', 'content-location': 'http://10.167.4.35:9696/v2.0/networks/ea5f413b-df69-4e1c-9bd3-a206a2d94679', u'date': 'Fri, 15 Feb 2019 07:36:21 GMT', u'content-type': 'application/json', u'connection': 'close', u'x-openstack-request-id': 'req-0fec61b6-c45a-4a89-8815-76c076b92844'} Body: {"NeutronError": {"message": "Network ea5f413b-df69-4e1c-9bd3-a206a2d94679 could not be found.", "type": "NetworkNotFound", "detail": ""}} _log_request_full /root/.rally/verification/verifier-40330e19-944e-4d87-87b5-d0062234cb5f/repo/tempest/lib/common/rest_client.py:437
2019-02-15 07:36:21.035 13233 INFO tempest.lib.common.rest_client [req-b96111af-a54c-4ef4-b284-4c9effd7a977 ] Request (TrunkTestJSON:_run_cleanups): 404 DELETE http://10.167.4.35:9696/v2.0/networks/86c7e592-4696-469f-94ad-36beecccbf11 0.047s
2019-02-15 07:36:21.035 13233 DEBUG tempest.lib.common.rest_client [req-b96111af-a54c-4ef4-b284-4c9effd7a977 ] Request - Headers: {'Content-Type': 'application/json', 'Accept': 'application/json', 'X-Auth-Token': ''} Body: None Response - Headers: {'status': '404', u'content-length': '138', 'content-location': 'http://10.167.4.35:9696/v2.0/networks/86c7e592-4696-469f-94ad-36beecccbf11', u'date': 'Fri, 15 Feb 2019 07:36:21 GMT', u'content-type': 'application/json', u'connection': 'close', u'x-openstack-request-id': 'req-b96111af-a54c-4ef4-b284-4c9effd7a977'} Body: {"NeutronError": {"message": "Network 86c7e592-4696-469f-94ad-36beecccbf11 could not be found.", "type": "NetworkNotFound", "detail": ""}} _log_request_full /root/.rally/verification/verifier-40330e19-944e-4d87-87b5-d0062234cb5f/repo/tempest/lib/common/rest_client.py:437
2019-02-15 07:36:21.074 13237 INFO tempest.lib.common.rest_client [req-9ec5a25f-b2b9-40ce-8d4e-2c54d7110ece ] Request (TrunkTestJSON:_run_cleanups): 404 DELETE http://10.167.4.35:9696/v2.0/networks/df113288-3de2-4cbc-9c5e-907632ae2ad1 0.057s
2019-02-15 07:36:21.075 13237 DEBUG tempest.lib.common.rest_client [req-9ec5a25f-b2b9-40ce-8d4e-2c54d7110ece ] Request - Headers: {'Content-Type': 'application/json', 'Accept': 'application/json', 'X-Auth-Token': ''} Body: None Response - Headers: {'status': '404', u'content-length': '138', 'content-location': 'http://10.167.4.35:9696/v2.0/networks/df113288-3de2-4cbc-9c5e-907632ae2ad1', u'date': 'Fri, 15 Feb 2019 07:36:21 GMT', u'content-type': 'application/json', u'connection': 'close', u'x-openstack-request-id': 'req-9ec5a25f-b2b9-40ce-8d4e-2c54d7110ece'} Body: {"NeutronError": {"message": "Network df113288-3de2-4cbc-9c5e-907632ae2ad1 could not be found.", "type": "NetworkNotFound", "detail": ""}} _log_request_full /root/.rally/verification/verifier-40330e19-944e-4d87-87b5-d0062234cb5f/repo/tempest/lib/common/rest_client.py:437
2019-02-15 07:36:21.081 13233 INFO tempest.lib.common.rest_client [req-cc1809fa-4a26-4e9f-bdcb-616269351ed9 ] Request (TrunkTestJSON:_run_cleanups): 404 DELETE http://10.167.4.35:9696/v2.0/networks/f992e0bb-4df9-4340-8572-6dfcee7786d1 0.044s
2019-02-15 07:36:21.081 13233 DEBUG tempest.lib.common.rest_client [req-cc1809fa-4a26-4e9f-bdcb-616269351ed9 ] Request - Headers: {'Content-Type': 'application/json', 'Accept': 'application/json', 'X-Auth-Token': ''} Body: None Response - Headers: {'status': '404', u'content-length': '138', 'content-location': 'http://10.167.4.35:9696/v2.0/networks/f992e0bb-4df9-4340-8572-6dfcee7786d1', u'date': 'Fri, 15 Feb 2019 07:36:21 GMT', u'content-type': 'application/json', u'connection': 'close', u'x-openstack-request-id': 'req-cc1809fa-4a26-4e9f-bdcb-616269351ed9'} Body: {"NeutronError": {"message": "Network f992e0bb-4df9-4340-8572-6dfcee7786d1 could not be found.", "type": "NetworkNotFound", "detail": ""}} _log_request_full /root/.rally/verification/verifier-40330e19-944e-4d87-87b5-d0062234cb5f/repo/tempest/lib/common/rest_client.py:437
2019-02-15 07:36:21.118 13237 INFO tempest.lib.common.rest_client [req-cfaeb390-3967-4a40-bc2b-c6f039426b75 ] Request (TrunkTestJSON:_run_cleanups): 404 DELETE http://10.167.4.35:9696/v2.0/networks/684df34a-682e-4946-b31e-7c0666d16105 0.042s
2019-02-15 07:36:21.118 13237 DEBUG tempest.lib.common.rest_client [req-cfaeb390-3967-4a40-bc2b-c6f039426b75 ] Request - Headers: {'Content-Type': 'application/json', 'Accept': 'application/json', 'X-Auth-Token': ''} Body: None Response - Headers: {'status': '404', u'content-length': '138', 'content-location': 'http://10.167.4.35:9696/v2.0/networks/684df34a-682e-4946-b31e-7c0666d16105', u'date': 'Fri, 15 Feb 2019 07:36:21 GMT', u'content-type': 'application/json', u'connection': 'close', u'x-openstack-request-id': 'req-cfaeb390-3967-4a40-bc2b-c6f039426b75'} Body: {"NeutronError": {"message": "Network 684df34a-682e-4946-b31e-7c0666d16105 could not be found.", "type": "NetworkNotFound", "detail": ""}} _log_request_full /root/.rally/verification/verifier-40330e19-944e-4d87-87b5-d0062234cb5f/repo/tempest/lib/common/rest_client.py:437
2019-02-15 07:36:21.135 13233 INFO tempest.lib.common.rest_client [req-9f0df5d4-2be1-44bc-ae96-4f93e4506b95 ] Request (TrunkTestJSON:_run_cleanups): 404 DELETE http://10.167.4.35:9696/v2.0/networks/810cd8b2-1b33-4a9f-89cc-6cf246f91cab 0.052s
2019-02-15 07:36:21.135 13233 DEBUG tempest.lib.common.rest_client [req-9f0df5d4-2be1-44bc-ae96-4f93e4506b95 ] Request - Headers: {'Content-Type': 'application/json', 'Accept': 'application/json', 'X-Auth-Token': ''} Body: None Response - Headers: {'status': '404', u'content-length': '138', 'content-location': 'http://10.167.4.35:9696/v2.0/networks/810cd8b2-1b33-4a9f-89cc-6cf246f91cab', u'date': 'Fri, 15 Feb 2019 07:36:21 GMT', u'content-type': 'application/json', u'connection': 'close', u'x-openstack-request-id': 'req-9f0df5d4-2be1-44bc-ae96-4f93e4506b95'} Body: {"NeutronError": {"message": "Network 810cd8b2-1b33-4a9f-89cc-6cf246f91cab could not be found.", "type": "NetworkNotFound", "detail": ""}} _log_request_full /root/.rally/verification/verifier-40330e19-944e-4d87-87b5-d0062234cb5f/repo/tempest/lib/common/rest_client.py:437
2019-02-15 07:36:21.173 13237 INFO tempest.lib.common.rest_client [req-2d7ce561-2d9b-4b97-aaad-f4c1cda31e19 ] Request (TrunkTestJSON:_run_cleanups): 404 DELETE http://10.167.4.35:9696/v2.0/networks/04d54739-d676-441c-8156-495f24556f43 0.053s
2019-02-15 07:36:21.173 13237 DEBUG tempest.lib.common.rest_client [req-2d7ce561-2d9b-4b97-aaad-f4c1cda31e19 ] Request - Headers: {'Content-Type': 'application/json', 'Accept': 'application/json', 'X-Auth-Token': ''} Body: None Response - Headers: {'status': '404', u'content-length': '138', 'content-location': 'http://10.167.4.35:9696/v2.0/networks/04d54739-d676-441c-8156-495f24556f43', u'date': 'Fri, 15 Feb 2019 07:36:21 GMT', u'content-type': 'application/json', u'connection': 'close', u'x-openstack-request-id': 'req-2d7ce561-2d9b-4b97-aaad-f4c1cda31e19'} Body: {"NeutronError": {"message": "Network 04d54739-d676-441c-8156-495f24556f43 could not be found.", "type": "NetworkNotFound", "detail": ""}} _log_request_full /root/.rally/verification/verifier-40330e19-944e-4d87-87b5-d0062234cb5f/repo/tempest/lib/common/rest_client.py:437
2019-02-15 07:36:21.176 13233 INFO tempest.lib.common.rest_client [req-c5982ef3-01f6-4fe2-ba42-59a3cb129f5f ] Request (TrunkTestJSON:_run_cleanups): 404 DELETE http://10.167.4.35:9696/v2.0/networks/a0a8b6da-c1cb-4593-9e94-11667b6ce1be 0.040s
2019-02-15 07:36:21.177 13233 DEBUG tempest.lib.common.rest_client [req-c5982ef3-01f6-4fe2-ba42-59a3cb129f5f ] Request - Headers: {'Content-Type': 'application/json', 'Accept': 'application/json', 'X-Auth-Token': ''} Body: None Response - Headers: {'status': '404', u'content-length': '138', 'content-location': 'http://10.167.4.35:9696/v2.0/networks/a0a8b6da-c1cb-4593-9e94-11667b6ce1be', u'date': 'Fri, 15 Feb 2019 07:36:21 GMT', u'content-type': 'application/json', u'connection': 'close', u'x-openstack-request-id': 'req-c5982ef3-01f6-4fe2-ba42-59a3cb129f5f'} Body: {"NeutronError": {"message": "Network a0a8b6da-c1cb-4593-9e94-11667b6ce1be could not be found.", "type": "NetworkNotFound", "detail": ""}} _log_request_full /root/.rally/verification/verifier-40330e19-944e-4d87-87b5-d0062234cb5f/repo/tempest/lib/common/rest_client.py:437
2019-02-15 07:36:21.221 13237 INFO tempest.lib.common.rest_client [req-727166c2-19e4-499c-9a2d-dec8b3891059 ] Request (TrunkTestJSON:_run_cleanups): 404 DELETE http://10.167.4.35:9696/v2.0/networks/a2d0ef02-8f4d-49f5-982d-17172b8b2c90 0.047s
2019-02-15 07:36:21.222 13237 DEBUG tempest.lib.common.rest_client [req-727166c2-19e4-499c-9a2d-dec8b3891059 ] Request - Headers: {'Content-Type': 'application/json', 'Accept': 'application/json', 'X-Auth-Token': ''} Body: None Response - Headers: {'status': '404', u'content-length': '138', 'content-location': 'http://10.167.4.35:9696/v2.0/networks/a2d0ef02-8f4d-49f5-982d-17172b8b2c90', u'date': 'Fri, 15 Feb 2019 07:36:21 GMT', u'content-type': 'application/json', u'connection': 'close', u'x-openstack-request-id': 'req-727166c2-19e4-499c-9a2d-dec8b3891059'} Body: {"NeutronError": {"message": "Network a2d0ef02-8f4d-49f5-982d-17172b8b2c90 could not be found.", "type": "NetworkNotFound", "detail": ""}} _log_request_full /root/.rally/verification/verifier-40330e19-944e-4d87-87b5-d0062234cb5f/repo/tempest/lib/common/rest_client.py:437
2019-02-15 07:36:21.582 13237 INFO tempest.lib.common.rest_client [req-d602d3fa-4b9b-4e6d-ac5c-49854475fe2f ] Request (TrunkTestJSON:test_create_trunk_nonexistent_subport_port_id): 201 POST http://10.167.4.35:9696/v2.0/networks 0.358s
2019-02-15 07:36:21.583 13237 DEBUG tempest.lib.common.rest_client [req-d602d3fa-4b9b-4e6d-ac5c-49854475fe2f ] Request - Headers: {'Content-Type': 'application/json', 'Accept': 'application/json', 'X-Auth-Token': ''} Body: {"network": {"name": "tempest-test-network--226837653"}} Response - Headers: {'status': '201', u'content-length': '568', 'content-location': 'http://10.167.4.35:9696/v2.0/networks', u'date': 'Fri, 15 Feb 2019 07:36:21 GMT', u'content-type': 'application/json', u'connection': 'close', u'x-openstack-request-id': 'req-d602d3fa-4b9b-4e6d-ac5c-49854475fe2f'} Body: {"network":{"status":"ACTIVE","router:external":false,"availability_zone_hints":[],"availability_zones":[],"description":"","subnets":[],"shared":false,"tenant_id":"8ac87e75d3054f08a342161a789598b6","created_at":"2019-02-15T07:36:21Z","tags":[],"ipv6_address_scope":null,"mtu":1450,"updated_at":"2019-02-15T07:36:21Z","admin_state_up":true,"revision_number":1,"ipv4_address_scope":null,"is_default":false,"port_security_enabled":true,"project_id":"8ac87e75d3054f08a342161a789598b6","id":"bf7e7d76-4f08-4ce5-87b8-1d4780f60daf","name":"tempest-test-network--226837653"}} _log_request_full /root/.rally/verification/verifier-40330e19-944e-4d87-87b5-d0062234cb5f/repo/tempest/lib/common/rest_client.py:437
2019-02-15 07:36:22.214 13233 INFO tempest.lib.common.rest_client [req-b91a8b9a-debe-404b-a51b-4a2a48cf8407 ] Request (TrunkTestJSON:_run_cleanups): 204 DELETE http://10.167.4.35:9696/v2.0/networks/4a461043-3c22-4fd3-9906-440eed18f057 1.036s
2019-02-15 07:36:22.214 13233 DEBUG tempest.lib.common.rest_client [req-b91a8b9a-debe-404b-a51b-4a2a48cf8407 ] Request - Headers: {'Content-Type': 'application/json', 'Accept': 'application/json', 'X-Auth-Token': ''} Body: None Response - Headers: {'status': '204', u'content-length': '0', 'content-location': 'http://10.167.4.35:9696/v2.0/networks/4a461043-3c22-4fd3-9906-440eed18f057', u'date': 'Fri, 15 Feb 2019 07:36:22 GMT', u'connection': 'close', u'x-openstack-request-id': 'req-b91a8b9a-debe-404b-a51b-4a2a48cf8407'} Body: _log_request_full /root/.rally/verification/verifier-40330e19-944e-4d87-87b5-d0062234cb5f/repo/tempest/lib/common/rest_client.py:437
2019-02-15 07:36:22.636 13237 INFO tempest.lib.common.rest_client [req-43c61d41-4b1a-4c23-8734-5e7c93f85a3b ] Request (TrunkTestJSON:test_create_trunk_nonexistent_subport_port_id): 201 POST http://10.167.4.35:9696/v2.0/ports 1.052s
2019-02-15 07:36:22.637 13237 DEBUG tempest.lib.common.rest_client [req-43c61d41-4b1a-4c23-8734-5e7c93f85a3b ] Request - Headers: {'Content-Type': 'application/json', 'Accept': 'application/json', 'X-Auth-Token': ''} Body: {"port": {"network_id": "bf7e7d76-4f08-4ce5-87b8-1d4780f60daf"}} Response - Headers: {'status': '201', u'content-length': '615', 'content-location': 'http://10.167.4.35:9696/v2.0/ports', u'date': 'Fri, 15 Feb 2019 07:36:22 GMT', u'content-type': 'application/json', u'connection': 'close', u'x-openstack-request-id': 'req-43c61d41-4b1a-4c23-8734-5e7c93f85a3b'} Body: {"port":{"status":"DOWN","created_at":"2019-02-15T07:36:21Z","description":"","allowed_address_pairs":[],"tags":[],"network_id":"bf7e7d76-4f08-4ce5-87b8-1d4780f60daf","tenant_id":"8ac87e75d3054f08a342161a789598b6","extra_dhcp_opts":[],"admin_state_up":true,"updated_at":"2019-02-15T07:36:22Z","name":"","device_owner":"","revision_number":1,"mac_address":"fa:16:3e:32:fc:2d","binding:vnic_type":"normal","port_security_enabled":true,"project_id":"8ac87e75d3054f08a342161a789598b6","fixed_ips":[],"id":"09cc4e07-34de-4819-b22d-6ce28cf7db3a","security_groups":["d19c1d65-b68a-4958-8115-6c2ce9b9ef88"],"device_id":""}} _log_request_full /root/.rally/verification/verifier-40330e19-944e-4d87-87b5-d0062234cb5f/repo/tempest/lib/common/rest_client.py:437
2019-02-15 07:36:23.053 13237 INFO tempest.lib.common.rest_client [req-608ad86b-2e36-4be1-ae57-579093e662f1 ] Request (TrunkTestJSON:test_create_trunk_nonexistent_subport_port_id): 404 POST http://10.167.4.35:9696/v2.0/trunks 0.415s
2019-02-15 07:36:23.053 13237 DEBUG tempest.lib.common.rest_client [req-608ad86b-2e36-4be1-ae57-579093e662f1 ] Request - Headers: {'Content-Type': 'application/json', 'Accept': 'application/json', 'X-Auth-Token': ''} Body: {"trunk": {"sub_ports": [{"segmentation_type": "vlan", "port_id": "f5f7c7bd-ba85-4148-9cba-d711ffa2b924", "segmentation_id": 2}], "port_id": "09cc4e07-34de-4819-b22d-6ce28cf7db3a"}} Response - Headers: {'status': '404', u'content-length': '132', 'content-location': 'http://10.167.4.35:9696/v2.0/trunks', u'date': 'Fri, 15 Feb 2019 07:36:23 GMT', u'content-type': 'application/json', u'connection': 'close', u'x-openstack-request-id': 'req-608ad86b-2e36-4be1-ae57-579093e662f1'} Body: {"NeutronError": {"message": "Port f5f7c7bd-ba85-4148-9cba-d711ffa2b924 could not be found.", "type": "PortNotFound", "detail": ""}} _log_request_full /root/.rally/verification/verifier-40330e19-944e-4d87-87b5-d0062234cb5f/repo/tempest/lib/common/rest_client.py:437
2019-02-15 07:36:23.088 13237 INFO tempest.lib.common.rest_client [req-4b5e49f0-0fcf-40c5-936d-d8d0218af1b4 ] Request (TrunkTestJSON:_run_cleanups): 404 GET http://10.167.4.35:9696/v2.0/trunks/06cfa7aa-6aa1-4401-bb30-6be5f5767ae5/get_subports 0.034s
2019-02-15 07:36:23.089 13237 DEBUG tempest.lib.common.rest_client [req-4b5e49f0-0fcf-40c5-936d-d8d0218af1b4 ] Request - Headers: {'Content-Type': 'application/json', 'Accept': 'application/json', 'X-Auth-Token': ''} Body: None Response - Headers: {'status': '404', u'content-length': '134', 'content-location': 'http://10.167.4.35:9696/v2.0/trunks/06cfa7aa-6aa1-4401-bb30-6be5f5767ae5/get_subports', u'date': 'Fri, 15 Feb 2019 07:36:23 GMT', u'content-type': 'application/json', u'connection': 'close', u'x-openstack-request-id': 'req-4b5e49f0-0fcf-40c5-936d-d8d0218af1b4'} Body: {"NeutronError": {"message": "Trunk 06cfa7aa-6aa1-4401-bb30-6be5f5767ae5 could not be found.", "type": "TrunkNotFound", "detail": ""}} _log_request_full /root/.rally/verification/verifier-40330e19-944e-4d87-87b5-d0062234cb5f/repo/tempest/lib/common/rest_client.py:437
2019-02-15 07:36:23.128 13237 INFO tempest.lib.common.rest_client [req-894a3186-d425-455a-a2b8-859aabb785c3 ] Request (TrunkTestJSON:_run_cleanups): 404 DELETE http://10.167.4.35:9696/v2.0/trunks/06cfa7aa-6aa1-4401-bb30-6be5f5767ae5 0.038s
2019-02-15 07:36:23.129 13237 DEBUG tempest.lib.common.rest_client [req-894a3186-d425-455a-a2b8-859aabb785c3 ] Request - Headers: {'Content-Type': 'application/json', 'Accept': 'application/json', 'X-Auth-Token': ''} Body: None Response - Headers: {'status': '404', u'content-length': '134', 'content-location': 'http://10.167.4.35:9696/v2.0/trunks/06cfa7aa-6aa1-4401-bb30-6be5f5767ae5', u'date': 'Fri, 15 Feb 2019 07:36:23 GMT', u'content-type': 'application/json', u'connection': 'close', u'x-openstack-request-id': 'req-894a3186-d425-455a-a2b8-859aabb785c3'} Body: {"NeutronError": {"message": "Trunk 06cfa7aa-6aa1-4401-bb30-6be5f5767ae5 could not be found.", "type": "TrunkNotFound", "detail": ""}} _log_request_full /root/.rally/verification/verifier-40330e19-944e-4d87-87b5-d0062234cb5f/repo/tempest/lib/common/rest_client.py:437
2019-02-15 07:36:23.162 13237 INFO tempest.lib.common.rest_client [req-55c25080-e057-4e0e-b763-723652fb358b ] Request (TrunkTestJSON:_run_cleanups): 404 GET http://10.167.4.35:9696/v2.0/trunks/b2617155-8f63-4025-b2ca-d4300b38d4cf/get_subports 0.032s
2019-02-15 07:36:23.163 13237 DEBUG tempest.lib.common.rest_client [req-55c25080-e057-4e0e-b763-723652fb358b ] Request - Headers: {'Content-Type': 'application/json', 'Accept': 'application/json', 'X-Auth-Token': ''} Body: None Response - Headers: {'status': '404', u'content-length': '134', 'content-location': 'http://10.167.4.35:9696/v2.0/trunks/b2617155-8f63-4025-b2ca-d4300b38d4cf/get_subports', u'date': 'Fri, 15 Feb 2019 07:36:23 GMT', u'content-type': 'application/json', u'connection': 'close', u'x-openstack-request-id': 'req-55c25080-e057-4e0e-b763-723652fb358b'} Body: {"NeutronError": {"message": "Trunk b2617155-8f63-4025-b2ca-d4300b38d4cf could not be found.", "type": "TrunkNotFound", "detail": ""}} _log_request_full /root/.rally/verification/verifier-40330e19-944e-4d87-87b5-d0062234cb5f/repo/tempest/lib/common/rest_client.py:437
2019-02-15 07:36:23.173 13234 INFO tempest.lib.common.rest_client [req-ed5c6909-74b3-4a20-be09-c0cfcb35c947 ] Request (TrunkTest:test_trunk_subport_lifecycle): 200 PUT http://10.167.4.35:9696/v2.0/trunks/7c887556-7d2e-4e64-b28d-8b5d077adc0a/add_subports 3.158s
2019-02-15 07:36:23.173 13234 DEBUG tempest.lib.common.rest_client [req-ed5c6909-74b3-4a20-be09-c0cfcb35c947 ] Request - Headers: {'Content-Type': 'application/json', 'Accept': 'application/json', 'X-Auth-Token': ''} Body: {"sub_ports": [{"segmentation_type": "vlan", "port_id": "cebcb39b-dbfe-482d-a5eb-b96228f4a101", "segmentation_id": 3}, {"segmentation_type": "vlan", "port_id": "0833d253-db4e-499d-9bc4-09d06cf82216", "segmentation_id": 4}, {"segmentation_type": "vlan", "port_id": "6b981386-9a21-4973-ae7e-d8e5b1ccf2e9", "segmentation_id": 5}, {"segmentation_type": "vlan", "port_id": "ca85ecc2-1c2d-4d4d-a9bb-da8548f60833", "segmentation_id": 6}]} Response - Headers: {'status': '200', u'content-length': '812', 'content-location': 'http://10.167.4.35:9696/v2.0/trunks/7c887556-7d2e-4e64-b28d-8b5d077adc0a/add_subports', u'date': 'Fri, 15 Feb 2019 07:36:23 GMT', u'content-type': 'application/json', u'connection': 'close', u'x-openstack-request-id': 'req-ed5c6909-74b3-4a20-be09-c0cfcb35c947'} Body: {"status": "ACTIVE", "sub_ports": [{"segmentation_type": "vlan", "port_id": "cebcb39b-dbfe-482d-a5eb-b96228f4a101", "segmentation_id": 3}, {"segmentation_type": "vlan", "port_id": "0833d253-db4e-499d-9bc4-09d06cf82216", "segmentation_id": 4}, {"segmentation_type": "vlan", "port_id": "6b981386-9a21-4973-ae7e-d8e5b1ccf2e9", "segmentation_id": 5}, {"segmentation_type": "vlan", "port_id": "ca85ecc2-1c2d-4d4d-a9bb-da8548f60833", "segmentation_id": 6}], "name": "", "admin_state_up": true, "tenant_id": "f455a4fd04af490b952066464fd362b9", "created_at": "2019-02-15T07:35:23Z", "tags": [], "updated_at": "2019-02-15T07:36:23Z", "revision_number": 4, "project_id": "f455a4fd04af490b952066464fd362b9", "port_id": "6c858798-5446-4f91-bf55-4dec210f02da", "id": "7c887556-7d2e-4e64-b28d-8b5d077adc0a", "description": ""} _log_request_full /root/.rally/verification/verifier-40330e19-944e-4d87-87b5-d0062234cb5f/repo/tempest/lib/common/rest_client.py:437
2019-02-15 07:36:23.201 13237 INFO tempest.lib.common.rest_client [req-7c3ed438-d3f6-4a51-9804-c8ffd698539b ] Request (TrunkTestJSON:_run_cleanups): 404 DELETE http://10.167.4.35:9696/v2.0/trunks/b2617155-8f63-4025-b2ca-d4300b38d4cf 0.037s
2019-02-15 07:36:23.201 13237 DEBUG tempest.lib.common.rest_client [req-7c3ed438-d3f6-4a51-9804-c8ffd698539b ] Request - Headers: {'Content-Type': 'application/json', 'Accept': 'application/json', 'X-Auth-Token': ''} Body: None Response - Headers: {'status': '404', u'content-length': '134', 'content-location': 'http://10.167.4.35:9696/v2.0/trunks/b2617155-8f63-4025-b2ca-d4300b38d4cf', u'date': 'Fri, 15 Feb 2019 07:36:23 GMT', u'content-type': 'application/json', u'connection': 'close', u'x-openstack-request-id': 'req-7c3ed438-d3f6-4a51-9804-c8ffd698539b'} Body: {"NeutronError": {"message": "Trunk b2617155-8f63-4025-b2ca-d4300b38d4cf could not be found.", "type": "TrunkNotFound", "detail": ""}} _log_request_full /root/.rally/verification/verifier-40330e19-944e-4d87-87b5-d0062234cb5f/repo/tempest/lib/common/rest_client.py:437
2019-02-15 07:36:23.217 13234 INFO tempest.lib.common.rest_client [req-def2d04f-2ce0-443c-84cd-6ae0b3fe8ac1 ] Request (TrunkTest:test_trunk_subport_lifecycle): 200 GET http://10.167.4.35:9696/v2.0/trunks/7c887556-7d2e-4e64-b28d-8b5d077adc0a 0.042s
