2019-02-06 04:12:01.346 17841 DEBUG tempest.lib.common.rest_client [req-b873ca45-0a09-4a3f-9848-918ca233a2f6 ] Request - Headers: {'Content-Type': 'application/json', 'Accept': 'application/json', 'X-Auth-Token': ''} Body: None Response - Headers: {'status': '404', u'content-length': '132', 'content-location': 'http://10.167.4.35:9696/v2.0/ports/a71bb449-16ae-4c61-a6a3-0c4b0598584f', u'date': 'Wed, 06 Feb 2019 04:12:01 GMT', u'content-type': 'application/json', u'connection': 'close', u'x-openstack-request-id': 'req-b873ca45-0a09-4a3f-9848-918ca233a2f6'} Body: {"NeutronError": {"message": "Port a71bb449-16ae-4c61-a6a3-0c4b0598584f could not be found.", "type": "PortNotFound", "detail": ""}} _log_request_full /root/.rally/verification/verifier-843add22-ff17-46d5-a84b-3446856f95a2/repo/tempest/lib/common/rest_client.py:437
2019-02-06 04:12:01.577 17845 INFO tempest.lib.common.rest_client [req-51cf1f3a-ac58-4200-9fca-823618a0b6a6 ] Request (TrunkTestJSON:_run_cleanups): 204 DELETE http://10.167.4.35:9696/v2.0/networks/abe6ba66-c574-4625-860f-f1032ef9851a 1.064s
2019-02-06 04:12:01.577 17845 DEBUG tempest.lib.common.rest_client [req-51cf1f3a-ac58-4200-9fca-823618a0b6a6 ] Request - Headers: {'Content-Type': 'application/json', 'Accept': 'application/json', 'X-Auth-Token': ''} Body: None Response - Headers: {'status': '204', u'content-length': '0', 'content-location': 'http://10.167.4.35:9696/v2.0/networks/abe6ba66-c574-4625-860f-f1032ef9851a', u'date': 'Wed, 06 Feb 2019 04:12:01 GMT', u'connection': 'close', u'x-openstack-request-id': 'req-51cf1f3a-ac58-4200-9fca-823618a0b6a6'} Body: _log_request_full /root/.rally/verification/verifier-843add22-ff17-46d5-a84b-3446856f95a2/repo/tempest/lib/common/rest_client.py:437
2019-02-06 04:12:01.793 17842 INFO tempest.lib.common.rest_client [req-7ff654e5-be92-4200-9416-6212e97cbb25 ] Request (TrunkTest:test_trunk_subport_lifecycle): 200 GET http://10.167.4.35:8774/v2.1/servers/79b90923-276f-4503-bab8-25707b00ad9b 0.459s
2019-02-06 04:12:01.794 17842 DEBUG tempest.lib.common.rest_client [req-7ff654e5-be92-4200-9416-6212e97cbb25 ] Request - Headers: {'Content-Type': 'application/json', 'Accept': 'application/json', 'X-Auth-Token': ''} Body: None Response - Headers: {'status': '200', u'content-length': '1691', 'content-location': 'http://10.167.4.35:8774/v2.1/servers/79b90923-276f-4503-bab8-25707b00ad9b', u'x-compute-request-id': 'req-7ff654e5-be92-4200-9416-6212e97cbb25', u'vary': 'X-OpenStack-Nova-API-Version', u'openstack-api-version': 'compute 2.1', u'connection': 'close', u'x-openstack-nova-api-version': '2.1', u'date': 'Wed, 06 Feb 2019 04:12:01 GMT', u'content-type': 'application/json', u'x-openstack-request-id': 'req-7ff654e5-be92-4200-9416-6212e97cbb25'} Body: {"server": {"OS-EXT-STS:task_state": null, "addresses": {"tempest-test-network--690228494": [{"OS-EXT-IPS-MAC:mac_addr": "fa:16:3e:c6:14:9c", "version": 4, "addr": "192.168.120.8", "OS-EXT-IPS:type": "fixed"}, {"OS-EXT-IPS-MAC:mac_addr": "fa:16:3e:c6:14:9c", "version": 4, "addr": "172.30.10.116", "OS-EXT-IPS:type": "floating"}]}, "links": [{"href": "http://10.167.4.35:8774/v2.1/servers/79b90923-276f-4503-bab8-25707b00ad9b", "rel": "self"}, {"href": "http://10.167.4.35:8774/servers/79b90923-276f-4503-bab8-25707b00ad9b", "rel": "bookmark"}], "image": {"id": "c9c004c7-2919-443c-956c-f2b2985ff9a6", "links": [{"href": "http://10.167.4.35:8774/images/c9c004c7-2919-443c-956c-f2b2985ff9a6", "rel": "bookmark"}]}, "OS-EXT-STS:vm_state": "active", "OS-SRV-USG:launched_at": "2019-02-06T04:11:44.000000", "flavor": {"id": "5ebcca60-eed3-4ceb-8dc9-95447dd12ecf", "links": [{"href": "http://10.167.4.35:8774/flavors/5ebcca60-eed3-4ceb-8dc9-95447dd12ecf", "rel": "bookmark"}]}, "id": "79b90923-276f-4503-bab8-25707b00ad9b", "security_groups": [{"name": "tempest-secgroup-507069150"}], "user_id": "0b50012985774ec98cdc0b2509fa544d", "OS-DCF:diskConfig": "MANUAL", "accessIPv4": "", "accessIPv6": "", "progress": 0, "OS-EXT-STS:power_state": 1, "OS-EXT-AZ:availability_zone": "nova", "config_drive": "True", "status": "ACTIVE", "updated": "2019-02-06T04:11:45Z", "hostId": "d25a998108fa4aeae09ac302b9a93300476bcce45d2bec12866d5ca5", "OS-SRV-USG:terminated_at": null, "key_name": "tempest-keypair-test-116337422", "name": "tempest-server-test-448583908", "created": "2019-02-06T04:11:36Z", "tenant_id": "8a863cb59e8b464086ef23e931f992bb", "os-extended-volumes:volumes_attached": [], "metadata": {}}} _log_request_full /root/.rally/verification/verifier-843add22-ff17-46d5-a84b-3446856f95a2/repo/tempest/lib/common/rest_client.py:437
2019-02-06 04:12:01.812 17842 INFO tempest.lib.common.ssh [-] Creating ssh connection to '172.30.10.116:22' as 'cirros' with public key authentication
2019-02-06 04:12:01.815 17842 INFO paramiko.transport [-] Connected (version 2.0, client dropbear_2015.67)
2019-02-06 04:12:02.231 17841 INFO tempest.lib.common.rest_client [req-e5b16e53-9f3a-498b-9659-e5bfa9b0b100 ] Request (TrunkTestJSON:_run_cleanups): 204 DELETE http://10.167.4.35:9696/v2.0/ports/8e98d0dd-70b7-4f13-83fc-97b6f0e1baaa 0.883s
2019-02-06 04:12:02.231 17841 DEBUG tempest.lib.common.rest_client [req-e5b16e53-9f3a-498b-9659-e5bfa9b0b100 ] Request - Headers: {'Content-Type': 'application/json', 'Accept': 'application/json', 'X-Auth-Token': ''} Body: None Response - Headers: {'status': '204', u'content-length': '0', 'content-location': 'http://10.167.4.35:9696/v2.0/ports/8e98d0dd-70b7-4f13-83fc-97b6f0e1baaa', u'date': 'Wed, 06 Feb 2019 04:12:02 GMT', u'connection': 'close', u'x-openstack-request-id': 'req-e5b16e53-9f3a-498b-9659-e5bfa9b0b100'} Body: _log_request_full /root/.rally/verification/verifier-843add22-ff17-46d5-a84b-3446856f95a2/repo/tempest/lib/common/rest_client.py:437
2019-02-06 04:12:02.303 17842 INFO paramiko.transport [-] Authentication (publickey) successful!
2019-02-06 04:12:02.312 17842 INFO tempest.lib.common.ssh [-] ssh connection to cirros@172.30.10.116 successfully created
2019-02-06 04:12:02.451 17842 INFO tempest.lib.common.rest_client [req-60cf1ee0-9b1a-4052-ae35-890f97c99675 ] Request (TrunkTest:test_trunk_subport_lifecycle): 200 GET http://10.167.4.35:9696/v2.0/trunks/54c7c316-6af8-4e35-82fe-9fc0b7ea7710 0.022s
2019-02-06 04:12:02.451 17842 DEBUG tempest.lib.common.rest_client [req-60cf1ee0-9b1a-4052-ae35-890f97c99675 ] Request - Headers: {'Content-Type': 'application/json', 'Accept': 'application/json', 'X-Auth-Token': ''} Body: None Response - Headers: {'status': '200', u'content-length': '409', 'content-location': 'http://10.167.4.35:9696/v2.0/trunks/54c7c316-6af8-4e35-82fe-9fc0b7ea7710', u'date': 'Wed, 06 Feb 2019 04:12:02 GMT', u'content-type': 'application/json', u'connection': 'close', u'x-openstack-request-id': 'req-60cf1ee0-9b1a-4052-ae35-890f97c99675'} Body: {"trunk": {"status": "ACTIVE", "sub_ports": [], "name": "", "admin_state_up": true, "tenant_id": "8a863cb59e8b464086ef23e931f992bb", "created_at": "2019-02-06T04:11:22Z", "tags": [], "updated_at": "2019-02-06T04:11:39Z", "revision_number": 1, "project_id": "8a863cb59e8b464086ef23e931f992bb", "port_id": "98401d4c-2dc1-481f-9b91-f412c24be674", "id": "54c7c316-6af8-4e35-82fe-9fc0b7ea7710", "description": ""}} _log_request_full /root/.rally/verification/verifier-843add22-ff17-46d5-a84b-3446856f95a2/repo/tempest/lib/common/rest_client.py:437
2019-02-06 04:12:02.488 17842 INFO tempest.lib.common.rest_client [req-13c04960-af0b-42f2-b4cc-553d1ceeed47 ] Request (TrunkTest:test_trunk_subport_lifecycle): 200 GET http://10.167.4.35:9696/v2.0/trunks/b12d8263-966b-422f-b15a-5596bde72db6 0.036s
2019-02-06 04:12:02.489 17842 DEBUG tempest.lib.common.rest_client [req-13c04960-af0b-42f2-b4cc-553d1ceeed47 ] Request - Headers: {'Content-Type': 'application/json', 'Accept': 'application/json', 'X-Auth-Token': ''} Body: None Response - Headers: {'status': '200', u'content-length': '409', 'content-location': 'http://10.167.4.35:9696/v2.0/trunks/b12d8263-966b-422f-b15a-5596bde72db6', u'date': 'Wed, 06 Feb 2019 04:12:02 GMT', u'content-type': 'application/json', u'connection': 'close', u'x-openstack-request-id': 'req-13c04960-af0b-42f2-b4cc-553d1ceeed47'} Body: {"trunk": {"status": "ACTIVE", "sub_ports": [], "name": "", "admin_state_up": true, "tenant_id": "8a863cb59e8b464086ef23e931f992bb", "created_at": "2019-02-06T04:11:30Z", "tags": [], "updated_at": "2019-02-06T04:11:42Z", "revision_number": 1, "project_id": "8a863cb59e8b464086ef23e931f992bb", "port_id": "df4e8560-4d8d-4b01-b672-bdd64e78abc2", "id": "b12d8263-966b-422f-b15a-5596bde72db6", "description": ""}} _log_request_full /root/.rally/verification/verifier-843add22-ff17-46d5-a84b-3446856f95a2/repo/tempest/lib/common/rest_client.py:437
2019-02-06 04:12:02.629 17845 INFO tempest.lib.common.rest_client [req-c4a98dc6-dac3-431c-96bb-f63d378d8a5a ] Request (TrunkTestJSON:_run_cleanups): 204 DELETE http://10.167.4.35:9696/v2.0/networks/d54e643c-b9fa-49b8-b446-c7f35f16a745 1.050s
2019-02-06 04:12:02.629 17845 DEBUG tempest.lib.common.rest_client [req-c4a98dc6-dac3-431c-96bb-f63d378d8a5a ] Request - Headers: {'Content-Type': 'application/json', 'Accept': 'application/json', 'X-Auth-Token': ''} Body: None Response - Headers: {'status': '204', u'content-length': '0', 'content-location': 'http://10.167.4.35:9696/v2.0/networks/d54e643c-b9fa-49b8-b446-c7f35f16a745', u'date': 'Wed, 06 Feb 2019 04:12:02 GMT', u'connection': 'close', u'x-openstack-request-id': 'req-c4a98dc6-dac3-431c-96bb-f63d378d8a5a'} Body: _log_request_full /root/.rally/verification/verifier-843add22-ff17-46d5-a84b-3446856f95a2/repo/tempest/lib/common/rest_client.py:437
2019-02-06 04:12:02.679 17842 INFO tempest.lib.common.rest_client [req-1a9e31ee-bd93-4bc8-9c8c-8825acf8327b ] Request (TrunkTest:test_trunk_subport_lifecycle): 201 POST http://10.167.4.35:9696/v2.0/networks 0.189s
2019-02-06 04:12:02.679 17842 DEBUG tempest.lib.common.rest_client [req-1a9e31ee-bd93-4bc8-9c8c-8825acf8327b ] Request - Headers: {'Content-Type': 'application/json', 'Accept': 'application/json', 'X-Auth-Token': ''} Body: {"network": {"name": "tempest-test-network--1094949070"}} Response - Headers: {'status': '201', u'content-length': '569', 'content-location': 'http://10.167.4.35:9696/v2.0/networks', u'date': 'Wed, 06 Feb 2019 04:12:02 GMT', u'content-type': 'application/json', u'connection': 'close', u'x-openstack-request-id': 'req-1a9e31ee-bd93-4bc8-9c8c-8825acf8327b'} Body: {"network":{"status":"ACTIVE","router:external":false,"availability_zone_hints":[],"availability_zones":[],"description":"","subnets":[],"shared":false,"tenant_id":"8a863cb59e8b464086ef23e931f992bb","created_at":"2019-02-06T04:12:02Z","tags":[],"ipv6_address_scope":null,"mtu":1450,"updated_at":"2019-02-06T04:12:02Z","admin_state_up":true,"revision_number":1,"ipv4_address_scope":null,"is_default":false,"port_security_enabled":true,"project_id":"8a863cb59e8b464086ef23e931f992bb","id":"536ced56-9bdc-460f-b546-16f65105adb1","name":"tempest-test-network--1094949070"}} _log_request_full /root/.rally/verification/verifier-843add22-ff17-46d5-a84b-3446856f95a2/repo/tempest/lib/common/rest_client.py:437
2019-02-06 04:12:02.733 17845 INFO tempest.lib.common.rest_client [req-d13e2d81-db58-450c-b3a7-384ae1a6e6f9 ] Request (TrunkTestJSON:test_create_trunk_nonexistent_port_id): 404 POST http://10.167.4.35:9696/v2.0/trunks 0.101s
2019-02-06 04:12:02.734 17845 DEBUG tempest.lib.common.rest_client [req-d13e2d81-db58-450c-b3a7-384ae1a6e6f9 ] Request - Headers: {'Content-Type': 'application/json', 'Accept': 'application/json', 'X-Auth-Token': ''} Body: {"trunk": {"sub_ports": [], "port_id": "fdb32eaa-5ec4-435e-9c8f-95b853fb2ca1"}} Response - Headers: {'status': '404', u'content-length': '132', 'content-location': 'http://10.167.4.35:9696/v2.0/trunks', u'date': 'Wed, 06 Feb 2019 04:12:02 GMT', u'content-type': 'application/json', u'connection': 'close', u'x-openstack-request-id': 'req-d13e2d81-db58-450c-b3a7-384ae1a6e6f9'} Body: {"NeutronError": {"message": "Port fdb32eaa-5ec4-435e-9c8f-95b853fb2ca1 could not be found.", "type": "PortNotFound", "detail": ""}} _log_request_full /root/.rally/verification/verifier-843add22-ff17-46d5-a84b-3446856f95a2/repo/tempest/lib/common/rest_client.py:437
2019-02-06 04:12:02.744 17841 INFO tempest.lib.common.rest_client [req-9555e066-0cc6-4f7d-9915-0b9141664a24 ] Request (TrunkTestJSON:_run_cleanups): 204 DELETE http://10.167.4.35:9696/v2.0/ports/0d8b9bea-b93a-40f0-9002-89b7305b5419 0.511s
2019-02-06 04:12:02.744 17841 DEBUG tempest.lib.common.rest_client [req-9555e066-0cc6-4f7d-9915-0b9141664a24 ] Request - Headers: {'Content-Type': 'application/json', 'Accept': 'application/json', 'X-Auth-Token': ''} Body: None Response - Headers: {'status': '204', u'content-length': '0', 'content-location': 'http://10.167.4.35:9696/v2.0/ports/0d8b9bea-b93a-40f0-9002-89b7305b5419', u'date': 'Wed, 06 Feb 2019 04:12:02 GMT', u'connection': 'close', u'x-openstack-request-id': 'req-9555e066-0cc6-4f7d-9915-0b9141664a24'} Body: _log_request_full /root/.rally/verification/verifier-843add22-ff17-46d5-a84b-3446856f95a2/repo/tempest/lib/common/rest_client.py:437
2019-02-06 04:12:02.757 17845 INFO tempest.lib.common.rest_client [req-26db8268-3abf-4916-a6db-0c4af21467dd ] Request (TrunkTestJSON:_run_cleanups): 404 GET http://10.167.4.35:9696/v2.0/trunks/d9381f11-2670-49c3-9d1e-7f7dd3b39d1a/get_subports 0.022s
2019-02-06 04:12:02.758 17845 DEBUG tempest.lib.common.rest_client [req-26db8268-3abf-4916-a6db-0c4af21467dd ] Request - Headers: {'Content-Type': 'application/json', 'Accept': 'application/json', 'X-Auth-Token': ''} Body: None Response - Headers: {'status': '404', u'content-length': '134', 'content-location': 'http://10.167.4.35:9696/v2.0/trunks/d9381f11-2670-49c3-9d1e-7f7dd3b39d1a/get_subports', u'date': 'Wed, 06 Feb 2019 04:12:02 GMT', u'content-type': 'application/json', u'connection': 'close', u'x-openstack-request-id': 'req-26db8268-3abf-4916-a6db-0c4af21467dd'} Body: {"NeutronError": {"message": "Trunk d9381f11-2670-49c3-9d1e-7f7dd3b39d1a could not be found.", "type": "TrunkNotFound", "detail": ""}} _log_request_full /root/.rally/verification/verifier-843add22-ff17-46d5-a84b-3446856f95a2/repo/tempest/lib/common/rest_client.py:437
2019-02-06 04:12:02.778 17841 INFO tempest.lib.common.rest_client [req-1a69c9e6-2e3d-41de-bdec-1c01531b6b26 ] Request (TrunkTestJSON:_run_cleanups): 404 DELETE http://10.167.4.35:9696/v2.0/networks/58b43e77-8208-4f10-bb4b-229c97a4b5b6 0.033s
2019-02-06 04:12:02.779 17841 DEBUG tempest.lib.common.rest_client [req-1a69c9e6-2e3d-41de-bdec-1c01531b6b26 ] Request - Headers: {'Content-Type': 'application/json', 'Accept': 'application/json', 'X-Auth-Token': ''} Body: None Response - Headers: {'status': '404', u'content-length': '138', 'content-location': 'http://10.167.4.35:9696/v2.0/networks/58b43e77-8208-4f10-bb4b-229c97a4b5b6', u'date': 'Wed, 06 Feb 2019 04:12:02 GMT', u'content-type': 'application/json', u'connection': 'close', u'x-openstack-request-id': 'req-1a69c9e6-2e3d-41de-bdec-1c01531b6b26'} Body: {"NeutronError": {"message": "Network 58b43e77-8208-4f10-bb4b-229c97a4b5b6 could not be found.", "type": "NetworkNotFound", "detail": ""}} _log_request_full /root/.rally/verification/verifier-843add22-ff17-46d5-a84b-3446856f95a2/repo/tempest/lib/common/rest_client.py:437
2019-02-06 04:12:02.787 17845 INFO tempest.lib.common.rest_client [req-b13ac970-32c5-4cac-bfdc-0e08ef67c4d8 ] Request (TrunkTestJSON:_run_cleanups): 404 DELETE http://10.167.4.35:9696/v2.0/trunks/d9381f11-2670-49c3-9d1e-7f7dd3b39d1a 0.028s
2019-02-06 04:12:02.788 17845 DEBUG tempest.lib.common.rest_client [req-b13ac970-32c5-4cac-bfdc-0e08ef67c4d8 ] Request - Headers: {'Content-Type': 'application/json', 'Accept': 'application/json', 'X-Auth-Token': ''} Body: None Response - Headers: {'status': '404', u'content-length': '134', 'content-location': 'http://10.167.4.35:9696/v2.0/trunks/d9381f11-2670-49c3-9d1e-7f7dd3b39d1a', u'date': 'Wed, 06 Feb 2019 04:12:02 GMT', u'content-type': 'application/json', u'connection': 'close', u'x-openstack-request-id': 'req-b13ac970-32c5-4cac-bfdc-0e08ef67c4d8'} Body: {"NeutronError": {"message": "Trunk d9381f11-2670-49c3-9d1e-7f7dd3b39d1a could not be found.", "type": "TrunkNotFound", "detail": ""}} _log_request_full /root/.rally/verification/verifier-843add22-ff17-46d5-a84b-3446856f95a2/repo/tempest/lib/common/rest_client.py:437
2019-02-06 04:12:02.812 17841 INFO tempest.lib.common.rest_client [req-a38aa28f-fea6-43d5-a041-6440d6b452e7 ] Request (TrunkTestJSON:_run_cleanups): 404 DELETE http://10.167.4.35:9696/v2.0/networks/0d14fee3-d1a1-4980-b0af-4c27e5c62315 0.032s
2019-02-06 04:12:02.812 17841 DEBUG tempest.lib.common.rest_client [req-a38aa28f-fea6-43d5-a041-6440d6b452e7 ] Request - Headers: {'Content-Type': 'application/json', 'Accept': 'application/json', 'X-Auth-Token': ''} Body: None Response - Headers: {'status': '404', u'content-length': '138', 'content-location': 'http://10.167.4.35:9696/v2.0/networks/0d14fee3-d1a1-4980-b0af-4c27e5c62315', u'date': 'Wed, 06 Feb 2019 04:12:02 GMT', u'content-type': 'application/json', u'connection': 'close', u'x-openstack-request-id': 'req-a38aa28f-fea6-43d5-a041-6440d6b452e7'} Body: {"NeutronError": {"message": "Network 0d14fee3-d1a1-4980-b0af-4c27e5c62315 could not be found.", "type": "NetworkNotFound", "detail": ""}} _log_request_full /root/.rally/verification/verifier-843add22-ff17-46d5-a84b-3446856f95a2/repo/tempest/lib/common/rest_client.py:437
2019-02-06 04:12:02.814 17845 INFO tempest.lib.common.rest_client [req-251ca167-7e49-432c-807c-b15cd217ea40 ] Request (TrunkTestJSON:_run_cleanups): 404 GET http://10.167.4.35:9696/v2.0/trunks/e22f82f0-3ef6-488b-a8a0-d04feb0e0f3e/get_subports 0.025s
2019-02-06 04:12:02.814 17845 DEBUG tempest.lib.common.rest_client [req-251ca167-7e49-432c-807c-b15cd217ea40 ] Request - Headers: {'Content-Type': 'application/json', 'Accept': 'application/json', 'X-Auth-Token': ''} Body: None Response - Headers: {'status': '404', u'content-length': '134', 'content-location': 'http://10.167.4.35:9696/v2.0/trunks/e22f82f0-3ef6-488b-a8a0-d04feb0e0f3e/get_subports', u'date': 'Wed, 06 Feb 2019 04:12:02 GMT', u'content-type': 'application/json', u'connection': 'close', u'x-openstack-request-id': 'req-251ca167-7e49-432c-807c-b15cd217ea40'} Body: {"NeutronError": {"message": "Trunk e22f82f0-3ef6-488b-a8a0-d04feb0e0f3e could not be found.", "type": "TrunkNotFound", "detail": ""}} _log_request_full /root/.rally/verification/verifier-843add22-ff17-46d5-a84b-3446856f95a2/repo/tempest/lib/common/rest_client.py:437
2019-02-06 04:12:02.835 17845 INFO tempest.lib.common.rest_client [req-372882c8-29c3-450b-a10a-b9c1ecd66be2 ] Request (TrunkTestJSON:_run_cleanups): 404 DELETE http://10.167.4.35:9696/v2.0/trunks/e22f82f0-3ef6-488b-a8a0-d04feb0e0f3e 0.020s
2019-02-06 04:12:02.836 17845 DEBUG tempest.lib.common.rest_client [req-372882c8-29c3-450b-a10a-b9c1ecd66be2 ] Request - Headers: {'Content-Type': 'application/json', 'Accept': 'application/json', 'X-Auth-Token': ''} Body: None Response - Headers: {'status': '404', u'content-length': '134', 'content-location': 'http://10.167.4.35:9696/v2.0/trunks/e22f82f0-3ef6-488b-a8a0-d04feb0e0f3e', u'date': 'Wed, 06 Feb 2019 04:12:02 GMT', u'content-type': 'application/json', u'connection': 'close', u'x-openstack-request-id': 'req-372882c8-29c3-450b-a10a-b9c1ecd66be2'} Body: {"NeutronError": {"message": "Trunk e22f82f0-3ef6-488b-a8a0-d04feb0e0f3e could not be found.", "type": "TrunkNotFound", "detail": ""}} _log_request_full /root/.rally/verification/verifier-843add22-ff17-46d5-a84b-3446856f95a2/repo/tempest/lib/common/rest_client.py:437
2019-02-06 04:12:02.848 17841 INFO tempest.lib.common.rest_client [req-f68a3811-c884-4ec8-a068-9982ee3e7b87 ] Request (TrunkTestJSON:_run_cleanups): 404 DELETE http://10.167.4.35:9696/v2.0/networks/fef8c76b-c2ea-4e16-b902-a01f1ad73d1b 0.034s
2019-02-06 04:12:02.848 17841 DEBUG tempest.lib.common.rest_client [req-f68a3811-c884-4ec8-a068-9982ee3e7b87 ] Request - Headers: {'Content-Type': 'application/json', 'Accept': 'application/json', 'X-Auth-Token': ''} Body: None Response - Headers: {'status': '404', u'content-length': '138', 'content-location': 'http://10.167.4.35:9696/v2.0/networks/fef8c76b-c2ea-4e16-b902-a01f1ad73d1b', u'date': 'Wed, 06 Feb 2019 04:12:02 GMT', u'content-type': 'application/json', u'connection': 'close', u'x-openstack-request-id': 'req-f68a3811-c884-4ec8-a068-9982ee3e7b87'} Body: {"NeutronError": {"message": "Network fef8c76b-c2ea-4e16-b902-a01f1ad73d1b could not be found.", "type": "NetworkNotFound", "detail": ""}} _log_request_full /root/.rally/verification/verifier-843add22-ff17-46d5-a84b-3446856f95a2/repo/tempest/lib/common/rest_client.py:437
2019-02-06 04:12:02.860 17845 INFO tempest.lib.common.rest_client [req-52adeef3-b293-4a42-a1e8-b21dfe5c3acd ] Request (TrunkTestJSON:_run_cleanups): 404 GET http://10.167.4.35:9696/v2.0/trunks/aaef2e13-ce39-48bd-963e-69fc2e6dbd00/get_subports 0.023s
2019-02-06 04:12:02.860 17845 DEBUG tempest.lib.common.rest_client [req-52adeef3-b293-4a42-a1e8-b21dfe5c3acd ] Request - Headers: {'Content-Type': 'application/json', 'Accept': 'application/json', 'X-Auth-Token': ''} Body: None Response - Headers: {'status': '404', u'content-length': '134', 'content-location': 'http://10.167.4.35:9696/v2.0/trunks/aaef2e13-ce39-48bd-963e-69fc2e6dbd00/get_subports', u'date': 'Wed, 06 Feb 2019 04:12:02 GMT', u'content-type': 'application/json', u'connection': 'close', u'x-openstack-request-id': 'req-52adeef3-b293-4a42-a1e8-b21dfe5c3acd'} Body: {"NeutronError": {"message": "Trunk aaef2e13-ce39-48bd-963e-69fc2e6dbd00 could not be found.", "type": "TrunkNotFound", "detail": ""}} _log_request_full /root/.rally/verification/verifier-843add22-ff17-46d5-a84b-3446856f95a2/repo/tempest/lib/common/rest_client.py:437
2019-02-06 04:12:02.881 17841 INFO tempest.lib.common.rest_client [req-8d791eca-8c83-4316-ad76-6f77da1df1f3 ] Request (TrunkTestJSON:_run_cleanups): 404 DELETE http://10.167.4.35:9696/v2.0/networks/23c1f289-a26d-4a6c-bf87-2e85aa47ff13 0.032s
2019-02-06 04:12:02.882 17841 DEBUG tempest.lib.common.rest_client [req-8d791eca-8c83-4316-ad76-6f77da1df1f3 ] Request - Headers: {'Content-Type': 'application/json', 'Accept': 'application/json', 'X-Auth-Token': ''} Body: None Response - Headers: {'status': '404', u'content-length': '138', 'content-location': 'http://10.167.4.35:9696/v2.0/networks/23c1f289-a26d-4a6c-bf87-2e85aa47ff13', u'date': 'Wed, 06 Feb 2019 04:12:02 GMT', u'content-type': 'application/json', u'connection': 'close', u'x-openstack-request-id': 'req-8d791eca-8c83-4316-ad76-6f77da1df1f3'} Body: {"NeutronError": {"message": "Network 23c1f289-a26d-4a6c-bf87-2e85aa47ff13 could not be found.", "type": "NetworkNotFound", "detail": ""}} _log_request_full /root/.rally/verification/verifier-843add22-ff17-46d5-a84b-3446856f95a2/repo/tempest/lib/common/rest_client.py:437
2019-02-06 04:12:02.883 17845 INFO tempest.lib.common.rest_client [req-18167562-b78d-4eee-b92e-ea91a018044a ] Request (TrunkTestJSON:_run_cleanups): 404 DELETE http://10.167.4.35:9696/v2.0/trunks/aaef2e13-ce39-48bd-963e-69fc2e6dbd00 0.022s
2019-02-06 04:12:02.884 17845 DEBUG tempest.lib.common.rest_client [req-18167562-b78d-4eee-b92e-ea91a018044a ] Request - Headers: {'Content-Type': 'application/json', 'Accept': 'application/json', 'X-Auth-Token': ''} Body: None Response - Headers: {'status': '404', u'content-length': '134', 'content-location': 'http://10.167.4.35:9696/v2.0/trunks/aaef2e13-ce39-48bd-963e-69fc2e6dbd00', u'date': 'Wed, 06 Feb 2019 04:12:02 GMT', u'content-type': 'application/json', u'connection': 'close', u'x-openstack-request-id': 'req-18167562-b78d-4eee-b92e-ea91a018044a'} Body: {"NeutronError": {"message": "Trunk aaef2e13-ce39-48bd-963e-69fc2e6dbd00 could not be found.", "type": "TrunkNotFound", "detail": ""}} _log_request_full /root/.rally/verification/verifier-843add22-ff17-46d5-a84b-3446856f95a2/repo/tempest/lib/common/rest_client.py:437
2019-02-06 04:12:02.903 17845 INFO tempest.lib.common.rest_client [req-110b08d2-9855-4748-b28d-bb913afe75d1 ] Request (TrunkTestJSON:_run_cleanups): 404 GET http://10.167.4.35:9696/v2.0/trunks/74e063c4-28ad-4797-b723-05973ba99460/get_subports 0.018s
2019-02-06 04:12:02.903 17845 DEBUG tempest.lib.common.rest_client [req-110b08d2-9855-4748-b28d-bb913afe75d1 ] Request - Headers: {'Content-Type': 'application/json', 'Accept': 'application/json', 'X-Auth-Token': ''} Body: None Response - Headers: {'status': '404', u'content-length': '134', 'content-location': 'http://10.167.4.35:9696/v2.0/trunks/74e063c4-28ad-4797-b723-05973ba99460/get_subports', u'date': 'Wed, 06 Feb 2019 04:12:02 GMT', u'content-type': 'application/json', u'connection': 'close', u'x-openstack-request-id': 'req-110b08d2-9855-4748-b28d-bb913afe75d1'} Body: {"NeutronError": {"message": "Trunk 74e063c4-28ad-4797-b723-05973ba99460 could not be found.", "type": "TrunkNotFound", "detail": ""}} _log_request_full /root/.rally/verification/verifier-843add22-ff17-46d5-a84b-3446856f95a2/repo/tempest/lib/common/rest_client.py:437
2019-02-06 04:12:02.917 17841 INFO tempest.lib.common.rest_client [req-082bd648-c8e6-4e36-86c7-aa5a51e45eb8 ] Request (TrunkTestJSON:_run_cleanups): 404 DELETE http://10.167.4.35:9696/v2.0/networks/42146a2c-0c4b-4709-adeb-5c42e7b5be06 0.034s
2019-02-06 04:12:02.917 17841 DEBUG tempest.lib.common.rest_client [req-082bd648-c8e6-4e36-86c7-aa5a51e45eb8 ] Request - Headers: {'Content-Type': 'application/json', 'Accept': 'application/json', 'X-Auth-Token': ''} Body: None Response - Headers: {'status': '404', u'content-length': '138', 'content-location': 'http://10.167.4.35:9696/v2.0/networks/42146a2c-0c4b-4709-adeb-5c42e7b5be06', u'date': 'Wed, 06 Feb 2019 04:12:02 GMT', u'content-type': 'application/json', u'connection': 'close', u'x-openstack-request-id': 'req-082bd648-c8e6-4e36-86c7-aa5a51e45eb8'} Body: {"NeutronError": {"message": "Network 42146a2c-0c4b-4709-adeb-5c42e7b5be06 could not be found.", "type": "NetworkNotFound", "detail": ""}} _log_request_full /root/.rally/verification/verifier-843add22-ff17-46d5-a84b-3446856f95a2/repo/tempest/lib/common/rest_client.py:437
2019-02-06 04:12:02.928 17845 INFO tempest.lib.common.rest_client [req-e220cb33-3ae6-452e-84ea-0b45f90225d2 ] Request (TrunkTestJSON:_run_cleanups): 404 DELETE http://10.167.4.35:9696/v2.0/trunks/74e063c4-28ad-4797-b723-05973ba99460 0.024s
2019-02-06 04:12:02.928 17845 DEBUG tempest.lib.common.rest_client [req-e220cb33-3ae6-452e-84ea-0b45f90225d2 ] Request - Headers: {'Content-Type': 'application/json', 'Accept': 'application/json', 'X-Auth-Token': ''} Body: None Response - Headers: {'status': '404', u'content-length': '134', 'content-location': 'http://10.167.4.35:9696/v2.0/trunks/74e063c4-28ad-4797-b723-05973ba99460', u'date': 'Wed, 06 Feb 2019 04:12:02 GMT', u'content-type': 'application/json', u'connection': 'close', u'x-openstack-request-id': 'req-e220cb33-3ae6-452e-84ea-0b45f90225d2'} Body: {"NeutronError": {"message": "Trunk 74e063c4-28ad-4797-b723-05973ba99460 could not be found.", "type": "TrunkNotFound", "detail": ""}} _log_request_full /root/.rally/verification/verifier-843add22-ff17-46d5-a84b-3446856f95a2/repo/tempest/lib/common/rest_client.py:437
2019-02-06 04:12:02.946 17841 INFO tempest.lib.common.rest_client [req-dfbd34fa-65e2-41c8-93e5-0152d1efe348 ] Request (TrunkTestJSON:_run_cleanups): 404 DELETE http://10.167.4.35:9696/v2.0/networks/ba0b89ab-7207-4dfc-918d-715414dfc51a 0.027s
2019-02-06 04:12:02.946 17841 DEBUG tempest.lib.common.rest_client [req-dfbd34fa-65e2-41c8-93e5-0152d1efe348 ] Request - Headers: {'Content-Type': 'application/json', 'Accept': 'application/json', 'X-Auth-Token': ''} Body: None Response - Headers: {'status': '404', u'content-length': '138', 'content-location': 'http://10.167.4.35:9696/v2.0/networks/ba0b89ab-7207-4dfc-918d-715414dfc51a', u'date': 'Wed, 06 Feb 2019 04:12:02 GMT', u'content-type': 'application/json', u'connection': 'close', u'x-openstack-request-id': 'req-dfbd34fa-65e2-41c8-93e5-0152d1efe348'} Body: {"NeutronError": {"message": "Network ba0b89ab-7207-4dfc-918d-715414dfc51a could not be found.", "type": "NetworkNotFound", "detail": ""}} _log_request_full /root/.rally/verification/verifier-843add22-ff17-46d5-a84b-3446856f95a2/repo/tempest/lib/common/rest_client.py:437
2019-02-06 04:12:02.950 17845 INFO tempest.lib.common.rest_client [req-b98a5ead-b2e4-47d5-b1ae-36a5cfef3ccd ] Request (TrunkTestJSON:_run_cleanups): 404 GET http://10.167.4.35:9696/v2.0/trunks/dab77830-9b84-4088-b7dd-065e764e29bf/get_subports 0.021s
2019-02-06 04:12:02.950 17845 DEBUG tempest.lib.common.rest_client [req-b98a5ead-b2e4-47d5-b1ae-36a5cfef3ccd ] Request - Headers: {'Content-Type': 'application/json', 'Accept': 'application/json', 'X-Auth-Token': ''} Body: None Response - Headers: {'status': '404', u'content-length': '134', 'content-location': 'http://10.167.4.35:9696/v2.0/trunks/dab77830-9b84-4088-b7dd-065e764e29bf/get_subports', u'date': 'Wed, 06 Feb 2019 04:12:02 GMT', u'content-type': 'application/json', u'connection': 'close', u'x-openstack-request-id': 'req-b98a5ead-b2e4-47d5-b1ae-36a5cfef3ccd'} Body: {"NeutronError": {"message": "Trunk dab77830-9b84-4088-b7dd-065e764e29bf could not be found.", "type": "TrunkNotFound", "detail": ""}} _log_request_full /root/.rally/verification/verifier-843add22-ff17-46d5-a84b-3446856f95a2/repo/tempest/lib/common/rest_client.py:437
2019-02-06 04:12:02.983 17845 INFO tempest.lib.common.rest_client [req-c45c2359-6997-4caa-9436-342f3a4d46f7 ] Request (TrunkTestJSON:_run_cleanups): 404 DELETE http://10.167.4.35:9696/v2.0/trunks/dab77830-9b84-4088-b7dd-065e764e29bf 0.032s
2019-02-06 04:12:02.984 17841 INFO tempest.lib.common.rest_client [req-cc8e931c-d3ad-483e-9716-d629a3579518 ] Request (TrunkTestJSON:_run_cleanups): 404 DELETE http://10.167.4.35:9696/v2.0/networks/2fce1c37-84d0-4dc7-9f59-2c4ac3559ec2 0.036s
2019-02-06 04:12:02.984 17845 DEBUG tempest.lib.common.rest_client [req-c45c2359-6997-4caa-9436-342f3a4d46f7 ] Request - Headers: {'Content-Type': 'application/json', 'Accept': 'application/json', 'X-Auth-Token': ''} Body: None Response - Headers: {'status': '404', u'content-length': '134', 'content-location': 'http://10.167.4.35:9696/v2.0/trunks/dab77830-9b84-4088-b7dd-065e764e29bf', u'date': 'Wed, 06 Feb 2019 04:12:02 GMT', u'content-type': 'application/json', u'connection': 'close', u'x-openstack-request-id': 'req-c45c2359-6997-4caa-9436-342f3a4d46f7'} Body: {"NeutronError": {"message": "Trunk dab77830-9b84-4088-b7dd-065e764e29bf could not be found.", "type": "TrunkNotFound", "detail": ""}} _log_request_full /root/.rally/verification/verifier-843add22-ff17-46d5-a84b-3446856f95a2/repo/tempest/lib/common/rest_client.py:437
2019-02-06 04:12:02.984 17841 DEBUG tempest.lib.common.rest_client [req-cc8e931c-d3ad-483e-9716-d629a3579518 ] Request - Headers: {'Content-Type': 'application/json', 'Accept': 'application/json', 'X-Auth-Token': ''} Body: None Response - Headers: {'status': '404', u'content-length': '138', 'content-location': 'http://10.167.4.35:9696/v2.0/networks/2fce1c37-84d0-4dc7-9f59-2c4ac3559ec2', u'date': 'Wed, 06 Feb 2019 04:12:02 GMT', u'content-type': 'application/json', u'connection': 'close', u'x-openstack-request-id': 'req-cc8e931c-d3ad-483e-9716-d629a3579518'} Body: {"NeutronError": {"message": "Network 2fce1c37-84d0-4dc7-9f59-2c4ac3559ec2 could not be found.", "type": "NetworkNotFound", "detail": ""}} _log_request_full /root/.rally/verification/verifier-843add22-ff17-46d5-a84b-3446856f95a2/repo/tempest/lib/common/rest_client.py:437
2019-02-06 04:12:03.004 17845 INFO tempest.lib.common.rest_client [req-79911c41-5331-4f1f-bb3b-d1a8a45a8a31 ] Request (TrunkTestJSON:_run_cleanups): 404 GET http://10.167.4.35:9696/v2.0/trunks/ba022feb-6a2f-4475-a273-42b6fc83329e/get_subports 0.019s
2019-02-06 04:12:03.005 17845 DEBUG tempest.lib.common.rest_client [req-79911c41-5331-4f1f-bb3b-d1a8a45a8a31 ] Request - Headers: {'Content-Type': 'application/json', 'Accept': 'application/json', 'X-Auth-Token': ''} Body: None Response - Headers: {'status': '404', u'content-length': '134', 'content-location': 'http://10.167.4.35:9696/v2.0/trunks/ba022feb-6a2f-4475-a273-42b6fc83329e/get_subports', u'date': 'Wed, 06 Feb 2019 04:12:03 GMT', u'content-type': 'application/json', u'connection': 'close', u'x-openstack-request-id': 'req-79911c41-5331-4f1f-bb3b-d1a8a45a8a31'} Body: {"NeutronError": {"message": "Trunk ba022feb-6a2f-4475-a273-42b6fc83329e could not be found.", "type": "TrunkNotFound", "detail": ""}} _log_request_full /root/.rally/verification/verifier-843add22-ff17-46d5-a84b-3446856f95a2/repo/tempest/lib/common/rest_client.py:437
2019-02-06 04:12:03.016 17841 INFO tempest.lib.common.rest_client [req-83e768d2-d068-47f9-9455-60c8a346051e ] Request (TrunkTestJSON:_run_cleanups): 404 DELETE http://10.167.4.35:9696/v2.0/networks/0583a82d-bc30-4108-a7a5-477e3bf79050 0.030s
2019-02-06 04:12:03.016 17841 DEBUG tempest.lib.common.rest_client [req-83e768d2-d068-47f9-9455-60c8a346051e ] Request - Headers: {'Content-Type': 'application/json', 'Accept': 'application/json', 'X-Auth-Token': ''} Body: None Response - Headers: {'status': '404', u'content-length': '138', 'content-location': 'http://10.167.4.35:9696/v2.0/networks/0583a82d-bc30-4108-a7a5-477e3bf79050', u'date': 'Wed, 06 Feb 2019 04:12:03 GMT', u'content-type': 'application/json', u'connection': 'close', u'x-openstack-request-id': 'req-83e768d2-d068-47f9-9455-60c8a346051e'} Body: {"NeutronError": {"message": "Network 0583a82d-bc30-4108-a7a5-477e3bf79050 could not be found.", "type": "NetworkNotFound", "detail": ""}} _log_request_full /root/.rally/verification/verifier-843add22-ff17-46d5-a84b-3446856f95a2/repo/tempest/lib/common/rest_client.py:437
2019-02-06 04:12:03.030 17845 INFO tempest.lib.common.rest_client [req-29cf1ef2-9019-4fd8-95ad-bd5aa43466a5 ] Request (TrunkTestJSON:_run_cleanups): 404 DELETE http://10.167.4.35:9696/v2.0/trunks/ba022feb-6a2f-4475-a273-42b6fc83329e 0.025s
2019-02-06 04:12:03.031 17845 DEBUG tempest.lib.common.rest_client [req-29cf1ef2-9019-4fd8-95ad-bd5aa43466a5 ] Request - Headers: {'Content-Type': 'application/json', 'Accept': 'application/json', 'X-Auth-Token': ''} Body: None Response - Headers: {'status': '404', u'content-length': '134', 'content-location': 'http://10.167.4.35:9696/v2.0/trunks/ba022feb-6a2f-4475-a273-42b6fc83329e', u'date': 'Wed, 06 Feb 2019 04:12:03 GMT', u'content-type': 'application/json', u'connection': 'close', u'x-openstack-request-id': 'req-29cf1ef2-9019-4fd8-95ad-bd5aa43466a5'} Body: {"NeutronError": {"message": "Trunk ba022feb-6a2f-4475-a273-42b6fc83329e could not be found.", "type": "TrunkNotFound", "detail": ""}} _log_request_full /root/.rally/verification/verifier-843add22-ff17-46d5-a84b-3446856f95a2/repo/tempest/lib/common/rest_client.py:437
2019-02-06 04:12:03.051 17841 INFO tempest.lib.common.rest_client [req-59c8a6f7-a94f-49ad-9175-d4bbf6d408f2 ] Request (TrunkTestJSON:_run_cleanups): 404 DELETE http://10.167.4.35:9696/v2.0/networks/ce063dae-66e9-4983-b014-653995f761df 0.034s
2019-02-06 04:12:03.052 17841 DEBUG tempest.lib.common.rest_client [req-59c8a6f7-a94f-49ad-9175-d4bbf6d408f2 ] Request - Headers: {'Content-Type': 'application/json', 'Accept': 'application/json', 'X-Auth-Token': ''} Body: None Response - Headers: {'status': '404', u'content-length': '138', 'content-location': 'http://10.167.4.35:9696/v2.0/networks/ce063dae-66e9-4983-b014-653995f761df', u'date': 'Wed, 06 Feb 2019 04:12:03 GMT', u'content-type': 'application/json', u'connection': 'close', u'x-openstack-request-id': 'req-59c8a6f7-a94f-49ad-9175-d4bbf6d408f2'} Body: {"NeutronError": {"message": "Network ce063dae-66e9-4983-b014-653995f761df could not be found.", "type": "NetworkNotFound", "detail": ""}} _log_request_full /root/.rally/verification/verifier-843add22-ff17-46d5-a84b-3446856f95a2/repo/tempest/lib/common/rest_client.py:437
2019-02-06 04:12:03.052 17845 INFO tempest.lib.common.rest_client [req-66cb014a-62c5-4342-8375-75980e673e68 ] Request (TrunkTestJSON:_run_cleanups): 404 GET http://10.167.4.35:9696/v2.0/trunks/ff377596-54c6-49b9-ba5c-ab4491de595c/get_subports 0.020s
2019-02-06 04:12:03.053 17845 DEBUG tempest.lib.common.rest_client [req-66cb014a-62c5-4342-8375-75980e673e68 ] Request - Headers: {'Content-Type': 'application/json', 'Accept': 'application/json', 'X-Auth-Token': ''} Body: None Response - Headers: {'status': '404', u'content-length': '134', 'content-location': 'http://10.167.4.35:9696/v2.0/trunks/ff377596-54c6-49b9-ba5c-ab4491de595c/get_subports', u'date': 'Wed, 06 Feb 2019 04:12:03 GMT', u'content-type': 'application/json', u'connection': 'close', u'x-openstack-request-id': 'req-66cb014a-62c5-4342-8375-75980e673e68'} Body: {"NeutronError": {"message": "Trunk ff377596-54c6-49b9-ba5c-ab4491de595c could not be found.", "type": "TrunkNotFound", "detail": ""}} _log_request_full /root/.rally/verification/verifier-843add22-ff17-46d5-a84b-3446856f95a2/repo/tempest/lib/common/rest_client.py:437
2019-02-06 04:12:03.076 17845 INFO tempest.lib.common.rest_client [req-99a87513-9642-4ad9-96ae-64562a043f71 ] Request (TrunkTestJSON:_run_cleanups): 404 DELETE http://10.167.4.35:9696/v2.0/trunks/ff377596-54c6-49b9-ba5c-ab4491de595c 0.022s
2019-02-06 04:12:03.076 17845 DEBUG tempest.lib.common.rest_client [req-99a87513-9642-4ad9-96ae-64562a043f71 ] Request - Headers: {'Content-Type': 'application/json', 'Accept': 'application/json', 'X-Auth-Token': ''} Body: None Response - Headers: {'status': '404', u'content-length': '134', 'content-location': 'http://10.167.4.35:9696/v2.0/trunks/ff377596-54c6-49b9-ba5c-ab4491de595c', u'date': 'Wed, 06 Feb 2019 04:12:03 GMT', u'content-type': 'application/json', u'connection': 'close', u'x-openstack-request-id': 'req-99a87513-9642-4ad9-96ae-64562a043f71'} Body: {"NeutronError": {"message": "Trunk ff377596-54c6-49b9-ba5c-ab4491de595c could not be found.", "type": "TrunkNotFound", "detail": ""}} _log_request_full /root/.rally/verification/verifier-843add22-ff17-46d5-a84b-3446856f95a2/repo/tempest/lib/common/rest_client.py:437
2019-02-06 04:12:03.087 17841 INFO tempest.lib.common.rest_client [req-60ed6eef-bf25-4d6d-8f32-f499e5ad5b40 ] Request (TrunkTestJSON:_run_cleanups): 404 DELETE http://10.167.4.35:9696/v2.0/networks/e3aacb26-3253-4238-ab37-3bb6d68dc0b6 0.034s
2019-02-06 04:12:03.087 17841 DEBUG tempest.lib.common.rest_client [req-60ed6eef-bf25-4d6d-8f32-f499e5ad5b40 ] Request - Headers: {'Content-Type': 'application/json', 'Accept': 'application/json', 'X-Auth-Token': ''} Body: None Response - Headers: {'status': '404', u'content-length': '138', 'content-location': 'http://10.167.4.35:9696/v2.0/networks/e3aacb26-3253-4238-ab37-3bb6d68dc0b6', u'date': 'Wed, 06 Feb 2019 04:12:03 GMT', u'content-type': 'application/json', u'connection': 'close', u'x-openstack-request-id': 'req-60ed6eef-bf25-4d6d-8f32-f499e5ad5b40'} Body: {"NeutronError": {"message": "Network e3aacb26-3253-4238-ab37-3bb6d68dc0b6 could not be found.", "type": "NetworkNotFound", "detail": ""}} _log_request_full /root/.rally/verification/verifier-843add22-ff17-46d5-a84b-3446856f95a2/repo/tempest/lib/common/rest_client.py:437
2019-02-06 04:12:03.106 17845 INFO tempest.lib.common.rest_client [req-ae56d365-7e13-492a-afad-c39627e92fa1 ] Request (TrunkTestJSON:_run_cleanups): 404 GET http://10.167.4.35:9696/v2.0/trunks/d9381f11-2670-49c3-9d1e-7f7dd3b39d1a 0.028s
2019-02-06 04:12:03.106 17845 DEBUG tempest.lib.common.rest_client [req-ae56d365-7e13-492a-afad-c39627e92fa1 ] Request - Headers: {'Content-Type': 'application/json', 'Accept': 'application/json', 'X-Auth-Token': ''} Body: None Response - Headers: {'status': '404', u'content-length': '134', 'content-location': 'http://10.167.4.35:9696/v2.0/trunks/d9381f11-2670-49c3-9d1e-7f7dd3b39d1a', u'date': 'Wed, 06 Feb 2019 04:12:03 GMT', u'content-type': 'application/json', u'connection': 'close', u'x-openstack-request-id': 'req-ae56d365-7e13-492a-afad-c39627e92fa1'} Body: {"NeutronError": {"message": "Trunk d9381f11-2670-49c3-9d1e-7f7dd3b39d1a could not be found.", "type": "TrunkNotFound", "detail": ""}} _log_request_full /root/.rally/verification/verifier-843add22-ff17-46d5-a84b-3446856f95a2/repo/tempest/lib/common/rest_client.py:437
2019-02-06 04:12:03.122 17841 INFO tempest.lib.common.rest_client [req-3601f59b-9a5b-416d-af26-39a0d93ce166 ] Request (TrunkTestJSON:_run_cleanups): 404 DELETE http://10.167.4.35:9696/v2.0/networks/a8f19afc-6520-4ceb-8402-d3f33d288dec 0.034s
2019-02-06 04:12:03.123 17841 DEBUG tempest.lib.common.rest_client [req-3601f59b-9a5b-416d-af26-39a0d93ce166 ] Request - Headers: {'Content-Type': 'application/json', 'Accept': 'application/json', 'X-Auth-Token': ''} Body: None Response - Headers: {'status': '404', u'content-length': '138', 'content-location': 'http://10.167.4.35:9696/v2.0/networks/a8f19afc-6520-4ceb-8402-d3f33d288dec', u'date': 'Wed, 06 Feb 2019 04:12:03 GMT', u'content-type': 'application/json', u'connection': 'close', u'x-openstack-request-id': 'req-3601f59b-9a5b-416d-af26-39a0d93ce166'} Body: {"NeutronError": {"message": "Network a8f19afc-6520-4ceb-8402-d3f33d288dec could not be found.", "type": "NetworkNotFound", "detail": ""}} _log_request_full /root/.rally/verification/verifier-843add22-ff17-46d5-a84b-3446856f95a2/repo/tempest/lib/common/rest_client.py:437
2019-02-06 04:12:03.126 17845 INFO tempest.lib.common.rest_client [req-82a80a6f-c862-4fb7-bad8-cfeefb0ab929 ] Request (TrunkTestJSON:_run_cleanups): 404 GET http://10.167.4.35:9696/v2.0/trunks/e22f82f0-3ef6-488b-a8a0-d04feb0e0f3e 0.019s
2019-02-06 04:12:03.127 17845 DEBUG tempest.lib.common.rest_client [req-82a80a6f-c862-4fb7-bad8-cfeefb0ab929 ] Request - Headers: {'Content-Type': 'application/json', 'Accept': 'application/json', 'X-Auth-Token': ''} Body: None Response - Headers: {'status': '404', u'content-length': '134', 'content-location': 'http://10.167.4.35:9696/v2.0/trunks/e22f82f0-3ef6-488b-a8a0-d04feb0e0f3e', u'date': 'Wed, 06 Feb 2019 04:12:03 GMT', u'content-type': 'application/json', u'connection': 'close', u'x-openstack-request-id': 'req-82a80a6f-c862-4fb7-bad8-cfeefb0ab929'} Body: {"NeutronError": {"message": "Trunk e22f82f0-3ef6-488b-a8a0-d04feb0e0f3e could not be found.", "type": "TrunkNotFound", "detail": ""}} _log_request_full /root/.rally/verification/verifier-843add22-ff17-46d5-a84b-3446856f95a2/repo/tempest/lib/common/rest_client.py:437
2019-02-06 04:12:03.151 17845 INFO tempest.lib.common.rest_client [req-2b69c8ea-11a1-469b-9e34-d6ce98846d49 ] Request (TrunkTestJSON:_run_cleanups): 404 GET http://10.167.4.35:9696/v2.0/trunks/aaef2e13-ce39-48bd-963e-69fc2e6dbd00 0.023s
2019-02-06 04:12:03.152 17845 DEBUG tempest.lib.common.rest_client [req-2b69c8ea-11a1-469b-9e34-d6ce98846d49 ] Request - Headers: {'Content-Type': 'application/json', 'Accept': 'application/json', 'X-Auth-Token': ''} Body: None Response - Headers: {'status': '404', u'content-length': '134', 'content-location': 'http://10.167.4.35:9696/v2.0/trunks/aaef2e13-ce39-48bd-963e-69fc2e6dbd00', u'date': 'Wed, 06 Feb 2019 04:12:03 GMT', u'content-type': 'application/json', u'connection': 'close', u'x-openstack-request-id': 'req-2b69c8ea-11a1-469b-9e34-d6ce98846d49'} Body: {"NeutronError": {"message": "Trunk aaef2e13-ce39-48bd-963e-69fc2e6dbd00 could not be found.", "type": "TrunkNotFound", "detail": ""}} _log_request_full /root/.rally/verification/verifier-843add22-ff17-46d5-a84b-3446856f95a2/repo/tempest/lib/common/rest_client.py:437
2019-02-06 04:12:03.181 17845 INFO tempest.lib.common.rest_client [req-2bfa71ea-837a-4c4e-aea7-86281d1ff404 ] Request (TrunkTestJSON:_run_cleanups): 404 GET http://10.167.4.35:9696/v2.0/trunks/74e063c4-28ad-4797-b723-05973ba99460 0.029s
2019-02-06 04:12:03.182 17845 DEBUG tempest.lib.common.rest_client [req-2bfa71ea-837a-4c4e-aea7-86281d1ff404 ] Request - Headers: {'Content-Type': 'application/json', 'Accept': 'application/json', 'X-Auth-Token': ''} Body: None Response - Headers: {'status': '404', u'content-length': '134', 'content-location': 'http://10.167.4.35:9696/v2.0/trunks/74e063c4-28ad-4797-b723-05973ba99460', u'date': 'Wed, 06 Feb 2019 04:12:03 GMT', u'content-type': 'application/json', u'connection': 'close', u'x-openstack-request-id': 'req-2bfa71ea-837a-4c4e-aea7-86281d1ff404'} Body: {"NeutronError": {"message": "Trunk 74e063c4-28ad-4797-b723-05973ba99460 could not be found.", "type": "TrunkNotFound", "detail": ""}} _log_request_full /root/.rally/verification/verifier-843add22-ff17-46d5-a84b-3446856f95a2/repo/tempest/lib/common/rest_client.py:437
2019-02-06 04:12:03.205 17845 INFO tempest.lib.common.rest_client [req-2c79dab2-6048-49ee-a877-9f489e2c20ed ] Request (TrunkTestJSON:_run_cleanups): 404 GET http://10.167.4.35:9696/v2.0/trunks/dab77830-9b84-4088-b7dd-065e764e29bf 0.022s
2019-02-06 04:12:03.205 17845 DEBUG tempest.lib.common.rest_client [req-2c79dab2-6048-49ee-a877-9f489e2c20ed ] Request - Headers: {'Content-Type': 'application/json', 'Accept': 'application/json', 'X-Auth-Token': ''} Body: None Response - Headers: {'status': '404', u'content-length': '134', 'content-location': 'http://10.167.4.35:9696/v2.0/trunks/dab77830-9b84-4088-b7dd-065e764e29bf', u'date': 'Wed, 06 Feb 2019 04:12:03 GMT', u'content-type': 'application/json', u'connection': 'close', u'x-openstack-request-id': 'req-2c79dab2-6048-49ee-a877-9f489e2c20ed'} Body: {"NeutronError": {"message": "Trunk dab77830-9b84-4088-b7dd-065e764e29bf could not be found.", "type": "TrunkNotFound", "detail": ""}} _log_request_full /root/.rally/verification/verifier-843add22-ff17-46d5-a84b-3446856f95a2/repo/tempest/lib/common/rest_client.py:437
2019-02-06 04:12:03.240 17845 INFO tempest.lib.common.rest_client [req-69a563b5-3862-436e-a989-f35f0c6043de ] Request (TrunkTestJSON:_run_cleanups): 404 GET http://10.167.4.35:9696/v2.0/trunks/ba022feb-6a2f-4475-a273-42b6fc83329e 0.034s
2019-02-06 04:12:03.241 17845 DEBUG tempest.lib.common.rest_client [req-69a563b5-3862-436e-a989-f35f0c6043de ] Request - Headers: {'Content-Type': 'application/json', 'Accept': 'application/json', 'X-Auth-Token': ''} Body: None Response - Headers: {'status': '404', u'content-length': '134', 'content-location': 'http://10.167.4.35:9696/v2.0/trunks/ba022feb-6a2f-4475-a273-42b6fc83329e', u'date': 'Wed, 06 Feb 2019 04:12:03 GMT', u'content-type': 'application/json', u'connection': 'close', u'x-openstack-request-id': 'req-69a563b5-3862-436e-a989-f35f0c6043de'} Body: {"NeutronError": {"message": "Trunk ba022feb-6a2f-4475-a273-42b6fc83329e could not be found.", "type": "TrunkNotFound", "detail": ""}} _log_request_full /root/.rally/verification/verifier-843add22-ff17-46d5-a84b-3446856f95a2/repo/tempest/lib/common/rest_client.py:437
2019-02-06 04:12:03.264 17845 INFO tempest.lib.common.rest_client [req-0f06f2f0-0ed1-4995-a9b7-b4b1a8596709 ] Request (TrunkTestJSON:_run_cleanups): 404 GET http://10.167.4.35:9696/v2.0/trunks/ff377596-54c6-49b9-ba5c-ab4491de595c 0.023s
2019-02-06 04:12:03.265 17845 DEBUG tempest.lib.common.rest_client [req-0f06f2f0-0ed1-4995-a9b7-b4b1a8596709 ] Request - Headers: {'Content-Type': 'application/json', 'Accept': 'application/json', 'X-Auth-Token': ''} Body: None Response - Headers: {'status': '404', u'content-length': '134', 'content-location': 'http://10.167.4.35:9696/v2.0/trunks/ff377596-54c6-49b9-ba5c-ab4491de595c', u'date': 'Wed, 06 Feb 2019 04:12:03 GMT', u'content-type': 'application/json', u'connection': 'close', u'x-openstack-request-id': 'req-0f06f2f0-0ed1-4995-a9b7-b4b1a8596709'} Body: {"NeutronError": {"message": "Trunk ff377596-54c6-49b9-ba5c-ab4491de595c could not be found.", "type": "TrunkNotFound", "detail": ""}} _log_request_full /root/.rally/verification/verifier-843add22-ff17-46d5-a84b-3446856f95a2/repo/tempest/lib/common/rest_client.py:437
2019-02-06 04:12:03.311 17845 INFO tempest.lib.common.rest_client [req-8292008a-c99d-4a8d-afbc-0751acc7f74a ] Request (TrunkTestJSON:_run_cleanups): 404 DELETE http://10.167.4.35:9696/v2.0/ports/27335bc9-c9c4-4e2b-b670-5d34e6854461 0.045s
2019-02-06 04:12:03.312 17845 DEBUG tempest.lib.common.rest_client [req-8292008a-c99d-4a8d-afbc-0751acc7f74a ] Request - Headers: {'Content-Type': 'application/json', 'Accept': 'application/json', 'X-Auth-Token': ''} Body: None Response - Headers: {'status': '404', u'content-length': '132', 'content-location': 'http://10.167.4.35:9696/v2.0/ports/27335bc9-c9c4-4e2b-b670-5d34e6854461', u'date': 'Wed, 06 Feb 2019 04:12:03 GMT', u'content-type': 'application/json', u'connection': 'close', u'x-openstack-request-id': 'req-8292008a-c99d-4a8d-afbc-0751acc7f74a'} Body: {"NeutronError": {"message": "Port 27335bc9-c9c4-4e2b-b670-5d34e6854461 could not be found.", "type": "PortNotFound", "detail": ""}} _log_request_full /root/.rally/verification/verifier-843add22-ff17-46d5-a84b-3446856f95a2/repo/tempest/lib/common/rest_client.py:437
2019-02-06 04:12:03.357 17845 INFO tempest.lib.common.rest_client [req-7f99b124-c1d4-4dbc-995e-a2a649a14558 ] Request (TrunkTestJSON:_run_cleanups): 404 DELETE http://10.167.4.35:9696/v2.0/ports/e1c4c771-b83a-4055-9dc3-b9868a9781b7 0.044s
2019-02-06 04:12:03.357 17845 DEBUG tempest.lib.common.rest_client [req-7f99b124-c1d4-4dbc-995e-a2a649a14558 ] Request - Headers: {'Content-Type': 'application/json', 'Accept': 'application/json', 'X-Auth-Token': ''} Body: None Response - Headers: {'status': '404', u'content-length': '132', 'content-location': 'http://10.167.4.35:9696/v2.0/ports/e1c4c771-b83a-4055-9dc3-b9868a9781b7', u'date': 'Wed, 06 Feb 2019 04:12:03 GMT', u'content-type': 'application/json', u'connection': 'close', u'x-openstack-request-id': 'req-7f99b124-c1d4-4dbc-995e-a2a649a14558'} Body: {"NeutronError": {"message": "Port e1c4c771-b83a-4055-9dc3-b9868a9781b7 could not be found.", "type": "PortNotFound", "detail": ""}} _log_request_full /root/.rally/verification/verifier-843add22-ff17-46d5-a84b-3446856f95a2/repo/tempest/lib/common/rest_client.py:437
