2019-01-25 02:21:00.396 17845 DEBUG tempest.lib.common.rest_client [req-8d2d48a1-c27b-4f0e-aa81-f7b4623c8aa4 ] Request - Headers: {'Content-Type': 'application/json', 'Accept': 'application/json', 'X-Auth-Token': ''} Body: None Response - Headers: {'status': '404', u'content-length': '132', 'content-location': 'http://10.167.4.35:9696/v2.0/ports/932d9f98-94f7-45f4-afe0-db552a6b0a77', u'date': 'Fri, 25 Jan 2019 02:21:00 GMT', u'content-type': 'application/json', u'connection': 'close', u'x-openstack-request-id': 'req-8d2d48a1-c27b-4f0e-aa81-f7b4623c8aa4'} Body: {"NeutronError": {"message": "Port 932d9f98-94f7-45f4-afe0-db552a6b0a77 could not be found.", "type": "PortNotFound", "detail": ""}} _log_request_full /root/.rally/verification/verifier-01faab0b-3ffc-4520-b497-779d4a4874ef/repo/tempest/lib/common/rest_client.py:436
2019-01-25 02:21:00.436 17845 INFO tempest.lib.common.rest_client [req-87cca396-9099-47e8-9a7d-4052d76c53c8 ] Request (TrunkTestJSON:_run_cleanups): 404 DELETE http://10.167.4.35:9696/v2.0/ports/01ae1153-99a3-4518-8cfa-36c9862f2f94 0.038s
2019-01-25 02:21:00.436 17845 DEBUG tempest.lib.common.rest_client [req-87cca396-9099-47e8-9a7d-4052d76c53c8 ] Request - Headers: {'Content-Type': 'application/json', 'Accept': 'application/json', 'X-Auth-Token': ''} Body: None Response - Headers: {'status': '404', u'content-length': '132', 'content-location': 'http://10.167.4.35:9696/v2.0/ports/01ae1153-99a3-4518-8cfa-36c9862f2f94', u'date': 'Fri, 25 Jan 2019 02:21:00 GMT', u'content-type': 'application/json', u'connection': 'close', u'x-openstack-request-id': 'req-87cca396-9099-47e8-9a7d-4052d76c53c8'} Body: {"NeutronError": {"message": "Port 01ae1153-99a3-4518-8cfa-36c9862f2f94 could not be found.", "type": "PortNotFound", "detail": ""}} _log_request_full /root/.rally/verification/verifier-01faab0b-3ffc-4520-b497-779d4a4874ef/repo/tempest/lib/common/rest_client.py:436
2019-01-25 02:21:00.486 17845 INFO tempest.lib.common.rest_client [req-c4d2e17a-7b71-49c1-92ac-f24cda907c04 ] Request (TrunkTestJSON:_run_cleanups): 404 DELETE http://10.167.4.35:9696/v2.0/ports/76ba1bed-0950-4c50-83ea-169c358017a9 0.048s
2019-01-25 02:21:00.487 17845 DEBUG tempest.lib.common.rest_client [req-c4d2e17a-7b71-49c1-92ac-f24cda907c04 ] Request - Headers: {'Content-Type': 'application/json', 'Accept': 'application/json', 'X-Auth-Token': ''} Body: None Response - Headers: {'status': '404', u'content-length': '132', 'content-location': 'http://10.167.4.35:9696/v2.0/ports/76ba1bed-0950-4c50-83ea-169c358017a9', u'date': 'Fri, 25 Jan 2019 02:21:00 GMT', u'content-type': 'application/json', u'connection': 'close', u'x-openstack-request-id': 'req-c4d2e17a-7b71-49c1-92ac-f24cda907c04'} Body: {"NeutronError": {"message": "Port 76ba1bed-0950-4c50-83ea-169c358017a9 could not be found.", "type": "PortNotFound", "detail": ""}} _log_request_full /root/.rally/verification/verifier-01faab0b-3ffc-4520-b497-779d4a4874ef/repo/tempest/lib/common/rest_client.py:436
2019-01-25 02:21:00.534 17845 INFO tempest.lib.common.rest_client [req-8fadca27-ccf8-4e70-a08f-a1e56d4bdaf1 ] Request (TrunkTestJSON:_run_cleanups): 404 DELETE http://10.167.4.35:9696/v2.0/ports/7885f56b-aa89-40d2-b092-32bca77d9b74 0.046s
2019-01-25 02:21:00.534 17845 DEBUG tempest.lib.common.rest_client [req-8fadca27-ccf8-4e70-a08f-a1e56d4bdaf1 ] Request - Headers: {'Content-Type': 'application/json', 'Accept': 'application/json', 'X-Auth-Token': ''} Body: None Response - Headers: {'status': '404', u'content-length': '132', 'content-location': 'http://10.167.4.35:9696/v2.0/ports/7885f56b-aa89-40d2-b092-32bca77d9b74', u'date': 'Fri, 25 Jan 2019 02:21:00 GMT', u'content-type': 'application/json', u'connection': 'close', u'x-openstack-request-id': 'req-8fadca27-ccf8-4e70-a08f-a1e56d4bdaf1'} Body: {"NeutronError": {"message": "Port 7885f56b-aa89-40d2-b092-32bca77d9b74 could not be found.", "type": "PortNotFound", "detail": ""}} _log_request_full /root/.rally/verification/verifier-01faab0b-3ffc-4520-b497-779d4a4874ef/repo/tempest/lib/common/rest_client.py:436
2019-01-25 02:21:00.605 17849 INFO tempest.lib.common.rest_client [req-1da67bab-50bc-45bc-8483-9a14a5f33a4e ] Request (TrunkTestJSON:_run_cleanups): 204 DELETE http://10.167.4.35:9696/v2.0/networks/ecaf0d62-1f40-436c-bd3e-099cad037e50 0.767s
2019-01-25 02:21:00.605 17849 DEBUG tempest.lib.common.rest_client [req-1da67bab-50bc-45bc-8483-9a14a5f33a4e ] Request - Headers: {'Content-Type': 'application/json', 'Accept': 'application/json', 'X-Auth-Token': ''} Body: None Response - Headers: {'status': '204', u'content-length': '0', 'content-location': 'http://10.167.4.35:9696/v2.0/networks/ecaf0d62-1f40-436c-bd3e-099cad037e50', u'date': 'Fri, 25 Jan 2019 02:21:00 GMT', u'connection': 'close', u'x-openstack-request-id': 'req-1da67bab-50bc-45bc-8483-9a14a5f33a4e'} Body: _log_request_full /root/.rally/verification/verifier-01faab0b-3ffc-4520-b497-779d4a4874ef/repo/tempest/lib/common/rest_client.py:436
2019-01-25 02:21:00.693 17849 INFO tempest.lib.common.rest_client [req-c8e8e0b5-e498-41eb-a639-1426c44bae3c ] Request (TrunkTestJSON:test_create_trunk_nonexistent_port_id): 404 POST http://10.167.4.35:9696/v2.0/trunks 0.085s
2019-01-25 02:21:00.694 17849 DEBUG tempest.lib.common.rest_client [req-c8e8e0b5-e498-41eb-a639-1426c44bae3c ] Request - Headers: {'Content-Type': 'application/json', 'Accept': 'application/json', 'X-Auth-Token': ''} Body: {"trunk": {"sub_ports": [], "port_id": "6d6fa2fb-8f61-472a-a941-832b2ee1deb5"}} Response - Headers: {'status': '404', u'content-length': '132', 'content-location': 'http://10.167.4.35:9696/v2.0/trunks', u'date': 'Fri, 25 Jan 2019 02:21:00 GMT', u'content-type': 'application/json', u'connection': 'close', u'x-openstack-request-id': 'req-c8e8e0b5-e498-41eb-a639-1426c44bae3c'} Body: {"NeutronError": {"message": "Port 6d6fa2fb-8f61-472a-a941-832b2ee1deb5 could not be found.", "type": "PortNotFound", "detail": ""}} _log_request_full /root/.rally/verification/verifier-01faab0b-3ffc-4520-b497-779d4a4874ef/repo/tempest/lib/common/rest_client.py:436
2019-01-25 02:21:00.712 17849 INFO tempest.lib.common.rest_client [req-46c58b7f-aa85-41d8-9742-3b0e0b1a1eaf ] Request (TrunkTestJSON:_run_cleanups): 404 GET http://10.167.4.35:9696/v2.0/trunks/be554373-4fb2-4c16-be23-358112a2bd00/get_subports 0.017s
2019-01-25 02:21:00.713 17849 DEBUG tempest.lib.common.rest_client [req-46c58b7f-aa85-41d8-9742-3b0e0b1a1eaf ] Request - Headers: {'Content-Type': 'application/json', 'Accept': 'application/json', 'X-Auth-Token': ''} Body: None Response - Headers: {'status': '404', u'content-length': '134', 'content-location': 'http://10.167.4.35:9696/v2.0/trunks/be554373-4fb2-4c16-be23-358112a2bd00/get_subports', u'date': 'Fri, 25 Jan 2019 02:21:00 GMT', u'content-type': 'application/json', u'connection': 'close', u'x-openstack-request-id': 'req-46c58b7f-aa85-41d8-9742-3b0e0b1a1eaf'} Body: {"NeutronError": {"message": "Trunk be554373-4fb2-4c16-be23-358112a2bd00 could not be found.", "type": "TrunkNotFound", "detail": ""}} _log_request_full /root/.rally/verification/verifier-01faab0b-3ffc-4520-b497-779d4a4874ef/repo/tempest/lib/common/rest_client.py:436
2019-01-25 02:21:00.741 17849 INFO tempest.lib.common.rest_client [req-54a0d57c-8b0b-40aa-b432-ca0e67285233 ] Request (TrunkTestJSON:_run_cleanups): 404 DELETE http://10.167.4.35:9696/v2.0/trunks/be554373-4fb2-4c16-be23-358112a2bd00 0.027s
2019-01-25 02:21:00.741 17849 DEBUG tempest.lib.common.rest_client [req-54a0d57c-8b0b-40aa-b432-ca0e67285233 ] Request - Headers: {'Content-Type': 'application/json', 'Accept': 'application/json', 'X-Auth-Token': ''} Body: None Response - Headers: {'status': '404', u'content-length': '134', 'content-location': 'http://10.167.4.35:9696/v2.0/trunks/be554373-4fb2-4c16-be23-358112a2bd00', u'date': 'Fri, 25 Jan 2019 02:21:00 GMT', u'content-type': 'application/json', u'connection': 'close', u'x-openstack-request-id': 'req-54a0d57c-8b0b-40aa-b432-ca0e67285233'} Body: {"NeutronError": {"message": "Trunk be554373-4fb2-4c16-be23-358112a2bd00 could not be found.", "type": "TrunkNotFound", "detail": ""}} _log_request_full /root/.rally/verification/verifier-01faab0b-3ffc-4520-b497-779d4a4874ef/repo/tempest/lib/common/rest_client.py:436
2019-01-25 02:21:00.763 17849 INFO tempest.lib.common.rest_client [req-28d80af3-47c1-4e9e-941b-9aff5321172a ] Request (TrunkTestJSON:_run_cleanups): 404 GET http://10.167.4.35:9696/v2.0/trunks/c0345d6f-167c-4a86-8215-795ccab0aa44/get_subports 0.021s
2019-01-25 02:21:00.764 17849 DEBUG tempest.lib.common.rest_client [req-28d80af3-47c1-4e9e-941b-9aff5321172a ] Request - Headers: {'Content-Type': 'application/json', 'Accept': 'application/json', 'X-Auth-Token': ''} Body: None Response - Headers: {'status': '404', u'content-length': '134', 'content-location': 'http://10.167.4.35:9696/v2.0/trunks/c0345d6f-167c-4a86-8215-795ccab0aa44/get_subports', u'date': 'Fri, 25 Jan 2019 02:21:00 GMT', u'content-type': 'application/json', u'connection': 'close', u'x-openstack-request-id': 'req-28d80af3-47c1-4e9e-941b-9aff5321172a'} Body: {"NeutronError": {"message": "Trunk c0345d6f-167c-4a86-8215-795ccab0aa44 could not be found.", "type": "TrunkNotFound", "detail": ""}} _log_request_full /root/.rally/verification/verifier-01faab0b-3ffc-4520-b497-779d4a4874ef/repo/tempest/lib/common/rest_client.py:436
2019-01-25 02:21:00.789 17849 INFO tempest.lib.common.rest_client [req-aa89c9fe-be36-4966-88c5-bb225094fd71 ] Request (TrunkTestJSON:_run_cleanups): 404 DELETE http://10.167.4.35:9696/v2.0/trunks/c0345d6f-167c-4a86-8215-795ccab0aa44 0.024s
2019-01-25 02:21:00.789 17849 DEBUG tempest.lib.common.rest_client [req-aa89c9fe-be36-4966-88c5-bb225094fd71 ] Request - Headers: {'Content-Type': 'application/json', 'Accept': 'application/json', 'X-Auth-Token': ''} Body: None Response - Headers: {'status': '404', u'content-length': '134', 'content-location': 'http://10.167.4.35:9696/v2.0/trunks/c0345d6f-167c-4a86-8215-795ccab0aa44', u'date': 'Fri, 25 Jan 2019 02:21:00 GMT', u'content-type': 'application/json', u'connection': 'close', u'x-openstack-request-id': 'req-aa89c9fe-be36-4966-88c5-bb225094fd71'} Body: {"NeutronError": {"message": "Trunk c0345d6f-167c-4a86-8215-795ccab0aa44 could not be found.", "type": "TrunkNotFound", "detail": ""}} _log_request_full /root/.rally/verification/verifier-01faab0b-3ffc-4520-b497-779d4a4874ef/repo/tempest/lib/common/rest_client.py:436
2019-01-25 02:21:00.813 17849 INFO tempest.lib.common.rest_client [req-4bf6f51c-4e16-4a0c-ae07-6b6371054117 ] Request (TrunkTestJSON:_run_cleanups): 404 GET http://10.167.4.35:9696/v2.0/trunks/b9dbc81b-e52e-4234-86ec-ffef3fcdab01/get_subports 0.022s
2019-01-25 02:21:00.813 17849 DEBUG tempest.lib.common.rest_client [req-4bf6f51c-4e16-4a0c-ae07-6b6371054117 ] Request - Headers: {'Content-Type': 'application/json', 'Accept': 'application/json', 'X-Auth-Token': ''} Body: None Response - Headers: {'status': '404', u'content-length': '134', 'content-location': 'http://10.167.4.35:9696/v2.0/trunks/b9dbc81b-e52e-4234-86ec-ffef3fcdab01/get_subports', u'date': 'Fri, 25 Jan 2019 02:21:00 GMT', u'content-type': 'application/json', u'connection': 'close', u'x-openstack-request-id': 'req-4bf6f51c-4e16-4a0c-ae07-6b6371054117'} Body: {"NeutronError": {"message": "Trunk b9dbc81b-e52e-4234-86ec-ffef3fcdab01 could not be found.", "type": "TrunkNotFound", "detail": ""}} _log_request_full /root/.rally/verification/verifier-01faab0b-3ffc-4520-b497-779d4a4874ef/repo/tempest/lib/common/rest_client.py:436
2019-01-25 02:21:00.842 17849 INFO tempest.lib.common.rest_client [req-96ff1b53-74f3-487d-ab96-2481a7831255 ] Request (TrunkTestJSON:_run_cleanups): 404 DELETE http://10.167.4.35:9696/v2.0/trunks/b9dbc81b-e52e-4234-86ec-ffef3fcdab01 0.028s
2019-01-25 02:21:00.843 17849 DEBUG tempest.lib.common.rest_client [req-96ff1b53-74f3-487d-ab96-2481a7831255 ] Request - Headers: {'Content-Type': 'application/json', 'Accept': 'application/json', 'X-Auth-Token': ''} Body: None Response - Headers: {'status': '404', u'content-length': '134', 'content-location': 'http://10.167.4.35:9696/v2.0/trunks/b9dbc81b-e52e-4234-86ec-ffef3fcdab01', u'date': 'Fri, 25 Jan 2019 02:21:00 GMT', u'content-type': 'application/json', u'connection': 'close', u'x-openstack-request-id': 'req-96ff1b53-74f3-487d-ab96-2481a7831255'} Body: {"NeutronError": {"message": "Trunk b9dbc81b-e52e-4234-86ec-ffef3fcdab01 could not be found.", "type": "TrunkNotFound", "detail": ""}} _log_request_full /root/.rally/verification/verifier-01faab0b-3ffc-4520-b497-779d4a4874ef/repo/tempest/lib/common/rest_client.py:436
2019-01-25 02:21:00.866 17849 INFO tempest.lib.common.rest_client [req-1f72d253-ce09-4978-86be-92e7bf9c1a30 ] Request (TrunkTestJSON:_run_cleanups): 404 GET http://10.167.4.35:9696/v2.0/trunks/648e5398-250b-43f9-a029-4b29dbd104aa/get_subports 0.023s
2019-01-25 02:21:00.867 17849 DEBUG tempest.lib.common.rest_client [req-1f72d253-ce09-4978-86be-92e7bf9c1a30 ] Request - Headers: {'Content-Type': 'application/json', 'Accept': 'application/json', 'X-Auth-Token': ''} Body: None Response - Headers: {'status': '404', u'content-length': '134', 'content-location': 'http://10.167.4.35:9696/v2.0/trunks/648e5398-250b-43f9-a029-4b29dbd104aa/get_subports', u'date': 'Fri, 25 Jan 2019 02:21:00 GMT', u'content-type': 'application/json', u'connection': 'close', u'x-openstack-request-id': 'req-1f72d253-ce09-4978-86be-92e7bf9c1a30'} Body: {"NeutronError": {"message": "Trunk 648e5398-250b-43f9-a029-4b29dbd104aa could not be found.", "type": "TrunkNotFound", "detail": ""}} _log_request_full /root/.rally/verification/verifier-01faab0b-3ffc-4520-b497-779d4a4874ef/repo/tempest/lib/common/rest_client.py:436
2019-01-25 02:21:00.894 17849 INFO tempest.lib.common.rest_client [req-a821c773-e096-418f-8fa3-28c8a4d27017 ] Request (TrunkTestJSON:_run_cleanups): 404 DELETE http://10.167.4.35:9696/v2.0/trunks/648e5398-250b-43f9-a029-4b29dbd104aa 0.026s
2019-01-25 02:21:00.894 17849 DEBUG tempest.lib.common.rest_client [req-a821c773-e096-418f-8fa3-28c8a4d27017 ] Request - Headers: {'Content-Type': 'application/json', 'Accept': 'application/json', 'X-Auth-Token': ''} Body: None Response - Headers: {'status': '404', u'content-length': '134', 'content-location': 'http://10.167.4.35:9696/v2.0/trunks/648e5398-250b-43f9-a029-4b29dbd104aa', u'date': 'Fri, 25 Jan 2019 02:21:00 GMT', u'content-type': 'application/json', u'connection': 'close', u'x-openstack-request-id': 'req-a821c773-e096-418f-8fa3-28c8a4d27017'} Body: {"NeutronError": {"message": "Trunk 648e5398-250b-43f9-a029-4b29dbd104aa could not be found.", "type": "TrunkNotFound", "detail": ""}} _log_request_full /root/.rally/verification/verifier-01faab0b-3ffc-4520-b497-779d4a4874ef/repo/tempest/lib/common/rest_client.py:436
2019-01-25 02:21:00.914 17849 INFO tempest.lib.common.rest_client [req-a9aad014-06c8-46dd-9a1d-f94a413d42ad ] Request (TrunkTestJSON:_run_cleanups): 404 GET http://10.167.4.35:9696/v2.0/trunks/9c74926e-e5b8-4bb1-9cbf-ab11577b5a9a/get_subports 0.019s
2019-01-25 02:21:00.915 17845 INFO tempest.lib.common.rest_client [req-51e46f02-898c-4587-9c30-df71d4875aef ] Request (TrunkTestJSON:_run_cleanups): 404 DELETE http://10.167.4.35:9696/v2.0/ports/8460936a-15c4-476e-895d-266a50ab60c7 0.379s
2019-01-25 02:21:00.915 17849 DEBUG tempest.lib.common.rest_client [req-a9aad014-06c8-46dd-9a1d-f94a413d42ad ] Request - Headers: {'Content-Type': 'application/json', 'Accept': 'application/json', 'X-Auth-Token': ''} Body: None Response - Headers: {'status': '404', u'content-length': '134', 'content-location': 'http://10.167.4.35:9696/v2.0/trunks/9c74926e-e5b8-4bb1-9cbf-ab11577b5a9a/get_subports', u'date': 'Fri, 25 Jan 2019 02:21:00 GMT', u'content-type': 'application/json', u'connection': 'close', u'x-openstack-request-id': 'req-a9aad014-06c8-46dd-9a1d-f94a413d42ad'} Body: {"NeutronError": {"message": "Trunk 9c74926e-e5b8-4bb1-9cbf-ab11577b5a9a could not be found.", "type": "TrunkNotFound", "detail": ""}} _log_request_full /root/.rally/verification/verifier-01faab0b-3ffc-4520-b497-779d4a4874ef/repo/tempest/lib/common/rest_client.py:436
2019-01-25 02:21:00.915 17845 DEBUG tempest.lib.common.rest_client [req-51e46f02-898c-4587-9c30-df71d4875aef ] Request - Headers: {'Content-Type': 'application/json', 'Accept': 'application/json', 'X-Auth-Token': ''} Body: None Response - Headers: {'status': '404', u'content-length': '132', 'content-location': 'http://10.167.4.35:9696/v2.0/ports/8460936a-15c4-476e-895d-266a50ab60c7', u'date': 'Fri, 25 Jan 2019 02:21:00 GMT', u'content-type': 'application/json', u'connection': 'close', u'x-openstack-request-id': 'req-51e46f02-898c-4587-9c30-df71d4875aef'} Body: {"NeutronError": {"message": "Port 8460936a-15c4-476e-895d-266a50ab60c7 could not be found.", "type": "PortNotFound", "detail": ""}} _log_request_full /root/.rally/verification/verifier-01faab0b-3ffc-4520-b497-779d4a4874ef/repo/tempest/lib/common/rest_client.py:436
2019-01-25 02:21:00.934 17849 INFO tempest.lib.common.rest_client [req-fcee16d2-445a-46ee-bfdb-2daf90b26447 ] Request (TrunkTestJSON:_run_cleanups): 404 DELETE http://10.167.4.35:9696/v2.0/trunks/9c74926e-e5b8-4bb1-9cbf-ab11577b5a9a 0.018s
2019-01-25 02:21:00.934 17849 DEBUG tempest.lib.common.rest_client [req-fcee16d2-445a-46ee-bfdb-2daf90b26447 ] Request - Headers: {'Content-Type': 'application/json', 'Accept': 'application/json', 'X-Auth-Token': ''} Body: None Response - Headers: {'status': '404', u'content-length': '134', 'content-location': 'http://10.167.4.35:9696/v2.0/trunks/9c74926e-e5b8-4bb1-9cbf-ab11577b5a9a', u'date': 'Fri, 25 Jan 2019 02:21:00 GMT', u'content-type': 'application/json', u'connection': 'close', u'x-openstack-request-id': 'req-fcee16d2-445a-46ee-bfdb-2daf90b26447'} Body: {"NeutronError": {"message": "Trunk 9c74926e-e5b8-4bb1-9cbf-ab11577b5a9a could not be found.", "type": "TrunkNotFound", "detail": ""}} _log_request_full /root/.rally/verification/verifier-01faab0b-3ffc-4520-b497-779d4a4874ef/repo/tempest/lib/common/rest_client.py:436
2019-01-25 02:21:00.960 17849 INFO tempest.lib.common.rest_client [req-70d1d5ad-cdf6-465f-84d4-d66c9c55fe34 ] Request (TrunkTestJSON:_run_cleanups): 404 GET http://10.167.4.35:9696/v2.0/trunks/5777263a-06bd-4723-a012-c879635bd8ee/get_subports 0.025s
2019-01-25 02:21:00.961 17849 DEBUG tempest.lib.common.rest_client [req-70d1d5ad-cdf6-465f-84d4-d66c9c55fe34 ] Request - Headers: {'Content-Type': 'application/json', 'Accept': 'application/json', 'X-Auth-Token': ''} Body: None Response - Headers: {'status': '404', u'content-length': '134', 'content-location': 'http://10.167.4.35:9696/v2.0/trunks/5777263a-06bd-4723-a012-c879635bd8ee/get_subports', u'date': 'Fri, 25 Jan 2019 02:21:00 GMT', u'content-type': 'application/json', u'connection': 'close', u'x-openstack-request-id': 'req-70d1d5ad-cdf6-465f-84d4-d66c9c55fe34'} Body: {"NeutronError": {"message": "Trunk 5777263a-06bd-4723-a012-c879635bd8ee could not be found.", "type": "TrunkNotFound", "detail": ""}} _log_request_full /root/.rally/verification/verifier-01faab0b-3ffc-4520-b497-779d4a4874ef/repo/tempest/lib/common/rest_client.py:436
2019-01-25 02:21:00.984 17849 INFO tempest.lib.common.rest_client [req-94ad08b7-768d-4632-9be0-1b5e1bda5e17 ] Request (TrunkTestJSON:_run_cleanups): 404 DELETE http://10.167.4.35:9696/v2.0/trunks/5777263a-06bd-4723-a012-c879635bd8ee 0.022s
2019-01-25 02:21:00.985 17849 DEBUG tempest.lib.common.rest_client [req-94ad08b7-768d-4632-9be0-1b5e1bda5e17 ] Request - Headers: {'Content-Type': 'application/json', 'Accept': 'application/json', 'X-Auth-Token': ''} Body: None Response - Headers: {'status': '404', u'content-length': '134', 'content-location': 'http://10.167.4.35:9696/v2.0/trunks/5777263a-06bd-4723-a012-c879635bd8ee', u'date': 'Fri, 25 Jan 2019 02:21:00 GMT', u'content-type': 'application/json', u'connection': 'close', u'x-openstack-request-id': 'req-94ad08b7-768d-4632-9be0-1b5e1bda5e17'} Body: {"NeutronError": {"message": "Trunk 5777263a-06bd-4723-a012-c879635bd8ee could not be found.", "type": "TrunkNotFound", "detail": ""}} _log_request_full /root/.rally/verification/verifier-01faab0b-3ffc-4520-b497-779d4a4874ef/repo/tempest/lib/common/rest_client.py:436
2019-01-25 02:21:01.010 17849 INFO tempest.lib.common.rest_client [req-12a16d61-2c31-4dfb-90f8-2b258121926f ] Request (TrunkTestJSON:_run_cleanups): 404 GET http://10.167.4.35:9696/v2.0/trunks/fd791929-91aa-47cc-a008-ab1870db5d92/get_subports 0.025s
2019-01-25 02:21:01.011 17849 DEBUG tempest.lib.common.rest_client [req-12a16d61-2c31-4dfb-90f8-2b258121926f ] Request - Headers: {'Content-Type': 'application/json', 'Accept': 'application/json', 'X-Auth-Token': ''} Body: None Response - Headers: {'status': '404', u'content-length': '134', 'content-location': 'http://10.167.4.35:9696/v2.0/trunks/fd791929-91aa-47cc-a008-ab1870db5d92/get_subports', u'date': 'Fri, 25 Jan 2019 02:21:01 GMT', u'content-type': 'application/json', u'connection': 'close', u'x-openstack-request-id': 'req-12a16d61-2c31-4dfb-90f8-2b258121926f'} Body: {"NeutronError": {"message": "Trunk fd791929-91aa-47cc-a008-ab1870db5d92 could not be found.", "type": "TrunkNotFound", "detail": ""}} _log_request_full /root/.rally/verification/verifier-01faab0b-3ffc-4520-b497-779d4a4874ef/repo/tempest/lib/common/rest_client.py:436
2019-01-25 02:21:01.038 17849 INFO tempest.lib.common.rest_client [req-5fbd553c-e537-4095-90f3-9b923163f83e ] Request (TrunkTestJSON:_run_cleanups): 404 DELETE http://10.167.4.35:9696/v2.0/trunks/fd791929-91aa-47cc-a008-ab1870db5d92 0.026s
2019-01-25 02:21:01.039 17849 DEBUG tempest.lib.common.rest_client [req-5fbd553c-e537-4095-90f3-9b923163f83e ] Request - Headers: {'Content-Type': 'application/json', 'Accept': 'application/json', 'X-Auth-Token': ''} Body: None Response - Headers: {'status': '404', u'content-length': '134', 'content-location': 'http://10.167.4.35:9696/v2.0/trunks/fd791929-91aa-47cc-a008-ab1870db5d92', u'date': 'Fri, 25 Jan 2019 02:21:01 GMT', u'content-type': 'application/json', u'connection': 'close', u'x-openstack-request-id': 'req-5fbd553c-e537-4095-90f3-9b923163f83e'} Body: {"NeutronError": {"message": "Trunk fd791929-91aa-47cc-a008-ab1870db5d92 could not be found.", "type": "TrunkNotFound", "detail": ""}} _log_request_full /root/.rally/verification/verifier-01faab0b-3ffc-4520-b497-779d4a4874ef/repo/tempest/lib/common/rest_client.py:436
2019-01-25 02:21:01.064 17849 INFO tempest.lib.common.rest_client [req-2b9e7f7a-3318-4f34-98b2-20cefb141a83 ] Request (TrunkTestJSON:_run_cleanups): 404 GET http://10.167.4.35:9696/v2.0/trunks/be554373-4fb2-4c16-be23-358112a2bd00 0.024s
2019-01-25 02:21:01.064 17849 DEBUG tempest.lib.common.rest_client [req-2b9e7f7a-3318-4f34-98b2-20cefb141a83 ] Request - Headers: {'Content-Type': 'application/json', 'Accept': 'application/json', 'X-Auth-Token': ''} Body: None Response - Headers: {'status': '404', u'content-length': '134', 'content-location': 'http://10.167.4.35:9696/v2.0/trunks/be554373-4fb2-4c16-be23-358112a2bd00', u'date': 'Fri, 25 Jan 2019 02:21:01 GMT', u'content-type': 'application/json', u'connection': 'close', u'x-openstack-request-id': 'req-2b9e7f7a-3318-4f34-98b2-20cefb141a83'} Body: {"NeutronError": {"message": "Trunk be554373-4fb2-4c16-be23-358112a2bd00 could not be found.", "type": "TrunkNotFound", "detail": ""}} _log_request_full /root/.rally/verification/verifier-01faab0b-3ffc-4520-b497-779d4a4874ef/repo/tempest/lib/common/rest_client.py:436
2019-01-25 02:21:01.068 17846 INFO tempest.lib.common.rest_client [req-ed50f3c5-78dd-4610-b739-4c4824eb6ed1 ] Request (TrunkTest:test_trunk_subport_lifecycle): 200 GET http://10.167.4.35:8774/v2.1/servers/368a55f9-d59a-480c-9df5-31e0d87a5388 0.778s
2019-01-25 02:21:01.068 17846 DEBUG tempest.lib.common.rest_client [req-ed50f3c5-78dd-4610-b739-4c4824eb6ed1 ] Request - Headers: {'Content-Type': 'application/json', 'Accept': 'application/json', 'X-Auth-Token': ''} Body: None Response - Headers: {'status': '200', u'content-length': '1695', 'content-location': 'http://10.167.4.35:8774/v2.1/servers/368a55f9-d59a-480c-9df5-31e0d87a5388', u'x-compute-request-id': 'req-ed50f3c5-78dd-4610-b739-4c4824eb6ed1', u'vary': 'X-OpenStack-Nova-API-Version', u'openstack-api-version': 'compute 2.1', u'connection': 'close', u'x-openstack-nova-api-version': '2.1', u'date': 'Fri, 25 Jan 2019 02:21:01 GMT', u'content-type': 'application/json', u'x-openstack-request-id': 'req-ed50f3c5-78dd-4610-b739-4c4824eb6ed1'} Body: {"server": {"OS-EXT-STS:task_state": null, "addresses": {"tempest-test-network--2113982796": [{"OS-EXT-IPS-MAC:mac_addr": "fa:16:3e:c0:b0:78", "version": 4, "addr": "192.168.120.8", "OS-EXT-IPS:type": "fixed"}, {"OS-EXT-IPS-MAC:mac_addr": "fa:16:3e:c0:b0:78", "version": 4, "addr": "172.30.10.115", "OS-EXT-IPS:type": "floating"}]}, "links": [{"href": "http://10.167.4.35:8774/v2.1/servers/368a55f9-d59a-480c-9df5-31e0d87a5388", "rel": "self"}, {"href": "http://10.167.4.35:8774/servers/368a55f9-d59a-480c-9df5-31e0d87a5388", "rel": "bookmark"}], "image": {"id": "fb2f6e6a-7167-478b-a2eb-4404cc6e757f", "links": [{"href": "http://10.167.4.35:8774/images/fb2f6e6a-7167-478b-a2eb-4404cc6e757f", "rel": "bookmark"}]}, "OS-EXT-STS:vm_state": "active", "OS-SRV-USG:launched_at": "2019-01-25T02:20:43.000000", "flavor": {"id": "56561b74-e153-420b-93f1-540b40b3617a", "links": [{"href": "http://10.167.4.35:8774/flavors/56561b74-e153-420b-93f1-540b40b3617a", "rel": "bookmark"}]}, "id": "368a55f9-d59a-480c-9df5-31e0d87a5388", "security_groups": [{"name": "tempest-secgroup-2109009455"}], "user_id": "33f0ffed838948428394fc2a3a9cfcc5", "OS-DCF:diskConfig": "MANUAL", "accessIPv4": "", "accessIPv6": "", "progress": 0, "OS-EXT-STS:power_state": 1, "OS-EXT-AZ:availability_zone": "nova", "config_drive": "True", "status": "ACTIVE", "updated": "2019-01-25T02:20:44Z", "hostId": "8dd028a3be480c9cd3c12cab428abbc95034587456f1b479ba73bbde", "OS-SRV-USG:terminated_at": null, "key_name": "tempest-keypair-test-1727813221", "name": "tempest-server-test-2142797746", "created": "2019-01-25T02:20:34Z", "tenant_id": "7db11df167ee4587a0a120e91b60313e", "os-extended-volumes:volumes_attached": [], "metadata": {}}} _log_request_full /root/.rally/verification/verifier-01faab0b-3ffc-4520-b497-779d4a4874ef/repo/tempest/lib/common/rest_client.py:436
2019-01-25 02:21:01.082 17849 INFO tempest.lib.common.rest_client [req-76af406d-66bb-4c0e-a7c0-f60716a2d2ef ] Request (TrunkTestJSON:_run_cleanups): 404 GET http://10.167.4.35:9696/v2.0/trunks/c0345d6f-167c-4a86-8215-795ccab0aa44 0.017s
2019-01-25 02:21:01.082 17849 DEBUG tempest.lib.common.rest_client [req-76af406d-66bb-4c0e-a7c0-f60716a2d2ef ] Request - Headers: {'Content-Type': 'application/json', 'Accept': 'application/json', 'X-Auth-Token': ''} Body: None Response - Headers: {'status': '404', u'content-length': '134', 'content-location': 'http://10.167.4.35:9696/v2.0/trunks/c0345d6f-167c-4a86-8215-795ccab0aa44', u'date': 'Fri, 25 Jan 2019 02:21:01 GMT', u'content-type': 'application/json', u'connection': 'close', u'x-openstack-request-id': 'req-76af406d-66bb-4c0e-a7c0-f60716a2d2ef'} Body: {"NeutronError": {"message": "Trunk c0345d6f-167c-4a86-8215-795ccab0aa44 could not be found.", "type": "TrunkNotFound", "detail": ""}} _log_request_full /root/.rally/verification/verifier-01faab0b-3ffc-4520-b497-779d4a4874ef/repo/tempest/lib/common/rest_client.py:436
2019-01-25 02:21:01.083 17846 INFO tempest.lib.common.ssh [-] Creating ssh connection to '172.30.10.115:22' as 'cirros' with public key authentication
2019-01-25 02:21:01.086 17846 INFO paramiko.transport [-] Connected (version 2.0, client dropbear_2015.67)
2019-01-25 02:21:01.107 17849 INFO tempest.lib.common.rest_client [req-a0d635a4-a3aa-4843-8312-3bf529fd449c ] Request (TrunkTestJSON:_run_cleanups): 404 GET http://10.167.4.35:9696/v2.0/trunks/b9dbc81b-e52e-4234-86ec-ffef3fcdab01 0.024s
2019-01-25 02:21:01.108 17849 DEBUG tempest.lib.common.rest_client [req-a0d635a4-a3aa-4843-8312-3bf529fd449c ] Request - Headers: {'Content-Type': 'application/json', 'Accept': 'application/json', 'X-Auth-Token': ''} Body: None Response - Headers: {'status': '404', u'content-length': '134', 'content-location': 'http://10.167.4.35:9696/v2.0/trunks/b9dbc81b-e52e-4234-86ec-ffef3fcdab01', u'date': 'Fri, 25 Jan 2019 02:21:01 GMT', u'content-type': 'application/json', u'connection': 'close', u'x-openstack-request-id': 'req-a0d635a4-a3aa-4843-8312-3bf529fd449c'} Body: {"NeutronError": {"message": "Trunk b9dbc81b-e52e-4234-86ec-ffef3fcdab01 could not be found.", "type": "TrunkNotFound", "detail": ""}} _log_request_full /root/.rally/verification/verifier-01faab0b-3ffc-4520-b497-779d4a4874ef/repo/tempest/lib/common/rest_client.py:436
2019-01-25 02:21:01.131 17849 INFO tempest.lib.common.rest_client [req-18a6cad7-e047-4e74-9a7c-0d9dd1a83cb3 ] Request (TrunkTestJSON:_run_cleanups): 404 GET http://10.167.4.35:9696/v2.0/trunks/648e5398-250b-43f9-a029-4b29dbd104aa 0.023s
2019-01-25 02:21:01.132 17849 DEBUG tempest.lib.common.rest_client [req-18a6cad7-e047-4e74-9a7c-0d9dd1a83cb3 ] Request - Headers: {'Content-Type': 'application/json', 'Accept': 'application/json', 'X-Auth-Token': ''} Body: None Response - Headers: {'status': '404', u'content-length': '134', 'content-location': 'http://10.167.4.35:9696/v2.0/trunks/648e5398-250b-43f9-a029-4b29dbd104aa', u'date': 'Fri, 25 Jan 2019 02:21:01 GMT', u'content-type': 'application/json', u'connection': 'close', u'x-openstack-request-id': 'req-18a6cad7-e047-4e74-9a7c-0d9dd1a83cb3'} Body: {"NeutronError": {"message": "Trunk 648e5398-250b-43f9-a029-4b29dbd104aa could not be found.", "type": "TrunkNotFound", "detail": ""}} _log_request_full /root/.rally/verification/verifier-01faab0b-3ffc-4520-b497-779d4a4874ef/repo/tempest/lib/common/rest_client.py:436
2019-01-25 02:21:01.151 17846 INFO paramiko.transport [-] Authentication (publickey) successful!
2019-01-25 02:21:01.158 17849 INFO tempest.lib.common.rest_client [req-74fa79f3-a99d-4874-9214-88c568aed206 ] Request (TrunkTestJSON:_run_cleanups): 404 GET http://10.167.4.35:9696/v2.0/trunks/9c74926e-e5b8-4bb1-9cbf-ab11577b5a9a 0.026s
2019-01-25 02:21:01.159 17849 DEBUG tempest.lib.common.rest_client [req-74fa79f3-a99d-4874-9214-88c568aed206 ] Request - Headers: {'Content-Type': 'application/json', 'Accept': 'application/json', 'X-Auth-Token': ''} Body: None Response - Headers: {'status': '404', u'content-length': '134', 'content-location': 'http://10.167.4.35:9696/v2.0/trunks/9c74926e-e5b8-4bb1-9cbf-ab11577b5a9a', u'date': 'Fri, 25 Jan 2019 02:21:01 GMT', u'content-type': 'application/json', u'connection': 'close', u'x-openstack-request-id': 'req-74fa79f3-a99d-4874-9214-88c568aed206'} Body: {"NeutronError": {"message": "Trunk 9c74926e-e5b8-4bb1-9cbf-ab11577b5a9a could not be found.", "type": "TrunkNotFound", "detail": ""}} _log_request_full /root/.rally/verification/verifier-01faab0b-3ffc-4520-b497-779d4a4874ef/repo/tempest/lib/common/rest_client.py:436
2019-01-25 02:21:01.182 17846 INFO tempest.lib.common.ssh [-] ssh connection to cirros@172.30.10.115 successfully created
2019-01-25 02:21:01.183 17849 INFO tempest.lib.common.rest_client [req-8b15bd35-caac-4d8f-b386-3841f4732f91 ] Request (TrunkTestJSON:_run_cleanups): 404 GET http://10.167.4.35:9696/v2.0/trunks/5777263a-06bd-4723-a012-c879635bd8ee 0.023s
2019-01-25 02:21:01.183 17849 DEBUG tempest.lib.common.rest_client [req-8b15bd35-caac-4d8f-b386-3841f4732f91 ] Request - Headers: {'Content-Type': 'application/json', 'Accept': 'application/json', 'X-Auth-Token': ''} Body: None Response - Headers: {'status': '404', u'content-length': '134', 'content-location': 'http://10.167.4.35:9696/v2.0/trunks/5777263a-06bd-4723-a012-c879635bd8ee', u'date': 'Fri, 25 Jan 2019 02:21:01 GMT', u'content-type': 'application/json', u'connection': 'close', u'x-openstack-request-id': 'req-8b15bd35-caac-4d8f-b386-3841f4732f91'} Body: {"NeutronError": {"message": "Trunk 5777263a-06bd-4723-a012-c879635bd8ee could not be found.", "type": "TrunkNotFound", "detail": ""}} _log_request_full /root/.rally/verification/verifier-01faab0b-3ffc-4520-b497-779d4a4874ef/repo/tempest/lib/common/rest_client.py:436
2019-01-25 02:21:01.208 17849 INFO tempest.lib.common.rest_client [req-75b504e9-0c80-42e6-a984-4497d9ffc2bb ] Request (TrunkTestJSON:_run_cleanups): 404 GET http://10.167.4.35:9696/v2.0/trunks/fd791929-91aa-47cc-a008-ab1870db5d92 0.023s
2019-01-25 02:21:01.208 17849 DEBUG tempest.lib.common.rest_client [req-75b504e9-0c80-42e6-a984-4497d9ffc2bb ] Request - Headers: {'Content-Type': 'application/json', 'Accept': 'application/json', 'X-Auth-Token': ''} Body: None Response - Headers: {'status': '404', u'content-length': '134', 'content-location': 'http://10.167.4.35:9696/v2.0/trunks/fd791929-91aa-47cc-a008-ab1870db5d92', u'date': 'Fri, 25 Jan 2019 02:21:01 GMT', u'content-type': 'application/json', u'connection': 'close', u'x-openstack-request-id': 'req-75b504e9-0c80-42e6-a984-4497d9ffc2bb'} Body: {"NeutronError": {"message": "Trunk fd791929-91aa-47cc-a008-ab1870db5d92 could not be found.", "type": "TrunkNotFound", "detail": ""}} _log_request_full /root/.rally/verification/verifier-01faab0b-3ffc-4520-b497-779d4a4874ef/repo/tempest/lib/common/rest_client.py:436
2019-01-25 02:21:01.246 17849 INFO tempest.lib.common.rest_client [req-4bfe84ec-7278-4e5f-bd58-c98f0c292033 ] Request (TrunkTestJSON:_run_cleanups): 404 DELETE http://10.167.4.35:9696/v2.0/ports/80ef784c-356e-4d1b-be19-4447765c8164 0.037s
2019-01-25 02:21:01.247 17849 DEBUG tempest.lib.common.rest_client [req-4bfe84ec-7278-4e5f-bd58-c98f0c292033 ] Request - Headers: {'Content-Type': 'application/json', 'Accept': 'application/json', 'X-Auth-Token': ''} Body: None Response - Headers: {'status': '404', u'content-length': '132', 'content-location': 'http://10.167.4.35:9696/v2.0/ports/80ef784c-356e-4d1b-be19-4447765c8164', u'date': 'Fri, 25 Jan 2019 02:21:01 GMT', u'content-type': 'application/json', u'connection': 'close', u'x-openstack-request-id': 'req-4bfe84ec-7278-4e5f-bd58-c98f0c292033'} Body: {"NeutronError": {"message": "Port 80ef784c-356e-4d1b-be19-4447765c8164 could not be found.", "type": "PortNotFound", "detail": ""}} _log_request_full /root/.rally/verification/verifier-01faab0b-3ffc-4520-b497-779d4a4874ef/repo/tempest/lib/common/rest_client.py:436
2019-01-25 02:21:01.300 17849 INFO tempest.lib.common.rest_client [req-7e40a75c-a20a-4255-9332-aa9d39b3127c ] Request (TrunkTestJSON:_run_cleanups): 404 DELETE http://10.167.4.35:9696/v2.0/ports/9a62f2ac-d841-4ef4-9fe4-57cf2e3c0dd3 0.052s
2019-01-25 02:21:01.301 17849 DEBUG tempest.lib.common.rest_client [req-7e40a75c-a20a-4255-9332-aa9d39b3127c ] Request - Headers: {'Content-Type': 'application/json', 'Accept': 'application/json', 'X-Auth-Token': ''} Body: None Response - Headers: {'status': '404', u'content-length': '132', 'content-location': 'http://10.167.4.35:9696/v2.0/ports/9a62f2ac-d841-4ef4-9fe4-57cf2e3c0dd3', u'date': 'Fri, 25 Jan 2019 02:21:01 GMT', u'content-type': 'application/json', u'connection': 'close', u'x-openstack-request-id': 'req-7e40a75c-a20a-4255-9332-aa9d39b3127c'} Body: {"NeutronError": {"message": "Port 9a62f2ac-d841-4ef4-9fe4-57cf2e3c0dd3 could not be found.", "type": "PortNotFound", "detail": ""}} _log_request_full /root/.rally/verification/verifier-01faab0b-3ffc-4520-b497-779d4a4874ef/repo/tempest/lib/common/rest_client.py:436
2019-01-25 02:21:01.328 17846 INFO tempest.lib.common.rest_client [req-9547ec88-3742-4a91-8c15-44919b087c85 ] Request (TrunkTest:test_trunk_subport_lifecycle): 200 GET http://10.167.4.35:9696/v2.0/trunks/8cccdf36-0481-4847-8624-ba3407ceedf1 0.028s
2019-01-25 02:21:01.328 17846 DEBUG tempest.lib.common.rest_client [req-9547ec88-3742-4a91-8c15-44919b087c85 ] Request - Headers: {'Content-Type': 'application/json', 'Accept': 'application/json', 'X-Auth-Token': ''} Body: None Response - Headers: {'status': '200', u'content-length': '409', 'content-location': 'http://10.167.4.35:9696/v2.0/trunks/8cccdf36-0481-4847-8624-ba3407ceedf1', u'date': 'Fri, 25 Jan 2019 02:21:01 GMT', u'content-type': 'application/json', u'connection': 'close', u'x-openstack-request-id': 'req-9547ec88-3742-4a91-8c15-44919b087c85'} Body: {"trunk": {"status": "ACTIVE", "sub_ports": [], "name": "", "admin_state_up": true, "tenant_id": "7db11df167ee4587a0a120e91b60313e", "created_at": "2019-01-25T02:20:22Z", "tags": [], "updated_at": "2019-01-25T02:20:37Z", "revision_number": 1, "project_id": "7db11df167ee4587a0a120e91b60313e", "port_id": "cdcb86d3-a605-4bfc-a7e1-f2ab6ba56ac6", "id": "8cccdf36-0481-4847-8624-ba3407ceedf1", "description": ""}} _log_request_full /root/.rally/verification/verifier-01faab0b-3ffc-4520-b497-779d4a4874ef/repo/tempest/lib/common/rest_client.py:436
2019-01-25 02:21:01.348 17849 INFO tempest.lib.common.rest_client [req-cc2003c2-a55e-4bf5-8adb-7f95c205c3d8 ] Request (TrunkTestJSON:_run_cleanups): 404 DELETE http://10.167.4.35:9696/v2.0/ports/bee885d9-886a-4d2f-bef8-becaf5d20fa6 0.046s
2019-01-25 02:21:01.348 17849 DEBUG tempest.lib.common.rest_client [req-cc2003c2-a55e-4bf5-8adb-7f95c205c3d8 ] Request - Headers: {'Content-Type': 'application/json', 'Accept': 'application/json', 'X-Auth-Token': ''} Body: None Response - Headers: {'status': '404', u'content-length': '132', 'content-location': 'http://10.167.4.35:9696/v2.0/ports/bee885d9-886a-4d2f-bef8-becaf5d20fa6', u'date': 'Fri, 25 Jan 2019 02:21:01 GMT', u'content-type': 'application/json', u'connection': 'close', u'x-openstack-request-id': 'req-cc2003c2-a55e-4bf5-8adb-7f95c205c3d8'} Body: {"NeutronError": {"message": "Port bee885d9-886a-4d2f-bef8-becaf5d20fa6 could not be found.", "type": "PortNotFound", "detail": ""}} _log_request_full /root/.rally/verification/verifier-01faab0b-3ffc-4520-b497-779d4a4874ef/repo/tempest/lib/common/rest_client.py:436
2019-01-25 02:21:01.358 17846 INFO tempest.lib.common.rest_client [req-d787e966-e052-4dda-9f6f-5cc647ee7492 ] Request (TrunkTest:test_trunk_subport_lifecycle): 200 GET http://10.167.4.35:9696/v2.0/trunks/4dd11a54-239b-4430-bb70-d0720084352b 0.028s
2019-01-25 02:21:01.358 17846 DEBUG tempest.lib.common.rest_client [req-d787e966-e052-4dda-9f6f-5cc647ee7492 ] Request - Headers: {'Content-Type': 'application/json', 'Accept': 'application/json', 'X-Auth-Token': ''} Body: None Response - Headers: {'status': '200', u'content-length': '409', 'content-location': 'http://10.167.4.35:9696/v2.0/trunks/4dd11a54-239b-4430-bb70-d0720084352b', u'date': 'Fri, 25 Jan 2019 02:21:01 GMT', u'content-type': 'application/json', u'connection': 'close', u'x-openstack-request-id': 'req-d787e966-e052-4dda-9f6f-5cc647ee7492'} Body: {"trunk": {"status": "ACTIVE", "sub_ports": [], "name": "", "admin_state_up": true, "tenant_id": "7db11df167ee4587a0a120e91b60313e", "created_at": "2019-01-25T02:20:29Z", "tags": [], "updated_at": "2019-01-25T02:20:40Z", "revision_number": 1, "project_id": "7db11df167ee4587a0a120e91b60313e", "port_id": "0fecc63e-a84b-475f-87db-f09a32634454", "id": "4dd11a54-239b-4430-bb70-d0720084352b", "description": ""}} _log_request_full /root/.rally/verification/verifier-01faab0b-3ffc-4520-b497-779d4a4874ef/repo/tempest/lib/common/rest_client.py:436
2019-01-25 02:21:01.397 17849 INFO tempest.lib.common.rest_client [req-0afd6e68-d375-4b2b-9d9f-04af8e34039f ] Request (TrunkTestJSON:_run_cleanups): 404 DELETE http://10.167.4.35:9696/v2.0/ports/5e43ef39-281e-403d-b924-d3d869d66fe7 0.047s
2019-01-25 02:21:01.397 17849 DEBUG tempest.lib.common.rest_client [req-0afd6e68-d375-4b2b-9d9f-04af8e34039f ] Request - Headers: {'Content-Type': 'application/json', 'Accept': 'application/json', 'X-Auth-Token': ''} Body: None Response - Headers: {'status': '404', u'content-length': '132', 'content-location': 'http://10.167.4.35:9696/v2.0/ports/5e43ef39-281e-403d-b924-d3d869d66fe7', u'date': 'Fri, 25 Jan 2019 02:21:01 GMT', u'content-type': 'application/json', u'connection': 'close', u'x-openstack-request-id': 'req-0afd6e68-d375-4b2b-9d9f-04af8e34039f'} Body: {"NeutronError": {"message": "Port 5e43ef39-281e-403d-b924-d3d869d66fe7 could not be found.", "type": "PortNotFound", "detail": ""}} _log_request_full /root/.rally/verification/verifier-01faab0b-3ffc-4520-b497-779d4a4874ef/repo/tempest/lib/common/rest_client.py:436
2019-01-25 02:21:01.451 17849 INFO tempest.lib.common.rest_client [req-b6726207-6d8c-430f-9e74-10b8b01c0085 ] Request (TrunkTestJSON:_run_cleanups): 404 DELETE http://10.167.4.35:9696/v2.0/ports/a953da68-1308-4d63-8938-7424c7c6db68 0.053s
2019-01-25 02:21:01.452 17849 DEBUG tempest.lib.common.rest_client [req-b6726207-6d8c-430f-9e74-10b8b01c0085 ] Request - Headers: {'Content-Type': 'application/json', 'Accept': 'application/json', 'X-Auth-Token': ''} Body: None Response - Headers: {'status': '404', u'content-length': '132', 'content-location': 'http://10.167.4.35:9696/v2.0/ports/a953da68-1308-4d63-8938-7424c7c6db68', u'date': 'Fri, 25 Jan 2019 02:21:01 GMT', u'content-type': 'application/json', u'connection': 'close', u'x-openstack-request-id': 'req-b6726207-6d8c-430f-9e74-10b8b01c0085'} Body: {"NeutronError": {"message": "Port a953da68-1308-4d63-8938-7424c7c6db68 could not be found.", "type": "PortNotFound", "detail": ""}} _log_request_full /root/.rally/verification/verifier-01faab0b-3ffc-4520-b497-779d4a4874ef/repo/tempest/lib/common/rest_client.py:436
2019-01-25 02:21:01.465 17845 INFO tempest.lib.common.rest_client [req-94bf3df9-0dc6-49e4-8935-90a9a162e412 ] Request (TrunkTestJSON:_run_cleanups): 204 DELETE http://10.167.4.35:9696/v2.0/ports/c29e36bb-016c-4b6c-9d1b-f0e6f37a8596 0.549s
2019-01-25 02:21:01.465 17845 DEBUG tempest.lib.common.rest_client [req-94bf3df9-0dc6-49e4-8935-90a9a162e412 ] Request - Headers: {'Content-Type': 'application/json', 'Accept': 'application/json', 'X-Auth-Token': ''} Body: None Response - Headers: {'status': '204', u'content-length': '0', 'content-location': 'http://10.167.4.35:9696/v2.0/ports/c29e36bb-016c-4b6c-9d1b-f0e6f37a8596', u'date': 'Fri, 25 Jan 2019 02:21:01 GMT', u'connection': 'close', u'x-openstack-request-id': 'req-94bf3df9-0dc6-49e4-8935-90a9a162e412'} Body: _log_request_full /root/.rally/verification/verifier-01faab0b-3ffc-4520-b497-779d4a4874ef/repo/tempest/lib/common/rest_client.py:436
2019-01-25 02:21:01.500 17849 INFO tempest.lib.common.rest_client [req-b0047de9-cfd3-494e-9c60-cf0df2c4d51d ] Request (TrunkTestJSON:_run_cleanups): 404 DELETE http://10.167.4.35:9696/v2.0/ports/83eaced6-e6d1-4f53-a6a3-62ca92f906f3 0.047s
2019-01-25 02:21:01.500 17849 DEBUG tempest.lib.common.rest_client [req-b0047de9-cfd3-494e-9c60-cf0df2c4d51d ] Request - Headers: {'Content-Type': 'application/json', 'Accept': 'application/json', 'X-Auth-Token': ''} Body: None Response - Headers: {'status': '404', u'content-length': '132', 'content-location': 'http://10.167.4.35:9696/v2.0/ports/83eaced6-e6d1-4f53-a6a3-62ca92f906f3', u'date': 'Fri, 25 Jan 2019 02:21:01 GMT', u'content-type': 'application/json', u'connection': 'close', u'x-openstack-request-id': 'req-b0047de9-cfd3-494e-9c60-cf0df2c4d51d'} Body: {"NeutronError": {"message": "Port 83eaced6-e6d1-4f53-a6a3-62ca92f906f3 could not be found.", "type": "PortNotFound", "detail": ""}} _log_request_full /root/.rally/verification/verifier-01faab0b-3ffc-4520-b497-779d4a4874ef/repo/tempest/lib/common/rest_client.py:436
2019-01-25 02:21:01.545 17849 INFO tempest.lib.common.rest_client [req-828694fc-c8cb-476a-8bbc-dc1bd527c8ad ] Request (TrunkTestJSON:_run_cleanups): 404 DELETE http://10.167.4.35:9696/v2.0/ports/25515659-3dd2-430e-86df-bf0a645cca36 0.044s
2019-01-25 02:21:01.546 17849 DEBUG tempest.lib.common.rest_client [req-828694fc-c8cb-476a-8bbc-dc1bd527c8ad ] Request - Headers: {'Content-Type': 'application/json', 'Accept': 'application/json', 'X-Auth-Token': ''} Body: None Response - Headers: {'status': '404', u'content-length': '132', 'content-location': 'http://10.167.4.35:9696/v2.0/ports/25515659-3dd2-430e-86df-bf0a645cca36', u'date': 'Fri, 25 Jan 2019 02:21:01 GMT', u'content-type': 'application/json', u'connection': 'close', u'x-openstack-request-id': 'req-828694fc-c8cb-476a-8bbc-dc1bd527c8ad'} Body: {"NeutronError": {"message": "Port 25515659-3dd2-430e-86df-bf0a645cca36 could not be found.", "type": "PortNotFound", "detail": ""}} _log_request_full /root/.rally/verification/verifier-01faab0b-3ffc-4520-b497-779d4a4874ef/repo/tempest/lib/common/rest_client.py:436
2019-01-25 02:21:01.564 17846 INFO tempest.lib.common.rest_client [req-ba715e40-71d1-4468-a934-e1054c9348f6 ] Request (TrunkTest:test_trunk_subport_lifecycle): 201 POST http://10.167.4.35:9696/v2.0/networks 0.204s
2019-01-25 02:21:01.564 17846 DEBUG tempest.lib.common.rest_client [req-ba715e40-71d1-4468-a934-e1054c9348f6 ] Request - Headers: {'Content-Type': 'application/json', 'Accept': 'application/json', 'X-Auth-Token': ''} Body: {"network": {"name": "tempest-test-network--1637033704"}} Response - Headers: {'status': '201', u'content-length': '569', 'content-location': 'http://10.167.4.35:9696/v2.0/networks', u'date': 'Fri, 25 Jan 2019 02:21:01 GMT', u'content-type': 'application/json', u'connection': 'close', u'x-openstack-request-id': 'req-ba715e40-71d1-4468-a934-e1054c9348f6'} Body: {"network":{"status":"ACTIVE","router:external":false,"availability_zone_hints":[],"availability_zones":[],"description":"","subnets":[],"shared":false,"tenant_id":"7db11df167ee4587a0a120e91b60313e","created_at":"2019-01-25T02:21:01Z","tags":[],"ipv6_address_scope":null,"mtu":1450,"updated_at":"2019-01-25T02:21:01Z","admin_state_up":true,"revision_number":1,"ipv4_address_scope":null,"is_default":false,"port_security_enabled":true,"project_id":"7db11df167ee4587a0a120e91b60313e","id":"2b3b94de-08c3-4be0-9f7d-06c859cc0c76","name":"tempest-test-network--1637033704"}} _log_request_full /root/.rally/verification/verifier-01faab0b-3ffc-4520-b497-779d4a4874ef/repo/tempest/lib/common/rest_client.py:436
2019-01-25 02:21:01.593 17849 INFO tempest.lib.common.rest_client [req-236ba152-886c-48ba-90a9-7fafeb11f206 ] Request (TrunkTestJSON:_run_cleanups): 404 DELETE http://10.167.4.35:9696/v2.0/ports/f3805639-3ede-4ca3-9178-c25b2e898ce8 0.046s
2019-01-25 02:21:01.593 17849 DEBUG tempest.lib.common.rest_client [req-236ba152-886c-48ba-90a9-7fafeb11f206 ] Request - Headers: {'Content-Type': 'application/json', 'Accept': 'application/json', 'X-Auth-Token': ''} Body: None Response - Headers: {'status': '404', u'content-length': '132', 'content-location': 'http://10.167.4.35:9696/v2.0/ports/f3805639-3ede-4ca3-9178-c25b2e898ce8', u'date': 'Fri, 25 Jan 2019 02:21:01 GMT', u'content-type': 'application/json', u'connection': 'close', u'x-openstack-request-id': 'req-236ba152-886c-48ba-90a9-7fafeb11f206'} Body: {"NeutronError": {"message": "Port f3805639-3ede-4ca3-9178-c25b2e898ce8 could not be found.", "type": "PortNotFound", "detail": ""}} _log_request_full /root/.rally/verification/verifier-01faab0b-3ffc-4520-b497-779d4a4874ef/repo/tempest/lib/common/rest_client.py:436
2019-01-25 02:21:01.644 17849 INFO tempest.lib.common.rest_client [req-c96bedff-4810-4d09-9904-0bc453c238f0 ] Request (TrunkTestJSON:_run_cleanups): 404 DELETE http://10.167.4.35:9696/v2.0/ports/f786585e-00b9-4c82-9f7e-f0adc2ac1f37 0.049s
2019-01-25 02:21:01.644 17849 DEBUG tempest.lib.common.rest_client [req-c96bedff-4810-4d09-9904-0bc453c238f0 ] Request - Headers: {'Content-Type': 'application/json', 'Accept': 'application/json', 'X-Auth-Token': ''} Body: None Response - Headers: {'status': '404', u'content-length': '132', 'content-location': 'http://10.167.4.35:9696/v2.0/ports/f786585e-00b9-4c82-9f7e-f0adc2ac1f37', u'date': 'Fri, 25 Jan 2019 02:21:01 GMT', u'content-type': 'application/json', u'connection': 'close', u'x-openstack-request-id': 'req-c96bedff-4810-4d09-9904-0bc453c238f0'} Body: {"NeutronError": {"message": "Port f786585e-00b9-4c82-9f7e-f0adc2ac1f37 could not be found.", "type": "PortNotFound", "detail": ""}} _log_request_full /root/.rally/verification/verifier-01faab0b-3ffc-4520-b497-779d4a4874ef/repo/tempest/lib/common/rest_client.py:436
2019-01-25 02:21:01.695 17849 INFO tempest.lib.common.rest_client [req-9961bd3c-bd95-4183-9fff-c732a5d969fc ] Request (TrunkTestJSON:_run_cleanups): 404 DELETE http://10.167.4.35:9696/v2.0/ports/fe59dae1-25e2-40da-920b-ea61c3b1dce1 0.049s
2019-01-25 02:21:01.695 17849 DEBUG tempest.lib.common.rest_client [req-9961bd3c-bd95-4183-9fff-c732a5d969fc ] Request - Headers: {'Content-Type': 'application/json', 'Accept': 'application/json', 'X-Auth-Token': ''} Body: None Response - Headers: {'status': '404', u'content-length': '132', 'content-location': 'http://10.167.4.35:9696/v2.0/ports/fe59dae1-25e2-40da-920b-ea61c3b1dce1', u'date': 'Fri, 25 Jan 2019 02:21:01 GMT', u'content-type': 'application/json', u'connection': 'close', u'x-openstack-request-id': 'req-9961bd3c-bd95-4183-9fff-c732a5d969fc'} Body: {"NeutronError": {"message": "Port fe59dae1-25e2-40da-920b-ea61c3b1dce1 could not be found.", "type": "PortNotFound", "detail": ""}} _log_request_full /root/.rally/verification/verifier-01faab0b-3ffc-4520-b497-779d4a4874ef/repo/tempest/lib/common/rest_client.py:436
2019-01-25 02:21:01.731 17849 INFO tempest.lib.common.rest_client [req-4f4d05b8-99eb-49b5-84e6-9685eaa7873b ] Request (TrunkTestJSON:_run_cleanups): 404 DELETE http://10.167.4.35:9696/v2.0/ports/2af6ad2a-c058-46fc-bb41-61967bd37eb1 0.034s
