2019-01-25 02:20:52.489 17849 DEBUG tempest.lib.common.rest_client [req-83657b73-06e4-49c2-b132-0e33503d41bb ] Request - Headers: {'Content-Type': 'application/json', 'Accept': 'application/json', 'X-Auth-Token': ''} Body: {"network": {"name": "tempest-test-network--1850745900"}} Response - Headers: {'status': '201', u'content-length': '569', 'content-location': 'http://10.167.4.35:9696/v2.0/networks', u'date': 'Fri, 25 Jan 2019 02:20:52 GMT', u'content-type': 'application/json', u'connection': 'close', u'x-openstack-request-id': 'req-83657b73-06e4-49c2-b132-0e33503d41bb'} Body: {"network":{"status":"ACTIVE","router:external":false,"availability_zone_hints":[],"availability_zones":[],"description":"","subnets":[],"shared":false,"tenant_id":"ac74487f006246e5bbcade6438eb51af","created_at":"2019-01-25T02:20:52Z","tags":[],"ipv6_address_scope":null,"mtu":1450,"updated_at":"2019-01-25T02:20:52Z","admin_state_up":true,"revision_number":1,"ipv4_address_scope":null,"is_default":false,"port_security_enabled":true,"project_id":"ac74487f006246e5bbcade6438eb51af","id":"ffd8438a-6b94-46e3-ba7f-1cecbcdbded6","name":"tempest-test-network--1850745900"}} _log_request_full /root/.rally/verification/verifier-01faab0b-3ffc-4520-b497-779d4a4874ef/repo/tempest/lib/common/rest_client.py:436
2019-01-25 02:20:52.494 17845 INFO tempest.lib.common.rest_client [req-9394feb5-1e8c-4f0b-9621-961e932baf40 ] Request (TrunkTestJSON:_run_cleanups): 404 DELETE http://10.167.4.35:9696/v2.0/trunks/e9b2ad72-3ecd-4a5c-8e8d-ce50d05f18e2 0.031s
2019-01-25 02:20:52.495 17845 DEBUG tempest.lib.common.rest_client [req-9394feb5-1e8c-4f0b-9621-961e932baf40 ] Request - Headers: {'Content-Type': 'application/json', 'Accept': 'application/json', 'X-Auth-Token': ''} Body: None Response - Headers: {'status': '404', u'content-length': '134', 'content-location': 'http://10.167.4.35:9696/v2.0/trunks/e9b2ad72-3ecd-4a5c-8e8d-ce50d05f18e2', u'date': 'Fri, 25 Jan 2019 02:20:52 GMT', u'content-type': 'application/json', u'connection': 'close', u'x-openstack-request-id': 'req-9394feb5-1e8c-4f0b-9621-961e932baf40'} Body: {"NeutronError": {"message": "Trunk e9b2ad72-3ecd-4a5c-8e8d-ce50d05f18e2 could not be found.", "type": "TrunkNotFound", "detail": ""}} _log_request_full /root/.rally/verification/verifier-01faab0b-3ffc-4520-b497-779d4a4874ef/repo/tempest/lib/common/rest_client.py:436
2019-01-25 02:20:52.517 17845 INFO tempest.lib.common.rest_client [req-dd97ebfc-788d-47e2-ac7e-7b18f8f5bd54 ] Request (TrunkTestJSON:_run_cleanups): 404 GET http://10.167.4.35:9696/v2.0/trunks/c617e700-ae8f-4c02-a993-4a233237fd49/get_subports 0.021s
2019-01-25 02:20:52.518 17845 DEBUG tempest.lib.common.rest_client [req-dd97ebfc-788d-47e2-ac7e-7b18f8f5bd54 ] Request - Headers: {'Content-Type': 'application/json', 'Accept': 'application/json', 'X-Auth-Token': ''} Body: None Response - Headers: {'status': '404', u'content-length': '134', 'content-location': 'http://10.167.4.35:9696/v2.0/trunks/c617e700-ae8f-4c02-a993-4a233237fd49/get_subports', u'date': 'Fri, 25 Jan 2019 02:20:52 GMT', u'content-type': 'application/json', u'connection': 'close', u'x-openstack-request-id': 'req-dd97ebfc-788d-47e2-ac7e-7b18f8f5bd54'} Body: {"NeutronError": {"message": "Trunk c617e700-ae8f-4c02-a993-4a233237fd49 could not be found.", "type": "TrunkNotFound", "detail": ""}} _log_request_full /root/.rally/verification/verifier-01faab0b-3ffc-4520-b497-779d4a4874ef/repo/tempest/lib/common/rest_client.py:436
2019-01-25 02:20:52.544 17845 INFO tempest.lib.common.rest_client [req-4544a190-4aee-41bc-8838-54862a2d45ab ] Request (TrunkTestJSON:_run_cleanups): 404 DELETE http://10.167.4.35:9696/v2.0/trunks/c617e700-ae8f-4c02-a993-4a233237fd49 0.026s
2019-01-25 02:20:52.545 17845 DEBUG tempest.lib.common.rest_client [req-4544a190-4aee-41bc-8838-54862a2d45ab ] Request - Headers: {'Content-Type': 'application/json', 'Accept': 'application/json', 'X-Auth-Token': ''} Body: None Response - Headers: {'status': '404', u'content-length': '134', 'content-location': 'http://10.167.4.35:9696/v2.0/trunks/c617e700-ae8f-4c02-a993-4a233237fd49', u'date': 'Fri, 25 Jan 2019 02:20:52 GMT', u'content-type': 'application/json', u'connection': 'close', u'x-openstack-request-id': 'req-4544a190-4aee-41bc-8838-54862a2d45ab'} Body: {"NeutronError": {"message": "Trunk c617e700-ae8f-4c02-a993-4a233237fd49 could not be found.", "type": "TrunkNotFound", "detail": ""}} _log_request_full /root/.rally/verification/verifier-01faab0b-3ffc-4520-b497-779d4a4874ef/repo/tempest/lib/common/rest_client.py:436
2019-01-25 02:20:52.565 17845 INFO tempest.lib.common.rest_client [req-f5fadafe-5ad0-4e1e-908c-e89ffc9575a2 ] Request (TrunkTestJSON:_run_cleanups): 404 GET http://10.167.4.35:9696/v2.0/trunks/0c39d5b0-7c70-478b-9bb5-a5ed1626cf77/get_subports 0.019s
2019-01-25 02:20:52.565 17845 DEBUG tempest.lib.common.rest_client [req-f5fadafe-5ad0-4e1e-908c-e89ffc9575a2 ] Request - Headers: {'Content-Type': 'application/json', 'Accept': 'application/json', 'X-Auth-Token': ''} Body: None Response - Headers: {'status': '404', u'content-length': '134', 'content-location': 'http://10.167.4.35:9696/v2.0/trunks/0c39d5b0-7c70-478b-9bb5-a5ed1626cf77/get_subports', u'date': 'Fri, 25 Jan 2019 02:20:52 GMT', u'content-type': 'application/json', u'connection': 'close', u'x-openstack-request-id': 'req-f5fadafe-5ad0-4e1e-908c-e89ffc9575a2'} Body: {"NeutronError": {"message": "Trunk 0c39d5b0-7c70-478b-9bb5-a5ed1626cf77 could not be found.", "type": "TrunkNotFound", "detail": ""}} _log_request_full /root/.rally/verification/verifier-01faab0b-3ffc-4520-b497-779d4a4874ef/repo/tempest/lib/common/rest_client.py:436
2019-01-25 02:20:52.592 17845 INFO tempest.lib.common.rest_client [req-2f430e55-d16b-4b04-8f53-d24010f72d92 ] Request (TrunkTestJSON:_run_cleanups): 404 DELETE http://10.167.4.35:9696/v2.0/trunks/0c39d5b0-7c70-478b-9bb5-a5ed1626cf77 0.025s
2019-01-25 02:20:52.592 17845 DEBUG tempest.lib.common.rest_client [req-2f430e55-d16b-4b04-8f53-d24010f72d92 ] Request - Headers: {'Content-Type': 'application/json', 'Accept': 'application/json', 'X-Auth-Token': ''} Body: None Response - Headers: {'status': '404', u'content-length': '134', 'content-location': 'http://10.167.4.35:9696/v2.0/trunks/0c39d5b0-7c70-478b-9bb5-a5ed1626cf77', u'date': 'Fri, 25 Jan 2019 02:20:52 GMT', u'content-type': 'application/json', u'connection': 'close', u'x-openstack-request-id': 'req-2f430e55-d16b-4b04-8f53-d24010f72d92'} Body: {"NeutronError": {"message": "Trunk 0c39d5b0-7c70-478b-9bb5-a5ed1626cf77 could not be found.", "type": "TrunkNotFound", "detail": ""}} _log_request_full /root/.rally/verification/verifier-01faab0b-3ffc-4520-b497-779d4a4874ef/repo/tempest/lib/common/rest_client.py:436
2019-01-25 02:20:52.641 17845 INFO tempest.lib.common.rest_client [req-a10c1e67-f251-4ecf-a88e-fa9f2717af03 ] Request (TrunkTestJSON:_run_cleanups): 200 GET http://10.167.4.35:9696/v2.0/trunks/9bafb214-2821-4e31-939c-8c2bf198d932/get_subports 0.048s
2019-01-25 02:20:52.642 17845 DEBUG tempest.lib.common.rest_client [req-a10c1e67-f251-4ecf-a88e-fa9f2717af03 ] Request - Headers: {'Content-Type': 'application/json', 'Accept': 'application/json', 'X-Auth-Token': ''} Body: None Response - Headers: {'status': '200', u'content-length': '119', 'content-location': 'http://10.167.4.35:9696/v2.0/trunks/9bafb214-2821-4e31-939c-8c2bf198d932/get_subports', u'date': 'Fri, 25 Jan 2019 02:20:52 GMT', u'content-type': 'application/json', u'connection': 'close', u'x-openstack-request-id': 'req-a10c1e67-f251-4ecf-a88e-fa9f2717af03'} Body: {"sub_ports": [{"segmentation_type": "vlan", "port_id": "7885f56b-aa89-40d2-b092-32bca77d9b74", "segmentation_id": 2}]} _log_request_full /root/.rally/verification/verifier-01faab0b-3ffc-4520-b497-779d4a4874ef/repo/tempest/lib/common/rest_client.py:436
2019-01-25 02:20:52.716 17845 INFO tempest.lib.common.rest_client [req-ab381883-82a2-4e8c-bd36-8665918de415 ] Request (TrunkTestJSON:_run_cleanups): 200 PUT http://10.167.4.35:9696/v2.0/trunks/9bafb214-2821-4e31-939c-8c2bf198d932/remove_subports 0.073s
2019-01-25 02:20:52.717 17845 DEBUG tempest.lib.common.rest_client [req-ab381883-82a2-4e8c-bd36-8665918de415 ] Request - Headers: {'Content-Type': 'application/json', 'Accept': 'application/json', 'X-Auth-Token': ''} Body: {"sub_ports": [{"port_id": "7885f56b-aa89-40d2-b092-32bca77d9b74", "segmentation_type": "vlan", "segmentation_id": 2}]} Response - Headers: {'status': '200', u'content-length': '396', 'content-location': 'http://10.167.4.35:9696/v2.0/trunks/9bafb214-2821-4e31-939c-8c2bf198d932/remove_subports', u'date': 'Fri, 25 Jan 2019 02:20:52 GMT', u'content-type': 'application/json', u'connection': 'close', u'x-openstack-request-id': 'req-ab381883-82a2-4e8c-bd36-8665918de415'} Body: {"status": "DOWN", "sub_ports": [], "name": "", "admin_state_up": true, "tenant_id": "254bf899b9924be5b867c66ab3cafe68", "created_at": "2019-01-25T02:20:52Z", "tags": [], "updated_at": "2019-01-25T02:20:52Z", "revision_number": 1, "project_id": "254bf899b9924be5b867c66ab3cafe68", "port_id": "8460936a-15c4-476e-895d-266a50ab60c7", "id": "9bafb214-2821-4e31-939c-8c2bf198d932", "description": ""} _log_request_full /root/.rally/verification/verifier-01faab0b-3ffc-4520-b497-779d4a4874ef/repo/tempest/lib/common/rest_client.py:436
2019-01-25 02:20:52.720 17849 INFO tempest.lib.common.rest_client [req-886a9852-6d20-4dc2-8e0c-3cd601665198 ] Request (TrunkTestJSON:test_create_trunk_duplicate_subport_segmentation_ids): 201 POST http://10.167.4.35:9696/v2.0/networks 0.230s
2019-01-25 02:20:52.720 17849 DEBUG tempest.lib.common.rest_client [req-886a9852-6d20-4dc2-8e0c-3cd601665198 ] Request - Headers: {'Content-Type': 'application/json', 'Accept': 'application/json', 'X-Auth-Token': ''} Body: {"network": {"name": "tempest-test-network--887213595"}} Response - Headers: {'status': '201', u'content-length': '568', 'content-location': 'http://10.167.4.35:9696/v2.0/networks', u'date': 'Fri, 25 Jan 2019 02:20:52 GMT', u'content-type': 'application/json', u'connection': 'close', u'x-openstack-request-id': 'req-886a9852-6d20-4dc2-8e0c-3cd601665198'} Body: {"network":{"status":"ACTIVE","router:external":false,"availability_zone_hints":[],"availability_zones":[],"description":"","subnets":[],"shared":false,"tenant_id":"ac74487f006246e5bbcade6438eb51af","created_at":"2019-01-25T02:20:52Z","tags":[],"ipv6_address_scope":null,"mtu":1450,"updated_at":"2019-01-25T02:20:52Z","admin_state_up":true,"revision_number":1,"ipv4_address_scope":null,"is_default":false,"port_security_enabled":true,"project_id":"ac74487f006246e5bbcade6438eb51af","id":"ecaf0d62-1f40-436c-bd3e-099cad037e50","name":"tempest-test-network--887213595"}} _log_request_full /root/.rally/verification/verifier-01faab0b-3ffc-4520-b497-779d4a4874ef/repo/tempest/lib/common/rest_client.py:436
2019-01-25 02:20:52.881 17845 INFO tempest.lib.common.rest_client [req-08362987-2b68-4c3f-8931-6938369ae9a9 ] Request (TrunkTestJSON:_run_cleanups): 204 DELETE http://10.167.4.35:9696/v2.0/trunks/9bafb214-2821-4e31-939c-8c2bf198d932 0.163s
2019-01-25 02:20:52.881 17845 DEBUG tempest.lib.common.rest_client [req-08362987-2b68-4c3f-8931-6938369ae9a9 ] Request - Headers: {'Content-Type': 'application/json', 'Accept': 'application/json', 'X-Auth-Token': ''} Body: None Response - Headers: {'status': '204', u'content-length': '0', 'content-location': 'http://10.167.4.35:9696/v2.0/trunks/9bafb214-2821-4e31-939c-8c2bf198d932', u'date': 'Fri, 25 Jan 2019 02:20:52 GMT', u'connection': 'close', u'x-openstack-request-id': 'req-08362987-2b68-4c3f-8931-6938369ae9a9'} Body: _log_request_full /root/.rally/verification/verifier-01faab0b-3ffc-4520-b497-779d4a4874ef/repo/tempest/lib/common/rest_client.py:436
2019-01-25 02:20:52.904 17845 INFO tempest.lib.common.rest_client [req-f2ccf54d-3d28-4eca-be85-7b94e7e4f6a2 ] Request (TrunkTestJSON:_run_cleanups): 404 GET http://10.167.4.35:9696/v2.0/trunks/ab3dc598-4c68-4f1f-917f-12203c0406ea 0.021s
2019-01-25 02:20:52.904 17845 DEBUG tempest.lib.common.rest_client [req-f2ccf54d-3d28-4eca-be85-7b94e7e4f6a2 ] Request - Headers: {'Content-Type': 'application/json', 'Accept': 'application/json', 'X-Auth-Token': ''} Body: None Response - Headers: {'status': '404', u'content-length': '134', 'content-location': 'http://10.167.4.35:9696/v2.0/trunks/ab3dc598-4c68-4f1f-917f-12203c0406ea', u'date': 'Fri, 25 Jan 2019 02:20:52 GMT', u'content-type': 'application/json', u'connection': 'close', u'x-openstack-request-id': 'req-f2ccf54d-3d28-4eca-be85-7b94e7e4f6a2'} Body: {"NeutronError": {"message": "Trunk ab3dc598-4c68-4f1f-917f-12203c0406ea could not be found.", "type": "TrunkNotFound", "detail": ""}} _log_request_full /root/.rally/verification/verifier-01faab0b-3ffc-4520-b497-779d4a4874ef/repo/tempest/lib/common/rest_client.py:436
2019-01-25 02:20:52.925 17845 INFO tempest.lib.common.rest_client [req-c5eee3dc-d2b8-45c9-9fd5-b79346284966 ] Request (TrunkTestJSON:_run_cleanups): 404 GET http://10.167.4.35:9696/v2.0/trunks/d826b9b9-9737-4b0a-b178-1216ace739b9 0.020s
2019-01-25 02:20:52.925 17845 DEBUG tempest.lib.common.rest_client [req-c5eee3dc-d2b8-45c9-9fd5-b79346284966 ] Request - Headers: {'Content-Type': 'application/json', 'Accept': 'application/json', 'X-Auth-Token': ''} Body: None Response - Headers: {'status': '404', u'content-length': '134', 'content-location': 'http://10.167.4.35:9696/v2.0/trunks/d826b9b9-9737-4b0a-b178-1216ace739b9', u'date': 'Fri, 25 Jan 2019 02:20:52 GMT', u'content-type': 'application/json', u'connection': 'close', u'x-openstack-request-id': 'req-c5eee3dc-d2b8-45c9-9fd5-b79346284966'} Body: {"NeutronError": {"message": "Trunk d826b9b9-9737-4b0a-b178-1216ace739b9 could not be found.", "type": "TrunkNotFound", "detail": ""}} _log_request_full /root/.rally/verification/verifier-01faab0b-3ffc-4520-b497-779d4a4874ef/repo/tempest/lib/common/rest_client.py:436
2019-01-25 02:20:52.948 17845 INFO tempest.lib.common.rest_client [req-af211642-d8ee-4a46-ae0b-46c59e3b4af1 ] Request (TrunkTestJSON:_run_cleanups): 404 GET http://10.167.4.35:9696/v2.0/trunks/332bd95b-bd25-4443-bc47-373fcf3436fc 0.021s
2019-01-25 02:20:52.948 17845 DEBUG tempest.lib.common.rest_client [req-af211642-d8ee-4a46-ae0b-46c59e3b4af1 ] Request - Headers: {'Content-Type': 'application/json', 'Accept': 'application/json', 'X-Auth-Token': ''} Body: None Response - Headers: {'status': '404', u'content-length': '134', 'content-location': 'http://10.167.4.35:9696/v2.0/trunks/332bd95b-bd25-4443-bc47-373fcf3436fc', u'date': 'Fri, 25 Jan 2019 02:20:52 GMT', u'content-type': 'application/json', u'connection': 'close', u'x-openstack-request-id': 'req-af211642-d8ee-4a46-ae0b-46c59e3b4af1'} Body: {"NeutronError": {"message": "Trunk 332bd95b-bd25-4443-bc47-373fcf3436fc could not be found.", "type": "TrunkNotFound", "detail": ""}} _log_request_full /root/.rally/verification/verifier-01faab0b-3ffc-4520-b497-779d4a4874ef/repo/tempest/lib/common/rest_client.py:436
2019-01-25 02:20:52.971 17845 INFO tempest.lib.common.rest_client [req-81a2e7f0-74ba-4231-aced-989a8540ca35 ] Request (TrunkTestJSON:_run_cleanups): 404 GET http://10.167.4.35:9696/v2.0/trunks/d92de076-e98c-4ca0-bc5e-29a90a15ea9f 0.022s
2019-01-25 02:20:52.971 17845 DEBUG tempest.lib.common.rest_client [req-81a2e7f0-74ba-4231-aced-989a8540ca35 ] Request - Headers: {'Content-Type': 'application/json', 'Accept': 'application/json', 'X-Auth-Token': ''} Body: None Response - Headers: {'status': '404', u'content-length': '134', 'content-location': 'http://10.167.4.35:9696/v2.0/trunks/d92de076-e98c-4ca0-bc5e-29a90a15ea9f', u'date': 'Fri, 25 Jan 2019 02:20:52 GMT', u'content-type': 'application/json', u'connection': 'close', u'x-openstack-request-id': 'req-81a2e7f0-74ba-4231-aced-989a8540ca35'} Body: {"NeutronError": {"message": "Trunk d92de076-e98c-4ca0-bc5e-29a90a15ea9f could not be found.", "type": "TrunkNotFound", "detail": ""}} _log_request_full /root/.rally/verification/verifier-01faab0b-3ffc-4520-b497-779d4a4874ef/repo/tempest/lib/common/rest_client.py:436
2019-01-25 02:20:52.990 17845 INFO tempest.lib.common.rest_client [req-df9e6fd7-130b-4009-aaaf-65c8adff4ab7 ] Request (TrunkTestJSON:_run_cleanups): 404 GET http://10.167.4.35:9696/v2.0/trunks/e9b2ad72-3ecd-4a5c-8e8d-ce50d05f18e2 0.017s
2019-01-25 02:20:52.990 17845 DEBUG tempest.lib.common.rest_client [req-df9e6fd7-130b-4009-aaaf-65c8adff4ab7 ] Request - Headers: {'Content-Type': 'application/json', 'Accept': 'application/json', 'X-Auth-Token': ''} Body: None Response - Headers: {'status': '404', u'content-length': '134', 'content-location': 'http://10.167.4.35:9696/v2.0/trunks/e9b2ad72-3ecd-4a5c-8e8d-ce50d05f18e2', u'date': 'Fri, 25 Jan 2019 02:20:52 GMT', u'content-type': 'application/json', u'connection': 'close', u'x-openstack-request-id': 'req-df9e6fd7-130b-4009-aaaf-65c8adff4ab7'} Body: {"NeutronError": {"message": "Trunk e9b2ad72-3ecd-4a5c-8e8d-ce50d05f18e2 could not be found.", "type": "TrunkNotFound", "detail": ""}} _log_request_full /root/.rally/verification/verifier-01faab0b-3ffc-4520-b497-779d4a4874ef/repo/tempest/lib/common/rest_client.py:436
2019-01-25 02:20:53.009 17845 INFO tempest.lib.common.rest_client [req-ee2192c9-3fb3-47f9-9eae-370334eead37 ] Request (TrunkTestJSON:_run_cleanups): 404 GET http://10.167.4.35:9696/v2.0/trunks/c617e700-ae8f-4c02-a993-4a233237fd49 0.017s
2019-01-25 02:20:53.009 17845 DEBUG tempest.lib.common.rest_client [req-ee2192c9-3fb3-47f9-9eae-370334eead37 ] Request - Headers: {'Content-Type': 'application/json', 'Accept': 'application/json', 'X-Auth-Token': ''} Body: None Response - Headers: {'status': '404', u'content-length': '134', 'content-location': 'http://10.167.4.35:9696/v2.0/trunks/c617e700-ae8f-4c02-a993-4a233237fd49', u'date': 'Fri, 25 Jan 2019 02:20:53 GMT', u'content-type': 'application/json', u'connection': 'close', u'x-openstack-request-id': 'req-ee2192c9-3fb3-47f9-9eae-370334eead37'} Body: {"NeutronError": {"message": "Trunk c617e700-ae8f-4c02-a993-4a233237fd49 could not be found.", "type": "TrunkNotFound", "detail": ""}} _log_request_full /root/.rally/verification/verifier-01faab0b-3ffc-4520-b497-779d4a4874ef/repo/tempest/lib/common/rest_client.py:436
2019-01-25 02:20:53.027 17845 INFO tempest.lib.common.rest_client [req-e189af72-6283-4324-b2d6-717cf652eec8 ] Request (TrunkTestJSON:_run_cleanups): 404 GET http://10.167.4.35:9696/v2.0/trunks/0c39d5b0-7c70-478b-9bb5-a5ed1626cf77 0.017s
2019-01-25 02:20:53.028 17845 DEBUG tempest.lib.common.rest_client [req-e189af72-6283-4324-b2d6-717cf652eec8 ] Request - Headers: {'Content-Type': 'application/json', 'Accept': 'application/json', 'X-Auth-Token': ''} Body: None Response - Headers: {'status': '404', u'content-length': '134', 'content-location': 'http://10.167.4.35:9696/v2.0/trunks/0c39d5b0-7c70-478b-9bb5-a5ed1626cf77', u'date': 'Fri, 25 Jan 2019 02:20:53 GMT', u'content-type': 'application/json', u'connection': 'close', u'x-openstack-request-id': 'req-e189af72-6283-4324-b2d6-717cf652eec8'} Body: {"NeutronError": {"message": "Trunk 0c39d5b0-7c70-478b-9bb5-a5ed1626cf77 could not be found.", "type": "TrunkNotFound", "detail": ""}} _log_request_full /root/.rally/verification/verifier-01faab0b-3ffc-4520-b497-779d4a4874ef/repo/tempest/lib/common/rest_client.py:436
2019-01-25 02:20:53.053 17845 INFO tempest.lib.common.rest_client [req-822db752-2cef-4849-91b5-722c7a3e577e ] Request (TrunkTestJSON:_run_cleanups): 404 GET http://10.167.4.35:9696/v2.0/trunks/9bafb214-2821-4e31-939c-8c2bf198d932 0.024s
2019-01-25 02:20:53.054 17845 DEBUG tempest.lib.common.rest_client [req-822db752-2cef-4849-91b5-722c7a3e577e ] Request - Headers: {'Content-Type': 'application/json', 'Accept': 'application/json', 'X-Auth-Token': ''} Body: None Response - Headers: {'status': '404', u'content-length': '134', 'content-location': 'http://10.167.4.35:9696/v2.0/trunks/9bafb214-2821-4e31-939c-8c2bf198d932', u'date': 'Fri, 25 Jan 2019 02:20:53 GMT', u'content-type': 'application/json', u'connection': 'close', u'x-openstack-request-id': 'req-822db752-2cef-4849-91b5-722c7a3e577e'} Body: {"NeutronError": {"message": "Trunk 9bafb214-2821-4e31-939c-8c2bf198d932 could not be found.", "type": "TrunkNotFound", "detail": ""}} _log_request_full /root/.rally/verification/verifier-01faab0b-3ffc-4520-b497-779d4a4874ef/repo/tempest/lib/common/rest_client.py:436
2019-01-25 02:20:53.097 17845 INFO tempest.lib.common.rest_client [req-90e5f960-f429-45c3-b7e6-c056402a7a15 ] Request (TrunkTestJSON:_run_cleanups): 404 DELETE http://10.167.4.35:9696/v2.0/ports/a28fed60-a018-4ac2-b534-acc3a0463acd 0.042s
2019-01-25 02:20:53.097 17845 DEBUG tempest.lib.common.rest_client [req-90e5f960-f429-45c3-b7e6-c056402a7a15 ] Request - Headers: {'Content-Type': 'application/json', 'Accept': 'application/json', 'X-Auth-Token': ''} Body: None Response - Headers: {'status': '404', u'content-length': '132', 'content-location': 'http://10.167.4.35:9696/v2.0/ports/a28fed60-a018-4ac2-b534-acc3a0463acd', u'date': 'Fri, 25 Jan 2019 02:20:53 GMT', u'content-type': 'application/json', u'connection': 'close', u'x-openstack-request-id': 'req-90e5f960-f429-45c3-b7e6-c056402a7a15'} Body: {"NeutronError": {"message": "Port a28fed60-a018-4ac2-b534-acc3a0463acd could not be found.", "type": "PortNotFound", "detail": ""}} _log_request_full /root/.rally/verification/verifier-01faab0b-3ffc-4520-b497-779d4a4874ef/repo/tempest/lib/common/rest_client.py:436
2019-01-25 02:20:53.136 17845 INFO tempest.lib.common.rest_client [req-a076d68b-7cce-45e0-b570-2b053668a80a ] Request (TrunkTestJSON:_run_cleanups): 404 DELETE http://10.167.4.35:9696/v2.0/ports/424ad448-985b-458f-b8e8-962590974619 0.037s
2019-01-25 02:20:53.136 17845 DEBUG tempest.lib.common.rest_client [req-a076d68b-7cce-45e0-b570-2b053668a80a ] Request - Headers: {'Content-Type': 'application/json', 'Accept': 'application/json', 'X-Auth-Token': ''} Body: None Response - Headers: {'status': '404', u'content-length': '132', 'content-location': 'http://10.167.4.35:9696/v2.0/ports/424ad448-985b-458f-b8e8-962590974619', u'date': 'Fri, 25 Jan 2019 02:20:53 GMT', u'content-type': 'application/json', u'connection': 'close', u'x-openstack-request-id': 'req-a076d68b-7cce-45e0-b570-2b053668a80a'} Body: {"NeutronError": {"message": "Port 424ad448-985b-458f-b8e8-962590974619 could not be found.", "type": "PortNotFound", "detail": ""}} _log_request_full /root/.rally/verification/verifier-01faab0b-3ffc-4520-b497-779d4a4874ef/repo/tempest/lib/common/rest_client.py:436
2019-01-25 02:20:53.190 17845 INFO tempest.lib.common.rest_client [req-499e5f3a-f164-4954-85db-1d22f9d31db6 ] Request (TrunkTestJSON:_run_cleanups): 404 DELETE http://10.167.4.35:9696/v2.0/ports/a1ab077a-a2ed-4795-bce5-d1dc73821b61 0.053s
2019-01-25 02:20:53.191 17845 DEBUG tempest.lib.common.rest_client [req-499e5f3a-f164-4954-85db-1d22f9d31db6 ] Request - Headers: {'Content-Type': 'application/json', 'Accept': 'application/json', 'X-Auth-Token': ''} Body: None Response - Headers: {'status': '404', u'content-length': '132', 'content-location': 'http://10.167.4.35:9696/v2.0/ports/a1ab077a-a2ed-4795-bce5-d1dc73821b61', u'date': 'Fri, 25 Jan 2019 02:20:53 GMT', u'content-type': 'application/json', u'connection': 'close', u'x-openstack-request-id': 'req-499e5f3a-f164-4954-85db-1d22f9d31db6'} Body: {"NeutronError": {"message": "Port a1ab077a-a2ed-4795-bce5-d1dc73821b61 could not be found.", "type": "PortNotFound", "detail": ""}} _log_request_full /root/.rally/verification/verifier-01faab0b-3ffc-4520-b497-779d4a4874ef/repo/tempest/lib/common/rest_client.py:436
2019-01-25 02:20:53.235 17845 INFO tempest.lib.common.rest_client [req-55c45af8-c4cd-401c-bf8a-5f00889b5d4d ] Request (TrunkTestJSON:_run_cleanups): 404 DELETE http://10.167.4.35:9696/v2.0/ports/a892f317-e1dc-4ce2-bb81-3f8ab3ce2017 0.043s
2019-01-25 02:20:53.235 17845 DEBUG tempest.lib.common.rest_client [req-55c45af8-c4cd-401c-bf8a-5f00889b5d4d ] Request - Headers: {'Content-Type': 'application/json', 'Accept': 'application/json', 'X-Auth-Token': ''} Body: None Response - Headers: {'status': '404', u'content-length': '132', 'content-location': 'http://10.167.4.35:9696/v2.0/ports/a892f317-e1dc-4ce2-bb81-3f8ab3ce2017', u'date': 'Fri, 25 Jan 2019 02:20:53 GMT', u'content-type': 'application/json', u'connection': 'close', u'x-openstack-request-id': 'req-55c45af8-c4cd-401c-bf8a-5f00889b5d4d'} Body: {"NeutronError": {"message": "Port a892f317-e1dc-4ce2-bb81-3f8ab3ce2017 could not be found.", "type": "PortNotFound", "detail": ""}} _log_request_full /root/.rally/verification/verifier-01faab0b-3ffc-4520-b497-779d4a4874ef/repo/tempest/lib/common/rest_client.py:436
2019-01-25 02:20:53.278 17845 INFO tempest.lib.common.rest_client [req-c64cc719-6bd9-49e5-9989-27d2e2c02646 ] Request (TrunkTestJSON:_run_cleanups): 404 DELETE http://10.167.4.35:9696/v2.0/ports/9eb89c99-030b-4b26-b8ea-017f31ee77cd 0.041s
2019-01-25 02:20:53.278 17845 DEBUG tempest.lib.common.rest_client [req-c64cc719-6bd9-49e5-9989-27d2e2c02646 ] Request - Headers: {'Content-Type': 'application/json', 'Accept': 'application/json', 'X-Auth-Token': ''} Body: None Response - Headers: {'status': '404', u'content-length': '132', 'content-location': 'http://10.167.4.35:9696/v2.0/ports/9eb89c99-030b-4b26-b8ea-017f31ee77cd', u'date': 'Fri, 25 Jan 2019 02:20:53 GMT', u'content-type': 'application/json', u'connection': 'close', u'x-openstack-request-id': 'req-c64cc719-6bd9-49e5-9989-27d2e2c02646'} Body: {"NeutronError": {"message": "Port 9eb89c99-030b-4b26-b8ea-017f31ee77cd could not be found.", "type": "PortNotFound", "detail": ""}} _log_request_full /root/.rally/verification/verifier-01faab0b-3ffc-4520-b497-779d4a4874ef/repo/tempest/lib/common/rest_client.py:436
2019-01-25 02:20:53.327 17845 INFO tempest.lib.common.rest_client [req-5f07322c-99f0-4cc6-aca8-85ba38138597 ] Request (TrunkTestJSON:_run_cleanups): 404 DELETE http://10.167.4.35:9696/v2.0/ports/aafd47a6-19f6-4d17-8d00-6bb5cda96bc0 0.047s
2019-01-25 02:20:53.327 17845 DEBUG tempest.lib.common.rest_client [req-5f07322c-99f0-4cc6-aca8-85ba38138597 ] Request - Headers: {'Content-Type': 'application/json', 'Accept': 'application/json', 'X-Auth-Token': ''} Body: None Response - Headers: {'status': '404', u'content-length': '132', 'content-location': 'http://10.167.4.35:9696/v2.0/ports/aafd47a6-19f6-4d17-8d00-6bb5cda96bc0', u'date': 'Fri, 25 Jan 2019 02:20:53 GMT', u'content-type': 'application/json', u'connection': 'close', u'x-openstack-request-id': 'req-5f07322c-99f0-4cc6-aca8-85ba38138597'} Body: {"NeutronError": {"message": "Port aafd47a6-19f6-4d17-8d00-6bb5cda96bc0 could not be found.", "type": "PortNotFound", "detail": ""}} _log_request_full /root/.rally/verification/verifier-01faab0b-3ffc-4520-b497-779d4a4874ef/repo/tempest/lib/common/rest_client.py:436
2019-01-25 02:20:53.370 17845 INFO tempest.lib.common.rest_client [req-62d49314-5b63-4633-98d4-ef796e7be68f ] Request (TrunkTestJSON:_run_cleanups): 404 DELETE http://10.167.4.35:9696/v2.0/ports/932d9f98-94f7-45f4-afe0-db552a6b0a77 0.042s
2019-01-25 02:20:53.371 17845 DEBUG tempest.lib.common.rest_client [req-62d49314-5b63-4633-98d4-ef796e7be68f ] Request - Headers: {'Content-Type': 'application/json', 'Accept': 'application/json', 'X-Auth-Token': ''} Body: None Response - Headers: {'status': '404', u'content-length': '132', 'content-location': 'http://10.167.4.35:9696/v2.0/ports/932d9f98-94f7-45f4-afe0-db552a6b0a77', u'date': 'Fri, 25 Jan 2019 02:20:53 GMT', u'content-type': 'application/json', u'connection': 'close', u'x-openstack-request-id': 'req-62d49314-5b63-4633-98d4-ef796e7be68f'} Body: {"NeutronError": {"message": "Port 932d9f98-94f7-45f4-afe0-db552a6b0a77 could not be found.", "type": "PortNotFound", "detail": ""}} _log_request_full /root/.rally/verification/verifier-01faab0b-3ffc-4520-b497-779d4a4874ef/repo/tempest/lib/common/rest_client.py:436
2019-01-25 02:20:53.414 17845 INFO tempest.lib.common.rest_client [req-42a195bb-b119-4ee9-a25b-c46deb42e59a ] Request (TrunkTestJSON:_run_cleanups): 404 DELETE http://10.167.4.35:9696/v2.0/ports/01ae1153-99a3-4518-8cfa-36c9862f2f94 0.042s
2019-01-25 02:20:53.415 17845 DEBUG tempest.lib.common.rest_client [req-42a195bb-b119-4ee9-a25b-c46deb42e59a ] Request - Headers: {'Content-Type': 'application/json', 'Accept': 'application/json', 'X-Auth-Token': ''} Body: None Response - Headers: {'status': '404', u'content-length': '132', 'content-location': 'http://10.167.4.35:9696/v2.0/ports/01ae1153-99a3-4518-8cfa-36c9862f2f94', u'date': 'Fri, 25 Jan 2019 02:20:53 GMT', u'content-type': 'application/json', u'connection': 'close', u'x-openstack-request-id': 'req-42a195bb-b119-4ee9-a25b-c46deb42e59a'} Body: {"NeutronError": {"message": "Port 01ae1153-99a3-4518-8cfa-36c9862f2f94 could not be found.", "type": "PortNotFound", "detail": ""}} _log_request_full /root/.rally/verification/verifier-01faab0b-3ffc-4520-b497-779d4a4874ef/repo/tempest/lib/common/rest_client.py:436
2019-01-25 02:20:53.460 17845 INFO tempest.lib.common.rest_client [req-aaa10204-dcc4-4b63-bbde-c6a059ba45ec ] Request (TrunkTestJSON:_run_cleanups): 404 DELETE http://10.167.4.35:9696/v2.0/ports/76ba1bed-0950-4c50-83ea-169c358017a9 0.044s
2019-01-25 02:20:53.461 17845 DEBUG tempest.lib.common.rest_client [req-aaa10204-dcc4-4b63-bbde-c6a059ba45ec ] Request - Headers: {'Content-Type': 'application/json', 'Accept': 'application/json', 'X-Auth-Token': ''} Body: None Response - Headers: {'status': '404', u'content-length': '132', 'content-location': 'http://10.167.4.35:9696/v2.0/ports/76ba1bed-0950-4c50-83ea-169c358017a9', u'date': 'Fri, 25 Jan 2019 02:20:53 GMT', u'content-type': 'application/json', u'connection': 'close', u'x-openstack-request-id': 'req-aaa10204-dcc4-4b63-bbde-c6a059ba45ec'} Body: {"NeutronError": {"message": "Port 76ba1bed-0950-4c50-83ea-169c358017a9 could not be found.", "type": "PortNotFound", "detail": ""}} _log_request_full /root/.rally/verification/verifier-01faab0b-3ffc-4520-b497-779d4a4874ef/repo/tempest/lib/common/rest_client.py:436
2019-01-25 02:20:53.500 17849 INFO tempest.lib.common.rest_client [req-40353b3a-f3f4-4d47-9285-fe44c26d7509 ] Request (TrunkTestJSON:test_create_trunk_duplicate_subport_segmentation_ids): 201 POST http://10.167.4.35:9696/v2.0/ports 0.778s
2019-01-25 02:20:53.500 17849 DEBUG tempest.lib.common.rest_client [req-40353b3a-f3f4-4d47-9285-fe44c26d7509 ] Request - Headers: {'Content-Type': 'application/json', 'Accept': 'application/json', 'X-Auth-Token': ''} Body: {"port": {"network_id": "ffd8438a-6b94-46e3-ba7f-1cecbcdbded6"}} Response - Headers: {'status': '201', u'content-length': '615', 'content-location': 'http://10.167.4.35:9696/v2.0/ports', u'date': 'Fri, 25 Jan 2019 02:20:53 GMT', u'content-type': 'application/json', u'connection': 'close', u'x-openstack-request-id': 'req-40353b3a-f3f4-4d47-9285-fe44c26d7509'} Body: {"port":{"status":"DOWN","created_at":"2019-01-25T02:20:52Z","description":"","allowed_address_pairs":[],"tags":[],"network_id":"ffd8438a-6b94-46e3-ba7f-1cecbcdbded6","tenant_id":"ac74487f006246e5bbcade6438eb51af","extra_dhcp_opts":[],"admin_state_up":true,"updated_at":"2019-01-25T02:20:53Z","name":"","device_owner":"","revision_number":1,"mac_address":"fa:16:3e:01:d5:fb","binding:vnic_type":"normal","port_security_enabled":true,"project_id":"ac74487f006246e5bbcade6438eb51af","fixed_ips":[],"id":"a115e4a6-5076-4eb0-be30-b9685886bba3","security_groups":["3278b34a-f0f2-4263-ad75-1bd2d2c4856f"],"device_id":""}} _log_request_full /root/.rally/verification/verifier-01faab0b-3ffc-4520-b497-779d4a4874ef/repo/tempest/lib/common/rest_client.py:436
2019-01-25 02:20:53.964 17845 INFO tempest.lib.common.rest_client [req-4a6db555-de44-4d88-86bc-02366009f674 ] Request (TrunkTestJSON:_run_cleanups): 204 DELETE http://10.167.4.35:9696/v2.0/ports/7885f56b-aa89-40d2-b092-32bca77d9b74 0.502s
2019-01-25 02:20:53.964 17845 DEBUG tempest.lib.common.rest_client [req-4a6db555-de44-4d88-86bc-02366009f674 ] Request - Headers: {'Content-Type': 'application/json', 'Accept': 'application/json', 'X-Auth-Token': ''} Body: None Response - Headers: {'status': '204', u'content-length': '0', 'content-location': 'http://10.167.4.35:9696/v2.0/ports/7885f56b-aa89-40d2-b092-32bca77d9b74', u'date': 'Fri, 25 Jan 2019 02:20:53 GMT', u'connection': 'close', u'x-openstack-request-id': 'req-4a6db555-de44-4d88-86bc-02366009f674'} Body: _log_request_full /root/.rally/verification/verifier-01faab0b-3ffc-4520-b497-779d4a4874ef/repo/tempest/lib/common/rest_client.py:436
2019-01-25 02:20:53.978 17846 WARNING tempest.lib.common.ssh [-] Failed to establish authenticated ssh connection to cirros@172.30.10.117 ([Errno None] Unable to connect to port 22 on 172.30.10.117). Number attempts: 2. Retry after 3 seconds.: NoValidConnectionsError: [Errno None] Unable to connect to port 22 on 172.30.10.117
2019-01-25 02:20:54.457 17845 INFO tempest.lib.common.rest_client [req-bd4f4a93-46df-4ed7-a89d-68aa3e4341cf ] Request (TrunkTestJSON:_run_cleanups): 204 DELETE http://10.167.4.35:9696/v2.0/ports/8460936a-15c4-476e-895d-266a50ab60c7 0.491s
2019-01-25 02:20:54.457 17845 DEBUG tempest.lib.common.rest_client [req-bd4f4a93-46df-4ed7-a89d-68aa3e4341cf ] Request - Headers: {'Content-Type': 'application/json', 'Accept': 'application/json', 'X-Auth-Token': ''} Body: None Response - Headers: {'status': '204', u'content-length': '0', 'content-location': 'http://10.167.4.35:9696/v2.0/ports/8460936a-15c4-476e-895d-266a50ab60c7', u'date': 'Fri, 25 Jan 2019 02:20:54 GMT', u'connection': 'close', u'x-openstack-request-id': 'req-bd4f4a93-46df-4ed7-a89d-68aa3e4341cf'} Body: _log_request_full /root/.rally/verification/verifier-01faab0b-3ffc-4520-b497-779d4a4874ef/repo/tempest/lib/common/rest_client.py:436
2019-01-25 02:20:54.504 17845 INFO tempest.lib.common.rest_client [req-90f3e753-8673-49db-b493-d04c66c95efb ] Request (TrunkTestJSON:_run_cleanups): 404 DELETE http://10.167.4.35:9696/v2.0/networks/47ada276-9f4d-4912-83b8-a84089228bfb 0.046s
2019-01-25 02:20:54.505 17845 DEBUG tempest.lib.common.rest_client [req-90f3e753-8673-49db-b493-d04c66c95efb ] Request - Headers: {'Content-Type': 'application/json', 'Accept': 'application/json', 'X-Auth-Token': ''} Body: None Response - Headers: {'status': '404', u'content-length': '138', 'content-location': 'http://10.167.4.35:9696/v2.0/networks/47ada276-9f4d-4912-83b8-a84089228bfb', u'date': 'Fri, 25 Jan 2019 02:20:54 GMT', u'content-type': 'application/json', u'connection': 'close', u'x-openstack-request-id': 'req-90f3e753-8673-49db-b493-d04c66c95efb'} Body: {"NeutronError": {"message": "Network 47ada276-9f4d-4912-83b8-a84089228bfb could not be found.", "type": "NetworkNotFound", "detail": ""}} _log_request_full /root/.rally/verification/verifier-01faab0b-3ffc-4520-b497-779d4a4874ef/repo/tempest/lib/common/rest_client.py:436
2019-01-25 02:20:54.542 17845 INFO tempest.lib.common.rest_client [req-521a0d13-1798-47ff-b0d8-557ca9c6c383 ] Request (TrunkTestJSON:_run_cleanups): 404 DELETE http://10.167.4.35:9696/v2.0/networks/0c1b2920-c4f3-4695-a931-275f765aec45 0.037s
2019-01-25 02:20:54.543 17845 DEBUG tempest.lib.common.rest_client [req-521a0d13-1798-47ff-b0d8-557ca9c6c383 ] Request - Headers: {'Content-Type': 'application/json', 'Accept': 'application/json', 'X-Auth-Token': ''} Body: None Response - Headers: {'status': '404', u'content-length': '138', 'content-location': 'http://10.167.4.35:9696/v2.0/networks/0c1b2920-c4f3-4695-a931-275f765aec45', u'date': 'Fri, 25 Jan 2019 02:20:54 GMT', u'content-type': 'application/json', u'connection': 'close', u'x-openstack-request-id': 'req-521a0d13-1798-47ff-b0d8-557ca9c6c383'} Body: {"NeutronError": {"message": "Network 0c1b2920-c4f3-4695-a931-275f765aec45 could not be found.", "type": "NetworkNotFound", "detail": ""}} _log_request_full /root/.rally/verification/verifier-01faab0b-3ffc-4520-b497-779d4a4874ef/repo/tempest/lib/common/rest_client.py:436
2019-01-25 02:20:54.555 17849 INFO tempest.lib.common.rest_client [req-bcf16d9d-c304-4c35-9184-7bbabcb6423d ] Request (TrunkTestJSON:test_create_trunk_duplicate_subport_segmentation_ids): 201 POST http://10.167.4.35:9696/v2.0/ports 1.054s
2019-01-25 02:20:54.556 17849 DEBUG tempest.lib.common.rest_client [req-bcf16d9d-c304-4c35-9184-7bbabcb6423d ] Request - Headers: {'Content-Type': 'application/json', 'Accept': 'application/json', 'X-Auth-Token': ''} Body: {"port": {"network_id": "ecaf0d62-1f40-436c-bd3e-099cad037e50"}} Response - Headers: {'status': '201', u'content-length': '615', 'content-location': 'http://10.167.4.35:9696/v2.0/ports', u'date': 'Fri, 25 Jan 2019 02:20:54 GMT', u'content-type': 'application/json', u'connection': 'close', u'x-openstack-request-id': 'req-bcf16d9d-c304-4c35-9184-7bbabcb6423d'} Body: {"port":{"status":"DOWN","created_at":"2019-01-25T02:20:53Z","description":"","allowed_address_pairs":[],"tags":[],"network_id":"ecaf0d62-1f40-436c-bd3e-099cad037e50","tenant_id":"ac74487f006246e5bbcade6438eb51af","extra_dhcp_opts":[],"admin_state_up":true,"updated_at":"2019-01-25T02:20:53Z","name":"","device_owner":"","revision_number":1,"mac_address":"fa:16:3e:fb:5b:80","binding:vnic_type":"normal","port_security_enabled":true,"project_id":"ac74487f006246e5bbcade6438eb51af","fixed_ips":[],"id":"819086fa-6e1d-4f4c-8971-aab8d3c49e6a","security_groups":["3278b34a-f0f2-4263-ad75-1bd2d2c4856f"],"device_id":""}} _log_request_full /root/.rally/verification/verifier-01faab0b-3ffc-4520-b497-779d4a4874ef/repo/tempest/lib/common/rest_client.py:436
2019-01-25 02:20:54.569 17849 INFO tempest.lib.common.rest_client [req-977b047c-7ee0-40ab-85c6-b809d8d3e393 ] Request (TrunkTestJSON:test_create_trunk_duplicate_subport_segmentation_ids): 400 POST http://10.167.4.35:9696/v2.0/trunks 0.012s
2019-01-25 02:20:54.570 17849 DEBUG tempest.lib.common.rest_client [req-977b047c-7ee0-40ab-85c6-b809d8d3e393 ] Request - Headers: {'Content-Type': 'application/json', 'Accept': 'application/json', 'X-Auth-Token': ''} Body: {"trunk": {"sub_ports": [{"segmentation_id": 2, "port_id": "a115e4a6-5076-4eb0-be30-b9685886bba3", "segmentation_type": "vlan"}, {"segmentation_id": 2, "port_id": "819086fa-6e1d-4f4c-8971-aab8d3c49e6a", "segmentation_type": "vlan"}], "port_id": "fd791929-91aa-47cc-a008-ab1870db5d92"}} Response - Headers: {'status': '400', u'content-length': '187', 'content-location': 'http://10.167.4.35:9696/v2.0/trunks', u'date': 'Fri, 25 Jan 2019 02:20:54 GMT', u'content-type': 'application/json', u'connection': 'close', u'x-openstack-request-id': 'req-977b047c-7ee0-40ab-85c6-b809d8d3e393'} Body: {"NeutronError": {"message": "Invalid input for sub_ports. Reason: Segmentation ID '2' for '819086fa-6e1d-4f4c-8971-aab8d3c49e6a' is not unique.", "type": "HTTPBadRequest", "detail": ""}} _log_request_full /root/.rally/verification/verifier-01faab0b-3ffc-4520-b497-779d4a4874ef/repo/tempest/lib/common/rest_client.py:436
2019-01-25 02:20:54.577 17845 INFO tempest.lib.common.rest_client [req-8bc31cb5-3f31-4a16-b44b-1c3c00309f94 ] Request (TrunkTestJSON:_run_cleanups): 404 DELETE http://10.167.4.35:9696/v2.0/networks/6b16350e-8d1c-41a9-a2df-3694b0f54617 0.033s
2019-01-25 02:20:54.578 17845 DEBUG tempest.lib.common.rest_client [req-8bc31cb5-3f31-4a16-b44b-1c3c00309f94 ] Request - Headers: {'Content-Type': 'application/json', 'Accept': 'application/json', 'X-Auth-Token': ''} Body: None Response - Headers: {'status': '404', u'content-length': '138', 'content-location': 'http://10.167.4.35:9696/v2.0/networks/6b16350e-8d1c-41a9-a2df-3694b0f54617', u'date': 'Fri, 25 Jan 2019 02:20:54 GMT', u'content-type': 'application/json', u'connection': 'close', u'x-openstack-request-id': 'req-8bc31cb5-3f31-4a16-b44b-1c3c00309f94'} Body: {"NeutronError": {"message": "Network 6b16350e-8d1c-41a9-a2df-3694b0f54617 could not be found.", "type": "NetworkNotFound", "detail": ""}} _log_request_full /root/.rally/verification/verifier-01faab0b-3ffc-4520-b497-779d4a4874ef/repo/tempest/lib/common/rest_client.py:436
2019-01-25 02:20:54.591 17849 INFO tempest.lib.common.rest_client [req-87e5666e-1816-44d3-b747-c4d80ddfeb2b ] Request (TrunkTestJSON:_run_cleanups): 404 GET http://10.167.4.35:9696/v2.0/trunks/be554373-4fb2-4c16-be23-358112a2bd00/get_subports 0.020s
2019-01-25 02:20:54.592 17849 DEBUG tempest.lib.common.rest_client [req-87e5666e-1816-44d3-b747-c4d80ddfeb2b ] Request - Headers: {'Content-Type': 'application/json', 'Accept': 'application/json', 'X-Auth-Token': ''} Body: None Response - Headers: {'status': '404', u'content-length': '134', 'content-location': 'http://10.167.4.35:9696/v2.0/trunks/be554373-4fb2-4c16-be23-358112a2bd00/get_subports', u'date': 'Fri, 25 Jan 2019 02:20:54 GMT', u'content-type': 'application/json', u'connection': 'close', u'x-openstack-request-id': 'req-87e5666e-1816-44d3-b747-c4d80ddfeb2b'} Body: {"NeutronError": {"message": "Trunk be554373-4fb2-4c16-be23-358112a2bd00 could not be found.", "type": "TrunkNotFound", "detail": ""}} _log_request_full /root/.rally/verification/verifier-01faab0b-3ffc-4520-b497-779d4a4874ef/repo/tempest/lib/common/rest_client.py:436
2019-01-25 02:20:54.610 17845 INFO tempest.lib.common.rest_client [req-4b6cb056-2e00-4bf5-a91a-0f4baa681a8b ] Request (TrunkTestJSON:_run_cleanups): 404 DELETE http://10.167.4.35:9696/v2.0/networks/b8dccc56-de52-421b-b53c-65bc88f2909e 0.031s
2019-01-25 02:20:54.610 17845 DEBUG tempest.lib.common.rest_client [req-4b6cb056-2e00-4bf5-a91a-0f4baa681a8b ] Request - Headers: {'Content-Type': 'application/json', 'Accept': 'application/json', 'X-Auth-Token': ''} Body: None Response - Headers: {'status': '404', u'content-length': '138', 'content-location': 'http://10.167.4.35:9696/v2.0/networks/b8dccc56-de52-421b-b53c-65bc88f2909e', u'date': 'Fri, 25 Jan 2019 02:20:54 GMT', u'content-type': 'application/json', u'connection': 'close', u'x-openstack-request-id': 'req-4b6cb056-2e00-4bf5-a91a-0f4baa681a8b'} Body: {"NeutronError": {"message": "Network b8dccc56-de52-421b-b53c-65bc88f2909e could not be found.", "type": "NetworkNotFound", "detail": ""}} _log_request_full /root/.rally/verification/verifier-01faab0b-3ffc-4520-b497-779d4a4874ef/repo/tempest/lib/common/rest_client.py:436
2019-01-25 02:20:54.616 17849 INFO tempest.lib.common.rest_client [req-cd3a5c39-c77c-4522-afe4-fe5d1541ab1b ] Request (TrunkTestJSON:_run_cleanups): 404 DELETE http://10.167.4.35:9696/v2.0/trunks/be554373-4fb2-4c16-be23-358112a2bd00 0.023s
2019-01-25 02:20:54.616 17849 DEBUG tempest.lib.common.rest_client [req-cd3a5c39-c77c-4522-afe4-fe5d1541ab1b ] Request - Headers: {'Content-Type': 'application/json', 'Accept': 'application/json', 'X-Auth-Token': ''} Body: None Response - Headers: {'status': '404', u'content-length': '134', 'content-location': 'http://10.167.4.35:9696/v2.0/trunks/be554373-4fb2-4c16-be23-358112a2bd00', u'date': 'Fri, 25 Jan 2019 02:20:54 GMT', u'content-type': 'application/json', u'connection': 'close', u'x-openstack-request-id': 'req-cd3a5c39-c77c-4522-afe4-fe5d1541ab1b'} Body: {"NeutronError": {"message": "Trunk be554373-4fb2-4c16-be23-358112a2bd00 could not be found.", "type": "TrunkNotFound", "detail": ""}} _log_request_full /root/.rally/verification/verifier-01faab0b-3ffc-4520-b497-779d4a4874ef/repo/tempest/lib/common/rest_client.py:436
2019-01-25 02:20:54.635 17849 INFO tempest.lib.common.rest_client [req-a7c3bb25-3c11-4551-a730-a2d688d86325 ] Request (TrunkTestJSON:_run_cleanups): 404 GET http://10.167.4.35:9696/v2.0/trunks/c0345d6f-167c-4a86-8215-795ccab0aa44/get_subports 0.018s
2019-01-25 02:20:54.635 17849 DEBUG tempest.lib.common.rest_client [req-a7c3bb25-3c11-4551-a730-a2d688d86325 ] Request - Headers: {'Content-Type': 'application/json', 'Accept': 'application/json', 'X-Auth-Token': ''} Body: None Response - Headers: {'status': '404', u'content-length': '134', 'content-location': 'http://10.167.4.35:9696/v2.0/trunks/c0345d6f-167c-4a86-8215-795ccab0aa44/get_subports', u'date': 'Fri, 25 Jan 2019 02:20:54 GMT', u'content-type': 'application/json', u'connection': 'close', u'x-openstack-request-id': 'req-a7c3bb25-3c11-4551-a730-a2d688d86325'} Body: {"NeutronError": {"message": "Trunk c0345d6f-167c-4a86-8215-795ccab0aa44 could not be found.", "type": "TrunkNotFound", "detail": ""}} _log_request_full /root/.rally/verification/verifier-01faab0b-3ffc-4520-b497-779d4a4874ef/repo/tempest/lib/common/rest_client.py:436
2019-01-25 02:20:54.645 17845 INFO tempest.lib.common.rest_client [req-98e5cf86-f420-4a24-bdbb-ff4da12cb266 ] Request (TrunkTestJSON:_run_cleanups): 404 DELETE http://10.167.4.35:9696/v2.0/networks/fbf20804-a004-4b81-b7e9-8696b797371a 0.034s
2019-01-25 02:20:54.646 17845 DEBUG tempest.lib.common.rest_client [req-98e5cf86-f420-4a24-bdbb-ff4da12cb266 ] Request - Headers: {'Content-Type': 'application/json', 'Accept': 'application/json', 'X-Auth-Token': ''} Body: None Response - Headers: {'status': '404', u'content-length': '138', 'content-location': 'http://10.167.4.35:9696/v2.0/networks/fbf20804-a004-4b81-b7e9-8696b797371a', u'date': 'Fri, 25 Jan 2019 02:20:54 GMT', u'content-type': 'application/json', u'connection': 'close', u'x-openstack-request-id': 'req-98e5cf86-f420-4a24-bdbb-ff4da12cb266'} Body: {"NeutronError": {"message": "Network fbf20804-a004-4b81-b7e9-8696b797371a could not be found.", "type": "NetworkNotFound", "detail": ""}} _log_request_full /root/.rally/verification/verifier-01faab0b-3ffc-4520-b497-779d4a4874ef/repo/tempest/lib/common/rest_client.py:436
2019-01-25 02:20:54.661 17849 INFO tempest.lib.common.rest_client [req-be885bb9-af6c-427d-a71b-4494898460cd ] Request (TrunkTestJSON:_run_cleanups): 404 DELETE http://10.167.4.35:9696/v2.0/trunks/c0345d6f-167c-4a86-8215-795ccab0aa44 0.025s
2019-01-25 02:20:54.662 17849 DEBUG tempest.lib.common.rest_client [req-be885bb9-af6c-427d-a71b-4494898460cd ] Request - Headers: {'Content-Type': 'application/json', 'Accept': 'application/json', 'X-Auth-Token': ''} Body: None Response - Headers: {'status': '404', u'content-length': '134', 'content-location': 'http://10.167.4.35:9696/v2.0/trunks/c0345d6f-167c-4a86-8215-795ccab0aa44', u'date': 'Fri, 25 Jan 2019 02:20:54 GMT', u'content-type': 'application/json', u'connection': 'close', u'x-openstack-request-id': 'req-be885bb9-af6c-427d-a71b-4494898460cd'} Body: {"NeutronError": {"message": "Trunk c0345d6f-167c-4a86-8215-795ccab0aa44 could not be found.", "type": "TrunkNotFound", "detail": ""}} _log_request_full /root/.rally/verification/verifier-01faab0b-3ffc-4520-b497-779d4a4874ef/repo/tempest/lib/common/rest_client.py:436
2019-01-25 02:20:54.671 17845 INFO tempest.lib.common.rest_client [req-4253ce8c-f44c-49dc-9a9c-996bea1c6d44 ] Request (TrunkTestJSON:_run_cleanups): 404 DELETE http://10.167.4.35:9696/v2.0/networks/5f358492-5acf-48a6-b049-ad5bae5cb78e 0.025s
2019-01-25 02:20:54.672 17845 DEBUG tempest.lib.common.rest_client [req-4253ce8c-f44c-49dc-9a9c-996bea1c6d44 ] Request - Headers: {'Content-Type': 'application/json', 'Accept': 'application/json', 'X-Auth-Token': ''} Body: None Response - Headers: {'status': '404', u'content-length': '138', 'content-location': 'http://10.167.4.35:9696/v2.0/networks/5f358492-5acf-48a6-b049-ad5bae5cb78e', u'date': 'Fri, 25 Jan 2019 02:20:54 GMT', u'content-type': 'application/json', u'connection': 'close', u'x-openstack-request-id': 'req-4253ce8c-f44c-49dc-9a9c-996bea1c6d44'} Body: {"NeutronError": {"message": "Network 5f358492-5acf-48a6-b049-ad5bae5cb78e could not be found.", "type": "NetworkNotFound", "detail": ""}} _log_request_full /root/.rally/verification/verifier-01faab0b-3ffc-4520-b497-779d4a4874ef/repo/tempest/lib/common/rest_client.py:436
2019-01-25 02:20:54.685 17849 INFO tempest.lib.common.rest_client [req-ccf094ae-0eb2-4238-a2a7-b37eef094301 ] Request (TrunkTestJSON:_run_cleanups): 404 GET http://10.167.4.35:9696/v2.0/trunks/b9dbc81b-e52e-4234-86ec-ffef3fcdab01/get_subports 0.022s
2019-01-25 02:20:54.685 17849 DEBUG tempest.lib.common.rest_client [req-ccf094ae-0eb2-4238-a2a7-b37eef094301 ] Request - Headers: {'Content-Type': 'application/json', 'Accept': 'application/json', 'X-Auth-Token': ''} Body: None Response - Headers: {'status': '404', u'content-length': '134', 'content-location': 'http://10.167.4.35:9696/v2.0/trunks/b9dbc81b-e52e-4234-86ec-ffef3fcdab01/get_subports', u'date': 'Fri, 25 Jan 2019 02:20:54 GMT', u'content-type': 'application/json', u'connection': 'close', u'x-openstack-request-id': 'req-ccf094ae-0eb2-4238-a2a7-b37eef094301'} Body: {"NeutronError": {"message": "Trunk b9dbc81b-e52e-4234-86ec-ffef3fcdab01 could not be found.", "type": "TrunkNotFound", "detail": ""}} _log_request_full /root/.rally/verification/verifier-01faab0b-3ffc-4520-b497-779d4a4874ef/repo/tempest/lib/common/rest_client.py:436
2019-01-25 02:20:54.699 17845 INFO tempest.lib.common.rest_client [req-cfc688f9-68ce-4cb0-9b0b-e5d5a4e7487a ] Request (TrunkTestJSON:_run_cleanups): 404 DELETE http://10.167.4.35:9696/v2.0/networks/2e6d6426-cb52-431e-84f4-e950a9d4d31b 0.026s
2019-01-25 02:20:54.699 17845 DEBUG tempest.lib.common.rest_client [req-cfc688f9-68ce-4cb0-9b0b-e5d5a4e7487a ] Request - Headers: {'Content-Type': 'application/json', 'Accept': 'application/json', 'X-Auth-Token': ''} Body: None Response - Headers: {'status': '404', u'content-length': '138', 'content-location': 'http://10.167.4.35:9696/v2.0/networks/2e6d6426-cb52-431e-84f4-e950a9d4d31b', u'date': 'Fri, 25 Jan 2019 02:20:54 GMT', u'content-type': 'application/json', u'connection': 'close', u'x-openstack-request-id': 'req-cfc688f9-68ce-4cb0-9b0b-e5d5a4e7487a'} Body: {"NeutronError": {"message": "Network 2e6d6426-cb52-431e-84f4-e950a9d4d31b could not be found.", "type": "NetworkNotFound", "detail": ""}} _log_request_full /root/.rally/verification/verifier-01faab0b-3ffc-4520-b497-779d4a4874ef/repo/tempest/lib/common/rest_client.py:436
2019-01-25 02:20:54.716 17849 INFO tempest.lib.common.rest_client [req-4985a132-d8e0-4a52-a1fa-a3e70403e90a ] Request (TrunkTestJSON:_run_cleanups): 404 DELETE http://10.167.4.35:9696/v2.0/trunks/b9dbc81b-e52e-4234-86ec-ffef3fcdab01 0.029s
