2019-01-16 13:49:30.732 17367 DEBUG tempest.lib.common.rest_client [req-0784c3a7-9446-487a-88cf-516ef8df390b ] Request - Headers: {'Content-Type': 'application/json', 'Accept': 'application/json', 'X-Auth-Token': ''} Body: None Response - Headers: {'status': '404', u'content-length': '132', 'content-location': 'http://10.167.4.35:9696/v2.0/ports/8811fc3a-8226-46a3-99e0-c4798abaaa23', u'date': 'Wed, 16 Jan 2019 13:49:30 GMT', u'content-type': 'application/json', u'connection': 'close', u'x-openstack-request-id': 'req-0784c3a7-9446-487a-88cf-516ef8df390b'} Body: {"NeutronError": {"message": "Port 8811fc3a-8226-46a3-99e0-c4798abaaa23 could not be found.", "type": "PortNotFound", "detail": ""}} _log_request_full /root/.rally/verification/verifier-31f2582e-b456-4f9b-ae00-96c84271b3da/repo/tempest/lib/common/rest_client.py:436
2019-01-16 13:49:30.767 17367 INFO tempest.lib.common.rest_client [req-4429e542-7bf3-4c68-8df9-48f5a3d08947 ] Request (TrunkTestJSON:_run_cleanups): 404 DELETE http://10.167.4.35:9696/v2.0/ports/c099fdac-04b8-4a73-bd41-8dbf2dae70f9 0.033s
2019-01-16 13:49:30.767 17367 DEBUG tempest.lib.common.rest_client [req-4429e542-7bf3-4c68-8df9-48f5a3d08947 ] Request - Headers: {'Content-Type': 'application/json', 'Accept': 'application/json', 'X-Auth-Token': ''} Body: None Response - Headers: {'status': '404', u'content-length': '132', 'content-location': 'http://10.167.4.35:9696/v2.0/ports/c099fdac-04b8-4a73-bd41-8dbf2dae70f9', u'date': 'Wed, 16 Jan 2019 13:49:30 GMT', u'content-type': 'application/json', u'connection': 'close', u'x-openstack-request-id': 'req-4429e542-7bf3-4c68-8df9-48f5a3d08947'} Body: {"NeutronError": {"message": "Port c099fdac-04b8-4a73-bd41-8dbf2dae70f9 could not be found.", "type": "PortNotFound", "detail": ""}} _log_request_full /root/.rally/verification/verifier-31f2582e-b456-4f9b-ae00-96c84271b3da/repo/tempest/lib/common/rest_client.py:436
2019-01-16 13:49:30.964 17371 INFO tempest.lib.common.rest_client [req-614b9eb6-7b85-47c9-a31a-c554ef255d6d ] Request (TrunkTestJSON:_run_cleanups): 204 DELETE http://10.167.4.35:9696/v2.0/networks/842bdf6d-af69-4da3-941e-66153b56c438 0.835s
2019-01-16 13:49:30.964 17371 DEBUG tempest.lib.common.rest_client [req-614b9eb6-7b85-47c9-a31a-c554ef255d6d ] Request - Headers: {'Content-Type': 'application/json', 'Accept': 'application/json', 'X-Auth-Token': ''} Body: None Response - Headers: {'status': '204', u'content-length': '0', 'content-location': 'http://10.167.4.35:9696/v2.0/networks/842bdf6d-af69-4da3-941e-66153b56c438', u'date': 'Wed, 16 Jan 2019 13:49:30 GMT', u'connection': 'close', u'x-openstack-request-id': 'req-614b9eb6-7b85-47c9-a31a-c554ef255d6d'} Body: _log_request_full /root/.rally/verification/verifier-31f2582e-b456-4f9b-ae00-96c84271b3da/repo/tempest/lib/common/rest_client.py:436
2019-01-16 13:49:31.147 17367 INFO tempest.lib.common.rest_client [req-f6c65ee7-73b1-4222-8d11-540c215d35e8 ] Request (TrunkTestJSON:_run_cleanups): 204 DELETE http://10.167.4.35:9696/v2.0/ports/6e7d5866-9a03-478a-9959-0c22f6a6e3a1 0.379s
2019-01-16 13:49:31.148 17367 DEBUG tempest.lib.common.rest_client [req-f6c65ee7-73b1-4222-8d11-540c215d35e8 ] Request - Headers: {'Content-Type': 'application/json', 'Accept': 'application/json', 'X-Auth-Token': ''} Body: None Response - Headers: {'status': '204', u'content-length': '0', 'content-location': 'http://10.167.4.35:9696/v2.0/ports/6e7d5866-9a03-478a-9959-0c22f6a6e3a1', u'date': 'Wed, 16 Jan 2019 13:49:31 GMT', u'connection': 'close', u'x-openstack-request-id': 'req-f6c65ee7-73b1-4222-8d11-540c215d35e8'} Body: _log_request_full /root/.rally/verification/verifier-31f2582e-b456-4f9b-ae00-96c84271b3da/repo/tempest/lib/common/rest_client.py:436
2019-01-16 13:49:31.494 17371 INFO tempest.lib.common.rest_client [req-8405391c-b7e7-40e7-9903-358812d7f8e2 ] Request (TrunkTestJSON:_run_cleanups): 204 DELETE http://10.167.4.35:9696/v2.0/networks/5eb55e37-0660-4d0c-8d97-b55cc307d1cf 0.529s
2019-01-16 13:49:31.494 17371 DEBUG tempest.lib.common.rest_client [req-8405391c-b7e7-40e7-9903-358812d7f8e2 ] Request - Headers: {'Content-Type': 'application/json', 'Accept': 'application/json', 'X-Auth-Token': ''} Body: None Response - Headers: {'status': '204', u'content-length': '0', 'content-location': 'http://10.167.4.35:9696/v2.0/networks/5eb55e37-0660-4d0c-8d97-b55cc307d1cf', u'date': 'Wed, 16 Jan 2019 13:49:31 GMT', u'connection': 'close', u'x-openstack-request-id': 'req-8405391c-b7e7-40e7-9903-358812d7f8e2'} Body: _log_request_full /root/.rally/verification/verifier-31f2582e-b456-4f9b-ae00-96c84271b3da/repo/tempest/lib/common/rest_client.py:436
2019-01-16 13:49:31.513 17367 INFO tempest.lib.common.rest_client [req-75a88b18-0ed4-448a-b72d-0ec075e5658d ] Request (TrunkTestJSON:_run_cleanups): 204 DELETE http://10.167.4.35:9696/v2.0/ports/95cd0f78-77a9-43da-9761-d7110a8cbdbf 0.364s
2019-01-16 13:49:31.513 17367 DEBUG tempest.lib.common.rest_client [req-75a88b18-0ed4-448a-b72d-0ec075e5658d ] Request - Headers: {'Content-Type': 'application/json', 'Accept': 'application/json', 'X-Auth-Token': ''} Body: None Response - Headers: {'status': '204', u'content-length': '0', 'content-location': 'http://10.167.4.35:9696/v2.0/ports/95cd0f78-77a9-43da-9761-d7110a8cbdbf', u'date': 'Wed, 16 Jan 2019 13:49:31 GMT', u'connection': 'close', u'x-openstack-request-id': 'req-75a88b18-0ed4-448a-b72d-0ec075e5658d'} Body: _log_request_full /root/.rally/verification/verifier-31f2582e-b456-4f9b-ae00-96c84271b3da/repo/tempest/lib/common/rest_client.py:436
2019-01-16 13:49:31.536 17367 INFO tempest.lib.common.rest_client [req-b52d1440-e9ee-4e73-b580-e2942ec161bc ] Request (TrunkTestJSON:_run_cleanups): 404 DELETE http://10.167.4.35:9696/v2.0/networks/eedc9dd2-48d9-44da-b134-a660a5fb24be 0.022s
2019-01-16 13:49:31.537 17367 DEBUG tempest.lib.common.rest_client [req-b52d1440-e9ee-4e73-b580-e2942ec161bc ] Request - Headers: {'Content-Type': 'application/json', 'Accept': 'application/json', 'X-Auth-Token': ''} Body: None Response - Headers: {'status': '404', u'content-length': '138', 'content-location': 'http://10.167.4.35:9696/v2.0/networks/eedc9dd2-48d9-44da-b134-a660a5fb24be', u'date': 'Wed, 16 Jan 2019 13:49:31 GMT', u'content-type': 'application/json', u'connection': 'close', u'x-openstack-request-id': 'req-b52d1440-e9ee-4e73-b580-e2942ec161bc'} Body: {"NeutronError": {"message": "Network eedc9dd2-48d9-44da-b134-a660a5fb24be could not be found.", "type": "NetworkNotFound", "detail": ""}} _log_request_full /root/.rally/verification/verifier-31f2582e-b456-4f9b-ae00-96c84271b3da/repo/tempest/lib/common/rest_client.py:436
2019-01-16 13:49:31.558 17367 INFO tempest.lib.common.rest_client [req-e48dd999-d8ec-4296-8bdc-2d0b73109c39 ] Request (TrunkTestJSON:_run_cleanups): 404 DELETE http://10.167.4.35:9696/v2.0/networks/f5535786-8c08-484e-8ce9-54b83c1a6a82 0.021s
2019-01-16 13:49:31.559 17367 DEBUG tempest.lib.common.rest_client [req-e48dd999-d8ec-4296-8bdc-2d0b73109c39 ] Request - Headers: {'Content-Type': 'application/json', 'Accept': 'application/json', 'X-Auth-Token': ''} Body: None Response - Headers: {'status': '404', u'content-length': '138', 'content-location': 'http://10.167.4.35:9696/v2.0/networks/f5535786-8c08-484e-8ce9-54b83c1a6a82', u'date': 'Wed, 16 Jan 2019 13:49:31 GMT', u'content-type': 'application/json', u'connection': 'close', u'x-openstack-request-id': 'req-e48dd999-d8ec-4296-8bdc-2d0b73109c39'} Body: {"NeutronError": {"message": "Network f5535786-8c08-484e-8ce9-54b83c1a6a82 could not be found.", "type": "NetworkNotFound", "detail": ""}} _log_request_full /root/.rally/verification/verifier-31f2582e-b456-4f9b-ae00-96c84271b3da/repo/tempest/lib/common/rest_client.py:436
2019-01-16 13:49:31.562 17371 INFO tempest.lib.common.rest_client [req-3075802c-cc5d-4ce1-af07-101c62224d64 ] Request (TrunkTestJSON:test_create_trunk_nonexistent_port_id): 404 POST http://10.167.4.35:9696/v2.0/trunks 0.065s
2019-01-16 13:49:31.563 17371 DEBUG tempest.lib.common.rest_client [req-3075802c-cc5d-4ce1-af07-101c62224d64 ] Request - Headers: {'Content-Type': 'application/json', 'Accept': 'application/json', 'X-Auth-Token': ''} Body: {"trunk": {"sub_ports": [], "port_id": "41fd3552-d121-42af-9a6f-983e6b917ed3"}} Response - Headers: {'status': '404', u'content-length': '132', 'content-location': 'http://10.167.4.35:9696/v2.0/trunks', u'date': 'Wed, 16 Jan 2019 13:49:31 GMT', u'content-type': 'application/json', u'connection': 'close', u'x-openstack-request-id': 'req-3075802c-cc5d-4ce1-af07-101c62224d64'} Body: {"NeutronError": {"message": "Port 41fd3552-d121-42af-9a6f-983e6b917ed3 could not be found.", "type": "PortNotFound", "detail": ""}} _log_request_full /root/.rally/verification/verifier-31f2582e-b456-4f9b-ae00-96c84271b3da/repo/tempest/lib/common/rest_client.py:436
2019-01-16 13:49:31.579 17367 INFO tempest.lib.common.rest_client [req-a2a153a4-57c2-4f8e-9f28-416ed139f848 ] Request (TrunkTestJSON:_run_cleanups): 404 DELETE http://10.167.4.35:9696/v2.0/networks/a3976a71-7e8b-4ee2-843b-b4d54a88ace0 0.020s
2019-01-16 13:49:31.580 17367 DEBUG tempest.lib.common.rest_client [req-a2a153a4-57c2-4f8e-9f28-416ed139f848 ] Request - Headers: {'Content-Type': 'application/json', 'Accept': 'application/json', 'X-Auth-Token': ''} Body: None Response - Headers: {'status': '404', u'content-length': '138', 'content-location': 'http://10.167.4.35:9696/v2.0/networks/a3976a71-7e8b-4ee2-843b-b4d54a88ace0', u'date': 'Wed, 16 Jan 2019 13:49:31 GMT', u'content-type': 'application/json', u'connection': 'close', u'x-openstack-request-id': 'req-a2a153a4-57c2-4f8e-9f28-416ed139f848'} Body: {"NeutronError": {"message": "Network a3976a71-7e8b-4ee2-843b-b4d54a88ace0 could not be found.", "type": "NetworkNotFound", "detail": ""}} _log_request_full /root/.rally/verification/verifier-31f2582e-b456-4f9b-ae00-96c84271b3da/repo/tempest/lib/common/rest_client.py:436
2019-01-16 13:49:31.582 17371 INFO tempest.lib.common.rest_client [req-fefa2e63-b84d-42ee-bc22-6f9658b8c9e5 ] Request (TrunkTestJSON:_run_cleanups): 404 GET http://10.167.4.35:9696/v2.0/trunks/3fe292a4-4711-4e6d-a555-696f53c1044f/get_subports 0.017s
2019-01-16 13:49:31.582 17371 DEBUG tempest.lib.common.rest_client [req-fefa2e63-b84d-42ee-bc22-6f9658b8c9e5 ] Request - Headers: {'Content-Type': 'application/json', 'Accept': 'application/json', 'X-Auth-Token': ''} Body: None Response - Headers: {'status': '404', u'content-length': '134', 'content-location': 'http://10.167.4.35:9696/v2.0/trunks/3fe292a4-4711-4e6d-a555-696f53c1044f/get_subports', u'date': 'Wed, 16 Jan 2019 13:49:31 GMT', u'content-type': 'application/json', u'connection': 'close', u'x-openstack-request-id': 'req-fefa2e63-b84d-42ee-bc22-6f9658b8c9e5'} Body: {"NeutronError": {"message": "Trunk 3fe292a4-4711-4e6d-a555-696f53c1044f could not be found.", "type": "TrunkNotFound", "detail": ""}} _log_request_full /root/.rally/verification/verifier-31f2582e-b456-4f9b-ae00-96c84271b3da/repo/tempest/lib/common/rest_client.py:436
2019-01-16 13:49:31.598 17371 INFO tempest.lib.common.rest_client [req-e3c19e4b-613d-4e3b-af31-9b5584a32583 ] Request (TrunkTestJSON:_run_cleanups): 404 DELETE http://10.167.4.35:9696/v2.0/trunks/3fe292a4-4711-4e6d-a555-696f53c1044f 0.015s
2019-01-16 13:49:31.598 17371 DEBUG tempest.lib.common.rest_client [req-e3c19e4b-613d-4e3b-af31-9b5584a32583 ] Request - Headers: {'Content-Type': 'application/json', 'Accept': 'application/json', 'X-Auth-Token': ''} Body: None Response - Headers: {'status': '404', u'content-length': '134', 'content-location': 'http://10.167.4.35:9696/v2.0/trunks/3fe292a4-4711-4e6d-a555-696f53c1044f', u'date': 'Wed, 16 Jan 2019 13:49:31 GMT', u'content-type': 'application/json', u'connection': 'close', u'x-openstack-request-id': 'req-e3c19e4b-613d-4e3b-af31-9b5584a32583'} Body: {"NeutronError": {"message": "Trunk 3fe292a4-4711-4e6d-a555-696f53c1044f could not be found.", "type": "TrunkNotFound", "detail": ""}} _log_request_full /root/.rally/verification/verifier-31f2582e-b456-4f9b-ae00-96c84271b3da/repo/tempest/lib/common/rest_client.py:436
2019-01-16 13:49:31.604 17367 INFO tempest.lib.common.rest_client [req-7f4545e7-d564-49c6-aecf-189c3dd1b630 ] Request (TrunkTestJSON:_run_cleanups): 404 DELETE http://10.167.4.35:9696/v2.0/networks/b104e41b-0d48-4f2e-bccc-2bf80af1cf63 0.023s
2019-01-16 13:49:31.604 17367 DEBUG tempest.lib.common.rest_client [req-7f4545e7-d564-49c6-aecf-189c3dd1b630 ] Request - Headers: {'Content-Type': 'application/json', 'Accept': 'application/json', 'X-Auth-Token': ''} Body: None Response - Headers: {'status': '404', u'content-length': '138', 'content-location': 'http://10.167.4.35:9696/v2.0/networks/b104e41b-0d48-4f2e-bccc-2bf80af1cf63', u'date': 'Wed, 16 Jan 2019 13:49:31 GMT', u'content-type': 'application/json', u'connection': 'close', u'x-openstack-request-id': 'req-7f4545e7-d564-49c6-aecf-189c3dd1b630'} Body: {"NeutronError": {"message": "Network b104e41b-0d48-4f2e-bccc-2bf80af1cf63 could not be found.", "type": "NetworkNotFound", "detail": ""}} _log_request_full /root/.rally/verification/verifier-31f2582e-b456-4f9b-ae00-96c84271b3da/repo/tempest/lib/common/rest_client.py:436
2019-01-16 13:49:31.614 17371 INFO tempest.lib.common.rest_client [req-08832210-4b28-462f-bf4f-515a21c8e5c1 ] Request (TrunkTestJSON:_run_cleanups): 404 GET http://10.167.4.35:9696/v2.0/trunks/7e9ff143-4a33-4dbd-8219-9510b3404bf0/get_subports 0.015s
2019-01-16 13:49:31.615 17371 DEBUG tempest.lib.common.rest_client [req-08832210-4b28-462f-bf4f-515a21c8e5c1 ] Request - Headers: {'Content-Type': 'application/json', 'Accept': 'application/json', 'X-Auth-Token': ''} Body: None Response - Headers: {'status': '404', u'content-length': '134', 'content-location': 'http://10.167.4.35:9696/v2.0/trunks/7e9ff143-4a33-4dbd-8219-9510b3404bf0/get_subports', u'date': 'Wed, 16 Jan 2019 13:49:31 GMT', u'content-type': 'application/json', u'connection': 'close', u'x-openstack-request-id': 'req-08832210-4b28-462f-bf4f-515a21c8e5c1'} Body: {"NeutronError": {"message": "Trunk 7e9ff143-4a33-4dbd-8219-9510b3404bf0 could not be found.", "type": "TrunkNotFound", "detail": ""}} _log_request_full /root/.rally/verification/verifier-31f2582e-b456-4f9b-ae00-96c84271b3da/repo/tempest/lib/common/rest_client.py:436
2019-01-16 13:49:31.624 17367 INFO tempest.lib.common.rest_client [req-ad5a65de-8cb7-4942-acea-13ef8939072d ] Request (TrunkTestJSON:_run_cleanups): 404 DELETE http://10.167.4.35:9696/v2.0/networks/2dd655f4-1e39-42fc-9df0-43317459ab3b 0.019s
2019-01-16 13:49:31.624 17367 DEBUG tempest.lib.common.rest_client [req-ad5a65de-8cb7-4942-acea-13ef8939072d ] Request - Headers: {'Content-Type': 'application/json', 'Accept': 'application/json', 'X-Auth-Token': ''} Body: None Response - Headers: {'status': '404', u'content-length': '138', 'content-location': 'http://10.167.4.35:9696/v2.0/networks/2dd655f4-1e39-42fc-9df0-43317459ab3b', u'date': 'Wed, 16 Jan 2019 13:49:31 GMT', u'content-type': 'application/json', u'connection': 'close', u'x-openstack-request-id': 'req-ad5a65de-8cb7-4942-acea-13ef8939072d'} Body: {"NeutronError": {"message": "Network 2dd655f4-1e39-42fc-9df0-43317459ab3b could not be found.", "type": "NetworkNotFound", "detail": ""}} _log_request_full /root/.rally/verification/verifier-31f2582e-b456-4f9b-ae00-96c84271b3da/repo/tempest/lib/common/rest_client.py:436
2019-01-16 13:49:31.634 17371 INFO tempest.lib.common.rest_client [req-7bf45d0a-3bd7-44b1-b635-114e833a409d ] Request (TrunkTestJSON:_run_cleanups): 404 DELETE http://10.167.4.35:9696/v2.0/trunks/7e9ff143-4a33-4dbd-8219-9510b3404bf0 0.019s
2019-01-16 13:49:31.635 17371 DEBUG tempest.lib.common.rest_client [req-7bf45d0a-3bd7-44b1-b635-114e833a409d ] Request - Headers: {'Content-Type': 'application/json', 'Accept': 'application/json', 'X-Auth-Token': ''} Body: None Response - Headers: {'status': '404', u'content-length': '134', 'content-location': 'http://10.167.4.35:9696/v2.0/trunks/7e9ff143-4a33-4dbd-8219-9510b3404bf0', u'date': 'Wed, 16 Jan 2019 13:49:31 GMT', u'content-type': 'application/json', u'connection': 'close', u'x-openstack-request-id': 'req-7bf45d0a-3bd7-44b1-b635-114e833a409d'} Body: {"NeutronError": {"message": "Trunk 7e9ff143-4a33-4dbd-8219-9510b3404bf0 could not be found.", "type": "TrunkNotFound", "detail": ""}} _log_request_full /root/.rally/verification/verifier-31f2582e-b456-4f9b-ae00-96c84271b3da/repo/tempest/lib/common/rest_client.py:436
2019-01-16 13:49:31.646 17367 INFO tempest.lib.common.rest_client [req-bead51b2-fcea-43dd-a308-3e455c9e8e8e ] Request (TrunkTestJSON:_run_cleanups): 404 DELETE http://10.167.4.35:9696/v2.0/networks/bd7ca956-1599-4943-8e75-8dfe68c8d629 0.020s
2019-01-16 13:49:31.646 17367 DEBUG tempest.lib.common.rest_client [req-bead51b2-fcea-43dd-a308-3e455c9e8e8e ] Request - Headers: {'Content-Type': 'application/json', 'Accept': 'application/json', 'X-Auth-Token': ''} Body: None Response - Headers: {'status': '404', u'content-length': '138', 'content-location': 'http://10.167.4.35:9696/v2.0/networks/bd7ca956-1599-4943-8e75-8dfe68c8d629', u'date': 'Wed, 16 Jan 2019 13:49:31 GMT', u'content-type': 'application/json', u'connection': 'close', u'x-openstack-request-id': 'req-bead51b2-fcea-43dd-a308-3e455c9e8e8e'} Body: {"NeutronError": {"message": "Network bd7ca956-1599-4943-8e75-8dfe68c8d629 could not be found.", "type": "NetworkNotFound", "detail": ""}} _log_request_full /root/.rally/verification/verifier-31f2582e-b456-4f9b-ae00-96c84271b3da/repo/tempest/lib/common/rest_client.py:436
2019-01-16 13:49:31.649 17371 INFO tempest.lib.common.rest_client [req-00594e22-5ee8-46ce-affe-843b7be6ee38 ] Request (TrunkTestJSON:_run_cleanups): 404 GET http://10.167.4.35:9696/v2.0/trunks/afdd86e5-3e17-4058-ac66-da49f36f7f82/get_subports 0.013s
2019-01-16 13:49:31.650 17371 DEBUG tempest.lib.common.rest_client [req-00594e22-5ee8-46ce-affe-843b7be6ee38 ] Request - Headers: {'Content-Type': 'application/json', 'Accept': 'application/json', 'X-Auth-Token': ''} Body: None Response - Headers: {'status': '404', u'content-length': '134', 'content-location': 'http://10.167.4.35:9696/v2.0/trunks/afdd86e5-3e17-4058-ac66-da49f36f7f82/get_subports', u'date': 'Wed, 16 Jan 2019 13:49:31 GMT', u'content-type': 'application/json', u'connection': 'close', u'x-openstack-request-id': 'req-00594e22-5ee8-46ce-affe-843b7be6ee38'} Body: {"NeutronError": {"message": "Trunk afdd86e5-3e17-4058-ac66-da49f36f7f82 could not be found.", "type": "TrunkNotFound", "detail": ""}} _log_request_full /root/.rally/verification/verifier-31f2582e-b456-4f9b-ae00-96c84271b3da/repo/tempest/lib/common/rest_client.py:436
2019-01-16 13:49:31.666 17371 INFO tempest.lib.common.rest_client [req-6a8775a6-80e0-494d-9147-e7e53028ac58 ] Request (TrunkTestJSON:_run_cleanups): 404 DELETE http://10.167.4.35:9696/v2.0/trunks/afdd86e5-3e17-4058-ac66-da49f36f7f82 0.016s
2019-01-16 13:49:31.667 17371 DEBUG tempest.lib.common.rest_client [req-6a8775a6-80e0-494d-9147-e7e53028ac58 ] Request - Headers: {'Content-Type': 'application/json', 'Accept': 'application/json', 'X-Auth-Token': ''} Body: None Response - Headers: {'status': '404', u'content-length': '134', 'content-location': 'http://10.167.4.35:9696/v2.0/trunks/afdd86e5-3e17-4058-ac66-da49f36f7f82', u'date': 'Wed, 16 Jan 2019 13:49:31 GMT', u'content-type': 'application/json', u'connection': 'close', u'x-openstack-request-id': 'req-6a8775a6-80e0-494d-9147-e7e53028ac58'} Body: {"NeutronError": {"message": "Trunk afdd86e5-3e17-4058-ac66-da49f36f7f82 could not be found.", "type": "TrunkNotFound", "detail": ""}} _log_request_full /root/.rally/verification/verifier-31f2582e-b456-4f9b-ae00-96c84271b3da/repo/tempest/lib/common/rest_client.py:436
2019-01-16 13:49:31.668 17367 INFO tempest.lib.common.rest_client [req-fab5433f-9b64-4953-bc09-68a334a7a2de ] Request (TrunkTestJSON:_run_cleanups): 404 DELETE http://10.167.4.35:9696/v2.0/networks/2a1a7c79-0a2b-4aff-92f7-a3a395ae3438 0.021s
2019-01-16 13:49:31.668 17367 DEBUG tempest.lib.common.rest_client [req-fab5433f-9b64-4953-bc09-68a334a7a2de ] Request - Headers: {'Content-Type': 'application/json', 'Accept': 'application/json', 'X-Auth-Token': ''} Body: None Response - Headers: {'status': '404', u'content-length': '138', 'content-location': 'http://10.167.4.35:9696/v2.0/networks/2a1a7c79-0a2b-4aff-92f7-a3a395ae3438', u'date': 'Wed, 16 Jan 2019 13:49:31 GMT', u'content-type': 'application/json', u'connection': 'close', u'x-openstack-request-id': 'req-fab5433f-9b64-4953-bc09-68a334a7a2de'} Body: {"NeutronError": {"message": "Network 2a1a7c79-0a2b-4aff-92f7-a3a395ae3438 could not be found.", "type": "NetworkNotFound", "detail": ""}} _log_request_full /root/.rally/verification/verifier-31f2582e-b456-4f9b-ae00-96c84271b3da/repo/tempest/lib/common/rest_client.py:436
2019-01-16 13:49:31.682 17371 INFO tempest.lib.common.rest_client [req-9865bcb6-66c5-482f-b8de-76be666f760d ] Request (TrunkTestJSON:_run_cleanups): 404 GET http://10.167.4.35:9696/v2.0/trunks/04859c76-86f9-4b42-b281-c54878c1c3ec/get_subports 0.014s
2019-01-16 13:49:31.683 17371 DEBUG tempest.lib.common.rest_client [req-9865bcb6-66c5-482f-b8de-76be666f760d ] Request - Headers: {'Content-Type': 'application/json', 'Accept': 'application/json', 'X-Auth-Token': ''} Body: None Response - Headers: {'status': '404', u'content-length': '134', 'content-location': 'http://10.167.4.35:9696/v2.0/trunks/04859c76-86f9-4b42-b281-c54878c1c3ec/get_subports', u'date': 'Wed, 16 Jan 2019 13:49:31 GMT', u'content-type': 'application/json', u'connection': 'close', u'x-openstack-request-id': 'req-9865bcb6-66c5-482f-b8de-76be666f760d'} Body: {"NeutronError": {"message": "Trunk 04859c76-86f9-4b42-b281-c54878c1c3ec could not be found.", "type": "TrunkNotFound", "detail": ""}} _log_request_full /root/.rally/verification/verifier-31f2582e-b456-4f9b-ae00-96c84271b3da/repo/tempest/lib/common/rest_client.py:436
2019-01-16 13:49:31.690 17367 INFO tempest.lib.common.rest_client [req-d89df93b-229e-4fc1-9ce9-31b8d409509c ] Request (TrunkTestJSON:_run_cleanups): 404 DELETE http://10.167.4.35:9696/v2.0/networks/ec7ad91b-49c9-4bde-9c22-3d82cffe3f22 0.020s
2019-01-16 13:49:31.690 17367 DEBUG tempest.lib.common.rest_client [req-d89df93b-229e-4fc1-9ce9-31b8d409509c ] Request - Headers: {'Content-Type': 'application/json', 'Accept': 'application/json', 'X-Auth-Token': ''} Body: None Response - Headers: {'status': '404', u'content-length': '138', 'content-location': 'http://10.167.4.35:9696/v2.0/networks/ec7ad91b-49c9-4bde-9c22-3d82cffe3f22', u'date': 'Wed, 16 Jan 2019 13:49:31 GMT', u'content-type': 'application/json', u'connection': 'close', u'x-openstack-request-id': 'req-d89df93b-229e-4fc1-9ce9-31b8d409509c'} Body: {"NeutronError": {"message": "Network ec7ad91b-49c9-4bde-9c22-3d82cffe3f22 could not be found.", "type": "NetworkNotFound", "detail": ""}} _log_request_full /root/.rally/verification/verifier-31f2582e-b456-4f9b-ae00-96c84271b3da/repo/tempest/lib/common/rest_client.py:436
2019-01-16 13:49:31.700 17371 INFO tempest.lib.common.rest_client [req-63f4b8af-2c3c-4d03-9ed1-2de19d9bb4cf ] Request (TrunkTestJSON:_run_cleanups): 404 DELETE http://10.167.4.35:9696/v2.0/trunks/04859c76-86f9-4b42-b281-c54878c1c3ec 0.016s
2019-01-16 13:49:31.700 17371 DEBUG tempest.lib.common.rest_client [req-63f4b8af-2c3c-4d03-9ed1-2de19d9bb4cf ] Request - Headers: {'Content-Type': 'application/json', 'Accept': 'application/json', 'X-Auth-Token': ''} Body: None Response - Headers: {'status': '404', u'content-length': '134', 'content-location': 'http://10.167.4.35:9696/v2.0/trunks/04859c76-86f9-4b42-b281-c54878c1c3ec', u'date': 'Wed, 16 Jan 2019 13:49:31 GMT', u'content-type': 'application/json', u'connection': 'close', u'x-openstack-request-id': 'req-63f4b8af-2c3c-4d03-9ed1-2de19d9bb4cf'} Body: {"NeutronError": {"message": "Trunk 04859c76-86f9-4b42-b281-c54878c1c3ec could not be found.", "type": "TrunkNotFound", "detail": ""}} _log_request_full /root/.rally/verification/verifier-31f2582e-b456-4f9b-ae00-96c84271b3da/repo/tempest/lib/common/rest_client.py:436
2019-01-16 13:49:31.716 17371 INFO tempest.lib.common.rest_client [req-3fdef34f-ad61-47f9-85ea-c4f744f033b1 ] Request (TrunkTestJSON:_run_cleanups): 404 GET http://10.167.4.35:9696/v2.0/trunks/5e959842-4b88-4816-ba57-254af618a67a/get_subports 0.015s
2019-01-16 13:49:31.716 17371 DEBUG tempest.lib.common.rest_client [req-3fdef34f-ad61-47f9-85ea-c4f744f033b1 ] Request - Headers: {'Content-Type': 'application/json', 'Accept': 'application/json', 'X-Auth-Token': ''} Body: None Response - Headers: {'status': '404', u'content-length': '134', 'content-location': 'http://10.167.4.35:9696/v2.0/trunks/5e959842-4b88-4816-ba57-254af618a67a/get_subports', u'date': 'Wed, 16 Jan 2019 13:49:31 GMT', u'content-type': 'application/json', u'connection': 'close', u'x-openstack-request-id': 'req-3fdef34f-ad61-47f9-85ea-c4f744f033b1'} Body: {"NeutronError": {"message": "Trunk 5e959842-4b88-4816-ba57-254af618a67a could not be found.", "type": "TrunkNotFound", "detail": ""}} _log_request_full /root/.rally/verification/verifier-31f2582e-b456-4f9b-ae00-96c84271b3da/repo/tempest/lib/common/rest_client.py:436
2019-01-16 13:49:31.716 17367 INFO tempest.lib.common.rest_client [req-31292a3c-14e6-4bd6-92db-4ceab38218a0 ] Request (TrunkTestJSON:_run_cleanups): 404 DELETE http://10.167.4.35:9696/v2.0/networks/1b0f0ef7-673a-4063-a424-42ca485880f3 0.025s
2019-01-16 13:49:31.717 17367 DEBUG tempest.lib.common.rest_client [req-31292a3c-14e6-4bd6-92db-4ceab38218a0 ] Request - Headers: {'Content-Type': 'application/json', 'Accept': 'application/json', 'X-Auth-Token': ''} Body: None Response - Headers: {'status': '404', u'content-length': '138', 'content-location': 'http://10.167.4.35:9696/v2.0/networks/1b0f0ef7-673a-4063-a424-42ca485880f3', u'date': 'Wed, 16 Jan 2019 13:49:31 GMT', u'content-type': 'application/json', u'connection': 'close', u'x-openstack-request-id': 'req-31292a3c-14e6-4bd6-92db-4ceab38218a0'} Body: {"NeutronError": {"message": "Network 1b0f0ef7-673a-4063-a424-42ca485880f3 could not be found.", "type": "NetworkNotFound", "detail": ""}} _log_request_full /root/.rally/verification/verifier-31f2582e-b456-4f9b-ae00-96c84271b3da/repo/tempest/lib/common/rest_client.py:436
2019-01-16 13:49:31.732 17371 INFO tempest.lib.common.rest_client [req-31d8789b-c293-4438-b8fe-3e229142093a ] Request (TrunkTestJSON:_run_cleanups): 404 DELETE http://10.167.4.35:9696/v2.0/trunks/5e959842-4b88-4816-ba57-254af618a67a 0.014s
2019-01-16 13:49:31.732 17371 DEBUG tempest.lib.common.rest_client [req-31d8789b-c293-4438-b8fe-3e229142093a ] Request - Headers: {'Content-Type': 'application/json', 'Accept': 'application/json', 'X-Auth-Token': ''} Body: None Response - Headers: {'status': '404', u'content-length': '134', 'content-location': 'http://10.167.4.35:9696/v2.0/trunks/5e959842-4b88-4816-ba57-254af618a67a', u'date': 'Wed, 16 Jan 2019 13:49:31 GMT', u'content-type': 'application/json', u'connection': 'close', u'x-openstack-request-id': 'req-31d8789b-c293-4438-b8fe-3e229142093a'} Body: {"NeutronError": {"message": "Trunk 5e959842-4b88-4816-ba57-254af618a67a could not be found.", "type": "TrunkNotFound", "detail": ""}} _log_request_full /root/.rally/verification/verifier-31f2582e-b456-4f9b-ae00-96c84271b3da/repo/tempest/lib/common/rest_client.py:436
2019-01-16 13:49:31.738 17367 INFO tempest.lib.common.rest_client [req-e3bf9c3e-994b-449c-9a3b-0fbb3dac570b ] Request (TrunkTestJSON:_run_cleanups): 404 DELETE http://10.167.4.35:9696/v2.0/networks/922d82dd-4f04-4ab0-9764-873d3cb0c622 0.019s
2019-01-16 13:49:31.738 17367 DEBUG tempest.lib.common.rest_client [req-e3bf9c3e-994b-449c-9a3b-0fbb3dac570b ] Request - Headers: {'Content-Type': 'application/json', 'Accept': 'application/json', 'X-Auth-Token': ''} Body: None Response - Headers: {'status': '404', u'content-length': '138', 'content-location': 'http://10.167.4.35:9696/v2.0/networks/922d82dd-4f04-4ab0-9764-873d3cb0c622', u'date': 'Wed, 16 Jan 2019 13:49:31 GMT', u'content-type': 'application/json', u'connection': 'close', u'x-openstack-request-id': 'req-e3bf9c3e-994b-449c-9a3b-0fbb3dac570b'} Body: {"NeutronError": {"message": "Network 922d82dd-4f04-4ab0-9764-873d3cb0c622 could not be found.", "type": "NetworkNotFound", "detail": ""}} _log_request_full /root/.rally/verification/verifier-31f2582e-b456-4f9b-ae00-96c84271b3da/repo/tempest/lib/common/rest_client.py:436
2019-01-16 13:49:31.747 17371 INFO tempest.lib.common.rest_client [req-5cd9c23d-009a-42d8-be52-eb15705a67f0 ] Request (TrunkTestJSON:_run_cleanups): 404 GET http://10.167.4.35:9696/v2.0/trunks/61474dcc-5840-4c76-bc9d-3ea18d0e8159/get_subports 0.014s
2019-01-16 13:49:31.747 17371 DEBUG tempest.lib.common.rest_client [req-5cd9c23d-009a-42d8-be52-eb15705a67f0 ] Request - Headers: {'Content-Type': 'application/json', 'Accept': 'application/json', 'X-Auth-Token': ''} Body: None Response - Headers: {'status': '404', u'content-length': '134', 'content-location': 'http://10.167.4.35:9696/v2.0/trunks/61474dcc-5840-4c76-bc9d-3ea18d0e8159/get_subports', u'date': 'Wed, 16 Jan 2019 13:49:31 GMT', u'content-type': 'application/json', u'connection': 'close', u'x-openstack-request-id': 'req-5cd9c23d-009a-42d8-be52-eb15705a67f0'} Body: {"NeutronError": {"message": "Trunk 61474dcc-5840-4c76-bc9d-3ea18d0e8159 could not be found.", "type": "TrunkNotFound", "detail": ""}} _log_request_full /root/.rally/verification/verifier-31f2582e-b456-4f9b-ae00-96c84271b3da/repo/tempest/lib/common/rest_client.py:436
2019-01-16 13:49:31.762 17367 INFO tempest.lib.common.rest_client [req-7011f638-d3c2-4c5b-a26b-8c413df9c5fa ] Request (TrunkTestJSON:_run_cleanups): 404 DELETE http://10.167.4.35:9696/v2.0/networks/67ca41f0-16f9-4acc-91a9-a975ca2600fe 0.023s
2019-01-16 13:49:31.763 17367 DEBUG tempest.lib.common.rest_client [req-7011f638-d3c2-4c5b-a26b-8c413df9c5fa ] Request - Headers: {'Content-Type': 'application/json', 'Accept': 'application/json', 'X-Auth-Token': ''} Body: None Response - Headers: {'status': '404', u'content-length': '138', 'content-location': 'http://10.167.4.35:9696/v2.0/networks/67ca41f0-16f9-4acc-91a9-a975ca2600fe', u'date': 'Wed, 16 Jan 2019 13:49:31 GMT', u'content-type': 'application/json', u'connection': 'close', u'x-openstack-request-id': 'req-7011f638-d3c2-4c5b-a26b-8c413df9c5fa'} Body: {"NeutronError": {"message": "Network 67ca41f0-16f9-4acc-91a9-a975ca2600fe could not be found.", "type": "NetworkNotFound", "detail": ""}} _log_request_full /root/.rally/verification/verifier-31f2582e-b456-4f9b-ae00-96c84271b3da/repo/tempest/lib/common/rest_client.py:436
2019-01-16 13:49:31.763 17371 INFO tempest.lib.common.rest_client [req-12f1e5be-778b-4dd7-b4a3-ab563f57e43f ] Request (TrunkTestJSON:_run_cleanups): 404 DELETE http://10.167.4.35:9696/v2.0/trunks/61474dcc-5840-4c76-bc9d-3ea18d0e8159 0.015s
2019-01-16 13:49:31.763 17371 DEBUG tempest.lib.common.rest_client [req-12f1e5be-778b-4dd7-b4a3-ab563f57e43f ] Request - Headers: {'Content-Type': 'application/json', 'Accept': 'application/json', 'X-Auth-Token': ''} Body: None Response - Headers: {'status': '404', u'content-length': '134', 'content-location': 'http://10.167.4.35:9696/v2.0/trunks/61474dcc-5840-4c76-bc9d-3ea18d0e8159', u'date': 'Wed, 16 Jan 2019 13:49:31 GMT', u'content-type': 'application/json', u'connection': 'close', u'x-openstack-request-id': 'req-12f1e5be-778b-4dd7-b4a3-ab563f57e43f'} Body: {"NeutronError": {"message": "Trunk 61474dcc-5840-4c76-bc9d-3ea18d0e8159 could not be found.", "type": "TrunkNotFound", "detail": ""}} _log_request_full /root/.rally/verification/verifier-31f2582e-b456-4f9b-ae00-96c84271b3da/repo/tempest/lib/common/rest_client.py:436
2019-01-16 13:49:31.780 17371 INFO tempest.lib.common.rest_client [req-8a99c8b3-7fe7-4d31-87f1-f3b768120352 ] Request (TrunkTestJSON:_run_cleanups): 404 GET http://10.167.4.35:9696/v2.0/trunks/7a32b4c1-f26d-4326-a439-b6cfb6ff7dd3/get_subports 0.015s
2019-01-16 13:49:31.780 17371 DEBUG tempest.lib.common.rest_client [req-8a99c8b3-7fe7-4d31-87f1-f3b768120352 ] Request - Headers: {'Content-Type': 'application/json', 'Accept': 'application/json', 'X-Auth-Token': ''} Body: None Response - Headers: {'status': '404', u'content-length': '134', 'content-location': 'http://10.167.4.35:9696/v2.0/trunks/7a32b4c1-f26d-4326-a439-b6cfb6ff7dd3/get_subports', u'date': 'Wed, 16 Jan 2019 13:49:31 GMT', u'content-type': 'application/json', u'connection': 'close', u'x-openstack-request-id': 'req-8a99c8b3-7fe7-4d31-87f1-f3b768120352'} Body: {"NeutronError": {"message": "Trunk 7a32b4c1-f26d-4326-a439-b6cfb6ff7dd3 could not be found.", "type": "TrunkNotFound", "detail": ""}} _log_request_full /root/.rally/verification/verifier-31f2582e-b456-4f9b-ae00-96c84271b3da/repo/tempest/lib/common/rest_client.py:436
2019-01-16 13:49:31.795 17371 INFO tempest.lib.common.rest_client [req-d4d889cd-9bb0-4712-9a6b-26d5610f0f63 ] Request (TrunkTestJSON:_run_cleanups): 404 DELETE http://10.167.4.35:9696/v2.0/trunks/7a32b4c1-f26d-4326-a439-b6cfb6ff7dd3 0.014s
2019-01-16 13:49:31.795 17371 DEBUG tempest.lib.common.rest_client [req-d4d889cd-9bb0-4712-9a6b-26d5610f0f63 ] Request - Headers: {'Content-Type': 'application/json', 'Accept': 'application/json', 'X-Auth-Token': ''} Body: None Response - Headers: {'status': '404', u'content-length': '134', 'content-location': 'http://10.167.4.35:9696/v2.0/trunks/7a32b4c1-f26d-4326-a439-b6cfb6ff7dd3', u'date': 'Wed, 16 Jan 2019 13:49:31 GMT', u'content-type': 'application/json', u'connection': 'close', u'x-openstack-request-id': 'req-d4d889cd-9bb0-4712-9a6b-26d5610f0f63'} Body: {"NeutronError": {"message": "Trunk 7a32b4c1-f26d-4326-a439-b6cfb6ff7dd3 could not be found.", "type": "TrunkNotFound", "detail": ""}} _log_request_full /root/.rally/verification/verifier-31f2582e-b456-4f9b-ae00-96c84271b3da/repo/tempest/lib/common/rest_client.py:436
2019-01-16 13:49:31.811 17371 INFO tempest.lib.common.rest_client [req-d1ed18a5-2468-404b-a3b6-c9db9313b710 ] Request (TrunkTestJSON:_run_cleanups): 404 GET http://10.167.4.35:9696/v2.0/trunks/3fe292a4-4711-4e6d-a555-696f53c1044f 0.015s
2019-01-16 13:49:31.812 17371 DEBUG tempest.lib.common.rest_client [req-d1ed18a5-2468-404b-a3b6-c9db9313b710 ] Request - Headers: {'Content-Type': 'application/json', 'Accept': 'application/json', 'X-Auth-Token': ''} Body: None Response - Headers: {'status': '404', u'content-length': '134', 'content-location': 'http://10.167.4.35:9696/v2.0/trunks/3fe292a4-4711-4e6d-a555-696f53c1044f', u'date': 'Wed, 16 Jan 2019 13:49:31 GMT', u'content-type': 'application/json', u'connection': 'close', u'x-openstack-request-id': 'req-d1ed18a5-2468-404b-a3b6-c9db9313b710'} Body: {"NeutronError": {"message": "Trunk 3fe292a4-4711-4e6d-a555-696f53c1044f could not be found.", "type": "TrunkNotFound", "detail": ""}} _log_request_full /root/.rally/verification/verifier-31f2582e-b456-4f9b-ae00-96c84271b3da/repo/tempest/lib/common/rest_client.py:436
2019-01-16 13:49:31.826 17371 INFO tempest.lib.common.rest_client [req-8c94a4fb-925e-4a53-be93-ab5bd8b40805 ] Request (TrunkTestJSON:_run_cleanups): 404 GET http://10.167.4.35:9696/v2.0/trunks/7e9ff143-4a33-4dbd-8219-9510b3404bf0 0.014s
2019-01-16 13:49:31.827 17371 DEBUG tempest.lib.common.rest_client [req-8c94a4fb-925e-4a53-be93-ab5bd8b40805 ] Request - Headers: {'Content-Type': 'application/json', 'Accept': 'application/json', 'X-Auth-Token': ''} Body: None Response - Headers: {'status': '404', u'content-length': '134', 'content-location': 'http://10.167.4.35:9696/v2.0/trunks/7e9ff143-4a33-4dbd-8219-9510b3404bf0', u'date': 'Wed, 16 Jan 2019 13:49:31 GMT', u'content-type': 'application/json', u'connection': 'close', u'x-openstack-request-id': 'req-8c94a4fb-925e-4a53-be93-ab5bd8b40805'} Body: {"NeutronError": {"message": "Trunk 7e9ff143-4a33-4dbd-8219-9510b3404bf0 could not be found.", "type": "TrunkNotFound", "detail": ""}} _log_request_full /root/.rally/verification/verifier-31f2582e-b456-4f9b-ae00-96c84271b3da/repo/tempest/lib/common/rest_client.py:436
2019-01-16 13:49:31.840 17371 INFO tempest.lib.common.rest_client [req-23665201-f89e-4cbf-85bd-949024063a68 ] Request (TrunkTestJSON:_run_cleanups): 404 GET http://10.167.4.35:9696/v2.0/trunks/afdd86e5-3e17-4058-ac66-da49f36f7f82 0.012s
2019-01-16 13:49:31.840 17371 DEBUG tempest.lib.common.rest_client [req-23665201-f89e-4cbf-85bd-949024063a68 ] Request - Headers: {'Content-Type': 'application/json', 'Accept': 'application/json', 'X-Auth-Token': ''} Body: None Response - Headers: {'status': '404', u'content-length': '134', 'content-location': 'http://10.167.4.35:9696/v2.0/trunks/afdd86e5-3e17-4058-ac66-da49f36f7f82', u'date': 'Wed, 16 Jan 2019 13:49:31 GMT', u'content-type': 'application/json', u'connection': 'close', u'x-openstack-request-id': 'req-23665201-f89e-4cbf-85bd-949024063a68'} Body: {"NeutronError": {"message": "Trunk afdd86e5-3e17-4058-ac66-da49f36f7f82 could not be found.", "type": "TrunkNotFound", "detail": ""}} _log_request_full /root/.rally/verification/verifier-31f2582e-b456-4f9b-ae00-96c84271b3da/repo/tempest/lib/common/rest_client.py:436
2019-01-16 13:49:31.854 17371 INFO tempest.lib.common.rest_client [req-c7b9398a-0bd2-4580-802d-31afb5af7469 ] Request (TrunkTestJSON:_run_cleanups): 404 GET http://10.167.4.35:9696/v2.0/trunks/04859c76-86f9-4b42-b281-c54878c1c3ec 0.013s
2019-01-16 13:49:31.854 17371 DEBUG tempest.lib.common.rest_client [req-c7b9398a-0bd2-4580-802d-31afb5af7469 ] Request - Headers: {'Content-Type': 'application/json', 'Accept': 'application/json', 'X-Auth-Token': ''} Body: None Response - Headers: {'status': '404', u'content-length': '134', 'content-location': 'http://10.167.4.35:9696/v2.0/trunks/04859c76-86f9-4b42-b281-c54878c1c3ec', u'date': 'Wed, 16 Jan 2019 13:49:31 GMT', u'content-type': 'application/json', u'connection': 'close', u'x-openstack-request-id': 'req-c7b9398a-0bd2-4580-802d-31afb5af7469'} Body: {"NeutronError": {"message": "Trunk 04859c76-86f9-4b42-b281-c54878c1c3ec could not be found.", "type": "TrunkNotFound", "detail": ""}} _log_request_full /root/.rally/verification/verifier-31f2582e-b456-4f9b-ae00-96c84271b3da/repo/tempest/lib/common/rest_client.py:436
2019-01-16 13:49:31.868 17371 INFO tempest.lib.common.rest_client [req-0a582577-fe24-40bd-a3cc-01caf6ecae73 ] Request (TrunkTestJSON:_run_cleanups): 404 GET http://10.167.4.35:9696/v2.0/trunks/5e959842-4b88-4816-ba57-254af618a67a 0.013s
2019-01-16 13:49:31.869 17371 DEBUG tempest.lib.common.rest_client [req-0a582577-fe24-40bd-a3cc-01caf6ecae73 ] Request - Headers: {'Content-Type': 'application/json', 'Accept': 'application/json', 'X-Auth-Token': ''} Body: None Response - Headers: {'status': '404', u'content-length': '134', 'content-location': 'http://10.167.4.35:9696/v2.0/trunks/5e959842-4b88-4816-ba57-254af618a67a', u'date': 'Wed, 16 Jan 2019 13:49:31 GMT', u'content-type': 'application/json', u'connection': 'close', u'x-openstack-request-id': 'req-0a582577-fe24-40bd-a3cc-01caf6ecae73'} Body: {"NeutronError": {"message": "Trunk 5e959842-4b88-4816-ba57-254af618a67a could not be found.", "type": "TrunkNotFound", "detail": ""}} _log_request_full /root/.rally/verification/verifier-31f2582e-b456-4f9b-ae00-96c84271b3da/repo/tempest/lib/common/rest_client.py:436
2019-01-16 13:49:31.880 17371 INFO tempest.lib.common.rest_client [req-8ab8c661-51d6-482a-bc98-a850f4a746cf ] Request (TrunkTestJSON:_run_cleanups): 404 GET http://10.167.4.35:9696/v2.0/trunks/61474dcc-5840-4c76-bc9d-3ea18d0e8159 0.011s
2019-01-16 13:49:31.881 17371 DEBUG tempest.lib.common.rest_client [req-8ab8c661-51d6-482a-bc98-a850f4a746cf ] Request - Headers: {'Content-Type': 'application/json', 'Accept': 'application/json', 'X-Auth-Token': ''} Body: None Response - Headers: {'status': '404', u'content-length': '134', 'content-location': 'http://10.167.4.35:9696/v2.0/trunks/61474dcc-5840-4c76-bc9d-3ea18d0e8159', u'date': 'Wed, 16 Jan 2019 13:49:31 GMT', u'content-type': 'application/json', u'connection': 'close', u'x-openstack-request-id': 'req-8ab8c661-51d6-482a-bc98-a850f4a746cf'} Body: {"NeutronError": {"message": "Trunk 61474dcc-5840-4c76-bc9d-3ea18d0e8159 could not be found.", "type": "TrunkNotFound", "detail": ""}} _log_request_full /root/.rally/verification/verifier-31f2582e-b456-4f9b-ae00-96c84271b3da/repo/tempest/lib/common/rest_client.py:436
2019-01-16 13:49:31.895 17371 INFO tempest.lib.common.rest_client [req-b4399c6d-f413-46fb-a4f4-a494949be9fb ] Request (TrunkTestJSON:_run_cleanups): 404 GET http://10.167.4.35:9696/v2.0/trunks/7a32b4c1-f26d-4326-a439-b6cfb6ff7dd3 0.014s
2019-01-16 13:49:31.896 17371 DEBUG tempest.lib.common.rest_client [req-b4399c6d-f413-46fb-a4f4-a494949be9fb ] Request - Headers: {'Content-Type': 'application/json', 'Accept': 'application/json', 'X-Auth-Token': ''} Body: None Response - Headers: {'status': '404', u'content-length': '134', 'content-location': 'http://10.167.4.35:9696/v2.0/trunks/7a32b4c1-f26d-4326-a439-b6cfb6ff7dd3', u'date': 'Wed, 16 Jan 2019 13:49:31 GMT', u'content-type': 'application/json', u'connection': 'close', u'x-openstack-request-id': 'req-b4399c6d-f413-46fb-a4f4-a494949be9fb'} Body: {"NeutronError": {"message": "Trunk 7a32b4c1-f26d-4326-a439-b6cfb6ff7dd3 could not be found.", "type": "TrunkNotFound", "detail": ""}} _log_request_full /root/.rally/verification/verifier-31f2582e-b456-4f9b-ae00-96c84271b3da/repo/tempest/lib/common/rest_client.py:436
2019-01-16 13:49:31.930 17371 INFO tempest.lib.common.rest_client [req-80bbbbd3-7234-4d93-84f1-90bc02735973 ] Request (TrunkTestJSON:_run_cleanups): 404 DELETE http://10.167.4.35:9696/v2.0/ports/a52d0a71-282a-4b1c-8cba-71e28f2ca5cc 0.033s
2019-01-16 13:49:31.930 17371 DEBUG tempest.lib.common.rest_client [req-80bbbbd3-7234-4d93-84f1-90bc02735973 ] Request - Headers: {'Content-Type': 'application/json', 'Accept': 'application/json', 'X-Auth-Token': ''} Body: None Response - Headers: {'status': '404', u'content-length': '132', 'content-location': 'http://10.167.4.35:9696/v2.0/ports/a52d0a71-282a-4b1c-8cba-71e28f2ca5cc', u'date': 'Wed, 16 Jan 2019 13:49:31 GMT', u'content-type': 'application/json', u'connection': 'close', u'x-openstack-request-id': 'req-80bbbbd3-7234-4d93-84f1-90bc02735973'} Body: {"NeutronError": {"message": "Port a52d0a71-282a-4b1c-8cba-71e28f2ca5cc could not be found.", "type": "PortNotFound", "detail": ""}} _log_request_full /root/.rally/verification/verifier-31f2582e-b456-4f9b-ae00-96c84271b3da/repo/tempest/lib/common/rest_client.py:436
2019-01-16 13:49:31.962 17371 INFO tempest.lib.common.rest_client [req-8acc3769-105f-478f-bf7e-40852f328785 ] Request (TrunkTestJSON:_run_cleanups): 404 DELETE http://10.167.4.35:9696/v2.0/ports/4f4a86ff-8bc4-401b-aaed-5f4740cbf434 0.031s
2019-01-16 13:49:31.963 17371 DEBUG tempest.lib.common.rest_client [req-8acc3769-105f-478f-bf7e-40852f328785 ] Request - Headers: {'Content-Type': 'application/json', 'Accept': 'application/json', 'X-Auth-Token': ''} Body: None Response - Headers: {'status': '404', u'content-length': '132', 'content-location': 'http://10.167.4.35:9696/v2.0/ports/4f4a86ff-8bc4-401b-aaed-5f4740cbf434', u'date': 'Wed, 16 Jan 2019 13:49:31 GMT', u'content-type': 'application/json', u'connection': 'close', u'x-openstack-request-id': 'req-8acc3769-105f-478f-bf7e-40852f328785'} Body: {"NeutronError": {"message": "Port 4f4a86ff-8bc4-401b-aaed-5f4740cbf434 could not be found.", "type": "PortNotFound", "detail": ""}} _log_request_full /root/.rally/verification/verifier-31f2582e-b456-4f9b-ae00-96c84271b3da/repo/tempest/lib/common/rest_client.py:436
2019-01-16 13:49:31.993 17371 INFO tempest.lib.common.rest_client [req-76756430-4347-473d-807e-3a54f238433f ] Request (TrunkTestJSON:_run_cleanups): 404 DELETE http://10.167.4.35:9696/v2.0/ports/34f99f1c-58fb-4f76-9c93-37fc6b6d3d91 0.029s
2019-01-16 13:49:31.994 17371 DEBUG tempest.lib.common.rest_client [req-76756430-4347-473d-807e-3a54f238433f ] Request - Headers: {'Content-Type': 'application/json', 'Accept': 'application/json', 'X-Auth-Token': ''} Body: None Response - Headers: {'status': '404', u'content-length': '132', 'content-location': 'http://10.167.4.35:9696/v2.0/ports/34f99f1c-58fb-4f76-9c93-37fc6b6d3d91', u'date': 'Wed, 16 Jan 2019 13:49:31 GMT', u'content-type': 'application/json', u'connection': 'close', u'x-openstack-request-id': 'req-76756430-4347-473d-807e-3a54f238433f'} Body: {"NeutronError": {"message": "Port 34f99f1c-58fb-4f76-9c93-37fc6b6d3d91 could not be found.", "type": "PortNotFound", "detail": ""}} _log_request_full /root/.rally/verification/verifier-31f2582e-b456-4f9b-ae00-96c84271b3da/repo/tempest/lib/common/rest_client.py:436
2019-01-16 13:49:32.032 17371 INFO tempest.lib.common.rest_client [req-c059c5c2-761f-4f96-b98f-368a2c136efa ] Request (TrunkTestJSON:_run_cleanups): 404 DELETE http://10.167.4.35:9696/v2.0/ports/f7c37fcb-8491-493d-a9ea-20fe73ca6781 0.037s
2019-01-16 13:49:32.032 17371 DEBUG tempest.lib.common.rest_client [req-c059c5c2-761f-4f96-b98f-368a2c136efa ] Request - Headers: {'Content-Type': 'application/json', 'Accept': 'application/json', 'X-Auth-Token': ''} Body: None Response - Headers: {'status': '404', u'content-length': '132', 'content-location': 'http://10.167.4.35:9696/v2.0/ports/f7c37fcb-8491-493d-a9ea-20fe73ca6781', u'date': 'Wed, 16 Jan 2019 13:49:32 GMT', u'content-type': 'application/json', u'connection': 'close', u'x-openstack-request-id': 'req-c059c5c2-761f-4f96-b98f-368a2c136efa'} Body: {"NeutronError": {"message": "Port f7c37fcb-8491-493d-a9ea-20fe73ca6781 could not be found.", "type": "PortNotFound", "detail": ""}} _log_request_full /root/.rally/verification/verifier-31f2582e-b456-4f9b-ae00-96c84271b3da/repo/tempest/lib/common/rest_client.py:436
2019-01-16 13:49:32.060 17371 INFO tempest.lib.common.rest_client [req-c1763b30-9cdd-410f-9c93-998ce3479cc4 ] Request (TrunkTestJSON:_run_cleanups): 404 DELETE http://10.167.4.35:9696/v2.0/ports/5d04c5f2-703b-4c97-b36c-8f8bd87a93f1 0.027s
2019-01-16 13:49:32.061 17371 DEBUG tempest.lib.common.rest_client [req-c1763b30-9cdd-410f-9c93-998ce3479cc4 ] Request - Headers: {'Content-Type': 'application/json', 'Accept': 'application/json', 'X-Auth-Token': ''} Body: None Response - Headers: {'status': '404', u'content-length': '132', 'content-location': 'http://10.167.4.35:9696/v2.0/ports/5d04c5f2-703b-4c97-b36c-8f8bd87a93f1', u'date': 'Wed, 16 Jan 2019 13:49:32 GMT', u'content-type': 'application/json', u'connection': 'close', u'x-openstack-request-id': 'req-c1763b30-9cdd-410f-9c93-998ce3479cc4'} Body: {"NeutronError": {"message": "Port 5d04c5f2-703b-4c97-b36c-8f8bd87a93f1 could not be found.", "type": "PortNotFound", "detail": ""}} _log_request_full /root/.rally/verification/verifier-31f2582e-b456-4f9b-ae00-96c84271b3da/repo/tempest/lib/common/rest_client.py:436
2019-01-16 13:49:32.094 17371 INFO tempest.lib.common.rest_client [req-594e01dc-bc08-48d9-b70a-cd320828adc2 ] Request (TrunkTestJSON:_run_cleanups): 404 DELETE http://10.167.4.35:9696/v2.0/ports/a9acfc3a-5d6c-4e8a-9d59-b04f7cd7297b 0.032s
2019-01-16 13:49:32.094 17371 DEBUG tempest.lib.common.rest_client [req-594e01dc-bc08-48d9-b70a-cd320828adc2 ] Request - Headers: {'Content-Type': 'application/json', 'Accept': 'application/json', 'X-Auth-Token': ''} Body: None Response - Headers: {'status': '404', u'content-length': '132', 'content-location': 'http://10.167.4.35:9696/v2.0/ports/a9acfc3a-5d6c-4e8a-9d59-b04f7cd7297b', u'date': 'Wed, 16 Jan 2019 13:49:32 GMT', u'content-type': 'application/json', u'connection': 'close', u'x-openstack-request-id': 'req-594e01dc-bc08-48d9-b70a-cd320828adc2'} Body: {"NeutronError": {"message": "Port a9acfc3a-5d6c-4e8a-9d59-b04f7cd7297b could not be found.", "type": "PortNotFound", "detail": ""}} _log_request_full /root/.rally/verification/verifier-31f2582e-b456-4f9b-ae00-96c84271b3da/repo/tempest/lib/common/rest_client.py:436
2019-01-16 13:49:32.125 17371 INFO tempest.lib.common.rest_client [req-dd73d407-cea2-439c-ae40-f3973b02f05f ] Request (TrunkTestJSON:_run_cleanups): 404 DELETE http://10.167.4.35:9696/v2.0/ports/2fe1679c-6460-47f6-ba7d-0697e0ca8171 0.030s
2019-01-16 13:49:32.126 17371 DEBUG tempest.lib.common.rest_client [req-dd73d407-cea2-439c-ae40-f3973b02f05f ] Request - Headers: {'Content-Type': 'application/json', 'Accept': 'application/json', 'X-Auth-Token': ''} Body: None Response - Headers: {'status': '404', u'content-length': '132', 'content-location': 'http://10.167.4.35:9696/v2.0/ports/2fe1679c-6460-47f6-ba7d-0697e0ca8171', u'date': 'Wed, 16 Jan 2019 13:49:32 GMT', u'content-type': 'application/json', u'connection': 'close', u'x-openstack-request-id': 'req-dd73d407-cea2-439c-ae40-f3973b02f05f'} Body: {"NeutronError": {"message": "Port 2fe1679c-6460-47f6-ba7d-0697e0ca8171 could not be found.", "type": "PortNotFound", "detail": ""}} _log_request_full /root/.rally/verification/verifier-31f2582e-b456-4f9b-ae00-96c84271b3da/repo/tempest/lib/common/rest_client.py:436
2019-01-16 13:49:32.155 17371 INFO tempest.lib.common.rest_client [req-ea6c5303-7b9c-42f1-aebf-e1f7d0fbaa8a ] Request (TrunkTestJSON:_run_cleanups): 404 DELETE http://10.167.4.35:9696/v2.0/ports/8c2a13d6-6c57-403f-919e-2e3db18ce3fd 0.028s
2019-01-16 13:49:32.155 17371 DEBUG tempest.lib.common.rest_client [req-ea6c5303-7b9c-42f1-aebf-e1f7d0fbaa8a ] Request - Headers: {'Content-Type': 'application/json', 'Accept': 'application/json', 'X-Auth-Token': ''} Body: None Response - Headers: {'status': '404', u'content-length': '132', 'content-location': 'http://10.167.4.35:9696/v2.0/ports/8c2a13d6-6c57-403f-919e-2e3db18ce3fd', u'date': 'Wed, 16 Jan 2019 13:49:32 GMT', u'content-type': 'application/json', u'connection': 'close', u'x-openstack-request-id': 'req-ea6c5303-7b9c-42f1-aebf-e1f7d0fbaa8a'} Body: {"NeutronError": {"message": "Port 8c2a13d6-6c57-403f-919e-2e3db18ce3fd could not be found.", "type": "PortNotFound", "detail": ""}} _log_request_full /root/.rally/verification/verifier-31f2582e-b456-4f9b-ae00-96c84271b3da/repo/tempest/lib/common/rest_client.py:436
