2018-09-12 03:21:47.445 12757 DEBUG tempest.lib.common.rest_client [req-f0cd6775-570e-4c6d-83ea-c99acbf16411 ] Request - Headers: {'Content-Type': 'application/json', 'Accept': 'application/json', 'X-Auth-Token': ''} Body: None Response - Headers: {'status': '404', u'content-length': '134', 'content-location': 'http://10.167.4.35:9696/v2.0/trunks/b3cbe35e-6820-47ce-b56a-eee932e56248', u'date': 'Wed, 12 Sep 2018 03:21:47 GMT', u'content-type': 'application/json', u'connection': 'close', u'x-openstack-request-id': 'req-f0cd6775-570e-4c6d-83ea-c99acbf16411'} Body: {"NeutronError": {"message": "Trunk b3cbe35e-6820-47ce-b56a-eee932e56248 could not be found.", "type": "TrunkNotFound", "detail": ""}} _log_request_full /root/.rally/verification/verifier-62328ff0-8110-4187-9871-6a07a8ca01d5/repo/tempest/lib/common/rest_client.py:434
2018-09-12 03:21:47.466 12757 INFO tempest.lib.common.rest_client [req-c949964c-9c4b-4e14-8174-5921804d3dfc ] Request (TrunkTestJSON:_run_cleanups): 404 GET http://10.167.4.35:9696/v2.0/trunks/302b40b3-fa1f-4d97-8b95-da71e5b439b9 0.020s
2018-09-12 03:21:47.466 12757 DEBUG tempest.lib.common.rest_client [req-c949964c-9c4b-4e14-8174-5921804d3dfc ] Request - Headers: {'Content-Type': 'application/json', 'Accept': 'application/json', 'X-Auth-Token': ''} Body: None Response - Headers: {'status': '404', u'content-length': '134', 'content-location': 'http://10.167.4.35:9696/v2.0/trunks/302b40b3-fa1f-4d97-8b95-da71e5b439b9', u'date': 'Wed, 12 Sep 2018 03:21:47 GMT', u'content-type': 'application/json', u'connection': 'close', u'x-openstack-request-id': 'req-c949964c-9c4b-4e14-8174-5921804d3dfc'} Body: {"NeutronError": {"message": "Trunk 302b40b3-fa1f-4d97-8b95-da71e5b439b9 could not be found.", "type": "TrunkNotFound", "detail": ""}} _log_request_full /root/.rally/verification/verifier-62328ff0-8110-4187-9871-6a07a8ca01d5/repo/tempest/lib/common/rest_client.py:434
2018-09-12 03:21:47.502 12757 INFO tempest.lib.common.rest_client [req-a78b5073-5489-4c23-81eb-3d3c0adcb187 ] Request (TrunkTestJSON:_run_cleanups): 404 GET http://10.167.4.35:9696/v2.0/trunks/485cdbcc-9501-445f-b788-bdcede8b44e1 0.035s
2018-09-12 03:21:47.503 12757 DEBUG tempest.lib.common.rest_client [req-a78b5073-5489-4c23-81eb-3d3c0adcb187 ] Request - Headers: {'Content-Type': 'application/json', 'Accept': 'application/json', 'X-Auth-Token': ''} Body: None Response - Headers: {'status': '404', u'content-length': '134', 'content-location': 'http://10.167.4.35:9696/v2.0/trunks/485cdbcc-9501-445f-b788-bdcede8b44e1', u'date': 'Wed, 12 Sep 2018 03:21:47 GMT', u'content-type': 'application/json', u'connection': 'close', u'x-openstack-request-id': 'req-a78b5073-5489-4c23-81eb-3d3c0adcb187'} Body: {"NeutronError": {"message": "Trunk 485cdbcc-9501-445f-b788-bdcede8b44e1 could not be found.", "type": "TrunkNotFound", "detail": ""}} _log_request_full /root/.rally/verification/verifier-62328ff0-8110-4187-9871-6a07a8ca01d5/repo/tempest/lib/common/rest_client.py:434
2018-09-12 03:21:47.520 12757 INFO tempest.lib.common.rest_client [req-5d231b23-6731-4f81-83f6-6c4e23392b6a ] Request (TrunkTestJSON:_run_cleanups): 404 GET http://10.167.4.35:9696/v2.0/trunks/cbf0fb6d-e281-4eb1-b99f-71cca59f5c12 0.017s
2018-09-12 03:21:47.520 12757 DEBUG tempest.lib.common.rest_client [req-5d231b23-6731-4f81-83f6-6c4e23392b6a ] Request - Headers: {'Content-Type': 'application/json', 'Accept': 'application/json', 'X-Auth-Token': ''} Body: None Response - Headers: {'status': '404', u'content-length': '134', 'content-location': 'http://10.167.4.35:9696/v2.0/trunks/cbf0fb6d-e281-4eb1-b99f-71cca59f5c12', u'date': 'Wed, 12 Sep 2018 03:21:47 GMT', u'content-type': 'application/json', u'connection': 'close', u'x-openstack-request-id': 'req-5d231b23-6731-4f81-83f6-6c4e23392b6a'} Body: {"NeutronError": {"message": "Trunk cbf0fb6d-e281-4eb1-b99f-71cca59f5c12 could not be found.", "type": "TrunkNotFound", "detail": ""}} _log_request_full /root/.rally/verification/verifier-62328ff0-8110-4187-9871-6a07a8ca01d5/repo/tempest/lib/common/rest_client.py:434
2018-09-12 03:21:47.541 12757 INFO tempest.lib.common.rest_client [req-4911ae78-f9d7-42c5-a35a-4cc65c1f5181 ] Request (TrunkTestJSON:_run_cleanups): 404 GET http://10.167.4.35:9696/v2.0/trunks/6d52a900-a3fb-43c9-84d4-ac7ef6659ac6 0.020s
2018-09-12 03:21:47.541 12757 DEBUG tempest.lib.common.rest_client [req-4911ae78-f9d7-42c5-a35a-4cc65c1f5181 ] Request - Headers: {'Content-Type': 'application/json', 'Accept': 'application/json', 'X-Auth-Token': ''} Body: None Response - Headers: {'status': '404', u'content-length': '134', 'content-location': 'http://10.167.4.35:9696/v2.0/trunks/6d52a900-a3fb-43c9-84d4-ac7ef6659ac6', u'date': 'Wed, 12 Sep 2018 03:21:47 GMT', u'content-type': 'application/json', u'connection': 'close', u'x-openstack-request-id': 'req-4911ae78-f9d7-42c5-a35a-4cc65c1f5181'} Body: {"NeutronError": {"message": "Trunk 6d52a900-a3fb-43c9-84d4-ac7ef6659ac6 could not be found.", "type": "TrunkNotFound", "detail": ""}} _log_request_full /root/.rally/verification/verifier-62328ff0-8110-4187-9871-6a07a8ca01d5/repo/tempest/lib/common/rest_client.py:434
2018-09-12 03:21:47.566 12757 INFO tempest.lib.common.rest_client [req-e10202df-1e87-4805-902a-93871080db86 ] Request (TrunkTestJSON:_run_cleanups): 404 GET http://10.167.4.35:9696/v2.0/trunks/9a9863d8-6c2c-4461-ba23-2b75cd34b651 0.025s
2018-09-12 03:21:47.566 12757 DEBUG tempest.lib.common.rest_client [req-e10202df-1e87-4805-902a-93871080db86 ] Request - Headers: {'Content-Type': 'application/json', 'Accept': 'application/json', 'X-Auth-Token': ''} Body: None Response - Headers: {'status': '404', u'content-length': '134', 'content-location': 'http://10.167.4.35:9696/v2.0/trunks/9a9863d8-6c2c-4461-ba23-2b75cd34b651', u'date': 'Wed, 12 Sep 2018 03:21:47 GMT', u'content-type': 'application/json', u'connection': 'close', u'x-openstack-request-id': 'req-e10202df-1e87-4805-902a-93871080db86'} Body: {"NeutronError": {"message": "Trunk 9a9863d8-6c2c-4461-ba23-2b75cd34b651 could not be found.", "type": "TrunkNotFound", "detail": ""}} _log_request_full /root/.rally/verification/verifier-62328ff0-8110-4187-9871-6a07a8ca01d5/repo/tempest/lib/common/rest_client.py:434
2018-09-12 03:21:47.585 12757 INFO tempest.lib.common.rest_client [req-f5738ad0-4e5f-4fa7-8343-8de61099c77b ] Request (TrunkTestJSON:_run_cleanups): 404 GET http://10.167.4.35:9696/v2.0/trunks/ac619009-1c81-4477-81d6-ea4253f29e77 0.018s
2018-09-12 03:21:47.585 12757 DEBUG tempest.lib.common.rest_client [req-f5738ad0-4e5f-4fa7-8343-8de61099c77b ] Request - Headers: {'Content-Type': 'application/json', 'Accept': 'application/json', 'X-Auth-Token': ''} Body: None Response - Headers: {'status': '404', u'content-length': '134', 'content-location': 'http://10.167.4.35:9696/v2.0/trunks/ac619009-1c81-4477-81d6-ea4253f29e77', u'date': 'Wed, 12 Sep 2018 03:21:47 GMT', u'content-type': 'application/json', u'connection': 'close', u'x-openstack-request-id': 'req-f5738ad0-4e5f-4fa7-8343-8de61099c77b'} Body: {"NeutronError": {"message": "Trunk ac619009-1c81-4477-81d6-ea4253f29e77 could not be found.", "type": "TrunkNotFound", "detail": ""}} _log_request_full /root/.rally/verification/verifier-62328ff0-8110-4187-9871-6a07a8ca01d5/repo/tempest/lib/common/rest_client.py:434
2018-09-12 03:21:47.605 12757 INFO tempest.lib.common.rest_client [req-c551a0b7-d12c-4a58-a48f-e3d030c8a838 ] Request (TrunkTestJSON:_run_cleanups): 404 GET http://10.167.4.35:9696/v2.0/trunks/7fc0bd37-22c3-4178-8a90-08b72f9ea111 0.020s
2018-09-12 03:21:47.605 12757 DEBUG tempest.lib.common.rest_client [req-c551a0b7-d12c-4a58-a48f-e3d030c8a838 ] Request - Headers: {'Content-Type': 'application/json', 'Accept': 'application/json', 'X-Auth-Token': ''} Body: None Response - Headers: {'status': '404', u'content-length': '134', 'content-location': 'http://10.167.4.35:9696/v2.0/trunks/7fc0bd37-22c3-4178-8a90-08b72f9ea111', u'date': 'Wed, 12 Sep 2018 03:21:47 GMT', u'content-type': 'application/json', u'connection': 'close', u'x-openstack-request-id': 'req-c551a0b7-d12c-4a58-a48f-e3d030c8a838'} Body: {"NeutronError": {"message": "Trunk 7fc0bd37-22c3-4178-8a90-08b72f9ea111 could not be found.", "type": "TrunkNotFound", "detail": ""}} _log_request_full /root/.rally/verification/verifier-62328ff0-8110-4187-9871-6a07a8ca01d5/repo/tempest/lib/common/rest_client.py:434
2018-09-12 03:21:47.621 12757 INFO tempest.lib.common.rest_client [req-c320945a-91e3-4ac8-af98-09400bd584d7 ] Request (TrunkTestJSON:_run_cleanups): 404 GET http://10.167.4.35:9696/v2.0/trunks/6c0978bf-3d00-411a-8cdd-def6cc1c755a 0.015s
2018-09-12 03:21:47.621 12757 DEBUG tempest.lib.common.rest_client [req-c320945a-91e3-4ac8-af98-09400bd584d7 ] Request - Headers: {'Content-Type': 'application/json', 'Accept': 'application/json', 'X-Auth-Token': ''} Body: None Response - Headers: {'status': '404', u'content-length': '134', 'content-location': 'http://10.167.4.35:9696/v2.0/trunks/6c0978bf-3d00-411a-8cdd-def6cc1c755a', u'date': 'Wed, 12 Sep 2018 03:21:47 GMT', u'content-type': 'application/json', u'connection': 'close', u'x-openstack-request-id': 'req-c320945a-91e3-4ac8-af98-09400bd584d7'} Body: {"NeutronError": {"message": "Trunk 6c0978bf-3d00-411a-8cdd-def6cc1c755a could not be found.", "type": "TrunkNotFound", "detail": ""}} _log_request_full /root/.rally/verification/verifier-62328ff0-8110-4187-9871-6a07a8ca01d5/repo/tempest/lib/common/rest_client.py:434
2018-09-12 03:21:47.656 12757 INFO tempest.lib.common.rest_client [req-b4b8f0df-a49f-407c-9f71-620fe882a83f ] Request (TrunkTestJSON:_run_cleanups): 404 GET http://10.167.4.35:9696/v2.0/trunks/04f0ab2a-fcd0-4326-b343-2aa402df618f 0.034s
2018-09-12 03:21:47.656 12757 DEBUG tempest.lib.common.rest_client [req-b4b8f0df-a49f-407c-9f71-620fe882a83f ] Request - Headers: {'Content-Type': 'application/json', 'Accept': 'application/json', 'X-Auth-Token': ''} Body: None Response - Headers: {'status': '404', u'content-length': '134', 'content-location': 'http://10.167.4.35:9696/v2.0/trunks/04f0ab2a-fcd0-4326-b343-2aa402df618f', u'date': 'Wed, 12 Sep 2018 03:21:47 GMT', u'content-type': 'application/json', u'connection': 'close', u'x-openstack-request-id': 'req-b4b8f0df-a49f-407c-9f71-620fe882a83f'} Body: {"NeutronError": {"message": "Trunk 04f0ab2a-fcd0-4326-b343-2aa402df618f could not be found.", "type": "TrunkNotFound", "detail": ""}} _log_request_full /root/.rally/verification/verifier-62328ff0-8110-4187-9871-6a07a8ca01d5/repo/tempest/lib/common/rest_client.py:434
2018-09-12 03:21:47.670 12758 INFO tempest.lib.common.rest_client [req-136c4b51-01a7-4347-af81-2fde3b5de43b ] Request (TrunkTest:test_trunk_subport_lifecycle): 200 GET http://10.167.4.35:9696/v2.0/ports/217e86c0-02d7-45c5-b2fc-ac9a788805d9 0.265s
2018-09-12 03:21:47.670 12758 DEBUG tempest.lib.common.rest_client [req-136c4b51-01a7-4347-af81-2fde3b5de43b ] Request - Headers: {'Content-Type': 'application/json', 'Accept': 'application/json', 'X-Auth-Token': ''} Body: None Response - Headers: {'status': '200', u'content-length': '630', 'content-location': 'http://10.167.4.35:9696/v2.0/ports/217e86c0-02d7-45c5-b2fc-ac9a788805d9', u'date': 'Wed, 12 Sep 2018 03:21:47 GMT', u'content-type': 'application/json', u'connection': 'close', u'x-openstack-request-id': 'req-136c4b51-01a7-4347-af81-2fde3b5de43b'} Body: {"port":{"status":"ACTIVE","created_at":"2018-09-12T03:21:35Z","description":"","allowed_address_pairs":[],"tags":[],"network_id":"c4457891-f7b0-47d9-a3a4-c3b656e26a9a","tenant_id":"7a5fdf43b77447e29dbb780adaf3f7d2","extra_dhcp_opts":[],"admin_state_up":true,"updated_at":"2018-09-12T03:21:44Z","name":"","device_owner":"trunk:subport","revision_number":9,"mac_address":"fa:16:3e:05:bc:03","binding:vnic_type":"normal","port_security_enabled":true,"project_id":"7a5fdf43b77447e29dbb780adaf3f7d2","fixed_ips":[],"id":"217e86c0-02d7-45c5-b2fc-ac9a788805d9","security_groups":["b7d92721-97e5-49ee-91f6-ad6612e91d32"],"device_id":""}} _log_request_full /root/.rally/verification/verifier-62328ff0-8110-4187-9871-6a07a8ca01d5/repo/tempest/lib/common/rest_client.py:434
2018-09-12 03:21:47.696 12757 INFO tempest.lib.common.rest_client [req-7a2b0eab-8b65-4c44-8658-eb91f19bffa2 ] Request (TrunkTestJSON:_run_cleanups): 404 DELETE http://10.167.4.35:9696/v2.0/ports/a175742b-7897-410c-8fc6-3bfe1d60472d 0.039s
2018-09-12 03:21:47.697 12757 DEBUG tempest.lib.common.rest_client [req-7a2b0eab-8b65-4c44-8658-eb91f19bffa2 ] Request - Headers: {'Content-Type': 'application/json', 'Accept': 'application/json', 'X-Auth-Token': ''} Body: None Response - Headers: {'status': '404', u'content-length': '132', 'content-location': 'http://10.167.4.35:9696/v2.0/ports/a175742b-7897-410c-8fc6-3bfe1d60472d', u'date': 'Wed, 12 Sep 2018 03:21:47 GMT', u'content-type': 'application/json', u'connection': 'close', u'x-openstack-request-id': 'req-7a2b0eab-8b65-4c44-8658-eb91f19bffa2'} Body: {"NeutronError": {"message": "Port a175742b-7897-410c-8fc6-3bfe1d60472d could not be found.", "type": "PortNotFound", "detail": ""}} _log_request_full /root/.rally/verification/verifier-62328ff0-8110-4187-9871-6a07a8ca01d5/repo/tempest/lib/common/rest_client.py:434
2018-09-12 03:21:47.701 12761 INFO tempest.lib.common.rest_client [req-4efe74cb-28aa-4180-89c5-ab10b4a5fe40 ] Request (TrunkTestJSON:test_create_trunk_with_subport_missing_port_id): 201 POST http://10.167.4.35:9696/v2.0/ports 1.165s
2018-09-12 03:21:47.702 12761 DEBUG tempest.lib.common.rest_client [req-4efe74cb-28aa-4180-89c5-ab10b4a5fe40 ] Request - Headers: {'Content-Type': 'application/json', 'Accept': 'application/json', 'X-Auth-Token': ''} Body: {"port": {"network_id": "a5ca2b92-7991-441b-bda4-ce196ab401cc"}} Response - Headers: {'status': '201', u'content-length': '615', 'content-location': 'http://10.167.4.35:9696/v2.0/ports', u'date': 'Wed, 12 Sep 2018 03:21:47 GMT', u'content-type': 'application/json', u'connection': 'close', u'x-openstack-request-id': 'req-4efe74cb-28aa-4180-89c5-ab10b4a5fe40'} Body: {"port":{"status":"DOWN","created_at":"2018-09-12T03:21:46Z","description":"","allowed_address_pairs":[],"tags":[],"network_id":"a5ca2b92-7991-441b-bda4-ce196ab401cc","tenant_id":"bd7acd0bb65d4d2791be94d11e085266","extra_dhcp_opts":[],"admin_state_up":true,"updated_at":"2018-09-12T03:21:47Z","name":"","device_owner":"","revision_number":5,"mac_address":"fa:16:3e:e4:d3:a2","binding:vnic_type":"normal","port_security_enabled":true,"project_id":"bd7acd0bb65d4d2791be94d11e085266","fixed_ips":[],"id":"bd2daaba-0c2e-4930-a5d1-f47210d5bc4d","security_groups":["585a61db-fb71-4cd8-951f-ac606e7821ec"],"device_id":""}} _log_request_full /root/.rally/verification/verifier-62328ff0-8110-4187-9871-6a07a8ca01d5/repo/tempest/lib/common/rest_client.py:434
2018-09-12 03:21:47.712 12761 INFO tempest.lib.common.rest_client [req-de959da9-caa3-43d6-b92c-2ec1d3d28477 ] Request (TrunkTestJSON:test_create_trunk_with_subport_missing_port_id): 400 POST http://10.167.4.35:9696/v2.0/trunks 0.009s
2018-09-12 03:21:47.712 12761 DEBUG tempest.lib.common.rest_client [req-de959da9-caa3-43d6-b92c-2ec1d3d28477 ] Request - Headers: {'Content-Type': 'application/json', 'Accept': 'application/json', 'X-Auth-Token': ''} Body: {"trunk": {"sub_ports": [{"segmentation_id": 3, "segmentation_type": "vlan"}], "port_id": "bd2daaba-0c2e-4930-a5d1-f47210d5bc4d"}} Response - Headers: {'status': '400', u'content-length': '146', 'content-location': 'http://10.167.4.35:9696/v2.0/trunks', u'date': 'Wed, 12 Sep 2018 03:21:47 GMT', u'content-type': 'application/json', u'connection': 'close', u'x-openstack-request-id': 'req-de959da9-caa3-43d6-b92c-2ec1d3d28477'} Body: {"NeutronError": {"message": "Invalid input for sub_ports. Reason: A valid port UUID must be specified.", "type": "HTTPBadRequest", "detail": ""}} _log_request_full /root/.rally/verification/verifier-62328ff0-8110-4187-9871-6a07a8ca01d5/repo/tempest/lib/common/rest_client.py:434
2018-09-12 03:21:47.717 12758 INFO tempest.lib.common.rest_client [req-5e4071cb-c02f-449e-a881-18bbdf0d3660 ] Request (TrunkTest:test_trunk_subport_lifecycle): 200 GET http://10.167.4.35:9696/v2.0/ports/9437dd8d-4336-44b8-a501-becb36bcf1eb 0.047s
2018-09-12 03:21:47.718 12758 DEBUG tempest.lib.common.rest_client [req-5e4071cb-c02f-449e-a881-18bbdf0d3660 ] Request - Headers: {'Content-Type': 'application/json', 'Accept': 'application/json', 'X-Auth-Token': ''} Body: None Response - Headers: {'status': '200', u'content-length': '630', 'content-location': 'http://10.167.4.35:9696/v2.0/ports/9437dd8d-4336-44b8-a501-becb36bcf1eb', u'date': 'Wed, 12 Sep 2018 03:21:47 GMT', u'content-type': 'application/json', u'connection': 'close', u'x-openstack-request-id': 'req-5e4071cb-c02f-449e-a881-18bbdf0d3660'} Body: {"port":{"status":"ACTIVE","created_at":"2018-09-12T03:21:36Z","description":"","allowed_address_pairs":[],"tags":[],"network_id":"a1e46881-07a7-4dfe-bc97-80f06def2c19","tenant_id":"7a5fdf43b77447e29dbb780adaf3f7d2","extra_dhcp_opts":[],"admin_state_up":true,"updated_at":"2018-09-12T03:21:45Z","name":"","device_owner":"trunk:subport","revision_number":9,"mac_address":"fa:16:3e:fe:65:51","binding:vnic_type":"normal","port_security_enabled":true,"project_id":"7a5fdf43b77447e29dbb780adaf3f7d2","fixed_ips":[],"id":"9437dd8d-4336-44b8-a501-becb36bcf1eb","security_groups":["b7d92721-97e5-49ee-91f6-ad6612e91d32"],"device_id":""}} _log_request_full /root/.rally/verification/verifier-62328ff0-8110-4187-9871-6a07a8ca01d5/repo/tempest/lib/common/rest_client.py:434
2018-09-12 03:21:47.731 12761 INFO tempest.lib.common.rest_client [req-abf50761-078d-4a28-bea0-f221dcb7928e ] Request (TrunkTestJSON:_run_cleanups): 404 GET http://10.167.4.35:9696/v2.0/trunks/fdbaa581-5832-455f-a77e-89543e197a04/get_subports 0.018s
2018-09-12 03:21:47.731 12761 DEBUG tempest.lib.common.rest_client [req-abf50761-078d-4a28-bea0-f221dcb7928e ] Request - Headers: {'Content-Type': 'application/json', 'Accept': 'application/json', 'X-Auth-Token': ''} Body: None Response - Headers: {'status': '404', u'content-length': '134', 'content-location': 'http://10.167.4.35:9696/v2.0/trunks/fdbaa581-5832-455f-a77e-89543e197a04/get_subports', u'date': 'Wed, 12 Sep 2018 03:21:47 GMT', u'content-type': 'application/json', u'connection': 'close', u'x-openstack-request-id': 'req-abf50761-078d-4a28-bea0-f221dcb7928e'} Body: {"NeutronError": {"message": "Trunk fdbaa581-5832-455f-a77e-89543e197a04 could not be found.", "type": "TrunkNotFound", "detail": ""}} _log_request_full /root/.rally/verification/verifier-62328ff0-8110-4187-9871-6a07a8ca01d5/repo/tempest/lib/common/rest_client.py:434
2018-09-12 03:21:47.744 12757 INFO tempest.lib.common.rest_client [req-ed1103bd-aefb-412b-9a82-f99b72cb9da0 ] Request (TrunkTestJSON:_run_cleanups): 404 DELETE http://10.167.4.35:9696/v2.0/ports/59e02618-b314-4888-ad22-2f85b4b7c00f 0.047s
2018-09-12 03:21:47.744 12757 DEBUG tempest.lib.common.rest_client [req-ed1103bd-aefb-412b-9a82-f99b72cb9da0 ] Request - Headers: {'Content-Type': 'application/json', 'Accept': 'application/json', 'X-Auth-Token': ''} Body: None Response - Headers: {'status': '404', u'content-length': '132', 'content-location': 'http://10.167.4.35:9696/v2.0/ports/59e02618-b314-4888-ad22-2f85b4b7c00f', u'date': 'Wed, 12 Sep 2018 03:21:47 GMT', u'content-type': 'application/json', u'connection': 'close', u'x-openstack-request-id': 'req-ed1103bd-aefb-412b-9a82-f99b72cb9da0'} Body: {"NeutronError": {"message": "Port 59e02618-b314-4888-ad22-2f85b4b7c00f could not be found.", "type": "PortNotFound", "detail": ""}} _log_request_full /root/.rally/verification/verifier-62328ff0-8110-4187-9871-6a07a8ca01d5/repo/tempest/lib/common/rest_client.py:434
2018-09-12 03:21:47.751 12761 INFO tempest.lib.common.rest_client [req-590992a2-32fb-4e39-8278-1230587c4cb2 ] Request (TrunkTestJSON:_run_cleanups): 404 DELETE http://10.167.4.35:9696/v2.0/trunks/fdbaa581-5832-455f-a77e-89543e197a04 0.020s
2018-09-12 03:21:47.751 12761 DEBUG tempest.lib.common.rest_client [req-590992a2-32fb-4e39-8278-1230587c4cb2 ] Request - Headers: {'Content-Type': 'application/json', 'Accept': 'application/json', 'X-Auth-Token': ''} Body: None Response - Headers: {'status': '404', u'content-length': '134', 'content-location': 'http://10.167.4.35:9696/v2.0/trunks/fdbaa581-5832-455f-a77e-89543e197a04', u'date': 'Wed, 12 Sep 2018 03:21:47 GMT', u'content-type': 'application/json', u'connection': 'close', u'x-openstack-request-id': 'req-590992a2-32fb-4e39-8278-1230587c4cb2'} Body: {"NeutronError": {"message": "Trunk fdbaa581-5832-455f-a77e-89543e197a04 could not be found.", "type": "TrunkNotFound", "detail": ""}} _log_request_full /root/.rally/verification/verifier-62328ff0-8110-4187-9871-6a07a8ca01d5/repo/tempest/lib/common/rest_client.py:434
2018-09-12 03:21:47.767 12758 INFO tempest.lib.common.rest_client [req-6110699a-a537-427d-a272-f504bbb21a73 ] Request (TrunkTest:test_trunk_subport_lifecycle): 200 GET http://10.167.4.35:9696/v2.0/ports/bdaf0f9e-3b9a-49b4-a9a1-73366ff8a8a2 0.049s
2018-09-12 03:21:47.767 12758 DEBUG tempest.lib.common.rest_client [req-6110699a-a537-427d-a272-f504bbb21a73 ] Request - Headers: {'Content-Type': 'application/json', 'Accept': 'application/json', 'X-Auth-Token': ''} Body: None Response - Headers: {'status': '200', u'content-length': '630', 'content-location': 'http://10.167.4.35:9696/v2.0/ports/bdaf0f9e-3b9a-49b4-a9a1-73366ff8a8a2', u'date': 'Wed, 12 Sep 2018 03:21:47 GMT', u'content-type': 'application/json', u'connection': 'close', u'x-openstack-request-id': 'req-6110699a-a537-427d-a272-f504bbb21a73'} Body: {"port":{"status":"ACTIVE","created_at":"2018-09-12T03:21:38Z","description":"","allowed_address_pairs":[],"tags":[],"network_id":"954984e9-ba13-4c41-b13d-4325522c0ce8","tenant_id":"7a5fdf43b77447e29dbb780adaf3f7d2","extra_dhcp_opts":[],"admin_state_up":true,"updated_at":"2018-09-12T03:21:46Z","name":"","device_owner":"trunk:subport","revision_number":9,"mac_address":"fa:16:3e:ad:5f:74","binding:vnic_type":"normal","port_security_enabled":true,"project_id":"7a5fdf43b77447e29dbb780adaf3f7d2","fixed_ips":[],"id":"bdaf0f9e-3b9a-49b4-a9a1-73366ff8a8a2","security_groups":["b7d92721-97e5-49ee-91f6-ad6612e91d32"],"device_id":""}} _log_request_full /root/.rally/verification/verifier-62328ff0-8110-4187-9871-6a07a8ca01d5/repo/tempest/lib/common/rest_client.py:434
2018-09-12 03:21:47.767 12758 INFO tempest.lib.common.ssh [-] Creating ssh connection to '172.30.10.113:22' as 'cirros' with public key authentication
2018-09-12 03:21:47.767 12761 INFO tempest.lib.common.rest_client [req-83b1e72e-eec4-4473-b2cd-e846526e67b6 ] Request (TrunkTestJSON:_run_cleanups): 404 GET http://10.167.4.35:9696/v2.0/trunks/342cdc17-9014-474c-975b-fc2a7e4b022c/get_subports 0.015s
2018-09-12 03:21:47.768 12761 DEBUG tempest.lib.common.rest_client [req-83b1e72e-eec4-4473-b2cd-e846526e67b6 ] Request - Headers: {'Content-Type': 'application/json', 'Accept': 'application/json', 'X-Auth-Token': ''} Body: None Response - Headers: {'status': '404', u'content-length': '134', 'content-location': 'http://10.167.4.35:9696/v2.0/trunks/342cdc17-9014-474c-975b-fc2a7e4b022c/get_subports', u'date': 'Wed, 12 Sep 2018 03:21:47 GMT', u'content-type': 'application/json', u'connection': 'close', u'x-openstack-request-id': 'req-83b1e72e-eec4-4473-b2cd-e846526e67b6'} Body: {"NeutronError": {"message": "Trunk 342cdc17-9014-474c-975b-fc2a7e4b022c could not be found.", "type": "TrunkNotFound", "detail": ""}} _log_request_full /root/.rally/verification/verifier-62328ff0-8110-4187-9871-6a07a8ca01d5/repo/tempest/lib/common/rest_client.py:434
2018-09-12 03:21:47.770 12758 INFO paramiko.transport [-] Connected (version 2.0, client dropbear_2015.67)
2018-09-12 03:21:47.784 12757 INFO tempest.lib.common.rest_client [req-f5cf4a5a-9254-4ec4-a5e3-3396296c7896 ] Request (TrunkTestJSON:_run_cleanups): 404 DELETE http://10.167.4.35:9696/v2.0/ports/e5965133-94c9-409d-9bdc-4db1672a8cc8 0.040s
2018-09-12 03:21:47.785 12757 DEBUG tempest.lib.common.rest_client [req-f5cf4a5a-9254-4ec4-a5e3-3396296c7896 ] Request - Headers: {'Content-Type': 'application/json', 'Accept': 'application/json', 'X-Auth-Token': ''} Body: None Response - Headers: {'status': '404', u'content-length': '132', 'content-location': 'http://10.167.4.35:9696/v2.0/ports/e5965133-94c9-409d-9bdc-4db1672a8cc8', u'date': 'Wed, 12 Sep 2018 03:21:47 GMT', u'content-type': 'application/json', u'connection': 'close', u'x-openstack-request-id': 'req-f5cf4a5a-9254-4ec4-a5e3-3396296c7896'} Body: {"NeutronError": {"message": "Port e5965133-94c9-409d-9bdc-4db1672a8cc8 could not be found.", "type": "PortNotFound", "detail": ""}} _log_request_full /root/.rally/verification/verifier-62328ff0-8110-4187-9871-6a07a8ca01d5/repo/tempest/lib/common/rest_client.py:434
2018-09-12 03:21:47.788 12761 INFO tempest.lib.common.rest_client [req-70de992b-4e0d-4afa-8220-13ddb8a5d25b ] Request (TrunkTestJSON:_run_cleanups): 404 DELETE http://10.167.4.35:9696/v2.0/trunks/342cdc17-9014-474c-975b-fc2a7e4b022c 0.019s
2018-09-12 03:21:47.788 12761 DEBUG tempest.lib.common.rest_client [req-70de992b-4e0d-4afa-8220-13ddb8a5d25b ] Request - Headers: {'Content-Type': 'application/json', 'Accept': 'application/json', 'X-Auth-Token': ''} Body: None Response - Headers: {'status': '404', u'content-length': '134', 'content-location': 'http://10.167.4.35:9696/v2.0/trunks/342cdc17-9014-474c-975b-fc2a7e4b022c', u'date': 'Wed, 12 Sep 2018 03:21:47 GMT', u'content-type': 'application/json', u'connection': 'close', u'x-openstack-request-id': 'req-70de992b-4e0d-4afa-8220-13ddb8a5d25b'} Body: {"NeutronError": {"message": "Trunk 342cdc17-9014-474c-975b-fc2a7e4b022c could not be found.", "type": "TrunkNotFound", "detail": ""}} _log_request_full /root/.rally/verification/verifier-62328ff0-8110-4187-9871-6a07a8ca01d5/repo/tempest/lib/common/rest_client.py:434
2018-09-12 03:21:47.806 12761 INFO tempest.lib.common.rest_client [req-bf457cfd-3d57-4d92-9f6a-73b2d209d4e7 ] Request (TrunkTestJSON:_run_cleanups): 404 GET http://10.167.4.35:9696/v2.0/trunks/dafad630-a77b-4c85-be44-5faaee34fe96/get_subports 0.018s
2018-09-12 03:21:47.807 12761 DEBUG tempest.lib.common.rest_client [req-bf457cfd-3d57-4d92-9f6a-73b2d209d4e7 ] Request - Headers: {'Content-Type': 'application/json', 'Accept': 'application/json', 'X-Auth-Token': ''} Body: None Response - Headers: {'status': '404', u'content-length': '134', 'content-location': 'http://10.167.4.35:9696/v2.0/trunks/dafad630-a77b-4c85-be44-5faaee34fe96/get_subports', u'date': 'Wed, 12 Sep 2018 03:21:47 GMT', u'content-type': 'application/json', u'connection': 'close', u'x-openstack-request-id': 'req-bf457cfd-3d57-4d92-9f6a-73b2d209d4e7'} Body: {"NeutronError": {"message": "Trunk dafad630-a77b-4c85-be44-5faaee34fe96 could not be found.", "type": "TrunkNotFound", "detail": ""}} _log_request_full /root/.rally/verification/verifier-62328ff0-8110-4187-9871-6a07a8ca01d5/repo/tempest/lib/common/rest_client.py:434
2018-09-12 03:21:47.823 12757 INFO tempest.lib.common.rest_client [req-ad4263d1-a6d6-42ca-a19a-66f3415cc3a4 ] Request (TrunkTestJSON:_run_cleanups): 404 DELETE http://10.167.4.35:9696/v2.0/ports/2befb4e4-b74b-4375-821f-fcca9f58b337 0.038s
2018-09-12 03:21:47.824 12757 DEBUG tempest.lib.common.rest_client [req-ad4263d1-a6d6-42ca-a19a-66f3415cc3a4 ] Request - Headers: {'Content-Type': 'application/json', 'Accept': 'application/json', 'X-Auth-Token': ''} Body: None Response - Headers: {'status': '404', u'content-length': '132', 'content-location': 'http://10.167.4.35:9696/v2.0/ports/2befb4e4-b74b-4375-821f-fcca9f58b337', u'date': 'Wed, 12 Sep 2018 03:21:47 GMT', u'content-type': 'application/json', u'connection': 'close', u'x-openstack-request-id': 'req-ad4263d1-a6d6-42ca-a19a-66f3415cc3a4'} Body: {"NeutronError": {"message": "Port 2befb4e4-b74b-4375-821f-fcca9f58b337 could not be found.", "type": "PortNotFound", "detail": ""}} _log_request_full /root/.rally/verification/verifier-62328ff0-8110-4187-9871-6a07a8ca01d5/repo/tempest/lib/common/rest_client.py:434
2018-09-12 03:21:47.827 12761 INFO tempest.lib.common.rest_client [req-9b20a067-b123-4d8c-8d1f-b35e604fa3f2 ] Request (TrunkTestJSON:_run_cleanups): 404 DELETE http://10.167.4.35:9696/v2.0/trunks/dafad630-a77b-4c85-be44-5faaee34fe96 0.020s
2018-09-12 03:21:47.827 12761 DEBUG tempest.lib.common.rest_client [req-9b20a067-b123-4d8c-8d1f-b35e604fa3f2 ] Request - Headers: {'Content-Type': 'application/json', 'Accept': 'application/json', 'X-Auth-Token': ''} Body: None Response - Headers: {'status': '404', u'content-length': '134', 'content-location': 'http://10.167.4.35:9696/v2.0/trunks/dafad630-a77b-4c85-be44-5faaee34fe96', u'date': 'Wed, 12 Sep 2018 03:21:47 GMT', u'content-type': 'application/json', u'connection': 'close', u'x-openstack-request-id': 'req-9b20a067-b123-4d8c-8d1f-b35e604fa3f2'} Body: {"NeutronError": {"message": "Trunk dafad630-a77b-4c85-be44-5faaee34fe96 could not be found.", "type": "TrunkNotFound", "detail": ""}} _log_request_full /root/.rally/verification/verifier-62328ff0-8110-4187-9871-6a07a8ca01d5/repo/tempest/lib/common/rest_client.py:434
2018-09-12 03:21:47.834 12758 INFO paramiko.transport [-] Authentication (publickey) successful!
2018-09-12 03:21:47.834 12758 INFO tempest.lib.common.ssh [-] ssh connection to cirros@172.30.10.113 successfully created
2018-09-12 03:21:47.842 12761 INFO tempest.lib.common.rest_client [req-720a543c-3ffe-45b9-a84f-08a5b23a2a76 ] Request (TrunkTestJSON:_run_cleanups): 404 GET http://10.167.4.35:9696/v2.0/trunks/065ffce7-5173-42eb-bc38-e22a0d349305/get_subports 0.015s
2018-09-12 03:21:47.843 12761 DEBUG tempest.lib.common.rest_client [req-720a543c-3ffe-45b9-a84f-08a5b23a2a76 ] Request - Headers: {'Content-Type': 'application/json', 'Accept': 'application/json', 'X-Auth-Token': ''} Body: None Response - Headers: {'status': '404', u'content-length': '134', 'content-location': 'http://10.167.4.35:9696/v2.0/trunks/065ffce7-5173-42eb-bc38-e22a0d349305/get_subports', u'date': 'Wed, 12 Sep 2018 03:21:47 GMT', u'content-type': 'application/json', u'connection': 'close', u'x-openstack-request-id': 'req-720a543c-3ffe-45b9-a84f-08a5b23a2a76'} Body: {"NeutronError": {"message": "Trunk 065ffce7-5173-42eb-bc38-e22a0d349305 could not be found.", "type": "TrunkNotFound", "detail": ""}} _log_request_full /root/.rally/verification/verifier-62328ff0-8110-4187-9871-6a07a8ca01d5/repo/tempest/lib/common/rest_client.py:434
2018-09-12 03:21:47.860 12761 INFO tempest.lib.common.rest_client [req-1bfca01b-6f06-4bdd-b1ec-1fb8fed893c7 ] Request (TrunkTestJSON:_run_cleanups): 404 DELETE http://10.167.4.35:9696/v2.0/trunks/065ffce7-5173-42eb-bc38-e22a0d349305 0.017s
2018-09-12 03:21:47.860 12761 DEBUG tempest.lib.common.rest_client [req-1bfca01b-6f06-4bdd-b1ec-1fb8fed893c7 ] Request - Headers: {'Content-Type': 'application/json', 'Accept': 'application/json', 'X-Auth-Token': ''} Body: None Response - Headers: {'status': '404', u'content-length': '134', 'content-location': 'http://10.167.4.35:9696/v2.0/trunks/065ffce7-5173-42eb-bc38-e22a0d349305', u'date': 'Wed, 12 Sep 2018 03:21:47 GMT', u'content-type': 'application/json', u'connection': 'close', u'x-openstack-request-id': 'req-1bfca01b-6f06-4bdd-b1ec-1fb8fed893c7'} Body: {"NeutronError": {"message": "Trunk 065ffce7-5173-42eb-bc38-e22a0d349305 could not be found.", "type": "TrunkNotFound", "detail": ""}} _log_request_full /root/.rally/verification/verifier-62328ff0-8110-4187-9871-6a07a8ca01d5/repo/tempest/lib/common/rest_client.py:434
2018-09-12 03:21:47.871 12757 INFO tempest.lib.common.rest_client [req-8bbdb3b7-840d-446b-accd-c508681f7774 ] Request (TrunkTestJSON:_run_cleanups): 404 DELETE http://10.167.4.35:9696/v2.0/ports/876b0083-e081-479f-8383-421f89d98b8f 0.047s
2018-09-12 03:21:47.872 12757 DEBUG tempest.lib.common.rest_client [req-8bbdb3b7-840d-446b-accd-c508681f7774 ] Request - Headers: {'Content-Type': 'application/json', 'Accept': 'application/json', 'X-Auth-Token': ''} Body: None Response - Headers: {'status': '404', u'content-length': '132', 'content-location': 'http://10.167.4.35:9696/v2.0/ports/876b0083-e081-479f-8383-421f89d98b8f', u'date': 'Wed, 12 Sep 2018 03:21:47 GMT', u'content-type': 'application/json', u'connection': 'close', u'x-openstack-request-id': 'req-8bbdb3b7-840d-446b-accd-c508681f7774'} Body: {"NeutronError": {"message": "Port 876b0083-e081-479f-8383-421f89d98b8f could not be found.", "type": "PortNotFound", "detail": ""}} _log_request_full /root/.rally/verification/verifier-62328ff0-8110-4187-9871-6a07a8ca01d5/repo/tempest/lib/common/rest_client.py:434
2018-09-12 03:21:47.880 12761 INFO tempest.lib.common.rest_client [req-6f63e304-608b-4965-a843-0ac388abaaec ] Request (TrunkTestJSON:_run_cleanups): 404 GET http://10.167.4.35:9696/v2.0/trunks/9ddd145a-ebc3-4d9f-88ae-8194d8247d43/get_subports 0.019s
2018-09-12 03:21:47.880 12761 DEBUG tempest.lib.common.rest_client [req-6f63e304-608b-4965-a843-0ac388abaaec ] Request - Headers: {'Content-Type': 'application/json', 'Accept': 'application/json', 'X-Auth-Token': ''} Body: None Response - Headers: {'status': '404', u'content-length': '134', 'content-location': 'http://10.167.4.35:9696/v2.0/trunks/9ddd145a-ebc3-4d9f-88ae-8194d8247d43/get_subports', u'date': 'Wed, 12 Sep 2018 03:21:47 GMT', u'content-type': 'application/json', u'connection': 'close', u'x-openstack-request-id': 'req-6f63e304-608b-4965-a843-0ac388abaaec'} Body: {"NeutronError": {"message": "Trunk 9ddd145a-ebc3-4d9f-88ae-8194d8247d43 could not be found.", "type": "TrunkNotFound", "detail": ""}} _log_request_full /root/.rally/verification/verifier-62328ff0-8110-4187-9871-6a07a8ca01d5/repo/tempest/lib/common/rest_client.py:434
2018-09-12 03:21:47.922 12757 INFO tempest.lib.common.rest_client [req-e6ab21db-373a-47f0-824a-335bf7ebdf9c ] Request (TrunkTestJSON:_run_cleanups): 404 DELETE http://10.167.4.35:9696/v2.0/ports/89a4cb18-6a64-442d-a7a2-0cb493fac8de 0.049s
2018-09-12 03:21:47.922 12757 DEBUG tempest.lib.common.rest_client [req-e6ab21db-373a-47f0-824a-335bf7ebdf9c ] Request - Headers: {'Content-Type': 'application/json', 'Accept': 'application/json', 'X-Auth-Token': ''} Body: None Response - Headers: {'status': '404', u'content-length': '132', 'content-location': 'http://10.167.4.35:9696/v2.0/ports/89a4cb18-6a64-442d-a7a2-0cb493fac8de', u'date': 'Wed, 12 Sep 2018 03:21:47 GMT', u'content-type': 'application/json', u'connection': 'close', u'x-openstack-request-id': 'req-e6ab21db-373a-47f0-824a-335bf7ebdf9c'} Body: {"NeutronError": {"message": "Port 89a4cb18-6a64-442d-a7a2-0cb493fac8de could not be found.", "type": "PortNotFound", "detail": ""}} _log_request_full /root/.rally/verification/verifier-62328ff0-8110-4187-9871-6a07a8ca01d5/repo/tempest/lib/common/rest_client.py:434
2018-09-12 03:21:47.923 12761 INFO tempest.lib.common.rest_client [req-3dcfc16a-71c0-49bf-85b8-48f41817b929 ] Request (TrunkTestJSON:_run_cleanups): 404 DELETE http://10.167.4.35:9696/v2.0/trunks/9ddd145a-ebc3-4d9f-88ae-8194d8247d43 0.042s
2018-09-12 03:21:47.923 12761 DEBUG tempest.lib.common.rest_client [req-3dcfc16a-71c0-49bf-85b8-48f41817b929 ] Request - Headers: {'Content-Type': 'application/json', 'Accept': 'application/json', 'X-Auth-Token': ''} Body: None Response - Headers: {'status': '404', u'content-length': '134', 'content-location': 'http://10.167.4.35:9696/v2.0/trunks/9ddd145a-ebc3-4d9f-88ae-8194d8247d43', u'date': 'Wed, 12 Sep 2018 03:21:47 GMT', u'content-type': 'application/json', u'connection': 'close', u'x-openstack-request-id': 'req-3dcfc16a-71c0-49bf-85b8-48f41817b929'} Body: {"NeutronError": {"message": "Trunk 9ddd145a-ebc3-4d9f-88ae-8194d8247d43 could not be found.", "type": "TrunkNotFound", "detail": ""}} _log_request_full /root/.rally/verification/verifier-62328ff0-8110-4187-9871-6a07a8ca01d5/repo/tempest/lib/common/rest_client.py:434
2018-09-12 03:21:47.947 12761 INFO tempest.lib.common.rest_client [req-74d995bc-fc7e-48b6-86d4-c54a6c67b4ed ] Request (TrunkTestJSON:_run_cleanups): 404 GET http://10.167.4.35:9696/v2.0/trunks/e4e1e0b8-9426-47cc-ad5c-83d93eef46b9/get_subports 0.023s
2018-09-12 03:21:47.947 12761 DEBUG tempest.lib.common.rest_client [req-74d995bc-fc7e-48b6-86d4-c54a6c67b4ed ] Request - Headers: {'Content-Type': 'application/json', 'Accept': 'application/json', 'X-Auth-Token': ''} Body: None Response - Headers: {'status': '404', u'content-length': '134', 'content-location': 'http://10.167.4.35:9696/v2.0/trunks/e4e1e0b8-9426-47cc-ad5c-83d93eef46b9/get_subports', u'date': 'Wed, 12 Sep 2018 03:21:47 GMT', u'content-type': 'application/json', u'connection': 'close', u'x-openstack-request-id': 'req-74d995bc-fc7e-48b6-86d4-c54a6c67b4ed'} Body: {"NeutronError": {"message": "Trunk e4e1e0b8-9426-47cc-ad5c-83d93eef46b9 could not be found.", "type": "TrunkNotFound", "detail": ""}} _log_request_full /root/.rally/verification/verifier-62328ff0-8110-4187-9871-6a07a8ca01d5/repo/tempest/lib/common/rest_client.py:434
2018-09-12 03:21:47.968 12757 INFO tempest.lib.common.rest_client [req-0cad2d14-b04a-44d2-84ee-6aece8461b80 ] Request (TrunkTestJSON:_run_cleanups): 404 DELETE http://10.167.4.35:9696/v2.0/ports/65e2f38a-bdba-473b-9911-7a51d86a7246 0.045s
2018-09-12 03:21:47.968 12757 DEBUG tempest.lib.common.rest_client [req-0cad2d14-b04a-44d2-84ee-6aece8461b80 ] Request - Headers: {'Content-Type': 'application/json', 'Accept': 'application/json', 'X-Auth-Token': ''} Body: None Response - Headers: {'status': '404', u'content-length': '132', 'content-location': 'http://10.167.4.35:9696/v2.0/ports/65e2f38a-bdba-473b-9911-7a51d86a7246', u'date': 'Wed, 12 Sep 2018 03:21:47 GMT', u'content-type': 'application/json', u'connection': 'close', u'x-openstack-request-id': 'req-0cad2d14-b04a-44d2-84ee-6aece8461b80'} Body: {"NeutronError": {"message": "Port 65e2f38a-bdba-473b-9911-7a51d86a7246 could not be found.", "type": "PortNotFound", "detail": ""}} _log_request_full /root/.rally/verification/verifier-62328ff0-8110-4187-9871-6a07a8ca01d5/repo/tempest/lib/common/rest_client.py:434
2018-09-12 03:21:47.972 12761 INFO tempest.lib.common.rest_client [req-8b5ba8e9-dac0-459e-a979-9d4590faa65b ] Request (TrunkTestJSON:_run_cleanups): 404 DELETE http://10.167.4.35:9696/v2.0/trunks/e4e1e0b8-9426-47cc-ad5c-83d93eef46b9 0.025s
2018-09-12 03:21:47.972 12761 DEBUG tempest.lib.common.rest_client [req-8b5ba8e9-dac0-459e-a979-9d4590faa65b ] Request - Headers: {'Content-Type': 'application/json', 'Accept': 'application/json', 'X-Auth-Token': ''} Body: None Response - Headers: {'status': '404', u'content-length': '134', 'content-location': 'http://10.167.4.35:9696/v2.0/trunks/e4e1e0b8-9426-47cc-ad5c-83d93eef46b9', u'date': 'Wed, 12 Sep 2018 03:21:47 GMT', u'content-type': 'application/json', u'connection': 'close', u'x-openstack-request-id': 'req-8b5ba8e9-dac0-459e-a979-9d4590faa65b'} Body: {"NeutronError": {"message": "Trunk e4e1e0b8-9426-47cc-ad5c-83d93eef46b9 could not be found.", "type": "TrunkNotFound", "detail": ""}} _log_request_full /root/.rally/verification/verifier-62328ff0-8110-4187-9871-6a07a8ca01d5/repo/tempest/lib/common/rest_client.py:434
2018-09-12 03:21:47.990 12761 INFO tempest.lib.common.rest_client [req-5fcfb146-d9f6-46d5-9108-05d4b75d3fe5 ] Request (TrunkTestJSON:_run_cleanups): 404 GET http://10.167.4.35:9696/v2.0/trunks/5a06710a-b295-4620-9f3a-821f4c3bd775/get_subports 0.017s
2018-09-12 03:21:47.990 12761 DEBUG tempest.lib.common.rest_client [req-5fcfb146-d9f6-46d5-9108-05d4b75d3fe5 ] Request - Headers: {'Content-Type': 'application/json', 'Accept': 'application/json', 'X-Auth-Token': ''} Body: None Response - Headers: {'status': '404', u'content-length': '134', 'content-location': 'http://10.167.4.35:9696/v2.0/trunks/5a06710a-b295-4620-9f3a-821f4c3bd775/get_subports', u'date': 'Wed, 12 Sep 2018 03:21:47 GMT', u'content-type': 'application/json', u'connection': 'close', u'x-openstack-request-id': 'req-5fcfb146-d9f6-46d5-9108-05d4b75d3fe5'} Body: {"NeutronError": {"message": "Trunk 5a06710a-b295-4620-9f3a-821f4c3bd775 could not be found.", "type": "TrunkNotFound", "detail": ""}} _log_request_full /root/.rally/verification/verifier-62328ff0-8110-4187-9871-6a07a8ca01d5/repo/tempest/lib/common/rest_client.py:434
2018-09-12 03:21:48.008 12757 INFO tempest.lib.common.rest_client [req-6f2f6f24-2069-41a1-9907-cef717750d0c ] Request (TrunkTestJSON:_run_cleanups): 404 DELETE http://10.167.4.35:9696/v2.0/ports/0713fa7b-4d2a-4a14-9ca7-a3b4428414ce 0.040s
2018-09-12 03:21:48.008 12757 DEBUG tempest.lib.common.rest_client [req-6f2f6f24-2069-41a1-9907-cef717750d0c ] Request - Headers: {'Content-Type': 'application/json', 'Accept': 'application/json', 'X-Auth-Token': ''} Body: None Response - Headers: {'status': '404', u'content-length': '132', 'content-location': 'http://10.167.4.35:9696/v2.0/ports/0713fa7b-4d2a-4a14-9ca7-a3b4428414ce', u'date': 'Wed, 12 Sep 2018 03:21:48 GMT', u'content-type': 'application/json', u'connection': 'close', u'x-openstack-request-id': 'req-6f2f6f24-2069-41a1-9907-cef717750d0c'} Body: {"NeutronError": {"message": "Port 0713fa7b-4d2a-4a14-9ca7-a3b4428414ce could not be found.", "type": "PortNotFound", "detail": ""}} _log_request_full /root/.rally/verification/verifier-62328ff0-8110-4187-9871-6a07a8ca01d5/repo/tempest/lib/common/rest_client.py:434
2018-09-12 03:21:48.013 12761 INFO tempest.lib.common.rest_client [req-17170fb8-4d74-44a0-a313-2ffa0b80aa11 ] Request (TrunkTestJSON:_run_cleanups): 404 DELETE http://10.167.4.35:9696/v2.0/trunks/5a06710a-b295-4620-9f3a-821f4c3bd775 0.022s
2018-09-12 03:21:48.013 12761 DEBUG tempest.lib.common.rest_client [req-17170fb8-4d74-44a0-a313-2ffa0b80aa11 ] Request - Headers: {'Content-Type': 'application/json', 'Accept': 'application/json', 'X-Auth-Token': ''} Body: None Response - Headers: {'status': '404', u'content-length': '134', 'content-location': 'http://10.167.4.35:9696/v2.0/trunks/5a06710a-b295-4620-9f3a-821f4c3bd775', u'date': 'Wed, 12 Sep 2018 03:21:48 GMT', u'content-type': 'application/json', u'connection': 'close', u'x-openstack-request-id': 'req-17170fb8-4d74-44a0-a313-2ffa0b80aa11'} Body: {"NeutronError": {"message": "Trunk 5a06710a-b295-4620-9f3a-821f4c3bd775 could not be found.", "type": "TrunkNotFound", "detail": ""}} _log_request_full /root/.rally/verification/verifier-62328ff0-8110-4187-9871-6a07a8ca01d5/repo/tempest/lib/common/rest_client.py:434
2018-09-12 03:21:48.032 12761 INFO tempest.lib.common.rest_client [req-c0750340-233b-4464-a203-f7b714553bac ] Request (TrunkTestJSON:_run_cleanups): 404 GET http://10.167.4.35:9696/v2.0/trunks/fdbaa581-5832-455f-a77e-89543e197a04 0.018s
2018-09-12 03:21:48.032 12761 DEBUG tempest.lib.common.rest_client [req-c0750340-233b-4464-a203-f7b714553bac ] Request - Headers: {'Content-Type': 'application/json', 'Accept': 'application/json', 'X-Auth-Token': ''} Body: None Response - Headers: {'status': '404', u'content-length': '134', 'content-location': 'http://10.167.4.35:9696/v2.0/trunks/fdbaa581-5832-455f-a77e-89543e197a04', u'date': 'Wed, 12 Sep 2018 03:21:48 GMT', u'content-type': 'application/json', u'connection': 'close', u'x-openstack-request-id': 'req-c0750340-233b-4464-a203-f7b714553bac'} Body: {"NeutronError": {"message": "Trunk fdbaa581-5832-455f-a77e-89543e197a04 could not be found.", "type": "TrunkNotFound", "detail": ""}} _log_request_full /root/.rally/verification/verifier-62328ff0-8110-4187-9871-6a07a8ca01d5/repo/tempest/lib/common/rest_client.py:434
2018-09-12 03:21:48.048 12761 INFO tempest.lib.common.rest_client [req-816aac00-352b-4532-9d24-9f2fce81affa ] Request (TrunkTestJSON:_run_cleanups): 404 GET http://10.167.4.35:9696/v2.0/trunks/342cdc17-9014-474c-975b-fc2a7e4b022c 0.016s
2018-09-12 03:21:48.048 12761 DEBUG tempest.lib.common.rest_client [req-816aac00-352b-4532-9d24-9f2fce81affa ] Request - Headers: {'Content-Type': 'application/json', 'Accept': 'application/json', 'X-Auth-Token': ''} Body: None Response - Headers: {'status': '404', u'content-length': '134', 'content-location': 'http://10.167.4.35:9696/v2.0/trunks/342cdc17-9014-474c-975b-fc2a7e4b022c', u'date': 'Wed, 12 Sep 2018 03:21:48 GMT', u'content-type': 'application/json', u'connection': 'close', u'x-openstack-request-id': 'req-816aac00-352b-4532-9d24-9f2fce81affa'} Body: {"NeutronError": {"message": "Trunk 342cdc17-9014-474c-975b-fc2a7e4b022c could not be found.", "type": "TrunkNotFound", "detail": ""}} _log_request_full /root/.rally/verification/verifier-62328ff0-8110-4187-9871-6a07a8ca01d5/repo/tempest/lib/common/rest_client.py:434
2018-09-12 03:21:48.050 12757 INFO tempest.lib.common.rest_client [req-e14bf2d3-c553-4e59-8e2c-741de5b69283 ] Request (TrunkTestJSON:_run_cleanups): 404 DELETE http://10.167.4.35:9696/v2.0/ports/f0695881-dd2f-4941-b8ae-3deaedaaf594 0.041s
2018-09-12 03:21:48.051 12757 DEBUG tempest.lib.common.rest_client [req-e14bf2d3-c553-4e59-8e2c-741de5b69283 ] Request - Headers: {'Content-Type': 'application/json', 'Accept': 'application/json', 'X-Auth-Token': ''} Body: None Response - Headers: {'status': '404', u'content-length': '132', 'content-location': 'http://10.167.4.35:9696/v2.0/ports/f0695881-dd2f-4941-b8ae-3deaedaaf594', u'date': 'Wed, 12 Sep 2018 03:21:48 GMT', u'content-type': 'application/json', u'connection': 'close', u'x-openstack-request-id': 'req-e14bf2d3-c553-4e59-8e2c-741de5b69283'} Body: {"NeutronError": {"message": "Port f0695881-dd2f-4941-b8ae-3deaedaaf594 could not be found.", "type": "PortNotFound", "detail": ""}} _log_request_full /root/.rally/verification/verifier-62328ff0-8110-4187-9871-6a07a8ca01d5/repo/tempest/lib/common/rest_client.py:434
2018-09-12 03:21:48.063 12761 INFO tempest.lib.common.rest_client [req-95b31c29-943b-46b3-bf6d-9ac5396c6f5c ] Request (TrunkTestJSON:_run_cleanups): 404 GET http://10.167.4.35:9696/v2.0/trunks/dafad630-a77b-4c85-be44-5faaee34fe96 0.014s
2018-09-12 03:21:48.063 12761 DEBUG tempest.lib.common.rest_client [req-95b31c29-943b-46b3-bf6d-9ac5396c6f5c ] Request - Headers: {'Content-Type': 'application/json', 'Accept': 'application/json', 'X-Auth-Token': ''} Body: None Response - Headers: {'status': '404', u'content-length': '134', 'content-location': 'http://10.167.4.35:9696/v2.0/trunks/dafad630-a77b-4c85-be44-5faaee34fe96', u'date': 'Wed, 12 Sep 2018 03:21:48 GMT', u'content-type': 'application/json', u'connection': 'close', u'x-openstack-request-id': 'req-95b31c29-943b-46b3-bf6d-9ac5396c6f5c'} Body: {"NeutronError": {"message": "Trunk dafad630-a77b-4c85-be44-5faaee34fe96 could not be found.", "type": "TrunkNotFound", "detail": ""}} _log_request_full /root/.rally/verification/verifier-62328ff0-8110-4187-9871-6a07a8ca01d5/repo/tempest/lib/common/rest_client.py:434
2018-09-12 03:21:48.069 12758 INFO tempest.lib.common.rest_client [req-685d390c-8168-4f12-b73c-0e11d8a3c077 ] Request (TrunkTest:test_trunk_subport_lifecycle): 200 PUT http://10.167.4.35:9696/v2.0/trunks/976a12a2-95f1-4402-9950-b9d5d91fcd8f/remove_subports 0.120s
2018-09-12 03:21:48.069 12758 DEBUG tempest.lib.common.rest_client [req-685d390c-8168-4f12-b73c-0e11d8a3c077 ] Request - Headers: {'Content-Type': 'application/json', 'Accept': 'application/json', 'X-Auth-Token': ''} Body: {"sub_ports": [{"segmentation_type": "vlan", "port_id": "e7a51e7a-6379-4374-b62a-63d420c784a4", "segmentation_id": 3}, {"segmentation_type": "vlan", "port_id": "217e86c0-02d7-45c5-b2fc-ac9a788805d9", "segmentation_id": 4}, {"segmentation_type": "vlan", "port_id": "9437dd8d-4336-44b8-a501-becb36bcf1eb", "segmentation_id": 5}, {"segmentation_type": "vlan", "port_id": "bdaf0f9e-3b9a-49b4-a9a1-73366ff8a8a2", "segmentation_id": 6}]} Response - Headers: {'status': '200', u'content-length': '396', 'content-location': 'http://10.167.4.35:9696/v2.0/trunks/976a12a2-95f1-4402-9950-b9d5d91fcd8f/remove_subports', u'date': 'Wed, 12 Sep 2018 03:21:48 GMT', u'content-type': 'application/json', u'connection': 'close', u'x-openstack-request-id': 'req-685d390c-8168-4f12-b73c-0e11d8a3c077'} Body: {"status": "DOWN", "sub_ports": [], "name": "", "admin_state_up": true, "tenant_id": "7a5fdf43b77447e29dbb780adaf3f7d2", "created_at": "2018-09-12T03:20:54Z", "tags": [], "updated_at": "2018-09-12T03:21:48Z", "revision_number": 5, "project_id": "7a5fdf43b77447e29dbb780adaf3f7d2", "port_id": "c71164e6-d852-471a-96ac-6f2605efe55b", "id": "976a12a2-95f1-4402-9950-b9d5d91fcd8f", "description": ""} _log_request_full /root/.rally/verification/verifier-62328ff0-8110-4187-9871-6a07a8ca01d5/repo/tempest/lib/common/rest_client.py:434
2018-09-12 03:21:48.080 12761 INFO tempest.lib.common.rest_client [req-8dfc73b5-2915-46b6-8c95-a2f91b4a005e ] Request (TrunkTestJSON:_run_cleanups): 404 GET http://10.167.4.35:9696/v2.0/trunks/065ffce7-5173-42eb-bc38-e22a0d349305 0.016s
2018-09-12 03:21:48.080 12761 DEBUG tempest.lib.common.rest_client [req-8dfc73b5-2915-46b6-8c95-a2f91b4a005e ] Request - Headers: {'Content-Type': 'application/json', 'Accept': 'application/json', 'X-Auth-Token': ''} Body: None Response - Headers: {'status': '404', u'content-length': '134', 'content-location': 'http://10.167.4.35:9696/v2.0/trunks/065ffce7-5173-42eb-bc38-e22a0d349305', u'date': 'Wed, 12 Sep 2018 03:21:48 GMT', u'content-type': 'application/json', u'connection': 'close', u'x-openstack-request-id': 'req-8dfc73b5-2915-46b6-8c95-a2f91b4a005e'} Body: {"NeutronError": {"message": "Trunk 065ffce7-5173-42eb-bc38-e22a0d349305 could not be found.", "type": "TrunkNotFound", "detail": ""}} _log_request_full /root/.rally/verification/verifier-62328ff0-8110-4187-9871-6a07a8ca01d5/repo/tempest/lib/common/rest_client.py:434
2018-09-12 03:21:48.095 12761 INFO tempest.lib.common.rest_client [req-62ae2dca-1cc6-452e-923d-ce65a50d3211 ] Request (TrunkTestJSON:_run_cleanups): 404 GET http://10.167.4.35:9696/v2.0/trunks/9ddd145a-ebc3-4d9f-88ae-8194d8247d43 0.015s
