2018-09-11 10:40:50.625 12761 DEBUG tempest.lib.common.rest_client [req-5441b88e-c460-467c-8bcf-b2c4ee00b01d ] Request - Headers: {'Content-Type': 'application/json', 'Accept': 'application/json', 'X-Auth-Token': ''} Body: None Response - Headers: {'status': '404', u'content-length': '134', 'content-location': 'http://10.167.4.35:9696/v2.0/trunks/8bd80476-61fa-4878-b6db-e4d819920e67/get_subports', u'date': 'Tue, 11 Sep 2018 10:40:50 GMT', u'content-type': 'application/json', u'connection': 'close', u'x-openstack-request-id': 'req-5441b88e-c460-467c-8bcf-b2c4ee00b01d'} Body: {"NeutronError": {"message": "Trunk 8bd80476-61fa-4878-b6db-e4d819920e67 could not be found.", "type": "TrunkNotFound", "detail": ""}} _log_request_full /root/.rally/verification/verifier-ff38552e-0c2e-4446-b7f1-482272a2e700/repo/tempest/lib/common/rest_client.py:434
2018-09-11 10:40:50.661 12761 INFO tempest.lib.common.rest_client [req-8d8ef0b7-2b81-49f5-ae84-536fa1821f9c ] Request (TrunkTestJSON:_run_cleanups): 404 DELETE http://10.167.4.35:9696/v2.0/trunks/8bd80476-61fa-4878-b6db-e4d819920e67 0.035s
2018-09-11 10:40:50.661 12761 DEBUG tempest.lib.common.rest_client [req-8d8ef0b7-2b81-49f5-ae84-536fa1821f9c ] Request - Headers: {'Content-Type': 'application/json', 'Accept': 'application/json', 'X-Auth-Token': ''} Body: None Response - Headers: {'status': '404', u'content-length': '134', 'content-location': 'http://10.167.4.35:9696/v2.0/trunks/8bd80476-61fa-4878-b6db-e4d819920e67', u'date': 'Tue, 11 Sep 2018 10:40:50 GMT', u'content-type': 'application/json', u'connection': 'close', u'x-openstack-request-id': 'req-8d8ef0b7-2b81-49f5-ae84-536fa1821f9c'} Body: {"NeutronError": {"message": "Trunk 8bd80476-61fa-4878-b6db-e4d819920e67 could not be found.", "type": "TrunkNotFound", "detail": ""}} _log_request_full /root/.rally/verification/verifier-ff38552e-0c2e-4446-b7f1-482272a2e700/repo/tempest/lib/common/rest_client.py:434
2018-09-11 10:40:50.686 12761 INFO tempest.lib.common.rest_client [req-36001ced-7d65-423c-8baa-1f3804d850af ] Request (TrunkTestJSON:_run_cleanups): 404 GET http://10.167.4.35:9696/v2.0/trunks/58e5fb42-33a5-43c0-9055-5ca7a8dafe4d/get_subports 0.024s
2018-09-11 10:40:50.687 12761 DEBUG tempest.lib.common.rest_client [req-36001ced-7d65-423c-8baa-1f3804d850af ] Request - Headers: {'Content-Type': 'application/json', 'Accept': 'application/json', 'X-Auth-Token': ''} Body: None Response - Headers: {'status': '404', u'content-length': '134', 'content-location': 'http://10.167.4.35:9696/v2.0/trunks/58e5fb42-33a5-43c0-9055-5ca7a8dafe4d/get_subports', u'date': 'Tue, 11 Sep 2018 10:40:50 GMT', u'content-type': 'application/json', u'connection': 'close', u'x-openstack-request-id': 'req-36001ced-7d65-423c-8baa-1f3804d850af'} Body: {"NeutronError": {"message": "Trunk 58e5fb42-33a5-43c0-9055-5ca7a8dafe4d could not be found.", "type": "TrunkNotFound", "detail": ""}} _log_request_full /root/.rally/verification/verifier-ff38552e-0c2e-4446-b7f1-482272a2e700/repo/tempest/lib/common/rest_client.py:434
2018-09-11 10:40:50.714 12761 INFO tempest.lib.common.rest_client [req-c5d51885-d40d-4866-a6f8-d7f2de29d988 ] Request (TrunkTestJSON:_run_cleanups): 404 DELETE http://10.167.4.35:9696/v2.0/trunks/58e5fb42-33a5-43c0-9055-5ca7a8dafe4d 0.027s
2018-09-11 10:40:50.715 12761 DEBUG tempest.lib.common.rest_client [req-c5d51885-d40d-4866-a6f8-d7f2de29d988 ] Request - Headers: {'Content-Type': 'application/json', 'Accept': 'application/json', 'X-Auth-Token': ''} Body: None Response - Headers: {'status': '404', u'content-length': '134', 'content-location': 'http://10.167.4.35:9696/v2.0/trunks/58e5fb42-33a5-43c0-9055-5ca7a8dafe4d', u'date': 'Tue, 11 Sep 2018 10:40:50 GMT', u'content-type': 'application/json', u'connection': 'close', u'x-openstack-request-id': 'req-c5d51885-d40d-4866-a6f8-d7f2de29d988'} Body: {"NeutronError": {"message": "Trunk 58e5fb42-33a5-43c0-9055-5ca7a8dafe4d could not be found.", "type": "TrunkNotFound", "detail": ""}} _log_request_full /root/.rally/verification/verifier-ff38552e-0c2e-4446-b7f1-482272a2e700/repo/tempest/lib/common/rest_client.py:434
2018-09-11 10:40:50.739 12761 INFO tempest.lib.common.rest_client [req-1dacbc99-9831-4dd9-bc1e-d5a287ff4c97 ] Request (TrunkTestJSON:_run_cleanups): 404 GET http://10.167.4.35:9696/v2.0/trunks/21acb890-a1cb-40d3-843f-aedd51f0f41e 0.023s
2018-09-11 10:40:50.739 12761 DEBUG tempest.lib.common.rest_client [req-1dacbc99-9831-4dd9-bc1e-d5a287ff4c97 ] Request - Headers: {'Content-Type': 'application/json', 'Accept': 'application/json', 'X-Auth-Token': ''} Body: None Response - Headers: {'status': '404', u'content-length': '134', 'content-location': 'http://10.167.4.35:9696/v2.0/trunks/21acb890-a1cb-40d3-843f-aedd51f0f41e', u'date': 'Tue, 11 Sep 2018 10:40:50 GMT', u'content-type': 'application/json', u'connection': 'close', u'x-openstack-request-id': 'req-1dacbc99-9831-4dd9-bc1e-d5a287ff4c97'} Body: {"NeutronError": {"message": "Trunk 21acb890-a1cb-40d3-843f-aedd51f0f41e could not be found.", "type": "TrunkNotFound", "detail": ""}} _log_request_full /root/.rally/verification/verifier-ff38552e-0c2e-4446-b7f1-482272a2e700/repo/tempest/lib/common/rest_client.py:434
2018-09-11 10:40:50.785 12761 INFO tempest.lib.common.rest_client [req-a623688f-5acb-4373-9f1d-2647b39d9e68 ] Request (TrunkTestJSON:_run_cleanups): 404 GET http://10.167.4.35:9696/v2.0/trunks/71edebd9-e450-4f88-a9bd-17b8744924a3 0.045s
2018-09-11 10:40:50.785 12761 DEBUG tempest.lib.common.rest_client [req-a623688f-5acb-4373-9f1d-2647b39d9e68 ] Request - Headers: {'Content-Type': 'application/json', 'Accept': 'application/json', 'X-Auth-Token': ''} Body: None Response - Headers: {'status': '404', u'content-length': '134', 'content-location': 'http://10.167.4.35:9696/v2.0/trunks/71edebd9-e450-4f88-a9bd-17b8744924a3', u'date': 'Tue, 11 Sep 2018 10:40:50 GMT', u'content-type': 'application/json', u'connection': 'close', u'x-openstack-request-id': 'req-a623688f-5acb-4373-9f1d-2647b39d9e68'} Body: {"NeutronError": {"message": "Trunk 71edebd9-e450-4f88-a9bd-17b8744924a3 could not be found.", "type": "TrunkNotFound", "detail": ""}} _log_request_full /root/.rally/verification/verifier-ff38552e-0c2e-4446-b7f1-482272a2e700/repo/tempest/lib/common/rest_client.py:434
2018-09-11 10:40:50.808 12761 INFO tempest.lib.common.rest_client [req-c2533241-2ab2-44fe-a1de-737d0462b084 ] Request (TrunkTestJSON:_run_cleanups): 404 GET http://10.167.4.35:9696/v2.0/trunks/e6483a76-b66a-41cd-a2b0-7afd02699335 0.022s
2018-09-11 10:40:50.808 12761 DEBUG tempest.lib.common.rest_client [req-c2533241-2ab2-44fe-a1de-737d0462b084 ] Request - Headers: {'Content-Type': 'application/json', 'Accept': 'application/json', 'X-Auth-Token': ''} Body: None Response - Headers: {'status': '404', u'content-length': '134', 'content-location': 'http://10.167.4.35:9696/v2.0/trunks/e6483a76-b66a-41cd-a2b0-7afd02699335', u'date': 'Tue, 11 Sep 2018 10:40:50 GMT', u'content-type': 'application/json', u'connection': 'close', u'x-openstack-request-id': 'req-c2533241-2ab2-44fe-a1de-737d0462b084'} Body: {"NeutronError": {"message": "Trunk e6483a76-b66a-41cd-a2b0-7afd02699335 could not be found.", "type": "TrunkNotFound", "detail": ""}} _log_request_full /root/.rally/verification/verifier-ff38552e-0c2e-4446-b7f1-482272a2e700/repo/tempest/lib/common/rest_client.py:434
2018-09-11 10:40:50.828 12761 INFO tempest.lib.common.rest_client [req-3dba0039-2adf-421b-a914-62acdf7ada45 ] Request (TrunkTestJSON:_run_cleanups): 404 GET http://10.167.4.35:9696/v2.0/trunks/0ac62c3c-91d2-4c27-96a0-a4016824c480 0.019s
2018-09-11 10:40:50.828 12761 DEBUG tempest.lib.common.rest_client [req-3dba0039-2adf-421b-a914-62acdf7ada45 ] Request - Headers: {'Content-Type': 'application/json', 'Accept': 'application/json', 'X-Auth-Token': ''} Body: None Response - Headers: {'status': '404', u'content-length': '134', 'content-location': 'http://10.167.4.35:9696/v2.0/trunks/0ac62c3c-91d2-4c27-96a0-a4016824c480', u'date': 'Tue, 11 Sep 2018 10:40:50 GMT', u'content-type': 'application/json', u'connection': 'close', u'x-openstack-request-id': 'req-3dba0039-2adf-421b-a914-62acdf7ada45'} Body: {"NeutronError": {"message": "Trunk 0ac62c3c-91d2-4c27-96a0-a4016824c480 could not be found.", "type": "TrunkNotFound", "detail": ""}} _log_request_full /root/.rally/verification/verifier-ff38552e-0c2e-4446-b7f1-482272a2e700/repo/tempest/lib/common/rest_client.py:434
2018-09-11 10:40:50.848 12761 INFO tempest.lib.common.rest_client [req-7dc4f777-0f59-487c-83c3-805dde7af372 ] Request (TrunkTestJSON:_run_cleanups): 404 GET http://10.167.4.35:9696/v2.0/trunks/8ca60056-fb3a-4fae-83ca-4b542c6ac2f2 0.018s
2018-09-11 10:40:50.848 12761 DEBUG tempest.lib.common.rest_client [req-7dc4f777-0f59-487c-83c3-805dde7af372 ] Request - Headers: {'Content-Type': 'application/json', 'Accept': 'application/json', 'X-Auth-Token': ''} Body: None Response - Headers: {'status': '404', u'content-length': '134', 'content-location': 'http://10.167.4.35:9696/v2.0/trunks/8ca60056-fb3a-4fae-83ca-4b542c6ac2f2', u'date': 'Tue, 11 Sep 2018 10:40:50 GMT', u'content-type': 'application/json', u'connection': 'close', u'x-openstack-request-id': 'req-7dc4f777-0f59-487c-83c3-805dde7af372'} Body: {"NeutronError": {"message": "Trunk 8ca60056-fb3a-4fae-83ca-4b542c6ac2f2 could not be found.", "type": "TrunkNotFound", "detail": ""}} _log_request_full /root/.rally/verification/verifier-ff38552e-0c2e-4446-b7f1-482272a2e700/repo/tempest/lib/common/rest_client.py:434
2018-09-11 10:40:50.867 12761 INFO tempest.lib.common.rest_client [req-ca150e4b-d9d7-41f5-bdfb-3abdf443ed2d ] Request (TrunkTestJSON:_run_cleanups): 404 GET http://10.167.4.35:9696/v2.0/trunks/8bd80476-61fa-4878-b6db-e4d819920e67 0.018s
2018-09-11 10:40:50.867 12761 DEBUG tempest.lib.common.rest_client [req-ca150e4b-d9d7-41f5-bdfb-3abdf443ed2d ] Request - Headers: {'Content-Type': 'application/json', 'Accept': 'application/json', 'X-Auth-Token': ''} Body: None Response - Headers: {'status': '404', u'content-length': '134', 'content-location': 'http://10.167.4.35:9696/v2.0/trunks/8bd80476-61fa-4878-b6db-e4d819920e67', u'date': 'Tue, 11 Sep 2018 10:40:50 GMT', u'content-type': 'application/json', u'connection': 'close', u'x-openstack-request-id': 'req-ca150e4b-d9d7-41f5-bdfb-3abdf443ed2d'} Body: {"NeutronError": {"message": "Trunk 8bd80476-61fa-4878-b6db-e4d819920e67 could not be found.", "type": "TrunkNotFound", "detail": ""}} _log_request_full /root/.rally/verification/verifier-ff38552e-0c2e-4446-b7f1-482272a2e700/repo/tempest/lib/common/rest_client.py:434
2018-09-11 10:40:50.886 12761 INFO tempest.lib.common.rest_client [req-aa63f332-949d-4b97-8066-9c0dbbac63c6 ] Request (TrunkTestJSON:_run_cleanups): 404 GET http://10.167.4.35:9696/v2.0/trunks/58e5fb42-33a5-43c0-9055-5ca7a8dafe4d 0.018s
2018-09-11 10:40:50.886 12761 DEBUG tempest.lib.common.rest_client [req-aa63f332-949d-4b97-8066-9c0dbbac63c6 ] Request - Headers: {'Content-Type': 'application/json', 'Accept': 'application/json', 'X-Auth-Token': ''} Body: None Response - Headers: {'status': '404', u'content-length': '134', 'content-location': 'http://10.167.4.35:9696/v2.0/trunks/58e5fb42-33a5-43c0-9055-5ca7a8dafe4d', u'date': 'Tue, 11 Sep 2018 10:40:50 GMT', u'content-type': 'application/json', u'connection': 'close', u'x-openstack-request-id': 'req-aa63f332-949d-4b97-8066-9c0dbbac63c6'} Body: {"NeutronError": {"message": "Trunk 58e5fb42-33a5-43c0-9055-5ca7a8dafe4d could not be found.", "type": "TrunkNotFound", "detail": ""}} _log_request_full /root/.rally/verification/verifier-ff38552e-0c2e-4446-b7f1-482272a2e700/repo/tempest/lib/common/rest_client.py:434
2018-09-11 10:40:50.933 12761 INFO tempest.lib.common.rest_client [req-0a21f0e5-ffc2-4cd7-b53f-20a2f2dd9b35 ] Request (TrunkTestJSON:_run_cleanups): 404 DELETE http://10.167.4.35:9696/v2.0/ports/c96b15cc-a6c0-48b4-9961-50605363368d 0.045s
2018-09-11 10:40:50.933 12761 DEBUG tempest.lib.common.rest_client [req-0a21f0e5-ffc2-4cd7-b53f-20a2f2dd9b35 ] Request - Headers: {'Content-Type': 'application/json', 'Accept': 'application/json', 'X-Auth-Token': ''} Body: None Response - Headers: {'status': '404', u'content-length': '132', 'content-location': 'http://10.167.4.35:9696/v2.0/ports/c96b15cc-a6c0-48b4-9961-50605363368d', u'date': 'Tue, 11 Sep 2018 10:40:50 GMT', u'content-type': 'application/json', u'connection': 'close', u'x-openstack-request-id': 'req-0a21f0e5-ffc2-4cd7-b53f-20a2f2dd9b35'} Body: {"NeutronError": {"message": "Port c96b15cc-a6c0-48b4-9961-50605363368d could not be found.", "type": "PortNotFound", "detail": ""}} _log_request_full /root/.rally/verification/verifier-ff38552e-0c2e-4446-b7f1-482272a2e700/repo/tempest/lib/common/rest_client.py:434
2018-09-11 10:40:50.977 12761 INFO tempest.lib.common.rest_client [req-d4d4a6aa-0cea-43ef-af7d-e7ab889b0c93 ] Request (TrunkTestJSON:_run_cleanups): 404 DELETE http://10.167.4.35:9696/v2.0/ports/411cecf6-2c80-44e1-b087-68599e483a6c 0.042s
2018-09-11 10:40:50.977 12761 DEBUG tempest.lib.common.rest_client [req-d4d4a6aa-0cea-43ef-af7d-e7ab889b0c93 ] Request - Headers: {'Content-Type': 'application/json', 'Accept': 'application/json', 'X-Auth-Token': ''} Body: None Response - Headers: {'status': '404', u'content-length': '132', 'content-location': 'http://10.167.4.35:9696/v2.0/ports/411cecf6-2c80-44e1-b087-68599e483a6c', u'date': 'Tue, 11 Sep 2018 10:40:50 GMT', u'content-type': 'application/json', u'connection': 'close', u'x-openstack-request-id': 'req-d4d4a6aa-0cea-43ef-af7d-e7ab889b0c93'} Body: {"NeutronError": {"message": "Port 411cecf6-2c80-44e1-b087-68599e483a6c could not be found.", "type": "PortNotFound", "detail": ""}} _log_request_full /root/.rally/verification/verifier-ff38552e-0c2e-4446-b7f1-482272a2e700/repo/tempest/lib/common/rest_client.py:434
2018-09-11 10:40:51.015 12761 INFO tempest.lib.common.rest_client [req-b10c2407-efa5-438d-9f4b-f6bd30486e4e ] Request (TrunkTestJSON:_run_cleanups): 404 DELETE http://10.167.4.35:9696/v2.0/ports/30a8936a-9991-4f35-8ea2-345651ba3556 0.037s
2018-09-11 10:40:51.016 12761 DEBUG tempest.lib.common.rest_client [req-b10c2407-efa5-438d-9f4b-f6bd30486e4e ] Request - Headers: {'Content-Type': 'application/json', 'Accept': 'application/json', 'X-Auth-Token': ''} Body: None Response - Headers: {'status': '404', u'content-length': '132', 'content-location': 'http://10.167.4.35:9696/v2.0/ports/30a8936a-9991-4f35-8ea2-345651ba3556', u'date': 'Tue, 11 Sep 2018 10:40:51 GMT', u'content-type': 'application/json', u'connection': 'close', u'x-openstack-request-id': 'req-b10c2407-efa5-438d-9f4b-f6bd30486e4e'} Body: {"NeutronError": {"message": "Port 30a8936a-9991-4f35-8ea2-345651ba3556 could not be found.", "type": "PortNotFound", "detail": ""}} _log_request_full /root/.rally/verification/verifier-ff38552e-0c2e-4446-b7f1-482272a2e700/repo/tempest/lib/common/rest_client.py:434
2018-09-11 10:40:51.071 12761 INFO tempest.lib.common.rest_client [req-3cc6fe86-9d86-4314-89d7-f67214bb6f7a ] Request (TrunkTestJSON:_run_cleanups): 404 DELETE http://10.167.4.35:9696/v2.0/ports/7334eed0-6a41-4a35-9d7b-aa86ac9bea43 0.055s
2018-09-11 10:40:51.072 12761 DEBUG tempest.lib.common.rest_client [req-3cc6fe86-9d86-4314-89d7-f67214bb6f7a ] Request - Headers: {'Content-Type': 'application/json', 'Accept': 'application/json', 'X-Auth-Token': ''} Body: None Response - Headers: {'status': '404', u'content-length': '132', 'content-location': 'http://10.167.4.35:9696/v2.0/ports/7334eed0-6a41-4a35-9d7b-aa86ac9bea43', u'date': 'Tue, 11 Sep 2018 10:40:51 GMT', u'content-type': 'application/json', u'connection': 'close', u'x-openstack-request-id': 'req-3cc6fe86-9d86-4314-89d7-f67214bb6f7a'} Body: {"NeutronError": {"message": "Port 7334eed0-6a41-4a35-9d7b-aa86ac9bea43 could not be found.", "type": "PortNotFound", "detail": ""}} _log_request_full /root/.rally/verification/verifier-ff38552e-0c2e-4446-b7f1-482272a2e700/repo/tempest/lib/common/rest_client.py:434
2018-09-11 10:40:51.121 12761 INFO tempest.lib.common.rest_client [req-50a604dd-056d-467a-9efc-d5600ef7c20d ] Request (TrunkTestJSON:_run_cleanups): 404 DELETE http://10.167.4.35:9696/v2.0/ports/15ee51c2-c490-4c11-8578-6fd5f6d8d939 0.048s
2018-09-11 10:40:51.122 12761 DEBUG tempest.lib.common.rest_client [req-50a604dd-056d-467a-9efc-d5600ef7c20d ] Request - Headers: {'Content-Type': 'application/json', 'Accept': 'application/json', 'X-Auth-Token': ''} Body: None Response - Headers: {'status': '404', u'content-length': '132', 'content-location': 'http://10.167.4.35:9696/v2.0/ports/15ee51c2-c490-4c11-8578-6fd5f6d8d939', u'date': 'Tue, 11 Sep 2018 10:40:51 GMT', u'content-type': 'application/json', u'connection': 'close', u'x-openstack-request-id': 'req-50a604dd-056d-467a-9efc-d5600ef7c20d'} Body: {"NeutronError": {"message": "Port 15ee51c2-c490-4c11-8578-6fd5f6d8d939 could not be found.", "type": "PortNotFound", "detail": ""}} _log_request_full /root/.rally/verification/verifier-ff38552e-0c2e-4446-b7f1-482272a2e700/repo/tempest/lib/common/rest_client.py:434
2018-09-11 10:40:51.164 12761 INFO tempest.lib.common.rest_client [req-f0fbaf40-dab2-4b89-8ae5-019ad1be83ce ] Request (TrunkTestJSON:_run_cleanups): 404 DELETE http://10.167.4.35:9696/v2.0/ports/02d7fbc4-e132-4421-a992-ccf0503330d9 0.042s
2018-09-11 10:40:51.165 12761 DEBUG tempest.lib.common.rest_client [req-f0fbaf40-dab2-4b89-8ae5-019ad1be83ce ] Request - Headers: {'Content-Type': 'application/json', 'Accept': 'application/json', 'X-Auth-Token': ''} Body: None Response - Headers: {'status': '404', u'content-length': '132', 'content-location': 'http://10.167.4.35:9696/v2.0/ports/02d7fbc4-e132-4421-a992-ccf0503330d9', u'date': 'Tue, 11 Sep 2018 10:40:51 GMT', u'content-type': 'application/json', u'connection': 'close', u'x-openstack-request-id': 'req-f0fbaf40-dab2-4b89-8ae5-019ad1be83ce'} Body: {"NeutronError": {"message": "Port 02d7fbc4-e132-4421-a992-ccf0503330d9 could not be found.", "type": "PortNotFound", "detail": ""}} _log_request_full /root/.rally/verification/verifier-ff38552e-0c2e-4446-b7f1-482272a2e700/repo/tempest/lib/common/rest_client.py:434
2018-09-11 10:40:51.244 12761 INFO tempest.lib.common.rest_client [req-174c8bf4-5a72-474e-8d12-cc23360584a8 ] Request (TrunkTestJSON:_run_cleanups): 404 DELETE http://10.167.4.35:9696/v2.0/ports/1b4dccb1-b9d2-40c2-b91b-1e2adf9c242b 0.078s
2018-09-11 10:40:51.245 12761 DEBUG tempest.lib.common.rest_client [req-174c8bf4-5a72-474e-8d12-cc23360584a8 ] Request - Headers: {'Content-Type': 'application/json', 'Accept': 'application/json', 'X-Auth-Token': ''} Body: None Response - Headers: {'status': '404', u'content-length': '132', 'content-location': 'http://10.167.4.35:9696/v2.0/ports/1b4dccb1-b9d2-40c2-b91b-1e2adf9c242b', u'date': 'Tue, 11 Sep 2018 10:40:51 GMT', u'content-type': 'application/json', u'connection': 'close', u'x-openstack-request-id': 'req-174c8bf4-5a72-474e-8d12-cc23360584a8'} Body: {"NeutronError": {"message": "Port 1b4dccb1-b9d2-40c2-b91b-1e2adf9c242b could not be found.", "type": "PortNotFound", "detail": ""}} _log_request_full /root/.rally/verification/verifier-ff38552e-0c2e-4446-b7f1-482272a2e700/repo/tempest/lib/common/rest_client.py:434
2018-09-11 10:40:51.705 12765 INFO tempest.lib.common.rest_client [req-06615b00-05ed-45b7-ad06-50f0a51c2e7a ] Request (TrunkTestJSON:test_create_subport_nonexistent_port_id): 201 POST http://10.167.4.35:9696/v2.0/ports 1.571s
2018-09-11 10:40:51.705 12765 DEBUG tempest.lib.common.rest_client [req-06615b00-05ed-45b7-ad06-50f0a51c2e7a ] Request - Headers: {'Content-Type': 'application/json', 'Accept': 'application/json', 'X-Auth-Token': ''} Body: {"port": {"network_id": "11aa6c60-bc96-47de-94de-506652f03014"}} Response - Headers: {'status': '201', u'content-length': '615', 'content-location': 'http://10.167.4.35:9696/v2.0/ports', u'date': 'Tue, 11 Sep 2018 10:40:51 GMT', u'content-type': 'application/json', u'connection': 'close', u'x-openstack-request-id': 'req-06615b00-05ed-45b7-ad06-50f0a51c2e7a'} Body: {"port":{"status":"DOWN","created_at":"2018-09-11T10:40:50Z","description":"","allowed_address_pairs":[],"tags":[],"network_id":"11aa6c60-bc96-47de-94de-506652f03014","tenant_id":"fcc2309789b74112933049e2e6f26f56","extra_dhcp_opts":[],"admin_state_up":true,"updated_at":"2018-09-11T10:40:50Z","name":"","device_owner":"","revision_number":5,"mac_address":"fa:16:3e:32:bf:c7","binding:vnic_type":"normal","port_security_enabled":true,"project_id":"fcc2309789b74112933049e2e6f26f56","fixed_ips":[],"id":"44c5e029-2425-4e56-a9f9-e622815d49f0","security_groups":["2a612c17-b34d-4892-b740-0f372af76c00"],"device_id":""}} _log_request_full /root/.rally/verification/verifier-ff38552e-0c2e-4446-b7f1-482272a2e700/repo/tempest/lib/common/rest_client.py:434
2018-09-11 10:40:52.211 12761 INFO tempest.lib.common.rest_client [req-7c68fc56-9737-4cd0-92fb-7462478bd49d ] Request (TrunkTestJSON:_run_cleanups): 204 DELETE http://10.167.4.35:9696/v2.0/ports/35bf87ea-a674-4992-a0b6-62cc3d18985f 0.965s
2018-09-11 10:40:52.211 12761 DEBUG tempest.lib.common.rest_client [req-7c68fc56-9737-4cd0-92fb-7462478bd49d ] Request - Headers: {'Content-Type': 'application/json', 'Accept': 'application/json', 'X-Auth-Token': ''} Body: None Response - Headers: {'status': '204', u'content-length': '0', 'content-location': 'http://10.167.4.35:9696/v2.0/ports/35bf87ea-a674-4992-a0b6-62cc3d18985f', u'date': 'Tue, 11 Sep 2018 10:40:52 GMT', u'connection': 'close', u'x-openstack-request-id': 'req-7c68fc56-9737-4cd0-92fb-7462478bd49d'} Body: _log_request_full /root/.rally/verification/verifier-ff38552e-0c2e-4446-b7f1-482272a2e700/repo/tempest/lib/common/rest_client.py:434
2018-09-11 10:40:52.223 12765 INFO tempest.lib.common.rest_client [req-31aa7738-898c-46b8-bdc5-bb200806cfd6 ] Request (TrunkTestJSON:test_create_subport_nonexistent_port_id): 201 POST http://10.167.4.35:9696/v2.0/trunks 0.516s
2018-09-11 10:40:52.223 12765 DEBUG tempest.lib.common.rest_client [req-31aa7738-898c-46b8-bdc5-bb200806cfd6 ] Request - Headers: {'Content-Type': 'application/json', 'Accept': 'application/json', 'X-Auth-Token': ''} Body: {"trunk": {"sub_ports": [], "port_id": "44c5e029-2425-4e56-a9f9-e622815d49f0"}} Response - Headers: {'status': '201', u'content-length': '409', 'content-location': 'http://10.167.4.35:9696/v2.0/trunks', u'date': 'Tue, 11 Sep 2018 10:40:52 GMT', u'content-type': 'application/json', u'connection': 'close', u'x-openstack-request-id': 'req-31aa7738-898c-46b8-bdc5-bb200806cfd6'} Body: {"trunk": {"status": "ACTIVE", "sub_ports": [], "name": "", "admin_state_up": true, "tenant_id": "fcc2309789b74112933049e2e6f26f56", "created_at": "2018-09-11T10:40:52Z", "tags": [], "updated_at": "2018-09-11T10:40:52Z", "revision_number": 1, "project_id": "fcc2309789b74112933049e2e6f26f56", "port_id": "44c5e029-2425-4e56-a9f9-e622815d49f0", "id": "4895a25e-e097-4a4e-b47c-866bed4abf7e", "description": ""}} _log_request_full /root/.rally/verification/verifier-ff38552e-0c2e-4446-b7f1-482272a2e700/repo/tempest/lib/common/rest_client.py:434
2018-09-11 10:40:52.425 12762 INFO paramiko.transport [-] Connected (version 2.0, client dropbear_2015.67)
2018-09-11 10:40:52.492 12762 INFO paramiko.transport [-] Authentication (publickey) successful!
2018-09-11 10:40:52.518 12765 INFO tempest.lib.common.rest_client [req-8e8e96ab-a1aa-4208-aefc-fc5f3416f32d ] Request (TrunkTestJSON:test_create_subport_nonexistent_port_id): 404 PUT http://10.167.4.35:9696/v2.0/trunks/4895a25e-e097-4a4e-b47c-866bed4abf7e/add_subports 0.294s
2018-09-11 10:40:52.519 12765 DEBUG tempest.lib.common.rest_client [req-8e8e96ab-a1aa-4208-aefc-fc5f3416f32d ] Request - Headers: {'Content-Type': 'application/json', 'Accept': 'application/json', 'X-Auth-Token': ''} Body: {"sub_ports": [{"segmentation_type": "vlan", "port_id": "d8c149e9-3f89-4122-99c5-0bb852cbbe82", "segmentation_id": 2}]} Response - Headers: {'status': '404', u'content-length': '132', 'content-location': 'http://10.167.4.35:9696/v2.0/trunks/4895a25e-e097-4a4e-b47c-866bed4abf7e/add_subports', u'date': 'Tue, 11 Sep 2018 10:40:52 GMT', u'content-type': 'application/json', u'connection': 'close', u'x-openstack-request-id': 'req-8e8e96ab-a1aa-4208-aefc-fc5f3416f32d'} Body: {"NeutronError": {"message": "Port d8c149e9-3f89-4122-99c5-0bb852cbbe82 could not be found.", "type": "PortNotFound", "detail": ""}} _log_request_full /root/.rally/verification/verifier-ff38552e-0c2e-4446-b7f1-482272a2e700/repo/tempest/lib/common/rest_client.py:434
2018-09-11 10:40:52.522 12762 INFO tempest.lib.common.ssh [-] ssh connection to cirros@172.30.10.124 successfully created
2018-09-11 10:40:52.541 12765 INFO tempest.lib.common.rest_client [req-d4c1b891-fdbd-418f-86e4-c28efc638f6b ] Request (TrunkTestJSON:_run_cleanups): 404 GET http://10.167.4.35:9696/v2.0/trunks/bbcbb578-6b2d-4101-9144-35315539b5c9/get_subports 0.020s
2018-09-11 10:40:52.541 12765 DEBUG tempest.lib.common.rest_client [req-d4c1b891-fdbd-418f-86e4-c28efc638f6b ] Request - Headers: {'Content-Type': 'application/json', 'Accept': 'application/json', 'X-Auth-Token': ''} Body: None Response - Headers: {'status': '404', u'content-length': '134', 'content-location': 'http://10.167.4.35:9696/v2.0/trunks/bbcbb578-6b2d-4101-9144-35315539b5c9/get_subports', u'date': 'Tue, 11 Sep 2018 10:40:52 GMT', u'content-type': 'application/json', u'connection': 'close', u'x-openstack-request-id': 'req-d4c1b891-fdbd-418f-86e4-c28efc638f6b'} Body: {"NeutronError": {"message": "Trunk bbcbb578-6b2d-4101-9144-35315539b5c9 could not be found.", "type": "TrunkNotFound", "detail": ""}} _log_request_full /root/.rally/verification/verifier-ff38552e-0c2e-4446-b7f1-482272a2e700/repo/tempest/lib/common/rest_client.py:434
2018-09-11 10:40:52.565 12765 INFO tempest.lib.common.rest_client [req-52b5b216-275c-4fdc-aebf-992f92019724 ] Request (TrunkTestJSON:_run_cleanups): 404 DELETE http://10.167.4.35:9696/v2.0/trunks/bbcbb578-6b2d-4101-9144-35315539b5c9 0.023s
2018-09-11 10:40:52.566 12765 DEBUG tempest.lib.common.rest_client [req-52b5b216-275c-4fdc-aebf-992f92019724 ] Request - Headers: {'Content-Type': 'application/json', 'Accept': 'application/json', 'X-Auth-Token': ''} Body: None Response - Headers: {'status': '404', u'content-length': '134', 'content-location': 'http://10.167.4.35:9696/v2.0/trunks/bbcbb578-6b2d-4101-9144-35315539b5c9', u'date': 'Tue, 11 Sep 2018 10:40:52 GMT', u'content-type': 'application/json', u'connection': 'close', u'x-openstack-request-id': 'req-52b5b216-275c-4fdc-aebf-992f92019724'} Body: {"NeutronError": {"message": "Trunk bbcbb578-6b2d-4101-9144-35315539b5c9 could not be found.", "type": "TrunkNotFound", "detail": ""}} _log_request_full /root/.rally/verification/verifier-ff38552e-0c2e-4446-b7f1-482272a2e700/repo/tempest/lib/common/rest_client.py:434
2018-09-11 10:40:52.587 12765 INFO tempest.lib.common.rest_client [req-7208f429-218e-4c28-9290-0bcfd467c12f ] Request (TrunkTestJSON:_run_cleanups): 404 GET http://10.167.4.35:9696/v2.0/trunks/ee1b7247-60c7-4693-84f2-66fdc6250f96/get_subports 0.020s
2018-09-11 10:40:52.587 12765 DEBUG tempest.lib.common.rest_client [req-7208f429-218e-4c28-9290-0bcfd467c12f ] Request - Headers: {'Content-Type': 'application/json', 'Accept': 'application/json', 'X-Auth-Token': ''} Body: None Response - Headers: {'status': '404', u'content-length': '134', 'content-location': 'http://10.167.4.35:9696/v2.0/trunks/ee1b7247-60c7-4693-84f2-66fdc6250f96/get_subports', u'date': 'Tue, 11 Sep 2018 10:40:52 GMT', u'content-type': 'application/json', u'connection': 'close', u'x-openstack-request-id': 'req-7208f429-218e-4c28-9290-0bcfd467c12f'} Body: {"NeutronError": {"message": "Trunk ee1b7247-60c7-4693-84f2-66fdc6250f96 could not be found.", "type": "TrunkNotFound", "detail": ""}} _log_request_full /root/.rally/verification/verifier-ff38552e-0c2e-4446-b7f1-482272a2e700/repo/tempest/lib/common/rest_client.py:434
2018-09-11 10:40:52.609 12765 INFO tempest.lib.common.rest_client [req-80a93ea2-dba5-4432-89fa-cf770c0137d6 ] Request (TrunkTestJSON:_run_cleanups): 404 DELETE http://10.167.4.35:9696/v2.0/trunks/ee1b7247-60c7-4693-84f2-66fdc6250f96 0.020s
2018-09-11 10:40:52.609 12765 DEBUG tempest.lib.common.rest_client [req-80a93ea2-dba5-4432-89fa-cf770c0137d6 ] Request - Headers: {'Content-Type': 'application/json', 'Accept': 'application/json', 'X-Auth-Token': ''} Body: None Response - Headers: {'status': '404', u'content-length': '134', 'content-location': 'http://10.167.4.35:9696/v2.0/trunks/ee1b7247-60c7-4693-84f2-66fdc6250f96', u'date': 'Tue, 11 Sep 2018 10:40:52 GMT', u'content-type': 'application/json', u'connection': 'close', u'x-openstack-request-id': 'req-80a93ea2-dba5-4432-89fa-cf770c0137d6'} Body: {"NeutronError": {"message": "Trunk ee1b7247-60c7-4693-84f2-66fdc6250f96 could not be found.", "type": "TrunkNotFound", "detail": ""}} _log_request_full /root/.rally/verification/verifier-ff38552e-0c2e-4446-b7f1-482272a2e700/repo/tempest/lib/common/rest_client.py:434
2018-09-11 10:40:52.635 12765 INFO tempest.lib.common.rest_client [req-4abd5729-f22b-4e07-8eac-6a5c2b81d902 ] Request (TrunkTestJSON:_run_cleanups): 404 GET http://10.167.4.35:9696/v2.0/trunks/eb2fa73d-3484-4f88-9200-064e7b719b1d/get_subports 0.025s
2018-09-11 10:40:52.635 12765 DEBUG tempest.lib.common.rest_client [req-4abd5729-f22b-4e07-8eac-6a5c2b81d902 ] Request - Headers: {'Content-Type': 'application/json', 'Accept': 'application/json', 'X-Auth-Token': ''} Body: None Response - Headers: {'status': '404', u'content-length': '134', 'content-location': 'http://10.167.4.35:9696/v2.0/trunks/eb2fa73d-3484-4f88-9200-064e7b719b1d/get_subports', u'date': 'Tue, 11 Sep 2018 10:40:52 GMT', u'content-type': 'application/json', u'connection': 'close', u'x-openstack-request-id': 'req-4abd5729-f22b-4e07-8eac-6a5c2b81d902'} Body: {"NeutronError": {"message": "Trunk eb2fa73d-3484-4f88-9200-064e7b719b1d could not be found.", "type": "TrunkNotFound", "detail": ""}} _log_request_full /root/.rally/verification/verifier-ff38552e-0c2e-4446-b7f1-482272a2e700/repo/tempest/lib/common/rest_client.py:434
2018-09-11 10:40:52.688 12765 INFO tempest.lib.common.rest_client [req-4ad9eebf-cf14-47ee-9fe6-de0f60417a99 ] Request (TrunkTestJSON:_run_cleanups): 404 DELETE http://10.167.4.35:9696/v2.0/trunks/eb2fa73d-3484-4f88-9200-064e7b719b1d 0.051s
2018-09-11 10:40:52.688 12765 DEBUG tempest.lib.common.rest_client [req-4ad9eebf-cf14-47ee-9fe6-de0f60417a99 ] Request - Headers: {'Content-Type': 'application/json', 'Accept': 'application/json', 'X-Auth-Token': ''} Body: None Response - Headers: {'status': '404', u'content-length': '134', 'content-location': 'http://10.167.4.35:9696/v2.0/trunks/eb2fa73d-3484-4f88-9200-064e7b719b1d', u'date': 'Tue, 11 Sep 2018 10:40:52 GMT', u'content-type': 'application/json', u'connection': 'close', u'x-openstack-request-id': 'req-4ad9eebf-cf14-47ee-9fe6-de0f60417a99'} Body: {"NeutronError": {"message": "Trunk eb2fa73d-3484-4f88-9200-064e7b719b1d could not be found.", "type": "TrunkNotFound", "detail": ""}} _log_request_full /root/.rally/verification/verifier-ff38552e-0c2e-4446-b7f1-482272a2e700/repo/tempest/lib/common/rest_client.py:434
2018-09-11 10:40:52.713 12765 INFO tempest.lib.common.rest_client [req-cd23c7da-be1a-4722-a5ea-b49d154fde14 ] Request (TrunkTestJSON:_run_cleanups): 404 GET http://10.167.4.35:9696/v2.0/trunks/930fc27f-65d5-4dd0-ba8c-b70e960c111c/get_subports 0.024s
2018-09-11 10:40:52.714 12765 DEBUG tempest.lib.common.rest_client [req-cd23c7da-be1a-4722-a5ea-b49d154fde14 ] Request - Headers: {'Content-Type': 'application/json', 'Accept': 'application/json', 'X-Auth-Token': ''} Body: None Response - Headers: {'status': '404', u'content-length': '134', 'content-location': 'http://10.167.4.35:9696/v2.0/trunks/930fc27f-65d5-4dd0-ba8c-b70e960c111c/get_subports', u'date': 'Tue, 11 Sep 2018 10:40:52 GMT', u'content-type': 'application/json', u'connection': 'close', u'x-openstack-request-id': 'req-cd23c7da-be1a-4722-a5ea-b49d154fde14'} Body: {"NeutronError": {"message": "Trunk 930fc27f-65d5-4dd0-ba8c-b70e960c111c could not be found.", "type": "TrunkNotFound", "detail": ""}} _log_request_full /root/.rally/verification/verifier-ff38552e-0c2e-4446-b7f1-482272a2e700/repo/tempest/lib/common/rest_client.py:434
2018-09-11 10:40:52.746 12765 INFO tempest.lib.common.rest_client [req-982be055-770c-4de5-b4a8-11088e98fd18 ] Request (TrunkTestJSON:_run_cleanups): 404 DELETE http://10.167.4.35:9696/v2.0/trunks/930fc27f-65d5-4dd0-ba8c-b70e960c111c 0.031s
2018-09-11 10:40:52.746 12765 DEBUG tempest.lib.common.rest_client [req-982be055-770c-4de5-b4a8-11088e98fd18 ] Request - Headers: {'Content-Type': 'application/json', 'Accept': 'application/json', 'X-Auth-Token': ''} Body: None Response - Headers: {'status': '404', u'content-length': '134', 'content-location': 'http://10.167.4.35:9696/v2.0/trunks/930fc27f-65d5-4dd0-ba8c-b70e960c111c', u'date': 'Tue, 11 Sep 2018 10:40:52 GMT', u'content-type': 'application/json', u'connection': 'close', u'x-openstack-request-id': 'req-982be055-770c-4de5-b4a8-11088e98fd18'} Body: {"NeutronError": {"message": "Trunk 930fc27f-65d5-4dd0-ba8c-b70e960c111c could not be found.", "type": "TrunkNotFound", "detail": ""}} _log_request_full /root/.rally/verification/verifier-ff38552e-0c2e-4446-b7f1-482272a2e700/repo/tempest/lib/common/rest_client.py:434
2018-09-11 10:40:52.766 12765 INFO tempest.lib.common.rest_client [req-60710f06-656f-4996-9066-1c5f854bd62f ] Request (TrunkTestJSON:_run_cleanups): 404 GET http://10.167.4.35:9696/v2.0/trunks/27bfa637-c43e-4919-a2be-35295977bbd3/get_subports 0.019s
2018-09-11 10:40:52.767 12765 DEBUG tempest.lib.common.rest_client [req-60710f06-656f-4996-9066-1c5f854bd62f ] Request - Headers: {'Content-Type': 'application/json', 'Accept': 'application/json', 'X-Auth-Token': ''} Body: None Response - Headers: {'status': '404', u'content-length': '134', 'content-location': 'http://10.167.4.35:9696/v2.0/trunks/27bfa637-c43e-4919-a2be-35295977bbd3/get_subports', u'date': 'Tue, 11 Sep 2018 10:40:52 GMT', u'content-type': 'application/json', u'connection': 'close', u'x-openstack-request-id': 'req-60710f06-656f-4996-9066-1c5f854bd62f'} Body: {"NeutronError": {"message": "Trunk 27bfa637-c43e-4919-a2be-35295977bbd3 could not be found.", "type": "TrunkNotFound", "detail": ""}} _log_request_full /root/.rally/verification/verifier-ff38552e-0c2e-4446-b7f1-482272a2e700/repo/tempest/lib/common/rest_client.py:434
2018-09-11 10:40:52.795 12765 INFO tempest.lib.common.rest_client [req-1d45cb3b-16f4-401b-8952-69fb38350adf ] Request (TrunkTestJSON:_run_cleanups): 404 DELETE http://10.167.4.35:9696/v2.0/trunks/27bfa637-c43e-4919-a2be-35295977bbd3 0.027s
2018-09-11 10:40:52.795 12765 DEBUG tempest.lib.common.rest_client [req-1d45cb3b-16f4-401b-8952-69fb38350adf ] Request - Headers: {'Content-Type': 'application/json', 'Accept': 'application/json', 'X-Auth-Token': ''} Body: None Response - Headers: {'status': '404', u'content-length': '134', 'content-location': 'http://10.167.4.35:9696/v2.0/trunks/27bfa637-c43e-4919-a2be-35295977bbd3', u'date': 'Tue, 11 Sep 2018 10:40:52 GMT', u'content-type': 'application/json', u'connection': 'close', u'x-openstack-request-id': 'req-1d45cb3b-16f4-401b-8952-69fb38350adf'} Body: {"NeutronError": {"message": "Trunk 27bfa637-c43e-4919-a2be-35295977bbd3 could not be found.", "type": "TrunkNotFound", "detail": ""}} _log_request_full /root/.rally/verification/verifier-ff38552e-0c2e-4446-b7f1-482272a2e700/repo/tempest/lib/common/rest_client.py:434
2018-09-11 10:40:52.840 12765 INFO tempest.lib.common.rest_client [req-056eff01-7567-49ab-a2ef-21fb86bb6adb ] Request (TrunkTestJSON:_run_cleanups): 200 GET http://10.167.4.35:9696/v2.0/trunks/4895a25e-e097-4a4e-b47c-866bed4abf7e/get_subports 0.044s
2018-09-11 10:40:52.841 12765 DEBUG tempest.lib.common.rest_client [req-056eff01-7567-49ab-a2ef-21fb86bb6adb ] Request - Headers: {'Content-Type': 'application/json', 'Accept': 'application/json', 'X-Auth-Token': ''} Body: None Response - Headers: {'status': '200', u'content-length': '17', 'content-location': 'http://10.167.4.35:9696/v2.0/trunks/4895a25e-e097-4a4e-b47c-866bed4abf7e/get_subports', u'date': 'Tue, 11 Sep 2018 10:40:52 GMT', u'content-type': 'application/json', u'connection': 'close', u'x-openstack-request-id': 'req-056eff01-7567-49ab-a2ef-21fb86bb6adb'} Body: {"sub_ports": []} _log_request_full /root/.rally/verification/verifier-ff38552e-0c2e-4446-b7f1-482272a2e700/repo/tempest/lib/common/rest_client.py:434
2018-09-11 10:40:52.916 12765 INFO tempest.lib.common.rest_client [req-59942b29-e28d-471d-b2ae-f2cc77f490fa ] Request (TrunkTestJSON:_run_cleanups): 200 PUT http://10.167.4.35:9696/v2.0/trunks/4895a25e-e097-4a4e-b47c-866bed4abf7e/remove_subports 0.074s
2018-09-11 10:40:52.916 12765 DEBUG tempest.lib.common.rest_client [req-59942b29-e28d-471d-b2ae-f2cc77f490fa ] Request - Headers: {'Content-Type': 'application/json', 'Accept': 'application/json', 'X-Auth-Token': ''} Body: {"sub_ports": []} Response - Headers: {'status': '200', u'content-length': '396', 'content-location': 'http://10.167.4.35:9696/v2.0/trunks/4895a25e-e097-4a4e-b47c-866bed4abf7e/remove_subports', u'date': 'Tue, 11 Sep 2018 10:40:52 GMT', u'content-type': 'application/json', u'connection': 'close', u'x-openstack-request-id': 'req-59942b29-e28d-471d-b2ae-f2cc77f490fa'} Body: {"status": "DOWN", "sub_ports": [], "name": "", "admin_state_up": true, "tenant_id": "fcc2309789b74112933049e2e6f26f56", "created_at": "2018-09-11T10:40:52Z", "tags": [], "updated_at": "2018-09-11T10:40:52Z", "revision_number": 2, "project_id": "fcc2309789b74112933049e2e6f26f56", "port_id": "44c5e029-2425-4e56-a9f9-e622815d49f0", "id": "4895a25e-e097-4a4e-b47c-866bed4abf7e", "description": ""} _log_request_full /root/.rally/verification/verifier-ff38552e-0c2e-4446-b7f1-482272a2e700/repo/tempest/lib/common/rest_client.py:434
2018-09-11 10:40:53.106 12761 INFO tempest.lib.common.rest_client [req-c2b48927-8a8f-492a-86d2-dc35c463f633 ] Request (TrunkTestJSON:_run_cleanups): 204 DELETE http://10.167.4.35:9696/v2.0/ports/172e515d-2730-4c07-a7ab-9896f07fcbbe 0.894s
2018-09-11 10:40:53.107 12761 DEBUG tempest.lib.common.rest_client [req-c2b48927-8a8f-492a-86d2-dc35c463f633 ] Request - Headers: {'Content-Type': 'application/json', 'Accept': 'application/json', 'X-Auth-Token': ''} Body: None Response - Headers: {'status': '204', u'content-length': '0', 'content-location': 'http://10.167.4.35:9696/v2.0/ports/172e515d-2730-4c07-a7ab-9896f07fcbbe', u'date': 'Tue, 11 Sep 2018 10:40:53 GMT', u'connection': 'close', u'x-openstack-request-id': 'req-c2b48927-8a8f-492a-86d2-dc35c463f633'} Body: _log_request_full /root/.rally/verification/verifier-ff38552e-0c2e-4446-b7f1-482272a2e700/repo/tempest/lib/common/rest_client.py:434
2018-09-11 10:40:53.144 12765 INFO tempest.lib.common.rest_client [req-83a37085-f413-4a69-ac36-0585266eb366 ] Request (TrunkTestJSON:_run_cleanups): 204 DELETE http://10.167.4.35:9696/v2.0/trunks/4895a25e-e097-4a4e-b47c-866bed4abf7e 0.227s
2018-09-11 10:40:53.144 12761 INFO tempest.lib.common.rest_client [req-428bd87c-2a8d-4991-a46f-24e899d31a88 ] Request (TrunkTestJSON:_run_cleanups): 404 DELETE http://10.167.4.35:9696/v2.0/networks/525e0fc5-8972-4d48-881a-66a7c1011c65 0.037s
2018-09-11 10:40:53.145 12765 DEBUG tempest.lib.common.rest_client [req-83a37085-f413-4a69-ac36-0585266eb366 ] Request - Headers: {'Content-Type': 'application/json', 'Accept': 'application/json', 'X-Auth-Token': ''} Body: None Response - Headers: {'status': '204', u'content-length': '0', 'content-location': 'http://10.167.4.35:9696/v2.0/trunks/4895a25e-e097-4a4e-b47c-866bed4abf7e', u'date': 'Tue, 11 Sep 2018 10:40:53 GMT', u'connection': 'close', u'x-openstack-request-id': 'req-83a37085-f413-4a69-ac36-0585266eb366'} Body: _log_request_full /root/.rally/verification/verifier-ff38552e-0c2e-4446-b7f1-482272a2e700/repo/tempest/lib/common/rest_client.py:434
2018-09-11 10:40:53.145 12761 DEBUG tempest.lib.common.rest_client [req-428bd87c-2a8d-4991-a46f-24e899d31a88 ] Request - Headers: {'Content-Type': 'application/json', 'Accept': 'application/json', 'X-Auth-Token': ''} Body: None Response - Headers: {'status': '404', u'content-length': '138', 'content-location': 'http://10.167.4.35:9696/v2.0/networks/525e0fc5-8972-4d48-881a-66a7c1011c65', u'date': 'Tue, 11 Sep 2018 10:40:53 GMT', u'content-type': 'application/json', u'connection': 'close', u'x-openstack-request-id': 'req-428bd87c-2a8d-4991-a46f-24e899d31a88'} Body: {"NeutronError": {"message": "Network 525e0fc5-8972-4d48-881a-66a7c1011c65 could not be found.", "type": "NetworkNotFound", "detail": ""}} _log_request_full /root/.rally/verification/verifier-ff38552e-0c2e-4446-b7f1-482272a2e700/repo/tempest/lib/common/rest_client.py:434
2018-09-11 10:40:53.165 12765 INFO tempest.lib.common.rest_client [req-3af180bb-e8c9-4745-9645-c7cc26cf471f ] Request (TrunkTestJSON:_run_cleanups): 404 GET http://10.167.4.35:9696/v2.0/trunks/bbcbb578-6b2d-4101-9144-35315539b5c9 0.020s
2018-09-11 10:40:53.166 12765 DEBUG tempest.lib.common.rest_client [req-3af180bb-e8c9-4745-9645-c7cc26cf471f ] Request - Headers: {'Content-Type': 'application/json', 'Accept': 'application/json', 'X-Auth-Token': ''} Body: None Response - Headers: {'status': '404', u'content-length': '134', 'content-location': 'http://10.167.4.35:9696/v2.0/trunks/bbcbb578-6b2d-4101-9144-35315539b5c9', u'date': 'Tue, 11 Sep 2018 10:40:53 GMT', u'content-type': 'application/json', u'connection': 'close', u'x-openstack-request-id': 'req-3af180bb-e8c9-4745-9645-c7cc26cf471f'} Body: {"NeutronError": {"message": "Trunk bbcbb578-6b2d-4101-9144-35315539b5c9 could not be found.", "type": "TrunkNotFound", "detail": ""}} _log_request_full /root/.rally/verification/verifier-ff38552e-0c2e-4446-b7f1-482272a2e700/repo/tempest/lib/common/rest_client.py:434
2018-09-11 10:40:53.184 12765 INFO tempest.lib.common.rest_client [req-fed31289-9f30-41c4-b4a9-86f2f45d19aa ] Request (TrunkTestJSON:_run_cleanups): 404 GET http://10.167.4.35:9696/v2.0/trunks/ee1b7247-60c7-4693-84f2-66fdc6250f96 0.018s
2018-09-11 10:40:53.185 12765 DEBUG tempest.lib.common.rest_client [req-fed31289-9f30-41c4-b4a9-86f2f45d19aa ] Request - Headers: {'Content-Type': 'application/json', 'Accept': 'application/json', 'X-Auth-Token': ''} Body: None Response - Headers: {'status': '404', u'content-length': '134', 'content-location': 'http://10.167.4.35:9696/v2.0/trunks/ee1b7247-60c7-4693-84f2-66fdc6250f96', u'date': 'Tue, 11 Sep 2018 10:40:53 GMT', u'content-type': 'application/json', u'connection': 'close', u'x-openstack-request-id': 'req-fed31289-9f30-41c4-b4a9-86f2f45d19aa'} Body: {"NeutronError": {"message": "Trunk ee1b7247-60c7-4693-84f2-66fdc6250f96 could not be found.", "type": "TrunkNotFound", "detail": ""}} _log_request_full /root/.rally/verification/verifier-ff38552e-0c2e-4446-b7f1-482272a2e700/repo/tempest/lib/common/rest_client.py:434
2018-09-11 10:40:53.186 12761 INFO tempest.lib.common.rest_client [req-72998991-0f95-4b34-ac7f-a4c561200c06 ] Request (TrunkTestJSON:_run_cleanups): 404 DELETE http://10.167.4.35:9696/v2.0/networks/1f4ec8f8-d89a-4bd3-81c1-4e93fb37ceda 0.040s
2018-09-11 10:40:53.187 12761 DEBUG tempest.lib.common.rest_client [req-72998991-0f95-4b34-ac7f-a4c561200c06 ] Request - Headers: {'Content-Type': 'application/json', 'Accept': 'application/json', 'X-Auth-Token': ''} Body: None Response - Headers: {'status': '404', u'content-length': '138', 'content-location': 'http://10.167.4.35:9696/v2.0/networks/1f4ec8f8-d89a-4bd3-81c1-4e93fb37ceda', u'date': 'Tue, 11 Sep 2018 10:40:53 GMT', u'content-type': 'application/json', u'connection': 'close', u'x-openstack-request-id': 'req-72998991-0f95-4b34-ac7f-a4c561200c06'} Body: {"NeutronError": {"message": "Network 1f4ec8f8-d89a-4bd3-81c1-4e93fb37ceda could not be found.", "type": "NetworkNotFound", "detail": ""}} _log_request_full /root/.rally/verification/verifier-ff38552e-0c2e-4446-b7f1-482272a2e700/repo/tempest/lib/common/rest_client.py:434
2018-09-11 10:40:53.206 12765 INFO tempest.lib.common.rest_client [req-cc594f22-5af6-4623-8749-145a410848f4 ] Request (TrunkTestJSON:_run_cleanups): 404 GET http://10.167.4.35:9696/v2.0/trunks/eb2fa73d-3484-4f88-9200-064e7b719b1d 0.020s
2018-09-11 10:40:53.206 12765 DEBUG tempest.lib.common.rest_client [req-cc594f22-5af6-4623-8749-145a410848f4 ] Request - Headers: {'Content-Type': 'application/json', 'Accept': 'application/json', 'X-Auth-Token': ''} Body: None Response - Headers: {'status': '404', u'content-length': '134', 'content-location': 'http://10.167.4.35:9696/v2.0/trunks/eb2fa73d-3484-4f88-9200-064e7b719b1d', u'date': 'Tue, 11 Sep 2018 10:40:53 GMT', u'content-type': 'application/json', u'connection': 'close', u'x-openstack-request-id': 'req-cc594f22-5af6-4623-8749-145a410848f4'} Body: {"NeutronError": {"message": "Trunk eb2fa73d-3484-4f88-9200-064e7b719b1d could not be found.", "type": "TrunkNotFound", "detail": ""}} _log_request_full /root/.rally/verification/verifier-ff38552e-0c2e-4446-b7f1-482272a2e700/repo/tempest/lib/common/rest_client.py:434
2018-09-11 10:40:53.222 12761 INFO tempest.lib.common.rest_client [req-1eae759f-21ae-4ad6-9412-1a7763b21f1a ] Request (TrunkTestJSON:_run_cleanups): 404 DELETE http://10.167.4.35:9696/v2.0/networks/1c095092-f533-495d-8c44-c568e3ea0ec1 0.034s
2018-09-11 10:40:53.222 12761 DEBUG tempest.lib.common.rest_client [req-1eae759f-21ae-4ad6-9412-1a7763b21f1a ] Request - Headers: {'Content-Type': 'application/json', 'Accept': 'application/json', 'X-Auth-Token': ''} Body: None Response - Headers: {'status': '404', u'content-length': '138', 'content-location': 'http://10.167.4.35:9696/v2.0/networks/1c095092-f533-495d-8c44-c568e3ea0ec1', u'date': 'Tue, 11 Sep 2018 10:40:53 GMT', u'content-type': 'application/json', u'connection': 'close', u'x-openstack-request-id': 'req-1eae759f-21ae-4ad6-9412-1a7763b21f1a'} Body: {"NeutronError": {"message": "Network 1c095092-f533-495d-8c44-c568e3ea0ec1 could not be found.", "type": "NetworkNotFound", "detail": ""}} _log_request_full /root/.rally/verification/verifier-ff38552e-0c2e-4446-b7f1-482272a2e700/repo/tempest/lib/common/rest_client.py:434
2018-09-11 10:40:53.225 12765 INFO tempest.lib.common.rest_client [req-da9c4310-4dd3-4cf5-b4ca-9ecdf272374a ] Request (TrunkTestJSON:_run_cleanups): 404 GET http://10.167.4.35:9696/v2.0/trunks/930fc27f-65d5-4dd0-ba8c-b70e960c111c 0.018s
2018-09-11 10:40:53.225 12765 DEBUG tempest.lib.common.rest_client [req-da9c4310-4dd3-4cf5-b4ca-9ecdf272374a ] Request - Headers: {'Content-Type': 'application/json', 'Accept': 'application/json', 'X-Auth-Token': ''} Body: None Response - Headers: {'status': '404', u'content-length': '134', 'content-location': 'http://10.167.4.35:9696/v2.0/trunks/930fc27f-65d5-4dd0-ba8c-b70e960c111c', u'date': 'Tue, 11 Sep 2018 10:40:53 GMT', u'content-type': 'application/json', u'connection': 'close', u'x-openstack-request-id': 'req-da9c4310-4dd3-4cf5-b4ca-9ecdf272374a'} Body: {"NeutronError": {"message": "Trunk 930fc27f-65d5-4dd0-ba8c-b70e960c111c could not be found.", "type": "TrunkNotFound", "detail": ""}} _log_request_full /root/.rally/verification/verifier-ff38552e-0c2e-4446-b7f1-482272a2e700/repo/tempest/lib/common/rest_client.py:434
2018-09-11 10:40:53.242 12765 INFO tempest.lib.common.rest_client [req-47c1937f-4002-4b4e-90dc-c35e1a9ed507 ] Request (TrunkTestJSON:_run_cleanups): 404 GET http://10.167.4.35:9696/v2.0/trunks/27bfa637-c43e-4919-a2be-35295977bbd3 0.017s
2018-09-11 10:40:53.243 12765 DEBUG tempest.lib.common.rest_client [req-47c1937f-4002-4b4e-90dc-c35e1a9ed507 ] Request - Headers: {'Content-Type': 'application/json', 'Accept': 'application/json', 'X-Auth-Token': ''} Body: None Response - Headers: {'status': '404', u'content-length': '134', 'content-location': 'http://10.167.4.35:9696/v2.0/trunks/27bfa637-c43e-4919-a2be-35295977bbd3', u'date': 'Tue, 11 Sep 2018 10:40:53 GMT', u'content-type': 'application/json', u'connection': 'close', u'x-openstack-request-id': 'req-47c1937f-4002-4b4e-90dc-c35e1a9ed507'} Body: {"NeutronError": {"message": "Trunk 27bfa637-c43e-4919-a2be-35295977bbd3 could not be found.", "type": "TrunkNotFound", "detail": ""}} _log_request_full /root/.rally/verification/verifier-ff38552e-0c2e-4446-b7f1-482272a2e700/repo/tempest/lib/common/rest_client.py:434
2018-09-11 10:40:53.253 12761 INFO tempest.lib.common.rest_client [req-4c32bcf7-a474-41e5-bca8-d43bb9515d30 ] Request (TrunkTestJSON:_run_cleanups): 404 DELETE http://10.167.4.35:9696/v2.0/networks/2e218951-da62-47cb-a3af-a5bd656353c8 0.030s
2018-09-11 10:40:53.254 12761 DEBUG tempest.lib.common.rest_client [req-4c32bcf7-a474-41e5-bca8-d43bb9515d30 ] Request - Headers: {'Content-Type': 'application/json', 'Accept': 'application/json', 'X-Auth-Token': ''} Body: None Response - Headers: {'status': '404', u'content-length': '138', 'content-location': 'http://10.167.4.35:9696/v2.0/networks/2e218951-da62-47cb-a3af-a5bd656353c8', u'date': 'Tue, 11 Sep 2018 10:40:53 GMT', u'content-type': 'application/json', u'connection': 'close', u'x-openstack-request-id': 'req-4c32bcf7-a474-41e5-bca8-d43bb9515d30'} Body: {"NeutronError": {"message": "Network 2e218951-da62-47cb-a3af-a5bd656353c8 could not be found.", "type": "NetworkNotFound", "detail": ""}} _log_request_full /root/.rally/verification/verifier-ff38552e-0c2e-4446-b7f1-482272a2e700/repo/tempest/lib/common/rest_client.py:434
2018-09-11 10:40:53.263 12765 INFO tempest.lib.common.rest_client [req-e476a362-07ff-4c44-8aa1-63d36c876598 ] Request (TrunkTestJSON:_run_cleanups): 404 GET http://10.167.4.35:9696/v2.0/trunks/4895a25e-e097-4a4e-b47c-866bed4abf7e 0.020s
