2018-09-10 03:02:52.080 12722 DEBUG tempest.lib.common.rest_client [req-70623ecc-61f2-4a5e-8a0a-fb5513119202 ] Request - Headers: {'Content-Type': 'application/json', 'Accept': 'application/json', 'X-Auth-Token': ''} Body: None Response - Headers: {'status': '404', u'content-length': '134', 'content-location': 'http://10.167.4.35:9696/v2.0/trunks/5ec838a5-0150-48bd-be11-fa2022cf94f2', u'date': 'Mon, 10 Sep 2018 03:02:52 GMT', u'content-type': 'application/json', u'connection': 'close', u'x-openstack-request-id': 'req-70623ecc-61f2-4a5e-8a0a-fb5513119202'} Body: {"NeutronError": {"message": "Trunk 5ec838a5-0150-48bd-be11-fa2022cf94f2 could not be found.", "type": "TrunkNotFound", "detail": ""}} _log_request_full /root/.rally/verification/verifier-593f4f32-32f1-4122-a323-d9e9cbed81f2/repo/tempest/lib/common/rest_client.py:434
2018-09-10 03:02:52.097 12722 INFO tempest.lib.common.rest_client [req-fb9cbd05-888c-47b2-b74d-026caf26fa33 ] Request (TrunkTestJSON:_run_cleanups): 404 GET http://10.167.4.35:9696/v2.0/trunks/2427afe4-8be0-4fee-b2b2-b74d28d38396 0.016s
2018-09-10 03:02:52.098 12722 DEBUG tempest.lib.common.rest_client [req-fb9cbd05-888c-47b2-b74d-026caf26fa33 ] Request - Headers: {'Content-Type': 'application/json', 'Accept': 'application/json', 'X-Auth-Token': ''} Body: None Response - Headers: {'status': '404', u'content-length': '134', 'content-location': 'http://10.167.4.35:9696/v2.0/trunks/2427afe4-8be0-4fee-b2b2-b74d28d38396', u'date': 'Mon, 10 Sep 2018 03:02:52 GMT', u'content-type': 'application/json', u'connection': 'close', u'x-openstack-request-id': 'req-fb9cbd05-888c-47b2-b74d-026caf26fa33'} Body: {"NeutronError": {"message": "Trunk 2427afe4-8be0-4fee-b2b2-b74d28d38396 could not be found.", "type": "TrunkNotFound", "detail": ""}} _log_request_full /root/.rally/verification/verifier-593f4f32-32f1-4122-a323-d9e9cbed81f2/repo/tempest/lib/common/rest_client.py:434
2018-09-10 03:02:52.153 12722 INFO tempest.lib.common.rest_client [req-de69c652-ec05-463e-a6d5-2e8034c23ac7 ] Request (TrunkTestJSON:_run_cleanups): 404 DELETE http://10.167.4.35:9696/v2.0/ports/4a68cb4e-8653-4247-83ae-57162d532d44 0.055s
2018-09-10 03:02:52.154 12722 DEBUG tempest.lib.common.rest_client [req-de69c652-ec05-463e-a6d5-2e8034c23ac7 ] Request - Headers: {'Content-Type': 'application/json', 'Accept': 'application/json', 'X-Auth-Token': ''} Body: None Response - Headers: {'status': '404', u'content-length': '132', 'content-location': 'http://10.167.4.35:9696/v2.0/ports/4a68cb4e-8653-4247-83ae-57162d532d44', u'date': 'Mon, 10 Sep 2018 03:02:52 GMT', u'content-type': 'application/json', u'connection': 'close', u'x-openstack-request-id': 'req-de69c652-ec05-463e-a6d5-2e8034c23ac7'} Body: {"NeutronError": {"message": "Port 4a68cb4e-8653-4247-83ae-57162d532d44 could not be found.", "type": "PortNotFound", "detail": ""}} _log_request_full /root/.rally/verification/verifier-593f4f32-32f1-4122-a323-d9e9cbed81f2/repo/tempest/lib/common/rest_client.py:434
2018-09-10 03:02:52.209 12722 INFO tempest.lib.common.rest_client [req-7e4c2080-0c49-473b-bc99-e326d88ef2dd ] Request (TrunkTestJSON:_run_cleanups): 404 DELETE http://10.167.4.35:9696/v2.0/ports/334b4520-72e6-4a31-b3c1-3a7917738105 0.054s
2018-09-10 03:02:52.209 12722 DEBUG tempest.lib.common.rest_client [req-7e4c2080-0c49-473b-bc99-e326d88ef2dd ] Request - Headers: {'Content-Type': 'application/json', 'Accept': 'application/json', 'X-Auth-Token': ''} Body: None Response - Headers: {'status': '404', u'content-length': '132', 'content-location': 'http://10.167.4.35:9696/v2.0/ports/334b4520-72e6-4a31-b3c1-3a7917738105', u'date': 'Mon, 10 Sep 2018 03:02:52 GMT', u'content-type': 'application/json', u'connection': 'close', u'x-openstack-request-id': 'req-7e4c2080-0c49-473b-bc99-e326d88ef2dd'} Body: {"NeutronError": {"message": "Port 334b4520-72e6-4a31-b3c1-3a7917738105 could not be found.", "type": "PortNotFound", "detail": ""}} _log_request_full /root/.rally/verification/verifier-593f4f32-32f1-4122-a323-d9e9cbed81f2/repo/tempest/lib/common/rest_client.py:434
2018-09-10 03:02:52.259 12722 INFO tempest.lib.common.rest_client [req-abbecbed-7f35-4840-99ef-3eb4c4c47730 ] Request (TrunkTestJSON:_run_cleanups): 404 DELETE http://10.167.4.35:9696/v2.0/ports/3f337418-fd35-430c-afcf-45ea0c8e7a3d 0.049s
2018-09-10 03:02:52.259 12722 DEBUG tempest.lib.common.rest_client [req-abbecbed-7f35-4840-99ef-3eb4c4c47730 ] Request - Headers: {'Content-Type': 'application/json', 'Accept': 'application/json', 'X-Auth-Token': ''} Body: None Response - Headers: {'status': '404', u'content-length': '132', 'content-location': 'http://10.167.4.35:9696/v2.0/ports/3f337418-fd35-430c-afcf-45ea0c8e7a3d', u'date': 'Mon, 10 Sep 2018 03:02:52 GMT', u'content-type': 'application/json', u'connection': 'close', u'x-openstack-request-id': 'req-abbecbed-7f35-4840-99ef-3eb4c4c47730'} Body: {"NeutronError": {"message": "Port 3f337418-fd35-430c-afcf-45ea0c8e7a3d could not be found.", "type": "PortNotFound", "detail": ""}} _log_request_full /root/.rally/verification/verifier-593f4f32-32f1-4122-a323-d9e9cbed81f2/repo/tempest/lib/common/rest_client.py:434
2018-09-10 03:02:52.484 12722 INFO tempest.lib.common.rest_client [req-823c7ef8-2f40-4ed6-ae22-eddaef760b97 ] Request (TrunkTestJSON:_run_cleanups): 404 DELETE http://10.167.4.35:9696/v2.0/ports/a201f8ee-5564-4983-8c32-b43582cbd817 0.224s
2018-09-10 03:02:52.485 12722 DEBUG tempest.lib.common.rest_client [req-823c7ef8-2f40-4ed6-ae22-eddaef760b97 ] Request - Headers: {'Content-Type': 'application/json', 'Accept': 'application/json', 'X-Auth-Token': ''} Body: None Response - Headers: {'status': '404', u'content-length': '132', 'content-location': 'http://10.167.4.35:9696/v2.0/ports/a201f8ee-5564-4983-8c32-b43582cbd817', u'date': 'Mon, 10 Sep 2018 03:02:52 GMT', u'content-type': 'application/json', u'connection': 'close', u'x-openstack-request-id': 'req-823c7ef8-2f40-4ed6-ae22-eddaef760b97'} Body: {"NeutronError": {"message": "Port a201f8ee-5564-4983-8c32-b43582cbd817 could not be found.", "type": "PortNotFound", "detail": ""}} _log_request_full /root/.rally/verification/verifier-593f4f32-32f1-4122-a323-d9e9cbed81f2/repo/tempest/lib/common/rest_client.py:434
2018-09-10 03:02:52.532 12722 INFO tempest.lib.common.rest_client [req-2cddfc3f-ca50-44fd-bf93-6d27695d0eff ] Request (TrunkTestJSON:_run_cleanups): 404 DELETE http://10.167.4.35:9696/v2.0/ports/7fd0540c-cd4d-4acc-9c43-0931b3c60c84 0.046s
2018-09-10 03:02:52.533 12722 DEBUG tempest.lib.common.rest_client [req-2cddfc3f-ca50-44fd-bf93-6d27695d0eff ] Request - Headers: {'Content-Type': 'application/json', 'Accept': 'application/json', 'X-Auth-Token': ''} Body: None Response - Headers: {'status': '404', u'content-length': '132', 'content-location': 'http://10.167.4.35:9696/v2.0/ports/7fd0540c-cd4d-4acc-9c43-0931b3c60c84', u'date': 'Mon, 10 Sep 2018 03:02:52 GMT', u'content-type': 'application/json', u'connection': 'close', u'x-openstack-request-id': 'req-2cddfc3f-ca50-44fd-bf93-6d27695d0eff'} Body: {"NeutronError": {"message": "Port 7fd0540c-cd4d-4acc-9c43-0931b3c60c84 could not be found.", "type": "PortNotFound", "detail": ""}} _log_request_full /root/.rally/verification/verifier-593f4f32-32f1-4122-a323-d9e9cbed81f2/repo/tempest/lib/common/rest_client.py:434
2018-09-10 03:02:52.579 12722 INFO tempest.lib.common.rest_client [req-a47508a1-02ab-4b97-adb3-cb2c5e500144 ] Request (TrunkTestJSON:_run_cleanups): 404 DELETE http://10.167.4.35:9696/v2.0/ports/b3dd7553-9dae-44ca-abad-e7bae0fc3b32 0.046s
2018-09-10 03:02:52.580 12722 DEBUG tempest.lib.common.rest_client [req-a47508a1-02ab-4b97-adb3-cb2c5e500144 ] Request - Headers: {'Content-Type': 'application/json', 'Accept': 'application/json', 'X-Auth-Token': ''} Body: None Response - Headers: {'status': '404', u'content-length': '132', 'content-location': 'http://10.167.4.35:9696/v2.0/ports/b3dd7553-9dae-44ca-abad-e7bae0fc3b32', u'date': 'Mon, 10 Sep 2018 03:02:52 GMT', u'content-type': 'application/json', u'connection': 'close', u'x-openstack-request-id': 'req-a47508a1-02ab-4b97-adb3-cb2c5e500144'} Body: {"NeutronError": {"message": "Port b3dd7553-9dae-44ca-abad-e7bae0fc3b32 could not be found.", "type": "PortNotFound", "detail": ""}} _log_request_full /root/.rally/verification/verifier-593f4f32-32f1-4122-a323-d9e9cbed81f2/repo/tempest/lib/common/rest_client.py:434
2018-09-10 03:02:52.582 12719 INFO tempest.lib.common.rest_client [req-669cf380-1ac4-47d3-beaa-9df771a1ac4f ] Request (TrunkTest:test_trunk_subport_lifecycle): 200 GET http://10.167.4.35:9696/v2.0/ports/9db6b89f-3425-4241-998e-2253e0bbd0a1 0.061s
2018-09-10 03:02:52.582 12719 DEBUG tempest.lib.common.rest_client [req-669cf380-1ac4-47d3-beaa-9df771a1ac4f ] Request - Headers: {'Content-Type': 'application/json', 'Accept': 'application/json', 'X-Auth-Token': ''} Body: None Response - Headers: {'status': '200', u'content-length': '630', 'content-location': 'http://10.167.4.35:9696/v2.0/ports/9db6b89f-3425-4241-998e-2253e0bbd0a1', u'date': 'Mon, 10 Sep 2018 03:02:52 GMT', u'content-type': 'application/json', u'connection': 'close', u'x-openstack-request-id': 'req-669cf380-1ac4-47d3-beaa-9df771a1ac4f'} Body: {"port":{"status":"ACTIVE","created_at":"2018-09-10T03:02:39Z","description":"","allowed_address_pairs":[],"tags":[],"network_id":"e9328e06-52f2-41fa-93e4-776a0a944a09","tenant_id":"1a4c02651baa4d9ebf6a9dde802490d4","extra_dhcp_opts":[],"admin_state_up":true,"updated_at":"2018-09-10T03:02:52Z","name":"","device_owner":"trunk:subport","revision_number":9,"mac_address":"fa:16:3e:61:dd:b9","binding:vnic_type":"normal","port_security_enabled":true,"project_id":"1a4c02651baa4d9ebf6a9dde802490d4","fixed_ips":[],"id":"9db6b89f-3425-4241-998e-2253e0bbd0a1","security_groups":["7e83bdda-7b04-4a72-889b-d33bf2428897"],"device_id":""}} _log_request_full /root/.rally/verification/verifier-593f4f32-32f1-4122-a323-d9e9cbed81f2/repo/tempest/lib/common/rest_client.py:434
2018-09-10 03:02:52.640 12722 INFO tempest.lib.common.rest_client [req-e6a75693-2601-4d7f-9abe-0f34fa949f22 ] Request (TrunkTestJSON:_run_cleanups): 404 DELETE http://10.167.4.35:9696/v2.0/ports/f02087c2-899e-4362-9902-1fbd86354a25 0.059s
2018-09-10 03:02:52.641 12722 DEBUG tempest.lib.common.rest_client [req-e6a75693-2601-4d7f-9abe-0f34fa949f22 ] Request - Headers: {'Content-Type': 'application/json', 'Accept': 'application/json', 'X-Auth-Token': ''} Body: None Response - Headers: {'status': '404', u'content-length': '132', 'content-location': 'http://10.167.4.35:9696/v2.0/ports/f02087c2-899e-4362-9902-1fbd86354a25', u'date': 'Mon, 10 Sep 2018 03:02:52 GMT', u'content-type': 'application/json', u'connection': 'close', u'x-openstack-request-id': 'req-e6a75693-2601-4d7f-9abe-0f34fa949f22'} Body: {"NeutronError": {"message": "Port f02087c2-899e-4362-9902-1fbd86354a25 could not be found.", "type": "PortNotFound", "detail": ""}} _log_request_full /root/.rally/verification/verifier-593f4f32-32f1-4122-a323-d9e9cbed81f2/repo/tempest/lib/common/rest_client.py:434
2018-09-10 03:02:52.669 12719 INFO tempest.lib.common.rest_client [req-09bace1d-d0a9-4a9c-99ca-7697e09e130f ] Request (TrunkTest:test_trunk_subport_lifecycle): 200 GET http://10.167.4.35:9696/v2.0/ports/160402ae-7df1-4b7f-8904-651794e477da 0.086s
2018-09-10 03:02:52.670 12719 DEBUG tempest.lib.common.rest_client [req-09bace1d-d0a9-4a9c-99ca-7697e09e130f ] Request - Headers: {'Content-Type': 'application/json', 'Accept': 'application/json', 'X-Auth-Token': ''} Body: None Response - Headers: {'status': '200', u'content-length': '630', 'content-location': 'http://10.167.4.35:9696/v2.0/ports/160402ae-7df1-4b7f-8904-651794e477da', u'date': 'Mon, 10 Sep 2018 03:02:52 GMT', u'content-type': 'application/json', u'connection': 'close', u'x-openstack-request-id': 'req-09bace1d-d0a9-4a9c-99ca-7697e09e130f'} Body: {"port":{"status":"ACTIVE","created_at":"2018-09-10T03:02:41Z","description":"","allowed_address_pairs":[],"tags":[],"network_id":"ef2a0369-a9bf-4b60-805b-18f4bc39919b","tenant_id":"1a4c02651baa4d9ebf6a9dde802490d4","extra_dhcp_opts":[],"admin_state_up":true,"updated_at":"2018-09-10T03:02:51Z","name":"","device_owner":"trunk:subport","revision_number":9,"mac_address":"fa:16:3e:23:7d:8e","binding:vnic_type":"normal","port_security_enabled":true,"project_id":"1a4c02651baa4d9ebf6a9dde802490d4","fixed_ips":[],"id":"160402ae-7df1-4b7f-8904-651794e477da","security_groups":["7e83bdda-7b04-4a72-889b-d33bf2428897"],"device_id":""}} _log_request_full /root/.rally/verification/verifier-593f4f32-32f1-4122-a323-d9e9cbed81f2/repo/tempest/lib/common/rest_client.py:434
2018-09-10 03:02:52.683 12722 INFO tempest.lib.common.rest_client [req-1c87dc42-0bce-4e5f-8fc9-6b98383478e0 ] Request (TrunkTestJSON:_run_cleanups): 404 DELETE http://10.167.4.35:9696/v2.0/ports/4eb59d63-6b32-48d9-bd84-b4cc3c8b6bed 0.041s
2018-09-10 03:02:52.683 12722 DEBUG tempest.lib.common.rest_client [req-1c87dc42-0bce-4e5f-8fc9-6b98383478e0 ] Request - Headers: {'Content-Type': 'application/json', 'Accept': 'application/json', 'X-Auth-Token': ''} Body: None Response - Headers: {'status': '404', u'content-length': '132', 'content-location': 'http://10.167.4.35:9696/v2.0/ports/4eb59d63-6b32-48d9-bd84-b4cc3c8b6bed', u'date': 'Mon, 10 Sep 2018 03:02:52 GMT', u'content-type': 'application/json', u'connection': 'close', u'x-openstack-request-id': 'req-1c87dc42-0bce-4e5f-8fc9-6b98383478e0'} Body: {"NeutronError": {"message": "Port 4eb59d63-6b32-48d9-bd84-b4cc3c8b6bed could not be found.", "type": "PortNotFound", "detail": ""}} _log_request_full /root/.rally/verification/verifier-593f4f32-32f1-4122-a323-d9e9cbed81f2/repo/tempest/lib/common/rest_client.py:434
2018-09-10 03:02:52.734 12719 INFO tempest.lib.common.rest_client [req-914c6fed-6b2b-454b-9feb-73c999fa7b91 ] Request (TrunkTest:test_trunk_subport_lifecycle): 200 GET http://10.167.4.35:9696/v2.0/ports/5f6061be-1b05-4ae5-b6a4-c04579cfa6cf 0.063s
2018-09-10 03:02:52.735 12719 DEBUG tempest.lib.common.rest_client [req-914c6fed-6b2b-454b-9feb-73c999fa7b91 ] Request - Headers: {'Content-Type': 'application/json', 'Accept': 'application/json', 'X-Auth-Token': ''} Body: None Response - Headers: {'status': '200', u'content-length': '630', 'content-location': 'http://10.167.4.35:9696/v2.0/ports/5f6061be-1b05-4ae5-b6a4-c04579cfa6cf', u'date': 'Mon, 10 Sep 2018 03:02:52 GMT', u'content-type': 'application/json', u'connection': 'close', u'x-openstack-request-id': 'req-914c6fed-6b2b-454b-9feb-73c999fa7b91'} Body: {"port":{"status":"ACTIVE","created_at":"2018-09-10T03:02:42Z","description":"","allowed_address_pairs":[],"tags":[],"network_id":"cfe5552f-b9df-4156-9bfb-c8b4eb527e71","tenant_id":"1a4c02651baa4d9ebf6a9dde802490d4","extra_dhcp_opts":[],"admin_state_up":true,"updated_at":"2018-09-10T03:02:50Z","name":"","device_owner":"trunk:subport","revision_number":9,"mac_address":"fa:16:3e:39:4e:ec","binding:vnic_type":"normal","port_security_enabled":true,"project_id":"1a4c02651baa4d9ebf6a9dde802490d4","fixed_ips":[],"id":"5f6061be-1b05-4ae5-b6a4-c04579cfa6cf","security_groups":["7e83bdda-7b04-4a72-889b-d33bf2428897"],"device_id":""}} _log_request_full /root/.rally/verification/verifier-593f4f32-32f1-4122-a323-d9e9cbed81f2/repo/tempest/lib/common/rest_client.py:434
2018-09-10 03:02:52.736 12719 INFO tempest.lib.common.ssh [-] Creating ssh connection to '172.30.10.119:22' as 'cirros' with public key authentication
2018-09-10 03:02:52.738 12722 INFO tempest.lib.common.rest_client [req-222c8a5b-18f6-478c-9f4a-122048a8493c ] Request (TrunkTestJSON:_run_cleanups): 404 DELETE http://10.167.4.35:9696/v2.0/ports/bb3aa893-2aec-450f-b206-fdf9bd53d07f 0.054s
2018-09-10 03:02:52.739 12722 DEBUG tempest.lib.common.rest_client [req-222c8a5b-18f6-478c-9f4a-122048a8493c ] Request - Headers: {'Content-Type': 'application/json', 'Accept': 'application/json', 'X-Auth-Token': ''} Body: None Response - Headers: {'status': '404', u'content-length': '132', 'content-location': 'http://10.167.4.35:9696/v2.0/ports/bb3aa893-2aec-450f-b206-fdf9bd53d07f', u'date': 'Mon, 10 Sep 2018 03:02:52 GMT', u'content-type': 'application/json', u'connection': 'close', u'x-openstack-request-id': 'req-222c8a5b-18f6-478c-9f4a-122048a8493c'} Body: {"NeutronError": {"message": "Port bb3aa893-2aec-450f-b206-fdf9bd53d07f could not be found.", "type": "PortNotFound", "detail": ""}} _log_request_full /root/.rally/verification/verifier-593f4f32-32f1-4122-a323-d9e9cbed81f2/repo/tempest/lib/common/rest_client.py:434
2018-09-10 03:02:52.799 12722 INFO tempest.lib.common.rest_client [req-9bfbcd4b-915c-492a-a821-39bb340d09b0 ] Request (TrunkTestJSON:_run_cleanups): 404 DELETE http://10.167.4.35:9696/v2.0/ports/eb80e83d-7e6e-4484-952e-1952a8689e01 0.059s
2018-09-10 03:02:52.799 12722 DEBUG tempest.lib.common.rest_client [req-9bfbcd4b-915c-492a-a821-39bb340d09b0 ] Request - Headers: {'Content-Type': 'application/json', 'Accept': 'application/json', 'X-Auth-Token': ''} Body: None Response - Headers: {'status': '404', u'content-length': '132', 'content-location': 'http://10.167.4.35:9696/v2.0/ports/eb80e83d-7e6e-4484-952e-1952a8689e01', u'date': 'Mon, 10 Sep 2018 03:02:52 GMT', u'content-type': 'application/json', u'connection': 'close', u'x-openstack-request-id': 'req-9bfbcd4b-915c-492a-a821-39bb340d09b0'} Body: {"NeutronError": {"message": "Port eb80e83d-7e6e-4484-952e-1952a8689e01 could not be found.", "type": "PortNotFound", "detail": ""}} _log_request_full /root/.rally/verification/verifier-593f4f32-32f1-4122-a323-d9e9cbed81f2/repo/tempest/lib/common/rest_client.py:434
2018-09-10 03:02:52.829 12718 INFO tempest.lib.common.rest_client [req-b8b38c5e-a197-4ece-861e-6149fd116bd9 ] Request (TrunkTestJSON:_run_cleanups): 204 DELETE http://10.167.4.35:9696/v2.0/ports/c03685f3-7c6f-480f-b959-66a53647003c 0.833s
2018-09-10 03:02:52.830 12718 DEBUG tempest.lib.common.rest_client [req-b8b38c5e-a197-4ece-861e-6149fd116bd9 ] Request - Headers: {'Content-Type': 'application/json', 'Accept': 'application/json', 'X-Auth-Token': ''} Body: None Response - Headers: {'status': '204', u'content-length': '0', 'content-location': 'http://10.167.4.35:9696/v2.0/ports/c03685f3-7c6f-480f-b959-66a53647003c', u'date': 'Mon, 10 Sep 2018 03:02:52 GMT', u'connection': 'close', u'x-openstack-request-id': 'req-b8b38c5e-a197-4ece-861e-6149fd116bd9'} Body: _log_request_full /root/.rally/verification/verifier-593f4f32-32f1-4122-a323-d9e9cbed81f2/repo/tempest/lib/common/rest_client.py:434
2018-09-10 03:02:52.845 12722 INFO tempest.lib.common.rest_client [req-913a702a-98c8-4c20-b8e8-38050b1093e4 ] Request (TrunkTestJSON:_run_cleanups): 404 DELETE http://10.167.4.35:9696/v2.0/ports/4ed6ea01-752d-4ca7-9bbe-812bf79fa3d6 0.044s
2018-09-10 03:02:52.845 12722 DEBUG tempest.lib.common.rest_client [req-913a702a-98c8-4c20-b8e8-38050b1093e4 ] Request - Headers: {'Content-Type': 'application/json', 'Accept': 'application/json', 'X-Auth-Token': ''} Body: None Response - Headers: {'status': '404', u'content-length': '132', 'content-location': 'http://10.167.4.35:9696/v2.0/ports/4ed6ea01-752d-4ca7-9bbe-812bf79fa3d6', u'date': 'Mon, 10 Sep 2018 03:02:52 GMT', u'content-type': 'application/json', u'connection': 'close', u'x-openstack-request-id': 'req-913a702a-98c8-4c20-b8e8-38050b1093e4'} Body: {"NeutronError": {"message": "Port 4ed6ea01-752d-4ca7-9bbe-812bf79fa3d6 could not be found.", "type": "PortNotFound", "detail": ""}} _log_request_full /root/.rally/verification/verifier-593f4f32-32f1-4122-a323-d9e9cbed81f2/repo/tempest/lib/common/rest_client.py:434
2018-09-10 03:02:52.857 12718 INFO tempest.lib.common.rest_client [req-4780c6ef-0cc9-49bc-9fff-a264cd91b6ef ] Request (TrunkTestJSON:_run_cleanups): 404 DELETE http://10.167.4.35:9696/v2.0/networks/c8861001-38a0-49a3-b696-52d432989048 0.026s
2018-09-10 03:02:52.858 12718 DEBUG tempest.lib.common.rest_client [req-4780c6ef-0cc9-49bc-9fff-a264cd91b6ef ] Request - Headers: {'Content-Type': 'application/json', 'Accept': 'application/json', 'X-Auth-Token': ''} Body: None Response - Headers: {'status': '404', u'content-length': '138', 'content-location': 'http://10.167.4.35:9696/v2.0/networks/c8861001-38a0-49a3-b696-52d432989048', u'date': 'Mon, 10 Sep 2018 03:02:52 GMT', u'content-type': 'application/json', u'connection': 'close', u'x-openstack-request-id': 'req-4780c6ef-0cc9-49bc-9fff-a264cd91b6ef'} Body: {"NeutronError": {"message": "Network c8861001-38a0-49a3-b696-52d432989048 could not be found.", "type": "NetworkNotFound", "detail": ""}} _log_request_full /root/.rally/verification/verifier-593f4f32-32f1-4122-a323-d9e9cbed81f2/repo/tempest/lib/common/rest_client.py:434
2018-09-10 03:02:52.890 12722 INFO tempest.lib.common.rest_client [req-41612b8e-9ef0-4206-9060-b7f680e82b77 ] Request (TrunkTestJSON:_run_cleanups): 404 DELETE http://10.167.4.35:9696/v2.0/ports/8f659bbd-8214-47bb-93cd-6a6e7ef3b5ab 0.044s
2018-09-10 03:02:52.890 12722 DEBUG tempest.lib.common.rest_client [req-41612b8e-9ef0-4206-9060-b7f680e82b77 ] Request - Headers: {'Content-Type': 'application/json', 'Accept': 'application/json', 'X-Auth-Token': ''} Body: None Response - Headers: {'status': '404', u'content-length': '132', 'content-location': 'http://10.167.4.35:9696/v2.0/ports/8f659bbd-8214-47bb-93cd-6a6e7ef3b5ab', u'date': 'Mon, 10 Sep 2018 03:02:52 GMT', u'content-type': 'application/json', u'connection': 'close', u'x-openstack-request-id': 'req-41612b8e-9ef0-4206-9060-b7f680e82b77'} Body: {"NeutronError": {"message": "Port 8f659bbd-8214-47bb-93cd-6a6e7ef3b5ab could not be found.", "type": "PortNotFound", "detail": ""}} _log_request_full /root/.rally/verification/verifier-593f4f32-32f1-4122-a323-d9e9cbed81f2/repo/tempest/lib/common/rest_client.py:434
2018-09-10 03:02:52.894 12718 INFO tempest.lib.common.rest_client [req-7e2f51a3-204d-496b-93bf-5202256e7f84 ] Request (TrunkTestJSON:_run_cleanups): 404 DELETE http://10.167.4.35:9696/v2.0/networks/64d4a30d-c7fc-40d8-9f07-091d361748e2 0.035s
2018-09-10 03:02:52.894 12718 DEBUG tempest.lib.common.rest_client [req-7e2f51a3-204d-496b-93bf-5202256e7f84 ] Request - Headers: {'Content-Type': 'application/json', 'Accept': 'application/json', 'X-Auth-Token': ''} Body: None Response - Headers: {'status': '404', u'content-length': '138', 'content-location': 'http://10.167.4.35:9696/v2.0/networks/64d4a30d-c7fc-40d8-9f07-091d361748e2', u'date': 'Mon, 10 Sep 2018 03:02:52 GMT', u'content-type': 'application/json', u'connection': 'close', u'x-openstack-request-id': 'req-7e2f51a3-204d-496b-93bf-5202256e7f84'} Body: {"NeutronError": {"message": "Network 64d4a30d-c7fc-40d8-9f07-091d361748e2 could not be found.", "type": "NetworkNotFound", "detail": ""}} _log_request_full /root/.rally/verification/verifier-593f4f32-32f1-4122-a323-d9e9cbed81f2/repo/tempest/lib/common/rest_client.py:434
2018-09-10 03:02:52.943 12722 INFO tempest.lib.common.rest_client [req-497517dc-acc7-44c1-98fa-38073e038c5b ] Request (TrunkTestJSON:_run_cleanups): 404 DELETE http://10.167.4.35:9696/v2.0/ports/01d8ac40-32f6-43d5-ae17-c7bd215db926 0.052s
2018-09-10 03:02:52.944 12722 DEBUG tempest.lib.common.rest_client [req-497517dc-acc7-44c1-98fa-38073e038c5b ] Request - Headers: {'Content-Type': 'application/json', 'Accept': 'application/json', 'X-Auth-Token': ''} Body: None Response - Headers: {'status': '404', u'content-length': '132', 'content-location': 'http://10.167.4.35:9696/v2.0/ports/01d8ac40-32f6-43d5-ae17-c7bd215db926', u'date': 'Mon, 10 Sep 2018 03:02:52 GMT', u'content-type': 'application/json', u'connection': 'close', u'x-openstack-request-id': 'req-497517dc-acc7-44c1-98fa-38073e038c5b'} Body: {"NeutronError": {"message": "Port 01d8ac40-32f6-43d5-ae17-c7bd215db926 could not be found.", "type": "PortNotFound", "detail": ""}} _log_request_full /root/.rally/verification/verifier-593f4f32-32f1-4122-a323-d9e9cbed81f2/repo/tempest/lib/common/rest_client.py:434
2018-09-10 03:02:52.945 12718 INFO tempest.lib.common.rest_client [req-2a95c306-0d16-42a1-85a0-6ee27c336b82 ] Request (TrunkTestJSON:_run_cleanups): 404 DELETE http://10.167.4.35:9696/v2.0/networks/93464494-1ea8-461c-be2d-423abf6f06e3 0.050s
2018-09-10 03:02:52.946 12718 DEBUG tempest.lib.common.rest_client [req-2a95c306-0d16-42a1-85a0-6ee27c336b82 ] Request - Headers: {'Content-Type': 'application/json', 'Accept': 'application/json', 'X-Auth-Token': ''} Body: None Response - Headers: {'status': '404', u'content-length': '138', 'content-location': 'http://10.167.4.35:9696/v2.0/networks/93464494-1ea8-461c-be2d-423abf6f06e3', u'date': 'Mon, 10 Sep 2018 03:02:52 GMT', u'content-type': 'application/json', u'connection': 'close', u'x-openstack-request-id': 'req-2a95c306-0d16-42a1-85a0-6ee27c336b82'} Body: {"NeutronError": {"message": "Network 93464494-1ea8-461c-be2d-423abf6f06e3 could not be found.", "type": "NetworkNotFound", "detail": ""}} _log_request_full /root/.rally/verification/verifier-593f4f32-32f1-4122-a323-d9e9cbed81f2/repo/tempest/lib/common/rest_client.py:434
2018-09-10 03:02:52.983 12718 INFO tempest.lib.common.rest_client [req-525b6fb9-75f2-402b-9589-e1cb4245e66d ] Request (TrunkTestJSON:_run_cleanups): 404 DELETE http://10.167.4.35:9696/v2.0/networks/75f197bd-af7f-43e7-8804-9cb4f24f7a31 0.036s
2018-09-10 03:02:52.983 12722 INFO tempest.lib.common.rest_client [req-1e84080a-ff70-4417-9e23-7e76e7d760de ] Request (TrunkTestJSON:_run_cleanups): 404 DELETE http://10.167.4.35:9696/v2.0/ports/5535f304-da9c-4c61-ba6a-6bc5e15fea70 0.038s
2018-09-10 03:02:52.983 12718 DEBUG tempest.lib.common.rest_client [req-525b6fb9-75f2-402b-9589-e1cb4245e66d ] Request - Headers: {'Content-Type': 'application/json', 'Accept': 'application/json', 'X-Auth-Token': ''} Body: None Response - Headers: {'status': '404', u'content-length': '138', 'content-location': 'http://10.167.4.35:9696/v2.0/networks/75f197bd-af7f-43e7-8804-9cb4f24f7a31', u'date': 'Mon, 10 Sep 2018 03:02:52 GMT', u'content-type': 'application/json', u'connection': 'close', u'x-openstack-request-id': 'req-525b6fb9-75f2-402b-9589-e1cb4245e66d'} Body: {"NeutronError": {"message": "Network 75f197bd-af7f-43e7-8804-9cb4f24f7a31 could not be found.", "type": "NetworkNotFound", "detail": ""}} _log_request_full /root/.rally/verification/verifier-593f4f32-32f1-4122-a323-d9e9cbed81f2/repo/tempest/lib/common/rest_client.py:434
2018-09-10 03:02:52.984 12722 DEBUG tempest.lib.common.rest_client [req-1e84080a-ff70-4417-9e23-7e76e7d760de ] Request - Headers: {'Content-Type': 'application/json', 'Accept': 'application/json', 'X-Auth-Token': ''} Body: None Response - Headers: {'status': '404', u'content-length': '132', 'content-location': 'http://10.167.4.35:9696/v2.0/ports/5535f304-da9c-4c61-ba6a-6bc5e15fea70', u'date': 'Mon, 10 Sep 2018 03:02:52 GMT', u'content-type': 'application/json', u'connection': 'close', u'x-openstack-request-id': 'req-1e84080a-ff70-4417-9e23-7e76e7d760de'} Body: {"NeutronError": {"message": "Port 5535f304-da9c-4c61-ba6a-6bc5e15fea70 could not be found.", "type": "PortNotFound", "detail": ""}} _log_request_full /root/.rally/verification/verifier-593f4f32-32f1-4122-a323-d9e9cbed81f2/repo/tempest/lib/common/rest_client.py:434
2018-09-10 03:02:53.013 12718 INFO tempest.lib.common.rest_client [req-5b1acdc3-8465-4cb3-b0e1-d31273ac871e ] Request (TrunkTestJSON:_run_cleanups): 404 DELETE http://10.167.4.35:9696/v2.0/networks/c0ee4746-fa57-41aa-b40d-9137627235eb 0.028s
2018-09-10 03:02:53.013 12718 DEBUG tempest.lib.common.rest_client [req-5b1acdc3-8465-4cb3-b0e1-d31273ac871e ] Request - Headers: {'Content-Type': 'application/json', 'Accept': 'application/json', 'X-Auth-Token': ''} Body: None Response - Headers: {'status': '404', u'content-length': '138', 'content-location': 'http://10.167.4.35:9696/v2.0/networks/c0ee4746-fa57-41aa-b40d-9137627235eb', u'date': 'Mon, 10 Sep 2018 03:02:53 GMT', u'content-type': 'application/json', u'connection': 'close', u'x-openstack-request-id': 'req-5b1acdc3-8465-4cb3-b0e1-d31273ac871e'} Body: {"NeutronError": {"message": "Network c0ee4746-fa57-41aa-b40d-9137627235eb could not be found.", "type": "NetworkNotFound", "detail": ""}} _log_request_full /root/.rally/verification/verifier-593f4f32-32f1-4122-a323-d9e9cbed81f2/repo/tempest/lib/common/rest_client.py:434
2018-09-10 03:02:53.038 12719 INFO paramiko.transport [-] Connected (version 2.0, client dropbear_2015.67)
2018-09-10 03:02:53.040 12718 INFO tempest.lib.common.rest_client [req-3ab41ca9-ac9f-44c6-ac21-2fba631d7d83 ] Request (TrunkTestJSON:_run_cleanups): 404 DELETE http://10.167.4.35:9696/v2.0/networks/ac6b1c5a-37cd-4e61-975b-886c065ced1f 0.026s
2018-09-10 03:02:53.041 12718 DEBUG tempest.lib.common.rest_client [req-3ab41ca9-ac9f-44c6-ac21-2fba631d7d83 ] Request - Headers: {'Content-Type': 'application/json', 'Accept': 'application/json', 'X-Auth-Token': ''} Body: None Response - Headers: {'status': '404', u'content-length': '138', 'content-location': 'http://10.167.4.35:9696/v2.0/networks/ac6b1c5a-37cd-4e61-975b-886c065ced1f', u'date': 'Mon, 10 Sep 2018 03:02:53 GMT', u'content-type': 'application/json', u'connection': 'close', u'x-openstack-request-id': 'req-3ab41ca9-ac9f-44c6-ac21-2fba631d7d83'} Body: {"NeutronError": {"message": "Network ac6b1c5a-37cd-4e61-975b-886c065ced1f could not be found.", "type": "NetworkNotFound", "detail": ""}} _log_request_full /root/.rally/verification/verifier-593f4f32-32f1-4122-a323-d9e9cbed81f2/repo/tempest/lib/common/rest_client.py:434
2018-09-10 03:02:53.072 12718 INFO tempest.lib.common.rest_client [req-c6e8dfa3-2efd-40bb-9cbb-4addc7494637 ] Request (TrunkTestJSON:_run_cleanups): 404 DELETE http://10.167.4.35:9696/v2.0/networks/824119dd-3bcc-4f05-abed-b88a285a170e 0.030s
2018-09-10 03:02:53.073 12718 DEBUG tempest.lib.common.rest_client [req-c6e8dfa3-2efd-40bb-9cbb-4addc7494637 ] Request - Headers: {'Content-Type': 'application/json', 'Accept': 'application/json', 'X-Auth-Token': ''} Body: None Response - Headers: {'status': '404', u'content-length': '138', 'content-location': 'http://10.167.4.35:9696/v2.0/networks/824119dd-3bcc-4f05-abed-b88a285a170e', u'date': 'Mon, 10 Sep 2018 03:02:53 GMT', u'content-type': 'application/json', u'connection': 'close', u'x-openstack-request-id': 'req-c6e8dfa3-2efd-40bb-9cbb-4addc7494637'} Body: {"NeutronError": {"message": "Network 824119dd-3bcc-4f05-abed-b88a285a170e could not be found.", "type": "NetworkNotFound", "detail": ""}} _log_request_full /root/.rally/verification/verifier-593f4f32-32f1-4122-a323-d9e9cbed81f2/repo/tempest/lib/common/rest_client.py:434
2018-09-10 03:02:53.103 12718 INFO tempest.lib.common.rest_client [req-6ce2730b-d895-4909-b192-74aaf91a8c5e ] Request (TrunkTestJSON:_run_cleanups): 404 DELETE http://10.167.4.35:9696/v2.0/networks/f7be4ba2-889e-4458-b4e7-bdd3e3f68c17 0.030s
2018-09-10 03:02:53.104 12718 DEBUG tempest.lib.common.rest_client [req-6ce2730b-d895-4909-b192-74aaf91a8c5e ] Request - Headers: {'Content-Type': 'application/json', 'Accept': 'application/json', 'X-Auth-Token': ''} Body: None Response - Headers: {'status': '404', u'content-length': '138', 'content-location': 'http://10.167.4.35:9696/v2.0/networks/f7be4ba2-889e-4458-b4e7-bdd3e3f68c17', u'date': 'Mon, 10 Sep 2018 03:02:53 GMT', u'content-type': 'application/json', u'connection': 'close', u'x-openstack-request-id': 'req-6ce2730b-d895-4909-b192-74aaf91a8c5e'} Body: {"NeutronError": {"message": "Network f7be4ba2-889e-4458-b4e7-bdd3e3f68c17 could not be found.", "type": "NetworkNotFound", "detail": ""}} _log_request_full /root/.rally/verification/verifier-593f4f32-32f1-4122-a323-d9e9cbed81f2/repo/tempest/lib/common/rest_client.py:434
2018-09-10 03:02:53.140 12719 INFO paramiko.transport [-] Authentication (publickey) successful!
2018-09-10 03:02:53.144 12718 INFO tempest.lib.common.rest_client [req-61ec6533-325a-4191-9b13-090e6d1ee4bb ] Request (TrunkTestJSON:_run_cleanups): 404 DELETE http://10.167.4.35:9696/v2.0/networks/b57bcc4c-bdcc-4a28-b24a-06cf8097b1b8 0.039s
2018-09-10 03:02:53.145 12718 DEBUG tempest.lib.common.rest_client [req-61ec6533-325a-4191-9b13-090e6d1ee4bb ] Request - Headers: {'Content-Type': 'application/json', 'Accept': 'application/json', 'X-Auth-Token': ''} Body: None Response - Headers: {'status': '404', u'content-length': '138', 'content-location': 'http://10.167.4.35:9696/v2.0/networks/b57bcc4c-bdcc-4a28-b24a-06cf8097b1b8', u'date': 'Mon, 10 Sep 2018 03:02:53 GMT', u'content-type': 'application/json', u'connection': 'close', u'x-openstack-request-id': 'req-61ec6533-325a-4191-9b13-090e6d1ee4bb'} Body: {"NeutronError": {"message": "Network b57bcc4c-bdcc-4a28-b24a-06cf8097b1b8 could not be found.", "type": "NetworkNotFound", "detail": ""}} _log_request_full /root/.rally/verification/verifier-593f4f32-32f1-4122-a323-d9e9cbed81f2/repo/tempest/lib/common/rest_client.py:434
2018-09-10 03:02:53.166 12719 INFO tempest.lib.common.ssh [-] ssh connection to cirros@172.30.10.119 successfully created
2018-09-10 03:02:53.175 12718 INFO tempest.lib.common.rest_client [req-c61d1c91-f240-4b8f-b300-46c827be2aa8 ] Request (TrunkTestJSON:_run_cleanups): 404 DELETE http://10.167.4.35:9696/v2.0/networks/bb7e3bd1-83c7-4456-aa39-f9ce56d75fb6 0.029s
2018-09-10 03:02:53.176 12718 DEBUG tempest.lib.common.rest_client [req-c61d1c91-f240-4b8f-b300-46c827be2aa8 ] Request - Headers: {'Content-Type': 'application/json', 'Accept': 'application/json', 'X-Auth-Token': ''} Body: None Response - Headers: {'status': '404', u'content-length': '138', 'content-location': 'http://10.167.4.35:9696/v2.0/networks/bb7e3bd1-83c7-4456-aa39-f9ce56d75fb6', u'date': 'Mon, 10 Sep 2018 03:02:53 GMT', u'content-type': 'application/json', u'connection': 'close', u'x-openstack-request-id': 'req-c61d1c91-f240-4b8f-b300-46c827be2aa8'} Body: {"NeutronError": {"message": "Network bb7e3bd1-83c7-4456-aa39-f9ce56d75fb6 could not be found.", "type": "NetworkNotFound", "detail": ""}} _log_request_full /root/.rally/verification/verifier-593f4f32-32f1-4122-a323-d9e9cbed81f2/repo/tempest/lib/common/rest_client.py:434
2018-09-10 03:02:53.209 12718 INFO tempest.lib.common.rest_client [req-223e8536-a975-403c-aca9-9ad3a76276b5 ] Request (TrunkTestJSON:_run_cleanups): 404 DELETE http://10.167.4.35:9696/v2.0/networks/bd3b0b25-aee2-4df2-b27e-6857c17250e6 0.032s
2018-09-10 03:02:53.210 12718 DEBUG tempest.lib.common.rest_client [req-223e8536-a975-403c-aca9-9ad3a76276b5 ] Request - Headers: {'Content-Type': 'application/json', 'Accept': 'application/json', 'X-Auth-Token': ''} Body: None Response - Headers: {'status': '404', u'content-length': '138', 'content-location': 'http://10.167.4.35:9696/v2.0/networks/bd3b0b25-aee2-4df2-b27e-6857c17250e6', u'date': 'Mon, 10 Sep 2018 03:02:53 GMT', u'content-type': 'application/json', u'connection': 'close', u'x-openstack-request-id': 'req-223e8536-a975-403c-aca9-9ad3a76276b5'} Body: {"NeutronError": {"message": "Network bd3b0b25-aee2-4df2-b27e-6857c17250e6 could not be found.", "type": "NetworkNotFound", "detail": ""}} _log_request_full /root/.rally/verification/verifier-593f4f32-32f1-4122-a323-d9e9cbed81f2/repo/tempest/lib/common/rest_client.py:434
2018-09-10 03:02:53.240 12718 INFO tempest.lib.common.rest_client [req-ea35a10a-a906-423a-a897-1738340e500d ] Request (TrunkTestJSON:_run_cleanups): 404 DELETE http://10.167.4.35:9696/v2.0/networks/61079ad9-3ad9-4326-842a-62ea225cc43d 0.029s
2018-09-10 03:02:53.240 12718 DEBUG tempest.lib.common.rest_client [req-ea35a10a-a906-423a-a897-1738340e500d ] Request - Headers: {'Content-Type': 'application/json', 'Accept': 'application/json', 'X-Auth-Token': ''} Body: None Response - Headers: {'status': '404', u'content-length': '138', 'content-location': 'http://10.167.4.35:9696/v2.0/networks/61079ad9-3ad9-4326-842a-62ea225cc43d', u'date': 'Mon, 10 Sep 2018 03:02:53 GMT', u'content-type': 'application/json', u'connection': 'close', u'x-openstack-request-id': 'req-ea35a10a-a906-423a-a897-1738340e500d'} Body: {"NeutronError": {"message": "Network 61079ad9-3ad9-4326-842a-62ea225cc43d could not be found.", "type": "NetworkNotFound", "detail": ""}} _log_request_full /root/.rally/verification/verifier-593f4f32-32f1-4122-a323-d9e9cbed81f2/repo/tempest/lib/common/rest_client.py:434
2018-09-10 03:02:53.272 12718 INFO tempest.lib.common.rest_client [req-57d6d47d-3c57-40ea-9050-7b198737e5e7 ] Request (TrunkTestJSON:_run_cleanups): 404 DELETE http://10.167.4.35:9696/v2.0/networks/737c89d2-6f3b-43e7-afc5-4729feeb5856 0.031s
2018-09-10 03:02:53.273 12718 DEBUG tempest.lib.common.rest_client [req-57d6d47d-3c57-40ea-9050-7b198737e5e7 ] Request - Headers: {'Content-Type': 'application/json', 'Accept': 'application/json', 'X-Auth-Token': ''} Body: None Response - Headers: {'status': '404', u'content-length': '138', 'content-location': 'http://10.167.4.35:9696/v2.0/networks/737c89d2-6f3b-43e7-afc5-4729feeb5856', u'date': 'Mon, 10 Sep 2018 03:02:53 GMT', u'content-type': 'application/json', u'connection': 'close', u'x-openstack-request-id': 'req-57d6d47d-3c57-40ea-9050-7b198737e5e7'} Body: {"NeutronError": {"message": "Network 737c89d2-6f3b-43e7-afc5-4729feeb5856 could not be found.", "type": "NetworkNotFound", "detail": ""}} _log_request_full /root/.rally/verification/verifier-593f4f32-32f1-4122-a323-d9e9cbed81f2/repo/tempest/lib/common/rest_client.py:434
2018-09-10 03:02:53.490 12719 INFO tempest.lib.common.rest_client [req-6c516a5d-21d6-4424-b55b-6f08076b2cb9 ] Request (TrunkTest:test_trunk_subport_lifecycle): 200 PUT http://10.167.4.35:9696/v2.0/trunks/ebceae77-1275-4881-8da5-206d5ddb0ebc/remove_subports 0.209s
2018-09-10 03:02:53.491 12719 DEBUG tempest.lib.common.rest_client [req-6c516a5d-21d6-4424-b55b-6f08076b2cb9 ] Request - Headers: {'Content-Type': 'application/json', 'Accept': 'application/json', 'X-Auth-Token': ''} Body: {"sub_ports": [{"segmentation_type": "vlan", "port_id": "adb5b760-9335-46b5-b35a-06adbbbd1ad0", "segmentation_id": 3}, {"segmentation_type": "vlan", "port_id": "9db6b89f-3425-4241-998e-2253e0bbd0a1", "segmentation_id": 4}, {"segmentation_type": "vlan", "port_id": "160402ae-7df1-4b7f-8904-651794e477da", "segmentation_id": 5}, {"segmentation_type": "vlan", "port_id": "5f6061be-1b05-4ae5-b6a4-c04579cfa6cf", "segmentation_id": 6}]} Response - Headers: {'status': '200', u'content-length': '396', 'content-location': 'http://10.167.4.35:9696/v2.0/trunks/ebceae77-1275-4881-8da5-206d5ddb0ebc/remove_subports', u'date': 'Mon, 10 Sep 2018 03:02:53 GMT', u'content-type': 'application/json', u'connection': 'close', u'x-openstack-request-id': 'req-6c516a5d-21d6-4424-b55b-6f08076b2cb9'} Body: {"status": "DOWN", "sub_ports": [], "name": "", "admin_state_up": true, "tenant_id": "1a4c02651baa4d9ebf6a9dde802490d4", "created_at": "2018-09-10T03:01:57Z", "tags": [], "updated_at": "2018-09-10T03:02:53Z", "revision_number": 5, "project_id": "1a4c02651baa4d9ebf6a9dde802490d4", "port_id": "685d0ed5-df30-4309-9acf-7c26f34527a4", "id": "ebceae77-1275-4881-8da5-206d5ddb0ebc", "description": ""} _log_request_full /root/.rally/verification/verifier-593f4f32-32f1-4122-a323-d9e9cbed81f2/repo/tempest/lib/common/rest_client.py:434
2018-09-10 03:02:53.576 12719 INFO tempest.lib.common.rest_client [req-7ac2321e-563a-41d4-9585-9fda53f86577 ] Request (TrunkTest:test_trunk_subport_lifecycle): 200 GET http://10.167.4.35:9696/v2.0/ports/adb5b760-9335-46b5-b35a-06adbbbd1ad0 0.084s
2018-09-10 03:02:53.577 12719 DEBUG tempest.lib.common.rest_client [req-7ac2321e-563a-41d4-9585-9fda53f86577 ] Request - Headers: {'Content-Type': 'application/json', 'Accept': 'application/json', 'X-Auth-Token': ''} Body: None Response - Headers: {'status': '200', u'content-length': '630', 'content-location': 'http://10.167.4.35:9696/v2.0/ports/adb5b760-9335-46b5-b35a-06adbbbd1ad0', u'date': 'Mon, 10 Sep 2018 03:02:53 GMT', u'content-type': 'application/json', u'connection': 'close', u'x-openstack-request-id': 'req-7ac2321e-563a-41d4-9585-9fda53f86577'} Body: {"port":{"status":"ACTIVE","created_at":"2018-09-10T03:02:38Z","description":"","allowed_address_pairs":[],"tags":[],"network_id":"e4b50cf8-ea13-4d10-8b2f-f77b9b0b146f","tenant_id":"1a4c02651baa4d9ebf6a9dde802490d4","extra_dhcp_opts":[],"admin_state_up":true,"updated_at":"2018-09-10T03:02:49Z","name":"","device_owner":"trunk:subport","revision_number":9,"mac_address":"fa:16:3e:60:25:d8","binding:vnic_type":"normal","port_security_enabled":true,"project_id":"1a4c02651baa4d9ebf6a9dde802490d4","fixed_ips":[],"id":"adb5b760-9335-46b5-b35a-06adbbbd1ad0","security_groups":["7e83bdda-7b04-4a72-889b-d33bf2428897"],"device_id":""}} _log_request_full /root/.rally/verification/verifier-593f4f32-32f1-4122-a323-d9e9cbed81f2/repo/tempest/lib/common/rest_client.py:434
2018-09-10 03:02:53.719 12722 INFO tempest.lib.common.rest_client [req-19a26965-4653-4221-999a-7940e9807040 ] Request (TrunkTestJSON:_run_cleanups): 204 DELETE http://10.167.4.35:9696/v2.0/ports/aff0faa6-b53b-40db-aba3-71cc7f4c26b8 0.735s
2018-09-10 03:02:53.720 12722 DEBUG tempest.lib.common.rest_client [req-19a26965-4653-4221-999a-7940e9807040 ] Request - Headers: {'Content-Type': 'application/json', 'Accept': 'application/json', 'X-Auth-Token': ''} Body: None Response - Headers: {'status': '204', u'content-length': '0', 'content-location': 'http://10.167.4.35:9696/v2.0/ports/aff0faa6-b53b-40db-aba3-71cc7f4c26b8', u'date': 'Mon, 10 Sep 2018 03:02:53 GMT', u'connection': 'close', u'x-openstack-request-id': 'req-19a26965-4653-4221-999a-7940e9807040'} Body: _log_request_full /root/.rally/verification/verifier-593f4f32-32f1-4122-a323-d9e9cbed81f2/repo/tempest/lib/common/rest_client.py:434
2018-09-10 03:02:53.754 12722 INFO tempest.lib.common.rest_client [req-4b7edb88-02e8-4d52-a3c6-7f53e8fe25a0 ] Request (TrunkTestJSON:_run_cleanups): 404 DELETE http://10.167.4.35:9696/v2.0/networks/aa612b7d-5385-419e-b81b-d11c13400830 0.033s
2018-09-10 03:02:53.755 12722 DEBUG tempest.lib.common.rest_client [req-4b7edb88-02e8-4d52-a3c6-7f53e8fe25a0 ] Request - Headers: {'Content-Type': 'application/json', 'Accept': 'application/json', 'X-Auth-Token': ''} Body: None Response - Headers: {'status': '404', u'content-length': '138', 'content-location': 'http://10.167.4.35:9696/v2.0/networks/aa612b7d-5385-419e-b81b-d11c13400830', u'date': 'Mon, 10 Sep 2018 03:02:53 GMT', u'content-type': 'application/json', u'connection': 'close', u'x-openstack-request-id': 'req-4b7edb88-02e8-4d52-a3c6-7f53e8fe25a0'} Body: {"NeutronError": {"message": "Network aa612b7d-5385-419e-b81b-d11c13400830 could not be found.", "type": "NetworkNotFound", "detail": ""}} _log_request_full /root/.rally/verification/verifier-593f4f32-32f1-4122-a323-d9e9cbed81f2/repo/tempest/lib/common/rest_client.py:434
2018-09-10 03:02:53.794 12722 INFO tempest.lib.common.rest_client [req-8ad6ad33-f052-4e3b-99ad-69fbd588e13c ] Request (TrunkTestJSON:_run_cleanups): 404 DELETE http://10.167.4.35:9696/v2.0/networks/d6c7aa55-a2ab-4ba4-b847-36983d4ca5b5 0.038s
2018-09-10 03:02:53.795 12722 DEBUG tempest.lib.common.rest_client [req-8ad6ad33-f052-4e3b-99ad-69fbd588e13c ] Request - Headers: {'Content-Type': 'application/json', 'Accept': 'application/json', 'X-Auth-Token': ''} Body: None Response - Headers: {'status': '404', u'content-length': '138', 'content-location': 'http://10.167.4.35:9696/v2.0/networks/d6c7aa55-a2ab-4ba4-b847-36983d4ca5b5', u'date': 'Mon, 10 Sep 2018 03:02:53 GMT', u'content-type': 'application/json', u'connection': 'close', u'x-openstack-request-id': 'req-8ad6ad33-f052-4e3b-99ad-69fbd588e13c'} Body: {"NeutronError": {"message": "Network d6c7aa55-a2ab-4ba4-b847-36983d4ca5b5 could not be found.", "type": "NetworkNotFound", "detail": ""}} _log_request_full /root/.rally/verification/verifier-593f4f32-32f1-4122-a323-d9e9cbed81f2/repo/tempest/lib/common/rest_client.py:434
2018-09-10 03:02:53.832 12722 INFO tempest.lib.common.rest_client [req-ece221ad-59a3-4516-900c-2d9135b5c7ee ] Request (TrunkTestJSON:_run_cleanups): 404 DELETE http://10.167.4.35:9696/v2.0/networks/0f20ed55-6320-4198-a2ef-5b81d2fb96a4 0.036s
2018-09-10 03:02:53.832 12722 DEBUG tempest.lib.common.rest_client [req-ece221ad-59a3-4516-900c-2d9135b5c7ee ] Request - Headers: {'Content-Type': 'application/json', 'Accept': 'application/json', 'X-Auth-Token': ''} Body: None Response - Headers: {'status': '404', u'content-length': '138', 'content-location': 'http://10.167.4.35:9696/v2.0/networks/0f20ed55-6320-4198-a2ef-5b81d2fb96a4', u'date': 'Mon, 10 Sep 2018 03:02:53 GMT', u'content-type': 'application/json', u'connection': 'close', u'x-openstack-request-id': 'req-ece221ad-59a3-4516-900c-2d9135b5c7ee'} Body: {"NeutronError": {"message": "Network 0f20ed55-6320-4198-a2ef-5b81d2fb96a4 could not be found.", "type": "NetworkNotFound", "detail": ""}} _log_request_full /root/.rally/verification/verifier-593f4f32-32f1-4122-a323-d9e9cbed81f2/repo/tempest/lib/common/rest_client.py:434
2018-09-10 03:02:53.875 12722 INFO tempest.lib.common.rest_client [req-2cafa41c-4f3c-489a-afe2-0b8598079878 ] Request (TrunkTestJSON:_run_cleanups): 404 DELETE http://10.167.4.35:9696/v2.0/networks/a7b7d0b4-ce4a-4de6-8800-1b7378dcfa6e 0.042s
2018-09-10 03:02:53.876 12722 DEBUG tempest.lib.common.rest_client [req-2cafa41c-4f3c-489a-afe2-0b8598079878 ] Request - Headers: {'Content-Type': 'application/json', 'Accept': 'application/json', 'X-Auth-Token': ''} Body: None Response - Headers: {'status': '404', u'content-length': '138', 'content-location': 'http://10.167.4.35:9696/v2.0/networks/a7b7d0b4-ce4a-4de6-8800-1b7378dcfa6e', u'date': 'Mon, 10 Sep 2018 03:02:53 GMT', u'content-type': 'application/json', u'connection': 'close', u'x-openstack-request-id': 'req-2cafa41c-4f3c-489a-afe2-0b8598079878'} Body: {"NeutronError": {"message": "Network a7b7d0b4-ce4a-4de6-8800-1b7378dcfa6e could not be found.", "type": "NetworkNotFound", "detail": ""}} _log_request_full /root/.rally/verification/verifier-593f4f32-32f1-4122-a323-d9e9cbed81f2/repo/tempest/lib/common/rest_client.py:434
2018-09-10 03:02:53.914 12722 INFO tempest.lib.common.rest_client [req-00ea919a-b208-422b-8028-7d4629041b42 ] Request (TrunkTestJSON:_run_cleanups): 404 DELETE http://10.167.4.35:9696/v2.0/networks/9588b30f-6231-4a8b-acdd-306ea67e9a3d 0.037s
2018-09-10 03:02:53.915 12722 DEBUG tempest.lib.common.rest_client [req-00ea919a-b208-422b-8028-7d4629041b42 ] Request - Headers: {'Content-Type': 'application/json', 'Accept': 'application/json', 'X-Auth-Token': ''} Body: None Response - Headers: {'status': '404', u'content-length': '138', 'content-location': 'http://10.167.4.35:9696/v2.0/networks/9588b30f-6231-4a8b-acdd-306ea67e9a3d', u'date': 'Mon, 10 Sep 2018 03:02:53 GMT', u'content-type': 'application/json', u'connection': 'close', u'x-openstack-request-id': 'req-00ea919a-b208-422b-8028-7d4629041b42'} Body: {"NeutronError": {"message": "Network 9588b30f-6231-4a8b-acdd-306ea67e9a3d could not be found.", "type": "NetworkNotFound", "detail": ""}} _log_request_full /root/.rally/verification/verifier-593f4f32-32f1-4122-a323-d9e9cbed81f2/repo/tempest/lib/common/rest_client.py:434
2018-09-10 03:02:53.946 12722 INFO tempest.lib.common.rest_client [req-de22a57d-0eff-4920-b789-c8d430b3d191 ] Request (TrunkTestJSON:_run_cleanups): 404 DELETE http://10.167.4.35:9696/v2.0/networks/d62a9d93-67fc-4c1c-8392-1db76c06cf61 0.031s
2018-09-10 03:02:53.947 12722 DEBUG tempest.lib.common.rest_client [req-de22a57d-0eff-4920-b789-c8d430b3d191 ] Request - Headers: {'Content-Type': 'application/json', 'Accept': 'application/json', 'X-Auth-Token': ''} Body: None Response - Headers: {'status': '404', u'content-length': '138', 'content-location': 'http://10.167.4.35:9696/v2.0/networks/d62a9d93-67fc-4c1c-8392-1db76c06cf61', u'date': 'Mon, 10 Sep 2018 03:02:53 GMT', u'content-type': 'application/json', u'connection': 'close', u'x-openstack-request-id': 'req-de22a57d-0eff-4920-b789-c8d430b3d191'} Body: {"NeutronError": {"message": "Network d62a9d93-67fc-4c1c-8392-1db76c06cf61 could not be found.", "type": "NetworkNotFound", "detail": ""}} _log_request_full /root/.rally/verification/verifier-593f4f32-32f1-4122-a323-d9e9cbed81f2/repo/tempest/lib/common/rest_client.py:434
2018-09-10 03:02:53.996 12722 INFO tempest.lib.common.rest_client [req-2fac920e-dc78-4167-a93e-b224d50813e9 ] Request (TrunkTestJSON:_run_cleanups): 404 DELETE http://10.167.4.35:9696/v2.0/networks/3e961440-1822-4f0a-a40d-3dcc32eb54f2 0.048s
2018-09-10 03:02:53.996 12722 DEBUG tempest.lib.common.rest_client [req-2fac920e-dc78-4167-a93e-b224d50813e9 ] Request - Headers: {'Content-Type': 'application/json', 'Accept': 'application/json', 'X-Auth-Token': ''} Body: None Response - Headers: {'status': '404', u'content-length': '138', 'content-location': 'http://10.167.4.35:9696/v2.0/networks/3e961440-1822-4f0a-a40d-3dcc32eb54f2', u'date': 'Mon, 10 Sep 2018 03:02:53 GMT', u'content-type': 'application/json', u'connection': 'close', u'x-openstack-request-id': 'req-2fac920e-dc78-4167-a93e-b224d50813e9'} Body: {"NeutronError": {"message": "Network 3e961440-1822-4f0a-a40d-3dcc32eb54f2 could not be found.", "type": "NetworkNotFound", "detail": ""}} _log_request_full /root/.rally/verification/verifier-593f4f32-32f1-4122-a323-d9e9cbed81f2/repo/tempest/lib/common/rest_client.py:434
2018-09-10 03:02:54.033 12722 INFO tempest.lib.common.rest_client [req-64e8402c-67b0-408a-a0fe-ad48e7fed438 ] Request (TrunkTestJSON:_run_cleanups): 404 DELETE http://10.167.4.35:9696/v2.0/networks/db19d616-5bb7-4bfa-b1f7-2cd38deac819 0.035s
