2018-09-09 07:46:05.133 12767 DEBUG tempest.lib.common.rest_client [req-9aa3674f-3b9c-4b80-969f-6f6e6f2c9e2f ] Request - Headers: {'Content-Type': 'application/json', 'Accept': 'application/json', 'X-Auth-Token': ''} Body: None Response - Headers: {'status': '404', u'content-length': '132', 'content-location': 'http://10.167.4.35:9696/v2.0/ports/2af1de19-ab47-4cf4-ad8d-fb146f5ee8c4', u'date': 'Sun, 09 Sep 2018 07:46:05 GMT', u'content-type': 'application/json', u'connection': 'close', u'x-openstack-request-id': 'req-9aa3674f-3b9c-4b80-969f-6f6e6f2c9e2f'} Body: {"NeutronError": {"message": "Port 2af1de19-ab47-4cf4-ad8d-fb146f5ee8c4 could not be found.", "type": "PortNotFound", "detail": ""}} _log_request_full /root/.rally/verification/verifier-e048b4d3-d215-47ac-b5b8-dcc823549335/repo/tempest/lib/common/rest_client.py:434
2018-09-09 07:46:05.187 12767 INFO tempest.lib.common.rest_client [req-7c95b396-1efb-40d2-b2d5-07d3fb389cda ] Request (TrunkTestJSON:_run_cleanups): 404 DELETE http://10.167.4.35:9696/v2.0/ports/34e63b29-14f3-4772-8483-b2ef87a365d3 0.053s
2018-09-09 07:46:05.187 12767 DEBUG tempest.lib.common.rest_client [req-7c95b396-1efb-40d2-b2d5-07d3fb389cda ] Request - Headers: {'Content-Type': 'application/json', 'Accept': 'application/json', 'X-Auth-Token': ''} Body: None Response - Headers: {'status': '404', u'content-length': '132', 'content-location': 'http://10.167.4.35:9696/v2.0/ports/34e63b29-14f3-4772-8483-b2ef87a365d3', u'date': 'Sun, 09 Sep 2018 07:46:05 GMT', u'content-type': 'application/json', u'connection': 'close', u'x-openstack-request-id': 'req-7c95b396-1efb-40d2-b2d5-07d3fb389cda'} Body: {"NeutronError": {"message": "Port 34e63b29-14f3-4772-8483-b2ef87a365d3 could not be found.", "type": "PortNotFound", "detail": ""}} _log_request_full /root/.rally/verification/verifier-e048b4d3-d215-47ac-b5b8-dcc823549335/repo/tempest/lib/common/rest_client.py:434
2018-09-09 07:46:05.236 12767 INFO tempest.lib.common.rest_client [req-69aab50c-1c07-42d0-8f81-dc89893ffb85 ] Request (TrunkTestJSON:_run_cleanups): 404 DELETE http://10.167.4.35:9696/v2.0/ports/7dc0fbe0-3fe0-44a2-9195-dd928dd287fb 0.048s
2018-09-09 07:46:05.237 12767 DEBUG tempest.lib.common.rest_client [req-69aab50c-1c07-42d0-8f81-dc89893ffb85 ] Request - Headers: {'Content-Type': 'application/json', 'Accept': 'application/json', 'X-Auth-Token': ''} Body: None Response - Headers: {'status': '404', u'content-length': '132', 'content-location': 'http://10.167.4.35:9696/v2.0/ports/7dc0fbe0-3fe0-44a2-9195-dd928dd287fb', u'date': 'Sun, 09 Sep 2018 07:46:05 GMT', u'content-type': 'application/json', u'connection': 'close', u'x-openstack-request-id': 'req-69aab50c-1c07-42d0-8f81-dc89893ffb85'} Body: {"NeutronError": {"message": "Port 7dc0fbe0-3fe0-44a2-9195-dd928dd287fb could not be found.", "type": "PortNotFound", "detail": ""}} _log_request_full /root/.rally/verification/verifier-e048b4d3-d215-47ac-b5b8-dcc823549335/repo/tempest/lib/common/rest_client.py:434
2018-09-09 07:46:05.256 12764 INFO tempest.lib.common.rest_client [req-c2e6253d-3af5-44a0-bac1-592594665f14 ] Request (TrunkTest:test_trunk_subport_lifecycle): 200 GET http://10.167.4.35:9696/v2.0/ports/7fdeedd8-7847-421b-8ed4-0b5082217d08 0.081s
2018-09-09 07:46:05.256 12764 DEBUG tempest.lib.common.rest_client [req-c2e6253d-3af5-44a0-bac1-592594665f14 ] Request - Headers: {'Content-Type': 'application/json', 'Accept': 'application/json', 'X-Auth-Token': ''} Body: None Response - Headers: {'status': '200', u'content-length': '628', 'content-location': 'http://10.167.4.35:9696/v2.0/ports/7fdeedd8-7847-421b-8ed4-0b5082217d08', u'date': 'Sun, 09 Sep 2018 07:46:05 GMT', u'content-type': 'application/json', u'connection': 'close', u'x-openstack-request-id': 'req-c2e6253d-3af5-44a0-bac1-592594665f14'} Body: {"port":{"status":"DOWN","created_at":"2018-09-09T07:45:52Z","description":"","allowed_address_pairs":[],"tags":[],"network_id":"5818d3a9-eee8-4c59-b52d-5587c6e86a10","tenant_id":"ef0875de6b4740cb9433852baf471975","extra_dhcp_opts":[],"admin_state_up":true,"updated_at":"2018-09-09T07:45:58Z","name":"","device_owner":"trunk:subport","revision_number":8,"mac_address":"fa:16:3e:69:c1:ac","binding:vnic_type":"normal","port_security_enabled":true,"project_id":"ef0875de6b4740cb9433852baf471975","fixed_ips":[],"id":"7fdeedd8-7847-421b-8ed4-0b5082217d08","security_groups":["7fe08ebd-2f17-4aac-8267-b04ed415c48c"],"device_id":""}} _log_request_full /root/.rally/verification/verifier-e048b4d3-d215-47ac-b5b8-dcc823549335/repo/tempest/lib/common/rest_client.py:434
2018-09-09 07:46:05.288 12767 INFO tempest.lib.common.rest_client [req-0cb58323-41d0-4278-b9b3-f8eb809a874d ] Request (TrunkTestJSON:_run_cleanups): 404 DELETE http://10.167.4.35:9696/v2.0/ports/d957221f-8625-4b17-96d4-7764be503556 0.050s
2018-09-09 07:46:05.288 12767 DEBUG tempest.lib.common.rest_client [req-0cb58323-41d0-4278-b9b3-f8eb809a874d ] Request - Headers: {'Content-Type': 'application/json', 'Accept': 'application/json', 'X-Auth-Token': ''} Body: None Response - Headers: {'status': '404', u'content-length': '132', 'content-location': 'http://10.167.4.35:9696/v2.0/ports/d957221f-8625-4b17-96d4-7764be503556', u'date': 'Sun, 09 Sep 2018 07:46:05 GMT', u'content-type': 'application/json', u'connection': 'close', u'x-openstack-request-id': 'req-0cb58323-41d0-4278-b9b3-f8eb809a874d'} Body: {"NeutronError": {"message": "Port d957221f-8625-4b17-96d4-7764be503556 could not be found.", "type": "PortNotFound", "detail": ""}} _log_request_full /root/.rally/verification/verifier-e048b4d3-d215-47ac-b5b8-dcc823549335/repo/tempest/lib/common/rest_client.py:434
2018-09-09 07:46:05.338 12767 INFO tempest.lib.common.rest_client [req-5d3412d1-db30-49a4-b9ca-a2e898f0e7e0 ] Request (TrunkTestJSON:_run_cleanups): 404 DELETE http://10.167.4.35:9696/v2.0/ports/27876a7d-7100-413a-af6d-53722b3e5357 0.049s
2018-09-09 07:46:05.339 12767 DEBUG tempest.lib.common.rest_client [req-5d3412d1-db30-49a4-b9ca-a2e898f0e7e0 ] Request - Headers: {'Content-Type': 'application/json', 'Accept': 'application/json', 'X-Auth-Token': ''} Body: None Response - Headers: {'status': '404', u'content-length': '132', 'content-location': 'http://10.167.4.35:9696/v2.0/ports/27876a7d-7100-413a-af6d-53722b3e5357', u'date': 'Sun, 09 Sep 2018 07:46:05 GMT', u'content-type': 'application/json', u'connection': 'close', u'x-openstack-request-id': 'req-5d3412d1-db30-49a4-b9ca-a2e898f0e7e0'} Body: {"NeutronError": {"message": "Port 27876a7d-7100-413a-af6d-53722b3e5357 could not be found.", "type": "PortNotFound", "detail": ""}} _log_request_full /root/.rally/verification/verifier-e048b4d3-d215-47ac-b5b8-dcc823549335/repo/tempest/lib/common/rest_client.py:434
2018-09-09 07:46:05.383 12767 INFO tempest.lib.common.rest_client [req-306fa164-c6bb-416d-a9ae-4fbe9c488edb ] Request (TrunkTestJSON:_run_cleanups): 404 DELETE http://10.167.4.35:9696/v2.0/ports/cacb9bd0-a4e8-46a0-a572-8b3ec3c78301 0.043s
2018-09-09 07:46:05.383 12767 DEBUG tempest.lib.common.rest_client [req-306fa164-c6bb-416d-a9ae-4fbe9c488edb ] Request - Headers: {'Content-Type': 'application/json', 'Accept': 'application/json', 'X-Auth-Token': ''} Body: None Response - Headers: {'status': '404', u'content-length': '132', 'content-location': 'http://10.167.4.35:9696/v2.0/ports/cacb9bd0-a4e8-46a0-a572-8b3ec3c78301', u'date': 'Sun, 09 Sep 2018 07:46:05 GMT', u'content-type': 'application/json', u'connection': 'close', u'x-openstack-request-id': 'req-306fa164-c6bb-416d-a9ae-4fbe9c488edb'} Body: {"NeutronError": {"message": "Port cacb9bd0-a4e8-46a0-a572-8b3ec3c78301 could not be found.", "type": "PortNotFound", "detail": ""}} _log_request_full /root/.rally/verification/verifier-e048b4d3-d215-47ac-b5b8-dcc823549335/repo/tempest/lib/common/rest_client.py:434
2018-09-09 07:46:05.437 12767 INFO tempest.lib.common.rest_client [req-c829006f-08ea-4373-99fa-f2eb0d1aee7c ] Request (TrunkTestJSON:_run_cleanups): 404 DELETE http://10.167.4.35:9696/v2.0/ports/4aeeacfb-18fd-430b-8a7c-15adaac3f87d 0.052s
2018-09-09 07:46:05.437 12767 DEBUG tempest.lib.common.rest_client [req-c829006f-08ea-4373-99fa-f2eb0d1aee7c ] Request - Headers: {'Content-Type': 'application/json', 'Accept': 'application/json', 'X-Auth-Token': ''} Body: None Response - Headers: {'status': '404', u'content-length': '132', 'content-location': 'http://10.167.4.35:9696/v2.0/ports/4aeeacfb-18fd-430b-8a7c-15adaac3f87d', u'date': 'Sun, 09 Sep 2018 07:46:05 GMT', u'content-type': 'application/json', u'connection': 'close', u'x-openstack-request-id': 'req-c829006f-08ea-4373-99fa-f2eb0d1aee7c'} Body: {"NeutronError": {"message": "Port 4aeeacfb-18fd-430b-8a7c-15adaac3f87d could not be found.", "type": "PortNotFound", "detail": ""}} _log_request_full /root/.rally/verification/verifier-e048b4d3-d215-47ac-b5b8-dcc823549335/repo/tempest/lib/common/rest_client.py:434
2018-09-09 07:46:05.477 12767 INFO tempest.lib.common.rest_client [req-cb2365f5-aae2-4257-b14f-2db73947ac35 ] Request (TrunkTestJSON:_run_cleanups): 404 DELETE http://10.167.4.35:9696/v2.0/ports/8997d9c4-9d55-45ab-86b8-dcb1012182c2 0.039s
2018-09-09 07:46:05.478 12767 DEBUG tempest.lib.common.rest_client [req-cb2365f5-aae2-4257-b14f-2db73947ac35 ] Request - Headers: {'Content-Type': 'application/json', 'Accept': 'application/json', 'X-Auth-Token': ''} Body: None Response - Headers: {'status': '404', u'content-length': '132', 'content-location': 'http://10.167.4.35:9696/v2.0/ports/8997d9c4-9d55-45ab-86b8-dcb1012182c2', u'date': 'Sun, 09 Sep 2018 07:46:05 GMT', u'content-type': 'application/json', u'connection': 'close', u'x-openstack-request-id': 'req-cb2365f5-aae2-4257-b14f-2db73947ac35'} Body: {"NeutronError": {"message": "Port 8997d9c4-9d55-45ab-86b8-dcb1012182c2 could not be found.", "type": "PortNotFound", "detail": ""}} _log_request_full /root/.rally/verification/verifier-e048b4d3-d215-47ac-b5b8-dcc823549335/repo/tempest/lib/common/rest_client.py:434
2018-09-09 07:46:05.607 12763 INFO tempest.lib.common.rest_client [req-4c7f57ca-73cd-4a14-85b4-8a0bf3698e50 ] Request (TrunkTestJSON:_run_cleanups): 204 DELETE http://10.167.4.35:9696/v2.0/ports/0164f476-0c7f-4093-ae78-250f4246f825 0.736s
2018-09-09 07:46:05.607 12763 DEBUG tempest.lib.common.rest_client [req-4c7f57ca-73cd-4a14-85b4-8a0bf3698e50 ] Request - Headers: {'Content-Type': 'application/json', 'Accept': 'application/json', 'X-Auth-Token': ''} Body: None Response - Headers: {'status': '204', u'content-length': '0', 'content-location': 'http://10.167.4.35:9696/v2.0/ports/0164f476-0c7f-4093-ae78-250f4246f825', u'date': 'Sun, 09 Sep 2018 07:46:05 GMT', u'connection': 'close', u'x-openstack-request-id': 'req-4c7f57ca-73cd-4a14-85b4-8a0bf3698e50'} Body: _log_request_full /root/.rally/verification/verifier-e048b4d3-d215-47ac-b5b8-dcc823549335/repo/tempest/lib/common/rest_client.py:434
2018-09-09 07:46:05.987 12767 INFO tempest.lib.common.rest_client [req-e7a492dc-2e69-49bc-8be6-d0ed9c5cf91e ] Request (TrunkTestJSON:_run_cleanups): 204 DELETE http://10.167.4.35:9696/v2.0/ports/58c1a7e8-c026-4d9b-a794-1101ddf365e4 0.508s
2018-09-09 07:46:05.988 12767 DEBUG tempest.lib.common.rest_client [req-e7a492dc-2e69-49bc-8be6-d0ed9c5cf91e ] Request - Headers: {'Content-Type': 'application/json', 'Accept': 'application/json', 'X-Auth-Token': ''} Body: None Response - Headers: {'status': '204', u'content-length': '0', 'content-location': 'http://10.167.4.35:9696/v2.0/ports/58c1a7e8-c026-4d9b-a794-1101ddf365e4', u'date': 'Sun, 09 Sep 2018 07:46:05 GMT', u'connection': 'close', u'x-openstack-request-id': 'req-e7a492dc-2e69-49bc-8be6-d0ed9c5cf91e'} Body: _log_request_full /root/.rally/verification/verifier-e048b4d3-d215-47ac-b5b8-dcc823549335/repo/tempest/lib/common/rest_client.py:434
2018-09-09 07:46:06.025 12767 INFO tempest.lib.common.rest_client [req-33b57fcd-ef96-4c2d-a34f-c9e28d3f1e8b ] Request (TrunkTestJSON:_run_cleanups): 404 DELETE http://10.167.4.35:9696/v2.0/networks/af985fd3-7c71-4467-9a4a-273ab1c5752c 0.036s
2018-09-09 07:46:06.025 12767 DEBUG tempest.lib.common.rest_client [req-33b57fcd-ef96-4c2d-a34f-c9e28d3f1e8b ] Request - Headers: {'Content-Type': 'application/json', 'Accept': 'application/json', 'X-Auth-Token': ''} Body: None Response - Headers: {'status': '404', u'content-length': '138', 'content-location': 'http://10.167.4.35:9696/v2.0/networks/af985fd3-7c71-4467-9a4a-273ab1c5752c', u'date': 'Sun, 09 Sep 2018 07:46:06 GMT', u'content-type': 'application/json', u'connection': 'close', u'x-openstack-request-id': 'req-33b57fcd-ef96-4c2d-a34f-c9e28d3f1e8b'} Body: {"NeutronError": {"message": "Network af985fd3-7c71-4467-9a4a-273ab1c5752c could not be found.", "type": "NetworkNotFound", "detail": ""}} _log_request_full /root/.rally/verification/verifier-e048b4d3-d215-47ac-b5b8-dcc823549335/repo/tempest/lib/common/rest_client.py:434
2018-09-09 07:46:06.056 12767 INFO tempest.lib.common.rest_client [req-120d80ad-a4c1-403a-9530-1563eea13759 ] Request (TrunkTestJSON:_run_cleanups): 404 DELETE http://10.167.4.35:9696/v2.0/networks/292590b9-1048-4ea1-a337-5415cb789ed2 0.029s
2018-09-09 07:46:06.056 12767 DEBUG tempest.lib.common.rest_client [req-120d80ad-a4c1-403a-9530-1563eea13759 ] Request - Headers: {'Content-Type': 'application/json', 'Accept': 'application/json', 'X-Auth-Token': ''} Body: None Response - Headers: {'status': '404', u'content-length': '138', 'content-location': 'http://10.167.4.35:9696/v2.0/networks/292590b9-1048-4ea1-a337-5415cb789ed2', u'date': 'Sun, 09 Sep 2018 07:46:06 GMT', u'content-type': 'application/json', u'connection': 'close', u'x-openstack-request-id': 'req-120d80ad-a4c1-403a-9530-1563eea13759'} Body: {"NeutronError": {"message": "Network 292590b9-1048-4ea1-a337-5415cb789ed2 could not be found.", "type": "NetworkNotFound", "detail": ""}} _log_request_full /root/.rally/verification/verifier-e048b4d3-d215-47ac-b5b8-dcc823549335/repo/tempest/lib/common/rest_client.py:434
2018-09-09 07:46:06.085 12767 INFO tempest.lib.common.rest_client [req-9997b443-4c74-49d7-80f2-fdd5bb4a2181 ] Request (TrunkTestJSON:_run_cleanups): 404 DELETE http://10.167.4.35:9696/v2.0/networks/2d059b69-ac92-43f0-a5fe-6aeea0168e75 0.028s
2018-09-09 07:46:06.086 12767 DEBUG tempest.lib.common.rest_client [req-9997b443-4c74-49d7-80f2-fdd5bb4a2181 ] Request - Headers: {'Content-Type': 'application/json', 'Accept': 'application/json', 'X-Auth-Token': ''} Body: None Response - Headers: {'status': '404', u'content-length': '138', 'content-location': 'http://10.167.4.35:9696/v2.0/networks/2d059b69-ac92-43f0-a5fe-6aeea0168e75', u'date': 'Sun, 09 Sep 2018 07:46:06 GMT', u'content-type': 'application/json', u'connection': 'close', u'x-openstack-request-id': 'req-9997b443-4c74-49d7-80f2-fdd5bb4a2181'} Body: {"NeutronError": {"message": "Network 2d059b69-ac92-43f0-a5fe-6aeea0168e75 could not be found.", "type": "NetworkNotFound", "detail": ""}} _log_request_full /root/.rally/verification/verifier-e048b4d3-d215-47ac-b5b8-dcc823549335/repo/tempest/lib/common/rest_client.py:434
2018-09-09 07:46:06.094 12763 INFO tempest.lib.common.rest_client [req-6f63bb6d-8715-43ca-bc94-e73ec47d5dcf ] Request (TrunkTestJSON:_run_cleanups): 204 DELETE http://10.167.4.35:9696/v2.0/ports/616cd00c-855c-4f5e-9103-2a08b8bd18b4 0.486s
2018-09-09 07:46:06.095 12763 DEBUG tempest.lib.common.rest_client [req-6f63bb6d-8715-43ca-bc94-e73ec47d5dcf ] Request - Headers: {'Content-Type': 'application/json', 'Accept': 'application/json', 'X-Auth-Token': ''} Body: None Response - Headers: {'status': '204', u'content-length': '0', 'content-location': 'http://10.167.4.35:9696/v2.0/ports/616cd00c-855c-4f5e-9103-2a08b8bd18b4', u'date': 'Sun, 09 Sep 2018 07:46:06 GMT', u'connection': 'close', u'x-openstack-request-id': 'req-6f63bb6d-8715-43ca-bc94-e73ec47d5dcf'} Body: _log_request_full /root/.rally/verification/verifier-e048b4d3-d215-47ac-b5b8-dcc823549335/repo/tempest/lib/common/rest_client.py:434
2018-09-09 07:46:06.118 12767 INFO tempest.lib.common.rest_client [req-f9e1d6de-100c-4803-87b6-44fb0eb01fcd ] Request (TrunkTestJSON:_run_cleanups): 404 DELETE http://10.167.4.35:9696/v2.0/networks/0b4c541d-2caa-4c8c-ad35-945317fd0be3 0.032s
2018-09-09 07:46:06.119 12767 DEBUG tempest.lib.common.rest_client [req-f9e1d6de-100c-4803-87b6-44fb0eb01fcd ] Request - Headers: {'Content-Type': 'application/json', 'Accept': 'application/json', 'X-Auth-Token': ''} Body: None Response - Headers: {'status': '404', u'content-length': '138', 'content-location': 'http://10.167.4.35:9696/v2.0/networks/0b4c541d-2caa-4c8c-ad35-945317fd0be3', u'date': 'Sun, 09 Sep 2018 07:46:06 GMT', u'content-type': 'application/json', u'connection': 'close', u'x-openstack-request-id': 'req-f9e1d6de-100c-4803-87b6-44fb0eb01fcd'} Body: {"NeutronError": {"message": "Network 0b4c541d-2caa-4c8c-ad35-945317fd0be3 could not be found.", "type": "NetworkNotFound", "detail": ""}} _log_request_full /root/.rally/verification/verifier-e048b4d3-d215-47ac-b5b8-dcc823549335/repo/tempest/lib/common/rest_client.py:434
2018-09-09 07:46:06.150 12767 INFO tempest.lib.common.rest_client [req-0f37a1f7-b1ae-48ee-ba03-992a57201ea1 ] Request (TrunkTestJSON:_run_cleanups): 404 DELETE http://10.167.4.35:9696/v2.0/networks/ed697317-5849-4bc9-bd12-11bdff8bfa2a 0.030s
2018-09-09 07:46:06.151 12767 DEBUG tempest.lib.common.rest_client [req-0f37a1f7-b1ae-48ee-ba03-992a57201ea1 ] Request - Headers: {'Content-Type': 'application/json', 'Accept': 'application/json', 'X-Auth-Token': ''} Body: None Response - Headers: {'status': '404', u'content-length': '138', 'content-location': 'http://10.167.4.35:9696/v2.0/networks/ed697317-5849-4bc9-bd12-11bdff8bfa2a', u'date': 'Sun, 09 Sep 2018 07:46:06 GMT', u'content-type': 'application/json', u'connection': 'close', u'x-openstack-request-id': 'req-0f37a1f7-b1ae-48ee-ba03-992a57201ea1'} Body: {"NeutronError": {"message": "Network ed697317-5849-4bc9-bd12-11bdff8bfa2a could not be found.", "type": "NetworkNotFound", "detail": ""}} _log_request_full /root/.rally/verification/verifier-e048b4d3-d215-47ac-b5b8-dcc823549335/repo/tempest/lib/common/rest_client.py:434
2018-09-09 07:46:06.204 12767 INFO tempest.lib.common.rest_client [req-d60a46ed-067d-4297-b2b8-c15926d63ada ] Request (TrunkTestJSON:_run_cleanups): 404 DELETE http://10.167.4.35:9696/v2.0/networks/c8735598-292c-4479-8e58-a14a2e4a3eb6 0.052s
2018-09-09 07:46:06.204 12767 DEBUG tempest.lib.common.rest_client [req-d60a46ed-067d-4297-b2b8-c15926d63ada ] Request - Headers: {'Content-Type': 'application/json', 'Accept': 'application/json', 'X-Auth-Token': ''} Body: None Response - Headers: {'status': '404', u'content-length': '138', 'content-location': 'http://10.167.4.35:9696/v2.0/networks/c8735598-292c-4479-8e58-a14a2e4a3eb6', u'date': 'Sun, 09 Sep 2018 07:46:06 GMT', u'content-type': 'application/json', u'connection': 'close', u'x-openstack-request-id': 'req-d60a46ed-067d-4297-b2b8-c15926d63ada'} Body: {"NeutronError": {"message": "Network c8735598-292c-4479-8e58-a14a2e4a3eb6 could not be found.", "type": "NetworkNotFound", "detail": ""}} _log_request_full /root/.rally/verification/verifier-e048b4d3-d215-47ac-b5b8-dcc823549335/repo/tempest/lib/common/rest_client.py:434
2018-09-09 07:46:06.242 12767 INFO tempest.lib.common.rest_client [req-67576999-2630-48ba-bafd-dcdca6d95412 ] Request (TrunkTestJSON:_run_cleanups): 404 DELETE http://10.167.4.35:9696/v2.0/networks/ad665f88-5b44-4819-bd9e-e0f908a51539 0.037s
2018-09-09 07:46:06.242 12767 DEBUG tempest.lib.common.rest_client [req-67576999-2630-48ba-bafd-dcdca6d95412 ] Request - Headers: {'Content-Type': 'application/json', 'Accept': 'application/json', 'X-Auth-Token': ''} Body: None Response - Headers: {'status': '404', u'content-length': '138', 'content-location': 'http://10.167.4.35:9696/v2.0/networks/ad665f88-5b44-4819-bd9e-e0f908a51539', u'date': 'Sun, 09 Sep 2018 07:46:06 GMT', u'content-type': 'application/json', u'connection': 'close', u'x-openstack-request-id': 'req-67576999-2630-48ba-bafd-dcdca6d95412'} Body: {"NeutronError": {"message": "Network ad665f88-5b44-4819-bd9e-e0f908a51539 could not be found.", "type": "NetworkNotFound", "detail": ""}} _log_request_full /root/.rally/verification/verifier-e048b4d3-d215-47ac-b5b8-dcc823549335/repo/tempest/lib/common/rest_client.py:434
2018-09-09 07:46:06.278 12767 INFO tempest.lib.common.rest_client [req-188a1330-f35e-4a40-9384-a1033a181524 ] Request (TrunkTestJSON:_run_cleanups): 404 DELETE http://10.167.4.35:9696/v2.0/networks/d5e47edd-b322-4f91-9f49-63728aac7371 0.035s
2018-09-09 07:46:06.278 12767 DEBUG tempest.lib.common.rest_client [req-188a1330-f35e-4a40-9384-a1033a181524 ] Request - Headers: {'Content-Type': 'application/json', 'Accept': 'application/json', 'X-Auth-Token': ''} Body: None Response - Headers: {'status': '404', u'content-length': '138', 'content-location': 'http://10.167.4.35:9696/v2.0/networks/d5e47edd-b322-4f91-9f49-63728aac7371', u'date': 'Sun, 09 Sep 2018 07:46:06 GMT', u'content-type': 'application/json', u'connection': 'close', u'x-openstack-request-id': 'req-188a1330-f35e-4a40-9384-a1033a181524'} Body: {"NeutronError": {"message": "Network d5e47edd-b322-4f91-9f49-63728aac7371 could not be found.", "type": "NetworkNotFound", "detail": ""}} _log_request_full /root/.rally/verification/verifier-e048b4d3-d215-47ac-b5b8-dcc823549335/repo/tempest/lib/common/rest_client.py:434
2018-09-09 07:46:06.307 12767 INFO tempest.lib.common.rest_client [req-377b8150-407b-4f21-be52-3fcc7496c67d ] Request (TrunkTestJSON:_run_cleanups): 404 DELETE http://10.167.4.35:9696/v2.0/networks/92866197-7e65-468e-b0f5-45dbd004e4e3 0.027s
2018-09-09 07:46:06.307 12767 DEBUG tempest.lib.common.rest_client [req-377b8150-407b-4f21-be52-3fcc7496c67d ] Request - Headers: {'Content-Type': 'application/json', 'Accept': 'application/json', 'X-Auth-Token': ''} Body: None Response - Headers: {'status': '404', u'content-length': '138', 'content-location': 'http://10.167.4.35:9696/v2.0/networks/92866197-7e65-468e-b0f5-45dbd004e4e3', u'date': 'Sun, 09 Sep 2018 07:46:06 GMT', u'content-type': 'application/json', u'connection': 'close', u'x-openstack-request-id': 'req-377b8150-407b-4f21-be52-3fcc7496c67d'} Body: {"NeutronError": {"message": "Network 92866197-7e65-468e-b0f5-45dbd004e4e3 could not be found.", "type": "NetworkNotFound", "detail": ""}} _log_request_full /root/.rally/verification/verifier-e048b4d3-d215-47ac-b5b8-dcc823549335/repo/tempest/lib/common/rest_client.py:434
2018-09-09 07:46:06.343 12767 INFO tempest.lib.common.rest_client [req-24b75c3f-923d-4214-98be-8d641d27df27 ] Request (TrunkTestJSON:_run_cleanups): 404 DELETE http://10.167.4.35:9696/v2.0/networks/966840c8-e243-492c-85a9-5b592fd89611 0.035s
2018-09-09 07:46:06.344 12767 DEBUG tempest.lib.common.rest_client [req-24b75c3f-923d-4214-98be-8d641d27df27 ] Request - Headers: {'Content-Type': 'application/json', 'Accept': 'application/json', 'X-Auth-Token': ''} Body: None Response - Headers: {'status': '404', u'content-length': '138', 'content-location': 'http://10.167.4.35:9696/v2.0/networks/966840c8-e243-492c-85a9-5b592fd89611', u'date': 'Sun, 09 Sep 2018 07:46:06 GMT', u'content-type': 'application/json', u'connection': 'close', u'x-openstack-request-id': 'req-24b75c3f-923d-4214-98be-8d641d27df27'} Body: {"NeutronError": {"message": "Network 966840c8-e243-492c-85a9-5b592fd89611 could not be found.", "type": "NetworkNotFound", "detail": ""}} _log_request_full /root/.rally/verification/verifier-e048b4d3-d215-47ac-b5b8-dcc823549335/repo/tempest/lib/common/rest_client.py:434
2018-09-09 07:46:06.377 12767 INFO tempest.lib.common.rest_client [req-971e0ecd-2fb2-4ecf-abdd-54564c17da2c ] Request (TrunkTestJSON:_run_cleanups): 404 DELETE http://10.167.4.35:9696/v2.0/networks/3a7f08b0-7f66-4ccc-a328-70f7b15621fc 0.033s
2018-09-09 07:46:06.378 12767 DEBUG tempest.lib.common.rest_client [req-971e0ecd-2fb2-4ecf-abdd-54564c17da2c ] Request - Headers: {'Content-Type': 'application/json', 'Accept': 'application/json', 'X-Auth-Token': ''} Body: None Response - Headers: {'status': '404', u'content-length': '138', 'content-location': 'http://10.167.4.35:9696/v2.0/networks/3a7f08b0-7f66-4ccc-a328-70f7b15621fc', u'date': 'Sun, 09 Sep 2018 07:46:06 GMT', u'content-type': 'application/json', u'connection': 'close', u'x-openstack-request-id': 'req-971e0ecd-2fb2-4ecf-abdd-54564c17da2c'} Body: {"NeutronError": {"message": "Network 3a7f08b0-7f66-4ccc-a328-70f7b15621fc could not be found.", "type": "NetworkNotFound", "detail": ""}} _log_request_full /root/.rally/verification/verifier-e048b4d3-d215-47ac-b5b8-dcc823549335/repo/tempest/lib/common/rest_client.py:434
2018-09-09 07:46:06.408 12767 INFO tempest.lib.common.rest_client [req-cf68a4f1-4095-46e8-a259-3959c90fe505 ] Request (TrunkTestJSON:_run_cleanups): 404 DELETE http://10.167.4.35:9696/v2.0/networks/cdb593b8-f5bf-41fa-a4ff-281329a85caa 0.029s
2018-09-09 07:46:06.408 12767 DEBUG tempest.lib.common.rest_client [req-cf68a4f1-4095-46e8-a259-3959c90fe505 ] Request - Headers: {'Content-Type': 'application/json', 'Accept': 'application/json', 'X-Auth-Token': ''} Body: None Response - Headers: {'status': '404', u'content-length': '138', 'content-location': 'http://10.167.4.35:9696/v2.0/networks/cdb593b8-f5bf-41fa-a4ff-281329a85caa', u'date': 'Sun, 09 Sep 2018 07:46:06 GMT', u'content-type': 'application/json', u'connection': 'close', u'x-openstack-request-id': 'req-cf68a4f1-4095-46e8-a259-3959c90fe505'} Body: {"NeutronError": {"message": "Network cdb593b8-f5bf-41fa-a4ff-281329a85caa could not be found.", "type": "NetworkNotFound", "detail": ""}} _log_request_full /root/.rally/verification/verifier-e048b4d3-d215-47ac-b5b8-dcc823549335/repo/tempest/lib/common/rest_client.py:434
2018-09-09 07:46:06.437 12767 INFO tempest.lib.common.rest_client [req-cff2bc62-9ef9-41df-a630-e88776dbb1b4 ] Request (TrunkTestJSON:_run_cleanups): 404 DELETE http://10.167.4.35:9696/v2.0/networks/d5f480be-30bb-4f11-bf3a-b40f87edb4d0 0.028s
2018-09-09 07:46:06.438 12767 DEBUG tempest.lib.common.rest_client [req-cff2bc62-9ef9-41df-a630-e88776dbb1b4 ] Request - Headers: {'Content-Type': 'application/json', 'Accept': 'application/json', 'X-Auth-Token': ''} Body: None Response - Headers: {'status': '404', u'content-length': '138', 'content-location': 'http://10.167.4.35:9696/v2.0/networks/d5f480be-30bb-4f11-bf3a-b40f87edb4d0', u'date': 'Sun, 09 Sep 2018 07:46:06 GMT', u'content-type': 'application/json', u'connection': 'close', u'x-openstack-request-id': 'req-cff2bc62-9ef9-41df-a630-e88776dbb1b4'} Body: {"NeutronError": {"message": "Network d5f480be-30bb-4f11-bf3a-b40f87edb4d0 could not be found.", "type": "NetworkNotFound", "detail": ""}} _log_request_full /root/.rally/verification/verifier-e048b4d3-d215-47ac-b5b8-dcc823549335/repo/tempest/lib/common/rest_client.py:434
2018-09-09 07:46:06.510 12764 INFO tempest.lib.common.rest_client [req-0224dd8d-366f-4ec2-86be-75dcc41dd9b8 ] Request (TrunkTest:test_trunk_subport_lifecycle): 200 GET http://10.167.4.35:9696/v2.0/ports/7fdeedd8-7847-421b-8ed4-0b5082217d08 0.251s
2018-09-09 07:46:06.510 12764 DEBUG tempest.lib.common.rest_client [req-0224dd8d-366f-4ec2-86be-75dcc41dd9b8 ] Request - Headers: {'Content-Type': 'application/json', 'Accept': 'application/json', 'X-Auth-Token': ''} Body: None Response - Headers: {'status': '200', u'content-length': '630', 'content-location': 'http://10.167.4.35:9696/v2.0/ports/7fdeedd8-7847-421b-8ed4-0b5082217d08', u'date': 'Sun, 09 Sep 2018 07:46:06 GMT', u'content-type': 'application/json', u'connection': 'close', u'x-openstack-request-id': 'req-0224dd8d-366f-4ec2-86be-75dcc41dd9b8'} Body: {"port":{"status":"ACTIVE","created_at":"2018-09-09T07:45:52Z","description":"","allowed_address_pairs":[],"tags":[],"network_id":"5818d3a9-eee8-4c59-b52d-5587c6e86a10","tenant_id":"ef0875de6b4740cb9433852baf471975","extra_dhcp_opts":[],"admin_state_up":true,"updated_at":"2018-09-09T07:46:05Z","name":"","device_owner":"trunk:subport","revision_number":9,"mac_address":"fa:16:3e:69:c1:ac","binding:vnic_type":"normal","port_security_enabled":true,"project_id":"ef0875de6b4740cb9433852baf471975","fixed_ips":[],"id":"7fdeedd8-7847-421b-8ed4-0b5082217d08","security_groups":["7fe08ebd-2f17-4aac-8267-b04ed415c48c"],"device_id":""}} _log_request_full /root/.rally/verification/verifier-e048b4d3-d215-47ac-b5b8-dcc823549335/repo/tempest/lib/common/rest_client.py:434
2018-09-09 07:46:06.582 12764 INFO tempest.lib.common.rest_client [req-09ae7a04-71f8-446e-bfb1-0682b357af4f ] Request (TrunkTest:test_trunk_subport_lifecycle): 200 GET http://10.167.4.35:9696/v2.0/ports/29b76d56-144b-433a-8494-888077298c0c 0.071s
2018-09-09 07:46:06.583 12764 DEBUG tempest.lib.common.rest_client [req-09ae7a04-71f8-446e-bfb1-0682b357af4f ] Request - Headers: {'Content-Type': 'application/json', 'Accept': 'application/json', 'X-Auth-Token': ''} Body: None Response - Headers: {'status': '200', u'content-length': '630', 'content-location': 'http://10.167.4.35:9696/v2.0/ports/29b76d56-144b-433a-8494-888077298c0c', u'date': 'Sun, 09 Sep 2018 07:46:06 GMT', u'content-type': 'application/json', u'connection': 'close', u'x-openstack-request-id': 'req-09ae7a04-71f8-446e-bfb1-0682b357af4f'} Body: {"port":{"status":"ACTIVE","created_at":"2018-09-09T07:45:53Z","description":"","allowed_address_pairs":[],"tags":[],"network_id":"339308ab-4fc9-4ba2-af54-975f98393a53","tenant_id":"ef0875de6b4740cb9433852baf471975","extra_dhcp_opts":[],"admin_state_up":true,"updated_at":"2018-09-09T07:46:03Z","name":"","device_owner":"trunk:subport","revision_number":9,"mac_address":"fa:16:3e:07:43:e5","binding:vnic_type":"normal","port_security_enabled":true,"project_id":"ef0875de6b4740cb9433852baf471975","fixed_ips":[],"id":"29b76d56-144b-433a-8494-888077298c0c","security_groups":["7fe08ebd-2f17-4aac-8267-b04ed415c48c"],"device_id":""}} _log_request_full /root/.rally/verification/verifier-e048b4d3-d215-47ac-b5b8-dcc823549335/repo/tempest/lib/common/rest_client.py:434
2018-09-09 07:46:06.644 12764 INFO tempest.lib.common.rest_client [req-433666ee-a878-44f4-8cc1-2c775de85101 ] Request (TrunkTest:test_trunk_subport_lifecycle): 200 GET http://10.167.4.35:9696/v2.0/ports/65ed274a-cd64-427d-90b8-b9a3bfc09a4e 0.060s
2018-09-09 07:46:06.644 12764 DEBUG tempest.lib.common.rest_client [req-433666ee-a878-44f4-8cc1-2c775de85101 ] Request - Headers: {'Content-Type': 'application/json', 'Accept': 'application/json', 'X-Auth-Token': ''} Body: None Response - Headers: {'status': '200', u'content-length': '630', 'content-location': 'http://10.167.4.35:9696/v2.0/ports/65ed274a-cd64-427d-90b8-b9a3bfc09a4e', u'date': 'Sun, 09 Sep 2018 07:46:06 GMT', u'content-type': 'application/json', u'connection': 'close', u'x-openstack-request-id': 'req-433666ee-a878-44f4-8cc1-2c775de85101'} Body: {"port":{"status":"ACTIVE","created_at":"2018-09-09T07:45:55Z","description":"","allowed_address_pairs":[],"tags":[],"network_id":"d83757c8-e3b4-44d8-a376-882400c38975","tenant_id":"ef0875de6b4740cb9433852baf471975","extra_dhcp_opts":[],"admin_state_up":true,"updated_at":"2018-09-09T07:46:04Z","name":"","device_owner":"trunk:subport","revision_number":9,"mac_address":"fa:16:3e:91:b7:c7","binding:vnic_type":"normal","port_security_enabled":true,"project_id":"ef0875de6b4740cb9433852baf471975","fixed_ips":[],"id":"65ed274a-cd64-427d-90b8-b9a3bfc09a4e","security_groups":["7fe08ebd-2f17-4aac-8267-b04ed415c48c"],"device_id":""}} _log_request_full /root/.rally/verification/verifier-e048b4d3-d215-47ac-b5b8-dcc823549335/repo/tempest/lib/common/rest_client.py:434
2018-09-09 07:46:06.645 12764 INFO tempest.lib.common.ssh [-] Creating ssh connection to '172.30.10.119:22' as 'cirros' with public key authentication
2018-09-09 07:46:06.648 12764 INFO paramiko.transport [-] Connected (version 2.0, client dropbear_2015.67)
2018-09-09 07:46:06.661 12763 INFO tempest.lib.common.rest_client [req-eb78e6a3-79e2-4096-b0bf-1e6594aaf029 ] Request (TrunkTestJSON:_run_cleanups): 204 DELETE http://10.167.4.35:9696/v2.0/ports/2a7596c4-1a5e-4803-b090-79b23fc2231f 0.565s
2018-09-09 07:46:06.661 12763 DEBUG tempest.lib.common.rest_client [req-eb78e6a3-79e2-4096-b0bf-1e6594aaf029 ] Request - Headers: {'Content-Type': 'application/json', 'Accept': 'application/json', 'X-Auth-Token': ''} Body: None Response - Headers: {'status': '204', u'content-length': '0', 'content-location': 'http://10.167.4.35:9696/v2.0/ports/2a7596c4-1a5e-4803-b090-79b23fc2231f', u'date': 'Sun, 09 Sep 2018 07:46:06 GMT', u'connection': 'close', u'x-openstack-request-id': 'req-eb78e6a3-79e2-4096-b0bf-1e6594aaf029'} Body: _log_request_full /root/.rally/verification/verifier-e048b4d3-d215-47ac-b5b8-dcc823549335/repo/tempest/lib/common/rest_client.py:434
2018-09-09 07:46:06.703 12763 INFO tempest.lib.common.rest_client [req-65529817-5502-4b05-81b1-aad0a4a97675 ] Request (TrunkTestJSON:_run_cleanups): 404 DELETE http://10.167.4.35:9696/v2.0/networks/93d2b063-ab85-441b-a4d3-76ac139a2239 0.040s
2018-09-09 07:46:06.703 12763 DEBUG tempest.lib.common.rest_client [req-65529817-5502-4b05-81b1-aad0a4a97675 ] Request - Headers: {'Content-Type': 'application/json', 'Accept': 'application/json', 'X-Auth-Token': ''} Body: None Response - Headers: {'status': '404', u'content-length': '138', 'content-location': 'http://10.167.4.35:9696/v2.0/networks/93d2b063-ab85-441b-a4d3-76ac139a2239', u'date': 'Sun, 09 Sep 2018 07:46:06 GMT', u'content-type': 'application/json', u'connection': 'close', u'x-openstack-request-id': 'req-65529817-5502-4b05-81b1-aad0a4a97675'} Body: {"NeutronError": {"message": "Network 93d2b063-ab85-441b-a4d3-76ac139a2239 could not be found.", "type": "NetworkNotFound", "detail": ""}} _log_request_full /root/.rally/verification/verifier-e048b4d3-d215-47ac-b5b8-dcc823549335/repo/tempest/lib/common/rest_client.py:434
2018-09-09 07:46:06.712 12764 INFO paramiko.transport [-] Authentication (publickey) successful!
2018-09-09 07:46:06.738 12763 INFO tempest.lib.common.rest_client [req-297f77b2-5ff5-4459-8dd8-8902756489dd ] Request (TrunkTestJSON:_run_cleanups): 404 DELETE http://10.167.4.35:9696/v2.0/networks/be5eebad-2d43-4845-97cf-392ba089eeaf 0.033s
2018-09-09 07:46:06.738 12763 DEBUG tempest.lib.common.rest_client [req-297f77b2-5ff5-4459-8dd8-8902756489dd ] Request - Headers: {'Content-Type': 'application/json', 'Accept': 'application/json', 'X-Auth-Token': ''} Body: None Response - Headers: {'status': '404', u'content-length': '138', 'content-location': 'http://10.167.4.35:9696/v2.0/networks/be5eebad-2d43-4845-97cf-392ba089eeaf', u'date': 'Sun, 09 Sep 2018 07:46:06 GMT', u'content-type': 'application/json', u'connection': 'close', u'x-openstack-request-id': 'req-297f77b2-5ff5-4459-8dd8-8902756489dd'} Body: {"NeutronError": {"message": "Network be5eebad-2d43-4845-97cf-392ba089eeaf could not be found.", "type": "NetworkNotFound", "detail": ""}} _log_request_full /root/.rally/verification/verifier-e048b4d3-d215-47ac-b5b8-dcc823549335/repo/tempest/lib/common/rest_client.py:434
2018-09-09 07:46:06.745 12764 INFO tempest.lib.common.ssh [-] ssh connection to cirros@172.30.10.119 successfully created
2018-09-09 07:46:06.769 12763 INFO tempest.lib.common.rest_client [req-2a580ba6-b543-4b3a-8dbd-1fe3a8ba590b ] Request (TrunkTestJSON:_run_cleanups): 404 DELETE http://10.167.4.35:9696/v2.0/networks/e88eef14-8cad-4d99-a0d3-d5216393c8d8 0.030s
2018-09-09 07:46:06.770 12763 DEBUG tempest.lib.common.rest_client [req-2a580ba6-b543-4b3a-8dbd-1fe3a8ba590b ] Request - Headers: {'Content-Type': 'application/json', 'Accept': 'application/json', 'X-Auth-Token': ''} Body: None Response - Headers: {'status': '404', u'content-length': '138', 'content-location': 'http://10.167.4.35:9696/v2.0/networks/e88eef14-8cad-4d99-a0d3-d5216393c8d8', u'date': 'Sun, 09 Sep 2018 07:46:06 GMT', u'content-type': 'application/json', u'connection': 'close', u'x-openstack-request-id': 'req-2a580ba6-b543-4b3a-8dbd-1fe3a8ba590b'} Body: {"NeutronError": {"message": "Network e88eef14-8cad-4d99-a0d3-d5216393c8d8 could not be found.", "type": "NetworkNotFound", "detail": ""}} _log_request_full /root/.rally/verification/verifier-e048b4d3-d215-47ac-b5b8-dcc823549335/repo/tempest/lib/common/rest_client.py:434
2018-09-09 07:46:06.805 12763 INFO tempest.lib.common.rest_client [req-b91eb4ee-bc6e-47c6-9f7e-d3e9476c4854 ] Request (TrunkTestJSON:_run_cleanups): 404 DELETE http://10.167.4.35:9696/v2.0/networks/e800f6b5-3cf2-4540-8ce3-64340746d1e9 0.034s
2018-09-09 07:46:06.805 12763 DEBUG tempest.lib.common.rest_client [req-b91eb4ee-bc6e-47c6-9f7e-d3e9476c4854 ] Request - Headers: {'Content-Type': 'application/json', 'Accept': 'application/json', 'X-Auth-Token': ''} Body: None Response - Headers: {'status': '404', u'content-length': '138', 'content-location': 'http://10.167.4.35:9696/v2.0/networks/e800f6b5-3cf2-4540-8ce3-64340746d1e9', u'date': 'Sun, 09 Sep 2018 07:46:06 GMT', u'content-type': 'application/json', u'connection': 'close', u'x-openstack-request-id': 'req-b91eb4ee-bc6e-47c6-9f7e-d3e9476c4854'} Body: {"NeutronError": {"message": "Network e800f6b5-3cf2-4540-8ce3-64340746d1e9 could not be found.", "type": "NetworkNotFound", "detail": ""}} _log_request_full /root/.rally/verification/verifier-e048b4d3-d215-47ac-b5b8-dcc823549335/repo/tempest/lib/common/rest_client.py:434
2018-09-09 07:46:06.850 12763 INFO tempest.lib.common.rest_client [req-bd0cd427-2b8b-4ea9-8e85-9a419c5501a7 ] Request (TrunkTestJSON:_run_cleanups): 404 DELETE http://10.167.4.35:9696/v2.0/networks/1b9472d1-10bd-40ff-a2d4-dbfd60d4c17c 0.043s
2018-09-09 07:46:06.850 12763 DEBUG tempest.lib.common.rest_client [req-bd0cd427-2b8b-4ea9-8e85-9a419c5501a7 ] Request - Headers: {'Content-Type': 'application/json', 'Accept': 'application/json', 'X-Auth-Token': ''} Body: None Response - Headers: {'status': '404', u'content-length': '138', 'content-location': 'http://10.167.4.35:9696/v2.0/networks/1b9472d1-10bd-40ff-a2d4-dbfd60d4c17c', u'date': 'Sun, 09 Sep 2018 07:46:06 GMT', u'content-type': 'application/json', u'connection': 'close', u'x-openstack-request-id': 'req-bd0cd427-2b8b-4ea9-8e85-9a419c5501a7'} Body: {"NeutronError": {"message": "Network 1b9472d1-10bd-40ff-a2d4-dbfd60d4c17c could not be found.", "type": "NetworkNotFound", "detail": ""}} _log_request_full /root/.rally/verification/verifier-e048b4d3-d215-47ac-b5b8-dcc823549335/repo/tempest/lib/common/rest_client.py:434
2018-09-09 07:46:06.883 12763 INFO tempest.lib.common.rest_client [req-abb0db2a-b8b2-4f49-962e-2ff3b94d6d29 ] Request (TrunkTestJSON:_run_cleanups): 404 DELETE http://10.167.4.35:9696/v2.0/networks/14ba20ac-5a23-48ee-bad9-5c0511e8073d 0.032s
2018-09-09 07:46:06.884 12763 DEBUG tempest.lib.common.rest_client [req-abb0db2a-b8b2-4f49-962e-2ff3b94d6d29 ] Request - Headers: {'Content-Type': 'application/json', 'Accept': 'application/json', 'X-Auth-Token': ''} Body: None Response - Headers: {'status': '404', u'content-length': '138', 'content-location': 'http://10.167.4.35:9696/v2.0/networks/14ba20ac-5a23-48ee-bad9-5c0511e8073d', u'date': 'Sun, 09 Sep 2018 07:46:06 GMT', u'content-type': 'application/json', u'connection': 'close', u'x-openstack-request-id': 'req-abb0db2a-b8b2-4f49-962e-2ff3b94d6d29'} Body: {"NeutronError": {"message": "Network 14ba20ac-5a23-48ee-bad9-5c0511e8073d could not be found.", "type": "NetworkNotFound", "detail": ""}} _log_request_full /root/.rally/verification/verifier-e048b4d3-d215-47ac-b5b8-dcc823549335/repo/tempest/lib/common/rest_client.py:434
2018-09-09 07:46:06.917 12763 INFO tempest.lib.common.rest_client [req-40be2bda-b9a9-4486-b0a3-3d4cd98aca47 ] Request (TrunkTestJSON:_run_cleanups): 404 DELETE http://10.167.4.35:9696/v2.0/networks/3489d7d9-ec9f-4767-8343-a3e7b3bf1a89 0.032s
2018-09-09 07:46:06.917 12763 DEBUG tempest.lib.common.rest_client [req-40be2bda-b9a9-4486-b0a3-3d4cd98aca47 ] Request - Headers: {'Content-Type': 'application/json', 'Accept': 'application/json', 'X-Auth-Token': ''} Body: None Response - Headers: {'status': '404', u'content-length': '138', 'content-location': 'http://10.167.4.35:9696/v2.0/networks/3489d7d9-ec9f-4767-8343-a3e7b3bf1a89', u'date': 'Sun, 09 Sep 2018 07:46:06 GMT', u'content-type': 'application/json', u'connection': 'close', u'x-openstack-request-id': 'req-40be2bda-b9a9-4486-b0a3-3d4cd98aca47'} Body: {"NeutronError": {"message": "Network 3489d7d9-ec9f-4767-8343-a3e7b3bf1a89 could not be found.", "type": "NetworkNotFound", "detail": ""}} _log_request_full /root/.rally/verification/verifier-e048b4d3-d215-47ac-b5b8-dcc823549335/repo/tempest/lib/common/rest_client.py:434
2018-09-09 07:46:06.947 12763 INFO tempest.lib.common.rest_client [req-0b27cb73-7e7d-4a70-86e5-80df0c39bfc6 ] Request (TrunkTestJSON:_run_cleanups): 404 DELETE http://10.167.4.35:9696/v2.0/networks/0f20ced8-b049-4aaa-bd57-40d7153d4a5c 0.028s
2018-09-09 07:46:06.947 12763 DEBUG tempest.lib.common.rest_client [req-0b27cb73-7e7d-4a70-86e5-80df0c39bfc6 ] Request - Headers: {'Content-Type': 'application/json', 'Accept': 'application/json', 'X-Auth-Token': ''} Body: None Response - Headers: {'status': '404', u'content-length': '138', 'content-location': 'http://10.167.4.35:9696/v2.0/networks/0f20ced8-b049-4aaa-bd57-40d7153d4a5c', u'date': 'Sun, 09 Sep 2018 07:46:06 GMT', u'content-type': 'application/json', u'connection': 'close', u'x-openstack-request-id': 'req-0b27cb73-7e7d-4a70-86e5-80df0c39bfc6'} Body: {"NeutronError": {"message": "Network 0f20ced8-b049-4aaa-bd57-40d7153d4a5c could not be found.", "type": "NetworkNotFound", "detail": ""}} _log_request_full /root/.rally/verification/verifier-e048b4d3-d215-47ac-b5b8-dcc823549335/repo/tempest/lib/common/rest_client.py:434
2018-09-09 07:46:06.961 12764 INFO tempest.lib.common.rest_client [req-12404908-1242-4320-9755-64612d1b087a ] Request (TrunkTest:test_trunk_subport_lifecycle): 200 PUT http://10.167.4.35:9696/v2.0/trunks/4774e477-b646-4b6d-b7a1-44460866e35b/remove_subports 0.101s
2018-09-09 07:46:06.962 12764 DEBUG tempest.lib.common.rest_client [req-12404908-1242-4320-9755-64612d1b087a ] Request - Headers: {'Content-Type': 'application/json', 'Accept': 'application/json', 'X-Auth-Token': ''} Body: {"sub_ports": [{"segmentation_type": "vlan", "port_id": "d8fa8fa6-a868-482f-a202-8638be843ca7", "segmentation_id": 3}, {"segmentation_type": "vlan", "port_id": "7fdeedd8-7847-421b-8ed4-0b5082217d08", "segmentation_id": 4}, {"segmentation_type": "vlan", "port_id": "29b76d56-144b-433a-8494-888077298c0c", "segmentation_id": 5}, {"segmentation_type": "vlan", "port_id": "65ed274a-cd64-427d-90b8-b9a3bfc09a4e", "segmentation_id": 6}]} Response - Headers: {'status': '200', u'content-length': '396', 'content-location': 'http://10.167.4.35:9696/v2.0/trunks/4774e477-b646-4b6d-b7a1-44460866e35b/remove_subports', u'date': 'Sun, 09 Sep 2018 07:46:06 GMT', u'content-type': 'application/json', u'connection': 'close', u'x-openstack-request-id': 'req-12404908-1242-4320-9755-64612d1b087a'} Body: {"status": "DOWN", "sub_ports": [], "name": "", "admin_state_up": true, "tenant_id": "ef0875de6b4740cb9433852baf471975", "created_at": "2018-09-09T07:45:11Z", "tags": [], "updated_at": "2018-09-09T07:46:06Z", "revision_number": 5, "project_id": "ef0875de6b4740cb9433852baf471975", "port_id": "7b122813-f2f9-433b-a8e9-85fd11a5ccd9", "id": "4774e477-b646-4b6d-b7a1-44460866e35b", "description": ""} _log_request_full /root/.rally/verification/verifier-e048b4d3-d215-47ac-b5b8-dcc823549335/repo/tempest/lib/common/rest_client.py:434
2018-09-09 07:46:06.978 12763 INFO tempest.lib.common.rest_client [req-d5e82e79-f90f-41fa-a5fe-0c3013c05e1a ] Request (TrunkTestJSON:_run_cleanups): 404 DELETE http://10.167.4.35:9696/v2.0/networks/be797dd9-7c1f-4cc2-85a0-b43064d8485a 0.030s
2018-09-09 07:46:06.978 12763 DEBUG tempest.lib.common.rest_client [req-d5e82e79-f90f-41fa-a5fe-0c3013c05e1a ] Request - Headers: {'Content-Type': 'application/json', 'Accept': 'application/json', 'X-Auth-Token': ''} Body: None Response - Headers: {'status': '404', u'content-length': '138', 'content-location': 'http://10.167.4.35:9696/v2.0/networks/be797dd9-7c1f-4cc2-85a0-b43064d8485a', u'date': 'Sun, 09 Sep 2018 07:46:06 GMT', u'content-type': 'application/json', u'connection': 'close', u'x-openstack-request-id': 'req-d5e82e79-f90f-41fa-a5fe-0c3013c05e1a'} Body: {"NeutronError": {"message": "Network be797dd9-7c1f-4cc2-85a0-b43064d8485a could not be found.", "type": "NetworkNotFound", "detail": ""}} _log_request_full /root/.rally/verification/verifier-e048b4d3-d215-47ac-b5b8-dcc823549335/repo/tempest/lib/common/rest_client.py:434
2018-09-09 07:46:07.029 12764 INFO tempest.lib.common.rest_client [req-fdff0670-94d1-411a-9aeb-bebabf405e60 ] Request (TrunkTest:test_trunk_subport_lifecycle): 200 GET http://10.167.4.35:9696/v2.0/ports/d8fa8fa6-a868-482f-a202-8638be843ca7 0.066s
2018-09-09 07:46:07.030 12764 DEBUG tempest.lib.common.rest_client [req-fdff0670-94d1-411a-9aeb-bebabf405e60 ] Request - Headers: {'Content-Type': 'application/json', 'Accept': 'application/json', 'X-Auth-Token': ''} Body: None Response - Headers: {'status': '200', u'content-length': '630', 'content-location': 'http://10.167.4.35:9696/v2.0/ports/d8fa8fa6-a868-482f-a202-8638be843ca7', u'date': 'Sun, 09 Sep 2018 07:46:07 GMT', u'content-type': 'application/json', u'connection': 'close', u'x-openstack-request-id': 'req-fdff0670-94d1-411a-9aeb-bebabf405e60'} Body: {"port":{"status":"ACTIVE","created_at":"2018-09-09T07:45:50Z","description":"","allowed_address_pairs":[],"tags":[],"network_id":"c4a21b5f-e0c0-48ed-a172-c4c868664ccd","tenant_id":"ef0875de6b4740cb9433852baf471975","extra_dhcp_opts":[],"admin_state_up":true,"updated_at":"2018-09-09T07:46:02Z","name":"","device_owner":"trunk:subport","revision_number":9,"mac_address":"fa:16:3e:8a:7f:c3","binding:vnic_type":"normal","port_security_enabled":true,"project_id":"ef0875de6b4740cb9433852baf471975","fixed_ips":[],"id":"d8fa8fa6-a868-482f-a202-8638be843ca7","security_groups":["7fe08ebd-2f17-4aac-8267-b04ed415c48c"],"device_id":""}} _log_request_full /root/.rally/verification/verifier-e048b4d3-d215-47ac-b5b8-dcc823549335/repo/tempest/lib/common/rest_client.py:434
2018-09-09 07:46:07.173 12763 INFO tempest.lib.common.rest_client [req-75933543-281c-42c4-972a-6999e0dbcac2 ] Request (TrunkTestJSON:_run_cleanups): 404 DELETE http://10.167.4.35:9696/v2.0/networks/2b636425-844a-41dd-bf65-bca1d2a36c39 0.194s
2018-09-09 07:46:07.174 12763 DEBUG tempest.lib.common.rest_client [req-75933543-281c-42c4-972a-6999e0dbcac2 ] Request - Headers: {'Content-Type': 'application/json', 'Accept': 'application/json', 'X-Auth-Token': ''} Body: None Response - Headers: {'status': '404', u'content-length': '138', 'content-location': 'http://10.167.4.35:9696/v2.0/networks/2b636425-844a-41dd-bf65-bca1d2a36c39', u'date': 'Sun, 09 Sep 2018 07:46:07 GMT', u'content-type': 'application/json', u'connection': 'close', u'x-openstack-request-id': 'req-75933543-281c-42c4-972a-6999e0dbcac2'} Body: {"NeutronError": {"message": "Network 2b636425-844a-41dd-bf65-bca1d2a36c39 could not be found.", "type": "NetworkNotFound", "detail": ""}} _log_request_full /root/.rally/verification/verifier-e048b4d3-d215-47ac-b5b8-dcc823549335/repo/tempest/lib/common/rest_client.py:434
2018-09-09 07:46:07.203 12763 INFO tempest.lib.common.rest_client [req-9589b9d8-cc56-4e8c-b759-bcafa190fcb1 ] Request (TrunkTestJSON:_run_cleanups): 404 DELETE http://10.167.4.35:9696/v2.0/networks/57f49d65-03f8-436b-abe5-8274d67be73c 0.028s
2018-09-09 07:46:07.203 12763 DEBUG tempest.lib.common.rest_client [req-9589b9d8-cc56-4e8c-b759-bcafa190fcb1 ] Request - Headers: {'Content-Type': 'application/json', 'Accept': 'application/json', 'X-Auth-Token': ''} Body: None Response - Headers: {'status': '404', u'content-length': '138', 'content-location': 'http://10.167.4.35:9696/v2.0/networks/57f49d65-03f8-436b-abe5-8274d67be73c', u'date': 'Sun, 09 Sep 2018 07:46:07 GMT', u'content-type': 'application/json', u'connection': 'close', u'x-openstack-request-id': 'req-9589b9d8-cc56-4e8c-b759-bcafa190fcb1'} Body: {"NeutronError": {"message": "Network 57f49d65-03f8-436b-abe5-8274d67be73c could not be found.", "type": "NetworkNotFound", "detail": ""}} _log_request_full /root/.rally/verification/verifier-e048b4d3-d215-47ac-b5b8-dcc823549335/repo/tempest/lib/common/rest_client.py:434
2018-09-09 07:46:07.237 12763 INFO tempest.lib.common.rest_client [req-6ea47b98-081c-4865-b3d3-6ffc401acb5b ] Request (TrunkTestJSON:_run_cleanups): 404 DELETE http://10.167.4.35:9696/v2.0/networks/ba9af2d7-70df-4e57-a16c-b676eadd978a 0.033s
2018-09-09 07:46:07.238 12763 DEBUG tempest.lib.common.rest_client [req-6ea47b98-081c-4865-b3d3-6ffc401acb5b ] Request - Headers: {'Content-Type': 'application/json', 'Accept': 'application/json', 'X-Auth-Token': ''} Body: None Response - Headers: {'status': '404', u'content-length': '138', 'content-location': 'http://10.167.4.35:9696/v2.0/networks/ba9af2d7-70df-4e57-a16c-b676eadd978a', u'date': 'Sun, 09 Sep 2018 07:46:07 GMT', u'content-type': 'application/json', u'connection': 'close', u'x-openstack-request-id': 'req-6ea47b98-081c-4865-b3d3-6ffc401acb5b'} Body: {"NeutronError": {"message": "Network ba9af2d7-70df-4e57-a16c-b676eadd978a could not be found.", "type": "NetworkNotFound", "detail": ""}} _log_request_full /root/.rally/verification/verifier-e048b4d3-d215-47ac-b5b8-dcc823549335/repo/tempest/lib/common/rest_client.py:434
2018-09-09 07:46:07.276 12763 INFO tempest.lib.common.rest_client [req-16479ede-2c05-484d-af76-2e8fec9841ac ] Request (TrunkTestJSON:_run_cleanups): 404 DELETE http://10.167.4.35:9696/v2.0/networks/daa909a3-f9da-4fde-87ef-b05f996371b9 0.037s
