2018-09-07 02:20:23.917 12757 DEBUG tempest.lib.common.rest_client [req-1fb5649f-5bb2-4697-beb1-576712f7b01a ] Request - Headers: {'Content-Type': 'application/json', 'Accept': 'application/json', 'X-Auth-Token': ''} Body: None Response - Headers: {'status': '404', u'content-length': '132', 'content-location': 'http://10.167.4.35:9696/v2.0/ports/7a97ba54-1008-4952-ad10-434a596fc640', u'date': 'Fri, 07 Sep 2018 02:20:23 GMT', u'content-type': 'application/json', u'connection': 'close', u'x-openstack-request-id': 'req-1fb5649f-5bb2-4697-beb1-576712f7b01a'} Body: {"NeutronError": {"message": "Port 7a97ba54-1008-4952-ad10-434a596fc640 could not be found.", "type": "PortNotFound", "detail": ""}} _log_request_full /root/.rally/verification/verifier-3476e7bc-32b4-4407-8ab9-6d5fc0e073f0/repo/tempest/lib/common/rest_client.py:434
2018-09-07 02:20:23.919 12761 INFO tempest.lib.common.rest_client [req-c668ee46-0a97-40df-a580-2f4065fce5f4 ] Request (TrunkTestJSON:_run_cleanups): 404 DELETE http://10.167.4.35:9696/v2.0/trunks/1b88d004-b44b-4660-b94b-84e297ceb657 0.023s
2018-09-07 02:20:23.920 12761 DEBUG tempest.lib.common.rest_client [req-c668ee46-0a97-40df-a580-2f4065fce5f4 ] Request - Headers: {'Content-Type': 'application/json', 'Accept': 'application/json', 'X-Auth-Token': ''} Body: None Response - Headers: {'status': '404', u'content-length': '134', 'content-location': 'http://10.167.4.35:9696/v2.0/trunks/1b88d004-b44b-4660-b94b-84e297ceb657', u'date': 'Fri, 07 Sep 2018 02:20:23 GMT', u'content-type': 'application/json', u'connection': 'close', u'x-openstack-request-id': 'req-c668ee46-0a97-40df-a580-2f4065fce5f4'} Body: {"NeutronError": {"message": "Trunk 1b88d004-b44b-4660-b94b-84e297ceb657 could not be found.", "type": "TrunkNotFound", "detail": ""}} _log_request_full /root/.rally/verification/verifier-3476e7bc-32b4-4407-8ab9-6d5fc0e073f0/repo/tempest/lib/common/rest_client.py:434
2018-09-07 02:20:23.951 12761 INFO tempest.lib.common.rest_client [req-e3e3d30b-3f4c-41f9-b132-92233e5f64a5 ] Request (TrunkTestJSON:_run_cleanups): 404 GET http://10.167.4.35:9696/v2.0/trunks/96ed801c-2985-4bb6-94e9-3ec6382c7193 0.031s
2018-09-07 02:20:23.952 12761 DEBUG tempest.lib.common.rest_client [req-e3e3d30b-3f4c-41f9-b132-92233e5f64a5 ] Request - Headers: {'Content-Type': 'application/json', 'Accept': 'application/json', 'X-Auth-Token': ''} Body: None Response - Headers: {'status': '404', u'content-length': '134', 'content-location': 'http://10.167.4.35:9696/v2.0/trunks/96ed801c-2985-4bb6-94e9-3ec6382c7193', u'date': 'Fri, 07 Sep 2018 02:20:23 GMT', u'content-type': 'application/json', u'connection': 'close', u'x-openstack-request-id': 'req-e3e3d30b-3f4c-41f9-b132-92233e5f64a5'} Body: {"NeutronError": {"message": "Trunk 96ed801c-2985-4bb6-94e9-3ec6382c7193 could not be found.", "type": "TrunkNotFound", "detail": ""}} _log_request_full /root/.rally/verification/verifier-3476e7bc-32b4-4407-8ab9-6d5fc0e073f0/repo/tempest/lib/common/rest_client.py:434
2018-09-07 02:20:23.970 12757 INFO tempest.lib.common.rest_client [req-efe9758d-5a9a-4442-b681-51a9df75ed71 ] Request (TrunkTestJSON:_run_cleanups): 404 DELETE http://10.167.4.35:9696/v2.0/ports/f7d8166a-6940-4cd6-9e70-9fbd3c2db315 0.053s
2018-09-07 02:20:23.970 12757 DEBUG tempest.lib.common.rest_client [req-efe9758d-5a9a-4442-b681-51a9df75ed71 ] Request - Headers: {'Content-Type': 'application/json', 'Accept': 'application/json', 'X-Auth-Token': ''} Body: None Response - Headers: {'status': '404', u'content-length': '132', 'content-location': 'http://10.167.4.35:9696/v2.0/ports/f7d8166a-6940-4cd6-9e70-9fbd3c2db315', u'date': 'Fri, 07 Sep 2018 02:20:23 GMT', u'content-type': 'application/json', u'connection': 'close', u'x-openstack-request-id': 'req-efe9758d-5a9a-4442-b681-51a9df75ed71'} Body: {"NeutronError": {"message": "Port f7d8166a-6940-4cd6-9e70-9fbd3c2db315 could not be found.", "type": "PortNotFound", "detail": ""}} _log_request_full /root/.rally/verification/verifier-3476e7bc-32b4-4407-8ab9-6d5fc0e073f0/repo/tempest/lib/common/rest_client.py:434
2018-09-07 02:20:23.975 12761 INFO tempest.lib.common.rest_client [req-f836eeaf-988a-4bab-9123-f2fac9a73f02 ] Request (TrunkTestJSON:_run_cleanups): 404 GET http://10.167.4.35:9696/v2.0/trunks/4900763b-594a-45a5-bd87-e529bd1bbcf1 0.022s
2018-09-07 02:20:23.976 12761 DEBUG tempest.lib.common.rest_client [req-f836eeaf-988a-4bab-9123-f2fac9a73f02 ] Request - Headers: {'Content-Type': 'application/json', 'Accept': 'application/json', 'X-Auth-Token': ''} Body: None Response - Headers: {'status': '404', u'content-length': '134', 'content-location': 'http://10.167.4.35:9696/v2.0/trunks/4900763b-594a-45a5-bd87-e529bd1bbcf1', u'date': 'Fri, 07 Sep 2018 02:20:23 GMT', u'content-type': 'application/json', u'connection': 'close', u'x-openstack-request-id': 'req-f836eeaf-988a-4bab-9123-f2fac9a73f02'} Body: {"NeutronError": {"message": "Trunk 4900763b-594a-45a5-bd87-e529bd1bbcf1 could not be found.", "type": "TrunkNotFound", "detail": ""}} _log_request_full /root/.rally/verification/verifier-3476e7bc-32b4-4407-8ab9-6d5fc0e073f0/repo/tempest/lib/common/rest_client.py:434
2018-09-07 02:20:23.999 12761 INFO tempest.lib.common.rest_client [req-255e56e2-3289-473a-9b9d-6bf84371d6a5 ] Request (TrunkTestJSON:_run_cleanups): 404 GET http://10.167.4.35:9696/v2.0/trunks/263a8a33-34b2-47ae-84ad-b26cbcad19dd 0.023s
2018-09-07 02:20:24.000 12761 DEBUG tempest.lib.common.rest_client [req-255e56e2-3289-473a-9b9d-6bf84371d6a5 ] Request - Headers: {'Content-Type': 'application/json', 'Accept': 'application/json', 'X-Auth-Token': ''} Body: None Response - Headers: {'status': '404', u'content-length': '134', 'content-location': 'http://10.167.4.35:9696/v2.0/trunks/263a8a33-34b2-47ae-84ad-b26cbcad19dd', u'date': 'Fri, 07 Sep 2018 02:20:24 GMT', u'content-type': 'application/json', u'connection': 'close', u'x-openstack-request-id': 'req-255e56e2-3289-473a-9b9d-6bf84371d6a5'} Body: {"NeutronError": {"message": "Trunk 263a8a33-34b2-47ae-84ad-b26cbcad19dd could not be found.", "type": "TrunkNotFound", "detail": ""}} _log_request_full /root/.rally/verification/verifier-3476e7bc-32b4-4407-8ab9-6d5fc0e073f0/repo/tempest/lib/common/rest_client.py:434
2018-09-07 02:20:24.018 12761 INFO tempest.lib.common.rest_client [req-fe9f51dc-d606-415f-84d5-621f51d67660 ] Request (TrunkTestJSON:_run_cleanups): 404 GET http://10.167.4.35:9696/v2.0/trunks/8c34cdc7-10dc-4251-b8da-7c5f901ad501 0.017s
2018-09-07 02:20:24.018 12761 DEBUG tempest.lib.common.rest_client [req-fe9f51dc-d606-415f-84d5-621f51d67660 ] Request - Headers: {'Content-Type': 'application/json', 'Accept': 'application/json', 'X-Auth-Token': ''} Body: None Response - Headers: {'status': '404', u'content-length': '134', 'content-location': 'http://10.167.4.35:9696/v2.0/trunks/8c34cdc7-10dc-4251-b8da-7c5f901ad501', u'date': 'Fri, 07 Sep 2018 02:20:24 GMT', u'content-type': 'application/json', u'connection': 'close', u'x-openstack-request-id': 'req-fe9f51dc-d606-415f-84d5-621f51d67660'} Body: {"NeutronError": {"message": "Trunk 8c34cdc7-10dc-4251-b8da-7c5f901ad501 could not be found.", "type": "TrunkNotFound", "detail": ""}} _log_request_full /root/.rally/verification/verifier-3476e7bc-32b4-4407-8ab9-6d5fc0e073f0/repo/tempest/lib/common/rest_client.py:434
2018-09-07 02:20:24.034 12761 INFO tempest.lib.common.rest_client [req-d5d0db0e-6d0a-4c40-9597-0e36e47eafc2 ] Request (TrunkTestJSON:_run_cleanups): 404 GET http://10.167.4.35:9696/v2.0/trunks/f4c14c16-aae6-433b-a8e2-61bbd2670ca9 0.016s
2018-09-07 02:20:24.035 12761 DEBUG tempest.lib.common.rest_client [req-d5d0db0e-6d0a-4c40-9597-0e36e47eafc2 ] Request - Headers: {'Content-Type': 'application/json', 'Accept': 'application/json', 'X-Auth-Token': ''} Body: None Response - Headers: {'status': '404', u'content-length': '134', 'content-location': 'http://10.167.4.35:9696/v2.0/trunks/f4c14c16-aae6-433b-a8e2-61bbd2670ca9', u'date': 'Fri, 07 Sep 2018 02:20:24 GMT', u'content-type': 'application/json', u'connection': 'close', u'x-openstack-request-id': 'req-d5d0db0e-6d0a-4c40-9597-0e36e47eafc2'} Body: {"NeutronError": {"message": "Trunk f4c14c16-aae6-433b-a8e2-61bbd2670ca9 could not be found.", "type": "TrunkNotFound", "detail": ""}} _log_request_full /root/.rally/verification/verifier-3476e7bc-32b4-4407-8ab9-6d5fc0e073f0/repo/tempest/lib/common/rest_client.py:434
2018-09-07 02:20:24.052 12761 INFO tempest.lib.common.rest_client [req-3b32f566-d62f-4ccf-bc3f-601b6bbe5642 ] Request (TrunkTestJSON:_run_cleanups): 404 GET http://10.167.4.35:9696/v2.0/trunks/dca89bf9-d616-441a-9d50-15b98ae47ccc 0.017s
2018-09-07 02:20:24.053 12761 DEBUG tempest.lib.common.rest_client [req-3b32f566-d62f-4ccf-bc3f-601b6bbe5642 ] Request - Headers: {'Content-Type': 'application/json', 'Accept': 'application/json', 'X-Auth-Token': ''} Body: None Response - Headers: {'status': '404', u'content-length': '134', 'content-location': 'http://10.167.4.35:9696/v2.0/trunks/dca89bf9-d616-441a-9d50-15b98ae47ccc', u'date': 'Fri, 07 Sep 2018 02:20:24 GMT', u'content-type': 'application/json', u'connection': 'close', u'x-openstack-request-id': 'req-3b32f566-d62f-4ccf-bc3f-601b6bbe5642'} Body: {"NeutronError": {"message": "Trunk dca89bf9-d616-441a-9d50-15b98ae47ccc could not be found.", "type": "TrunkNotFound", "detail": ""}} _log_request_full /root/.rally/verification/verifier-3476e7bc-32b4-4407-8ab9-6d5fc0e073f0/repo/tempest/lib/common/rest_client.py:434
2018-09-07 02:20:24.070 12761 INFO tempest.lib.common.rest_client [req-1ff61fa9-5eb3-4ba6-a6de-b46007a673ae ] Request (TrunkTestJSON:_run_cleanups): 404 GET http://10.167.4.35:9696/v2.0/trunks/1b88d004-b44b-4660-b94b-84e297ceb657 0.017s
2018-09-07 02:20:24.070 12761 DEBUG tempest.lib.common.rest_client [req-1ff61fa9-5eb3-4ba6-a6de-b46007a673ae ] Request - Headers: {'Content-Type': 'application/json', 'Accept': 'application/json', 'X-Auth-Token': ''} Body: None Response - Headers: {'status': '404', u'content-length': '134', 'content-location': 'http://10.167.4.35:9696/v2.0/trunks/1b88d004-b44b-4660-b94b-84e297ceb657', u'date': 'Fri, 07 Sep 2018 02:20:24 GMT', u'content-type': 'application/json', u'connection': 'close', u'x-openstack-request-id': 'req-1ff61fa9-5eb3-4ba6-a6de-b46007a673ae'} Body: {"NeutronError": {"message": "Trunk 1b88d004-b44b-4660-b94b-84e297ceb657 could not be found.", "type": "TrunkNotFound", "detail": ""}} _log_request_full /root/.rally/verification/verifier-3476e7bc-32b4-4407-8ab9-6d5fc0e073f0/repo/tempest/lib/common/rest_client.py:434
2018-09-07 02:20:24.115 12761 INFO tempest.lib.common.rest_client [req-04364ea0-309b-4e60-8547-c30ec5fb970b ] Request (TrunkTestJSON:_run_cleanups): 404 DELETE http://10.167.4.35:9696/v2.0/ports/101ea6d2-ddd4-409f-acfe-1c53617d483d 0.043s
2018-09-07 02:20:24.115 12761 DEBUG tempest.lib.common.rest_client [req-04364ea0-309b-4e60-8547-c30ec5fb970b ] Request - Headers: {'Content-Type': 'application/json', 'Accept': 'application/json', 'X-Auth-Token': ''} Body: None Response - Headers: {'status': '404', u'content-length': '132', 'content-location': 'http://10.167.4.35:9696/v2.0/ports/101ea6d2-ddd4-409f-acfe-1c53617d483d', u'date': 'Fri, 07 Sep 2018 02:20:24 GMT', u'content-type': 'application/json', u'connection': 'close', u'x-openstack-request-id': 'req-04364ea0-309b-4e60-8547-c30ec5fb970b'} Body: {"NeutronError": {"message": "Port 101ea6d2-ddd4-409f-acfe-1c53617d483d could not be found.", "type": "PortNotFound", "detail": ""}} _log_request_full /root/.rally/verification/verifier-3476e7bc-32b4-4407-8ab9-6d5fc0e073f0/repo/tempest/lib/common/rest_client.py:434
2018-09-07 02:20:24.155 12761 INFO tempest.lib.common.rest_client [req-bcd788ef-e4fd-46c8-a79c-59e9c236997a ] Request (TrunkTestJSON:_run_cleanups): 404 DELETE http://10.167.4.35:9696/v2.0/ports/fe26eec7-5f2c-4c1e-b97b-e049419ba39b 0.039s
2018-09-07 02:20:24.156 12761 DEBUG tempest.lib.common.rest_client [req-bcd788ef-e4fd-46c8-a79c-59e9c236997a ] Request - Headers: {'Content-Type': 'application/json', 'Accept': 'application/json', 'X-Auth-Token': ''} Body: None Response - Headers: {'status': '404', u'content-length': '132', 'content-location': 'http://10.167.4.35:9696/v2.0/ports/fe26eec7-5f2c-4c1e-b97b-e049419ba39b', u'date': 'Fri, 07 Sep 2018 02:20:24 GMT', u'content-type': 'application/json', u'connection': 'close', u'x-openstack-request-id': 'req-bcd788ef-e4fd-46c8-a79c-59e9c236997a'} Body: {"NeutronError": {"message": "Port fe26eec7-5f2c-4c1e-b97b-e049419ba39b could not be found.", "type": "PortNotFound", "detail": ""}} _log_request_full /root/.rally/verification/verifier-3476e7bc-32b4-4407-8ab9-6d5fc0e073f0/repo/tempest/lib/common/rest_client.py:434
2018-09-07 02:20:24.213 12761 INFO tempest.lib.common.rest_client [req-044866ae-4f5a-423e-b4fb-555184aa4fc3 ] Request (TrunkTestJSON:_run_cleanups): 404 DELETE http://10.167.4.35:9696/v2.0/ports/c12d6246-2205-46cf-a9b6-6735e91b6e6e 0.056s
2018-09-07 02:20:24.213 12761 DEBUG tempest.lib.common.rest_client [req-044866ae-4f5a-423e-b4fb-555184aa4fc3 ] Request - Headers: {'Content-Type': 'application/json', 'Accept': 'application/json', 'X-Auth-Token': ''} Body: None Response - Headers: {'status': '404', u'content-length': '132', 'content-location': 'http://10.167.4.35:9696/v2.0/ports/c12d6246-2205-46cf-a9b6-6735e91b6e6e', u'date': 'Fri, 07 Sep 2018 02:20:24 GMT', u'content-type': 'application/json', u'connection': 'close', u'x-openstack-request-id': 'req-044866ae-4f5a-423e-b4fb-555184aa4fc3'} Body: {"NeutronError": {"message": "Port c12d6246-2205-46cf-a9b6-6735e91b6e6e could not be found.", "type": "PortNotFound", "detail": ""}} _log_request_full /root/.rally/verification/verifier-3476e7bc-32b4-4407-8ab9-6d5fc0e073f0/repo/tempest/lib/common/rest_client.py:434
2018-09-07 02:20:24.220 12757 INFO tempest.lib.common.rest_client [req-1dd5a022-3c79-4049-aad8-8a6cfc579bb7 ] Request (TrunkTestJSON:_run_cleanups): 404 DELETE http://10.167.4.35:9696/v2.0/ports/115181a1-b51b-41b4-adab-a9527cf13fcc 0.248s
2018-09-07 02:20:24.220 12757 DEBUG tempest.lib.common.rest_client [req-1dd5a022-3c79-4049-aad8-8a6cfc579bb7 ] Request - Headers: {'Content-Type': 'application/json', 'Accept': 'application/json', 'X-Auth-Token': ''} Body: None Response - Headers: {'status': '404', u'content-length': '132', 'content-location': 'http://10.167.4.35:9696/v2.0/ports/115181a1-b51b-41b4-adab-a9527cf13fcc', u'date': 'Fri, 07 Sep 2018 02:20:24 GMT', u'content-type': 'application/json', u'connection': 'close', u'x-openstack-request-id': 'req-1dd5a022-3c79-4049-aad8-8a6cfc579bb7'} Body: {"NeutronError": {"message": "Port 115181a1-b51b-41b4-adab-a9527cf13fcc could not be found.", "type": "PortNotFound", "detail": ""}} _log_request_full /root/.rally/verification/verifier-3476e7bc-32b4-4407-8ab9-6d5fc0e073f0/repo/tempest/lib/common/rest_client.py:434
2018-09-07 02:20:24.259 12758 INFO tempest.lib.common.rest_client [req-534558a2-2080-479b-8e63-d6fabc4a8427 ] Request (TrunkTest:test_trunk_subport_lifecycle): 200 GET http://10.167.4.35:9696/v2.0/ports/4799bcc1-f858-45d8-9fa9-66836faf5817 0.275s
2018-09-07 02:20:24.259 12758 DEBUG tempest.lib.common.rest_client [req-534558a2-2080-479b-8e63-d6fabc4a8427 ] Request - Headers: {'Content-Type': 'application/json', 'Accept': 'application/json', 'X-Auth-Token': ''} Body: None Response - Headers: {'status': '200', u'content-length': '630', 'content-location': 'http://10.167.4.35:9696/v2.0/ports/4799bcc1-f858-45d8-9fa9-66836faf5817', u'date': 'Fri, 07 Sep 2018 02:20:24 GMT', u'content-type': 'application/json', u'connection': 'close', u'x-openstack-request-id': 'req-534558a2-2080-479b-8e63-d6fabc4a8427'} Body: {"port":{"status":"ACTIVE","created_at":"2018-09-07T02:20:05Z","description":"","allowed_address_pairs":[],"tags":[],"network_id":"71461f9a-869b-4a4c-b942-bf55b0aff2d7","tenant_id":"84c723c6c104422db9670947e202d10a","extra_dhcp_opts":[],"admin_state_up":true,"updated_at":"2018-09-07T02:20:16Z","name":"","device_owner":"trunk:subport","revision_number":9,"mac_address":"fa:16:3e:59:6c:68","binding:vnic_type":"normal","port_security_enabled":true,"project_id":"84c723c6c104422db9670947e202d10a","fixed_ips":[],"id":"4799bcc1-f858-45d8-9fa9-66836faf5817","security_groups":["57df0ed6-40c6-495c-a98c-2c580162ec3f"],"device_id":""}} _log_request_full /root/.rally/verification/verifier-3476e7bc-32b4-4407-8ab9-6d5fc0e073f0/repo/tempest/lib/common/rest_client.py:434
2018-09-07 02:20:24.262 12761 INFO tempest.lib.common.rest_client [req-0ea17324-1fe3-4767-9e96-4ef8634237d8 ] Request (TrunkTestJSON:_run_cleanups): 404 DELETE http://10.167.4.35:9696/v2.0/ports/3f666dc7-b583-43db-9d83-01bc77602f53 0.048s
2018-09-07 02:20:24.263 12761 DEBUG tempest.lib.common.rest_client [req-0ea17324-1fe3-4767-9e96-4ef8634237d8 ] Request - Headers: {'Content-Type': 'application/json', 'Accept': 'application/json', 'X-Auth-Token': ''} Body: None Response - Headers: {'status': '404', u'content-length': '132', 'content-location': 'http://10.167.4.35:9696/v2.0/ports/3f666dc7-b583-43db-9d83-01bc77602f53', u'date': 'Fri, 07 Sep 2018 02:20:24 GMT', u'content-type': 'application/json', u'connection': 'close', u'x-openstack-request-id': 'req-0ea17324-1fe3-4767-9e96-4ef8634237d8'} Body: {"NeutronError": {"message": "Port 3f666dc7-b583-43db-9d83-01bc77602f53 could not be found.", "type": "PortNotFound", "detail": ""}} _log_request_full /root/.rally/verification/verifier-3476e7bc-32b4-4407-8ab9-6d5fc0e073f0/repo/tempest/lib/common/rest_client.py:434
2018-09-07 02:20:24.264 12757 INFO tempest.lib.common.rest_client [req-3d187d5f-cd48-4b58-9753-08bef43de137 ] Request (TrunkTestJSON:_run_cleanups): 404 DELETE http://10.167.4.35:9696/v2.0/ports/cb598e50-e2eb-4e06-a11c-fb9f53f3a670 0.043s
2018-09-07 02:20:24.265 12757 DEBUG tempest.lib.common.rest_client [req-3d187d5f-cd48-4b58-9753-08bef43de137 ] Request - Headers: {'Content-Type': 'application/json', 'Accept': 'application/json', 'X-Auth-Token': ''} Body: None Response - Headers: {'status': '404', u'content-length': '132', 'content-location': 'http://10.167.4.35:9696/v2.0/ports/cb598e50-e2eb-4e06-a11c-fb9f53f3a670', u'date': 'Fri, 07 Sep 2018 02:20:24 GMT', u'content-type': 'application/json', u'connection': 'close', u'x-openstack-request-id': 'req-3d187d5f-cd48-4b58-9753-08bef43de137'} Body: {"NeutronError": {"message": "Port cb598e50-e2eb-4e06-a11c-fb9f53f3a670 could not be found.", "type": "PortNotFound", "detail": ""}} _log_request_full /root/.rally/verification/verifier-3476e7bc-32b4-4407-8ab9-6d5fc0e073f0/repo/tempest/lib/common/rest_client.py:434
2018-09-07 02:20:24.304 12761 INFO tempest.lib.common.rest_client [req-6ee95c12-ee7f-4b64-8384-af96b926e669 ] Request (TrunkTestJSON:_run_cleanups): 404 DELETE http://10.167.4.35:9696/v2.0/ports/2a2f3591-a5cb-4583-a7cf-fb986f5bf4c7 0.040s
2018-09-07 02:20:24.305 12761 DEBUG tempest.lib.common.rest_client [req-6ee95c12-ee7f-4b64-8384-af96b926e669 ] Request - Headers: {'Content-Type': 'application/json', 'Accept': 'application/json', 'X-Auth-Token': ''} Body: None Response - Headers: {'status': '404', u'content-length': '132', 'content-location': 'http://10.167.4.35:9696/v2.0/ports/2a2f3591-a5cb-4583-a7cf-fb986f5bf4c7', u'date': 'Fri, 07 Sep 2018 02:20:24 GMT', u'content-type': 'application/json', u'connection': 'close', u'x-openstack-request-id': 'req-6ee95c12-ee7f-4b64-8384-af96b926e669'} Body: {"NeutronError": {"message": "Port 2a2f3591-a5cb-4583-a7cf-fb986f5bf4c7 could not be found.", "type": "PortNotFound", "detail": ""}} _log_request_full /root/.rally/verification/verifier-3476e7bc-32b4-4407-8ab9-6d5fc0e073f0/repo/tempest/lib/common/rest_client.py:434
2018-09-07 02:20:24.351 12761 INFO tempest.lib.common.rest_client [req-09431203-a13c-4391-a4d7-d276208e6574 ] Request (TrunkTestJSON:_run_cleanups): 404 DELETE http://10.167.4.35:9696/v2.0/ports/4892355f-d420-42da-814f-0d3d288e65ef 0.044s
2018-09-07 02:20:24.351 12761 DEBUG tempest.lib.common.rest_client [req-09431203-a13c-4391-a4d7-d276208e6574 ] Request - Headers: {'Content-Type': 'application/json', 'Accept': 'application/json', 'X-Auth-Token': ''} Body: None Response - Headers: {'status': '404', u'content-length': '132', 'content-location': 'http://10.167.4.35:9696/v2.0/ports/4892355f-d420-42da-814f-0d3d288e65ef', u'date': 'Fri, 07 Sep 2018 02:20:24 GMT', u'content-type': 'application/json', u'connection': 'close', u'x-openstack-request-id': 'req-09431203-a13c-4391-a4d7-d276208e6574'} Body: {"NeutronError": {"message": "Port 4892355f-d420-42da-814f-0d3d288e65ef could not be found.", "type": "PortNotFound", "detail": ""}} _log_request_full /root/.rally/verification/verifier-3476e7bc-32b4-4407-8ab9-6d5fc0e073f0/repo/tempest/lib/common/rest_client.py:434
2018-09-07 02:20:24.394 12761 INFO tempest.lib.common.rest_client [req-4848b56a-dcbc-4f70-8cd5-f6742e2c28f2 ] Request (TrunkTestJSON:_run_cleanups): 404 DELETE http://10.167.4.35:9696/v2.0/ports/e536cbdc-93b7-47a3-a334-dc1ba115ac6e 0.041s
2018-09-07 02:20:24.394 12761 DEBUG tempest.lib.common.rest_client [req-4848b56a-dcbc-4f70-8cd5-f6742e2c28f2 ] Request - Headers: {'Content-Type': 'application/json', 'Accept': 'application/json', 'X-Auth-Token': ''} Body: None Response - Headers: {'status': '404', u'content-length': '132', 'content-location': 'http://10.167.4.35:9696/v2.0/ports/e536cbdc-93b7-47a3-a334-dc1ba115ac6e', u'date': 'Fri, 07 Sep 2018 02:20:24 GMT', u'content-type': 'application/json', u'connection': 'close', u'x-openstack-request-id': 'req-4848b56a-dcbc-4f70-8cd5-f6742e2c28f2'} Body: {"NeutronError": {"message": "Port e536cbdc-93b7-47a3-a334-dc1ba115ac6e could not be found.", "type": "PortNotFound", "detail": ""}} _log_request_full /root/.rally/verification/verifier-3476e7bc-32b4-4407-8ab9-6d5fc0e073f0/repo/tempest/lib/common/rest_client.py:434
2018-09-07 02:20:24.445 12761 INFO tempest.lib.common.rest_client [req-8bd1e83d-9ad8-4e39-9086-1b14dca104b7 ] Request (TrunkTestJSON:_run_cleanups): 404 DELETE http://10.167.4.35:9696/v2.0/ports/df2a4739-56fd-4ef3-b77e-c82205c40ff0 0.049s
2018-09-07 02:20:24.446 12761 DEBUG tempest.lib.common.rest_client [req-8bd1e83d-9ad8-4e39-9086-1b14dca104b7 ] Request - Headers: {'Content-Type': 'application/json', 'Accept': 'application/json', 'X-Auth-Token': ''} Body: None Response - Headers: {'status': '404', u'content-length': '132', 'content-location': 'http://10.167.4.35:9696/v2.0/ports/df2a4739-56fd-4ef3-b77e-c82205c40ff0', u'date': 'Fri, 07 Sep 2018 02:20:24 GMT', u'content-type': 'application/json', u'connection': 'close', u'x-openstack-request-id': 'req-8bd1e83d-9ad8-4e39-9086-1b14dca104b7'} Body: {"NeutronError": {"message": "Port df2a4739-56fd-4ef3-b77e-c82205c40ff0 could not be found.", "type": "PortNotFound", "detail": ""}} _log_request_full /root/.rally/verification/verifier-3476e7bc-32b4-4407-8ab9-6d5fc0e073f0/repo/tempest/lib/common/rest_client.py:434
2018-09-07 02:20:24.492 12761 INFO tempest.lib.common.rest_client [req-c1fb3bb2-74b2-4398-badb-cee64255cfce ] Request (TrunkTestJSON:_run_cleanups): 404 DELETE http://10.167.4.35:9696/v2.0/ports/7b22d54b-8925-4661-b1c4-9c4d929fcbf0 0.045s
2018-09-07 02:20:24.492 12761 DEBUG tempest.lib.common.rest_client [req-c1fb3bb2-74b2-4398-badb-cee64255cfce ] Request - Headers: {'Content-Type': 'application/json', 'Accept': 'application/json', 'X-Auth-Token': ''} Body: None Response - Headers: {'status': '404', u'content-length': '132', 'content-location': 'http://10.167.4.35:9696/v2.0/ports/7b22d54b-8925-4661-b1c4-9c4d929fcbf0', u'date': 'Fri, 07 Sep 2018 02:20:24 GMT', u'content-type': 'application/json', u'connection': 'close', u'x-openstack-request-id': 'req-c1fb3bb2-74b2-4398-badb-cee64255cfce'} Body: {"NeutronError": {"message": "Port 7b22d54b-8925-4661-b1c4-9c4d929fcbf0 could not be found.", "type": "PortNotFound", "detail": ""}} _log_request_full /root/.rally/verification/verifier-3476e7bc-32b4-4407-8ab9-6d5fc0e073f0/repo/tempest/lib/common/rest_client.py:434
2018-09-07 02:20:24.532 12757 INFO tempest.lib.common.rest_client [req-c2487a86-abb4-494d-a9ac-a8b9158e0465 ] Request (TrunkTestJSON:_run_cleanups): 404 DELETE http://10.167.4.35:9696/v2.0/ports/bb86c625-4385-41fa-a8b0-641f1a6ecd0a 0.266s
2018-09-07 02:20:24.532 12757 DEBUG tempest.lib.common.rest_client [req-c2487a86-abb4-494d-a9ac-a8b9158e0465 ] Request - Headers: {'Content-Type': 'application/json', 'Accept': 'application/json', 'X-Auth-Token': ''} Body: None Response - Headers: {'status': '404', u'content-length': '132', 'content-location': 'http://10.167.4.35:9696/v2.0/ports/bb86c625-4385-41fa-a8b0-641f1a6ecd0a', u'date': 'Fri, 07 Sep 2018 02:20:24 GMT', u'content-type': 'application/json', u'connection': 'close', u'x-openstack-request-id': 'req-c2487a86-abb4-494d-a9ac-a8b9158e0465'} Body: {"NeutronError": {"message": "Port bb86c625-4385-41fa-a8b0-641f1a6ecd0a could not be found.", "type": "PortNotFound", "detail": ""}} _log_request_full /root/.rally/verification/verifier-3476e7bc-32b4-4407-8ab9-6d5fc0e073f0/repo/tempest/lib/common/rest_client.py:434
2018-09-07 02:20:24.546 12761 INFO tempest.lib.common.rest_client [req-90cd65ea-9d04-4072-90e4-2da0bebc2531 ] Request (TrunkTestJSON:_run_cleanups): 404 DELETE http://10.167.4.35:9696/v2.0/ports/fba255d7-ab04-41ce-941c-8f652ccf0fb7 0.053s
2018-09-07 02:20:24.546 12761 DEBUG tempest.lib.common.rest_client [req-90cd65ea-9d04-4072-90e4-2da0bebc2531 ] Request - Headers: {'Content-Type': 'application/json', 'Accept': 'application/json', 'X-Auth-Token': ''} Body: None Response - Headers: {'status': '404', u'content-length': '132', 'content-location': 'http://10.167.4.35:9696/v2.0/ports/fba255d7-ab04-41ce-941c-8f652ccf0fb7', u'date': 'Fri, 07 Sep 2018 02:20:24 GMT', u'content-type': 'application/json', u'connection': 'close', u'x-openstack-request-id': 'req-90cd65ea-9d04-4072-90e4-2da0bebc2531'} Body: {"NeutronError": {"message": "Port fba255d7-ab04-41ce-941c-8f652ccf0fb7 could not be found.", "type": "PortNotFound", "detail": ""}} _log_request_full /root/.rally/verification/verifier-3476e7bc-32b4-4407-8ab9-6d5fc0e073f0/repo/tempest/lib/common/rest_client.py:434
2018-09-07 02:20:24.578 12757 INFO tempest.lib.common.rest_client [req-24df6094-871f-4353-a1d3-81f0dc9c3bf1 ] Request (TrunkTestJSON:_run_cleanups): 404 DELETE http://10.167.4.35:9696/v2.0/ports/584bac78-ae99-4848-bd3c-cdc074a8710c 0.045s
2018-09-07 02:20:24.579 12757 DEBUG tempest.lib.common.rest_client [req-24df6094-871f-4353-a1d3-81f0dc9c3bf1 ] Request - Headers: {'Content-Type': 'application/json', 'Accept': 'application/json', 'X-Auth-Token': ''} Body: None Response - Headers: {'status': '404', u'content-length': '132', 'content-location': 'http://10.167.4.35:9696/v2.0/ports/584bac78-ae99-4848-bd3c-cdc074a8710c', u'date': 'Fri, 07 Sep 2018 02:20:24 GMT', u'content-type': 'application/json', u'connection': 'close', u'x-openstack-request-id': 'req-24df6094-871f-4353-a1d3-81f0dc9c3bf1'} Body: {"NeutronError": {"message": "Port 584bac78-ae99-4848-bd3c-cdc074a8710c could not be found.", "type": "PortNotFound", "detail": ""}} _log_request_full /root/.rally/verification/verifier-3476e7bc-32b4-4407-8ab9-6d5fc0e073f0/repo/tempest/lib/common/rest_client.py:434
2018-09-07 02:20:24.610 12761 INFO tempest.lib.common.rest_client [req-61109341-57a9-4ce6-b637-1bb6557739b5 ] Request (TrunkTestJSON:_run_cleanups): 404 DELETE http://10.167.4.35:9696/v2.0/ports/fabfb25b-972f-49de-86bb-6dbf01433d3b 0.062s
2018-09-07 02:20:24.610 12761 DEBUG tempest.lib.common.rest_client [req-61109341-57a9-4ce6-b637-1bb6557739b5 ] Request - Headers: {'Content-Type': 'application/json', 'Accept': 'application/json', 'X-Auth-Token': ''} Body: None Response - Headers: {'status': '404', u'content-length': '132', 'content-location': 'http://10.167.4.35:9696/v2.0/ports/fabfb25b-972f-49de-86bb-6dbf01433d3b', u'date': 'Fri, 07 Sep 2018 02:20:24 GMT', u'content-type': 'application/json', u'connection': 'close', u'x-openstack-request-id': 'req-61109341-57a9-4ce6-b637-1bb6557739b5'} Body: {"NeutronError": {"message": "Port fabfb25b-972f-49de-86bb-6dbf01433d3b could not be found.", "type": "PortNotFound", "detail": ""}} _log_request_full /root/.rally/verification/verifier-3476e7bc-32b4-4407-8ab9-6d5fc0e073f0/repo/tempest/lib/common/rest_client.py:434
2018-09-07 02:20:24.667 12761 INFO tempest.lib.common.rest_client [req-d15fe263-79ec-4fde-8a26-ae2e2bc1bee2 ] Request (TrunkTestJSON:_run_cleanups): 404 DELETE http://10.167.4.35:9696/v2.0/ports/5df546f0-61e0-4aa4-bbeb-3ff8fad9524c 0.056s
2018-09-07 02:20:24.668 12761 DEBUG tempest.lib.common.rest_client [req-d15fe263-79ec-4fde-8a26-ae2e2bc1bee2 ] Request - Headers: {'Content-Type': 'application/json', 'Accept': 'application/json', 'X-Auth-Token': ''} Body: None Response - Headers: {'status': '404', u'content-length': '132', 'content-location': 'http://10.167.4.35:9696/v2.0/ports/5df546f0-61e0-4aa4-bbeb-3ff8fad9524c', u'date': 'Fri, 07 Sep 2018 02:20:24 GMT', u'content-type': 'application/json', u'connection': 'close', u'x-openstack-request-id': 'req-d15fe263-79ec-4fde-8a26-ae2e2bc1bee2'} Body: {"NeutronError": {"message": "Port 5df546f0-61e0-4aa4-bbeb-3ff8fad9524c could not be found.", "type": "PortNotFound", "detail": ""}} _log_request_full /root/.rally/verification/verifier-3476e7bc-32b4-4407-8ab9-6d5fc0e073f0/repo/tempest/lib/common/rest_client.py:434
2018-09-07 02:20:24.719 12761 INFO tempest.lib.common.rest_client [req-886a0c8f-a388-4e7b-bea9-3deadfeb771a ] Request (TrunkTestJSON:_run_cleanups): 404 DELETE http://10.167.4.35:9696/v2.0/ports/3e6ba46f-ea2d-4849-ac6b-ccf11eb1df7c 0.050s
2018-09-07 02:20:24.719 12761 DEBUG tempest.lib.common.rest_client [req-886a0c8f-a388-4e7b-bea9-3deadfeb771a ] Request - Headers: {'Content-Type': 'application/json', 'Accept': 'application/json', 'X-Auth-Token': ''} Body: None Response - Headers: {'status': '404', u'content-length': '132', 'content-location': 'http://10.167.4.35:9696/v2.0/ports/3e6ba46f-ea2d-4849-ac6b-ccf11eb1df7c', u'date': 'Fri, 07 Sep 2018 02:20:24 GMT', u'content-type': 'application/json', u'connection': 'close', u'x-openstack-request-id': 'req-886a0c8f-a388-4e7b-bea9-3deadfeb771a'} Body: {"NeutronError": {"message": "Port 3e6ba46f-ea2d-4849-ac6b-ccf11eb1df7c could not be found.", "type": "PortNotFound", "detail": ""}} _log_request_full /root/.rally/verification/verifier-3476e7bc-32b4-4407-8ab9-6d5fc0e073f0/repo/tempest/lib/common/rest_client.py:434
2018-09-07 02:20:24.764 12761 INFO tempest.lib.common.rest_client [req-4d19c60e-4861-42b1-8ed6-1d7e0f50ddd7 ] Request (TrunkTestJSON:_run_cleanups): 404 DELETE http://10.167.4.35:9696/v2.0/ports/092fe31a-3b64-48cd-8036-8fe5b43ad066 0.043s
2018-09-07 02:20:24.764 12761 DEBUG tempest.lib.common.rest_client [req-4d19c60e-4861-42b1-8ed6-1d7e0f50ddd7 ] Request - Headers: {'Content-Type': 'application/json', 'Accept': 'application/json', 'X-Auth-Token': ''} Body: None Response - Headers: {'status': '404', u'content-length': '132', 'content-location': 'http://10.167.4.35:9696/v2.0/ports/092fe31a-3b64-48cd-8036-8fe5b43ad066', u'date': 'Fri, 07 Sep 2018 02:20:24 GMT', u'content-type': 'application/json', u'connection': 'close', u'x-openstack-request-id': 'req-4d19c60e-4861-42b1-8ed6-1d7e0f50ddd7'} Body: {"NeutronError": {"message": "Port 092fe31a-3b64-48cd-8036-8fe5b43ad066 could not be found.", "type": "PortNotFound", "detail": ""}} _log_request_full /root/.rally/verification/verifier-3476e7bc-32b4-4407-8ab9-6d5fc0e073f0/repo/tempest/lib/common/rest_client.py:434
2018-09-07 02:20:24.803 12757 INFO tempest.lib.common.rest_client [req-78dbd687-ef39-4e1c-8630-d3690467cedb ] Request (TrunkTestJSON:_run_cleanups): 404 DELETE http://10.167.4.35:9696/v2.0/ports/843e851c-6386-4cbd-bf7e-cf7e44d3f198 0.224s
2018-09-07 02:20:24.804 12757 DEBUG tempest.lib.common.rest_client [req-78dbd687-ef39-4e1c-8630-d3690467cedb ] Request - Headers: {'Content-Type': 'application/json', 'Accept': 'application/json', 'X-Auth-Token': ''} Body: None Response - Headers: {'status': '404', u'content-length': '132', 'content-location': 'http://10.167.4.35:9696/v2.0/ports/843e851c-6386-4cbd-bf7e-cf7e44d3f198', u'date': 'Fri, 07 Sep 2018 02:20:24 GMT', u'content-type': 'application/json', u'connection': 'close', u'x-openstack-request-id': 'req-78dbd687-ef39-4e1c-8630-d3690467cedb'} Body: {"NeutronError": {"message": "Port 843e851c-6386-4cbd-bf7e-cf7e44d3f198 could not be found.", "type": "PortNotFound", "detail": ""}} _log_request_full /root/.rally/verification/verifier-3476e7bc-32b4-4407-8ab9-6d5fc0e073f0/repo/tempest/lib/common/rest_client.py:434
2018-09-07 02:20:24.828 12761 INFO tempest.lib.common.rest_client [req-eb74f3fb-e4a1-450f-bc4d-5241b0cb0a49 ] Request (TrunkTestJSON:_run_cleanups): 404 DELETE http://10.167.4.35:9696/v2.0/ports/adda5788-060f-4a35-8749-c6f4e92fe011 0.063s
2018-09-07 02:20:24.828 12761 DEBUG tempest.lib.common.rest_client [req-eb74f3fb-e4a1-450f-bc4d-5241b0cb0a49 ] Request - Headers: {'Content-Type': 'application/json', 'Accept': 'application/json', 'X-Auth-Token': ''} Body: None Response - Headers: {'status': '404', u'content-length': '132', 'content-location': 'http://10.167.4.35:9696/v2.0/ports/adda5788-060f-4a35-8749-c6f4e92fe011', u'date': 'Fri, 07 Sep 2018 02:20:24 GMT', u'content-type': 'application/json', u'connection': 'close', u'x-openstack-request-id': 'req-eb74f3fb-e4a1-450f-bc4d-5241b0cb0a49'} Body: {"NeutronError": {"message": "Port adda5788-060f-4a35-8749-c6f4e92fe011 could not be found.", "type": "PortNotFound", "detail": ""}} _log_request_full /root/.rally/verification/verifier-3476e7bc-32b4-4407-8ab9-6d5fc0e073f0/repo/tempest/lib/common/rest_client.py:434
2018-09-07 02:20:25.320 12758 INFO tempest.lib.common.rest_client [req-637d294e-528b-41d5-860d-2d54c77b17c2 ] Request (TrunkTest:test_trunk_subport_lifecycle): 200 GET http://10.167.4.35:9696/v2.0/ports/4799bcc1-f858-45d8-9fa9-66836faf5817 0.058s
2018-09-07 02:20:25.321 12758 DEBUG tempest.lib.common.rest_client [req-637d294e-528b-41d5-860d-2d54c77b17c2 ] Request - Headers: {'Content-Type': 'application/json', 'Accept': 'application/json', 'X-Auth-Token': ''} Body: None Response - Headers: {'status': '200', u'content-length': '629', 'content-location': 'http://10.167.4.35:9696/v2.0/ports/4799bcc1-f858-45d8-9fa9-66836faf5817', u'date': 'Fri, 07 Sep 2018 02:20:25 GMT', u'content-type': 'application/json', u'connection': 'close', u'x-openstack-request-id': 'req-637d294e-528b-41d5-860d-2d54c77b17c2'} Body: {"port":{"status":"DOWN","created_at":"2018-09-07T02:20:05Z","description":"","allowed_address_pairs":[],"tags":[],"network_id":"71461f9a-869b-4a4c-b942-bf55b0aff2d7","tenant_id":"84c723c6c104422db9670947e202d10a","extra_dhcp_opts":[],"admin_state_up":true,"updated_at":"2018-09-07T02:20:24Z","name":"","device_owner":"trunk:subport","revision_number":10,"mac_address":"fa:16:3e:59:6c:68","binding:vnic_type":"normal","port_security_enabled":true,"project_id":"84c723c6c104422db9670947e202d10a","fixed_ips":[],"id":"4799bcc1-f858-45d8-9fa9-66836faf5817","security_groups":["57df0ed6-40c6-495c-a98c-2c580162ec3f"],"device_id":""}} _log_request_full /root/.rally/verification/verifier-3476e7bc-32b4-4407-8ab9-6d5fc0e073f0/repo/tempest/lib/common/rest_client.py:434
2018-09-07 02:20:25.357 12761 INFO tempest.lib.common.rest_client [req-06b7dd4e-d3d8-4aee-9f97-31fe61a31597 ] Request (TrunkTestJSON:_run_cleanups): 204 DELETE http://10.167.4.35:9696/v2.0/ports/d3d23079-2ada-4846-a8be-473e1b4908e4 0.527s
2018-09-07 02:20:25.357 12757 INFO tempest.lib.common.rest_client [req-c96e13c6-abad-471c-aa38-374a9398bfbe ] Request (TrunkTestJSON:_run_cleanups): 204 DELETE http://10.167.4.35:9696/v2.0/ports/8682a955-06d5-418d-8e0a-fd2bf8019acc 0.552s
2018-09-07 02:20:25.357 12761 DEBUG tempest.lib.common.rest_client [req-06b7dd4e-d3d8-4aee-9f97-31fe61a31597 ] Request - Headers: {'Content-Type': 'application/json', 'Accept': 'application/json', 'X-Auth-Token': ''} Body: None Response - Headers: {'status': '204', u'content-length': '0', 'content-location': 'http://10.167.4.35:9696/v2.0/ports/d3d23079-2ada-4846-a8be-473e1b4908e4', u'date': 'Fri, 07 Sep 2018 02:20:25 GMT', u'connection': 'close', u'x-openstack-request-id': 'req-06b7dd4e-d3d8-4aee-9f97-31fe61a31597'} Body: _log_request_full /root/.rally/verification/verifier-3476e7bc-32b4-4407-8ab9-6d5fc0e073f0/repo/tempest/lib/common/rest_client.py:434
2018-09-07 02:20:25.357 12757 DEBUG tempest.lib.common.rest_client [req-c96e13c6-abad-471c-aa38-374a9398bfbe ] Request - Headers: {'Content-Type': 'application/json', 'Accept': 'application/json', 'X-Auth-Token': ''} Body: None Response - Headers: {'status': '204', u'content-length': '0', 'content-location': 'http://10.167.4.35:9696/v2.0/ports/8682a955-06d5-418d-8e0a-fd2bf8019acc', u'date': 'Fri, 07 Sep 2018 02:20:25 GMT', u'connection': 'close', u'x-openstack-request-id': 'req-c96e13c6-abad-471c-aa38-374a9398bfbe'} Body: _log_request_full /root/.rally/verification/verifier-3476e7bc-32b4-4407-8ab9-6d5fc0e073f0/repo/tempest/lib/common/rest_client.py:434
2018-09-07 02:20:25.394 12758 INFO tempest.lib.common.rest_client [req-4322702c-e783-4a94-8262-05e4dd6ae57c ] Request (TrunkTest:test_trunk_subport_lifecycle): 200 GET http://10.167.4.35:9696/v2.0/ports/9b7813f5-1f4d-4edf-b789-7f0af875558f 0.072s
2018-09-07 02:20:25.395 12758 DEBUG tempest.lib.common.rest_client [req-4322702c-e783-4a94-8262-05e4dd6ae57c ] Request - Headers: {'Content-Type': 'application/json', 'Accept': 'application/json', 'X-Auth-Token': ''} Body: None Response - Headers: {'status': '200', u'content-length': '629', 'content-location': 'http://10.167.4.35:9696/v2.0/ports/9b7813f5-1f4d-4edf-b789-7f0af875558f', u'date': 'Fri, 07 Sep 2018 02:20:25 GMT', u'content-type': 'application/json', u'connection': 'close', u'x-openstack-request-id': 'req-4322702c-e783-4a94-8262-05e4dd6ae57c'} Body: {"port":{"status":"DOWN","created_at":"2018-09-07T02:20:07Z","description":"","allowed_address_pairs":[],"tags":[],"network_id":"c86eb211-901d-418a-930d-563985b87683","tenant_id":"84c723c6c104422db9670947e202d10a","extra_dhcp_opts":[],"admin_state_up":true,"updated_at":"2018-09-07T02:20:25Z","name":"","device_owner":"trunk:subport","revision_number":10,"mac_address":"fa:16:3e:54:ac:4b","binding:vnic_type":"normal","port_security_enabled":true,"project_id":"84c723c6c104422db9670947e202d10a","fixed_ips":[],"id":"9b7813f5-1f4d-4edf-b789-7f0af875558f","security_groups":["57df0ed6-40c6-495c-a98c-2c580162ec3f"],"device_id":""}} _log_request_full /root/.rally/verification/verifier-3476e7bc-32b4-4407-8ab9-6d5fc0e073f0/repo/tempest/lib/common/rest_client.py:434
2018-09-07 02:20:25.413 12761 INFO tempest.lib.common.rest_client [req-fef4b401-0477-489f-afdf-84fcdc274dde ] Request (TrunkTestJSON:_run_cleanups): 404 DELETE http://10.167.4.35:9696/v2.0/networks/035df4fd-f239-4b3c-9421-6b656b85cb3c 0.055s
2018-09-07 02:20:25.413 12761 DEBUG tempest.lib.common.rest_client [req-fef4b401-0477-489f-afdf-84fcdc274dde ] Request - Headers: {'Content-Type': 'application/json', 'Accept': 'application/json', 'X-Auth-Token': ''} Body: None Response - Headers: {'status': '404', u'content-length': '138', 'content-location': 'http://10.167.4.35:9696/v2.0/networks/035df4fd-f239-4b3c-9421-6b656b85cb3c', u'date': 'Fri, 07 Sep 2018 02:20:25 GMT', u'content-type': 'application/json', u'connection': 'close', u'x-openstack-request-id': 'req-fef4b401-0477-489f-afdf-84fcdc274dde'} Body: {"NeutronError": {"message": "Network 035df4fd-f239-4b3c-9421-6b656b85cb3c could not be found.", "type": "NetworkNotFound", "detail": ""}} _log_request_full /root/.rally/verification/verifier-3476e7bc-32b4-4407-8ab9-6d5fc0e073f0/repo/tempest/lib/common/rest_client.py:434
2018-09-07 02:20:25.451 12758 INFO tempest.lib.common.rest_client [req-2866a94e-c09e-4cf5-b44e-53ea8efa6af3 ] Request (TrunkTest:test_trunk_subport_lifecycle): 200 GET http://10.167.4.35:9696/v2.0/ports/e8fdd4ea-582d-4274-9f81-1ec32aa5fc1a 0.055s
2018-09-07 02:20:25.451 12758 DEBUG tempest.lib.common.rest_client [req-2866a94e-c09e-4cf5-b44e-53ea8efa6af3 ] Request - Headers: {'Content-Type': 'application/json', 'Accept': 'application/json', 'X-Auth-Token': ''} Body: None Response - Headers: {'status': '200', u'content-length': '629', 'content-location': 'http://10.167.4.35:9696/v2.0/ports/e8fdd4ea-582d-4274-9f81-1ec32aa5fc1a', u'date': 'Fri, 07 Sep 2018 02:20:25 GMT', u'content-type': 'application/json', u'connection': 'close', u'x-openstack-request-id': 'req-2866a94e-c09e-4cf5-b44e-53ea8efa6af3'} Body: {"port":{"status":"DOWN","created_at":"2018-09-07T02:20:08Z","description":"","allowed_address_pairs":[],"tags":[],"network_id":"991c225e-451f-4a8e-9149-b2df8e6773f1","tenant_id":"84c723c6c104422db9670947e202d10a","extra_dhcp_opts":[],"admin_state_up":true,"updated_at":"2018-09-07T02:20:23Z","name":"","device_owner":"trunk:subport","revision_number":10,"mac_address":"fa:16:3e:0c:59:c3","binding:vnic_type":"normal","port_security_enabled":true,"project_id":"84c723c6c104422db9670947e202d10a","fixed_ips":[],"id":"e8fdd4ea-582d-4274-9f81-1ec32aa5fc1a","security_groups":["57df0ed6-40c6-495c-a98c-2c580162ec3f"],"device_id":""}} _log_request_full /root/.rally/verification/verifier-3476e7bc-32b4-4407-8ab9-6d5fc0e073f0/repo/tempest/lib/common/rest_client.py:434
2018-09-07 02:20:25.454 12761 INFO tempest.lib.common.rest_client [req-75b4c2c7-929f-4c7d-a29a-399c814d698f ] Request (TrunkTestJSON:_run_cleanups): 404 DELETE http://10.167.4.35:9696/v2.0/networks/74643307-6500-4a17-9c17-935a6813ef8a 0.040s
2018-09-07 02:20:25.454 12761 DEBUG tempest.lib.common.rest_client [req-75b4c2c7-929f-4c7d-a29a-399c814d698f ] Request - Headers: {'Content-Type': 'application/json', 'Accept': 'application/json', 'X-Auth-Token': ''} Body: None Response - Headers: {'status': '404', u'content-length': '138', 'content-location': 'http://10.167.4.35:9696/v2.0/networks/74643307-6500-4a17-9c17-935a6813ef8a', u'date': 'Fri, 07 Sep 2018 02:20:25 GMT', u'content-type': 'application/json', u'connection': 'close', u'x-openstack-request-id': 'req-75b4c2c7-929f-4c7d-a29a-399c814d698f'} Body: {"NeutronError": {"message": "Network 74643307-6500-4a17-9c17-935a6813ef8a could not be found.", "type": "NetworkNotFound", "detail": ""}} _log_request_full /root/.rally/verification/verifier-3476e7bc-32b4-4407-8ab9-6d5fc0e073f0/repo/tempest/lib/common/rest_client.py:434
2018-09-07 02:20:25.496 12761 INFO tempest.lib.common.rest_client [req-0bf188d8-92eb-4ef9-97ab-f360a6e8b6ad ] Request (TrunkTestJSON:_run_cleanups): 404 DELETE http://10.167.4.35:9696/v2.0/networks/4378066d-8609-4cf3-b60e-1bd99c05fa39 0.041s
2018-09-07 02:20:25.497 12761 DEBUG tempest.lib.common.rest_client [req-0bf188d8-92eb-4ef9-97ab-f360a6e8b6ad ] Request - Headers: {'Content-Type': 'application/json', 'Accept': 'application/json', 'X-Auth-Token': ''} Body: None Response - Headers: {'status': '404', u'content-length': '138', 'content-location': 'http://10.167.4.35:9696/v2.0/networks/4378066d-8609-4cf3-b60e-1bd99c05fa39', u'date': 'Fri, 07 Sep 2018 02:20:25 GMT', u'content-type': 'application/json', u'connection': 'close', u'x-openstack-request-id': 'req-0bf188d8-92eb-4ef9-97ab-f360a6e8b6ad'} Body: {"NeutronError": {"message": "Network 4378066d-8609-4cf3-b60e-1bd99c05fa39 could not be found.", "type": "NetworkNotFound", "detail": ""}} _log_request_full /root/.rally/verification/verifier-3476e7bc-32b4-4407-8ab9-6d5fc0e073f0/repo/tempest/lib/common/rest_client.py:434
2018-09-07 02:20:25.520 12758 INFO tempest.lib.common.rest_client [req-ff08142b-1d64-4b63-b574-6c8225f06150 ] Request (TrunkTest:test_trunk_subport_lifecycle): 200 GET http://10.167.4.35:9696/v2.0/ports/a46b5dae-5f81-4585-a797-528007168ca7 0.068s
2018-09-07 02:20:25.521 12758 DEBUG tempest.lib.common.rest_client [req-ff08142b-1d64-4b63-b574-6c8225f06150 ] Request - Headers: {'Content-Type': 'application/json', 'Accept': 'application/json', 'X-Auth-Token': ''} Body: None Response - Headers: {'status': '200', u'content-length': '629', 'content-location': 'http://10.167.4.35:9696/v2.0/ports/a46b5dae-5f81-4585-a797-528007168ca7', u'date': 'Fri, 07 Sep 2018 02:20:25 GMT', u'content-type': 'application/json', u'connection': 'close', u'x-openstack-request-id': 'req-ff08142b-1d64-4b63-b574-6c8225f06150'} Body: {"port":{"status":"DOWN","created_at":"2018-09-07T02:20:10Z","description":"","allowed_address_pairs":[],"tags":[],"network_id":"b61ff9c6-0197-4fac-9412-adea5a9e6dd5","tenant_id":"84c723c6c104422db9670947e202d10a","extra_dhcp_opts":[],"admin_state_up":true,"updated_at":"2018-09-07T02:20:23Z","name":"","device_owner":"trunk:subport","revision_number":10,"mac_address":"fa:16:3e:33:d2:a2","binding:vnic_type":"normal","port_security_enabled":true,"project_id":"84c723c6c104422db9670947e202d10a","fixed_ips":[],"id":"a46b5dae-5f81-4585-a797-528007168ca7","security_groups":["57df0ed6-40c6-495c-a98c-2c580162ec3f"],"device_id":""}} _log_request_full /root/.rally/verification/verifier-3476e7bc-32b4-4407-8ab9-6d5fc0e073f0/repo/tempest/lib/common/rest_client.py:434
2018-09-07 02:20:25.531 12761 INFO tempest.lib.common.rest_client [req-dc67a356-7116-4e0f-b8d0-2ad13b2cb361 ] Request (TrunkTestJSON:_run_cleanups): 404 DELETE http://10.167.4.35:9696/v2.0/networks/b34453bf-d8b5-458f-84da-f1c5ab479d6f 0.033s
2018-09-07 02:20:25.531 12761 DEBUG tempest.lib.common.rest_client [req-dc67a356-7116-4e0f-b8d0-2ad13b2cb361 ] Request - Headers: {'Content-Type': 'application/json', 'Accept': 'application/json', 'X-Auth-Token': ''} Body: None Response - Headers: {'status': '404', u'content-length': '138', 'content-location': 'http://10.167.4.35:9696/v2.0/networks/b34453bf-d8b5-458f-84da-f1c5ab479d6f', u'date': 'Fri, 07 Sep 2018 02:20:25 GMT', u'content-type': 'application/json', u'connection': 'close', u'x-openstack-request-id': 'req-dc67a356-7116-4e0f-b8d0-2ad13b2cb361'} Body: {"NeutronError": {"message": "Network b34453bf-d8b5-458f-84da-f1c5ab479d6f could not be found.", "type": "NetworkNotFound", "detail": ""}} _log_request_full /root/.rally/verification/verifier-3476e7bc-32b4-4407-8ab9-6d5fc0e073f0/repo/tempest/lib/common/rest_client.py:434
2018-09-07 02:20:25.562 12761 INFO tempest.lib.common.rest_client [req-b7eed54e-c402-42ff-8768-54cf57b8086b ] Request (TrunkTestJSON:_run_cleanups): 404 DELETE http://10.167.4.35:9696/v2.0/networks/a41c13b7-3ed0-49ff-87b5-ecb19716d6bc 0.030s
2018-09-07 02:20:25.562 12761 DEBUG tempest.lib.common.rest_client [req-b7eed54e-c402-42ff-8768-54cf57b8086b ] Request - Headers: {'Content-Type': 'application/json', 'Accept': 'application/json', 'X-Auth-Token': ''} Body: None Response - Headers: {'status': '404', u'content-length': '138', 'content-location': 'http://10.167.4.35:9696/v2.0/networks/a41c13b7-3ed0-49ff-87b5-ecb19716d6bc', u'date': 'Fri, 07 Sep 2018 02:20:25 GMT', u'content-type': 'application/json', u'connection': 'close', u'x-openstack-request-id': 'req-b7eed54e-c402-42ff-8768-54cf57b8086b'} Body: {"NeutronError": {"message": "Network a41c13b7-3ed0-49ff-87b5-ecb19716d6bc could not be found.", "type": "NetworkNotFound", "detail": ""}} _log_request_full /root/.rally/verification/verifier-3476e7bc-32b4-4407-8ab9-6d5fc0e073f0/repo/tempest/lib/common/rest_client.py:434
2018-09-07 02:20:25.606 12761 INFO tempest.lib.common.rest_client [req-f80e5ba0-fc3d-4577-87ec-15d0697eec2e ] Request (TrunkTestJSON:_run_cleanups): 404 DELETE http://10.167.4.35:9696/v2.0/networks/d3222437-6541-4b8b-aeee-df37dedba330 0.042s
2018-09-07 02:20:25.606 12761 DEBUG tempest.lib.common.rest_client [req-f80e5ba0-fc3d-4577-87ec-15d0697eec2e ] Request - Headers: {'Content-Type': 'application/json', 'Accept': 'application/json', 'X-Auth-Token': ''} Body: None Response - Headers: {'status': '404', u'content-length': '138', 'content-location': 'http://10.167.4.35:9696/v2.0/networks/d3222437-6541-4b8b-aeee-df37dedba330', u'date': 'Fri, 07 Sep 2018 02:20:25 GMT', u'content-type': 'application/json', u'connection': 'close', u'x-openstack-request-id': 'req-f80e5ba0-fc3d-4577-87ec-15d0697eec2e'} Body: {"NeutronError": {"message": "Network d3222437-6541-4b8b-aeee-df37dedba330 could not be found.", "type": "NetworkNotFound", "detail": ""}} _log_request_full /root/.rally/verification/verifier-3476e7bc-32b4-4407-8ab9-6d5fc0e073f0/repo/tempest/lib/common/rest_client.py:434
2018-09-07 02:20:25.640 12761 INFO tempest.lib.common.rest_client [req-d91f9140-dfa9-4dc7-8493-f8ca2f758306 ] Request (TrunkTestJSON:_run_cleanups): 404 DELETE http://10.167.4.35:9696/v2.0/networks/ed1fb01b-32c0-445d-8f0f-2040763440f7 0.032s
2018-09-07 02:20:25.640 12761 DEBUG tempest.lib.common.rest_client [req-d91f9140-dfa9-4dc7-8493-f8ca2f758306 ] Request - Headers: {'Content-Type': 'application/json', 'Accept': 'application/json', 'X-Auth-Token': ''} Body: None Response - Headers: {'status': '404', u'content-length': '138', 'content-location': 'http://10.167.4.35:9696/v2.0/networks/ed1fb01b-32c0-445d-8f0f-2040763440f7', u'date': 'Fri, 07 Sep 2018 02:20:25 GMT', u'content-type': 'application/json', u'connection': 'close', u'x-openstack-request-id': 'req-d91f9140-dfa9-4dc7-8493-f8ca2f758306'} Body: {"NeutronError": {"message": "Network ed1fb01b-32c0-445d-8f0f-2040763440f7 could not be found.", "type": "NetworkNotFound", "detail": ""}} _log_request_full /root/.rally/verification/verifier-3476e7bc-32b4-4407-8ab9-6d5fc0e073f0/repo/tempest/lib/common/rest_client.py:434
2018-09-07 02:20:25.673 12761 INFO tempest.lib.common.rest_client [req-b7f49965-5391-4436-bb93-995970a4fcde ] Request (TrunkTestJSON:_run_cleanups): 404 DELETE http://10.167.4.35:9696/v2.0/networks/e1483238-4707-4338-889a-72dec0241251 0.032s
