2018-08-27 19:49:27.505 12993 DEBUG tempest.lib.common.rest_client [req-1b9be693-194c-4587-9bb3-64cea4a78ee6 ] Request - Headers: {'Content-Type': 'application/json', 'Accept': 'application/json', 'X-Auth-Token': ''} Body: None Response - Headers: {'status': '204', u'content-length': '0', 'content-location': 'http://10.167.4.35:9696/v2.0/trunks/b17ce103-d19a-4530-8242-52665bc4ac8f', u'date': 'Mon, 27 Aug 2018 19:49:27 GMT', u'connection': 'close', u'x-openstack-request-id': 'req-1b9be693-194c-4587-9bb3-64cea4a78ee6'} Body: _log_request_full /root/.rally/verification/verifier-23c10452-b25a-43d8-95f9-f3327179bb3c/repo/tempest/lib/common/rest_client.py:434
2018-08-27 19:49:27.528 12993 INFO tempest.lib.common.rest_client [req-91dda00d-57ca-4cf5-9811-96bed0391ad9 ] Request (TrunkTestJSON:_run_cleanups): 404 GET http://10.167.4.35:9696/v2.0/trunks/c6f2a8ca-4e45-4ca4-a958-30c94be27aa6 0.022s
2018-08-27 19:49:27.528 12993 DEBUG tempest.lib.common.rest_client [req-91dda00d-57ca-4cf5-9811-96bed0391ad9 ] Request - Headers: {'Content-Type': 'application/json', 'Accept': 'application/json', 'X-Auth-Token': ''} Body: None Response - Headers: {'status': '404', u'content-length': '134', 'content-location': 'http://10.167.4.35:9696/v2.0/trunks/c6f2a8ca-4e45-4ca4-a958-30c94be27aa6', u'date': 'Mon, 27 Aug 2018 19:49:27 GMT', u'content-type': 'application/json', u'connection': 'close', u'x-openstack-request-id': 'req-91dda00d-57ca-4cf5-9811-96bed0391ad9'} Body: {"NeutronError": {"message": "Trunk c6f2a8ca-4e45-4ca4-a958-30c94be27aa6 could not be found.", "type": "TrunkNotFound", "detail": ""}} _log_request_full /root/.rally/verification/verifier-23c10452-b25a-43d8-95f9-f3327179bb3c/repo/tempest/lib/common/rest_client.py:434
2018-08-27 19:49:27.553 12993 INFO tempest.lib.common.rest_client [req-00f5201c-9072-4847-a469-90e937b3abde ] Request (TrunkTestJSON:_run_cleanups): 404 GET http://10.167.4.35:9696/v2.0/trunks/de8014e8-e192-4440-b55c-9b05cd2524ff 0.023s
2018-08-27 19:49:27.553 12993 DEBUG tempest.lib.common.rest_client [req-00f5201c-9072-4847-a469-90e937b3abde ] Request - Headers: {'Content-Type': 'application/json', 'Accept': 'application/json', 'X-Auth-Token': ''} Body: None Response - Headers: {'status': '404', u'content-length': '134', 'content-location': 'http://10.167.4.35:9696/v2.0/trunks/de8014e8-e192-4440-b55c-9b05cd2524ff', u'date': 'Mon, 27 Aug 2018 19:49:27 GMT', u'content-type': 'application/json', u'connection': 'close', u'x-openstack-request-id': 'req-00f5201c-9072-4847-a469-90e937b3abde'} Body: {"NeutronError": {"message": "Trunk de8014e8-e192-4440-b55c-9b05cd2524ff could not be found.", "type": "TrunkNotFound", "detail": ""}} _log_request_full /root/.rally/verification/verifier-23c10452-b25a-43d8-95f9-f3327179bb3c/repo/tempest/lib/common/rest_client.py:434
2018-08-27 19:49:27.583 12993 INFO tempest.lib.common.rest_client [req-a2971faa-d736-4c60-bc7a-9790835c9e0b ] Request (TrunkTestJSON:_run_cleanups): 404 GET http://10.167.4.35:9696/v2.0/trunks/90490793-e001-49a8-a1eb-47839afa3699 0.029s
2018-08-27 19:49:27.583 12993 DEBUG tempest.lib.common.rest_client [req-a2971faa-d736-4c60-bc7a-9790835c9e0b ] Request - Headers: {'Content-Type': 'application/json', 'Accept': 'application/json', 'X-Auth-Token': ''} Body: None Response - Headers: {'status': '404', u'content-length': '134', 'content-location': 'http://10.167.4.35:9696/v2.0/trunks/90490793-e001-49a8-a1eb-47839afa3699', u'date': 'Mon, 27 Aug 2018 19:49:27 GMT', u'content-type': 'application/json', u'connection': 'close', u'x-openstack-request-id': 'req-a2971faa-d736-4c60-bc7a-9790835c9e0b'} Body: {"NeutronError": {"message": "Trunk 90490793-e001-49a8-a1eb-47839afa3699 could not be found.", "type": "TrunkNotFound", "detail": ""}} _log_request_full /root/.rally/verification/verifier-23c10452-b25a-43d8-95f9-f3327179bb3c/repo/tempest/lib/common/rest_client.py:434
2018-08-27 19:49:27.600 13001 INFO tempest.lib.common.rest_client [req-ecbfa15f-7fc0-4cb6-845c-01041ac88dc7 ] Request (TrunkTestJSON:test_create_trunk_nonexistent_port_id): 404 POST http://10.167.4.35:9696/v2.0/trunks 0.534s
2018-08-27 19:49:27.600 13001 DEBUG tempest.lib.common.rest_client [req-ecbfa15f-7fc0-4cb6-845c-01041ac88dc7 ] Request - Headers: {'Content-Type': 'application/json', 'Accept': 'application/json', 'X-Auth-Token': ''} Body: {"trunk": {"sub_ports": [], "port_id": "2cc31a66-092e-402d-acba-ae51fc78a5cb"}} Response - Headers: {'status': '404', u'content-length': '132', 'content-location': 'http://10.167.4.35:9696/v2.0/trunks', u'date': 'Mon, 27 Aug 2018 19:49:27 GMT', u'content-type': 'application/json', u'connection': 'close', u'x-openstack-request-id': 'req-ecbfa15f-7fc0-4cb6-845c-01041ac88dc7'} Body: {"NeutronError": {"message": "Port 2cc31a66-092e-402d-acba-ae51fc78a5cb could not be found.", "type": "PortNotFound", "detail": ""}} _log_request_full /root/.rally/verification/verifier-23c10452-b25a-43d8-95f9-f3327179bb3c/repo/tempest/lib/common/rest_client.py:434
2018-08-27 19:49:27.618 12993 INFO tempest.lib.common.rest_client [req-7d04489a-e6ad-43d0-b62d-4a0320939c64 ] Request (TrunkTestJSON:_run_cleanups): 404 GET http://10.167.4.35:9696/v2.0/trunks/397ea9c2-fa88-4a20-bd50-8f3ebae0e580 0.033s
2018-08-27 19:49:27.618 12993 DEBUG tempest.lib.common.rest_client [req-7d04489a-e6ad-43d0-b62d-4a0320939c64 ] Request - Headers: {'Content-Type': 'application/json', 'Accept': 'application/json', 'X-Auth-Token': ''} Body: None Response - Headers: {'status': '404', u'content-length': '134', 'content-location': 'http://10.167.4.35:9696/v2.0/trunks/397ea9c2-fa88-4a20-bd50-8f3ebae0e580', u'date': 'Mon, 27 Aug 2018 19:49:27 GMT', u'content-type': 'application/json', u'connection': 'close', u'x-openstack-request-id': 'req-7d04489a-e6ad-43d0-b62d-4a0320939c64'} Body: {"NeutronError": {"message": "Trunk 397ea9c2-fa88-4a20-bd50-8f3ebae0e580 could not be found.", "type": "TrunkNotFound", "detail": ""}} _log_request_full /root/.rally/verification/verifier-23c10452-b25a-43d8-95f9-f3327179bb3c/repo/tempest/lib/common/rest_client.py:434
2018-08-27 19:49:27.625 13001 INFO tempest.lib.common.rest_client [req-36c36e73-4aca-4e09-9598-2f20055cd80a ] Request (TrunkTestJSON:_run_cleanups): 404 GET http://10.167.4.35:9696/v2.0/trunks/7ca0c736-7c78-4139-88f1-f43ffb0ad7e9/get_subports 0.024s
2018-08-27 19:49:27.626 13001 DEBUG tempest.lib.common.rest_client [req-36c36e73-4aca-4e09-9598-2f20055cd80a ] Request - Headers: {'Content-Type': 'application/json', 'Accept': 'application/json', 'X-Auth-Token': ''} Body: None Response - Headers: {'status': '404', u'content-length': '134', 'content-location': 'http://10.167.4.35:9696/v2.0/trunks/7ca0c736-7c78-4139-88f1-f43ffb0ad7e9/get_subports', u'date': 'Mon, 27 Aug 2018 19:49:27 GMT', u'content-type': 'application/json', u'connection': 'close', u'x-openstack-request-id': 'req-36c36e73-4aca-4e09-9598-2f20055cd80a'} Body: {"NeutronError": {"message": "Trunk 7ca0c736-7c78-4139-88f1-f43ffb0ad7e9 could not be found.", "type": "TrunkNotFound", "detail": ""}} _log_request_full /root/.rally/verification/verifier-23c10452-b25a-43d8-95f9-f3327179bb3c/repo/tempest/lib/common/rest_client.py:434
2018-08-27 19:49:27.644 12993 INFO tempest.lib.common.rest_client [req-494f065b-a413-4851-9714-f39faefa55ca ] Request (TrunkTestJSON:_run_cleanups): 404 GET http://10.167.4.35:9696/v2.0/trunks/94a89738-a706-42d8-bb8b-9a190ad6b8f5 0.025s
2018-08-27 19:49:27.645 12993 DEBUG tempest.lib.common.rest_client [req-494f065b-a413-4851-9714-f39faefa55ca ] Request - Headers: {'Content-Type': 'application/json', 'Accept': 'application/json', 'X-Auth-Token': ''} Body: None Response - Headers: {'status': '404', u'content-length': '134', 'content-location': 'http://10.167.4.35:9696/v2.0/trunks/94a89738-a706-42d8-bb8b-9a190ad6b8f5', u'date': 'Mon, 27 Aug 2018 19:49:27 GMT', u'content-type': 'application/json', u'connection': 'close', u'x-openstack-request-id': 'req-494f065b-a413-4851-9714-f39faefa55ca'} Body: {"NeutronError": {"message": "Trunk 94a89738-a706-42d8-bb8b-9a190ad6b8f5 could not be found.", "type": "TrunkNotFound", "detail": ""}} _log_request_full /root/.rally/verification/verifier-23c10452-b25a-43d8-95f9-f3327179bb3c/repo/tempest/lib/common/rest_client.py:434
2018-08-27 19:49:27.663 13001 INFO tempest.lib.common.rest_client [req-26ca4056-0b90-480b-8d15-76bebcf1e682 ] Request (TrunkTestJSON:_run_cleanups): 404 DELETE http://10.167.4.35:9696/v2.0/trunks/7ca0c736-7c78-4139-88f1-f43ffb0ad7e9 0.036s
2018-08-27 19:49:27.664 13001 DEBUG tempest.lib.common.rest_client [req-26ca4056-0b90-480b-8d15-76bebcf1e682 ] Request - Headers: {'Content-Type': 'application/json', 'Accept': 'application/json', 'X-Auth-Token': ''} Body: None Response - Headers: {'status': '404', u'content-length': '134', 'content-location': 'http://10.167.4.35:9696/v2.0/trunks/7ca0c736-7c78-4139-88f1-f43ffb0ad7e9', u'date': 'Mon, 27 Aug 2018 19:49:27 GMT', u'content-type': 'application/json', u'connection': 'close', u'x-openstack-request-id': 'req-26ca4056-0b90-480b-8d15-76bebcf1e682'} Body: {"NeutronError": {"message": "Trunk 7ca0c736-7c78-4139-88f1-f43ffb0ad7e9 could not be found.", "type": "TrunkNotFound", "detail": ""}} _log_request_full /root/.rally/verification/verifier-23c10452-b25a-43d8-95f9-f3327179bb3c/repo/tempest/lib/common/rest_client.py:434
2018-08-27 19:49:27.670 12993 INFO tempest.lib.common.rest_client [req-64bb1e92-33e2-46e4-aa0e-7269c60c0803 ] Request (TrunkTestJSON:_run_cleanups): 404 GET http://10.167.4.35:9696/v2.0/trunks/698222ba-3c5e-467f-bbc3-2b99853a5ffb 0.024s
2018-08-27 19:49:27.670 12993 DEBUG tempest.lib.common.rest_client [req-64bb1e92-33e2-46e4-aa0e-7269c60c0803 ] Request - Headers: {'Content-Type': 'application/json', 'Accept': 'application/json', 'X-Auth-Token': ''} Body: None Response - Headers: {'status': '404', u'content-length': '134', 'content-location': 'http://10.167.4.35:9696/v2.0/trunks/698222ba-3c5e-467f-bbc3-2b99853a5ffb', u'date': 'Mon, 27 Aug 2018 19:49:27 GMT', u'content-type': 'application/json', u'connection': 'close', u'x-openstack-request-id': 'req-64bb1e92-33e2-46e4-aa0e-7269c60c0803'} Body: {"NeutronError": {"message": "Trunk 698222ba-3c5e-467f-bbc3-2b99853a5ffb could not be found.", "type": "TrunkNotFound", "detail": ""}} _log_request_full /root/.rally/verification/verifier-23c10452-b25a-43d8-95f9-f3327179bb3c/repo/tempest/lib/common/rest_client.py:434
2018-08-27 19:49:27.690 13001 INFO tempest.lib.common.rest_client [req-11c7156b-4fd3-465c-bb50-6a67ca08ab09 ] Request (TrunkTestJSON:_run_cleanups): 404 GET http://10.167.4.35:9696/v2.0/trunks/2360c166-9c96-44e3-ae0f-44582930ef37/get_subports 0.025s
2018-08-27 19:49:27.690 13001 DEBUG tempest.lib.common.rest_client [req-11c7156b-4fd3-465c-bb50-6a67ca08ab09 ] Request - Headers: {'Content-Type': 'application/json', 'Accept': 'application/json', 'X-Auth-Token': ''} Body: None Response - Headers: {'status': '404', u'content-length': '134', 'content-location': 'http://10.167.4.35:9696/v2.0/trunks/2360c166-9c96-44e3-ae0f-44582930ef37/get_subports', u'date': 'Mon, 27 Aug 2018 19:49:27 GMT', u'content-type': 'application/json', u'connection': 'close', u'x-openstack-request-id': 'req-11c7156b-4fd3-465c-bb50-6a67ca08ab09'} Body: {"NeutronError": {"message": "Trunk 2360c166-9c96-44e3-ae0f-44582930ef37 could not be found.", "type": "TrunkNotFound", "detail": ""}} _log_request_full /root/.rally/verification/verifier-23c10452-b25a-43d8-95f9-f3327179bb3c/repo/tempest/lib/common/rest_client.py:434
2018-08-27 19:49:27.697 12993 INFO tempest.lib.common.rest_client [req-a3f398a7-d9e5-4f59-a4c5-273f74ef6df5 ] Request (TrunkTestJSON:_run_cleanups): 404 GET http://10.167.4.35:9696/v2.0/trunks/b7ded070-c52d-425d-8d94-040df245694f 0.026s
2018-08-27 19:49:27.697 12993 DEBUG tempest.lib.common.rest_client [req-a3f398a7-d9e5-4f59-a4c5-273f74ef6df5 ] Request - Headers: {'Content-Type': 'application/json', 'Accept': 'application/json', 'X-Auth-Token': ''} Body: None Response - Headers: {'status': '404', u'content-length': '134', 'content-location': 'http://10.167.4.35:9696/v2.0/trunks/b7ded070-c52d-425d-8d94-040df245694f', u'date': 'Mon, 27 Aug 2018 19:49:27 GMT', u'content-type': 'application/json', u'connection': 'close', u'x-openstack-request-id': 'req-a3f398a7-d9e5-4f59-a4c5-273f74ef6df5'} Body: {"NeutronError": {"message": "Trunk b7ded070-c52d-425d-8d94-040df245694f could not be found.", "type": "TrunkNotFound", "detail": ""}} _log_request_full /root/.rally/verification/verifier-23c10452-b25a-43d8-95f9-f3327179bb3c/repo/tempest/lib/common/rest_client.py:434
2018-08-27 19:49:27.716 12993 INFO tempest.lib.common.rest_client [req-6803baeb-c120-4ff8-a85c-5585da1fbf44 ] Request (TrunkTestJSON:_run_cleanups): 404 GET http://10.167.4.35:9696/v2.0/trunks/8ba5f5f1-5827-4ddf-a72f-b3149484671e 0.017s
2018-08-27 19:49:27.716 12993 DEBUG tempest.lib.common.rest_client [req-6803baeb-c120-4ff8-a85c-5585da1fbf44 ] Request - Headers: {'Content-Type': 'application/json', 'Accept': 'application/json', 'X-Auth-Token': ''} Body: None Response - Headers: {'status': '404', u'content-length': '134', 'content-location': 'http://10.167.4.35:9696/v2.0/trunks/8ba5f5f1-5827-4ddf-a72f-b3149484671e', u'date': 'Mon, 27 Aug 2018 19:49:27 GMT', u'content-type': 'application/json', u'connection': 'close', u'x-openstack-request-id': 'req-6803baeb-c120-4ff8-a85c-5585da1fbf44'} Body: {"NeutronError": {"message": "Trunk 8ba5f5f1-5827-4ddf-a72f-b3149484671e could not be found.", "type": "TrunkNotFound", "detail": ""}} _log_request_full /root/.rally/verification/verifier-23c10452-b25a-43d8-95f9-f3327179bb3c/repo/tempest/lib/common/rest_client.py:434
2018-08-27 19:49:27.723 13001 INFO tempest.lib.common.rest_client [req-7c1db0a8-d224-4faa-95f9-eb9b7988b290 ] Request (TrunkTestJSON:_run_cleanups): 404 DELETE http://10.167.4.35:9696/v2.0/trunks/2360c166-9c96-44e3-ae0f-44582930ef37 0.031s
2018-08-27 19:49:27.723 13001 DEBUG tempest.lib.common.rest_client [req-7c1db0a8-d224-4faa-95f9-eb9b7988b290 ] Request - Headers: {'Content-Type': 'application/json', 'Accept': 'application/json', 'X-Auth-Token': ''} Body: None Response - Headers: {'status': '404', u'content-length': '134', 'content-location': 'http://10.167.4.35:9696/v2.0/trunks/2360c166-9c96-44e3-ae0f-44582930ef37', u'date': 'Mon, 27 Aug 2018 19:49:27 GMT', u'content-type': 'application/json', u'connection': 'close', u'x-openstack-request-id': 'req-7c1db0a8-d224-4faa-95f9-eb9b7988b290'} Body: {"NeutronError": {"message": "Trunk 2360c166-9c96-44e3-ae0f-44582930ef37 could not be found.", "type": "TrunkNotFound", "detail": ""}} _log_request_full /root/.rally/verification/verifier-23c10452-b25a-43d8-95f9-f3327179bb3c/repo/tempest/lib/common/rest_client.py:434
2018-08-27 19:49:27.736 12993 INFO tempest.lib.common.rest_client [req-f49a74a0-4ad0-415c-930a-7ace33476f73 ] Request (TrunkTestJSON:_run_cleanups): 404 GET http://10.167.4.35:9696/v2.0/trunks/df20a191-e108-4f95-bc1b-7efb702fe0a5 0.019s
2018-08-27 19:49:27.736 12993 DEBUG tempest.lib.common.rest_client [req-f49a74a0-4ad0-415c-930a-7ace33476f73 ] Request - Headers: {'Content-Type': 'application/json', 'Accept': 'application/json', 'X-Auth-Token': ''} Body: None Response - Headers: {'status': '404', u'content-length': '134', 'content-location': 'http://10.167.4.35:9696/v2.0/trunks/df20a191-e108-4f95-bc1b-7efb702fe0a5', u'date': 'Mon, 27 Aug 2018 19:49:27 GMT', u'content-type': 'application/json', u'connection': 'close', u'x-openstack-request-id': 'req-f49a74a0-4ad0-415c-930a-7ace33476f73'} Body: {"NeutronError": {"message": "Trunk df20a191-e108-4f95-bc1b-7efb702fe0a5 could not be found.", "type": "TrunkNotFound", "detail": ""}} _log_request_full /root/.rally/verification/verifier-23c10452-b25a-43d8-95f9-f3327179bb3c/repo/tempest/lib/common/rest_client.py:434
2018-08-27 19:49:27.750 13001 INFO tempest.lib.common.rest_client [req-3bb4d5ba-9009-4b15-b9b3-fab5b0433fa6 ] Request (TrunkTestJSON:_run_cleanups): 404 GET http://10.167.4.35:9696/v2.0/trunks/e8fc7fba-ed80-4559-a5bb-5d5d96e55819/get_subports 0.026s
2018-08-27 19:49:27.750 13001 DEBUG tempest.lib.common.rest_client [req-3bb4d5ba-9009-4b15-b9b3-fab5b0433fa6 ] Request - Headers: {'Content-Type': 'application/json', 'Accept': 'application/json', 'X-Auth-Token': ''} Body: None Response - Headers: {'status': '404', u'content-length': '134', 'content-location': 'http://10.167.4.35:9696/v2.0/trunks/e8fc7fba-ed80-4559-a5bb-5d5d96e55819/get_subports', u'date': 'Mon, 27 Aug 2018 19:49:27 GMT', u'content-type': 'application/json', u'connection': 'close', u'x-openstack-request-id': 'req-3bb4d5ba-9009-4b15-b9b3-fab5b0433fa6'} Body: {"NeutronError": {"message": "Trunk e8fc7fba-ed80-4559-a5bb-5d5d96e55819 could not be found.", "type": "TrunkNotFound", "detail": ""}} _log_request_full /root/.rally/verification/verifier-23c10452-b25a-43d8-95f9-f3327179bb3c/repo/tempest/lib/common/rest_client.py:434
2018-08-27 19:49:27.763 12993 INFO tempest.lib.common.rest_client [req-87c0d530-66cd-4964-88ce-972b4b3d8807 ] Request (TrunkTestJSON:_run_cleanups): 404 GET http://10.167.4.35:9696/v2.0/trunks/b17ce103-d19a-4530-8242-52665bc4ac8f 0.026s
2018-08-27 19:49:27.763 12993 DEBUG tempest.lib.common.rest_client [req-87c0d530-66cd-4964-88ce-972b4b3d8807 ] Request - Headers: {'Content-Type': 'application/json', 'Accept': 'application/json', 'X-Auth-Token': ''} Body: None Response - Headers: {'status': '404', u'content-length': '134', 'content-location': 'http://10.167.4.35:9696/v2.0/trunks/b17ce103-d19a-4530-8242-52665bc4ac8f', u'date': 'Mon, 27 Aug 2018 19:49:27 GMT', u'content-type': 'application/json', u'connection': 'close', u'x-openstack-request-id': 'req-87c0d530-66cd-4964-88ce-972b4b3d8807'} Body: {"NeutronError": {"message": "Trunk b17ce103-d19a-4530-8242-52665bc4ac8f could not be found.", "type": "TrunkNotFound", "detail": ""}} _log_request_full /root/.rally/verification/verifier-23c10452-b25a-43d8-95f9-f3327179bb3c/repo/tempest/lib/common/rest_client.py:434
2018-08-27 19:49:27.787 13001 INFO tempest.lib.common.rest_client [req-399fecd1-6a4c-472b-830d-d2b54e1b6cd0 ] Request (TrunkTestJSON:_run_cleanups): 404 DELETE http://10.167.4.35:9696/v2.0/trunks/e8fc7fba-ed80-4559-a5bb-5d5d96e55819 0.036s
2018-08-27 19:49:27.787 13001 DEBUG tempest.lib.common.rest_client [req-399fecd1-6a4c-472b-830d-d2b54e1b6cd0 ] Request - Headers: {'Content-Type': 'application/json', 'Accept': 'application/json', 'X-Auth-Token': ''} Body: None Response - Headers: {'status': '404', u'content-length': '134', 'content-location': 'http://10.167.4.35:9696/v2.0/trunks/e8fc7fba-ed80-4559-a5bb-5d5d96e55819', u'date': 'Mon, 27 Aug 2018 19:49:27 GMT', u'content-type': 'application/json', u'connection': 'close', u'x-openstack-request-id': 'req-399fecd1-6a4c-472b-830d-d2b54e1b6cd0'} Body: {"NeutronError": {"message": "Trunk e8fc7fba-ed80-4559-a5bb-5d5d96e55819 could not be found.", "type": "TrunkNotFound", "detail": ""}} _log_request_full /root/.rally/verification/verifier-23c10452-b25a-43d8-95f9-f3327179bb3c/repo/tempest/lib/common/rest_client.py:434
2018-08-27 19:49:27.815 13001 INFO tempest.lib.common.rest_client [req-cd8dcc43-df15-4ed4-a675-d990870fed6c ] Request (TrunkTestJSON:_run_cleanups): 404 GET http://10.167.4.35:9696/v2.0/trunks/15f77cb9-9739-4e9b-9d65-ee5c5ce8eaeb/get_subports 0.027s
2018-08-27 19:49:27.815 13001 DEBUG tempest.lib.common.rest_client [req-cd8dcc43-df15-4ed4-a675-d990870fed6c ] Request - Headers: {'Content-Type': 'application/json', 'Accept': 'application/json', 'X-Auth-Token': ''} Body: None Response - Headers: {'status': '404', u'content-length': '134', 'content-location': 'http://10.167.4.35:9696/v2.0/trunks/15f77cb9-9739-4e9b-9d65-ee5c5ce8eaeb/get_subports', u'date': 'Mon, 27 Aug 2018 19:49:27 GMT', u'content-type': 'application/json', u'connection': 'close', u'x-openstack-request-id': 'req-cd8dcc43-df15-4ed4-a675-d990870fed6c'} Body: {"NeutronError": {"message": "Trunk 15f77cb9-9739-4e9b-9d65-ee5c5ce8eaeb could not be found.", "type": "TrunkNotFound", "detail": ""}} _log_request_full /root/.rally/verification/verifier-23c10452-b25a-43d8-95f9-f3327179bb3c/repo/tempest/lib/common/rest_client.py:434
2018-08-27 19:49:27.840 12993 INFO tempest.lib.common.rest_client [req-11f859f2-4372-46eb-bbcb-af6fbdc067c6 ] Request (TrunkTestJSON:_run_cleanups): 404 DELETE http://10.167.4.35:9696/v2.0/ports/b73a2585-696f-4934-8a34-c7015dc6100c 0.075s
2018-08-27 19:49:27.840 12993 DEBUG tempest.lib.common.rest_client [req-11f859f2-4372-46eb-bbcb-af6fbdc067c6 ] Request - Headers: {'Content-Type': 'application/json', 'Accept': 'application/json', 'X-Auth-Token': ''} Body: None Response - Headers: {'status': '404', u'content-length': '132', 'content-location': 'http://10.167.4.35:9696/v2.0/ports/b73a2585-696f-4934-8a34-c7015dc6100c', u'date': 'Mon, 27 Aug 2018 19:49:27 GMT', u'content-type': 'application/json', u'connection': 'close', u'x-openstack-request-id': 'req-11f859f2-4372-46eb-bbcb-af6fbdc067c6'} Body: {"NeutronError": {"message": "Port b73a2585-696f-4934-8a34-c7015dc6100c could not be found.", "type": "PortNotFound", "detail": ""}} _log_request_full /root/.rally/verification/verifier-23c10452-b25a-43d8-95f9-f3327179bb3c/repo/tempest/lib/common/rest_client.py:434
2018-08-27 19:49:27.844 13001 INFO tempest.lib.common.rest_client [req-9b2ef920-e2e1-4870-b006-6e69d8dd9041 ] Request (TrunkTestJSON:_run_cleanups): 404 DELETE http://10.167.4.35:9696/v2.0/trunks/15f77cb9-9739-4e9b-9d65-ee5c5ce8eaeb 0.028s
2018-08-27 19:49:27.844 13001 DEBUG tempest.lib.common.rest_client [req-9b2ef920-e2e1-4870-b006-6e69d8dd9041 ] Request - Headers: {'Content-Type': 'application/json', 'Accept': 'application/json', 'X-Auth-Token': ''} Body: None Response - Headers: {'status': '404', u'content-length': '134', 'content-location': 'http://10.167.4.35:9696/v2.0/trunks/15f77cb9-9739-4e9b-9d65-ee5c5ce8eaeb', u'date': 'Mon, 27 Aug 2018 19:49:27 GMT', u'content-type': 'application/json', u'connection': 'close', u'x-openstack-request-id': 'req-9b2ef920-e2e1-4870-b006-6e69d8dd9041'} Body: {"NeutronError": {"message": "Trunk 15f77cb9-9739-4e9b-9d65-ee5c5ce8eaeb could not be found.", "type": "TrunkNotFound", "detail": ""}} _log_request_full /root/.rally/verification/verifier-23c10452-b25a-43d8-95f9-f3327179bb3c/repo/tempest/lib/common/rest_client.py:434
2018-08-27 19:49:27.872 13001 INFO tempest.lib.common.rest_client [req-6da78b3f-97cf-4164-9070-083e1fc665c2 ] Request (TrunkTestJSON:_run_cleanups): 404 GET http://10.167.4.35:9696/v2.0/trunks/fea305c0-63d0-4b0f-af88-58c0bdf841c8/get_subports 0.027s
2018-08-27 19:49:27.872 13001 DEBUG tempest.lib.common.rest_client [req-6da78b3f-97cf-4164-9070-083e1fc665c2 ] Request - Headers: {'Content-Type': 'application/json', 'Accept': 'application/json', 'X-Auth-Token': ''} Body: None Response - Headers: {'status': '404', u'content-length': '134', 'content-location': 'http://10.167.4.35:9696/v2.0/trunks/fea305c0-63d0-4b0f-af88-58c0bdf841c8/get_subports', u'date': 'Mon, 27 Aug 2018 19:49:27 GMT', u'content-type': 'application/json', u'connection': 'close', u'x-openstack-request-id': 'req-6da78b3f-97cf-4164-9070-083e1fc665c2'} Body: {"NeutronError": {"message": "Trunk fea305c0-63d0-4b0f-af88-58c0bdf841c8 could not be found.", "type": "TrunkNotFound", "detail": ""}} _log_request_full /root/.rally/verification/verifier-23c10452-b25a-43d8-95f9-f3327179bb3c/repo/tempest/lib/common/rest_client.py:434
2018-08-27 19:49:27.905 13001 INFO tempest.lib.common.rest_client [req-c1871686-29b1-4823-ba8e-c6fcec2c0831 ] Request (TrunkTestJSON:_run_cleanups): 404 DELETE http://10.167.4.35:9696/v2.0/trunks/fea305c0-63d0-4b0f-af88-58c0bdf841c8 0.032s
2018-08-27 19:49:27.905 13001 DEBUG tempest.lib.common.rest_client [req-c1871686-29b1-4823-ba8e-c6fcec2c0831 ] Request - Headers: {'Content-Type': 'application/json', 'Accept': 'application/json', 'X-Auth-Token': ''} Body: None Response - Headers: {'status': '404', u'content-length': '134', 'content-location': 'http://10.167.4.35:9696/v2.0/trunks/fea305c0-63d0-4b0f-af88-58c0bdf841c8', u'date': 'Mon, 27 Aug 2018 19:49:27 GMT', u'content-type': 'application/json', u'connection': 'close', u'x-openstack-request-id': 'req-c1871686-29b1-4823-ba8e-c6fcec2c0831'} Body: {"NeutronError": {"message": "Trunk fea305c0-63d0-4b0f-af88-58c0bdf841c8 could not be found.", "type": "TrunkNotFound", "detail": ""}} _log_request_full /root/.rally/verification/verifier-23c10452-b25a-43d8-95f9-f3327179bb3c/repo/tempest/lib/common/rest_client.py:434
2018-08-27 19:49:27.924 12993 INFO tempest.lib.common.rest_client [req-8e02555c-b31e-4c97-8a31-6f305e700451 ] Request (TrunkTestJSON:_run_cleanups): 404 DELETE http://10.167.4.35:9696/v2.0/ports/162b334d-53a2-45c8-8f51-f9e3b92e50b4 0.083s
2018-08-27 19:49:27.924 12993 DEBUG tempest.lib.common.rest_client [req-8e02555c-b31e-4c97-8a31-6f305e700451 ] Request - Headers: {'Content-Type': 'application/json', 'Accept': 'application/json', 'X-Auth-Token': ''} Body: None Response - Headers: {'status': '404', u'content-length': '132', 'content-location': 'http://10.167.4.35:9696/v2.0/ports/162b334d-53a2-45c8-8f51-f9e3b92e50b4', u'date': 'Mon, 27 Aug 2018 19:49:27 GMT', u'content-type': 'application/json', u'connection': 'close', u'x-openstack-request-id': 'req-8e02555c-b31e-4c97-8a31-6f305e700451'} Body: {"NeutronError": {"message": "Port 162b334d-53a2-45c8-8f51-f9e3b92e50b4 could not be found.", "type": "PortNotFound", "detail": ""}} _log_request_full /root/.rally/verification/verifier-23c10452-b25a-43d8-95f9-f3327179bb3c/repo/tempest/lib/common/rest_client.py:434
2018-08-27 19:49:27.932 13001 INFO tempest.lib.common.rest_client [req-4d543fd3-66d1-4420-81e7-8dd14c4b0c1a ] Request (TrunkTestJSON:_run_cleanups): 404 GET http://10.167.4.35:9696/v2.0/trunks/bcc52ebc-d669-494d-9db3-55c556fb33fe/get_subports 0.025s
2018-08-27 19:49:27.932 13001 DEBUG tempest.lib.common.rest_client [req-4d543fd3-66d1-4420-81e7-8dd14c4b0c1a ] Request - Headers: {'Content-Type': 'application/json', 'Accept': 'application/json', 'X-Auth-Token': ''} Body: None Response - Headers: {'status': '404', u'content-length': '134', 'content-location': 'http://10.167.4.35:9696/v2.0/trunks/bcc52ebc-d669-494d-9db3-55c556fb33fe/get_subports', u'date': 'Mon, 27 Aug 2018 19:49:27 GMT', u'content-type': 'application/json', u'connection': 'close', u'x-openstack-request-id': 'req-4d543fd3-66d1-4420-81e7-8dd14c4b0c1a'} Body: {"NeutronError": {"message": "Trunk bcc52ebc-d669-494d-9db3-55c556fb33fe could not be found.", "type": "TrunkNotFound", "detail": ""}} _log_request_full /root/.rally/verification/verifier-23c10452-b25a-43d8-95f9-f3327179bb3c/repo/tempest/lib/common/rest_client.py:434
2018-08-27 19:49:27.992 12995 INFO tempest.lib.common.rest_client [req-469475e5-397e-4baf-beaa-ebaa68026f3f ] Request (TrunkTest:test_trunk_subport_lifecycle): 200 PUT http://10.167.4.35:9696/v2.0/trunks/7345481f-6611-4488-a0e2-66aa7fd7b627/add_subports 2.303s
2018-08-27 19:49:27.993 12995 DEBUG tempest.lib.common.rest_client [req-469475e5-397e-4baf-beaa-ebaa68026f3f ] Request - Headers: {'Content-Type': 'application/json', 'Accept': 'application/json', 'X-Auth-Token': ''} Body: {"sub_ports": [{"segmentation_type": "vlan", "port_id": "4b7c524c-cd8f-4a9f-88db-85e7fb80c05a", "segmentation_id": 3}, {"segmentation_type": "vlan", "port_id": "453fc5d4-69c0-4891-b9f5-23b78bd0c834", "segmentation_id": 4}, {"segmentation_type": "vlan", "port_id": "22492f1f-c80c-44c7-98ca-aef272c892f6", "segmentation_id": 5}, {"segmentation_type": "vlan", "port_id": "020e0f26-00e4-43b7-a41b-b52cdbff7904", "segmentation_id": 6}]} Response - Headers: {'status': '200', u'content-length': '812', 'content-location': 'http://10.167.4.35:9696/v2.0/trunks/7345481f-6611-4488-a0e2-66aa7fd7b627/add_subports', u'date': 'Mon, 27 Aug 2018 19:49:27 GMT', u'content-type': 'application/json', u'connection': 'close', u'x-openstack-request-id': 'req-469475e5-397e-4baf-beaa-ebaa68026f3f'} Body: {"status": "ACTIVE", "sub_ports": [{"segmentation_type": "vlan", "port_id": "4b7c524c-cd8f-4a9f-88db-85e7fb80c05a", "segmentation_id": 3}, {"segmentation_type": "vlan", "port_id": "453fc5d4-69c0-4891-b9f5-23b78bd0c834", "segmentation_id": 4}, {"segmentation_type": "vlan", "port_id": "22492f1f-c80c-44c7-98ca-aef272c892f6", "segmentation_id": 5}, {"segmentation_type": "vlan", "port_id": "020e0f26-00e4-43b7-a41b-b52cdbff7904", "segmentation_id": 6}], "name": "", "admin_state_up": true, "tenant_id": "cf2ba10771e24aedabdc59e4ea5f7356", "created_at": "2018-08-27T19:48:39Z", "tags": [], "updated_at": "2018-08-27T19:49:27Z", "revision_number": 4, "project_id": "cf2ba10771e24aedabdc59e4ea5f7356", "port_id": "6840e091-8736-4c13-bd28-f0dfa5067e0c", "id": "7345481f-6611-4488-a0e2-66aa7fd7b627", "description": ""} _log_request_full /root/.rally/verification/verifier-23c10452-b25a-43d8-95f9-f3327179bb3c/repo/tempest/lib/common/rest_client.py:434
2018-08-27 19:49:28.004 12993 INFO tempest.lib.common.rest_client [req-31a611d1-71c6-4415-b64b-5a8f0a802a7e ] Request (TrunkTestJSON:_run_cleanups): 404 DELETE http://10.167.4.35:9696/v2.0/ports/4b547a3d-326c-4789-a6d9-29f2f80572cf 0.079s
2018-08-27 19:49:28.004 12993 DEBUG tempest.lib.common.rest_client [req-31a611d1-71c6-4415-b64b-5a8f0a802a7e ] Request - Headers: {'Content-Type': 'application/json', 'Accept': 'application/json', 'X-Auth-Token': ''} Body: None Response - Headers: {'status': '404', u'content-length': '132', 'content-location': 'http://10.167.4.35:9696/v2.0/ports/4b547a3d-326c-4789-a6d9-29f2f80572cf', u'date': 'Mon, 27 Aug 2018 19:49:28 GMT', u'content-type': 'application/json', u'connection': 'close', u'x-openstack-request-id': 'req-31a611d1-71c6-4415-b64b-5a8f0a802a7e'} Body: {"NeutronError": {"message": "Port 4b547a3d-326c-4789-a6d9-29f2f80572cf could not be found.", "type": "PortNotFound", "detail": ""}} _log_request_full /root/.rally/verification/verifier-23c10452-b25a-43d8-95f9-f3327179bb3c/repo/tempest/lib/common/rest_client.py:434
2018-08-27 19:49:28.007 13001 INFO tempest.lib.common.rest_client [req-fd963957-dc74-49b2-a83c-20c6865d981d ] Request (TrunkTestJSON:_run_cleanups): 404 DELETE http://10.167.4.35:9696/v2.0/trunks/bcc52ebc-d669-494d-9db3-55c556fb33fe 0.074s
2018-08-27 19:49:28.007 13001 DEBUG tempest.lib.common.rest_client [req-fd963957-dc74-49b2-a83c-20c6865d981d ] Request - Headers: {'Content-Type': 'application/json', 'Accept': 'application/json', 'X-Auth-Token': ''} Body: None Response - Headers: {'status': '404', u'content-length': '134', 'content-location': 'http://10.167.4.35:9696/v2.0/trunks/bcc52ebc-d669-494d-9db3-55c556fb33fe', u'date': 'Mon, 27 Aug 2018 19:49:28 GMT', u'content-type': 'application/json', u'connection': 'close', u'x-openstack-request-id': 'req-fd963957-dc74-49b2-a83c-20c6865d981d'} Body: {"NeutronError": {"message": "Trunk bcc52ebc-d669-494d-9db3-55c556fb33fe could not be found.", "type": "TrunkNotFound", "detail": ""}} _log_request_full /root/.rally/verification/verifier-23c10452-b25a-43d8-95f9-f3327179bb3c/repo/tempest/lib/common/rest_client.py:434
2018-08-27 19:49:28.032 12995 INFO tempest.lib.common.rest_client [req-d0e4cca6-261a-4774-8da6-a540db5a3aff ] Request (TrunkTest:test_trunk_subport_lifecycle): 200 GET http://10.167.4.35:9696/v2.0/trunks/0ed9990d-95b5-41cb-a583-3cd96c036ebe 0.038s
2018-08-27 19:49:28.032 12995 DEBUG tempest.lib.common.rest_client [req-d0e4cca6-261a-4774-8da6-a540db5a3aff ] Request - Headers: {'Content-Type': 'application/json', 'Accept': 'application/json', 'X-Auth-Token': ''} Body: None Response - Headers: {'status': '200', u'content-length': '409', 'content-location': 'http://10.167.4.35:9696/v2.0/trunks/0ed9990d-95b5-41cb-a583-3cd96c036ebe', u'date': 'Mon, 27 Aug 2018 19:49:28 GMT', u'content-type': 'application/json', u'connection': 'close', u'x-openstack-request-id': 'req-d0e4cca6-261a-4774-8da6-a540db5a3aff'} Body: {"trunk": {"status": "ACTIVE", "sub_ports": [], "name": "", "admin_state_up": true, "tenant_id": "cf2ba10771e24aedabdc59e4ea5f7356", "created_at": "2018-08-27T19:48:29Z", "tags": [], "updated_at": "2018-08-27T19:49:25Z", "revision_number": 7, "project_id": "cf2ba10771e24aedabdc59e4ea5f7356", "port_id": "b392a03e-4cda-449f-bfb1-57bcf120f466", "id": "0ed9990d-95b5-41cb-a583-3cd96c036ebe", "description": ""}} _log_request_full /root/.rally/verification/verifier-23c10452-b25a-43d8-95f9-f3327179bb3c/repo/tempest/lib/common/rest_client.py:434
2018-08-27 19:49:28.033 13001 INFO tempest.lib.common.rest_client [req-df43fc98-bdfa-40b8-bf27-335c1aad4794 ] Request (TrunkTestJSON:_run_cleanups): 404 GET http://10.167.4.35:9696/v2.0/trunks/85c2efca-dab6-4c52-be5f-bdf68f2e85e9/get_subports 0.025s
2018-08-27 19:49:28.033 13001 DEBUG tempest.lib.common.rest_client [req-df43fc98-bdfa-40b8-bf27-335c1aad4794 ] Request - Headers: {'Content-Type': 'application/json', 'Accept': 'application/json', 'X-Auth-Token': ''} Body: None Response - Headers: {'status': '404', u'content-length': '134', 'content-location': 'http://10.167.4.35:9696/v2.0/trunks/85c2efca-dab6-4c52-be5f-bdf68f2e85e9/get_subports', u'date': 'Mon, 27 Aug 2018 19:49:28 GMT', u'content-type': 'application/json', u'connection': 'close', u'x-openstack-request-id': 'req-df43fc98-bdfa-40b8-bf27-335c1aad4794'} Body: {"NeutronError": {"message": "Trunk 85c2efca-dab6-4c52-be5f-bdf68f2e85e9 could not be found.", "type": "TrunkNotFound", "detail": ""}} _log_request_full /root/.rally/verification/verifier-23c10452-b25a-43d8-95f9-f3327179bb3c/repo/tempest/lib/common/rest_client.py:434
2018-08-27 19:49:28.063 13001 INFO tempest.lib.common.rest_client [req-418d61bc-d353-40cc-bbc3-8315f6e1ded2 ] Request (TrunkTestJSON:_run_cleanups): 404 DELETE http://10.167.4.35:9696/v2.0/trunks/85c2efca-dab6-4c52-be5f-bdf68f2e85e9 0.029s
2018-08-27 19:49:28.063 13001 DEBUG tempest.lib.common.rest_client [req-418d61bc-d353-40cc-bbc3-8315f6e1ded2 ] Request - Headers: {'Content-Type': 'application/json', 'Accept': 'application/json', 'X-Auth-Token': ''} Body: None Response - Headers: {'status': '404', u'content-length': '134', 'content-location': 'http://10.167.4.35:9696/v2.0/trunks/85c2efca-dab6-4c52-be5f-bdf68f2e85e9', u'date': 'Mon, 27 Aug 2018 19:49:28 GMT', u'content-type': 'application/json', u'connection': 'close', u'x-openstack-request-id': 'req-418d61bc-d353-40cc-bbc3-8315f6e1ded2'} Body: {"NeutronError": {"message": "Trunk 85c2efca-dab6-4c52-be5f-bdf68f2e85e9 could not be found.", "type": "TrunkNotFound", "detail": ""}} _log_request_full /root/.rally/verification/verifier-23c10452-b25a-43d8-95f9-f3327179bb3c/repo/tempest/lib/common/rest_client.py:434
2018-08-27 19:49:28.077 12995 INFO tempest.lib.common.rest_client [req-1db76fea-fab0-46fa-87f5-338cbb06bffe ] Request (TrunkTest:test_trunk_subport_lifecycle): 200 GET http://10.167.4.35:9696/v2.0/trunks/7345481f-6611-4488-a0e2-66aa7fd7b627 0.043s
2018-08-27 19:49:28.077 12995 DEBUG tempest.lib.common.rest_client [req-1db76fea-fab0-46fa-87f5-338cbb06bffe ] Request - Headers: {'Content-Type': 'application/json', 'Accept': 'application/json', 'X-Auth-Token': ''} Body: None Response - Headers: {'status': '200', u'content-length': '823', 'content-location': 'http://10.167.4.35:9696/v2.0/trunks/7345481f-6611-4488-a0e2-66aa7fd7b627', u'date': 'Mon, 27 Aug 2018 19:49:28 GMT', u'content-type': 'application/json', u'connection': 'close', u'x-openstack-request-id': 'req-1db76fea-fab0-46fa-87f5-338cbb06bffe'} Body: {"trunk": {"status": "ACTIVE", "sub_ports": [{"segmentation_type": "vlan", "port_id": "4b7c524c-cd8f-4a9f-88db-85e7fb80c05a", "segmentation_id": 3}, {"segmentation_type": "vlan", "port_id": "453fc5d4-69c0-4891-b9f5-23b78bd0c834", "segmentation_id": 4}, {"segmentation_type": "vlan", "port_id": "22492f1f-c80c-44c7-98ca-aef272c892f6", "segmentation_id": 5}, {"segmentation_type": "vlan", "port_id": "020e0f26-00e4-43b7-a41b-b52cdbff7904", "segmentation_id": 6}], "name": "", "admin_state_up": true, "tenant_id": "cf2ba10771e24aedabdc59e4ea5f7356", "created_at": "2018-08-27T19:48:39Z", "tags": [], "updated_at": "2018-08-27T19:49:27Z", "revision_number": 4, "project_id": "cf2ba10771e24aedabdc59e4ea5f7356", "port_id": "6840e091-8736-4c13-bd28-f0dfa5067e0c", "id": "7345481f-6611-4488-a0e2-66aa7fd7b627", "description": ""}} _log_request_full /root/.rally/verification/verifier-23c10452-b25a-43d8-95f9-f3327179bb3c/repo/tempest/lib/common/rest_client.py:434
2018-08-27 19:49:28.133 13001 INFO tempest.lib.common.rest_client [req-d035e16e-5f10-4edd-9e24-ade31a8e30ac ] Request (TrunkTestJSON:_run_cleanups): 404 GET http://10.167.4.35:9696/v2.0/trunks/7ca0c736-7c78-4139-88f1-f43ffb0ad7e9 0.069s
2018-08-27 19:49:28.134 13001 DEBUG tempest.lib.common.rest_client [req-d035e16e-5f10-4edd-9e24-ade31a8e30ac ] Request - Headers: {'Content-Type': 'application/json', 'Accept': 'application/json', 'X-Auth-Token': ''} Body: None Response - Headers: {'status': '404', u'content-length': '134', 'content-location': 'http://10.167.4.35:9696/v2.0/trunks/7ca0c736-7c78-4139-88f1-f43ffb0ad7e9', u'date': 'Mon, 27 Aug 2018 19:49:28 GMT', u'content-type': 'application/json', u'connection': 'close', u'x-openstack-request-id': 'req-d035e16e-5f10-4edd-9e24-ade31a8e30ac'} Body: {"NeutronError": {"message": "Trunk 7ca0c736-7c78-4139-88f1-f43ffb0ad7e9 could not be found.", "type": "TrunkNotFound", "detail": ""}} _log_request_full /root/.rally/verification/verifier-23c10452-b25a-43d8-95f9-f3327179bb3c/repo/tempest/lib/common/rest_client.py:434
2018-08-27 19:49:28.155 12995 INFO tempest.lib.common.rest_client [req-02e81968-60fd-4054-8fcc-fbeb28b539e5 ] Request (TrunkTest:test_trunk_subport_lifecycle): 200 GET http://10.167.4.35:9696/v2.0/ports/4b7c524c-cd8f-4a9f-88db-85e7fb80c05a 0.076s
2018-08-27 19:49:28.155 12995 DEBUG tempest.lib.common.rest_client [req-02e81968-60fd-4054-8fcc-fbeb28b539e5 ] Request - Headers: {'Content-Type': 'application/json', 'Accept': 'application/json', 'X-Auth-Token': ''} Body: None Response - Headers: {'status': '200', u'content-length': '617', 'content-location': 'http://10.167.4.35:9696/v2.0/ports/4b7c524c-cd8f-4a9f-88db-85e7fb80c05a', u'date': 'Mon, 27 Aug 2018 19:49:28 GMT', u'content-type': 'application/json', u'connection': 'close', u'x-openstack-request-id': 'req-02e81968-60fd-4054-8fcc-fbeb28b539e5'} Body: {"port":{"status":"ACTIVE","created_at":"2018-08-27T19:49:13Z","description":"","allowed_address_pairs":[],"tags":[],"network_id":"bd290b27-88bc-497b-80fb-80c3de98cce8","tenant_id":"cf2ba10771e24aedabdc59e4ea5f7356","extra_dhcp_opts":[],"admin_state_up":true,"updated_at":"2018-08-27T19:49:27Z","name":"","device_owner":"","revision_number":8,"mac_address":"fa:16:3e:59:fb:1a","binding:vnic_type":"normal","port_security_enabled":true,"project_id":"cf2ba10771e24aedabdc59e4ea5f7356","fixed_ips":[],"id":"4b7c524c-cd8f-4a9f-88db-85e7fb80c05a","security_groups":["7d59f5a1-f998-45a1-a4fa-3dcf6419a995"],"device_id":""}} _log_request_full /root/.rally/verification/verifier-23c10452-b25a-43d8-95f9-f3327179bb3c/repo/tempest/lib/common/rest_client.py:434
2018-08-27 19:49:28.169 13001 INFO tempest.lib.common.rest_client [req-eae62e7c-cc76-4ac6-90a9-300e988b0bb3 ] Request (TrunkTestJSON:_run_cleanups): 404 GET http://10.167.4.35:9696/v2.0/trunks/2360c166-9c96-44e3-ae0f-44582930ef37 0.034s
2018-08-27 19:49:28.170 13001 DEBUG tempest.lib.common.rest_client [req-eae62e7c-cc76-4ac6-90a9-300e988b0bb3 ] Request - Headers: {'Content-Type': 'application/json', 'Accept': 'application/json', 'X-Auth-Token': ''} Body: None Response - Headers: {'status': '404', u'content-length': '134', 'content-location': 'http://10.167.4.35:9696/v2.0/trunks/2360c166-9c96-44e3-ae0f-44582930ef37', u'date': 'Mon, 27 Aug 2018 19:49:28 GMT', u'content-type': 'application/json', u'connection': 'close', u'x-openstack-request-id': 'req-eae62e7c-cc76-4ac6-90a9-300e988b0bb3'} Body: {"NeutronError": {"message": "Trunk 2360c166-9c96-44e3-ae0f-44582930ef37 could not be found.", "type": "TrunkNotFound", "detail": ""}} _log_request_full /root/.rally/verification/verifier-23c10452-b25a-43d8-95f9-f3327179bb3c/repo/tempest/lib/common/rest_client.py:434
2018-08-27 19:49:28.199 13001 INFO tempest.lib.common.rest_client [req-f99bdcdd-d4de-4bb2-bb2c-149cf1954c1a ] Request (TrunkTestJSON:_run_cleanups): 404 GET http://10.167.4.35:9696/v2.0/trunks/e8fc7fba-ed80-4559-a5bb-5d5d96e55819 0.028s
2018-08-27 19:49:28.199 13001 DEBUG tempest.lib.common.rest_client [req-f99bdcdd-d4de-4bb2-bb2c-149cf1954c1a ] Request - Headers: {'Content-Type': 'application/json', 'Accept': 'application/json', 'X-Auth-Token': ''} Body: None Response - Headers: {'status': '404', u'content-length': '134', 'content-location': 'http://10.167.4.35:9696/v2.0/trunks/e8fc7fba-ed80-4559-a5bb-5d5d96e55819', u'date': 'Mon, 27 Aug 2018 19:49:28 GMT', u'content-type': 'application/json', u'connection': 'close', u'x-openstack-request-id': 'req-f99bdcdd-d4de-4bb2-bb2c-149cf1954c1a'} Body: {"NeutronError": {"message": "Trunk e8fc7fba-ed80-4559-a5bb-5d5d96e55819 could not be found.", "type": "TrunkNotFound", "detail": ""}} _log_request_full /root/.rally/verification/verifier-23c10452-b25a-43d8-95f9-f3327179bb3c/repo/tempest/lib/common/rest_client.py:434
2018-08-27 19:49:28.217 12995 INFO tempest.lib.common.rest_client [req-dc6c814c-adb1-4a6a-a9b1-d4d0f5db20a8 ] Request (TrunkTest:test_trunk_subport_lifecycle): 200 GET http://10.167.4.35:9696/v2.0/ports/453fc5d4-69c0-4891-b9f5-23b78bd0c834 0.060s
2018-08-27 19:49:28.217 12995 DEBUG tempest.lib.common.rest_client [req-dc6c814c-adb1-4a6a-a9b1-d4d0f5db20a8 ] Request - Headers: {'Content-Type': 'application/json', 'Accept': 'application/json', 'X-Auth-Token': ''} Body: None Response - Headers: {'status': '200', u'content-length': '617', 'content-location': 'http://10.167.4.35:9696/v2.0/ports/453fc5d4-69c0-4891-b9f5-23b78bd0c834', u'date': 'Mon, 27 Aug 2018 19:49:28 GMT', u'content-type': 'application/json', u'connection': 'close', u'x-openstack-request-id': 'req-dc6c814c-adb1-4a6a-a9b1-d4d0f5db20a8'} Body: {"port":{"status":"ACTIVE","created_at":"2018-08-27T19:49:15Z","description":"","allowed_address_pairs":[],"tags":[],"network_id":"94bb091c-54fd-4479-b500-8bac9689ff67","tenant_id":"cf2ba10771e24aedabdc59e4ea5f7356","extra_dhcp_opts":[],"admin_state_up":true,"updated_at":"2018-08-27T19:49:27Z","name":"","device_owner":"","revision_number":8,"mac_address":"fa:16:3e:b1:38:7c","binding:vnic_type":"normal","port_security_enabled":true,"project_id":"cf2ba10771e24aedabdc59e4ea5f7356","fixed_ips":[],"id":"453fc5d4-69c0-4891-b9f5-23b78bd0c834","security_groups":["7d59f5a1-f998-45a1-a4fa-3dcf6419a995"],"device_id":""}} _log_request_full /root/.rally/verification/verifier-23c10452-b25a-43d8-95f9-f3327179bb3c/repo/tempest/lib/common/rest_client.py:434
2018-08-27 19:49:28.227 13001 INFO tempest.lib.common.rest_client [req-41edc9c5-3daf-4d35-82ba-3db124b8e5b0 ] Request (TrunkTestJSON:_run_cleanups): 404 GET http://10.167.4.35:9696/v2.0/trunks/15f77cb9-9739-4e9b-9d65-ee5c5ce8eaeb 0.027s
2018-08-27 19:49:28.227 13001 DEBUG tempest.lib.common.rest_client [req-41edc9c5-3daf-4d35-82ba-3db124b8e5b0 ] Request - Headers: {'Content-Type': 'application/json', 'Accept': 'application/json', 'X-Auth-Token': ''} Body: None Response - Headers: {'status': '404', u'content-length': '134', 'content-location': 'http://10.167.4.35:9696/v2.0/trunks/15f77cb9-9739-4e9b-9d65-ee5c5ce8eaeb', u'date': 'Mon, 27 Aug 2018 19:49:28 GMT', u'content-type': 'application/json', u'connection': 'close', u'x-openstack-request-id': 'req-41edc9c5-3daf-4d35-82ba-3db124b8e5b0'} Body: {"NeutronError": {"message": "Trunk 15f77cb9-9739-4e9b-9d65-ee5c5ce8eaeb could not be found.", "type": "TrunkNotFound", "detail": ""}} _log_request_full /root/.rally/verification/verifier-23c10452-b25a-43d8-95f9-f3327179bb3c/repo/tempest/lib/common/rest_client.py:434
2018-08-27 19:49:28.258 13001 INFO tempest.lib.common.rest_client [req-17b6e132-9189-46cb-b15e-55d935af109d ] Request (TrunkTestJSON:_run_cleanups): 404 GET http://10.167.4.35:9696/v2.0/trunks/fea305c0-63d0-4b0f-af88-58c0bdf841c8 0.030s
2018-08-27 19:49:28.259 13001 DEBUG tempest.lib.common.rest_client [req-17b6e132-9189-46cb-b15e-55d935af109d ] Request - Headers: {'Content-Type': 'application/json', 'Accept': 'application/json', 'X-Auth-Token': ''} Body: None Response - Headers: {'status': '404', u'content-length': '134', 'content-location': 'http://10.167.4.35:9696/v2.0/trunks/fea305c0-63d0-4b0f-af88-58c0bdf841c8', u'date': 'Mon, 27 Aug 2018 19:49:28 GMT', u'content-type': 'application/json', u'connection': 'close', u'x-openstack-request-id': 'req-17b6e132-9189-46cb-b15e-55d935af109d'} Body: {"NeutronError": {"message": "Trunk fea305c0-63d0-4b0f-af88-58c0bdf841c8 could not be found.", "type": "TrunkNotFound", "detail": ""}} _log_request_full /root/.rally/verification/verifier-23c10452-b25a-43d8-95f9-f3327179bb3c/repo/tempest/lib/common/rest_client.py:434
2018-08-27 19:49:28.285 12993 INFO tempest.lib.common.rest_client [req-347387c7-4a16-4e95-81d9-db623f9cd01f ] Request (TrunkTestJSON:_run_cleanups): 404 DELETE http://10.167.4.35:9696/v2.0/ports/2d807f43-7bda-45b9-bab1-2f41e9a4a8da 0.279s
2018-08-27 19:49:28.285 12993 DEBUG tempest.lib.common.rest_client [req-347387c7-4a16-4e95-81d9-db623f9cd01f ] Request - Headers: {'Content-Type': 'application/json', 'Accept': 'application/json', 'X-Auth-Token': ''} Body: None Response - Headers: {'status': '404', u'content-length': '132', 'content-location': 'http://10.167.4.35:9696/v2.0/ports/2d807f43-7bda-45b9-bab1-2f41e9a4a8da', u'date': 'Mon, 27 Aug 2018 19:49:28 GMT', u'content-type': 'application/json', u'connection': 'close', u'x-openstack-request-id': 'req-347387c7-4a16-4e95-81d9-db623f9cd01f'} Body: {"NeutronError": {"message": "Port 2d807f43-7bda-45b9-bab1-2f41e9a4a8da could not be found.", "type": "PortNotFound", "detail": ""}} _log_request_full /root/.rally/verification/verifier-23c10452-b25a-43d8-95f9-f3327179bb3c/repo/tempest/lib/common/rest_client.py:434
2018-08-27 19:49:28.286 13001 INFO tempest.lib.common.rest_client [req-56e26d3f-eed0-4234-bafc-05636f755da7 ] Request (TrunkTestJSON:_run_cleanups): 404 GET http://10.167.4.35:9696/v2.0/trunks/bcc52ebc-d669-494d-9db3-55c556fb33fe 0.026s
2018-08-27 19:49:28.287 13001 DEBUG tempest.lib.common.rest_client [req-56e26d3f-eed0-4234-bafc-05636f755da7 ] Request - Headers: {'Content-Type': 'application/json', 'Accept': 'application/json', 'X-Auth-Token': ''} Body: None Response - Headers: {'status': '404', u'content-length': '134', 'content-location': 'http://10.167.4.35:9696/v2.0/trunks/bcc52ebc-d669-494d-9db3-55c556fb33fe', u'date': 'Mon, 27 Aug 2018 19:49:28 GMT', u'content-type': 'application/json', u'connection': 'close', u'x-openstack-request-id': 'req-56e26d3f-eed0-4234-bafc-05636f755da7'} Body: {"NeutronError": {"message": "Trunk bcc52ebc-d669-494d-9db3-55c556fb33fe could not be found.", "type": "TrunkNotFound", "detail": ""}} _log_request_full /root/.rally/verification/verifier-23c10452-b25a-43d8-95f9-f3327179bb3c/repo/tempest/lib/common/rest_client.py:434
2018-08-27 19:49:28.318 12995 INFO tempest.lib.common.rest_client [req-b285c865-63e1-42be-bef6-87e005055186 ] Request (TrunkTest:test_trunk_subport_lifecycle): 200 GET http://10.167.4.35:9696/v2.0/ports/22492f1f-c80c-44c7-98ca-aef272c892f6 0.100s
2018-08-27 19:49:28.318 12995 DEBUG tempest.lib.common.rest_client [req-b285c865-63e1-42be-bef6-87e005055186 ] Request - Headers: {'Content-Type': 'application/json', 'Accept': 'application/json', 'X-Auth-Token': ''} Body: None Response - Headers: {'status': '200', u'content-length': '617', 'content-location': 'http://10.167.4.35:9696/v2.0/ports/22492f1f-c80c-44c7-98ca-aef272c892f6', u'date': 'Mon, 27 Aug 2018 19:49:28 GMT', u'content-type': 'application/json', u'connection': 'close', u'x-openstack-request-id': 'req-b285c865-63e1-42be-bef6-87e005055186'} Body: {"port":{"status":"ACTIVE","created_at":"2018-08-27T19:49:18Z","description":"","allowed_address_pairs":[],"tags":[],"network_id":"73dc1066-4c95-4b46-a53c-c2e55172fd09","tenant_id":"cf2ba10771e24aedabdc59e4ea5f7356","extra_dhcp_opts":[],"admin_state_up":true,"updated_at":"2018-08-27T19:49:27Z","name":"","device_owner":"","revision_number":8,"mac_address":"fa:16:3e:7d:d1:48","binding:vnic_type":"normal","port_security_enabled":true,"project_id":"cf2ba10771e24aedabdc59e4ea5f7356","fixed_ips":[],"id":"22492f1f-c80c-44c7-98ca-aef272c892f6","security_groups":["7d59f5a1-f998-45a1-a4fa-3dcf6419a995"],"device_id":""}} _log_request_full /root/.rally/verification/verifier-23c10452-b25a-43d8-95f9-f3327179bb3c/repo/tempest/lib/common/rest_client.py:434
2018-08-27 19:49:28.320 13001 INFO tempest.lib.common.rest_client [req-d775a350-a49c-404a-aa72-e2a253688297 ] Request (TrunkTestJSON:_run_cleanups): 404 GET http://10.167.4.35:9696/v2.0/trunks/85c2efca-dab6-4c52-be5f-bdf68f2e85e9 0.033s
2018-08-27 19:49:28.321 13001 DEBUG tempest.lib.common.rest_client [req-d775a350-a49c-404a-aa72-e2a253688297 ] Request - Headers: {'Content-Type': 'application/json', 'Accept': 'application/json', 'X-Auth-Token': ''} Body: None Response - Headers: {'status': '404', u'content-length': '134', 'content-location': 'http://10.167.4.35:9696/v2.0/trunks/85c2efca-dab6-4c52-be5f-bdf68f2e85e9', u'date': 'Mon, 27 Aug 2018 19:49:28 GMT', u'content-type': 'application/json', u'connection': 'close', u'x-openstack-request-id': 'req-d775a350-a49c-404a-aa72-e2a253688297'} Body: {"NeutronError": {"message": "Trunk 85c2efca-dab6-4c52-be5f-bdf68f2e85e9 could not be found.", "type": "TrunkNotFound", "detail": ""}} _log_request_full /root/.rally/verification/verifier-23c10452-b25a-43d8-95f9-f3327179bb3c/repo/tempest/lib/common/rest_client.py:434
2018-08-27 19:49:28.331 12993 INFO tempest.lib.common.rest_client [req-61117496-0c26-48ac-9849-ae7a01ed21fa ] Request (TrunkTestJSON:_run_cleanups): 404 DELETE http://10.167.4.35:9696/v2.0/ports/a233916f-e9b8-44aa-b4df-a490dd91a310 0.045s
