2018-08-27 19:49:28.332 12993 DEBUG tempest.lib.common.rest_client [req-61117496-0c26-48ac-9849-ae7a01ed21fa ] Request - Headers: {'Content-Type': 'application/json', 'Accept': 'application/json', 'X-Auth-Token': ''} Body: None Response - Headers: {'status': '404', u'content-length': '132', 'content-location': 'http://10.167.4.35:9696/v2.0/ports/a233916f-e9b8-44aa-b4df-a490dd91a310', u'date': 'Mon, 27 Aug 2018 19:49:28 GMT', u'content-type': 'application/json', u'connection': 'close', u'x-openstack-request-id': 'req-61117496-0c26-48ac-9849-ae7a01ed21fa'} Body: {"NeutronError": {"message": "Port a233916f-e9b8-44aa-b4df-a490dd91a310 could not be found.", "type": "PortNotFound", "detail": ""}} _log_request_full /root/.rally/verification/verifier-23c10452-b25a-43d8-95f9-f3327179bb3c/repo/tempest/lib/common/rest_client.py:434
2018-08-27 19:49:28.385 12993 INFO tempest.lib.common.rest_client [req-b11d2906-6aa0-48af-93a2-8675a4c7855d ] Request (TrunkTestJSON:_run_cleanups): 404 DELETE http://10.167.4.35:9696/v2.0/ports/6f12e722-3e9f-4c37-93be-5f974e619e45 0.052s
2018-08-27 19:49:28.385 12993 DEBUG tempest.lib.common.rest_client [req-b11d2906-6aa0-48af-93a2-8675a4c7855d ] Request - Headers: {'Content-Type': 'application/json', 'Accept': 'application/json', 'X-Auth-Token': ''} Body: None Response - Headers: {'status': '404', u'content-length': '132', 'content-location': 'http://10.167.4.35:9696/v2.0/ports/6f12e722-3e9f-4c37-93be-5f974e619e45', u'date': 'Mon, 27 Aug 2018 19:49:28 GMT', u'content-type': 'application/json', u'connection': 'close', u'x-openstack-request-id': 'req-b11d2906-6aa0-48af-93a2-8675a4c7855d'} Body: {"NeutronError": {"message": "Port 6f12e722-3e9f-4c37-93be-5f974e619e45 could not be found.", "type": "PortNotFound", "detail": ""}} _log_request_full /root/.rally/verification/verifier-23c10452-b25a-43d8-95f9-f3327179bb3c/repo/tempest/lib/common/rest_client.py:434
2018-08-27 19:49:28.387 13001 INFO tempest.lib.common.rest_client [req-5403b999-e031-43b1-8603-6edc1a3d4cce ] Request (TrunkTestJSON:_run_cleanups): 404 DELETE http://10.167.4.35:9696/v2.0/ports/717d37ea-d129-4b96-987a-91a72d6666a7 0.066s
2018-08-27 19:49:28.388 13001 DEBUG tempest.lib.common.rest_client [req-5403b999-e031-43b1-8603-6edc1a3d4cce ] Request - Headers: {'Content-Type': 'application/json', 'Accept': 'application/json', 'X-Auth-Token': ''} Body: None Response - Headers: {'status': '404', u'content-length': '132', 'content-location': 'http://10.167.4.35:9696/v2.0/ports/717d37ea-d129-4b96-987a-91a72d6666a7', u'date': 'Mon, 27 Aug 2018 19:49:28 GMT', u'content-type': 'application/json', u'connection': 'close', u'x-openstack-request-id': 'req-5403b999-e031-43b1-8603-6edc1a3d4cce'} Body: {"NeutronError": {"message": "Port 717d37ea-d129-4b96-987a-91a72d6666a7 could not be found.", "type": "PortNotFound", "detail": ""}} _log_request_full /root/.rally/verification/verifier-23c10452-b25a-43d8-95f9-f3327179bb3c/repo/tempest/lib/common/rest_client.py:434
2018-08-27 19:49:28.414 12995 INFO tempest.lib.common.rest_client [req-c3cc153d-7078-48a9-9d18-5ecaa9ad9181 ] Request (TrunkTest:test_trunk_subport_lifecycle): 200 GET http://10.167.4.35:9696/v2.0/ports/020e0f26-00e4-43b7-a41b-b52cdbff7904 0.094s
2018-08-27 19:49:28.414 12995 DEBUG tempest.lib.common.rest_client [req-c3cc153d-7078-48a9-9d18-5ecaa9ad9181 ] Request - Headers: {'Content-Type': 'application/json', 'Accept': 'application/json', 'X-Auth-Token': ''} Body: None Response - Headers: {'status': '200', u'content-length': '617', 'content-location': 'http://10.167.4.35:9696/v2.0/ports/020e0f26-00e4-43b7-a41b-b52cdbff7904', u'date': 'Mon, 27 Aug 2018 19:49:28 GMT', u'content-type': 'application/json', u'connection': 'close', u'x-openstack-request-id': 'req-c3cc153d-7078-48a9-9d18-5ecaa9ad9181'} Body: {"port":{"status":"ACTIVE","created_at":"2018-08-27T19:49:20Z","description":"","allowed_address_pairs":[],"tags":[],"network_id":"f379dfa4-1a99-49f5-af4f-7ca8deda907d","tenant_id":"cf2ba10771e24aedabdc59e4ea5f7356","extra_dhcp_opts":[],"admin_state_up":true,"updated_at":"2018-08-27T19:49:27Z","name":"","device_owner":"","revision_number":8,"mac_address":"fa:16:3e:3a:5b:a3","binding:vnic_type":"normal","port_security_enabled":true,"project_id":"cf2ba10771e24aedabdc59e4ea5f7356","fixed_ips":[],"id":"020e0f26-00e4-43b7-a41b-b52cdbff7904","security_groups":["7d59f5a1-f998-45a1-a4fa-3dcf6419a995"],"device_id":""}} _log_request_full /root/.rally/verification/verifier-23c10452-b25a-43d8-95f9-f3327179bb3c/repo/tempest/lib/common/rest_client.py:434
2018-08-27 19:49:28.415 12995 INFO tempest.lib.common.ssh [-] Creating ssh connection to '172.30.10.117:22' as 'cirros' with public key authentication
2018-08-27 19:49:28.418 12995 INFO paramiko.transport [-] Connected (version 2.0, client dropbear_2015.67)
2018-08-27 19:49:28.448 12993 INFO tempest.lib.common.rest_client [req-dafdf4e3-1b28-42ad-94f1-51387c21e755 ] Request (TrunkTestJSON:_run_cleanups): 404 DELETE http://10.167.4.35:9696/v2.0/ports/0a91b1c0-66da-46c8-9eab-e805ee6f5f60 0.061s
2018-08-27 19:49:28.448 12993 DEBUG tempest.lib.common.rest_client [req-dafdf4e3-1b28-42ad-94f1-51387c21e755 ] Request - Headers: {'Content-Type': 'application/json', 'Accept': 'application/json', 'X-Auth-Token': ''} Body: None Response - Headers: {'status': '404', u'content-length': '132', 'content-location': 'http://10.167.4.35:9696/v2.0/ports/0a91b1c0-66da-46c8-9eab-e805ee6f5f60', u'date': 'Mon, 27 Aug 2018 19:49:28 GMT', u'content-type': 'application/json', u'connection': 'close', u'x-openstack-request-id': 'req-dafdf4e3-1b28-42ad-94f1-51387c21e755'} Body: {"NeutronError": {"message": "Port 0a91b1c0-66da-46c8-9eab-e805ee6f5f60 could not be found.", "type": "PortNotFound", "detail": ""}} _log_request_full /root/.rally/verification/verifier-23c10452-b25a-43d8-95f9-f3327179bb3c/repo/tempest/lib/common/rest_client.py:434
2018-08-27 19:49:28.465 13001 INFO tempest.lib.common.rest_client [req-b11c916d-4b07-4f21-bac7-1b3aca5180e4 ] Request (TrunkTestJSON:_run_cleanups): 404 DELETE http://10.167.4.35:9696/v2.0/ports/fca4cec6-308d-484f-8172-3be49bc8d088 0.076s
2018-08-27 19:49:28.465 13001 DEBUG tempest.lib.common.rest_client [req-b11c916d-4b07-4f21-bac7-1b3aca5180e4 ] Request - Headers: {'Content-Type': 'application/json', 'Accept': 'application/json', 'X-Auth-Token': ''} Body: None Response - Headers: {'status': '404', u'content-length': '132', 'content-location': 'http://10.167.4.35:9696/v2.0/ports/fca4cec6-308d-484f-8172-3be49bc8d088', u'date': 'Mon, 27 Aug 2018 19:49:28 GMT', u'content-type': 'application/json', u'connection': 'close', u'x-openstack-request-id': 'req-b11c916d-4b07-4f21-bac7-1b3aca5180e4'} Body: {"NeutronError": {"message": "Port fca4cec6-308d-484f-8172-3be49bc8d088 could not be found.", "type": "PortNotFound", "detail": ""}} _log_request_full /root/.rally/verification/verifier-23c10452-b25a-43d8-95f9-f3327179bb3c/repo/tempest/lib/common/rest_client.py:434
2018-08-27 19:49:28.480 12995 INFO paramiko.transport [-] Authentication (publickey) successful!
2018-08-27 19:49:28.482 12995 INFO tempest.lib.common.ssh [-] ssh connection to cirros@172.30.10.117 successfully created
2018-08-27 19:49:28.526 12993 INFO tempest.lib.common.rest_client [req-ae434489-cf46-445b-bf0c-8b6e0185fdbd ] Request (TrunkTestJSON:_run_cleanups): 404 DELETE http://10.167.4.35:9696/v2.0/ports/eed64994-16e2-4a44-9934-67f879baaeeb 0.076s
2018-08-27 19:49:28.526 12993 DEBUG tempest.lib.common.rest_client [req-ae434489-cf46-445b-bf0c-8b6e0185fdbd ] Request - Headers: {'Content-Type': 'application/json', 'Accept': 'application/json', 'X-Auth-Token': ''} Body: None Response - Headers: {'status': '404', u'content-length': '132', 'content-location': 'http://10.167.4.35:9696/v2.0/ports/eed64994-16e2-4a44-9934-67f879baaeeb', u'date': 'Mon, 27 Aug 2018 19:49:28 GMT', u'content-type': 'application/json', u'connection': 'close', u'x-openstack-request-id': 'req-ae434489-cf46-445b-bf0c-8b6e0185fdbd'} Body: {"NeutronError": {"message": "Port eed64994-16e2-4a44-9934-67f879baaeeb could not be found.", "type": "PortNotFound", "detail": ""}} _log_request_full /root/.rally/verification/verifier-23c10452-b25a-43d8-95f9-f3327179bb3c/repo/tempest/lib/common/rest_client.py:434
2018-08-27 19:49:28.554 13001 INFO tempest.lib.common.rest_client [req-4abb0d42-28fa-4dc2-a13a-36f27ee28e6e ] Request (TrunkTestJSON:_run_cleanups): 404 DELETE http://10.167.4.35:9696/v2.0/ports/dec8471e-aa30-486f-9e6a-8ccd59528ff7 0.087s
2018-08-27 19:49:28.554 13001 DEBUG tempest.lib.common.rest_client [req-4abb0d42-28fa-4dc2-a13a-36f27ee28e6e ] Request - Headers: {'Content-Type': 'application/json', 'Accept': 'application/json', 'X-Auth-Token': ''} Body: None Response - Headers: {'status': '404', u'content-length': '132', 'content-location': 'http://10.167.4.35:9696/v2.0/ports/dec8471e-aa30-486f-9e6a-8ccd59528ff7', u'date': 'Mon, 27 Aug 2018 19:49:28 GMT', u'content-type': 'application/json', u'connection': 'close', u'x-openstack-request-id': 'req-4abb0d42-28fa-4dc2-a13a-36f27ee28e6e'} Body: {"NeutronError": {"message": "Port dec8471e-aa30-486f-9e6a-8ccd59528ff7 could not be found.", "type": "PortNotFound", "detail": ""}} _log_request_full /root/.rally/verification/verifier-23c10452-b25a-43d8-95f9-f3327179bb3c/repo/tempest/lib/common/rest_client.py:434
2018-08-27 19:49:28.593 12993 INFO tempest.lib.common.rest_client [req-cf09d509-71de-455d-87c5-c40a63233700 ] Request (TrunkTestJSON:_run_cleanups): 404 DELETE http://10.167.4.35:9696/v2.0/ports/9d5b1679-edea-4775-a652-0f11631fb733 0.066s
2018-08-27 19:49:28.593 12993 DEBUG tempest.lib.common.rest_client [req-cf09d509-71de-455d-87c5-c40a63233700 ] Request - Headers: {'Content-Type': 'application/json', 'Accept': 'application/json', 'X-Auth-Token': ''} Body: None Response - Headers: {'status': '404', u'content-length': '132', 'content-location': 'http://10.167.4.35:9696/v2.0/ports/9d5b1679-edea-4775-a652-0f11631fb733', u'date': 'Mon, 27 Aug 2018 19:49:28 GMT', u'content-type': 'application/json', u'connection': 'close', u'x-openstack-request-id': 'req-cf09d509-71de-455d-87c5-c40a63233700'} Body: {"NeutronError": {"message": "Port 9d5b1679-edea-4775-a652-0f11631fb733 could not be found.", "type": "PortNotFound", "detail": ""}} _log_request_full /root/.rally/verification/verifier-23c10452-b25a-43d8-95f9-f3327179bb3c/repo/tempest/lib/common/rest_client.py:434
2018-08-27 19:49:28.597 12995 INFO tempest.lib.common.ssh [-] Creating ssh connection to '172.30.10.114:22' as 'cirros' with public key authentication
2018-08-27 19:49:28.600 12995 INFO paramiko.transport [-] Connected (version 2.0, client dropbear_2015.67)
2018-08-27 19:49:28.627 13001 INFO tempest.lib.common.rest_client [req-8100253f-9b78-4310-a884-33a3277c923f ] Request (TrunkTestJSON:_run_cleanups): 404 DELETE http://10.167.4.35:9696/v2.0/ports/57b5291f-26c4-4b31-9e98-4d33d37281a7 0.072s
2018-08-27 19:49:28.627 13001 DEBUG tempest.lib.common.rest_client [req-8100253f-9b78-4310-a884-33a3277c923f ] Request - Headers: {'Content-Type': 'application/json', 'Accept': 'application/json', 'X-Auth-Token': ''} Body: None Response - Headers: {'status': '404', u'content-length': '132', 'content-location': 'http://10.167.4.35:9696/v2.0/ports/57b5291f-26c4-4b31-9e98-4d33d37281a7', u'date': 'Mon, 27 Aug 2018 19:49:28 GMT', u'content-type': 'application/json', u'connection': 'close', u'x-openstack-request-id': 'req-8100253f-9b78-4310-a884-33a3277c923f'} Body: {"NeutronError": {"message": "Port 57b5291f-26c4-4b31-9e98-4d33d37281a7 could not be found.", "type": "PortNotFound", "detail": ""}} _log_request_full /root/.rally/verification/verifier-23c10452-b25a-43d8-95f9-f3327179bb3c/repo/tempest/lib/common/rest_client.py:434
2018-08-27 19:49:28.653 12993 INFO tempest.lib.common.rest_client [req-89bb8610-8b07-4b20-8c34-210c4f5671a0 ] Request (TrunkTestJSON:_run_cleanups): 404 DELETE http://10.167.4.35:9696/v2.0/ports/9d04eeca-5c19-42bd-a1e4-738d511726d5 0.059s
2018-08-27 19:49:28.653 12993 DEBUG tempest.lib.common.rest_client [req-89bb8610-8b07-4b20-8c34-210c4f5671a0 ] Request - Headers: {'Content-Type': 'application/json', 'Accept': 'application/json', 'X-Auth-Token': ''} Body: None Response - Headers: {'status': '404', u'content-length': '132', 'content-location': 'http://10.167.4.35:9696/v2.0/ports/9d04eeca-5c19-42bd-a1e4-738d511726d5', u'date': 'Mon, 27 Aug 2018 19:49:28 GMT', u'content-type': 'application/json', u'connection': 'close', u'x-openstack-request-id': 'req-89bb8610-8b07-4b20-8c34-210c4f5671a0'} Body: {"NeutronError": {"message": "Port 9d04eeca-5c19-42bd-a1e4-738d511726d5 could not be found.", "type": "PortNotFound", "detail": ""}} _log_request_full /root/.rally/verification/verifier-23c10452-b25a-43d8-95f9-f3327179bb3c/repo/tempest/lib/common/rest_client.py:434
2018-08-27 19:49:28.660 12995 INFO paramiko.transport [-] Authentication (publickey) successful!
2018-08-27 19:49:28.664 12995 INFO tempest.lib.common.ssh [-] ssh connection to cirros@172.30.10.114 successfully created
2018-08-27 19:49:28.679 13001 INFO tempest.lib.common.rest_client [req-8f7e1c01-88b9-444b-8092-d16cf11a405a ] Request (TrunkTestJSON:_run_cleanups): 404 DELETE http://10.167.4.35:9696/v2.0/ports/da8c495b-4371-4c38-8f85-37c4a46aca27 0.050s
2018-08-27 19:49:28.679 13001 DEBUG tempest.lib.common.rest_client [req-8f7e1c01-88b9-444b-8092-d16cf11a405a ] Request - Headers: {'Content-Type': 'application/json', 'Accept': 'application/json', 'X-Auth-Token': ''} Body: None Response - Headers: {'status': '404', u'content-length': '132', 'content-location': 'http://10.167.4.35:9696/v2.0/ports/da8c495b-4371-4c38-8f85-37c4a46aca27', u'date': 'Mon, 27 Aug 2018 19:49:28 GMT', u'content-type': 'application/json', u'connection': 'close', u'x-openstack-request-id': 'req-8f7e1c01-88b9-444b-8092-d16cf11a405a'} Body: {"NeutronError": {"message": "Port da8c495b-4371-4c38-8f85-37c4a46aca27 could not be found.", "type": "PortNotFound", "detail": ""}} _log_request_full /root/.rally/verification/verifier-23c10452-b25a-43d8-95f9-f3327179bb3c/repo/tempest/lib/common/rest_client.py:434
2018-08-27 19:49:28.704 12993 INFO tempest.lib.common.rest_client [req-36aa82da-471b-44dd-b962-0bad35190812 ] Request (TrunkTestJSON:_run_cleanups): 404 DELETE http://10.167.4.35:9696/v2.0/ports/d05903ca-489e-409d-b507-55be77b296f8 0.050s
2018-08-27 19:49:28.705 12993 DEBUG tempest.lib.common.rest_client [req-36aa82da-471b-44dd-b962-0bad35190812 ] Request - Headers: {'Content-Type': 'application/json', 'Accept': 'application/json', 'X-Auth-Token': ''} Body: None Response - Headers: {'status': '404', u'content-length': '132', 'content-location': 'http://10.167.4.35:9696/v2.0/ports/d05903ca-489e-409d-b507-55be77b296f8', u'date': 'Mon, 27 Aug 2018 19:49:28 GMT', u'content-type': 'application/json', u'connection': 'close', u'x-openstack-request-id': 'req-36aa82da-471b-44dd-b962-0bad35190812'} Body: {"NeutronError": {"message": "Port d05903ca-489e-409d-b507-55be77b296f8 could not be found.", "type": "PortNotFound", "detail": ""}} _log_request_full /root/.rally/verification/verifier-23c10452-b25a-43d8-95f9-f3327179bb3c/repo/tempest/lib/common/rest_client.py:434
2018-08-27 19:49:28.727 13001 INFO tempest.lib.common.rest_client [req-30f8e0e8-4dbf-42fc-85a0-3b19abc0fa83 ] Request (TrunkTestJSON:_run_cleanups): 404 DELETE http://10.167.4.35:9696/v2.0/ports/a79a362a-8285-47ac-95ec-b9d1652c438b 0.048s
2018-08-27 19:49:28.728 13001 DEBUG tempest.lib.common.rest_client [req-30f8e0e8-4dbf-42fc-85a0-3b19abc0fa83 ] Request - Headers: {'Content-Type': 'application/json', 'Accept': 'application/json', 'X-Auth-Token': ''} Body: None Response - Headers: {'status': '404', u'content-length': '132', 'content-location': 'http://10.167.4.35:9696/v2.0/ports/a79a362a-8285-47ac-95ec-b9d1652c438b', u'date': 'Mon, 27 Aug 2018 19:49:28 GMT', u'content-type': 'application/json', u'connection': 'close', u'x-openstack-request-id': 'req-30f8e0e8-4dbf-42fc-85a0-3b19abc0fa83'} Body: {"NeutronError": {"message": "Port a79a362a-8285-47ac-95ec-b9d1652c438b could not be found.", "type": "PortNotFound", "detail": ""}} _log_request_full /root/.rally/verification/verifier-23c10452-b25a-43d8-95f9-f3327179bb3c/repo/tempest/lib/common/rest_client.py:434
2018-08-27 19:49:28.770 13001 INFO tempest.lib.common.rest_client [req-5d148f76-94df-4b7c-ab4c-941d4ce3ddba ] Request (TrunkTestJSON:_run_cleanups): 404 DELETE http://10.167.4.35:9696/v2.0/ports/a15ee634-8d14-4a4c-a407-53801e4873de 0.041s
2018-08-27 19:49:28.770 13001 DEBUG tempest.lib.common.rest_client [req-5d148f76-94df-4b7c-ab4c-941d4ce3ddba ] Request - Headers: {'Content-Type': 'application/json', 'Accept': 'application/json', 'X-Auth-Token': ''} Body: None Response - Headers: {'status': '404', u'content-length': '132', 'content-location': 'http://10.167.4.35:9696/v2.0/ports/a15ee634-8d14-4a4c-a407-53801e4873de', u'date': 'Mon, 27 Aug 2018 19:49:28 GMT', u'content-type': 'application/json', u'connection': 'close', u'x-openstack-request-id': 'req-5d148f76-94df-4b7c-ab4c-941d4ce3ddba'} Body: {"NeutronError": {"message": "Port a15ee634-8d14-4a4c-a407-53801e4873de could not be found.", "type": "PortNotFound", "detail": ""}} _log_request_full /root/.rally/verification/verifier-23c10452-b25a-43d8-95f9-f3327179bb3c/repo/tempest/lib/common/rest_client.py:434
2018-08-27 19:49:28.815 13001 INFO tempest.lib.common.rest_client [req-a48d1267-e227-4bab-90f8-833572c9b253 ] Request (TrunkTestJSON:_run_cleanups): 404 DELETE http://10.167.4.35:9696/v2.0/ports/8787462b-6f8a-4a9d-abf5-2889b1fe3237 0.043s
2018-08-27 19:49:28.815 13001 DEBUG tempest.lib.common.rest_client [req-a48d1267-e227-4bab-90f8-833572c9b253 ] Request - Headers: {'Content-Type': 'application/json', 'Accept': 'application/json', 'X-Auth-Token': ''} Body: None Response - Headers: {'status': '404', u'content-length': '132', 'content-location': 'http://10.167.4.35:9696/v2.0/ports/8787462b-6f8a-4a9d-abf5-2889b1fe3237', u'date': 'Mon, 27 Aug 2018 19:49:28 GMT', u'content-type': 'application/json', u'connection': 'close', u'x-openstack-request-id': 'req-a48d1267-e227-4bab-90f8-833572c9b253'} Body: {"NeutronError": {"message": "Port 8787462b-6f8a-4a9d-abf5-2889b1fe3237 could not be found.", "type": "PortNotFound", "detail": ""}} _log_request_full /root/.rally/verification/verifier-23c10452-b25a-43d8-95f9-f3327179bb3c/repo/tempest/lib/common/rest_client.py:434
2018-08-27 19:49:28.896 13001 INFO tempest.lib.common.rest_client [req-8a646336-69bb-4928-b676-bf2c67fa785c ] Request (TrunkTestJSON:_run_cleanups): 404 DELETE http://10.167.4.35:9696/v2.0/ports/5206dd76-9ca8-429b-b20a-df9a3605d8db 0.080s
2018-08-27 19:49:28.896 13001 DEBUG tempest.lib.common.rest_client [req-8a646336-69bb-4928-b676-bf2c67fa785c ] Request - Headers: {'Content-Type': 'application/json', 'Accept': 'application/json', 'X-Auth-Token': ''} Body: None Response - Headers: {'status': '404', u'content-length': '132', 'content-location': 'http://10.167.4.35:9696/v2.0/ports/5206dd76-9ca8-429b-b20a-df9a3605d8db', u'date': 'Mon, 27 Aug 2018 19:49:28 GMT', u'content-type': 'application/json', u'connection': 'close', u'x-openstack-request-id': 'req-8a646336-69bb-4928-b676-bf2c67fa785c'} Body: {"NeutronError": {"message": "Port 5206dd76-9ca8-429b-b20a-df9a3605d8db could not be found.", "type": "PortNotFound", "detail": ""}} _log_request_full /root/.rally/verification/verifier-23c10452-b25a-43d8-95f9-f3327179bb3c/repo/tempest/lib/common/rest_client.py:434
2018-08-27 19:49:28.961 13001 INFO tempest.lib.common.rest_client [req-d806777d-6a39-422d-bfea-c5f85fbb9a93 ] Request (TrunkTestJSON:_run_cleanups): 404 DELETE http://10.167.4.35:9696/v2.0/ports/066e3995-fe44-4127-a28f-26eb2466a299 0.063s
2018-08-27 19:49:28.961 13001 DEBUG tempest.lib.common.rest_client [req-d806777d-6a39-422d-bfea-c5f85fbb9a93 ] Request - Headers: {'Content-Type': 'application/json', 'Accept': 'application/json', 'X-Auth-Token': ''} Body: None Response - Headers: {'status': '404', u'content-length': '132', 'content-location': 'http://10.167.4.35:9696/v2.0/ports/066e3995-fe44-4127-a28f-26eb2466a299', u'date': 'Mon, 27 Aug 2018 19:49:28 GMT', u'content-type': 'application/json', u'connection': 'close', u'x-openstack-request-id': 'req-d806777d-6a39-422d-bfea-c5f85fbb9a93'} Body: {"NeutronError": {"message": "Port 066e3995-fe44-4127-a28f-26eb2466a299 could not be found.", "type": "PortNotFound", "detail": ""}} _log_request_full /root/.rally/verification/verifier-23c10452-b25a-43d8-95f9-f3327179bb3c/repo/tempest/lib/common/rest_client.py:434
2018-08-27 19:49:29.036 13001 INFO tempest.lib.common.rest_client [req-7dba4303-0fd5-4b4f-b476-2d6702f2eee1 ] Request (TrunkTestJSON:_run_cleanups): 404 DELETE http://10.167.4.35:9696/v2.0/ports/9ed2737b-ba5e-4848-ac21-bcd887f1948b 0.073s
2018-08-27 19:49:29.036 13001 DEBUG tempest.lib.common.rest_client [req-7dba4303-0fd5-4b4f-b476-2d6702f2eee1 ] Request - Headers: {'Content-Type': 'application/json', 'Accept': 'application/json', 'X-Auth-Token': ''} Body: None Response - Headers: {'status': '404', u'content-length': '132', 'content-location': 'http://10.167.4.35:9696/v2.0/ports/9ed2737b-ba5e-4848-ac21-bcd887f1948b', u'date': 'Mon, 27 Aug 2018 19:49:29 GMT', u'content-type': 'application/json', u'connection': 'close', u'x-openstack-request-id': 'req-7dba4303-0fd5-4b4f-b476-2d6702f2eee1'} Body: {"NeutronError": {"message": "Port 9ed2737b-ba5e-4848-ac21-bcd887f1948b could not be found.", "type": "PortNotFound", "detail": ""}} _log_request_full /root/.rally/verification/verifier-23c10452-b25a-43d8-95f9-f3327179bb3c/repo/tempest/lib/common/rest_client.py:434
2018-08-27 19:49:29.107 13001 INFO tempest.lib.common.rest_client [req-8e3a79ac-9776-48f3-934a-f6fcaa165ec0 ] Request (TrunkTestJSON:_run_cleanups): 404 DELETE http://10.167.4.35:9696/v2.0/ports/f3b08d5e-a42e-46c6-beae-2776a2d41b46 0.069s
2018-08-27 19:49:29.107 13001 DEBUG tempest.lib.common.rest_client [req-8e3a79ac-9776-48f3-934a-f6fcaa165ec0 ] Request - Headers: {'Content-Type': 'application/json', 'Accept': 'application/json', 'X-Auth-Token': ''} Body: None Response - Headers: {'status': '404', u'content-length': '132', 'content-location': 'http://10.167.4.35:9696/v2.0/ports/f3b08d5e-a42e-46c6-beae-2776a2d41b46', u'date': 'Mon, 27 Aug 2018 19:49:29 GMT', u'content-type': 'application/json', u'connection': 'close', u'x-openstack-request-id': 'req-8e3a79ac-9776-48f3-934a-f6fcaa165ec0'} Body: {"NeutronError": {"message": "Port f3b08d5e-a42e-46c6-beae-2776a2d41b46 could not be found.", "type": "PortNotFound", "detail": ""}} _log_request_full /root/.rally/verification/verifier-23c10452-b25a-43d8-95f9-f3327179bb3c/repo/tempest/lib/common/rest_client.py:434
2018-08-27 19:49:29.165 13001 INFO tempest.lib.common.rest_client [req-3a3b1ae8-a41b-40ee-b479-4284de5ecb06 ] Request (TrunkTestJSON:_run_cleanups): 404 DELETE http://10.167.4.35:9696/v2.0/ports/6212b3d6-9879-42a1-9306-ed9c41037868 0.057s
2018-08-27 19:49:29.165 13001 DEBUG tempest.lib.common.rest_client [req-3a3b1ae8-a41b-40ee-b479-4284de5ecb06 ] Request - Headers: {'Content-Type': 'application/json', 'Accept': 'application/json', 'X-Auth-Token': ''} Body: None Response - Headers: {'status': '404', u'content-length': '132', 'content-location': 'http://10.167.4.35:9696/v2.0/ports/6212b3d6-9879-42a1-9306-ed9c41037868', u'date': 'Mon, 27 Aug 2018 19:49:29 GMT', u'content-type': 'application/json', u'connection': 'close', u'x-openstack-request-id': 'req-3a3b1ae8-a41b-40ee-b479-4284de5ecb06'} Body: {"NeutronError": {"message": "Port 6212b3d6-9879-42a1-9306-ed9c41037868 could not be found.", "type": "PortNotFound", "detail": ""}} _log_request_full /root/.rally/verification/verifier-23c10452-b25a-43d8-95f9-f3327179bb3c/repo/tempest/lib/common/rest_client.py:434
2018-08-27 19:49:29.197 12995 INFO tempest.lib.common.rest_client [req-6e6448fd-73a4-422a-94f6-832017c9ea18 ] Request (TrunkTest:_run_cleanups): 202 DELETE http://10.167.4.35:8774/v2.1/servers/621acb42-e179-4502-95aa-a58baeb5cd0c/os-interface/6840e091-8736-4c13-bd28-f0dfa5067e0c 0.417s
2018-08-27 19:49:29.197 12995 DEBUG tempest.lib.common.rest_client [req-6e6448fd-73a4-422a-94f6-832017c9ea18 ] Request - Headers: {'Content-Type': 'application/json', 'Accept': 'application/json', 'X-Auth-Token': ''} Body: None Response - Headers: {'status': '202', u'content-length': '0', 'content-location': 'http://10.167.4.35:8774/v2.1/servers/621acb42-e179-4502-95aa-a58baeb5cd0c/os-interface/6840e091-8736-4c13-bd28-f0dfa5067e0c', u'x-compute-request-id': 'req-6e6448fd-73a4-422a-94f6-832017c9ea18', u'vary': 'X-OpenStack-Nova-API-Version', u'openstack-api-version': 'compute 2.1', u'connection': 'close', u'x-openstack-nova-api-version': '2.1', u'date': 'Mon, 27 Aug 2018 19:49:29 GMT', u'content-type': 'application/json', u'x-openstack-request-id': 'req-6e6448fd-73a4-422a-94f6-832017c9ea18'} Body: _log_request_full /root/.rally/verification/verifier-23c10452-b25a-43d8-95f9-f3327179bb3c/repo/tempest/lib/common/rest_client.py:434
2018-08-27 19:49:29.381 13001 INFO tempest.lib.common.rest_client [req-68aab1be-2f23-43b6-a1a2-39a8af81359f ] Request (TrunkTestJSON:_run_cleanups): 404 DELETE http://10.167.4.35:9696/v2.0/networks/3fd81094-8d6c-4eca-9f27-7c0c1ca8a1a0 0.214s
2018-08-27 19:49:29.381 13001 DEBUG tempest.lib.common.rest_client [req-68aab1be-2f23-43b6-a1a2-39a8af81359f ] Request - Headers: {'Content-Type': 'application/json', 'Accept': 'application/json', 'X-Auth-Token': ''} Body: None Response - Headers: {'status': '404', u'content-length': '138', 'content-location': 'http://10.167.4.35:9696/v2.0/networks/3fd81094-8d6c-4eca-9f27-7c0c1ca8a1a0', u'date': 'Mon, 27 Aug 2018 19:49:29 GMT', u'content-type': 'application/json', u'connection': 'close', u'x-openstack-request-id': 'req-68aab1be-2f23-43b6-a1a2-39a8af81359f'} Body: {"NeutronError": {"message": "Network 3fd81094-8d6c-4eca-9f27-7c0c1ca8a1a0 could not be found.", "type": "NetworkNotFound", "detail": ""}} _log_request_full /root/.rally/verification/verifier-23c10452-b25a-43d8-95f9-f3327179bb3c/repo/tempest/lib/common/rest_client.py:434
2018-08-27 19:49:29.434 13001 INFO tempest.lib.common.rest_client [req-4d2e8732-d716-4dc4-8e01-e9ce4ffe3ace ] Request (TrunkTestJSON:_run_cleanups): 404 DELETE http://10.167.4.35:9696/v2.0/networks/2739a27d-6f26-4566-b8c7-f1418769e2bb 0.052s
2018-08-27 19:49:29.435 13001 DEBUG tempest.lib.common.rest_client [req-4d2e8732-d716-4dc4-8e01-e9ce4ffe3ace ] Request - Headers: {'Content-Type': 'application/json', 'Accept': 'application/json', 'X-Auth-Token': ''} Body: None Response - Headers: {'status': '404', u'content-length': '138', 'content-location': 'http://10.167.4.35:9696/v2.0/networks/2739a27d-6f26-4566-b8c7-f1418769e2bb', u'date': 'Mon, 27 Aug 2018 19:49:29 GMT', u'content-type': 'application/json', u'connection': 'close', u'x-openstack-request-id': 'req-4d2e8732-d716-4dc4-8e01-e9ce4ffe3ace'} Body: {"NeutronError": {"message": "Network 2739a27d-6f26-4566-b8c7-f1418769e2bb could not be found.", "type": "NetworkNotFound", "detail": ""}} _log_request_full /root/.rally/verification/verifier-23c10452-b25a-43d8-95f9-f3327179bb3c/repo/tempest/lib/common/rest_client.py:434
2018-08-27 19:49:29.450 12995 INFO tempest.lib.common.rest_client [req-2ed7f9e4-f792-4a55-b328-a801a80bf4c1 ] Request (TrunkTest:_run_cleanups): 200 GET http://10.167.4.35:9696/v2.0/ports/6840e091-8736-4c13-bd28-f0dfa5067e0c 0.251s
2018-08-27 19:49:29.450 12995 DEBUG tempest.lib.common.rest_client [req-2ed7f9e4-f792-4a55-b328-a801a80bf4c1 ] Request - Headers: {'Content-Type': 'application/json', 'Accept': 'application/json', 'X-Auth-Token': ''} Body: None Response - Headers: {'status': '200', u'content-length': '1355', 'content-location': 'http://10.167.4.35:9696/v2.0/ports/6840e091-8736-4c13-bd28-f0dfa5067e0c', u'date': 'Mon, 27 Aug 2018 19:49:29 GMT', u'content-type': 'application/json', u'connection': 'close', u'x-openstack-request-id': 'req-2ed7f9e4-f792-4a55-b328-a801a80bf4c1'} Body: {"port":{"allowed_address_pairs":[],"extra_dhcp_opts":[],"updated_at":"2018-08-27T19:48:56Z","device_owner":"compute:nova","revision_number":10,"port_security_enabled":true,"fixed_ips":[{"subnet_id":"0c47b8ae-b397-4408-a083-0a7ac9193c37","ip_address":"10.100.0.10"}],"id":"6840e091-8736-4c13-bd28-f0dfa5067e0c","security_groups":["10ea4c95-0f6e-4cd2-a4a7-74d626c57dc6"],"mac_address":"fa:16:3e:a6:a3:a2","project_id":"cf2ba10771e24aedabdc59e4ea5f7356","status":"ACTIVE","description":"","tags":[],"trunk_details":{"trunk_id":"7345481f-6611-4488-a0e2-66aa7fd7b627","sub_ports":[{"segmentation_id":6,"port_id":"020e0f26-00e4-43b7-a41b-b52cdbff7904","segmentation_type":"vlan","mac_address":"fa:16:3e:3a:5b:a3"},{"segmentation_id":5,"port_id":"22492f1f-c80c-44c7-98ca-aef272c892f6","segmentation_type":"vlan","mac_address":"fa:16:3e:7d:d1:48"},{"segmentation_id":3,"port_id":"4b7c524c-cd8f-4a9f-88db-85e7fb80c05a","segmentation_type":"vlan","mac_address":"fa:16:3e:59:fb:1a"},{"segmentation_id":4,"port_id":"453fc5d4-69c0-4891-b9f5-23b78bd0c834","segmentation_type":"vlan","mac_address":"fa:16:3e:b1:38:7c"}]},"device_id":"621acb42-e179-4502-95aa-a58baeb5cd0c","name":"","admin_state_up":true,"network_id":"2321a328-b25a-40f8-899d-5a3233c1268c","tenant_id":"cf2ba10771e24aedabdc59e4ea5f7356","created_at":"2018-08-27T19:48:37Z","binding:vnic_type":"normal"}} _log_request_full /root/.rally/verification/verifier-23c10452-b25a-43d8-95f9-f3327179bb3c/repo/tempest/lib/common/rest_client.py:434
2018-08-27 19:49:29.489 13001 INFO tempest.lib.common.rest_client [req-937c4f7f-6b0b-40e0-83e5-b89988df404c ] Request (TrunkTestJSON:_run_cleanups): 404 DELETE http://10.167.4.35:9696/v2.0/networks/b9db0ebe-1eb2-423a-a9e5-bd6be13c52d8 0.053s
2018-08-27 19:49:29.489 13001 DEBUG tempest.lib.common.rest_client [req-937c4f7f-6b0b-40e0-83e5-b89988df404c ] Request - Headers: {'Content-Type': 'application/json', 'Accept': 'application/json', 'X-Auth-Token': ''} Body: None Response - Headers: {'status': '404', u'content-length': '138', 'content-location': 'http://10.167.4.35:9696/v2.0/networks/b9db0ebe-1eb2-423a-a9e5-bd6be13c52d8', u'date': 'Mon, 27 Aug 2018 19:49:29 GMT', u'content-type': 'application/json', u'connection': 'close', u'x-openstack-request-id': 'req-937c4f7f-6b0b-40e0-83e5-b89988df404c'} Body: {"NeutronError": {"message": "Network b9db0ebe-1eb2-423a-a9e5-bd6be13c52d8 could not be found.", "type": "NetworkNotFound", "detail": ""}} _log_request_full /root/.rally/verification/verifier-23c10452-b25a-43d8-95f9-f3327179bb3c/repo/tempest/lib/common/rest_client.py:434
2018-08-27 19:49:29.501 12993 INFO tempest.lib.common.rest_client [req-66bce278-6683-401c-b7a4-dbc923a9730e ] Request (TrunkTestJSON:_run_cleanups): 204 DELETE http://10.167.4.35:9696/v2.0/ports/dd665d07-416b-45ed-943d-80488bc6b02e 0.795s
2018-08-27 19:49:29.502 12993 DEBUG tempest.lib.common.rest_client [req-66bce278-6683-401c-b7a4-dbc923a9730e ] Request - Headers: {'Content-Type': 'application/json', 'Accept': 'application/json', 'X-Auth-Token': ''} Body: None Response - Headers: {'status': '204', u'content-length': '0', 'content-location': 'http://10.167.4.35:9696/v2.0/ports/dd665d07-416b-45ed-943d-80488bc6b02e', u'date': 'Mon, 27 Aug 2018 19:49:29 GMT', u'connection': 'close', u'x-openstack-request-id': 'req-66bce278-6683-401c-b7a4-dbc923a9730e'} Body: _log_request_full /root/.rally/verification/verifier-23c10452-b25a-43d8-95f9-f3327179bb3c/repo/tempest/lib/common/rest_client.py:434
2018-08-27 19:49:29.526 13001 INFO tempest.lib.common.rest_client [req-9727ceb1-b846-49e0-b236-d10492d413e2 ] Request (TrunkTestJSON:_run_cleanups): 404 DELETE http://10.167.4.35:9696/v2.0/networks/155f7f74-61b3-4133-83dd-ea1042807468 0.036s
2018-08-27 19:49:29.526 13001 DEBUG tempest.lib.common.rest_client [req-9727ceb1-b846-49e0-b236-d10492d413e2 ] Request - Headers: {'Content-Type': 'application/json', 'Accept': 'application/json', 'X-Auth-Token': ''} Body: None Response - Headers: {'status': '404', u'content-length': '138', 'content-location': 'http://10.167.4.35:9696/v2.0/networks/155f7f74-61b3-4133-83dd-ea1042807468', u'date': 'Mon, 27 Aug 2018 19:49:29 GMT', u'content-type': 'application/json', u'connection': 'close', u'x-openstack-request-id': 'req-9727ceb1-b846-49e0-b236-d10492d413e2'} Body: {"NeutronError": {"message": "Network 155f7f74-61b3-4133-83dd-ea1042807468 could not be found.", "type": "NetworkNotFound", "detail": ""}} _log_request_full /root/.rally/verification/verifier-23c10452-b25a-43d8-95f9-f3327179bb3c/repo/tempest/lib/common/rest_client.py:434
2018-08-27 19:49:29.567 13001 INFO tempest.lib.common.rest_client [req-a304b2ee-7134-45f8-aaec-469d30c3c1f0 ] Request (TrunkTestJSON:_run_cleanups): 404 DELETE http://10.167.4.35:9696/v2.0/networks/7c245640-cfef-4889-a887-c69003a5ac81 0.040s
2018-08-27 19:49:29.568 13001 DEBUG tempest.lib.common.rest_client [req-a304b2ee-7134-45f8-aaec-469d30c3c1f0 ] Request - Headers: {'Content-Type': 'application/json', 'Accept': 'application/json', 'X-Auth-Token': ''} Body: None Response - Headers: {'status': '404', u'content-length': '138', 'content-location': 'http://10.167.4.35:9696/v2.0/networks/7c245640-cfef-4889-a887-c69003a5ac81', u'date': 'Mon, 27 Aug 2018 19:49:29 GMT', u'content-type': 'application/json', u'connection': 'close', u'x-openstack-request-id': 'req-a304b2ee-7134-45f8-aaec-469d30c3c1f0'} Body: {"NeutronError": {"message": "Network 7c245640-cfef-4889-a887-c69003a5ac81 could not be found.", "type": "NetworkNotFound", "detail": ""}} _log_request_full /root/.rally/verification/verifier-23c10452-b25a-43d8-95f9-f3327179bb3c/repo/tempest/lib/common/rest_client.py:434
2018-08-27 19:49:29.603 13001 INFO tempest.lib.common.rest_client [req-d466b55a-2b6a-4f73-a219-384e0e8d4c34 ] Request (TrunkTestJSON:_run_cleanups): 404 DELETE http://10.167.4.35:9696/v2.0/networks/aa895302-d637-4f29-8348-f837f6083631 0.034s
2018-08-27 19:49:29.604 13001 DEBUG tempest.lib.common.rest_client [req-d466b55a-2b6a-4f73-a219-384e0e8d4c34 ] Request - Headers: {'Content-Type': 'application/json', 'Accept': 'application/json', 'X-Auth-Token': ''} Body: None Response - Headers: {'status': '404', u'content-length': '138', 'content-location': 'http://10.167.4.35:9696/v2.0/networks/aa895302-d637-4f29-8348-f837f6083631', u'date': 'Mon, 27 Aug 2018 19:49:29 GMT', u'content-type': 'application/json', u'connection': 'close', u'x-openstack-request-id': 'req-d466b55a-2b6a-4f73-a219-384e0e8d4c34'} Body: {"NeutronError": {"message": "Network aa895302-d637-4f29-8348-f837f6083631 could not be found.", "type": "NetworkNotFound", "detail": ""}} _log_request_full /root/.rally/verification/verifier-23c10452-b25a-43d8-95f9-f3327179bb3c/repo/tempest/lib/common/rest_client.py:434
2018-08-27 19:49:29.640 13001 INFO tempest.lib.common.rest_client [req-abe64559-6e39-45f1-a28c-3f626a111361 ] Request (TrunkTestJSON:_run_cleanups): 404 DELETE http://10.167.4.35:9696/v2.0/networks/465286e9-89a9-4ba3-96aa-0b69518d6964 0.035s
2018-08-27 19:49:29.641 13001 DEBUG tempest.lib.common.rest_client [req-abe64559-6e39-45f1-a28c-3f626a111361 ] Request - Headers: {'Content-Type': 'application/json', 'Accept': 'application/json', 'X-Auth-Token': ''} Body: None Response - Headers: {'status': '404', u'content-length': '138', 'content-location': 'http://10.167.4.35:9696/v2.0/networks/465286e9-89a9-4ba3-96aa-0b69518d6964', u'date': 'Mon, 27 Aug 2018 19:49:29 GMT', u'content-type': 'application/json', u'connection': 'close', u'x-openstack-request-id': 'req-abe64559-6e39-45f1-a28c-3f626a111361'} Body: {"NeutronError": {"message": "Network 465286e9-89a9-4ba3-96aa-0b69518d6964 could not be found.", "type": "NetworkNotFound", "detail": ""}} _log_request_full /root/.rally/verification/verifier-23c10452-b25a-43d8-95f9-f3327179bb3c/repo/tempest/lib/common/rest_client.py:434
2018-08-27 19:49:29.680 13001 INFO tempest.lib.common.rest_client [req-6ec0634f-c1ea-46ef-9655-caeb25c8689b ] Request (TrunkTestJSON:_run_cleanups): 404 DELETE http://10.167.4.35:9696/v2.0/networks/8b0f8541-0bfa-4344-8e32-007d7981ae79 0.038s
2018-08-27 19:49:29.680 13001 DEBUG tempest.lib.common.rest_client [req-6ec0634f-c1ea-46ef-9655-caeb25c8689b ] Request - Headers: {'Content-Type': 'application/json', 'Accept': 'application/json', 'X-Auth-Token': ''} Body: None Response - Headers: {'status': '404', u'content-length': '138', 'content-location': 'http://10.167.4.35:9696/v2.0/networks/8b0f8541-0bfa-4344-8e32-007d7981ae79', u'date': 'Mon, 27 Aug 2018 19:49:29 GMT', u'content-type': 'application/json', u'connection': 'close', u'x-openstack-request-id': 'req-6ec0634f-c1ea-46ef-9655-caeb25c8689b'} Body: {"NeutronError": {"message": "Network 8b0f8541-0bfa-4344-8e32-007d7981ae79 could not be found.", "type": "NetworkNotFound", "detail": ""}} _log_request_full /root/.rally/verification/verifier-23c10452-b25a-43d8-95f9-f3327179bb3c/repo/tempest/lib/common/rest_client.py:434
2018-08-27 19:49:29.723 13001 INFO tempest.lib.common.rest_client [req-69aa6dae-a4fc-440f-abf1-f52d94a58a65 ] Request (TrunkTestJSON:_run_cleanups): 404 DELETE http://10.167.4.35:9696/v2.0/networks/e87bb14e-c63a-48a3-b4c3-f79b9c2be668 0.041s
2018-08-27 19:49:29.723 13001 DEBUG tempest.lib.common.rest_client [req-69aa6dae-a4fc-440f-abf1-f52d94a58a65 ] Request - Headers: {'Content-Type': 'application/json', 'Accept': 'application/json', 'X-Auth-Token': ''} Body: None Response - Headers: {'status': '404', u'content-length': '138', 'content-location': 'http://10.167.4.35:9696/v2.0/networks/e87bb14e-c63a-48a3-b4c3-f79b9c2be668', u'date': 'Mon, 27 Aug 2018 19:49:29 GMT', u'content-type': 'application/json', u'connection': 'close', u'x-openstack-request-id': 'req-69aa6dae-a4fc-440f-abf1-f52d94a58a65'} Body: {"NeutronError": {"message": "Network e87bb14e-c63a-48a3-b4c3-f79b9c2be668 could not be found.", "type": "NetworkNotFound", "detail": ""}} _log_request_full /root/.rally/verification/verifier-23c10452-b25a-43d8-95f9-f3327179bb3c/repo/tempest/lib/common/rest_client.py:434
2018-08-27 19:49:29.758 13001 INFO tempest.lib.common.rest_client [req-54e75585-e056-4d58-8043-74291c726c27 ] Request (TrunkTestJSON:_run_cleanups): 404 DELETE http://10.167.4.35:9696/v2.0/networks/4e99bb0d-36f1-4f30-9a1a-859977fbce86 0.033s
2018-08-27 19:49:29.759 13001 DEBUG tempest.lib.common.rest_client [req-54e75585-e056-4d58-8043-74291c726c27 ] Request - Headers: {'Content-Type': 'application/json', 'Accept': 'application/json', 'X-Auth-Token': ''} Body: None Response - Headers: {'status': '404', u'content-length': '138', 'content-location': 'http://10.167.4.35:9696/v2.0/networks/4e99bb0d-36f1-4f30-9a1a-859977fbce86', u'date': 'Mon, 27 Aug 2018 19:49:29 GMT', u'content-type': 'application/json', u'connection': 'close', u'x-openstack-request-id': 'req-54e75585-e056-4d58-8043-74291c726c27'} Body: {"NeutronError": {"message": "Network 4e99bb0d-36f1-4f30-9a1a-859977fbce86 could not be found.", "type": "NetworkNotFound", "detail": ""}} _log_request_full /root/.rally/verification/verifier-23c10452-b25a-43d8-95f9-f3327179bb3c/repo/tempest/lib/common/rest_client.py:434
2018-08-27 19:49:29.789 13001 INFO tempest.lib.common.rest_client [req-a9900445-eccf-49fb-a719-f6da737433a9 ] Request (TrunkTestJSON:_run_cleanups): 404 DELETE http://10.167.4.35:9696/v2.0/networks/4b569a11-e5b9-4056-9ce9-97820521aea3 0.029s
2018-08-27 19:49:29.789 13001 DEBUG tempest.lib.common.rest_client [req-a9900445-eccf-49fb-a719-f6da737433a9 ] Request - Headers: {'Content-Type': 'application/json', 'Accept': 'application/json', 'X-Auth-Token': ''} Body: None Response - Headers: {'status': '404', u'content-length': '138', 'content-location': 'http://10.167.4.35:9696/v2.0/networks/4b569a11-e5b9-4056-9ce9-97820521aea3', u'date': 'Mon, 27 Aug 2018 19:49:29 GMT', u'content-type': 'application/json', u'connection': 'close', u'x-openstack-request-id': 'req-a9900445-eccf-49fb-a719-f6da737433a9'} Body: {"NeutronError": {"message": "Network 4b569a11-e5b9-4056-9ce9-97820521aea3 could not be found.", "type": "NetworkNotFound", "detail": ""}} _log_request_full /root/.rally/verification/verifier-23c10452-b25a-43d8-95f9-f3327179bb3c/repo/tempest/lib/common/rest_client.py:434
2018-08-27 19:49:29.844 13001 INFO tempest.lib.common.rest_client [req-e74925c6-4cba-4019-92b1-955bee4fc5c6 ] Request (TrunkTestJSON:_run_cleanups): 404 DELETE http://10.167.4.35:9696/v2.0/networks/fdd8f441-38cc-4d5a-9df8-c74208bcb1ea 0.053s
2018-08-27 19:49:29.844 13001 DEBUG tempest.lib.common.rest_client [req-e74925c6-4cba-4019-92b1-955bee4fc5c6 ] Request - Headers: {'Content-Type': 'application/json', 'Accept': 'application/json', 'X-Auth-Token': ''} Body: None Response - Headers: {'status': '404', u'content-length': '138', 'content-location': 'http://10.167.4.35:9696/v2.0/networks/fdd8f441-38cc-4d5a-9df8-c74208bcb1ea', u'date': 'Mon, 27 Aug 2018 19:49:29 GMT', u'content-type': 'application/json', u'connection': 'close', u'x-openstack-request-id': 'req-e74925c6-4cba-4019-92b1-955bee4fc5c6'} Body: {"NeutronError": {"message": "Network fdd8f441-38cc-4d5a-9df8-c74208bcb1ea could not be found.", "type": "NetworkNotFound", "detail": ""}} _log_request_full /root/.rally/verification/verifier-23c10452-b25a-43d8-95f9-f3327179bb3c/repo/tempest/lib/common/rest_client.py:434
2018-08-27 19:49:30.262 12993 INFO tempest.lib.common.rest_client [req-519f34c3-a707-45d9-bcdf-e5da94aee7e4 ] Request (TrunkTestJSON:_run_cleanups): 204 DELETE http://10.167.4.35:9696/v2.0/ports/4af52b13-51d1-47cd-98db-194f180b0e04 0.760s
2018-08-27 19:49:30.263 12993 DEBUG tempest.lib.common.rest_client [req-519f34c3-a707-45d9-bcdf-e5da94aee7e4 ] Request - Headers: {'Content-Type': 'application/json', 'Accept': 'application/json', 'X-Auth-Token': ''} Body: None Response - Headers: {'status': '204', u'content-length': '0', 'content-location': 'http://10.167.4.35:9696/v2.0/ports/4af52b13-51d1-47cd-98db-194f180b0e04', u'date': 'Mon, 27 Aug 2018 19:49:30 GMT', u'connection': 'close', u'x-openstack-request-id': 'req-519f34c3-a707-45d9-bcdf-e5da94aee7e4'} Body: _log_request_full /root/.rally/verification/verifier-23c10452-b25a-43d8-95f9-f3327179bb3c/repo/tempest/lib/common/rest_client.py:434
2018-08-27 19:49:30.294 12993 INFO tempest.lib.common.rest_client [req-8ca0a21c-544c-4cc7-bed4-4fc61b0bece4 ] Request (TrunkTestJSON:_run_cleanups): 404 DELETE http://10.167.4.35:9696/v2.0/networks/41bafaca-b63f-4f98-ad70-c68d55fe4564 0.030s
2018-08-27 19:49:30.294 12993 DEBUG tempest.lib.common.rest_client [req-8ca0a21c-544c-4cc7-bed4-4fc61b0bece4 ] Request - Headers: {'Content-Type': 'application/json', 'Accept': 'application/json', 'X-Auth-Token': ''} Body: None Response - Headers: {'status': '404', u'content-length': '138', 'content-location': 'http://10.167.4.35:9696/v2.0/networks/41bafaca-b63f-4f98-ad70-c68d55fe4564', u'date': 'Mon, 27 Aug 2018 19:49:30 GMT', u'content-type': 'application/json', u'connection': 'close', u'x-openstack-request-id': 'req-8ca0a21c-544c-4cc7-bed4-4fc61b0bece4'} Body: {"NeutronError": {"message": "Network 41bafaca-b63f-4f98-ad70-c68d55fe4564 could not be found.", "type": "NetworkNotFound", "detail": ""}} _log_request_full /root/.rally/verification/verifier-23c10452-b25a-43d8-95f9-f3327179bb3c/repo/tempest/lib/common/rest_client.py:434
2018-08-27 19:49:30.330 12993 INFO tempest.lib.common.rest_client [req-3ad6e13e-ff23-498a-b67f-4b175a4e77a2 ] Request (TrunkTestJSON:_run_cleanups): 404 DELETE http://10.167.4.35:9696/v2.0/networks/64ed4e89-1cc6-4a9e-8a01-5fab80f92929 0.035s
2018-08-27 19:49:30.331 12993 DEBUG tempest.lib.common.rest_client [req-3ad6e13e-ff23-498a-b67f-4b175a4e77a2 ] Request - Headers: {'Content-Type': 'application/json', 'Accept': 'application/json', 'X-Auth-Token': ''} Body: None Response - Headers: {'status': '404', u'content-length': '138', 'content-location': 'http://10.167.4.35:9696/v2.0/networks/64ed4e89-1cc6-4a9e-8a01-5fab80f92929', u'date': 'Mon, 27 Aug 2018 19:49:30 GMT', u'content-type': 'application/json', u'connection': 'close', u'x-openstack-request-id': 'req-3ad6e13e-ff23-498a-b67f-4b175a4e77a2'} Body: {"NeutronError": {"message": "Network 64ed4e89-1cc6-4a9e-8a01-5fab80f92929 could not be found.", "type": "NetworkNotFound", "detail": ""}} _log_request_full /root/.rally/verification/verifier-23c10452-b25a-43d8-95f9-f3327179bb3c/repo/tempest/lib/common/rest_client.py:434
2018-08-27 19:49:30.360 12993 INFO tempest.lib.common.rest_client [req-5d6bce0f-61ed-4008-a9dc-9f5e3bbd79ad ] Request (TrunkTestJSON:_run_cleanups): 404 DELETE http://10.167.4.35:9696/v2.0/networks/0232889c-2d5d-460a-8852-7244034727de 0.028s
2018-08-27 19:49:30.361 12993 DEBUG tempest.lib.common.rest_client [req-5d6bce0f-61ed-4008-a9dc-9f5e3bbd79ad ] Request - Headers: {'Content-Type': 'application/json', 'Accept': 'application/json', 'X-Auth-Token': ''} Body: None Response - Headers: {'status': '404', u'content-length': '138', 'content-location': 'http://10.167.4.35:9696/v2.0/networks/0232889c-2d5d-460a-8852-7244034727de', u'date': 'Mon, 27 Aug 2018 19:49:30 GMT', u'content-type': 'application/json', u'connection': 'close', u'x-openstack-request-id': 'req-5d6bce0f-61ed-4008-a9dc-9f5e3bbd79ad'} Body: {"NeutronError": {"message": "Network 0232889c-2d5d-460a-8852-7244034727de could not be found.", "type": "NetworkNotFound", "detail": ""}} _log_request_full /root/.rally/verification/verifier-23c10452-b25a-43d8-95f9-f3327179bb3c/repo/tempest/lib/common/rest_client.py:434
2018-08-27 19:49:30.393 12993 INFO tempest.lib.common.rest_client [req-d246b0b0-0f1a-46cd-93be-c8bb8850801b ] Request (TrunkTestJSON:_run_cleanups): 404 DELETE http://10.167.4.35:9696/v2.0/networks/704c89bc-81e3-4488-9247-cf3b37e8567f 0.032s
2018-08-27 19:49:30.394 12993 DEBUG tempest.lib.common.rest_client [req-d246b0b0-0f1a-46cd-93be-c8bb8850801b ] Request - Headers: {'Content-Type': 'application/json', 'Accept': 'application/json', 'X-Auth-Token': ''} Body: None Response - Headers: {'status': '404', u'content-length': '138', 'content-location': 'http://10.167.4.35:9696/v2.0/networks/704c89bc-81e3-4488-9247-cf3b37e8567f', u'date': 'Mon, 27 Aug 2018 19:49:30 GMT', u'content-type': 'application/json', u'connection': 'close', u'x-openstack-request-id': 'req-d246b0b0-0f1a-46cd-93be-c8bb8850801b'} Body: {"NeutronError": {"message": "Network 704c89bc-81e3-4488-9247-cf3b37e8567f could not be found.", "type": "NetworkNotFound", "detail": ""}} _log_request_full /root/.rally/verification/verifier-23c10452-b25a-43d8-95f9-f3327179bb3c/repo/tempest/lib/common/rest_client.py:434
2018-08-27 19:49:30.428 12993 INFO tempest.lib.common.rest_client [req-da59995d-7bc9-412c-a569-1a6bcd703669 ] Request (TrunkTestJSON:_run_cleanups): 404 DELETE http://10.167.4.35:9696/v2.0/networks/42040f76-a7a5-4728-88f2-7322247731b8 0.033s
2018-08-27 19:49:30.429 12993 DEBUG tempest.lib.common.rest_client [req-da59995d-7bc9-412c-a569-1a6bcd703669 ] Request - Headers: {'Content-Type': 'application/json', 'Accept': 'application/json', 'X-Auth-Token': ''} Body: None Response - Headers: {'status': '404', u'content-length': '138', 'content-location': 'http://10.167.4.35:9696/v2.0/networks/42040f76-a7a5-4728-88f2-7322247731b8', u'date': 'Mon, 27 Aug 2018 19:49:30 GMT', u'content-type': 'application/json', u'connection': 'close', u'x-openstack-request-id': 'req-da59995d-7bc9-412c-a569-1a6bcd703669'} Body: {"NeutronError": {"message": "Network 42040f76-a7a5-4728-88f2-7322247731b8 could not be found.", "type": "NetworkNotFound", "detail": ""}} _log_request_full /root/.rally/verification/verifier-23c10452-b25a-43d8-95f9-f3327179bb3c/repo/tempest/lib/common/rest_client.py:434
2018-08-27 19:49:30.475 13001 INFO tempest.lib.common.rest_client [req-66763a06-1954-41d7-98e4-07d8a651b2b1 ] Request (TrunkTestJSON:test_create_trunk_nonexistent_subport_port_id): 201 POST http://10.167.4.35:9696/v2.0/networks 0.629s
2018-08-27 19:49:30.476 13001 DEBUG tempest.lib.common.rest_client [req-66763a06-1954-41d7-98e4-07d8a651b2b1 ] Request - Headers: {'Content-Type': 'application/json', 'Accept': 'application/json', 'X-Auth-Token': ''} Body: {"network": {"name": "tempest-test-network--287363815"}} Response - Headers: {'status': '201', u'content-length': '568', 'content-location': 'http://10.167.4.35:9696/v2.0/networks', u'date': 'Mon, 27 Aug 2018 19:49:30 GMT', u'content-type': 'application/json', u'connection': 'close', u'x-openstack-request-id': 'req-66763a06-1954-41d7-98e4-07d8a651b2b1'} Body: {"network":{"status":"ACTIVE","router:external":false,"availability_zone_hints":[],"availability_zones":[],"description":"","subnets":[],"shared":false,"tenant_id":"ab45e77cf7994c3383a3980d2ced72c4","created_at":"2018-08-27T19:49:29Z","tags":[],"ipv6_address_scope":null,"mtu":1450,"updated_at":"2018-08-27T19:49:30Z","admin_state_up":true,"revision_number":2,"ipv4_address_scope":null,"is_default":false,"port_security_enabled":true,"project_id":"ab45e77cf7994c3383a3980d2ced72c4","id":"1a7d9a13-6037-45ce-803a-4ce043e567c9","name":"tempest-test-network--287363815"}} _log_request_full /root/.rally/verification/verifier-23c10452-b25a-43d8-95f9-f3327179bb3c/repo/tempest/lib/common/rest_client.py:434
2018-08-27 19:49:30.499 12993 INFO tempest.lib.common.rest_client [req-bc1cdc7d-6696-4739-8c28-6bea5b264321 ] Request (TrunkTestJSON:_run_cleanups): 404 DELETE http://10.167.4.35:9696/v2.0/networks/5f40efc6-2ad1-43b0-8503-e3aae35a7b99 0.069s
