2018-08-26 08:14:12.216 13001 DEBUG tempest.lib.common.rest_client [req-994a3e03-8451-4839-8c3a-e948d74f13b4 ] Request - Headers: {'Content-Type': 'application/json', 'Accept': 'application/json', 'X-Auth-Token': ''} Body: None Response - Headers: {'status': '404', u'content-length': '134', 'content-location': 'http://10.167.4.35:9696/v2.0/trunks/1e64bcc4-8554-410f-9638-f4691795aa15', u'date': 'Sun, 26 Aug 2018 08:14:12 GMT', u'content-type': 'application/json', u'connection': 'close', u'x-openstack-request-id': 'req-994a3e03-8451-4839-8c3a-e948d74f13b4'} Body: {"NeutronError": {"message": "Trunk 1e64bcc4-8554-410f-9638-f4691795aa15 could not be found.", "type": "TrunkNotFound", "detail": ""}} _log_request_full /root/.rally/verification/verifier-72e97343-3a06-48da-9023-413937fa6c91/repo/tempest/lib/common/rest_client.py:434
2018-08-26 08:14:12.279 13001 INFO tempest.lib.common.rest_client [req-1434ce2c-ae55-40b6-aa54-a177890af83a ] Request (TrunkTestJSON:_run_cleanups): 404 DELETE http://10.167.4.35:9696/v2.0/ports/f47a1458-04ec-4934-ace6-e6f4e7fb2176 0.062s
2018-08-26 08:14:12.280 13001 DEBUG tempest.lib.common.rest_client [req-1434ce2c-ae55-40b6-aa54-a177890af83a ] Request - Headers: {'Content-Type': 'application/json', 'Accept': 'application/json', 'X-Auth-Token': ''} Body: None Response - Headers: {'status': '404', u'content-length': '132', 'content-location': 'http://10.167.4.35:9696/v2.0/ports/f47a1458-04ec-4934-ace6-e6f4e7fb2176', u'date': 'Sun, 26 Aug 2018 08:14:12 GMT', u'content-type': 'application/json', u'connection': 'close', u'x-openstack-request-id': 'req-1434ce2c-ae55-40b6-aa54-a177890af83a'} Body: {"NeutronError": {"message": "Port f47a1458-04ec-4934-ace6-e6f4e7fb2176 could not be found.", "type": "PortNotFound", "detail": ""}} _log_request_full /root/.rally/verification/verifier-72e97343-3a06-48da-9023-413937fa6c91/repo/tempest/lib/common/rest_client.py:434
2018-08-26 08:14:12.332 13001 INFO tempest.lib.common.rest_client [req-67834bcd-57d8-4dff-9c5e-28f729e769ae ] Request (TrunkTestJSON:_run_cleanups): 404 DELETE http://10.167.4.35:9696/v2.0/ports/91d43ea7-544f-442b-abc0-4ae96828aa41 0.051s
2018-08-26 08:14:12.333 13001 DEBUG tempest.lib.common.rest_client [req-67834bcd-57d8-4dff-9c5e-28f729e769ae ] Request - Headers: {'Content-Type': 'application/json', 'Accept': 'application/json', 'X-Auth-Token': ''} Body: None Response - Headers: {'status': '404', u'content-length': '132', 'content-location': 'http://10.167.4.35:9696/v2.0/ports/91d43ea7-544f-442b-abc0-4ae96828aa41', u'date': 'Sun, 26 Aug 2018 08:14:12 GMT', u'content-type': 'application/json', u'connection': 'close', u'x-openstack-request-id': 'req-67834bcd-57d8-4dff-9c5e-28f729e769ae'} Body: {"NeutronError": {"message": "Port 91d43ea7-544f-442b-abc0-4ae96828aa41 could not be found.", "type": "PortNotFound", "detail": ""}} _log_request_full /root/.rally/verification/verifier-72e97343-3a06-48da-9023-413937fa6c91/repo/tempest/lib/common/rest_client.py:434
2018-08-26 08:14:12.386 13001 INFO tempest.lib.common.rest_client [req-6390f3a2-0ccc-4523-9847-b8925f276e8a ] Request (TrunkTestJSON:_run_cleanups): 404 DELETE http://10.167.4.35:9696/v2.0/ports/d6aa144f-a3f8-4814-9e5e-d078899fbdcc 0.052s
2018-08-26 08:14:12.386 13001 DEBUG tempest.lib.common.rest_client [req-6390f3a2-0ccc-4523-9847-b8925f276e8a ] Request - Headers: {'Content-Type': 'application/json', 'Accept': 'application/json', 'X-Auth-Token': ''} Body: None Response - Headers: {'status': '404', u'content-length': '132', 'content-location': 'http://10.167.4.35:9696/v2.0/ports/d6aa144f-a3f8-4814-9e5e-d078899fbdcc', u'date': 'Sun, 26 Aug 2018 08:14:12 GMT', u'content-type': 'application/json', u'connection': 'close', u'x-openstack-request-id': 'req-6390f3a2-0ccc-4523-9847-b8925f276e8a'} Body: {"NeutronError": {"message": "Port d6aa144f-a3f8-4814-9e5e-d078899fbdcc could not be found.", "type": "PortNotFound", "detail": ""}} _log_request_full /root/.rally/verification/verifier-72e97343-3a06-48da-9023-413937fa6c91/repo/tempest/lib/common/rest_client.py:434
2018-08-26 08:14:12.456 13001 INFO tempest.lib.common.rest_client [req-8d264826-a505-4b70-a420-475543ce7f59 ] Request (TrunkTestJSON:_run_cleanups): 404 DELETE http://10.167.4.35:9696/v2.0/ports/ce9d4555-081e-427a-8fe8-5c5b7eadd9d5 0.069s
2018-08-26 08:14:12.456 13001 DEBUG tempest.lib.common.rest_client [req-8d264826-a505-4b70-a420-475543ce7f59 ] Request - Headers: {'Content-Type': 'application/json', 'Accept': 'application/json', 'X-Auth-Token': ''} Body: None Response - Headers: {'status': '404', u'content-length': '132', 'content-location': 'http://10.167.4.35:9696/v2.0/ports/ce9d4555-081e-427a-8fe8-5c5b7eadd9d5', u'date': 'Sun, 26 Aug 2018 08:14:12 GMT', u'content-type': 'application/json', u'connection': 'close', u'x-openstack-request-id': 'req-8d264826-a505-4b70-a420-475543ce7f59'} Body: {"NeutronError": {"message": "Port ce9d4555-081e-427a-8fe8-5c5b7eadd9d5 could not be found.", "type": "PortNotFound", "detail": ""}} _log_request_full /root/.rally/verification/verifier-72e97343-3a06-48da-9023-413937fa6c91/repo/tempest/lib/common/rest_client.py:434
2018-08-26 08:14:12.523 13001 INFO tempest.lib.common.rest_client [req-9625ce31-2ebd-4c0a-93db-4db4bf9a3424 ] Request (TrunkTestJSON:_run_cleanups): 404 DELETE http://10.167.4.35:9696/v2.0/ports/bf6295b8-e316-4207-9217-1c45876af1b1 0.066s
2018-08-26 08:14:12.524 13001 DEBUG tempest.lib.common.rest_client [req-9625ce31-2ebd-4c0a-93db-4db4bf9a3424 ] Request - Headers: {'Content-Type': 'application/json', 'Accept': 'application/json', 'X-Auth-Token': ''} Body: None Response - Headers: {'status': '404', u'content-length': '132', 'content-location': 'http://10.167.4.35:9696/v2.0/ports/bf6295b8-e316-4207-9217-1c45876af1b1', u'date': 'Sun, 26 Aug 2018 08:14:12 GMT', u'content-type': 'application/json', u'connection': 'close', u'x-openstack-request-id': 'req-9625ce31-2ebd-4c0a-93db-4db4bf9a3424'} Body: {"NeutronError": {"message": "Port bf6295b8-e316-4207-9217-1c45876af1b1 could not be found.", "type": "PortNotFound", "detail": ""}} _log_request_full /root/.rally/verification/verifier-72e97343-3a06-48da-9023-413937fa6c91/repo/tempest/lib/common/rest_client.py:434
2018-08-26 08:14:12.564 12993 INFO tempest.lib.common.rest_client [req-cc0c412a-5544-4803-ab83-e490daf52548 ] Request (TrunkTestJSON:test_delete_trunk_with_subport_is_allowed): 204 DELETE http://10.167.4.35:9696/v2.0/trunks/72789235-db41-4875-af79-73bad2518a13 0.526s
2018-08-26 08:14:12.565 12993 DEBUG tempest.lib.common.rest_client [req-cc0c412a-5544-4803-ab83-e490daf52548 ] Request - Headers: {'Content-Type': 'application/json', 'Accept': 'application/json', 'X-Auth-Token': ''} Body: None Response - Headers: {'status': '204', u'content-length': '0', 'content-location': 'http://10.167.4.35:9696/v2.0/trunks/72789235-db41-4875-af79-73bad2518a13', u'date': 'Sun, 26 Aug 2018 08:14:12 GMT', u'connection': 'close', u'x-openstack-request-id': 'req-cc0c412a-5544-4803-ab83-e490daf52548'} Body: _log_request_full /root/.rally/verification/verifier-72e97343-3a06-48da-9023-413937fa6c91/repo/tempest/lib/common/rest_client.py:434
2018-08-26 08:14:12.583 13001 INFO tempest.lib.common.rest_client [req-41a9e09e-16d9-4d3d-bf4b-320c7484d03a ] Request (TrunkTestJSON:_run_cleanups): 404 DELETE http://10.167.4.35:9696/v2.0/ports/217d4e58-7fe4-4067-bbc0-c2ad5604be97 0.058s
2018-08-26 08:14:12.583 13001 DEBUG tempest.lib.common.rest_client [req-41a9e09e-16d9-4d3d-bf4b-320c7484d03a ] Request - Headers: {'Content-Type': 'application/json', 'Accept': 'application/json', 'X-Auth-Token': ''} Body: None Response - Headers: {'status': '404', u'content-length': '132', 'content-location': 'http://10.167.4.35:9696/v2.0/ports/217d4e58-7fe4-4067-bbc0-c2ad5604be97', u'date': 'Sun, 26 Aug 2018 08:14:12 GMT', u'content-type': 'application/json', u'connection': 'close', u'x-openstack-request-id': 'req-41a9e09e-16d9-4d3d-bf4b-320c7484d03a'} Body: {"NeutronError": {"message": "Port 217d4e58-7fe4-4067-bbc0-c2ad5604be97 could not be found.", "type": "PortNotFound", "detail": ""}} _log_request_full /root/.rally/verification/verifier-72e97343-3a06-48da-9023-413937fa6c91/repo/tempest/lib/common/rest_client.py:434
2018-08-26 08:14:12.586 12993 INFO tempest.lib.common.rest_client [req-1a8c8130-972b-4766-b488-2ca0a0648b95 ] Request (TrunkTestJSON:_run_cleanups): 404 GET http://10.167.4.35:9696/v2.0/trunks/e125a2bd-5f2f-432e-80fa-bde07f22f7d3/get_subports 0.020s
2018-08-26 08:14:12.587 12993 DEBUG tempest.lib.common.rest_client [req-1a8c8130-972b-4766-b488-2ca0a0648b95 ] Request - Headers: {'Content-Type': 'application/json', 'Accept': 'application/json', 'X-Auth-Token': ''} Body: None Response - Headers: {'status': '404', u'content-length': '134', 'content-location': 'http://10.167.4.35:9696/v2.0/trunks/e125a2bd-5f2f-432e-80fa-bde07f22f7d3/get_subports', u'date': 'Sun, 26 Aug 2018 08:14:12 GMT', u'content-type': 'application/json', u'connection': 'close', u'x-openstack-request-id': 'req-1a8c8130-972b-4766-b488-2ca0a0648b95'} Body: {"NeutronError": {"message": "Trunk e125a2bd-5f2f-432e-80fa-bde07f22f7d3 could not be found.", "type": "TrunkNotFound", "detail": ""}} _log_request_full /root/.rally/verification/verifier-72e97343-3a06-48da-9023-413937fa6c91/repo/tempest/lib/common/rest_client.py:434
2018-08-26 08:14:12.611 12993 INFO tempest.lib.common.rest_client [req-f775da42-852a-4fc7-a92c-ee0b6117bcbe ] Request (TrunkTestJSON:_run_cleanups): 404 DELETE http://10.167.4.35:9696/v2.0/trunks/e125a2bd-5f2f-432e-80fa-bde07f22f7d3 0.024s
2018-08-26 08:14:12.612 12993 DEBUG tempest.lib.common.rest_client [req-f775da42-852a-4fc7-a92c-ee0b6117bcbe ] Request - Headers: {'Content-Type': 'application/json', 'Accept': 'application/json', 'X-Auth-Token': ''} Body: None Response - Headers: {'status': '404', u'content-length': '134', 'content-location': 'http://10.167.4.35:9696/v2.0/trunks/e125a2bd-5f2f-432e-80fa-bde07f22f7d3', u'date': 'Sun, 26 Aug 2018 08:14:12 GMT', u'content-type': 'application/json', u'connection': 'close', u'x-openstack-request-id': 'req-f775da42-852a-4fc7-a92c-ee0b6117bcbe'} Body: {"NeutronError": {"message": "Trunk e125a2bd-5f2f-432e-80fa-bde07f22f7d3 could not be found.", "type": "TrunkNotFound", "detail": ""}} _log_request_full /root/.rally/verification/verifier-72e97343-3a06-48da-9023-413937fa6c91/repo/tempest/lib/common/rest_client.py:434
2018-08-26 08:14:12.637 12993 INFO tempest.lib.common.rest_client [req-c3793e35-8d09-4bb5-827d-9ab3fa67e180 ] Request (TrunkTestJSON:_run_cleanups): 404 GET http://10.167.4.35:9696/v2.0/trunks/4940302c-050c-4b7c-84f0-0fa41898976a/get_subports 0.024s
2018-08-26 08:14:12.638 12993 DEBUG tempest.lib.common.rest_client [req-c3793e35-8d09-4bb5-827d-9ab3fa67e180 ] Request - Headers: {'Content-Type': 'application/json', 'Accept': 'application/json', 'X-Auth-Token': ''} Body: None Response - Headers: {'status': '404', u'content-length': '134', 'content-location': 'http://10.167.4.35:9696/v2.0/trunks/4940302c-050c-4b7c-84f0-0fa41898976a/get_subports', u'date': 'Sun, 26 Aug 2018 08:14:12 GMT', u'content-type': 'application/json', u'connection': 'close', u'x-openstack-request-id': 'req-c3793e35-8d09-4bb5-827d-9ab3fa67e180'} Body: {"NeutronError": {"message": "Trunk 4940302c-050c-4b7c-84f0-0fa41898976a could not be found.", "type": "TrunkNotFound", "detail": ""}} _log_request_full /root/.rally/verification/verifier-72e97343-3a06-48da-9023-413937fa6c91/repo/tempest/lib/common/rest_client.py:434
2018-08-26 08:14:12.638 13001 INFO tempest.lib.common.rest_client [req-7524c0eb-5422-413e-9243-88d35b84fa9b ] Request (TrunkTestJSON:_run_cleanups): 404 DELETE http://10.167.4.35:9696/v2.0/ports/e5ec6874-c9be-4b28-8a34-9b3ac2ae1132 0.054s
2018-08-26 08:14:12.639 13001 DEBUG tempest.lib.common.rest_client [req-7524c0eb-5422-413e-9243-88d35b84fa9b ] Request - Headers: {'Content-Type': 'application/json', 'Accept': 'application/json', 'X-Auth-Token': ''} Body: None Response - Headers: {'status': '404', u'content-length': '132', 'content-location': 'http://10.167.4.35:9696/v2.0/ports/e5ec6874-c9be-4b28-8a34-9b3ac2ae1132', u'date': 'Sun, 26 Aug 2018 08:14:12 GMT', u'content-type': 'application/json', u'connection': 'close', u'x-openstack-request-id': 'req-7524c0eb-5422-413e-9243-88d35b84fa9b'} Body: {"NeutronError": {"message": "Port e5ec6874-c9be-4b28-8a34-9b3ac2ae1132 could not be found.", "type": "PortNotFound", "detail": ""}} _log_request_full /root/.rally/verification/verifier-72e97343-3a06-48da-9023-413937fa6c91/repo/tempest/lib/common/rest_client.py:434
2018-08-26 08:14:12.662 12993 INFO tempest.lib.common.rest_client [req-68a0614b-ac87-4782-a5e1-0679135779ed ] Request (TrunkTestJSON:_run_cleanups): 404 DELETE http://10.167.4.35:9696/v2.0/trunks/4940302c-050c-4b7c-84f0-0fa41898976a 0.023s
2018-08-26 08:14:12.663 12993 DEBUG tempest.lib.common.rest_client [req-68a0614b-ac87-4782-a5e1-0679135779ed ] Request - Headers: {'Content-Type': 'application/json', 'Accept': 'application/json', 'X-Auth-Token': ''} Body: None Response - Headers: {'status': '404', u'content-length': '134', 'content-location': 'http://10.167.4.35:9696/v2.0/trunks/4940302c-050c-4b7c-84f0-0fa41898976a', u'date': 'Sun, 26 Aug 2018 08:14:12 GMT', u'content-type': 'application/json', u'connection': 'close', u'x-openstack-request-id': 'req-68a0614b-ac87-4782-a5e1-0679135779ed'} Body: {"NeutronError": {"message": "Trunk 4940302c-050c-4b7c-84f0-0fa41898976a could not be found.", "type": "TrunkNotFound", "detail": ""}} _log_request_full /root/.rally/verification/verifier-72e97343-3a06-48da-9023-413937fa6c91/repo/tempest/lib/common/rest_client.py:434
2018-08-26 08:14:12.687 12993 INFO tempest.lib.common.rest_client [req-8c6f6682-64a4-4864-b960-673dc8767f6c ] Request (TrunkTestJSON:_run_cleanups): 404 GET http://10.167.4.35:9696/v2.0/trunks/5893f8d9-198d-4d5f-a6ae-206955a30c8c/get_subports 0.023s
2018-08-26 08:14:12.687 12993 DEBUG tempest.lib.common.rest_client [req-8c6f6682-64a4-4864-b960-673dc8767f6c ] Request - Headers: {'Content-Type': 'application/json', 'Accept': 'application/json', 'X-Auth-Token': ''} Body: None Response - Headers: {'status': '404', u'content-length': '134', 'content-location': 'http://10.167.4.35:9696/v2.0/trunks/5893f8d9-198d-4d5f-a6ae-206955a30c8c/get_subports', u'date': 'Sun, 26 Aug 2018 08:14:12 GMT', u'content-type': 'application/json', u'connection': 'close', u'x-openstack-request-id': 'req-8c6f6682-64a4-4864-b960-673dc8767f6c'} Body: {"NeutronError": {"message": "Trunk 5893f8d9-198d-4d5f-a6ae-206955a30c8c could not be found.", "type": "TrunkNotFound", "detail": ""}} _log_request_full /root/.rally/verification/verifier-72e97343-3a06-48da-9023-413937fa6c91/repo/tempest/lib/common/rest_client.py:434
2018-08-26 08:14:12.689 13001 INFO tempest.lib.common.rest_client [req-4ec72877-3256-4c78-b710-19eb7aef61c1 ] Request (TrunkTestJSON:_run_cleanups): 404 DELETE http://10.167.4.35:9696/v2.0/ports/84c54eaf-1429-49fd-a7a1-e4c9044e988d 0.049s
2018-08-26 08:14:12.689 13001 DEBUG tempest.lib.common.rest_client [req-4ec72877-3256-4c78-b710-19eb7aef61c1 ] Request - Headers: {'Content-Type': 'application/json', 'Accept': 'application/json', 'X-Auth-Token': ''} Body: None Response - Headers: {'status': '404', u'content-length': '132', 'content-location': 'http://10.167.4.35:9696/v2.0/ports/84c54eaf-1429-49fd-a7a1-e4c9044e988d', u'date': 'Sun, 26 Aug 2018 08:14:12 GMT', u'content-type': 'application/json', u'connection': 'close', u'x-openstack-request-id': 'req-4ec72877-3256-4c78-b710-19eb7aef61c1'} Body: {"NeutronError": {"message": "Port 84c54eaf-1429-49fd-a7a1-e4c9044e988d could not be found.", "type": "PortNotFound", "detail": ""}} _log_request_full /root/.rally/verification/verifier-72e97343-3a06-48da-9023-413937fa6c91/repo/tempest/lib/common/rest_client.py:434
2018-08-26 08:14:12.710 12993 INFO tempest.lib.common.rest_client [req-2f057bec-8295-4957-8af8-b3f5577f4036 ] Request (TrunkTestJSON:_run_cleanups): 404 DELETE http://10.167.4.35:9696/v2.0/trunks/5893f8d9-198d-4d5f-a6ae-206955a30c8c 0.022s
2018-08-26 08:14:12.711 12993 DEBUG tempest.lib.common.rest_client [req-2f057bec-8295-4957-8af8-b3f5577f4036 ] Request - Headers: {'Content-Type': 'application/json', 'Accept': 'application/json', 'X-Auth-Token': ''} Body: None Response - Headers: {'status': '404', u'content-length': '134', 'content-location': 'http://10.167.4.35:9696/v2.0/trunks/5893f8d9-198d-4d5f-a6ae-206955a30c8c', u'date': 'Sun, 26 Aug 2018 08:14:12 GMT', u'content-type': 'application/json', u'connection': 'close', u'x-openstack-request-id': 'req-2f057bec-8295-4957-8af8-b3f5577f4036'} Body: {"NeutronError": {"message": "Trunk 5893f8d9-198d-4d5f-a6ae-206955a30c8c could not be found.", "type": "TrunkNotFound", "detail": ""}} _log_request_full /root/.rally/verification/verifier-72e97343-3a06-48da-9023-413937fa6c91/repo/tempest/lib/common/rest_client.py:434
2018-08-26 08:14:12.730 12993 INFO tempest.lib.common.rest_client [req-a20d59c2-ba19-43e4-8bce-8db64984791a ] Request (TrunkTestJSON:_run_cleanups): 404 GET http://10.167.4.35:9696/v2.0/trunks/00e514e6-2e44-442e-8043-9744d6917d5e/get_subports 0.019s
2018-08-26 08:14:12.731 12993 DEBUG tempest.lib.common.rest_client [req-a20d59c2-ba19-43e4-8bce-8db64984791a ] Request - Headers: {'Content-Type': 'application/json', 'Accept': 'application/json', 'X-Auth-Token': ''} Body: None Response - Headers: {'status': '404', u'content-length': '134', 'content-location': 'http://10.167.4.35:9696/v2.0/trunks/00e514e6-2e44-442e-8043-9744d6917d5e/get_subports', u'date': 'Sun, 26 Aug 2018 08:14:12 GMT', u'content-type': 'application/json', u'connection': 'close', u'x-openstack-request-id': 'req-a20d59c2-ba19-43e4-8bce-8db64984791a'} Body: {"NeutronError": {"message": "Trunk 00e514e6-2e44-442e-8043-9744d6917d5e could not be found.", "type": "TrunkNotFound", "detail": ""}} _log_request_full /root/.rally/verification/verifier-72e97343-3a06-48da-9023-413937fa6c91/repo/tempest/lib/common/rest_client.py:434
2018-08-26 08:14:12.751 12993 INFO tempest.lib.common.rest_client [req-98815a90-59b8-454f-86ef-d9d13cf3dbfc ] Request (TrunkTestJSON:_run_cleanups): 404 DELETE http://10.167.4.35:9696/v2.0/trunks/00e514e6-2e44-442e-8043-9744d6917d5e 0.020s
2018-08-26 08:14:12.752 12993 DEBUG tempest.lib.common.rest_client [req-98815a90-59b8-454f-86ef-d9d13cf3dbfc ] Request - Headers: {'Content-Type': 'application/json', 'Accept': 'application/json', 'X-Auth-Token': ''} Body: None Response - Headers: {'status': '404', u'content-length': '134', 'content-location': 'http://10.167.4.35:9696/v2.0/trunks/00e514e6-2e44-442e-8043-9744d6917d5e', u'date': 'Sun, 26 Aug 2018 08:14:12 GMT', u'content-type': 'application/json', u'connection': 'close', u'x-openstack-request-id': 'req-98815a90-59b8-454f-86ef-d9d13cf3dbfc'} Body: {"NeutronError": {"message": "Trunk 00e514e6-2e44-442e-8043-9744d6917d5e could not be found.", "type": "TrunkNotFound", "detail": ""}} _log_request_full /root/.rally/verification/verifier-72e97343-3a06-48da-9023-413937fa6c91/repo/tempest/lib/common/rest_client.py:434
2018-08-26 08:14:12.768 12993 INFO tempest.lib.common.rest_client [req-5fc0ac09-7015-4853-937b-6af6add65bcd ] Request (TrunkTestJSON:_run_cleanups): 404 GET http://10.167.4.35:9696/v2.0/trunks/1a7fcb1b-128f-40ee-8b9e-bdf93732e40a/get_subports 0.015s
2018-08-26 08:14:12.769 12993 DEBUG tempest.lib.common.rest_client [req-5fc0ac09-7015-4853-937b-6af6add65bcd ] Request - Headers: {'Content-Type': 'application/json', 'Accept': 'application/json', 'X-Auth-Token': ''} Body: None Response - Headers: {'status': '404', u'content-length': '134', 'content-location': 'http://10.167.4.35:9696/v2.0/trunks/1a7fcb1b-128f-40ee-8b9e-bdf93732e40a/get_subports', u'date': 'Sun, 26 Aug 2018 08:14:12 GMT', u'content-type': 'application/json', u'connection': 'close', u'x-openstack-request-id': 'req-5fc0ac09-7015-4853-937b-6af6add65bcd'} Body: {"NeutronError": {"message": "Trunk 1a7fcb1b-128f-40ee-8b9e-bdf93732e40a could not be found.", "type": "TrunkNotFound", "detail": ""}} _log_request_full /root/.rally/verification/verifier-72e97343-3a06-48da-9023-413937fa6c91/repo/tempest/lib/common/rest_client.py:434
2018-08-26 08:14:12.796 12993 INFO tempest.lib.common.rest_client [req-181dbe87-4b76-452a-a5fd-df40866ce7db ] Request (TrunkTestJSON:_run_cleanups): 404 DELETE http://10.167.4.35:9696/v2.0/trunks/1a7fcb1b-128f-40ee-8b9e-bdf93732e40a 0.027s
2018-08-26 08:14:12.797 12993 DEBUG tempest.lib.common.rest_client [req-181dbe87-4b76-452a-a5fd-df40866ce7db ] Request - Headers: {'Content-Type': 'application/json', 'Accept': 'application/json', 'X-Auth-Token': ''} Body: None Response - Headers: {'status': '404', u'content-length': '134', 'content-location': 'http://10.167.4.35:9696/v2.0/trunks/1a7fcb1b-128f-40ee-8b9e-bdf93732e40a', u'date': 'Sun, 26 Aug 2018 08:14:12 GMT', u'content-type': 'application/json', u'connection': 'close', u'x-openstack-request-id': 'req-181dbe87-4b76-452a-a5fd-df40866ce7db'} Body: {"NeutronError": {"message": "Trunk 1a7fcb1b-128f-40ee-8b9e-bdf93732e40a could not be found.", "type": "TrunkNotFound", "detail": ""}} _log_request_full /root/.rally/verification/verifier-72e97343-3a06-48da-9023-413937fa6c91/repo/tempest/lib/common/rest_client.py:434
2018-08-26 08:14:12.814 12993 INFO tempest.lib.common.rest_client [req-e13f578c-1149-4b44-a1df-8c33dbfbf63f ] Request (TrunkTestJSON:_run_cleanups): 404 GET http://10.167.4.35:9696/v2.0/trunks/641f197c-17e7-413e-a231-5800f40b6aef/get_subports 0.016s
2018-08-26 08:14:12.814 12993 DEBUG tempest.lib.common.rest_client [req-e13f578c-1149-4b44-a1df-8c33dbfbf63f ] Request - Headers: {'Content-Type': 'application/json', 'Accept': 'application/json', 'X-Auth-Token': ''} Body: None Response - Headers: {'status': '404', u'content-length': '134', 'content-location': 'http://10.167.4.35:9696/v2.0/trunks/641f197c-17e7-413e-a231-5800f40b6aef/get_subports', u'date': 'Sun, 26 Aug 2018 08:14:12 GMT', u'content-type': 'application/json', u'connection': 'close', u'x-openstack-request-id': 'req-e13f578c-1149-4b44-a1df-8c33dbfbf63f'} Body: {"NeutronError": {"message": "Trunk 641f197c-17e7-413e-a231-5800f40b6aef could not be found.", "type": "TrunkNotFound", "detail": ""}} _log_request_full /root/.rally/verification/verifier-72e97343-3a06-48da-9023-413937fa6c91/repo/tempest/lib/common/rest_client.py:434
2018-08-26 08:14:12.853 12993 INFO tempest.lib.common.rest_client [req-fec641e2-3f78-45c4-9152-55a52352b74a ] Request (TrunkTestJSON:_run_cleanups): 404 DELETE http://10.167.4.35:9696/v2.0/trunks/641f197c-17e7-413e-a231-5800f40b6aef 0.038s
2018-08-26 08:14:12.854 12993 DEBUG tempest.lib.common.rest_client [req-fec641e2-3f78-45c4-9152-55a52352b74a ] Request - Headers: {'Content-Type': 'application/json', 'Accept': 'application/json', 'X-Auth-Token': ''} Body: None Response - Headers: {'status': '404', u'content-length': '134', 'content-location': 'http://10.167.4.35:9696/v2.0/trunks/641f197c-17e7-413e-a231-5800f40b6aef', u'date': 'Sun, 26 Aug 2018 08:14:12 GMT', u'content-type': 'application/json', u'connection': 'close', u'x-openstack-request-id': 'req-fec641e2-3f78-45c4-9152-55a52352b74a'} Body: {"NeutronError": {"message": "Trunk 641f197c-17e7-413e-a231-5800f40b6aef could not be found.", "type": "TrunkNotFound", "detail": ""}} _log_request_full /root/.rally/verification/verifier-72e97343-3a06-48da-9023-413937fa6c91/repo/tempest/lib/common/rest_client.py:434
2018-08-26 08:14:12.876 12995 INFO paramiko.transport [-] Connected (version 2.0, client dropbear_2015.67)
2018-08-26 08:14:12.877 12993 INFO tempest.lib.common.rest_client [req-ece30735-24b0-4a03-9bf3-614a41b88cd3 ] Request (TrunkTestJSON:_run_cleanups): 404 GET http://10.167.4.35:9696/v2.0/trunks/72789235-db41-4875-af79-73bad2518a13/get_subports 0.022s
2018-08-26 08:14:12.877 12993 DEBUG tempest.lib.common.rest_client [req-ece30735-24b0-4a03-9bf3-614a41b88cd3 ] Request - Headers: {'Content-Type': 'application/json', 'Accept': 'application/json', 'X-Auth-Token': ''} Body: None Response - Headers: {'status': '404', u'content-length': '134', 'content-location': 'http://10.167.4.35:9696/v2.0/trunks/72789235-db41-4875-af79-73bad2518a13/get_subports', u'date': 'Sun, 26 Aug 2018 08:14:12 GMT', u'content-type': 'application/json', u'connection': 'close', u'x-openstack-request-id': 'req-ece30735-24b0-4a03-9bf3-614a41b88cd3'} Body: {"NeutronError": {"message": "Trunk 72789235-db41-4875-af79-73bad2518a13 could not be found.", "type": "TrunkNotFound", "detail": ""}} _log_request_full /root/.rally/verification/verifier-72e97343-3a06-48da-9023-413937fa6c91/repo/tempest/lib/common/rest_client.py:434
2018-08-26 08:14:12.916 12993 INFO tempest.lib.common.rest_client [req-3eb9449b-0adc-456c-a272-c25e97394141 ] Request (TrunkTestJSON:_run_cleanups): 404 DELETE http://10.167.4.35:9696/v2.0/trunks/72789235-db41-4875-af79-73bad2518a13 0.038s
2018-08-26 08:14:12.916 12993 DEBUG tempest.lib.common.rest_client [req-3eb9449b-0adc-456c-a272-c25e97394141 ] Request - Headers: {'Content-Type': 'application/json', 'Accept': 'application/json', 'X-Auth-Token': ''} Body: None Response - Headers: {'status': '404', u'content-length': '134', 'content-location': 'http://10.167.4.35:9696/v2.0/trunks/72789235-db41-4875-af79-73bad2518a13', u'date': 'Sun, 26 Aug 2018 08:14:12 GMT', u'content-type': 'application/json', u'connection': 'close', u'x-openstack-request-id': 'req-3eb9449b-0adc-456c-a272-c25e97394141'} Body: {"NeutronError": {"message": "Trunk 72789235-db41-4875-af79-73bad2518a13 could not be found.", "type": "TrunkNotFound", "detail": ""}} _log_request_full /root/.rally/verification/verifier-72e97343-3a06-48da-9023-413937fa6c91/repo/tempest/lib/common/rest_client.py:434
2018-08-26 08:14:12.941 12995 INFO paramiko.transport [-] Authentication (publickey) successful!
2018-08-26 08:14:12.944 12993 INFO tempest.lib.common.rest_client [req-bbddaceb-d19c-4bce-9d5e-3df4e465ecfd ] Request (TrunkTestJSON:_run_cleanups): 404 GET http://10.167.4.35:9696/v2.0/trunks/e125a2bd-5f2f-432e-80fa-bde07f22f7d3 0.027s
2018-08-26 08:14:12.945 12993 DEBUG tempest.lib.common.rest_client [req-bbddaceb-d19c-4bce-9d5e-3df4e465ecfd ] Request - Headers: {'Content-Type': 'application/json', 'Accept': 'application/json', 'X-Auth-Token': ''} Body: None Response - Headers: {'status': '404', u'content-length': '134', 'content-location': 'http://10.167.4.35:9696/v2.0/trunks/e125a2bd-5f2f-432e-80fa-bde07f22f7d3', u'date': 'Sun, 26 Aug 2018 08:14:12 GMT', u'content-type': 'application/json', u'connection': 'close', u'x-openstack-request-id': 'req-bbddaceb-d19c-4bce-9d5e-3df4e465ecfd'} Body: {"NeutronError": {"message": "Trunk e125a2bd-5f2f-432e-80fa-bde07f22f7d3 could not be found.", "type": "TrunkNotFound", "detail": ""}} _log_request_full /root/.rally/verification/verifier-72e97343-3a06-48da-9023-413937fa6c91/repo/tempest/lib/common/rest_client.py:434
2018-08-26 08:14:12.972 12993 INFO tempest.lib.common.rest_client [req-58f8b6ca-99ad-41e5-9068-1945a4b0df74 ] Request (TrunkTestJSON:_run_cleanups): 404 GET http://10.167.4.35:9696/v2.0/trunks/4940302c-050c-4b7c-84f0-0fa41898976a 0.026s
2018-08-26 08:14:12.972 12993 DEBUG tempest.lib.common.rest_client [req-58f8b6ca-99ad-41e5-9068-1945a4b0df74 ] Request - Headers: {'Content-Type': 'application/json', 'Accept': 'application/json', 'X-Auth-Token': ''} Body: None Response - Headers: {'status': '404', u'content-length': '134', 'content-location': 'http://10.167.4.35:9696/v2.0/trunks/4940302c-050c-4b7c-84f0-0fa41898976a', u'date': 'Sun, 26 Aug 2018 08:14:12 GMT', u'content-type': 'application/json', u'connection': 'close', u'x-openstack-request-id': 'req-58f8b6ca-99ad-41e5-9068-1945a4b0df74'} Body: {"NeutronError": {"message": "Trunk 4940302c-050c-4b7c-84f0-0fa41898976a could not be found.", "type": "TrunkNotFound", "detail": ""}} _log_request_full /root/.rally/verification/verifier-72e97343-3a06-48da-9023-413937fa6c91/repo/tempest/lib/common/rest_client.py:434
2018-08-26 08:14:12.974 12995 INFO tempest.lib.common.ssh [-] ssh connection to cirros@172.30.10.115 successfully created
2018-08-26 08:14:13.000 12993 INFO tempest.lib.common.rest_client [req-4384dc72-8d2c-4e08-bf3c-8b7e9abce736 ] Request (TrunkTestJSON:_run_cleanups): 404 GET http://10.167.4.35:9696/v2.0/trunks/5893f8d9-198d-4d5f-a6ae-206955a30c8c 0.027s
2018-08-26 08:14:13.000 12993 DEBUG tempest.lib.common.rest_client [req-4384dc72-8d2c-4e08-bf3c-8b7e9abce736 ] Request - Headers: {'Content-Type': 'application/json', 'Accept': 'application/json', 'X-Auth-Token': ''} Body: None Response - Headers: {'status': '404', u'content-length': '134', 'content-location': 'http://10.167.4.35:9696/v2.0/trunks/5893f8d9-198d-4d5f-a6ae-206955a30c8c', u'date': 'Sun, 26 Aug 2018 08:14:12 GMT', u'content-type': 'application/json', u'connection': 'close', u'x-openstack-request-id': 'req-4384dc72-8d2c-4e08-bf3c-8b7e9abce736'} Body: {"NeutronError": {"message": "Trunk 5893f8d9-198d-4d5f-a6ae-206955a30c8c could not be found.", "type": "TrunkNotFound", "detail": ""}} _log_request_full /root/.rally/verification/verifier-72e97343-3a06-48da-9023-413937fa6c91/repo/tempest/lib/common/rest_client.py:434
2018-08-26 08:14:13.031 12993 INFO tempest.lib.common.rest_client [req-fd26f61d-347e-4624-86f9-df90a800795a ] Request (TrunkTestJSON:_run_cleanups): 404 GET http://10.167.4.35:9696/v2.0/trunks/00e514e6-2e44-442e-8043-9744d6917d5e 0.030s
2018-08-26 08:14:13.031 12993 DEBUG tempest.lib.common.rest_client [req-fd26f61d-347e-4624-86f9-df90a800795a ] Request - Headers: {'Content-Type': 'application/json', 'Accept': 'application/json', 'X-Auth-Token': ''} Body: None Response - Headers: {'status': '404', u'content-length': '134', 'content-location': 'http://10.167.4.35:9696/v2.0/trunks/00e514e6-2e44-442e-8043-9744d6917d5e', u'date': 'Sun, 26 Aug 2018 08:14:13 GMT', u'content-type': 'application/json', u'connection': 'close', u'x-openstack-request-id': 'req-fd26f61d-347e-4624-86f9-df90a800795a'} Body: {"NeutronError": {"message": "Trunk 00e514e6-2e44-442e-8043-9744d6917d5e could not be found.", "type": "TrunkNotFound", "detail": ""}} _log_request_full /root/.rally/verification/verifier-72e97343-3a06-48da-9023-413937fa6c91/repo/tempest/lib/common/rest_client.py:434
2018-08-26 08:14:13.065 12993 INFO tempest.lib.common.rest_client [req-1cda1b00-e02e-44c4-8ff3-975c15e1ca74 ] Request (TrunkTestJSON:_run_cleanups): 404 GET http://10.167.4.35:9696/v2.0/trunks/1a7fcb1b-128f-40ee-8b9e-bdf93732e40a 0.033s
2018-08-26 08:14:13.066 12993 DEBUG tempest.lib.common.rest_client [req-1cda1b00-e02e-44c4-8ff3-975c15e1ca74 ] Request - Headers: {'Content-Type': 'application/json', 'Accept': 'application/json', 'X-Auth-Token': ''} Body: None Response - Headers: {'status': '404', u'content-length': '134', 'content-location': 'http://10.167.4.35:9696/v2.0/trunks/1a7fcb1b-128f-40ee-8b9e-bdf93732e40a', u'date': 'Sun, 26 Aug 2018 08:14:13 GMT', u'content-type': 'application/json', u'connection': 'close', u'x-openstack-request-id': 'req-1cda1b00-e02e-44c4-8ff3-975c15e1ca74'} Body: {"NeutronError": {"message": "Trunk 1a7fcb1b-128f-40ee-8b9e-bdf93732e40a could not be found.", "type": "TrunkNotFound", "detail": ""}} _log_request_full /root/.rally/verification/verifier-72e97343-3a06-48da-9023-413937fa6c91/repo/tempest/lib/common/rest_client.py:434
2018-08-26 08:14:13.094 12993 INFO tempest.lib.common.rest_client [req-6b13b147-5548-481b-9281-654753271dc9 ] Request (TrunkTestJSON:_run_cleanups): 404 GET http://10.167.4.35:9696/v2.0/trunks/641f197c-17e7-413e-a231-5800f40b6aef 0.028s
2018-08-26 08:14:13.095 12993 DEBUG tempest.lib.common.rest_client [req-6b13b147-5548-481b-9281-654753271dc9 ] Request - Headers: {'Content-Type': 'application/json', 'Accept': 'application/json', 'X-Auth-Token': ''} Body: None Response - Headers: {'status': '404', u'content-length': '134', 'content-location': 'http://10.167.4.35:9696/v2.0/trunks/641f197c-17e7-413e-a231-5800f40b6aef', u'date': 'Sun, 26 Aug 2018 08:14:13 GMT', u'content-type': 'application/json', u'connection': 'close', u'x-openstack-request-id': 'req-6b13b147-5548-481b-9281-654753271dc9'} Body: {"NeutronError": {"message": "Trunk 641f197c-17e7-413e-a231-5800f40b6aef could not be found.", "type": "TrunkNotFound", "detail": ""}} _log_request_full /root/.rally/verification/verifier-72e97343-3a06-48da-9023-413937fa6c91/repo/tempest/lib/common/rest_client.py:434
2018-08-26 08:14:13.129 12993 INFO tempest.lib.common.rest_client [req-8e65a921-f6d5-4f98-92e6-1b158a36467c ] Request (TrunkTestJSON:_run_cleanups): 404 GET http://10.167.4.35:9696/v2.0/trunks/72789235-db41-4875-af79-73bad2518a13 0.033s
2018-08-26 08:14:13.129 12993 DEBUG tempest.lib.common.rest_client [req-8e65a921-f6d5-4f98-92e6-1b158a36467c ] Request - Headers: {'Content-Type': 'application/json', 'Accept': 'application/json', 'X-Auth-Token': ''} Body: None Response - Headers: {'status': '404', u'content-length': '134', 'content-location': 'http://10.167.4.35:9696/v2.0/trunks/72789235-db41-4875-af79-73bad2518a13', u'date': 'Sun, 26 Aug 2018 08:14:13 GMT', u'content-type': 'application/json', u'connection': 'close', u'x-openstack-request-id': 'req-8e65a921-f6d5-4f98-92e6-1b158a36467c'} Body: {"NeutronError": {"message": "Trunk 72789235-db41-4875-af79-73bad2518a13 could not be found.", "type": "TrunkNotFound", "detail": ""}} _log_request_full /root/.rally/verification/verifier-72e97343-3a06-48da-9023-413937fa6c91/repo/tempest/lib/common/rest_client.py:434
2018-08-26 08:14:13.182 12993 INFO tempest.lib.common.rest_client [req-996902dc-d1ee-4c7b-803b-158470acd4c3 ] Request (TrunkTestJSON:_run_cleanups): 404 DELETE http://10.167.4.35:9696/v2.0/ports/d4646c30-bd32-48cf-85f2-a903013a3bb7 0.052s
2018-08-26 08:14:13.182 12993 DEBUG tempest.lib.common.rest_client [req-996902dc-d1ee-4c7b-803b-158470acd4c3 ] Request - Headers: {'Content-Type': 'application/json', 'Accept': 'application/json', 'X-Auth-Token': ''} Body: None Response - Headers: {'status': '404', u'content-length': '132', 'content-location': 'http://10.167.4.35:9696/v2.0/ports/d4646c30-bd32-48cf-85f2-a903013a3bb7', u'date': 'Sun, 26 Aug 2018 08:14:13 GMT', u'content-type': 'application/json', u'connection': 'close', u'x-openstack-request-id': 'req-996902dc-d1ee-4c7b-803b-158470acd4c3'} Body: {"NeutronError": {"message": "Port d4646c30-bd32-48cf-85f2-a903013a3bb7 could not be found.", "type": "PortNotFound", "detail": ""}} _log_request_full /root/.rally/verification/verifier-72e97343-3a06-48da-9023-413937fa6c91/repo/tempest/lib/common/rest_client.py:434
2018-08-26 08:14:13.231 12993 INFO tempest.lib.common.rest_client [req-42efccb7-4cf5-4195-95d3-b1fef6fafa00 ] Request (TrunkTestJSON:_run_cleanups): 404 DELETE http://10.167.4.35:9696/v2.0/ports/d85e09ef-1c1d-44ce-b72f-571c2f665f4c 0.048s
2018-08-26 08:14:13.232 12993 DEBUG tempest.lib.common.rest_client [req-42efccb7-4cf5-4195-95d3-b1fef6fafa00 ] Request - Headers: {'Content-Type': 'application/json', 'Accept': 'application/json', 'X-Auth-Token': ''} Body: None Response - Headers: {'status': '404', u'content-length': '132', 'content-location': 'http://10.167.4.35:9696/v2.0/ports/d85e09ef-1c1d-44ce-b72f-571c2f665f4c', u'date': 'Sun, 26 Aug 2018 08:14:13 GMT', u'content-type': 'application/json', u'connection': 'close', u'x-openstack-request-id': 'req-42efccb7-4cf5-4195-95d3-b1fef6fafa00'} Body: {"NeutronError": {"message": "Port d85e09ef-1c1d-44ce-b72f-571c2f665f4c could not be found.", "type": "PortNotFound", "detail": ""}} _log_request_full /root/.rally/verification/verifier-72e97343-3a06-48da-9023-413937fa6c91/repo/tempest/lib/common/rest_client.py:434
2018-08-26 08:14:13.283 12993 INFO tempest.lib.common.rest_client [req-a169265b-9af6-4ffc-88ad-095dc5b7b840 ] Request (TrunkTestJSON:_run_cleanups): 404 DELETE http://10.167.4.35:9696/v2.0/ports/0ce515da-d9ac-4fc2-890c-b58386f2ce4e 0.050s
2018-08-26 08:14:13.283 12993 DEBUG tempest.lib.common.rest_client [req-a169265b-9af6-4ffc-88ad-095dc5b7b840 ] Request - Headers: {'Content-Type': 'application/json', 'Accept': 'application/json', 'X-Auth-Token': ''} Body: None Response - Headers: {'status': '404', u'content-length': '132', 'content-location': 'http://10.167.4.35:9696/v2.0/ports/0ce515da-d9ac-4fc2-890c-b58386f2ce4e', u'date': 'Sun, 26 Aug 2018 08:14:13 GMT', u'content-type': 'application/json', u'connection': 'close', u'x-openstack-request-id': 'req-a169265b-9af6-4ffc-88ad-095dc5b7b840'} Body: {"NeutronError": {"message": "Port 0ce515da-d9ac-4fc2-890c-b58386f2ce4e could not be found.", "type": "PortNotFound", "detail": ""}} _log_request_full /root/.rally/verification/verifier-72e97343-3a06-48da-9023-413937fa6c91/repo/tempest/lib/common/rest_client.py:434
2018-08-26 08:14:13.328 12993 INFO tempest.lib.common.rest_client [req-567344bc-7ae1-435b-bf97-d5188edb7b72 ] Request (TrunkTestJSON:_run_cleanups): 404 DELETE http://10.167.4.35:9696/v2.0/ports/1f9ff506-0285-40ef-b100-1a790781c8c4 0.044s
2018-08-26 08:14:13.329 12993 DEBUG tempest.lib.common.rest_client [req-567344bc-7ae1-435b-bf97-d5188edb7b72 ] Request - Headers: {'Content-Type': 'application/json', 'Accept': 'application/json', 'X-Auth-Token': ''} Body: None Response - Headers: {'status': '404', u'content-length': '132', 'content-location': 'http://10.167.4.35:9696/v2.0/ports/1f9ff506-0285-40ef-b100-1a790781c8c4', u'date': 'Sun, 26 Aug 2018 08:14:13 GMT', u'content-type': 'application/json', u'connection': 'close', u'x-openstack-request-id': 'req-567344bc-7ae1-435b-bf97-d5188edb7b72'} Body: {"NeutronError": {"message": "Port 1f9ff506-0285-40ef-b100-1a790781c8c4 could not be found.", "type": "PortNotFound", "detail": ""}} _log_request_full /root/.rally/verification/verifier-72e97343-3a06-48da-9023-413937fa6c91/repo/tempest/lib/common/rest_client.py:434
2018-08-26 08:14:13.372 12993 INFO tempest.lib.common.rest_client [req-a8b4a55a-df82-4ddf-88f7-4bd65283402f ] Request (TrunkTestJSON:_run_cleanups): 404 DELETE http://10.167.4.35:9696/v2.0/ports/f8cc8fea-cc3a-435c-9d06-0fa8e03256f7 0.042s
2018-08-26 08:14:13.373 12993 DEBUG tempest.lib.common.rest_client [req-a8b4a55a-df82-4ddf-88f7-4bd65283402f ] Request - Headers: {'Content-Type': 'application/json', 'Accept': 'application/json', 'X-Auth-Token': ''} Body: None Response - Headers: {'status': '404', u'content-length': '132', 'content-location': 'http://10.167.4.35:9696/v2.0/ports/f8cc8fea-cc3a-435c-9d06-0fa8e03256f7', u'date': 'Sun, 26 Aug 2018 08:14:13 GMT', u'content-type': 'application/json', u'connection': 'close', u'x-openstack-request-id': 'req-a8b4a55a-df82-4ddf-88f7-4bd65283402f'} Body: {"NeutronError": {"message": "Port f8cc8fea-cc3a-435c-9d06-0fa8e03256f7 could not be found.", "type": "PortNotFound", "detail": ""}} _log_request_full /root/.rally/verification/verifier-72e97343-3a06-48da-9023-413937fa6c91/repo/tempest/lib/common/rest_client.py:434
2018-08-26 08:14:13.415 12993 INFO tempest.lib.common.rest_client [req-f251a89d-ecb5-495d-b2a9-e6cfd23e498e ] Request (TrunkTestJSON:_run_cleanups): 404 DELETE http://10.167.4.35:9696/v2.0/ports/960182ce-8be4-4abe-9793-aca6e37b8a5d 0.041s
2018-08-26 08:14:13.415 12993 DEBUG tempest.lib.common.rest_client [req-f251a89d-ecb5-495d-b2a9-e6cfd23e498e ] Request - Headers: {'Content-Type': 'application/json', 'Accept': 'application/json', 'X-Auth-Token': ''} Body: None Response - Headers: {'status': '404', u'content-length': '132', 'content-location': 'http://10.167.4.35:9696/v2.0/ports/960182ce-8be4-4abe-9793-aca6e37b8a5d', u'date': 'Sun, 26 Aug 2018 08:14:13 GMT', u'content-type': 'application/json', u'connection': 'close', u'x-openstack-request-id': 'req-f251a89d-ecb5-495d-b2a9-e6cfd23e498e'} Body: {"NeutronError": {"message": "Port 960182ce-8be4-4abe-9793-aca6e37b8a5d could not be found.", "type": "PortNotFound", "detail": ""}} _log_request_full /root/.rally/verification/verifier-72e97343-3a06-48da-9023-413937fa6c91/repo/tempest/lib/common/rest_client.py:434
2018-08-26 08:14:13.458 12993 INFO tempest.lib.common.rest_client [req-e794fd3c-c02d-46b3-b3f7-2426614eda2a ] Request (TrunkTestJSON:_run_cleanups): 404 DELETE http://10.167.4.35:9696/v2.0/ports/5d793d09-6d89-40e9-a404-24a8773cd4a3 0.042s
2018-08-26 08:14:13.459 12993 DEBUG tempest.lib.common.rest_client [req-e794fd3c-c02d-46b3-b3f7-2426614eda2a ] Request - Headers: {'Content-Type': 'application/json', 'Accept': 'application/json', 'X-Auth-Token': ''} Body: None Response - Headers: {'status': '404', u'content-length': '132', 'content-location': 'http://10.167.4.35:9696/v2.0/ports/5d793d09-6d89-40e9-a404-24a8773cd4a3', u'date': 'Sun, 26 Aug 2018 08:14:13 GMT', u'content-type': 'application/json', u'connection': 'close', u'x-openstack-request-id': 'req-e794fd3c-c02d-46b3-b3f7-2426614eda2a'} Body: {"NeutronError": {"message": "Port 5d793d09-6d89-40e9-a404-24a8773cd4a3 could not be found.", "type": "PortNotFound", "detail": ""}} _log_request_full /root/.rally/verification/verifier-72e97343-3a06-48da-9023-413937fa6c91/repo/tempest/lib/common/rest_client.py:434
2018-08-26 08:14:13.466 13001 INFO tempest.lib.common.rest_client [req-b29c796b-4319-420f-ab19-85ee6177096c ] Request (TrunkTestJSON:_run_cleanups): 204 DELETE http://10.167.4.35:9696/v2.0/ports/1bcff0e6-658b-4398-b49a-452e8ccc201d 0.776s
2018-08-26 08:14:13.467 13001 DEBUG tempest.lib.common.rest_client [req-b29c796b-4319-420f-ab19-85ee6177096c ] Request - Headers: {'Content-Type': 'application/json', 'Accept': 'application/json', 'X-Auth-Token': ''} Body: None Response - Headers: {'status': '204', u'content-length': '0', 'content-location': 'http://10.167.4.35:9696/v2.0/ports/1bcff0e6-658b-4398-b49a-452e8ccc201d', u'date': 'Sun, 26 Aug 2018 08:14:13 GMT', u'connection': 'close', u'x-openstack-request-id': 'req-b29c796b-4319-420f-ab19-85ee6177096c'} Body: _log_request_full /root/.rally/verification/verifier-72e97343-3a06-48da-9023-413937fa6c91/repo/tempest/lib/common/rest_client.py:434
2018-08-26 08:14:13.503 13001 INFO tempest.lib.common.rest_client [req-5783ec16-9e54-4712-a0c8-c61a33fd6037 ] Request (TrunkTestJSON:_run_cleanups): 404 DELETE http://10.167.4.35:9696/v2.0/networks/b949a241-0b68-4aff-b983-b6195ce54aa9 0.035s
2018-08-26 08:14:13.504 13001 DEBUG tempest.lib.common.rest_client [req-5783ec16-9e54-4712-a0c8-c61a33fd6037 ] Request - Headers: {'Content-Type': 'application/json', 'Accept': 'application/json', 'X-Auth-Token': ''} Body: None Response - Headers: {'status': '404', u'content-length': '138', 'content-location': 'http://10.167.4.35:9696/v2.0/networks/b949a241-0b68-4aff-b983-b6195ce54aa9', u'date': 'Sun, 26 Aug 2018 08:14:13 GMT', u'content-type': 'application/json', u'connection': 'close', u'x-openstack-request-id': 'req-5783ec16-9e54-4712-a0c8-c61a33fd6037'} Body: {"NeutronError": {"message": "Network b949a241-0b68-4aff-b983-b6195ce54aa9 could not be found.", "type": "NetworkNotFound", "detail": ""}} _log_request_full /root/.rally/verification/verifier-72e97343-3a06-48da-9023-413937fa6c91/repo/tempest/lib/common/rest_client.py:434
2018-08-26 08:14:13.531 12995 INFO tempest.lib.common.rest_client [req-d81a4f4f-e7d7-47c8-aacd-324ca1d846d9 ] Request (TrunkTest:test_trunk_subport_lifecycle): 200 GET http://10.167.4.35:8774/v2.1/servers/50d2629d-e5be-468c-971c-09a3b0aefc3a 0.442s
2018-08-26 08:14:13.531 12995 DEBUG tempest.lib.common.rest_client [req-d81a4f4f-e7d7-47c8-aacd-324ca1d846d9 ] Request - Headers: {'Content-Type': 'application/json', 'Accept': 'application/json', 'X-Auth-Token': ''} Body: None Response - Headers: {'status': '200', u'content-length': '1690', 'content-location': 'http://10.167.4.35:8774/v2.1/servers/50d2629d-e5be-468c-971c-09a3b0aefc3a', u'x-compute-request-id': 'req-d81a4f4f-e7d7-47c8-aacd-324ca1d846d9', u'vary': 'X-OpenStack-Nova-API-Version', u'openstack-api-version': 'compute 2.1', u'connection': 'close', u'x-openstack-nova-api-version': '2.1', u'date': 'Sun, 26 Aug 2018 08:14:13 GMT', u'content-type': 'application/json', u'x-openstack-request-id': 'req-d81a4f4f-e7d7-47c8-aacd-324ca1d846d9'} Body: {"server": {"OS-EXT-STS:task_state": null, "addresses": {"tempest-test-network--990391165": [{"OS-EXT-IPS-MAC:mac_addr": "fa:16:3e:8e:35:93", "version": 4, "addr": "10.100.0.7", "OS-EXT-IPS:type": "fixed"}, {"OS-EXT-IPS-MAC:mac_addr": "fa:16:3e:8e:35:93", "version": 4, "addr": "172.30.10.119", "OS-EXT-IPS:type": "floating"}]}, "links": [{"href": "http://10.167.4.35:8774/v2.1/servers/50d2629d-e5be-468c-971c-09a3b0aefc3a", "rel": "self"}, {"href": "http://10.167.4.35:8774/servers/50d2629d-e5be-468c-971c-09a3b0aefc3a", "rel": "bookmark"}], "image": {"id": "54ab6186-5f94-4b81-a2f8-a2b97e96a918", "links": [{"href": "http://10.167.4.35:8774/images/54ab6186-5f94-4b81-a2f8-a2b97e96a918", "rel": "bookmark"}]}, "OS-EXT-STS:vm_state": "active", "OS-SRV-USG:launched_at": "2018-08-26T08:14:06.000000", "flavor": {"id": "46a342e0-2470-4283-bc3c-de32b2b3ed86", "links": [{"href": "http://10.167.4.35:8774/flavors/46a342e0-2470-4283-bc3c-de32b2b3ed86", "rel": "bookmark"}]}, "id": "50d2629d-e5be-468c-971c-09a3b0aefc3a", "security_groups": [{"name": "tempest-secgroup-940539915"}], "user_id": "174e2c6b7b59473f814ca8eb37bf9e02", "OS-DCF:diskConfig": "MANUAL", "accessIPv4": "", "accessIPv6": "", "progress": 0, "OS-EXT-STS:power_state": 1, "OS-EXT-AZ:availability_zone": "nova", "config_drive": "True", "status": "ACTIVE", "updated": "2018-08-26T08:14:06Z", "hostId": "9d39462058268ed469faea609bd511cb19bcfeb4ed951b14e9a3eebd", "OS-SRV-USG:terminated_at": null, "key_name": "tempest-keypair-test-1557185030", "name": "tempest-server-test-1758330902", "created": "2018-08-26T08:13:57Z", "tenant_id": "df36c44df74646a3a2ae3773162247ab", "os-extended-volumes:volumes_attached": [], "metadata": {}}} _log_request_full /root/.rally/verification/verifier-72e97343-3a06-48da-9023-413937fa6c91/repo/tempest/lib/common/rest_client.py:434
2018-08-26 08:14:13.544 12995 INFO tempest.lib.common.ssh [-] Creating ssh connection to '172.30.10.119:22' as 'cirros' with public key authentication
2018-08-26 08:14:13.558 13001 INFO tempest.lib.common.rest_client [req-7532f69c-aee4-47c6-9be5-c54c8d2b50de ] Request (TrunkTestJSON:_run_cleanups): 404 DELETE http://10.167.4.35:9696/v2.0/networks/40b9ef69-1d8c-49ec-a7cf-8489dd35e82b 0.053s
2018-08-26 08:14:13.559 13001 DEBUG tempest.lib.common.rest_client [req-7532f69c-aee4-47c6-9be5-c54c8d2b50de ] Request - Headers: {'Content-Type': 'application/json', 'Accept': 'application/json', 'X-Auth-Token': ''} Body: None Response - Headers: {'status': '404', u'content-length': '138', 'content-location': 'http://10.167.4.35:9696/v2.0/networks/40b9ef69-1d8c-49ec-a7cf-8489dd35e82b', u'date': 'Sun, 26 Aug 2018 08:14:13 GMT', u'content-type': 'application/json', u'connection': 'close', u'x-openstack-request-id': 'req-7532f69c-aee4-47c6-9be5-c54c8d2b50de'} Body: {"NeutronError": {"message": "Network 40b9ef69-1d8c-49ec-a7cf-8489dd35e82b could not be found.", "type": "NetworkNotFound", "detail": ""}} _log_request_full /root/.rally/verification/verifier-72e97343-3a06-48da-9023-413937fa6c91/repo/tempest/lib/common/rest_client.py:434
2018-08-26 08:14:13.597 13001 INFO tempest.lib.common.rest_client [req-3e8339b1-d15f-406a-84f0-a2adab73c798 ] Request (TrunkTestJSON:_run_cleanups): 404 DELETE http://10.167.4.35:9696/v2.0/networks/48d1683d-864b-4de1-9674-1ac20e6cf752 0.037s
2018-08-26 08:14:13.597 13001 DEBUG tempest.lib.common.rest_client [req-3e8339b1-d15f-406a-84f0-a2adab73c798 ] Request - Headers: {'Content-Type': 'application/json', 'Accept': 'application/json', 'X-Auth-Token': ''} Body: None Response - Headers: {'status': '404', u'content-length': '138', 'content-location': 'http://10.167.4.35:9696/v2.0/networks/48d1683d-864b-4de1-9674-1ac20e6cf752', u'date': 'Sun, 26 Aug 2018 08:14:13 GMT', u'content-type': 'application/json', u'connection': 'close', u'x-openstack-request-id': 'req-3e8339b1-d15f-406a-84f0-a2adab73c798'} Body: {"NeutronError": {"message": "Network 48d1683d-864b-4de1-9674-1ac20e6cf752 could not be found.", "type": "NetworkNotFound", "detail": ""}} _log_request_full /root/.rally/verification/verifier-72e97343-3a06-48da-9023-413937fa6c91/repo/tempest/lib/common/rest_client.py:434
2018-08-26 08:14:13.627 13001 INFO tempest.lib.common.rest_client [req-f9261294-872f-4951-97a1-047b672ebf30 ] Request (TrunkTestJSON:_run_cleanups): 404 DELETE http://10.167.4.35:9696/v2.0/networks/29bfb90b-0cb5-4046-8807-a790186f08a2 0.029s
2018-08-26 08:14:13.627 13001 DEBUG tempest.lib.common.rest_client [req-f9261294-872f-4951-97a1-047b672ebf30 ] Request - Headers: {'Content-Type': 'application/json', 'Accept': 'application/json', 'X-Auth-Token': ''} Body: None Response - Headers: {'status': '404', u'content-length': '138', 'content-location': 'http://10.167.4.35:9696/v2.0/networks/29bfb90b-0cb5-4046-8807-a790186f08a2', u'date': 'Sun, 26 Aug 2018 08:14:13 GMT', u'content-type': 'application/json', u'connection': 'close', u'x-openstack-request-id': 'req-f9261294-872f-4951-97a1-047b672ebf30'} Body: {"NeutronError": {"message": "Network 29bfb90b-0cb5-4046-8807-a790186f08a2 could not be found.", "type": "NetworkNotFound", "detail": ""}} _log_request_full /root/.rally/verification/verifier-72e97343-3a06-48da-9023-413937fa6c91/repo/tempest/lib/common/rest_client.py:434
2018-08-26 08:14:13.657 13001 INFO tempest.lib.common.rest_client [req-17abd252-6991-48d4-b6ba-61264f2769c8 ] Request (TrunkTestJSON:_run_cleanups): 404 DELETE http://10.167.4.35:9696/v2.0/networks/dfd5ca50-b636-4a02-ae60-41333f442f7e 0.028s
