2019-08-05 10:35:57.417 24804 WARNING rally_openstack.scenarios.neutron.utils [-] Running this scenario without either the 'network' or 'existing_network' context is deprecated
2019-08-05 10:35:57.417 24806 WARNING rally_openstack.scenarios.neutron.utils [-] Running this scenario without either the 'network' or 'existing_network' context is deprecated
2019-08-05 10:35:57.410 24800 WARNING rally_openstack.scenarios.neutron.utils [-] Running this scenario without either the 'network' or 'existing_network' context is deprecated
2019-08-05 10:35:57.418 24799 INFO rally.task.runner [-] Task c7793720-5806-4055-a7de-717204cc4b47 | ITER: 2 START
2019-08-05 10:35:57.419 24799 WARNING rally_openstack.scenarios.neutron.utils [-] Running this scenario without either the 'network' or 'existing_network' context is deprecated
2019-08-05 10:35:57.420 24818 RALLYDEBUG rally.task.runner [-] Starting a worker. concurrency: 1 args: {"network_create_args": {}, "subnet_create_args": {}, "subnet_cidr_start": "1.1.0.0/30", "subnets_per_network": 2} times: 40 method_name: run timeout: 0 duration: None cls:
2019-08-05 10:35:57.421 24802 INFO rally.task.runner [-] Task c7793720-5806-4055-a7de-717204cc4b47 | ITER: 8 START
2019-08-05 10:35:57.421 24802 WARNING rally_openstack.scenarios.neutron.utils [-] Running this scenario without either the 'network' or 'existing_network' context is deprecated
2019-08-05 10:35:57.422 24815 RALLYDEBUG rally.task.runner [-] Starting a worker. concurrency: 1 args: {"network_create_args": {}, "subnet_create_args": {}, "subnet_cidr_start": "1.1.0.0/30", "subnets_per_network": 2} times: 40 method_name: run timeout: 0 duration: None cls:
2019-08-05 10:35:57.419 24801 INFO rally.task.runner [-] Task c7793720-5806-4055-a7de-717204cc4b47 | ITER: 7 START
2019-08-05 10:35:57.424 24801 WARNING rally_openstack.scenarios.neutron.utils [-] Running this scenario without either the 'network' or 'existing_network' context is deprecated
2019-08-05 10:35:57.425 24809 INFO rally.task.runner [-] Task c7793720-5806-4055-a7de-717204cc4b47 | ITER: 11 START
2019-08-05 10:35:57.426 24820 RALLYDEBUG rally.task.runner [-] Starting a worker. concurrency: 1 args: {"network_create_args": {}, "subnet_create_args": {}, "subnet_cidr_start": "1.1.0.0/30", "subnets_per_network": 2} times: 40 method_name: run timeout: 0 duration: None cls:
2019-08-05 10:35:57.427 24809 WARNING rally_openstack.scenarios.neutron.utils [-] Running this scenario without either the 'network' or 'existing_network' context is deprecated
2019-08-05 10:35:57.429 24818 INFO rally.task.runner [-] Task c7793720-5806-4055-a7de-717204cc4b47 | ITER: 12 START
2019-08-05 10:35:57.430 24818 WARNING rally_openstack.scenarios.neutron.utils [-] Running this scenario without either the 'network' or 'existing_network' context is deprecated
2019-08-05 10:35:57.430 24829 RALLYDEBUG rally.task.runner [-] Starting a worker. concurrency: 1 args: {"network_create_args": {}, "subnet_create_args": {}, "subnet_cidr_start": "1.1.0.0/30", "subnets_per_network": 2} times: 40 method_name: run timeout: 0 duration: None cls:
2019-08-05 10:35:57.429 24815 INFO rally.task.runner [-] Task c7793720-5806-4055-a7de-717204cc4b47 | ITER: 13 START
2019-08-05 10:35:57.432 24830 RALLYDEBUG rally.task.runner [-] Starting a worker. concurrency: 1 args: {"network_create_args": {}, "subnet_create_args": {}, "subnet_cidr_start": "1.1.0.0/30", "subnets_per_network": 2} times: 40 method_name: run timeout: 0 duration: None cls:
2019-08-05 10:35:57.433 24820 INFO rally.task.runner [-] Task c7793720-5806-4055-a7de-717204cc4b47 | ITER: 14 START
2019-08-05 10:35:57.433 24815 WARNING rally_openstack.scenarios.neutron.utils [-] Running this scenario without either the 'network' or 'existing_network' context is deprecated
2019-08-05 10:35:57.434 24820 WARNING rally_openstack.scenarios.neutron.utils [-] Running this scenario without either the 'network' or 'existing_network' context is deprecated
2019-08-05 10:35:57.433 24828 RALLYDEBUG rally.task.runner [-] Starting a worker. concurrency: 1 args: {"network_create_args": {}, "subnet_create_args": {}, "subnet_cidr_start": "1.1.0.0/30", "subnets_per_network": 2} times: 40 method_name: run timeout: 0 duration: None cls:
2019-08-05 10:35:57.435 24825 RALLYDEBUG rally.task.runner [-] Starting a worker. concurrency: 1 args: {"network_create_args": {}, "subnet_create_args": {}, "subnet_cidr_start": "1.1.0.0/30", "subnets_per_network": 2} times: 40 method_name: run timeout: 0 duration: None cls:
2019-08-05 10:35:57.440 24828 INFO rally.task.runner [-] Task c7793720-5806-4055-a7de-717204cc4b47 | ITER: 17 START
2019-08-05 10:35:57.441 24825 INFO rally.task.runner [-] Task c7793720-5806-4055-a7de-717204cc4b47 | ITER: 18 START
2019-08-05 10:35:57.441 24829 INFO rally.task.runner [-] Task c7793720-5806-4055-a7de-717204cc4b47 | ITER: 15 START
2019-08-05 10:35:57.442 24828 WARNING rally_openstack.scenarios.neutron.utils [-] Running this scenario without either the 'network' or 'existing_network' context is deprecated
2019-08-05 10:35:57.442 24825 WARNING rally_openstack.scenarios.neutron.utils [-] Running this scenario without either the 'network' or 'existing_network' context is deprecated
2019-08-05 10:35:57.443 24829 WARNING rally_openstack.scenarios.neutron.utils [-] Running this scenario without either the 'network' or 'existing_network' context is deprecated
2019-08-05 10:35:57.447 24838 RALLYDEBUG rally.task.runner [-] Starting a worker. concurrency: 1 args: {"network_create_args": {}, "subnet_create_args": {}, "subnet_cidr_start": "1.1.0.0/30", "subnets_per_network": 2} times: 40 method_name: run timeout: 0 duration: None cls:
2019-08-05 10:35:57.452 24845 RALLYDEBUG rally.task.runner [-] Starting a worker. concurrency: 1 args: {"network_create_args": {}, "subnet_create_args": {}, "subnet_cidr_start": "1.1.0.0/30", "subnets_per_network": 2} times: 40 method_name: run timeout: 0 duration: None cls:
2019-08-05 10:35:57.453 24830 INFO rally.task.runner [-] Task c7793720-5806-4055-a7de-717204cc4b47 | ITER: 16 START
2019-08-05 10:35:57.453 24838 INFO rally.task.runner [-] Task c7793720-5806-4055-a7de-717204cc4b47 | ITER: 19 START
2019-08-05 10:35:57.454 24830 WARNING rally_openstack.scenarios.neutron.utils [-] Running this scenario without either the 'network' or 'existing_network' context is deprecated
2019-08-05 10:35:57.455 24838 WARNING rally_openstack.scenarios.neutron.utils [-] Running this scenario without either the 'network' or 'existing_network' context is deprecated
2019-08-05 10:35:57.458 24845 INFO rally.task.runner [-] Task c7793720-5806-4055-a7de-717204cc4b47 | ITER: 20 START
2019-08-05 10:35:57.460 24845 WARNING rally_openstack.scenarios.neutron.utils [-] Running this scenario without either the 'network' or 'existing_network' context is deprecated
2019-08-05 10:35:59.896 24800 RALLYDEBUG rally_openstack.wrappers.network [-] CIDR generated: 1.1.4.96/30
2019-08-05 10:36:00.201 24809 RALLYDEBUG rally_openstack.wrappers.network [-] CIDR generated: 1.1.4.100/30
2019-08-05 10:36:00.242 24845 RALLYDEBUG rally_openstack.wrappers.network [-] CIDR generated: 1.1.4.104/30
2019-08-05 10:36:00.266 24820 RALLYDEBUG rally_openstack.wrappers.network [-] CIDR generated: 1.1.4.108/30
2019-08-05 10:36:00.380 24815 RALLYDEBUG rally_openstack.wrappers.network [-] CIDR generated: 1.1.4.112/30
2019-08-05 10:36:00.452 24838 RALLYDEBUG rally_openstack.wrappers.network [-] CIDR generated: 1.1.4.116/30
2019-08-05 10:36:00.842 24830 RALLYDEBUG rally_openstack.wrappers.network [-] CIDR generated: 1.1.4.120/30
2019-08-05 10:36:01.014 24801 RALLYDEBUG rally_openstack.wrappers.network [-] CIDR generated: 1.1.4.124/30
2019-08-05 10:36:01.117 24806 RALLYDEBUG rally_openstack.wrappers.network [-] CIDR generated: 1.1.4.128/30
2019-08-05 10:36:01.139 24828 RALLYDEBUG rally_openstack.wrappers.network [-] CIDR generated: 1.1.4.132/30
2019-08-05 10:36:01.919 24800 RALLYDEBUG rally_openstack.wrappers.network [-] CIDR generated: 1.1.4.136/30
2019-08-05 10:36:02.041 24818 RALLYDEBUG rally_openstack.wrappers.network [-] CIDR generated: 1.1.4.140/30
2019-08-05 10:36:02.062 24800 RALLYDEBUG rally_openstack.wrappers.network [-] CIDR generated: 1.1.4.144/30
2019-08-05 10:36:02.182 24809 RALLYDEBUG rally_openstack.wrappers.network [-] CIDR generated: 1.1.4.148/30
2019-08-05 10:36:02.184 24802 RALLYDEBUG rally_openstack.wrappers.network [-] CIDR generated: 1.1.4.152/30
2019-08-05 10:36:02.248 24801 RALLYDEBUG rally_openstack.wrappers.network [-] CIDR generated: 1.1.4.156/30
2019-08-05 10:36:02.283 24802 RALLYDEBUG rally_openstack.wrappers.network [-] CIDR generated: 1.1.4.160/30
2019-08-05 10:36:02.488 24845 RALLYDEBUG rally_openstack.wrappers.network [-] CIDR generated: 1.1.4.164/30
2019-08-05 10:36:02.820 24799 RALLYDEBUG rally_openstack.wrappers.network [-] CIDR generated: 1.1.4.168/30
2019-08-05 10:36:02.840 24799 RALLYDEBUG rally_openstack.wrappers.network [-] CIDR generated: 1.1.4.172/30
2019-08-05 10:36:02.991 24825 RALLYDEBUG rally_openstack.wrappers.network [-] CIDR generated: 1.1.4.176/30
2019-08-05 10:36:03.026 24804 RALLYDEBUG rally_openstack.wrappers.network [-] CIDR generated: 1.1.4.180/30
2019-08-05 10:36:03.152 24838 RALLYDEBUG rally_openstack.wrappers.network [-] CIDR generated: 1.1.4.184/30
2019-08-05 10:36:03.187 24815 RALLYDEBUG rally_openstack.wrappers.network [-] CIDR generated: 1.1.4.188/30
2019-08-05 10:36:03.284 24829 RALLYDEBUG rally_openstack.wrappers.network [-] CIDR generated: 1.1.4.192/30
2019-08-05 10:36:03.384 24820 RALLYDEBUG rally_openstack.wrappers.network [-] CIDR generated: 1.1.4.196/30
2019-08-05 10:36:03.536 24806 RALLYDEBUG rally_openstack.wrappers.network [-] CIDR generated: 1.1.4.200/30
2019-08-05 10:36:03.575 24801 RALLYDEBUG rally_openstack.wrappers.network [-] CIDR generated: 1.1.4.204/30
2019-08-05 10:36:03.883 24828 RALLYDEBUG rally_openstack.wrappers.network [-] CIDR generated: 1.1.4.208/30
2019-08-05 10:36:04.135 24830 RALLYDEBUG rally_openstack.wrappers.network [-] CIDR generated: 1.1.4.212/30
2019-08-05 10:36:04.361 24802 RALLYDEBUG rally_openstack.wrappers.network [-] CIDR generated: 1.1.4.216/30
2019-08-05 10:36:04.830 24818 RALLYDEBUG rally_openstack.wrappers.network [-] CIDR generated: 1.1.4.220/30
2019-08-05 10:36:04.906 24802 RALLYDEBUG rally_openstack.wrappers.network [-] CIDR generated: 1.1.4.224/30
2019-08-05 10:36:05.254 24801 RALLYDEBUG rally_openstack.wrappers.network [-] CIDR generated: 1.1.4.228/30
2019-08-05 10:36:05.278 24799 RALLYDEBUG rally_openstack.wrappers.network [-] CIDR generated: 1.1.4.232/30
2019-08-05 10:36:05.487 24825 RALLYDEBUG rally_openstack.wrappers.network [-] CIDR generated: 1.1.4.236/30
2019-08-05 10:36:05.684 24799 RALLYDEBUG rally_openstack.wrappers.network [-] CIDR generated: 1.1.4.240/30
2019-08-05 10:36:06.080 24804 RALLYDEBUG rally_openstack.wrappers.network [-] CIDR generated: 1.1.4.244/30
2019-08-05 10:36:06.181 24800 RALLYDEBUG rally_openstack.wrappers.network [-] CIDR generated: 1.1.4.248/30
2019-08-05 10:36:06.327 24829 RALLYDEBUG rally_openstack.wrappers.network [-] CIDR generated: 1.1.4.252/30
2019-08-05 10:36:08.378 24800 INFO rally.task.runner [-] Task c7793720-5806-4055-a7de-717204cc4b47 | ITER: 3 END: OK
2019-08-05 10:36:08.383 24800 INFO rally.task.runner [-] Task c7793720-5806-4055-a7de-717204cc4b47 | ITER: 21 START
2019-08-05 10:36:08.383 24800 WARNING rally_openstack.scenarios.neutron.utils [-] Running this scenario without either the 'network' or 'existing_network' context is deprecated
2019-08-05 10:36:08.669 24845 INFO rally.task.runner [-] Task c7793720-5806-4055-a7de-717204cc4b47 | ITER: 20 END: OK
2019-08-05 10:36:08.674 24845 INFO rally.task.runner [-] Task c7793720-5806-4055-a7de-717204cc4b47 | ITER: 22 START
2019-08-05 10:36:08.674 24845 WARNING rally_openstack.scenarios.neutron.utils [-] Running this scenario without either the 'network' or 'existing_network' context is deprecated
2019-08-05 10:36:09.612 24838 INFO rally.task.runner [-] Task c7793720-5806-4055-a7de-717204cc4b47 | ITER: 19 END: OK
2019-08-05 10:36:09.617 24838 INFO rally.task.runner [-] Task c7793720-5806-4055-a7de-717204cc4b47 | ITER: 23 START
2019-08-05 10:36:09.618 24838 WARNING rally_openstack.scenarios.neutron.utils [-] Running this scenario without either the 'network' or 'existing_network' context is deprecated
2019-08-05 10:36:10.048 24806 INFO rally.task.runner [-] Task c7793720-5806-4055-a7de-717204cc4b47 | ITER: 10 END: OK
2019-08-05 10:36:10.053 24806 INFO rally.task.runner [-] Task c7793720-5806-4055-a7de-717204cc4b47 | ITER: 24 START
2019-08-05 10:36:10.054 24806 WARNING rally_openstack.scenarios.neutron.utils [-] Running this scenario without either the 'network' or 'existing_network' context is deprecated
2019-08-05 10:36:10.158 24820 INFO rally.task.runner [-] Task c7793720-5806-4055-a7de-717204cc4b47 | ITER: 14 END: OK
2019-08-05 10:36:10.163 24820 INFO rally.task.runner [-] Task c7793720-5806-4055-a7de-717204cc4b47 | ITER: 25 START
2019-08-05 10:36:10.164 24820 WARNING rally_openstack.scenarios.neutron.utils [-] Running this scenario without either the 'network' or 'existing_network' context is deprecated
2019-08-05 10:36:10.297 24828 INFO rally.task.runner [-] Task c7793720-5806-4055-a7de-717204cc4b47 | ITER: 17 END: OK
2019-08-05 10:36:10.300 24828 INFO rally.task.runner [-] Task c7793720-5806-4055-a7de-717204cc4b47 | ITER: 26 START
2019-08-05 10:36:10.301 24828 WARNING rally_openstack.scenarios.neutron.utils [-] Running this scenario without either the 'network' or 'existing_network' context is deprecated
2019-08-05 10:36:10.511 24800 RALLYDEBUG rally_openstack.wrappers.network [-] CIDR generated: 1.1.5.0/30
2019-08-05 10:36:10.923 24830 INFO rally.task.runner [-] Task c7793720-5806-4055-a7de-717204cc4b47 | ITER: 16 END: OK
2019-08-05 10:36:10.928 24830 INFO rally.task.runner [-] Task c7793720-5806-4055-a7de-717204cc4b47 | ITER: 27 START
2019-08-05 10:36:10.929 24830 WARNING rally_openstack.scenarios.neutron.utils [-] Running this scenario without either the 'network' or 'existing_network' context is deprecated
2019-08-05 10:36:11.153 24845 RALLYDEBUG rally_openstack.wrappers.network [-] CIDR generated: 1.1.5.4/30
2019-08-05 10:36:11.224 24815 INFO rally.task.runner [-] Task c7793720-5806-4055-a7de-717204cc4b47 | ITER: 13 END: OK
2019-08-05 10:36:11.229 24815 INFO rally.task.runner [-] Task c7793720-5806-4055-a7de-717204cc4b47 | ITER: 28 START
2019-08-05 10:36:11.229 24815 WARNING rally_openstack.scenarios.neutron.utils [-] Running this scenario without either the 'network' or 'existing_network' context is deprecated
2019-08-05 10:36:11.679 24818 INFO rally.task.runner [-] Task c7793720-5806-4055-a7de-717204cc4b47 | ITER: 12 END: OK
2019-08-05 10:36:11.684 24818 INFO rally.task.runner [-] Task c7793720-5806-4055-a7de-717204cc4b47 | ITER: 29 START
2019-08-05 10:36:11.684 24818 WARNING rally_openstack.scenarios.neutron.utils [-] Running this scenario without either the 'network' or 'existing_network' context is deprecated
2019-08-05 10:36:12.021 24838 RALLYDEBUG rally_openstack.wrappers.network [-] CIDR generated: 1.1.5.8/30
2019-08-05 10:36:12.170 24809 INFO rally.task.runner [-] Task c7793720-5806-4055-a7de-717204cc4b47 | ITER: 11 END: OK
2019-08-05 10:36:12.173 24809 INFO rally.task.runner [-] Task c7793720-5806-4055-a7de-717204cc4b47 | ITER: 30 START
2019-08-05 10:36:12.173 24809 WARNING rally_openstack.scenarios.neutron.utils [-] Running this scenario without either the 'network' or 'existing_network' context is deprecated
2019-08-05 10:36:12.309 24799 INFO rally.task.runner [-] Task c7793720-5806-4055-a7de-717204cc4b47 | ITER: 1 END: OK
2019-08-05 10:36:12.313 24799 INFO rally.task.runner [-] Task c7793720-5806-4055-a7de-717204cc4b47 | ITER: 31 START
2019-08-05 10:36:12.314 24799 WARNING rally_openstack.scenarios.neutron.utils [-] Running this scenario without either the 'network' or 'existing_network' context is deprecated
2019-08-05 10:36:12.331 24828 RALLYDEBUG rally_openstack.wrappers.network [-] CIDR generated: 1.1.5.12/30
2019-08-05 10:36:12.427 24804 INFO rally.task.runner [-] Task c7793720-5806-4055-a7de-717204cc4b47 | ITER: 9 END: OK
2019-08-05 10:36:12.430 24804 INFO rally.task.runner [-] Task c7793720-5806-4055-a7de-717204cc4b47 | ITER: 32 START
2019-08-05 10:36:12.431 24804 WARNING rally_openstack.scenarios.neutron.utils [-] Running this scenario without either the 'network' or 'existing_network' context is deprecated
2019-08-05 10:36:12.530 24820 RALLYDEBUG rally_openstack.wrappers.network [-] CIDR generated: 1.1.5.16/30
2019-08-05 10:36:12.649 24801 INFO rally.task.runner [-] Task c7793720-5806-4055-a7de-717204cc4b47 | ITER: 7 END: OK
2019-08-05 10:36:12.652 24801 INFO rally.task.runner [-] Task c7793720-5806-4055-a7de-717204cc4b47 | ITER: 33 START
2019-08-05 10:36:12.653 24801 WARNING rally_openstack.scenarios.neutron.utils [-] Running this scenario without either the 'network' or 'existing_network' context is deprecated
2019-08-05 10:36:12.678 24800 RALLYDEBUG rally_openstack.wrappers.network [-] CIDR generated: 1.1.5.20/30
2019-08-05 10:36:12.806 24806 RALLYDEBUG rally_openstack.wrappers.network [-] CIDR generated: 1.1.5.24/30
2019-08-05 10:36:13.021 24802 INFO rally.task.runner [-] Task c7793720-5806-4055-a7de-717204cc4b47 | ITER: 6 END: OK
2019-08-05 10:36:13.026 24802 INFO rally.task.runner [-] Task c7793720-5806-4055-a7de-717204cc4b47 | ITER: 34 START
2019-08-05 10:36:13.026 24802 WARNING rally_openstack.scenarios.neutron.utils [-] Running this scenario without either the 'network' or 'existing_network' context is deprecated
2019-08-05 10:36:13.152 24815 RALLYDEBUG rally_openstack.wrappers.network [-] CIDR generated: 1.1.5.28/30
2019-08-05 10:36:13.190 24801 INFO rally.task.runner [-] Task c7793720-5806-4055-a7de-717204cc4b47 | ITER: 4 END: OK
2019-08-05 10:36:13.197 24801 INFO rally.task.runner [-] Task c7793720-5806-4055-a7de-717204cc4b47 | ITER: 35 START
2019-08-05 10:36:13.198 24801 WARNING rally_openstack.scenarios.neutron.utils [-] Running this scenario without either the 'network' or 'existing_network' context is deprecated
2019-08-05 10:36:13.283 24830 RALLYDEBUG rally_openstack.wrappers.network [-] CIDR generated: 1.1.5.32/30
2019-08-05 10:36:13.529 24800 INFO rally.task.runner [-] Task c7793720-5806-4055-a7de-717204cc4b47 | ITER: 5 END: OK
2019-08-05 10:36:13.532 24800 INFO rally.task.runner [-] Task c7793720-5806-4055-a7de-717204cc4b47 | ITER: 36 START
2019-08-05 10:36:13.533 24800 WARNING rally_openstack.scenarios.neutron.utils [-] Running this scenario without either the 'network' or 'existing_network' context is deprecated
2019-08-05 10:36:13.543 24802 INFO rally.task.runner [-] Task c7793720-5806-4055-a7de-717204cc4b47 | ITER: 8 END: OK
2019-08-05 10:36:13.546 24802 INFO rally.task.runner [-] Task c7793720-5806-4055-a7de-717204cc4b47 | ITER: 37 START
2019-08-05 10:36:13.547 24802 WARNING rally_openstack.scenarios.neutron.utils [-] Running this scenario without either the 'network' or 'existing_network' context is deprecated
2019-08-05 10:36:13.769 24799 INFO rally.task.runner [-] Task c7793720-5806-4055-a7de-717204cc4b47 | ITER: 2 END: OK
2019-08-05 10:36:13.772 24799 INFO rally.task.runner [-] Task c7793720-5806-4055-a7de-717204cc4b47 | ITER: 38 START
2019-08-05 10:36:13.773 24799 WARNING rally_openstack.scenarios.neutron.utils [-] Running this scenario without either the 'network' or 'existing_network' context is deprecated
2019-08-05 10:36:13.967 24845 RALLYDEBUG rally_openstack.wrappers.network [-] CIDR generated: 1.1.5.36/30
2019-08-05 10:36:14.062 24825 INFO rally.task.runner [-] Task c7793720-5806-4055-a7de-717204cc4b47 | ITER: 18 END: OK
2019-08-05 10:36:14.067 24825 INFO rally.task.runner [-] Task c7793720-5806-4055-a7de-717204cc4b47 | ITER: 39 START
2019-08-05 10:36:14.067 24825 WARNING rally_openstack.scenarios.neutron.utils [-] Running this scenario without either the 'network' or 'existing_network' context is deprecated
2019-08-05 10:36:14.380 24828 RALLYDEBUG rally_openstack.wrappers.network [-] CIDR generated: 1.1.5.40/30
2019-08-05 10:36:14.469 24799 RALLYDEBUG rally_openstack.wrappers.network [-] CIDR generated: 1.1.5.44/30
2019-08-05 10:36:14.519 24838 RALLYDEBUG rally_openstack.wrappers.network [-] CIDR generated: 1.1.5.48/30
2019-08-05 10:36:14.651 24818 RALLYDEBUG rally_openstack.wrappers.network [-] CIDR generated: 1.1.5.52/30
2019-08-05 10:36:14.728 24829 INFO rally.task.runner [-] Task c7793720-5806-4055-a7de-717204cc4b47 | ITER: 15 END: OK
2019-08-05 10:36:14.732 24829 INFO rally.task.runner [-] Task c7793720-5806-4055-a7de-717204cc4b47 | ITER: 40 START
2019-08-05 10:36:14.733 24829 WARNING rally_openstack.scenarios.neutron.utils [-] Running this scenario without either the 'network' or 'existing_network' context is deprecated
2019-08-05 10:36:14.850 24801 RALLYDEBUG rally_openstack.wrappers.network [-] CIDR generated: 1.1.5.56/30
2019-08-05 10:36:15.211 24809 RALLYDEBUG rally_openstack.wrappers.network [-] CIDR generated: 1.1.5.60/30
2019-08-05 10:36:15.247 24802 RALLYDEBUG rally_openstack.wrappers.network [-] CIDR generated: 1.1.5.64/30
2019-08-05 10:36:15.612 24801 RALLYDEBUG rally_openstack.wrappers.network [-] CIDR generated: 1.1.5.68/30
2019-08-05 10:36:15.661 24815 RALLYDEBUG rally_openstack.wrappers.network [-] CIDR generated: 1.1.5.72/30
2019-08-05 10:36:15.766 24804 RALLYDEBUG rally_openstack.wrappers.network [-] CIDR generated: 1.1.5.76/30
2019-08-05 10:36:15.835 24806 RALLYDEBUG rally_openstack.wrappers.network [-] CIDR generated: 1.1.5.80/30
2019-08-05 10:36:16.051 24830 RALLYDEBUG rally_openstack.wrappers.network [-] CIDR generated: 1.1.5.84/30
2019-08-05 10:36:16.518 24799 RALLYDEBUG rally_openstack.wrappers.network [-] CIDR generated: 1.1.5.88/30
2019-08-05 10:36:16.776 24820 RALLYDEBUG rally_openstack.wrappers.network [-] CIDR generated: 1.1.5.92/30
2019-08-05 10:36:17.057 24802 RALLYDEBUG rally_openstack.wrappers.network [-] CIDR generated: 1.1.5.96/30
2019-08-05 10:36:17.349 24799 RALLYDEBUG rally_openstack.wrappers.network [-] CIDR generated: 1.1.5.100/30
2019-08-05 10:36:17.538 24800 RALLYDEBUG rally_openstack.wrappers.network [-] CIDR generated: 1.1.5.104/30
2019-08-05 10:36:17.608 24809 RALLYDEBUG rally_openstack.wrappers.network [-] CIDR generated: 1.1.5.108/30
2019-08-05 10:36:17.775 24802 RALLYDEBUG rally_openstack.wrappers.network [-] CIDR generated: 1.1.5.112/30
2019-08-05 10:36:17.841 24801 RALLYDEBUG rally_openstack.wrappers.network [-] CIDR generated: 1.1.5.116/30
2019-08-05 10:36:18.026 24825 RALLYDEBUG rally_openstack.wrappers.network [-] CIDR generated: 1.1.5.120/30
2019-08-05 10:36:18.308 24804 RALLYDEBUG rally_openstack.wrappers.network [-] CIDR generated: 1.1.5.124/30
2019-08-05 10:36:18.410 24801 RALLYDEBUG rally_openstack.wrappers.network [-] CIDR generated: 1.1.5.128/30
2019-08-05 10:36:18.496 24800 INFO rally.task.runner [-] Task c7793720-5806-4055-a7de-717204cc4b47 | ITER: 21 END: OK
2019-08-05 10:36:18.869 24818 RALLYDEBUG rally_openstack.wrappers.network [-] CIDR generated: 1.1.5.132/30
2019-08-05 10:36:19.371 24829 RALLYDEBUG rally_openstack.wrappers.network [-] CIDR generated: 1.1.5.136/30
2019-08-05 10:36:19.421 24802 RALLYDEBUG rally_openstack.wrappers.network [-] CIDR generated: 1.1.5.140/30
2019-08-05 10:36:19.486 24845 INFO rally.task.runner [-] Task c7793720-5806-4055-a7de-717204cc4b47 | ITER: 22 END: OK
2019-08-05 10:36:19.878 24838 INFO rally.task.runner [-] Task c7793720-5806-4055-a7de-717204cc4b47 | ITER: 23 END: OK
2019-08-05 10:36:20.393 24825 RALLYDEBUG rally_openstack.wrappers.network [-] CIDR generated: 1.1.5.144/30
2019-08-05 10:36:20.920 24800 RALLYDEBUG rally_openstack.wrappers.network [-] CIDR generated: 1.1.5.148/30
2019-08-05 10:36:20.990 24799 RALLYDEBUG rally_openstack.wrappers.network [-] CIDR generated: 1.1.5.152/30
2019-08-05 10:36:21.711 24806 INFO rally.task.runner [-] Task c7793720-5806-4055-a7de-717204cc4b47 | ITER: 24 END: OK
2019-08-05 10:36:21.955 24829 RALLYDEBUG rally_openstack.wrappers.network [-] CIDR generated: 1.1.5.156/30
2019-08-05 10:36:21.955 24828 INFO rally.task.runner [-] Task c7793720-5806-4055-a7de-717204cc4b47 | ITER: 26 END: OK
2019-08-05 10:36:22.306 24799 INFO rally.task.runner [-] Task c7793720-5806-4055-a7de-717204cc4b47 | ITER: 31 END: OK
2019-08-05 10:36:23.114 24801 INFO rally.task.runner [-] Task c7793720-5806-4055-a7de-717204cc4b47 | ITER: 35 END: OK
2019-08-05 10:36:23.285 24809 INFO rally.task.runner [-] Task c7793720-5806-4055-a7de-717204cc4b47 | ITER: 30 END: OK
2019-08-05 10:36:23.591 24820 INFO rally.task.runner [-] Task c7793720-5806-4055-a7de-717204cc4b47 | ITER: 25 END: OK
2019-08-05 10:36:23.839 24802 INFO rally.task.runner [-] Task c7793720-5806-4055-a7de-717204cc4b47 | ITER: 34 END: OK
2019-08-05 10:36:23.987 24815 INFO rally.task.runner [-] Task c7793720-5806-4055-a7de-717204cc4b47 | ITER: 28 END: OK
2019-08-05 10:36:24.178 24830 INFO rally.task.runner [-] Task c7793720-5806-4055-a7de-717204cc4b47 | ITER: 27 END: OK
2019-08-05 10:36:24.659 24801 INFO rally.task.runner [-] Task c7793720-5806-4055-a7de-717204cc4b47 | ITER: 33 END: OK
2019-08-05 10:36:24.672 24804 INFO rally.task.runner [-] Task c7793720-5806-4055-a7de-717204cc4b47 | ITER: 32 END: OK
2019-08-05 10:36:26.099 24802 INFO rally.task.runner [-] Task c7793720-5806-4055-a7de-717204cc4b47 | ITER: 37 END: OK
2019-08-05 10:36:26.243 24825 INFO rally.task.runner [-] Task c7793720-5806-4055-a7de-717204cc4b47 | ITER: 39 END: OK
2019-08-05 10:36:26.370 24818 INFO rally.task.runner [-] Task c7793720-5806-4055-a7de-717204cc4b47 | ITER: 29 END: OK
2019-08-05 10:36:26.534 24799 INFO rally.task.runner [-] Task c7793720-5806-4055-a7de-717204cc4b47 | ITER: 38 END: OK
2019-08-05 10:36:26.588 24829 INFO rally.task.runner [-] Task c7793720-5806-4055-a7de-717204cc4b47 | ITER: 40 END: OK
2019-08-05 10:36:27.235 24800 INFO rally.task.runner [-] Task c7793720-5806-4055-a7de-717204cc4b47 | ITER: 36 END: OK
2019-08-05 10:36:27.255 22705 INFO rally.task.context [-] Task c7793720-5806-4055-a7de-717204cc4b47 | Context cleanup@openstack cleanup() started
2019-08-05 10:36:27.257 22705 RALLYDEBUG rally_openstack.cleanup.manager [-] Cleaning up neutron vip objects
2019-08-05 10:36:27.978 22705 RALLYDEBUG rally_openstack.cleanup.manager [-] Cleaning up neutron health_monitor objects
2019-08-05 10:36:28.629 22705 RALLYDEBUG rally_openstack.cleanup.manager [-] Cleaning up neutron pool objects
2019-08-05 10:36:29.352 22705 RALLYDEBUG rally_openstack.cleanup.manager [-] Cleaning up neutron loadbalancer objects
2019-08-05 10:36:30.091 22705 RALLYDEBUG rally_openstack.cleanup.manager [-] Cleaning up neutron floatingip objects
2019-08-05 10:36:30.778 22705 RALLYDEBUG rally_openstack.cleanup.manager [-] Cleaning up neutron port objects
2019-08-05 10:36:31.674 22705 RALLYDEBUG rally_openstack.cleanup.manager [-] Cleaning up neutron subnet objects
2019-08-05 10:36:32.372 22705 RALLYDEBUG rally_openstack.cleanup.manager [-] Cleaning up neutron network objects
2019-08-05 10:36:33.309 22705 RALLYDEBUG rally_openstack.cleanup.manager [-] Deleting neutron.network object s_rally_590d24c7_utaFzeE4 (007acfda-fa59-42e7-84c2-7679f732f942)
2019-08-05 10:36:33.319 22705 RALLYDEBUG rally_openstack.cleanup.manager [-] Deleting neutron.network object s_rally_590d24c7_J9trpWkj (043fc268-20cf-44a1-b8c8-95073195c4b7)
2019-08-05 10:36:33.325 22705 RALLYDEBUG rally_openstack.cleanup.manager [-] Deleting neutron.network object s_rally_590d24c7_ycU9VIfS (0c7d6913-3e04-4e22-a7ab-d51b1e6c2e71)
2019-08-05 10:36:33.325 22705 RALLYDEBUG rally_openstack.cleanup.manager [-] Deleting neutron.network object s_rally_590d24c7_esAlYv57 (0105a8da-6372-4dcf-80a7-c0e1227a3433)
2019-08-05 10:36:33.342 22705 RALLYDEBUG rally_openstack.cleanup.manager [-] Deleting neutron.network object s_rally_590d24c7_ZJBNw4ir (1dc0d26d-0426-4b8f-922a-07992047aeb1)
2019-08-05 10:36:33.345 22705 RALLYDEBUG rally_openstack.cleanup.manager [-] Deleting neutron.network object s_rally_590d24c7_mROiY6Jy (24191fc6-9fe6-48d8-a88b-594d46136a8e)
2019-08-05 10:36:33.355 22705 RALLYDEBUG rally_openstack.cleanup.manager [-] Deleting neutron.network object s_rally_590d24c7_wvwdjBZr (2b688884-ef2e-4cff-acc1-fc28d6351ea1)
2019-08-05 10:36:33.369 22705 RALLYDEBUG rally_openstack.cleanup.manager [-] Deleting neutron.network object s_rally_590d24c7_kAX4JiWe (2f18f64e-10a2-4dea-a38d-a58e09971520)
2019-08-05 10:36:33.378 22705 RALLYDEBUG rally_openstack.cleanup.manager [-] Deleting neutron.network object s_rally_590d24c7_OTMrqcxV (365472d8-e697-4ad6-adc9-0ba9f8de29d8)
2019-08-05 10:36:33.394 22705 RALLYDEBUG rally_openstack.cleanup.manager [-] Deleting neutron.network object s_rally_590d24c7_TwUERAVL (42449f44-cc96-4e43-a293-ddf1b7dd84ae)
2019-08-05 10:36:33.394 22705 RALLYDEBUG rally_openstack.cleanup.manager [-] Deleting neutron.network object s_rally_590d24c7_cUUuECun (39320414-e197-43c1-a394-f81b3b3f37e2)
2019-08-05 10:36:33.408 22705 RALLYDEBUG rally_openstack.cleanup.manager [-] Deleting neutron.network object s_rally_590d24c7_tJ6uqr0o (53a15fb5-b48b-4ed8-bb8d-e528ae41af69)
2019-08-05 10:36:33.441 22705 RALLYDEBUG rally_openstack.cleanup.manager [-] Deleting neutron.network object s_rally_590d24c7_TYhvH3RG (63bbd34b-5626-4698-8e6a-d54866c9788b)
2019-08-05 10:36:33.444 22705 RALLYDEBUG rally_openstack.cleanup.manager [-] Deleting neutron.network object s_rally_590d24c7_W44AKPqb (5ca5e025-c5eb-468b-95c3-69717e170435)
2019-08-05 10:36:33.445 22705 RALLYDEBUG rally_openstack.cleanup.manager [-] Deleting neutron.network object s_rally_590d24c7_hsA2yv43 (58c4874c-0f79-4908-8c76-215db060d1ba)
2019-08-05 10:36:33.593 22705 RALLYDEBUG rally_openstack.cleanup.manager [-] Deleting neutron.network object s_rally_590d24c7_Uo9IJf1D (78b12d15-989a-498e-8d29-ffc33fa4b119)
2019-08-05 10:36:33.594 22705 RALLYDEBUG rally_openstack.cleanup.manager [-] Deleting neutron.network object s_rally_590d24c7_TauQSULb (6db044c2-b240-4c20-80c0-5c5e6333af2b)
2019-08-05 10:36:33.603 22705 RALLYDEBUG rally_openstack.cleanup.manager [-] Deleting neutron.network object s_rally_590d24c7_KwfJ0nnD (777f703c-e8cc-40c2-9465-f441fe0cd6c1)
2019-08-05 10:36:33.614 22705 RALLYDEBUG rally_openstack.cleanup.manager [-] Deleting neutron.network object s_rally_590d24c7_ikXNH2MX (82847d5b-09d9-439f-8227-41fa9ae834df)
2019-08-05 10:36:33.623 22705 RALLYDEBUG rally_openstack.cleanup.manager [-] Deleting neutron.network object s_rally_590d24c7_3c0sLFOj (7b47b99e-8f3c-4809-ac1e-671681670774)
2019-08-05 10:36:36.916 22705 RALLYDEBUG rally_openstack.cleanup.manager [-] Deleting neutron.network object s_rally_590d24c7_xTNdO3Ap (8481884b-3f51-4eb2-aca0-1f44c6d39b29)
2019-08-05 10:36:37.262 22705 RALLYDEBUG rally_openstack.cleanup.manager [-] Deleting neutron.network object s_rally_590d24c7_V5CIulTS (84cfea61-31a8-4095-9d8a-53a411d7ee20)
2019-08-05 10:36:37.284 22705 RALLYDEBUG rally_openstack.cleanup.manager [-] Deleting neutron.network object s_rally_590d24c7_to3Tvp2N (871f6c3d-59cf-4115-95a1-3e5863e7a9d8)
2019-08-05 10:36:37.318 22705 RALLYDEBUG rally_openstack.cleanup.manager [-] Deleting neutron.network object s_rally_590d24c7_bMbCq3b3 (90755427-7dfb-480f-8509-31bb79f179a6)
2019-08-05 10:36:37.390 22705 RALLYDEBUG rally_openstack.cleanup.manager [-] Deleting neutron.network object s_rally_590d24c7_4sJGDz7s (92f548ae-5575-4f5d-831b-730cb193766a)
2019-08-05 10:36:37.459 22705 RALLYDEBUG rally_openstack.cleanup.manager [-] Deleting neutron.network object s_rally_590d24c7_Z3GnUXEL (93a076d4-cbda-4c3a-8c42-36586102baeb)
2019-08-05 10:36:37.570 22705 RALLYDEBUG rally_openstack.cleanup.manager [-] Deleting neutron.network object s_rally_590d24c7_MW88nSir (9604d949-b6b4-408c-a191-232af887a43a)
2019-08-05 10:36:37.696 22705 RALLYDEBUG rally_openstack.cleanup.manager [-] Deleting neutron.network object s_rally_590d24c7_CtppmqXl (9e8673c3-55c6-4be3-a98d-af046b49e858)
2019-08-05 10:36:37.743 22705 RALLYDEBUG rally_openstack.cleanup.manager [-] Deleting neutron.network object s_rally_590d24c7_ZdUqRHfg (ac55dc1f-dec7-4bf0-b439-cf55c816c714)
2019-08-05 10:36:37.803 22705 RALLYDEBUG rally_openstack.cleanup.manager [-] Deleting neutron.network object s_rally_590d24c7_AQTDw4Rh (b4441324-cdc5-4c0e-b08f-e19ec444f207)
2019-08-05 10:36:37.897 22705 RALLYDEBUG rally_openstack.cleanup.manager [-] Deleting neutron.network object s_rally_590d24c7_7iFOU4cA (b661c935-a20b-4486-b609-2e1716d03c49)
2019-08-05 10:36:37.996 22705 RALLYDEBUG rally_openstack.cleanup.manager [-] Deleting neutron.network object s_rally_590d24c7_yp86JyBi (bef850b9-c7c7-4dae-9791-f511880c7ca6)
2019-08-05 10:36:38.009 22705 RALLYDEBUG rally_openstack.cleanup.manager [-] Deleting neutron.network object s_rally_590d24c7_4lfufLOs (caa165b3-7561-4e68-bc39-41b22be3c3a4)
2019-08-05 10:36:38.297 22705 RALLYDEBUG rally_openstack.cleanup.manager [-] Deleting neutron.network object s_rally_590d24c7_32hiKOYH (dbc9e8c3-ef52-48f0-b60a-b4227ebdd388)
2019-08-05 10:36:38.532 22705 RALLYDEBUG rally_openstack.cleanup.manager [-] Deleting neutron.network object s_rally_590d24c7_JKAHQHbw (e4846aa6-1507-4eb4-bb88-29d0112634eb)
2019-08-05 10:36:38.548 22705 RALLYDEBUG rally_openstack.cleanup.manager [-] Deleting neutron.network object s_rally_590d24c7_L143zs37 (eb617d1c-2f0e-4f59-8915-99922c5736dd)
2019-08-05 10:36:38.636 22705 RALLYDEBUG rally_openstack.cleanup.manager [-] Deleting neutron.network object s_rally_590d24c7_weLoh0g7 (f517c063-c914-4d96-a029-ed8d3fdd2772)
2019-08-05 10:36:39.243 22705 RALLYDEBUG rally_openstack.cleanup.manager [-] Deleting neutron.network object s_rally_590d24c7_DIsZMWH9 (f7197d4f-09f3-4c35-a97f-9b9995b35fbe)
2019-08-05 10:36:39.751 22705 RALLYDEBUG rally_openstack.cleanup.manager [-] Deleting neutron.network object s_rally_590d24c7_F7HNs8rj (f914b4c6-e37f-4222-8441-151a598f0b0f)
2019-08-05 10:36:39.770 22705 RALLYDEBUG rally_openstack.cleanup.manager [-] Deleting neutron.network object s_rally_590d24c7_1GVdFTRC (ff143e1a-ffa9-4b14-860c-6ddcb075bf6a)
2019-08-05 10:36:43.051 22705 RALLYDEBUG rally_openstack.cleanup.manager [-] Cleaning up neutron router objects
2019-08-05 10:36:43.835 22705 RALLYDEBUG rally_openstack.cleanup.manager [-] Cleaning up neutron security_group objects
2019-08-05 10:36:44.624 22705 INFO rally.task.context [-] Task c7793720-5806-4055-a7de-717204cc4b47 | Context cleanup@openstack cleanup() finished in 17.37 sec
2019-08-05 10:36:44.624 22705 INFO rally.task.context [-] Task c7793720-5806-4055-a7de-717204cc4b47 | Context quotas@openstack cleanup() started
2019-08-05 10:36:45.055 22705 INFO rally.task.context [-] Task c7793720-5806-4055-a7de-717204cc4b47 | Context quotas@openstack cleanup() finished in 0.43 sec
2019-08-05 10:36:45.055 22705 INFO rally.task.context [-] Task c7793720-5806-4055-a7de-717204cc4b47 | Context users@openstack cleanup() started
2019-08-05 10:36:50.057 22705 INFO rally.task.context [-] Task c7793720-5806-4055-a7de-717204cc4b47 | Context users@openstack cleanup() finished in 5.00 sec
2019-08-05 10:36:50.231 22705 INFO rally.task.engine [-] Load duration is: 29.832949
2019-08-05 10:36:50.231 22705 INFO rally.task.engine [-] Full runner duration is: 29.875466
2019-08-05 10:36:50.232 22705 INFO rally.task.engine [-] Full duration is: 58.042996
2019-08-05 10:36:50.474 22705 INFO rally.task.engine [-] Running workload: position = 0 config = { "version": 2, "title": "A cropped version of a bigger task.", "description": "Auto-generated task from a single workload (uuid=98229579-4536-4741-ba91-bb1a911154b3)", "subtasks": [ { "title": "NeutronNetworks.create_and_list_routers", "description": "Create and a given number of routers and list all routers.", "scenario": { "NeutronNetworks.create_and_list_routers": { "network_create_args": null, "subnet_create_args": null, "subnet_cidr_start": "1.1.0.0/30", "subnets_per_network": 2, "router_create_args": null } }, "contexts": { "users": { "tenants": 1, "users_per_tenant": 1 }, "quotas": { "neutron": { "network": -1, "subnet": -1, "router": -1 } } }, "runner": { "constant": { "times": 40, "concurrency": 20 } }, "hooks": [], "sla": { "failure_rate": { "max": 0 } } } ] }
2019-08-05 10:36:50.496 22705 RALLYDEBUG rally_openstack.contexts.keystone.users [-] Creating 1 tenants using 20 threads
2019-08-05 10:36:52.423 22705 RALLYDEBUG rally_openstack.contexts.keystone.users [-] Creating 1 users using 20 threads
2019-08-05 10:36:55.125 22705 INFO rally.task.context [-] Task c7793720-5806-4055-a7de-717204cc4b47 | Context users@openstack setup() finished in 4.63 sec
2019-08-05 10:36:55.946 22705 INFO rally.task.context [-] Task c7793720-5806-4055-a7de-717204cc4b47 | Context quotas@openstack setup() finished in 0.82 sec
2019-08-05 10:36:55.946 22705 INFO rally.task.context [-] Task c7793720-5806-4055-a7de-717204cc4b47 | Context cleanup@openstack setup() finished in 0.01 msec
2019-08-05 10:36:55.953 22705 RALLYDEBUG rally.task.runner [-] Starting the constant runner (task UUID: c7793720-5806-4055-a7de-717204cc4b47). timeout: 0 concurrency: 20 concurrency_per_worker: 1 times: 40 concurrency_overhead: 4 processes_to_start: 16 max_cpu_used: 16
2019-08-05 10:36:55.967 25169 RALLYDEBUG rally.task.runner [-] Starting a worker. concurrency: 2 args: {"network_create_args": null, "subnet_create_args": null, "subnet_cidr_start": "1.1.0.0/30", "subnets_per_network": 2, "router_create_args": null} times: 40 method_name: run timeout: 0 duration: None cls:
2019-08-05 10:36:55.969 25170 RALLYDEBUG rally.task.runner [-] Starting a worker. concurrency: 2 args: {"network_create_args": null, "subnet_create_args": null, "subnet_cidr_start": "1.1.0.0/30", "subnets_per_network": 2, "router_create_args": null} times: 40 method_name: run timeout: 0 duration: None cls:
2019-08-05 10:36:55.972 25171 RALLYDEBUG rally.task.runner [-] Starting a worker. concurrency: 2 args: {"network_create_args": null, "subnet_create_args": null, "subnet_cidr_start": "1.1.0.0/30", "subnets_per_network": 2, "router_create_args": null} times: 40 method_name: run timeout: 0 duration: None cls:
2019-08-05 10:36:55.975 25169 INFO rally.task.runner [-] Task c7793720-5806-4055-a7de-717204cc4b47 | ITER: 1 START
2019-08-05 10:36:55.975 25172 RALLYDEBUG rally.task.runner [-] Starting a worker. concurrency: 2 args: {"network_create_args": null, "subnet_create_args": null, "subnet_cidr_start": "1.1.0.0/30", "subnets_per_network": 2, "router_create_args": null} times: 40 method_name: run timeout: 0 duration: None cls:
2019-08-05 10:36:55.978 25170 INFO rally.task.runner [-] Task c7793720-5806-4055-a7de-717204cc4b47 | ITER: 2 START
2019-08-05 10:36:55.976 25169 INFO rally.task.runner [-] Task c7793720-5806-4055-a7de-717204cc4b47 | ITER: 3 START
2019-08-05 10:36:55.978 25174 RALLYDEBUG rally.task.runner [-] Starting a worker. concurrency: 1 args: {"network_create_args": null, "subnet_create_args": null, "subnet_cidr_start": "1.1.0.0/30", "subnets_per_network": 2, "router_create_args": null} times: 40 method_name: run timeout: 0 duration: None cls:
2019-08-05 10:36:55.981 25171 INFO rally.task.runner [-] Task c7793720-5806-4055-a7de-717204cc4b47 | ITER: 4 START
2019-08-05 10:36:55.983 25178 RALLYDEBUG rally.task.runner [-] Starting a worker. concurrency: 1 args: {"network_create_args": null, "subnet_create_args": null, "subnet_cidr_start": "1.1.0.0/30", "subnets_per_network": 2, "router_create_args": null} times: 40 method_name: run timeout: 0 duration: None cls:
2019-08-05 10:36:55.979 25170 INFO rally.task.runner [-] Task c7793720-5806-4055-a7de-717204cc4b47 | ITER: 5 START
2019-08-05 10:36:55.984 25174 INFO rally.task.runner [-] Task c7793720-5806-4055-a7de-717204cc4b47 | ITER: 9 START
2019-08-05 10:36:55.984 25172 INFO rally.task.runner [-] Task c7793720-5806-4055-a7de-717204cc4b47 | ITER: 6 START
2019-08-05 10:36:55.985 25183 RALLYDEBUG rally.task.runner [-] Starting a worker. concurrency: 1 args: {"network_create_args": null, "subnet_create_args": null, "subnet_cidr_start": "1.1.0.0/30", "subnets_per_network": 2, "router_create_args": null} times: 40 method_name: run timeout: 0 duration: None cls:
2019-08-05 10:36:55.985 25172 INFO rally.task.runner [-] Task c7793720-5806-4055-a7de-717204cc4b47 | ITER: 8 START
2019-08-05 10:36:55.990 25178 INFO rally.task.runner [-] Task c7793720-5806-4055-a7de-717204cc4b47 | ITER: 10 START
2019-08-05 10:36:55.992 25183 INFO rally.task.runner [-] Task c7793720-5806-4055-a7de-717204cc4b47 | ITER: 11 START
2019-08-05 10:36:55.993 25186 RALLYDEBUG rally.task.runner [-] Starting a worker. concurrency: 1 args: {"network_create_args": null, "subnet_create_args": null, "subnet_cidr_start": "1.1.0.0/30", "subnets_per_network": 2, "router_create_args": null} times: 40 method_name: run timeout: 0 duration: None cls:
2019-08-05 10:36:55.995 25171 INFO rally.task.runner [-] Task c7793720-5806-4055-a7de-717204cc4b47 | ITER: 7 START
2019-08-05 10:36:55.993 25191 RALLYDEBUG rally.task.runner [-] Starting a worker. concurrency: 1 args: {"network_create_args": null, "subnet_create_args": null, "subnet_cidr_start": "1.1.0.0/30", "subnets_per_network": 2, "router_create_args": null} times: 40 method_name: run timeout: 0 duration: None cls:
2019-08-05 10:36:55.999 25195 RALLYDEBUG rally.task.runner [-] Starting a worker. concurrency: 1 args: {"network_create_args": null, "subnet_create_args": null, "subnet_cidr_start": "1.1.0.0/30", "subnets_per_network": 2, "router_create_args": null} times: 40 method_name: run timeout: 0 duration: None cls:
2019-08-05 10:36:56.000 25186 INFO rally.task.runner [-] Task c7793720-5806-4055-a7de-717204cc4b47 | ITER: 12 START
2019-08-05 10:36:56.004 25197 RALLYDEBUG rally.task.runner [-] Starting a worker. concurrency: 1 args: {"network_create_args": null, "subnet_create_args": null, "subnet_cidr_start": "1.1.0.0/30", "subnets_per_network": 2, "router_create_args": null} times: 40 method_name: run timeout: 0 duration: None cls:
2019-08-05 10:36:56.006 25195 INFO rally.task.runner [-] Task c7793720-5806-4055-a7de-717204cc4b47 | ITER: 14 START
2019-08-05 10:36:56.007 25191 INFO rally.task.runner [-] Task c7793720-5806-4055-a7de-717204cc4b47 | ITER: 13 START
2019-08-05 10:36:56.010 25197 INFO rally.task.runner [-] Task c7793720-5806-4055-a7de-717204cc4b47 | ITER: 15 START
2019-08-05 10:36:56.013 25203 RALLYDEBUG rally.task.runner [-] Starting a worker. concurrency: 1 args: {"network_create_args": null, "subnet_create_args": null, "subnet_cidr_start": "1.1.0.0/30", "subnets_per_network": 2, "router_create_args": null} times: 40 method_name: run timeout: 0 duration: None cls:
2019-08-05 10:36:56.019 25203 INFO rally.task.runner [-] Task c7793720-5806-4055-a7de-717204cc4b47 | ITER: 16 START
2019-08-05 10:36:56.020 25207 RALLYDEBUG rally.task.runner [-] Starting a worker. concurrency: 1 args: {"network_create_args": null, "subnet_create_args": null, "subnet_cidr_start": "1.1.0.0/30", "subnets_per_network": 2, "router_create_args": null} times: 40 method_name: run timeout: 0 duration: None cls:
2019-08-05 10:36:56.028 25207 INFO rally.task.runner [-] Task c7793720-5806-4055-a7de-717204cc4b47 | ITER: 17 START
2019-08-05 10:36:56.032 25210 RALLYDEBUG rally.task.runner [-] Starting a worker. concurrency: 1 args: {"network_create_args": null, "subnet_create_args": null, "subnet_cidr_start": "1.1.0.0/30", "subnets_per_network": 2, "router_create_args": null} times: 40 method_name: run timeout: 0 duration: None cls:
2019-08-05 10:36:56.034 25213 RALLYDEBUG rally.task.runner [-] Starting a worker. concurrency: 1 args: {"network_create_args": null, "subnet_create_args": null, "subnet_cidr_start": "1.1.0.0/30", "subnets_per_network": 2, "router_create_args": null} times: 40 method_name: run timeout: 0 duration: None cls:
2019-08-05 10:36:56.037 25210 INFO rally.task.runner [-] Task c7793720-5806-4055-a7de-717204cc4b47 | ITER: 18 START
2019-08-05 10:36:56.038 25213 INFO rally.task.runner [-] Task c7793720-5806-4055-a7de-717204cc4b47 | ITER: 19 START
2019-08-05 10:36:56.040 25214 RALLYDEBUG rally.task.runner [-] Starting a worker. concurrency: 1 args: {"network_create_args": null, "subnet_create_args": null, "subnet_cidr_start": "1.1.0.0/30", "subnets_per_network": 2, "router_create_args": null} times: 40 method_name: run timeout: 0 duration: None cls:
2019-08-05 10:36:56.043 25214 INFO rally.task.runner [-] Task c7793720-5806-4055-a7de-717204cc4b47 | ITER: 20 START
2019-08-05 10:36:58.271 25169 RALLYDEBUG rally_openstack.wrappers.network [-] CIDR generated: 1.1.5.160/30
2019-08-05 10:36:58.350 25170 RALLYDEBUG rally_openstack.wrappers.network [-] CIDR generated: 1.1.5.164/30
2019-08-05 10:36:58.386 25171 RALLYDEBUG rally_openstack.wrappers.network [-] CIDR generated: 1.1.5.168/30
2019-08-05 10:36:58.433 25169 RALLYDEBUG rally_openstack.wrappers.network [-] CIDR generated: 1.1.5.172/30
2019-08-05 10:36:58.499 25191 RALLYDEBUG rally_openstack.wrappers.network [-] CIDR generated: 1.1.5.176/30
2019-08-05 10:36:58.537 25183 RALLYDEBUG rally_openstack.wrappers.network [-] CIDR generated: 1.1.5.180/30
2019-08-05 10:36:58.619 25172 RALLYDEBUG rally_openstack.wrappers.network [-] CIDR generated: 1.1.5.184/30
2019-08-05 10:36:59.266 25210 RALLYDEBUG rally_openstack.wrappers.network [-] CIDR generated: 1.1.5.188/30
2019-08-05 10:36:59.320 25195 RALLYDEBUG rally_openstack.wrappers.network [-] CIDR generated: 1.1.5.192/30
2019-08-05 10:36:59.462 25171 RALLYDEBUG rally_openstack.wrappers.network [-] CIDR generated: 1.1.5.196/30
2019-08-05 10:36:59.487 25178 RALLYDEBUG rally_openstack.wrappers.network [-] CIDR generated: 1.1.5.200/30
2019-08-05 10:37:00.066 25207 RALLYDEBUG rally_openstack.wrappers.network [-] CIDR generated: 1.1.5.204/30
2019-08-05 10:37:00.164 25170 RALLYDEBUG rally_openstack.wrappers.network [-] CIDR generated: 1.1.5.208/30
2019-08-05 10:37:00.176 25203 RALLYDEBUG rally_openstack.wrappers.network [-] CIDR generated: 1.1.5.212/30
2019-08-05 10:37:00.202 25174 RALLYDEBUG rally_openstack.wrappers.network [-] CIDR generated: 1.1.5.216/30
2019-08-05 10:37:00.271 25172 RALLYDEBUG rally_openstack.wrappers.network [-] CIDR generated: 1.1.5.220/30
2019-08-05 10:37:00.284 25213 RALLYDEBUG rally_openstack.wrappers.network [-] CIDR generated: 1.1.5.224/30
2019-08-05 10:37:00.312 25186 RALLYDEBUG rally_openstack.wrappers.network [-] CIDR generated: 1.1.5.228/30
2019-08-05 10:37:00.367 25171 RALLYDEBUG rally_openstack.wrappers.network [-] CIDR generated: 1.1.5.232/30
2019-08-05 10:37:00.367 25197 RALLYDEBUG rally_openstack.wrappers.network [-] CIDR generated: 1.1.5.236/30
2019-08-05 10:37:00.503 25214 RALLYDEBUG rally_openstack.wrappers.network [-] CIDR generated: 1.1.5.240/30
2019-08-05 10:37:00.601 25191 RALLYDEBUG rally_openstack.wrappers.network [-] CIDR generated: 1.1.5.244/30
2019-08-05 10:37:00.642 25170 RALLYDEBUG rally_openstack.wrappers.network [-] CIDR generated: 1.1.5.248/30
2019-08-05 10:37:00.714 25183 RALLYDEBUG rally_openstack.wrappers.network [-] CIDR generated: 1.1.5.252/30
2019-08-05 10:37:00.925 25169 RALLYDEBUG rally_openstack.wrappers.network [-] CIDR generated: 1.1.6.0/30
2019-08-05 10:37:01.287 25169 RALLYDEBUG rally_openstack.wrappers.network [-] CIDR generated: 1.1.6.4/30
2019-08-05 10:37:01.424 25172 RALLYDEBUG rally_openstack.wrappers.network [-] CIDR generated: 1.1.6.8/30
2019-08-05 10:37:01.690 25195 RALLYDEBUG rally_openstack.wrappers.network [-] CIDR generated: 1.1.6.12/30
2019-08-05 10:37:01.936 25171 RALLYDEBUG rally_openstack.wrappers.network [-] CIDR generated: 1.1.6.16/30
2019-08-05 10:37:02.133 25207 RALLYDEBUG rally_openstack.wrappers.network [-] CIDR generated: 1.1.6.20/30
2019-08-05 10:37:02.750 25197 RALLYDEBUG rally_openstack.wrappers.network [-] CIDR generated: 1.1.6.24/30
2019-08-05 10:37:02.960 25210 RALLYDEBUG rally_openstack.wrappers.network [-] CIDR generated: 1.1.6.28/30
2019-08-05 10:37:03.116 25178 RALLYDEBUG rally_openstack.wrappers.network [-] CIDR generated: 1.1.6.32/30
2019-08-05 10:37:03.803 25203 RALLYDEBUG rally_openstack.wrappers.network [-] CIDR generated: 1.1.6.36/30
2019-08-05 10:37:04.031 25213 RALLYDEBUG rally_openstack.wrappers.network [-] CIDR generated: 1.1.6.40/30
2019-08-05 10:37:04.210 25172 RALLYDEBUG rally_openstack.wrappers.network [-] CIDR generated: 1.1.6.44/30
2019-08-05 10:37:04.368 25170 RALLYDEBUG rally_openstack.wrappers.network [-] CIDR generated: 1.1.6.48/30
2019-08-05 10:37:06.163 25186 RALLYDEBUG rally_openstack.wrappers.network [-] CIDR generated: 1.1.6.52/30
2019-08-05 10:37:06.169 25214 RALLYDEBUG rally_openstack.wrappers.network [-] CIDR generated: 1.1.6.56/30
2019-08-05 10:37:06.175 25174 RALLYDEBUG rally_openstack.wrappers.network [-] CIDR generated: 1.1.6.60/30
2019-08-05 10:37:12.811 25169 INFO rally.task.runner [-] Task c7793720-5806-4055-a7de-717204cc4b47 | ITER: 3 END: OK
2019-08-05 10:37:12.816 25169 INFO rally.task.runner [-] Task c7793720-5806-4055-a7de-717204cc4b47 | ITER: 21 START
2019-08-05 10:37:13.099 25183 INFO rally.task.runner [-] Task c7793720-5806-4055-a7de-717204cc4b47 | ITER: 11 END: OK
2019-08-05 10:37:13.103 25183 INFO rally.task.runner [-] Task c7793720-5806-4055-a7de-717204cc4b47 | ITER: 22 START
2019-08-05 10:37:14.749 25195 INFO rally.task.runner [-] Task c7793720-5806-4055-a7de-717204cc4b47 | ITER: 14 END: OK
2019-08-05 10:37:14.753 25195 INFO rally.task.runner [-] Task c7793720-5806-4055-a7de-717204cc4b47 | ITER: 23 START
2019-08-05 10:37:14.794 25172 INFO rally.task.runner [-] Task c7793720-5806-4055-a7de-717204cc4b47 | ITER: 8 END: OK
2019-08-05 10:37:14.799 25172 INFO rally.task.runner [-] Task c7793720-5806-4055-a7de-717204cc4b47 | ITER: 24 START
2019-08-05 10:37:15.159 25170 INFO rally.task.runner [-] Task c7793720-5806-4055-a7de-717204cc4b47 | ITER: 2 END: OK
2019-08-05 10:37:15.163 25170 INFO rally.task.runner [-] Task c7793720-5806-4055-a7de-717204cc4b47 | ITER: 25 START
2019-08-05 10:37:15.379 25171 INFO rally.task.runner [-] Task c7793720-5806-4055-a7de-717204cc4b47 | ITER: 4 END: OK
2019-08-05 10:37:15.384 25171 INFO rally.task.runner [-] Task c7793720-5806-4055-a7de-717204cc4b47 | ITER: 26 START
