2019-08-05 10:45:47.928 22705 RALLYDEBUG rally_openstack.cleanup.manager [-] Deleting neutron.port object s_rally_75ad8b6b_ZqVwhW5o (e16f92c2-c7bb-479b-a69e-865582340a6b)
2019-08-05 10:45:48.193 22705 RALLYDEBUG rally_openstack.cleanup.manager [-] Deleting neutron.port object s_rally_75ad8b6b_214uZet8 (e1e074b2-a42a-4e28-8f91-141d3fcf9d66)
2019-08-05 10:45:48.571 22705 RALLYDEBUG rally_openstack.cleanup.manager [-] Deleting neutron.port object s_rally_75ad8b6b_OGV2Kigr (e25d5883-feeb-4096-a2a5-5e0db9716b64)
2019-08-05 10:45:48.744 22705 RALLYDEBUG rally_openstack.cleanup.manager [-] Deleting neutron.port object s_rally_75ad8b6b_PKxWof4W (e370d314-1f08-40fd-ae24-64d40f61d71e)
2019-08-05 10:45:49.133 22705 RALLYDEBUG rally_openstack.cleanup.manager [-] Deleting neutron.port object s_rally_75ad8b6b_kR2Lqupk (e370f1c4-9d07-4c88-8933-f6d90cc1b66b)
2019-08-05 10:45:49.150 22705 RALLYDEBUG rally_openstack.cleanup.manager [-] Deleting neutron.port object s_rally_75ad8b6b_QIeADETk (e37b3d8f-7d0b-4d50-92b8-d9e888f01bf3)
2019-08-05 10:45:49.421 22705 RALLYDEBUG rally_openstack.cleanup.manager [-] Deleting neutron.port object s_rally_75ad8b6b_8yjjaj59 (e41e53af-6652-46c5-839d-67108b0e8117)
2019-08-05 10:45:49.442 22705 RALLYDEBUG rally_openstack.cleanup.manager [-] Deleting neutron.port object s_rally_75ad8b6b_yCouou3z (e4409119-ffcd-44fd-bd24-2417d70552c1)
2019-08-05 10:45:49.468 22705 RALLYDEBUG rally_openstack.cleanup.manager [-] Deleting neutron.port object s_rally_75ad8b6b_uuv3d7JK (e44e18d4-bf18-4089-8b84-7757eb9960e6)
2019-08-05 10:45:49.480 22705 RALLYDEBUG rally_openstack.cleanup.manager [-] Deleting neutron.port object s_rally_75ad8b6b_iLHq0QIG (e4924a37-791a-46f4-9a4c-d6c44ace2062)
2019-08-05 10:45:49.640 22705 RALLYDEBUG rally_openstack.cleanup.manager [-] Deleting neutron.port object s_rally_75ad8b6b_rJqz03wA (e4c977c5-1b20-4e2a-bc24-2c008e20d780)
2019-08-05 10:45:49.737 22705 RALLYDEBUG rally_openstack.cleanup.manager [-] Deleting neutron.port object s_rally_75ad8b6b_Pg62NRlC (e4cefc2c-3147-48a7-93a3-778d5819d376)
2019-08-05 10:45:49.758 22705 RALLYDEBUG rally_openstack.cleanup.manager [-] Deleting neutron.port object s_rally_75ad8b6b_ATpIb3Ty (e540a87d-8e93-451f-932e-8d6c7100e8ae)
2019-08-05 10:45:49.848 22705 RALLYDEBUG rally_openstack.cleanup.manager [-] Deleting neutron.port object s_rally_75ad8b6b_pbGVeLg3 (e563686e-b4d8-4aa5-b2a5-6e5b8cd14356)
2019-08-05 10:45:49.884 22705 RALLYDEBUG rally_openstack.cleanup.manager [-] Deleting neutron.port object s_rally_75ad8b6b_sj4f7Rul (e5a02112-5319-4d56-9ca3-83aeffb74214)
2019-08-05 10:45:49.911 22705 RALLYDEBUG rally_openstack.cleanup.manager [-] Deleting neutron.port object s_rally_75ad8b6b_ltF7iRwW (e6ad09f3-3b3c-4843-af97-d072676ebe13)
2019-08-05 10:45:49.995 22705 RALLYDEBUG rally_openstack.cleanup.manager [-] Deleting neutron.port object s_rally_75ad8b6b_WuFFYyzn (e701a066-4581-49d9-93e5-633fb89c5159)
2019-08-05 10:45:50.074 22705 RALLYDEBUG rally_openstack.cleanup.manager [-] Deleting neutron.port object s_rally_75ad8b6b_0nvTMYtb (e70831ab-fa23-417c-be00-437332ad2206)
2019-08-05 10:45:50.155 22705 RALLYDEBUG rally_openstack.cleanup.manager [-] Deleting neutron.port object s_rally_75ad8b6b_vv83O4OG (e9367908-1892-496a-a3e0-fc142abb3285)
2019-08-05 10:45:50.168 22705 RALLYDEBUG rally_openstack.cleanup.manager [-] Deleting neutron.port object s_rally_75ad8b6b_8gBvEmCX (e94d8677-f2a6-4b20-8925-b05d901b9980)
2019-08-05 10:45:50.402 22705 RALLYDEBUG rally_openstack.cleanup.manager [-] Deleting neutron.port object s_rally_75ad8b6b_70XTkXHR (ea3b7692-2e35-451f-b769-b0e7619f4882)
2019-08-05 10:45:50.608 22705 RALLYDEBUG rally_openstack.cleanup.manager [-] Deleting neutron.port object s_rally_75ad8b6b_E15yjbHw (ead5e150-d155-4b4e-b845-f94560f46137)
2019-08-05 10:45:51.237 22705 RALLYDEBUG rally_openstack.cleanup.manager [-] Deleting neutron.port object s_rally_75ad8b6b_kbOiK5Oj (eb658b3a-02a4-4f19-953b-62b0951d0ea2)
2019-08-05 10:45:51.488 22705 RALLYDEBUG rally_openstack.cleanup.manager [-] Deleting neutron.port object s_rally_75ad8b6b_qcV0tfAq (ebfb1d7c-3597-43f1-b553-40178681cc94)
2019-08-05 10:45:51.591 22705 RALLYDEBUG rally_openstack.cleanup.manager [-] Deleting neutron.port object s_rally_75ad8b6b_ziPSJuFi (ecbba8f7-6e34-48f2-8b2f-643c5a75c6db)
2019-08-05 10:45:51.630 22705 RALLYDEBUG rally_openstack.cleanup.manager [-] Deleting neutron.port object s_rally_75ad8b6b_s0cSkU5r (ecc02854-149c-452b-a7c3-d32569724d07)
2019-08-05 10:45:52.006 22705 RALLYDEBUG rally_openstack.cleanup.manager [-] Deleting neutron.port object s_rally_75ad8b6b_WsQXGXGO (edee6916-20e0-4e28-8960-89cc4b388dc7)
2019-08-05 10:45:52.503 22705 RALLYDEBUG rally_openstack.cleanup.manager [-] Deleting neutron.port object s_rally_75ad8b6b_m3SpDYOn (ee8d1034-92ec-4e56-bb17-4c3823a0923a)
2019-08-05 10:45:52.611 22705 RALLYDEBUG rally_openstack.cleanup.manager [-] Deleting neutron.port object s_rally_75ad8b6b_mn0xrYvq (ee9174ea-ccf4-4f65-8a59-4ca24633f71e)
2019-08-05 10:45:52.658 22705 RALLYDEBUG rally_openstack.cleanup.manager [-] Deleting neutron.port object s_rally_75ad8b6b_dVn0sUzi (ef0e1a7f-bfb6-4b21-ae3d-445845bd9f10)
2019-08-05 10:45:52.705 22705 RALLYDEBUG rally_openstack.cleanup.manager [-] Deleting neutron.port object s_rally_75ad8b6b_xaS2OZgb (f041e577-ea80-4b73-bf36-ba56783e372e)
2019-08-05 10:45:52.725 22705 RALLYDEBUG rally_openstack.cleanup.manager [-] Deleting neutron.port object s_rally_75ad8b6b_Z1vaA1Qh (f0fc2da3-d2ed-4179-b066-f784fe5aaef9)
2019-08-05 10:45:52.811 22705 RALLYDEBUG rally_openstack.cleanup.manager [-] Deleting neutron.port object s_rally_75ad8b6b_yhtBGi1J (f19f2301-2386-416f-b875-d7785a0bc033)
2019-08-05 10:45:52.899 22705 RALLYDEBUG rally_openstack.cleanup.manager [-] Deleting neutron.port object s_rally_75ad8b6b_1lTir0MA (f2fb2706-5068-46dc-8365-f439af3d1631)
2019-08-05 10:45:52.916 22705 RALLYDEBUG rally_openstack.cleanup.manager [-] Deleting neutron.port object s_rally_75ad8b6b_7iBadzvT (f4320e5e-1367-4ce1-b102-571a8e015ad3)
2019-08-05 10:45:53.117 22705 RALLYDEBUG rally_openstack.cleanup.manager [-] Deleting neutron.port object s_rally_75ad8b6b_jRDuIVsP (f451e80b-87b8-438b-bf10-4c6e0c5fdceb)
2019-08-05 10:45:53.131 22705 RALLYDEBUG rally_openstack.cleanup.manager [-] Deleting neutron.port object s_rally_75ad8b6b_PxJWVDIK (f45a0289-ae9a-4bb2-9a1e-f25f983d2b5b)
2019-08-05 10:45:53.141 22705 RALLYDEBUG rally_openstack.cleanup.manager [-] Deleting neutron.port object s_rally_75ad8b6b_TrnGBkv6 (f4d91611-d5ac-4360-99ab-d47ec4c82be7)
2019-08-05 10:45:53.273 22705 RALLYDEBUG rally_openstack.cleanup.manager [-] Deleting neutron.port object s_rally_75ad8b6b_vTBEh5CX (f5578860-f62a-466b-8402-62bb3e5e95a2)
2019-08-05 10:45:53.506 22705 RALLYDEBUG rally_openstack.cleanup.manager [-] Deleting neutron.port object s_rally_75ad8b6b_xmJPRN8t (f55daf17-fe0a-49d3-a1be-5ffc6d4f5d3d)
2019-08-05 10:45:53.656 22705 RALLYDEBUG rally_openstack.cleanup.manager [-] Deleting neutron.port object s_rally_75ad8b6b_34R1vLHS (f5e8e0c9-96d8-457d-926d-5c7aa776d9b8)
2019-08-05 10:45:53.740 22705 RALLYDEBUG rally_openstack.cleanup.manager [-] Deleting neutron.port object s_rally_75ad8b6b_fyvU0gp9 (f636a763-0b16-47ad-a9a0-4217f1b0391a)
2019-08-05 10:45:53.843 22705 RALLYDEBUG rally_openstack.cleanup.manager [-] Deleting neutron.port object s_rally_75ad8b6b_ySnGhoRR (f65056cf-c0de-4944-9b51-f2ff307234ed)
2019-08-05 10:45:53.863 22705 RALLYDEBUG rally_openstack.cleanup.manager [-] Deleting neutron.port object s_rally_75ad8b6b_ji6jY5aj (f74a108b-fdd0-4538-b493-16c4918e1a6a)
2019-08-05 10:45:54.210 22705 RALLYDEBUG rally_openstack.cleanup.manager [-] Deleting neutron.port object s_rally_75ad8b6b_FRHmNTfL (f8e80a2b-a97d-4a63-bf4b-1b7d14b43e36)
2019-08-05 10:45:54.334 22705 RALLYDEBUG rally_openstack.cleanup.manager [-] Deleting neutron.port object s_rally_75ad8b6b_4OybsrMR (f92ab878-b782-44bc-a7fe-c422a329a6e0)
2019-08-05 10:45:54.366 22705 RALLYDEBUG rally_openstack.cleanup.manager [-] Deleting neutron.port object s_rally_75ad8b6b_9Rl7IQmr (f93f3df4-fcc6-4c97-a7f2-85b6a7b6dfa7)
2019-08-05 10:45:55.107 22705 RALLYDEBUG rally_openstack.cleanup.manager [-] Deleting neutron.port object s_rally_75ad8b6b_P6p1kiZ6 (f98242a4-f280-444a-a7b6-855ee730b300)
2019-08-05 10:45:55.156 22705 RALLYDEBUG rally_openstack.cleanup.manager [-] Deleting neutron.port object s_rally_75ad8b6b_FLdv9fXY (f9ec4043-b0bd-414b-a1a4-25512edd6344)
2019-08-05 10:45:55.243 22705 RALLYDEBUG rally_openstack.cleanup.manager [-] Deleting neutron.port object s_rally_75ad8b6b_j6B4igCT (fa012c8a-ac9a-4cce-877f-beb0d1564ec8)
2019-08-05 10:45:55.265 22705 RALLYDEBUG rally_openstack.cleanup.manager [-] Deleting neutron.port object s_rally_75ad8b6b_2swtXpTC (fb3166aa-0417-41c4-b652-38aef293c448)
2019-08-05 10:45:55.265 22705 RALLYDEBUG rally_openstack.cleanup.manager [-] Deleting neutron.port object s_rally_75ad8b6b_DoTLWyjK (fb1ad288-efa4-4429-aadf-75fcb127a9f0)
2019-08-05 10:45:55.323 22705 RALLYDEBUG rally_openstack.cleanup.manager [-] Deleting neutron.port object s_rally_75ad8b6b_atYSu6AG (fb74c73c-e3a1-43b6-9065-7aa9afbcba1c)
2019-08-05 10:45:55.504 22705 RALLYDEBUG rally_openstack.cleanup.manager [-] Deleting neutron.port object s_rally_75ad8b6b_vfrKXjVh (fc7f9b7c-0f58-4695-b5ec-9d76cabfdb74)
2019-08-05 10:45:55.612 22705 RALLYDEBUG rally_openstack.cleanup.manager [-] Deleting neutron.port object s_rally_75ad8b6b_AyoSH0u3 (fd66b28e-ef68-465c-a67e-dea9af64daa6)
2019-08-05 10:45:55.675 22705 RALLYDEBUG rally_openstack.cleanup.manager [-] Deleting neutron.port object s_rally_75ad8b6b_LtAKJCIx (fd9beaf5-6ce0-408d-be66-0e6be720ad8d)
2019-08-05 10:45:55.689 22705 RALLYDEBUG rally_openstack.cleanup.manager [-] Deleting neutron.port object s_rally_75ad8b6b_eXSnxZY0 (fe381216-afd7-4ade-833a-5de7fe848963)
2019-08-05 10:45:55.818 22705 RALLYDEBUG rally_openstack.cleanup.manager [-] Deleting neutron.port object s_rally_75ad8b6b_KotBviVB (febe181e-d15e-4ea3-8b24-bd9d578aac0a)
2019-08-05 10:45:55.869 22705 RALLYDEBUG rally_openstack.cleanup.manager [-] Deleting neutron.port object s_rally_75ad8b6b_FHKjwX9O (fef39590-81d9-4ccb-b22c-4508c3faf97a)
2019-08-05 10:45:56.054 22705 RALLYDEBUG rally_openstack.cleanup.manager [-] Deleting neutron.port object s_rally_75ad8b6b_BaloL23O (ff993b2a-753e-4b15-a591-585b07721dd5)
2019-08-05 10:45:58.668 22705 RALLYDEBUG rally_openstack.cleanup.manager [-] Cleaning up neutron subnet objects
2019-08-05 10:45:59.331 22705 RALLYDEBUG rally_openstack.cleanup.manager [-] Cleaning up neutron network objects
2019-08-05 10:46:00.099 22705 RALLYDEBUG rally_openstack.cleanup.manager [-] Deleting neutron.network object s_rally_75ad8b6b_5jdjdCuC (2d546e76-39a0-42dc-b1e5-25d1dc0c0d1e)
2019-08-05 10:46:00.102 22705 RALLYDEBUG rally_openstack.cleanup.manager [-] Deleting neutron.network object s_rally_75ad8b6b_MSB0UvnJ (449b7058-82dc-4d9e-be0d-5bf8d43b5622)
2019-08-05 10:46:00.107 22705 RALLYDEBUG rally_openstack.cleanup.manager [-] Deleting neutron.network object s_rally_75ad8b6b_kO4XY73N (4dd75e99-caca-4a5e-b246-9612872330b3)
2019-08-05 10:46:00.115 22705 RALLYDEBUG rally_openstack.cleanup.manager [-] Deleting neutron.network object s_rally_75ad8b6b_9WsQ8pyG (5b3e086d-6cb1-458d-bf90-42fa2239c52c)
2019-08-05 10:46:00.125 22705 RALLYDEBUG rally_openstack.cleanup.manager [-] Deleting neutron.network object s_rally_75ad8b6b_PR3LLcXS (90b18a3a-f111-4d31-9c29-db53419ae2a7)
2019-08-05 10:46:00.137 22705 RALLYDEBUG rally_openstack.cleanup.manager [-] Deleting neutron.network object s_rally_75ad8b6b_nhhlZxap (990a022b-bbe8-4792-944a-dbacdb7ab4e1)
2019-08-05 10:46:00.143 22705 RALLYDEBUG rally_openstack.cleanup.manager [-] Deleting neutron.network object s_rally_75ad8b6b_luihNIj7 (c5b533fa-1e42-428d-9d6a-170816438065)
2019-08-05 10:46:00.151 22705 RALLYDEBUG rally_openstack.cleanup.manager [-] Deleting neutron.network object s_rally_75ad8b6b_m4RWWdmo (ff43db81-8ba2-4891-b89c-c87296f652dd)
2019-08-05 10:46:03.537 22705 RALLYDEBUG rally_openstack.cleanup.manager [-] Cleaning up neutron router objects
2019-08-05 10:46:04.430 22705 RALLYDEBUG rally_openstack.cleanup.manager [-] Cleaning up neutron security_group objects
2019-08-05 10:46:05.205 22705 INFO rally.task.context [-] Task c7793720-5806-4055-a7de-717204cc4b47 | Context cleanup@openstack cleanup() finished in 1.13 min
2019-08-05 10:46:05.206 22705 INFO rally.task.context [-] Task c7793720-5806-4055-a7de-717204cc4b47 | Context quotas@openstack cleanup() started
2019-08-05 10:46:05.476 22705 INFO rally.task.context [-] Task c7793720-5806-4055-a7de-717204cc4b47 | Context quotas@openstack cleanup() finished in 0.27 sec
2019-08-05 10:46:05.476 22705 INFO rally.task.context [-] Task c7793720-5806-4055-a7de-717204cc4b47 | Context users@openstack cleanup() started
2019-08-05 10:46:10.778 22705 INFO rally.task.context [-] Task c7793720-5806-4055-a7de-717204cc4b47 | Context users@openstack cleanup() finished in 5.30 sec
2019-08-05 10:46:11.496 22705 INFO rally.task.engine [-] Load duration is: 113.038334
2019-08-05 10:46:11.496 22705 INFO rally.task.engine [-] Full runner duration is: 113.088441
2019-08-05 10:46:11.497 22705 INFO rally.task.engine [-] Full duration is: 192.049342
2019-08-05 10:46:11.699 22705 INFO rally.task.engine [-] Running workload: position = 1 config = { "version": 2, "title": "A cropped version of a bigger task.", "description": "Auto-generated task from a single workload (uuid=81343ac4-1e8f-4e79-8a93-d2a3c3e66baf)", "subtasks": [ { "title": "NeutronNetworks.create_and_update_ports", "description": "Create and update a given number of ports.", "scenario": { "NeutronNetworks.create_and_update_ports": { "network_create_args": {}, "port_create_args": {}, "ports_per_network": 5, "port_update_args": { "admin_state_up": false, "device_id": "dummy_id", "device_owner": "dummy_owner", "name": "_port_updated" } } }, "contexts": { "users": { "tenants": 1, "users_per_tenant": 1 }, "quotas": { "neutron": { "network": -1, "port": -1 } } }, "runner": { "constant": { "times": 40, "concurrency": 20 } }, "hooks": [], "sla": { "failure_rate": { "max": 0 } } } ] }
2019-08-05 10:46:11.721 22705 RALLYDEBUG rally_openstack.contexts.keystone.users [-] Creating 1 tenants using 20 threads
2019-08-05 10:46:13.630 22705 RALLYDEBUG rally_openstack.contexts.keystone.users [-] Creating 1 users using 20 threads
2019-08-05 10:46:16.354 22705 INFO rally.task.context [-] Task c7793720-5806-4055-a7de-717204cc4b47 | Context users@openstack setup() finished in 4.63 sec
2019-08-05 10:46:17.152 22705 INFO rally.task.context [-] Task c7793720-5806-4055-a7de-717204cc4b47 | Context quotas@openstack setup() finished in 0.80 sec
2019-08-05 10:46:17.153 22705 INFO rally.task.context [-] Task c7793720-5806-4055-a7de-717204cc4b47 | Context cleanup@openstack setup() finished in 0.01 msec
2019-08-05 10:46:17.161 22705 RALLYDEBUG rally.task.runner [-] Starting the constant runner (task UUID: c7793720-5806-4055-a7de-717204cc4b47). timeout: 0 concurrency: 20 concurrency_per_worker: 1 times: 40 concurrency_overhead: 4 processes_to_start: 16 max_cpu_used: 16
2019-08-05 10:46:17.173 26581 RALLYDEBUG rally.task.runner [-] Starting a worker. concurrency: 2 args: {"network_create_args": {}, "port_create_args": {}, "ports_per_network": 5, "port_update_args": {"admin_state_up": false, "device_id": "dummy_id", "device_owner": "dummy_owner", "name": "_port_updated"}} times: 40 method_name: run timeout: 0 duration: None cls:
2019-08-05 10:46:17.176 26583 RALLYDEBUG rally.task.runner [-] Starting a worker. concurrency: 2 args: {"network_create_args": {}, "port_create_args": {}, "ports_per_network": 5, "port_update_args": {"admin_state_up": false, "device_id": "dummy_id", "device_owner": "dummy_owner", "name": "_port_updated"}} times: 40 method_name: run timeout: 0 duration: None cls:
2019-08-05 10:46:17.176 26582 RALLYDEBUG rally.task.runner [-] Starting a worker. concurrency: 2 args: {"network_create_args": {}, "port_create_args": {}, "ports_per_network": 5, "port_update_args": {"admin_state_up": false, "device_id": "dummy_id", "device_owner": "dummy_owner", "name": "_port_updated"}} times: 40 method_name: run timeout: 0 duration: None cls:
2019-08-05 10:46:17.181 26583 INFO rally.task.runner [-] Task c7793720-5806-4055-a7de-717204cc4b47 | ITER: 2 START
2019-08-05 10:46:17.181 26584 RALLYDEBUG rally.task.runner [-] Starting a worker. concurrency: 2 args: {"network_create_args": {}, "port_create_args": {}, "ports_per_network": 5, "port_update_args": {"admin_state_up": false, "device_id": "dummy_id", "device_owner": "dummy_owner", "name": "_port_updated"}} times: 40 method_name: run timeout: 0 duration: None cls:
2019-08-05 10:46:17.181 26581 INFO rally.task.runner [-] Task c7793720-5806-4055-a7de-717204cc4b47 | ITER: 1 START
2019-08-05 10:46:17.183 26583 WARNING rally_openstack.scenarios.neutron.utils [-] Running this scenario without either the 'network' or 'existing_network' context is deprecated
2019-08-05 10:46:17.183 26581 WARNING rally_openstack.scenarios.neutron.utils [-] Running this scenario without either the 'network' or 'existing_network' context is deprecated
2019-08-05 10:46:17.184 26582 INFO rally.task.runner [-] Task c7793720-5806-4055-a7de-717204cc4b47 | ITER: 3 START
2019-08-05 10:46:17.186 26582 WARNING rally_openstack.scenarios.neutron.utils [-] Running this scenario without either the 'network' or 'existing_network' context is deprecated
2019-08-05 10:46:17.188 26584 INFO rally.task.runner [-] Task c7793720-5806-4055-a7de-717204cc4b47 | ITER: 7 START
2019-08-05 10:46:17.184 26583 INFO rally.task.runner [-] Task c7793720-5806-4055-a7de-717204cc4b47 | ITER: 5 START
2019-08-05 10:46:17.189 26583 WARNING rally_openstack.scenarios.neutron.utils [-] Running this scenario without either the 'network' or 'existing_network' context is deprecated
2019-08-05 10:46:17.189 26596 RALLYDEBUG rally.task.runner [-] Starting a worker. concurrency: 1 args: {"network_create_args": {}, "port_create_args": {}, "ports_per_network": 5, "port_update_args": {"admin_state_up": false, "device_id": "dummy_id", "device_owner": "dummy_owner", "name": "_port_updated"}} times: 40 method_name: run timeout: 0 duration: None cls:
2019-08-05 10:46:17.190 26591 RALLYDEBUG rally.task.runner [-] Starting a worker. concurrency: 1 args: {"network_create_args": {}, "port_create_args": {}, "ports_per_network": 5, "port_update_args": {"admin_state_up": false, "device_id": "dummy_id", "device_owner": "dummy_owner", "name": "_port_updated"}} times: 40 method_name: run timeout: 0 duration: None cls:
2019-08-05 10:46:17.189 26584 INFO rally.task.runner [-] Task c7793720-5806-4055-a7de-717204cc4b47 | ITER: 8 START
2019-08-05 10:46:17.191 26584 WARNING rally_openstack.scenarios.neutron.utils [-] Running this scenario without either the 'network' or 'existing_network' context is deprecated
2019-08-05 10:46:17.190 26581 INFO rally.task.runner [-] Task c7793720-5806-4055-a7de-717204cc4b47 | ITER: 4 START
2019-08-05 10:46:17.192 26596 INFO rally.task.runner [-] Task c7793720-5806-4055-a7de-717204cc4b47 | ITER: 9 START
2019-08-05 10:46:17.192 26581 WARNING rally_openstack.scenarios.neutron.utils [-] Running this scenario without either the 'network' or 'existing_network' context is deprecated
2019-08-05 10:46:17.193 26596 WARNING rally_openstack.scenarios.neutron.utils [-] Running this scenario without either the 'network' or 'existing_network' context is deprecated
2019-08-05 10:46:17.197 26591 INFO rally.task.runner [-] Task c7793720-5806-4055-a7de-717204cc4b47 | ITER: 10 START
2019-08-05 10:46:17.197 26601 RALLYDEBUG rally.task.runner [-] Starting a worker. concurrency: 1 args: {"network_create_args": {}, "port_create_args": {}, "ports_per_network": 5, "port_update_args": {"admin_state_up": false, "device_id": "dummy_id", "device_owner": "dummy_owner", "name": "_port_updated"}} times: 40 method_name: run timeout: 0 duration: None cls:
2019-08-05 10:46:17.196 26598 RALLYDEBUG rally.task.runner [-] Starting a worker. concurrency: 1 args: {"network_create_args": {}, "port_create_args": {}, "ports_per_network": 5, "port_update_args": {"admin_state_up": false, "device_id": "dummy_id", "device_owner": "dummy_owner", "name": "_port_updated"}} times: 40 method_name: run timeout: 0 duration: None cls:
2019-08-05 10:46:17.198 26591 WARNING rally_openstack.scenarios.neutron.utils [-] Running this scenario without either the 'network' or 'existing_network' context is deprecated
2019-08-05 10:46:17.199 26582 INFO rally.task.runner [-] Task c7793720-5806-4055-a7de-717204cc4b47 | ITER: 6 START
2019-08-05 10:46:17.201 26582 WARNING rally_openstack.scenarios.neutron.utils [-] Running this scenario without either the 'network' or 'existing_network' context is deprecated
2019-08-05 10:46:17.201 26601 INFO rally.task.runner [-] Task c7793720-5806-4055-a7de-717204cc4b47 | ITER: 11 START
2019-08-05 10:46:17.191 26584 WARNING rally_openstack.scenarios.neutron.utils [-] Running this scenario without either the 'network' or 'existing_network' context is deprecated
2019-08-05 10:46:17.202 26601 WARNING rally_openstack.scenarios.neutron.utils [-] Running this scenario without either the 'network' or 'existing_network' context is deprecated
2019-08-05 10:46:17.202 26598 INFO rally.task.runner [-] Task c7793720-5806-4055-a7de-717204cc4b47 | ITER: 12 START
2019-08-05 10:46:17.203 26598 WARNING rally_openstack.scenarios.neutron.utils [-] Running this scenario without either the 'network' or 'existing_network' context is deprecated
2019-08-05 10:46:17.204 26605 RALLYDEBUG rally.task.runner [-] Starting a worker. concurrency: 1 args: {"network_create_args": {}, "port_create_args": {}, "ports_per_network": 5, "port_update_args": {"admin_state_up": false, "device_id": "dummy_id", "device_owner": "dummy_owner", "name": "_port_updated"}} times: 40 method_name: run timeout: 0 duration: None cls:
2019-08-05 10:46:17.207 26609 RALLYDEBUG rally.task.runner [-] Starting a worker. concurrency: 1 args: {"network_create_args": {}, "port_create_args": {}, "ports_per_network": 5, "port_update_args": {"admin_state_up": false, "device_id": "dummy_id", "device_owner": "dummy_owner", "name": "_port_updated"}} times: 40 method_name: run timeout: 0 duration: None cls:
2019-08-05 10:46:17.211 26605 INFO rally.task.runner [-] Task c7793720-5806-4055-a7de-717204cc4b47 | ITER: 13 START
2019-08-05 10:46:17.211 26611 RALLYDEBUG rally.task.runner [-] Starting a worker. concurrency: 1 args: {"network_create_args": {}, "port_create_args": {}, "ports_per_network": 5, "port_update_args": {"admin_state_up": false, "device_id": "dummy_id", "device_owner": "dummy_owner", "name": "_port_updated"}} times: 40 method_name: run timeout: 0 duration: None cls:
2019-08-05 10:46:17.212 26609 INFO rally.task.runner [-] Task c7793720-5806-4055-a7de-717204cc4b47 | ITER: 14 START
2019-08-05 10:46:17.213 26605 WARNING rally_openstack.scenarios.neutron.utils [-] Running this scenario without either the 'network' or 'existing_network' context is deprecated
2019-08-05 10:46:17.214 26609 WARNING rally_openstack.scenarios.neutron.utils [-] Running this scenario without either the 'network' or 'existing_network' context is deprecated
2019-08-05 10:46:17.216 26611 INFO rally.task.runner [-] Task c7793720-5806-4055-a7de-717204cc4b47 | ITER: 15 START
2019-08-05 10:46:17.217 26611 WARNING rally_openstack.scenarios.neutron.utils [-] Running this scenario without either the 'network' or 'existing_network' context is deprecated
2019-08-05 10:46:17.221 26615 RALLYDEBUG rally.task.runner [-] Starting a worker. concurrency: 1 args: {"network_create_args": {}, "port_create_args": {}, "ports_per_network": 5, "port_update_args": {"admin_state_up": false, "device_id": "dummy_id", "device_owner": "dummy_owner", "name": "_port_updated"}} times: 40 method_name: run timeout: 0 duration: None cls:
2019-08-05 10:46:17.227 26615 INFO rally.task.runner [-] Task c7793720-5806-4055-a7de-717204cc4b47 | ITER: 16 START
2019-08-05 10:46:17.227 26619 RALLYDEBUG rally.task.runner [-] Starting a worker. concurrency: 1 args: {"network_create_args": {}, "port_create_args": {}, "ports_per_network": 5, "port_update_args": {"admin_state_up": false, "device_id": "dummy_id", "device_owner": "dummy_owner", "name": "_port_updated"}} times: 40 method_name: run timeout: 0 duration: None cls:
2019-08-05 10:46:17.229 26615 WARNING rally_openstack.scenarios.neutron.utils [-] Running this scenario without either the 'network' or 'existing_network' context is deprecated
2019-08-05 10:46:17.233 26619 INFO rally.task.runner [-] Task c7793720-5806-4055-a7de-717204cc4b47 | ITER: 17 START
2019-08-05 10:46:17.234 26622 RALLYDEBUG rally.task.runner [-] Starting a worker. concurrency: 1 args: {"network_create_args": {}, "port_create_args": {}, "ports_per_network": 5, "port_update_args": {"admin_state_up": false, "device_id": "dummy_id", "device_owner": "dummy_owner", "name": "_port_updated"}} times: 40 method_name: run timeout: 0 duration: None cls:
2019-08-05 10:46:17.235 26619 WARNING rally_openstack.scenarios.neutron.utils [-] Running this scenario without either the 'network' or 'existing_network' context is deprecated
2019-08-05 10:46:17.240 26622 INFO rally.task.runner [-] Task c7793720-5806-4055-a7de-717204cc4b47 | ITER: 18 START
2019-08-05 10:46:17.240 26625 RALLYDEBUG rally.task.runner [-] Starting a worker. concurrency: 1 args: {"network_create_args": {}, "port_create_args": {}, "ports_per_network": 5, "port_update_args": {"admin_state_up": false, "device_id": "dummy_id", "device_owner": "dummy_owner", "name": "_port_updated"}} times: 40 method_name: run timeout: 0 duration: None cls:
2019-08-05 10:46:17.241 26622 WARNING rally_openstack.scenarios.neutron.utils [-] Running this scenario without either the 'network' or 'existing_network' context is deprecated
2019-08-05 10:46:17.244 26625 INFO rally.task.runner [-] Task c7793720-5806-4055-a7de-717204cc4b47 | ITER: 19 START
2019-08-05 10:46:17.246 26625 WARNING rally_openstack.scenarios.neutron.utils [-] Running this scenario without either the 'network' or 'existing_network' context is deprecated
2019-08-05 10:46:17.246 26628 RALLYDEBUG rally.task.runner [-] Starting a worker. concurrency: 1 args: {"network_create_args": {}, "port_create_args": {}, "ports_per_network": 5, "port_update_args": {"admin_state_up": false, "device_id": "dummy_id", "device_owner": "dummy_owner", "name": "_port_updated"}} times: 40 method_name: run timeout: 0 duration: None cls:
2019-08-05 10:46:17.250 26628 INFO rally.task.runner [-] Task c7793720-5806-4055-a7de-717204cc4b47 | ITER: 20 START
2019-08-05 10:46:17.251 26628 WARNING rally_openstack.scenarios.neutron.utils [-] Running this scenario without either the 'network' or 'existing_network' context is deprecated
2019-08-05 10:46:32.673 26582 INFO rally.task.runner [-] Task c7793720-5806-4055-a7de-717204cc4b47 | ITER: 3 END: OK
2019-08-05 10:46:32.678 26582 INFO rally.task.runner [-] Task c7793720-5806-4055-a7de-717204cc4b47 | ITER: 21 START
2019-08-05 10:46:32.679 26582 WARNING rally_openstack.scenarios.neutron.utils [-] Running this scenario without either the 'network' or 'existing_network' context is deprecated
2019-08-05 10:46:33.727 26615 INFO rally.task.runner [-] Task c7793720-5806-4055-a7de-717204cc4b47 | ITER: 16 END: OK
2019-08-05 10:46:33.731 26615 INFO rally.task.runner [-] Task c7793720-5806-4055-a7de-717204cc4b47 | ITER: 22 START
2019-08-05 10:46:33.732 26615 WARNING rally_openstack.scenarios.neutron.utils [-] Running this scenario without either the 'network' or 'existing_network' context is deprecated
2019-08-05 10:46:33.933 26583 INFO rally.task.runner [-] Task c7793720-5806-4055-a7de-717204cc4b47 | ITER: 2 END: OK
2019-08-05 10:46:33.936 26622 INFO rally.task.runner [-] Task c7793720-5806-4055-a7de-717204cc4b47 | ITER: 18 END: OK
2019-08-05 10:46:33.936 26583 INFO rally.task.runner [-] Task c7793720-5806-4055-a7de-717204cc4b47 | ITER: 23 START
2019-08-05 10:46:33.937 26583 WARNING rally_openstack.scenarios.neutron.utils [-] Running this scenario without either the 'network' or 'existing_network' context is deprecated
2019-08-05 10:46:33.940 26622 INFO rally.task.runner [-] Task c7793720-5806-4055-a7de-717204cc4b47 | ITER: 24 START
2019-08-05 10:46:33.940 26622 WARNING rally_openstack.scenarios.neutron.utils [-] Running this scenario without either the 'network' or 'existing_network' context is deprecated
2019-08-05 10:46:34.221 26598 INFO rally.task.runner [-] Task c7793720-5806-4055-a7de-717204cc4b47 | ITER: 12 END: OK
2019-08-05 10:46:34.226 26598 INFO rally.task.runner [-] Task c7793720-5806-4055-a7de-717204cc4b47 | ITER: 25 START
2019-08-05 10:46:34.226 26598 WARNING rally_openstack.scenarios.neutron.utils [-] Running this scenario without either the 'network' or 'existing_network' context is deprecated
2019-08-05 10:46:34.601 26628 INFO rally.task.runner [-] Task c7793720-5806-4055-a7de-717204cc4b47 | ITER: 20 END: OK
2019-08-05 10:46:34.606 26628 INFO rally.task.runner [-] Task c7793720-5806-4055-a7de-717204cc4b47 | ITER: 26 START
2019-08-05 10:46:34.606 26628 WARNING rally_openstack.scenarios.neutron.utils [-] Running this scenario without either the 'network' or 'existing_network' context is deprecated
2019-08-05 10:46:34.856 26581 INFO rally.task.runner [-] Task c7793720-5806-4055-a7de-717204cc4b47 | ITER: 4 END: OK
2019-08-05 10:46:34.861 26581 INFO rally.task.runner [-] Task c7793720-5806-4055-a7de-717204cc4b47 | ITER: 27 START
2019-08-05 10:46:34.861 26581 WARNING rally_openstack.scenarios.neutron.utils [-] Running this scenario without either the 'network' or 'existing_network' context is deprecated
2019-08-05 10:46:35.448 26591 INFO rally.task.runner [-] Task c7793720-5806-4055-a7de-717204cc4b47 | ITER: 10 END: OK
2019-08-05 10:46:35.453 26591 INFO rally.task.runner [-] Task c7793720-5806-4055-a7de-717204cc4b47 | ITER: 28 START
2019-08-05 10:46:35.454 26591 WARNING rally_openstack.scenarios.neutron.utils [-] Running this scenario without either the 'network' or 'existing_network' context is deprecated
2019-08-05 10:46:35.529 26581 INFO rally.task.runner [-] Task c7793720-5806-4055-a7de-717204cc4b47 | ITER: 1 END: OK
2019-08-05 10:46:35.533 26581 INFO rally.task.runner [-] Task c7793720-5806-4055-a7de-717204cc4b47 | ITER: 29 START
2019-08-05 10:46:35.534 26581 WARNING rally_openstack.scenarios.neutron.utils [-] Running this scenario without either the 'network' or 'existing_network' context is deprecated
2019-08-05 10:46:35.578 26619 INFO rally.task.runner [-] Task c7793720-5806-4055-a7de-717204cc4b47 | ITER: 17 END: OK
2019-08-05 10:46:35.582 26619 INFO rally.task.runner [-] Task c7793720-5806-4055-a7de-717204cc4b47 | ITER: 30 START
2019-08-05 10:46:35.582 26619 WARNING rally_openstack.scenarios.neutron.utils [-] Running this scenario without either the 'network' or 'existing_network' context is deprecated
2019-08-05 10:46:36.311 26584 INFO rally.task.runner [-] Task c7793720-5806-4055-a7de-717204cc4b47 | ITER: 7 END: OK
2019-08-05 10:46:36.316 26584 INFO rally.task.runner [-] Task c7793720-5806-4055-a7de-717204cc4b47 | ITER: 31 START
2019-08-05 10:46:36.317 26584 WARNING rally_openstack.scenarios.neutron.utils [-] Running this scenario without either the 'network' or 'existing_network' context is deprecated
2019-08-05 10:46:36.530 26582 INFO rally.task.runner [-] Task c7793720-5806-4055-a7de-717204cc4b47 | ITER: 6 END: OK
2019-08-05 10:46:36.534 26582 INFO rally.task.runner [-] Task c7793720-5806-4055-a7de-717204cc4b47 | ITER: 32 START
2019-08-05 10:46:36.535 26582 WARNING rally_openstack.scenarios.neutron.utils [-] Running this scenario without either the 'network' or 'existing_network' context is deprecated
2019-08-05 10:46:36.797 26625 INFO rally.task.runner [-] Task c7793720-5806-4055-a7de-717204cc4b47 | ITER: 19 END: OK
2019-08-05 10:46:36.801 26625 INFO rally.task.runner [-] Task c7793720-5806-4055-a7de-717204cc4b47 | ITER: 33 START
2019-08-05 10:46:36.801 26625 WARNING rally_openstack.scenarios.neutron.utils [-] Running this scenario without either the 'network' or 'existing_network' context is deprecated
2019-08-05 10:46:37.039 26601 INFO rally.task.runner [-] Task c7793720-5806-4055-a7de-717204cc4b47 | ITER: 11 END: OK
2019-08-05 10:46:37.043 26601 INFO rally.task.runner [-] Task c7793720-5806-4055-a7de-717204cc4b47 | ITER: 34 START
2019-08-05 10:46:37.044 26601 WARNING rally_openstack.scenarios.neutron.utils [-] Running this scenario without either the 'network' or 'existing_network' context is deprecated
2019-08-05 10:46:37.256 26583 INFO rally.task.runner [-] Task c7793720-5806-4055-a7de-717204cc4b47 | ITER: 5 END: OK
2019-08-05 10:46:37.257 26605 INFO rally.task.runner [-] Task c7793720-5806-4055-a7de-717204cc4b47 | ITER: 13 END: OK
2019-08-05 10:46:37.260 26583 INFO rally.task.runner [-] Task c7793720-5806-4055-a7de-717204cc4b47 | ITER: 35 START
2019-08-05 10:46:37.261 26583 WARNING rally_openstack.scenarios.neutron.utils [-] Running this scenario without either the 'network' or 'existing_network' context is deprecated
2019-08-05 10:46:37.264 26605 INFO rally.task.runner [-] Task c7793720-5806-4055-a7de-717204cc4b47 | ITER: 36 START
2019-08-05 10:46:37.264 26605 WARNING rally_openstack.scenarios.neutron.utils [-] Running this scenario without either the 'network' or 'existing_network' context is deprecated
2019-08-05 10:46:37.867 26584 INFO rally.task.runner [-] Task c7793720-5806-4055-a7de-717204cc4b47 | ITER: 8 END: OK
2019-08-05 10:46:37.871 26584 INFO rally.task.runner [-] Task c7793720-5806-4055-a7de-717204cc4b47 | ITER: 37 START
2019-08-05 10:46:37.872 26584 WARNING rally_openstack.scenarios.neutron.utils [-] Running this scenario without either the 'network' or 'existing_network' context is deprecated
2019-08-05 10:46:38.696 26611 INFO rally.task.runner [-] Task c7793720-5806-4055-a7de-717204cc4b47 | ITER: 15 END: OK
2019-08-05 10:46:38.701 26611 INFO rally.task.runner [-] Task c7793720-5806-4055-a7de-717204cc4b47 | ITER: 38 START
2019-08-05 10:46:38.702 26611 WARNING rally_openstack.scenarios.neutron.utils [-] Running this scenario without either the 'network' or 'existing_network' context is deprecated
2019-08-05 10:46:38.850 26596 INFO rally.task.runner [-] Task c7793720-5806-4055-a7de-717204cc4b47 | ITER: 9 END: OK
2019-08-05 10:46:38.854 26596 INFO rally.task.runner [-] Task c7793720-5806-4055-a7de-717204cc4b47 | ITER: 39 START
2019-08-05 10:46:38.855 26596 WARNING rally_openstack.scenarios.neutron.utils [-] Running this scenario without either the 'network' or 'existing_network' context is deprecated
2019-08-05 10:46:41.053 26609 INFO rally.task.runner [-] Task c7793720-5806-4055-a7de-717204cc4b47 | ITER: 14 END: OK
2019-08-05 10:46:41.057 26609 INFO rally.task.runner [-] Task c7793720-5806-4055-a7de-717204cc4b47 | ITER: 40 START
2019-08-05 10:46:41.058 26609 WARNING rally_openstack.scenarios.neutron.utils [-] Running this scenario without either the 'network' or 'existing_network' context is deprecated
2019-08-05 10:46:50.701 26582 INFO rally.task.runner [-] Task c7793720-5806-4055-a7de-717204cc4b47 | ITER: 21 END: OK
2019-08-05 10:46:51.717 26598 INFO rally.task.runner [-] Task c7793720-5806-4055-a7de-717204cc4b47 | ITER: 25 END: OK
2019-08-05 10:46:52.525 26622 INFO rally.task.runner [-] Task c7793720-5806-4055-a7de-717204cc4b47 | ITER: 24 END: OK
2019-08-05 10:46:52.798 26615 INFO rally.task.runner [-] Task c7793720-5806-4055-a7de-717204cc4b47 | ITER: 22 END: OK
2019-08-05 10:46:52.844 26584 INFO rally.task.runner [-] Task c7793720-5806-4055-a7de-717204cc4b47 | ITER: 31 END: OK
2019-08-05 10:46:52.912 26591 INFO rally.task.runner [-] Task c7793720-5806-4055-a7de-717204cc4b47 | ITER: 28 END: OK
2019-08-05 10:46:53.170 26581 INFO rally.task.runner [-] Task c7793720-5806-4055-a7de-717204cc4b47 | ITER: 27 END: OK
2019-08-05 10:46:53.707 26619 INFO rally.task.runner [-] Task c7793720-5806-4055-a7de-717204cc4b47 | ITER: 30 END: OK
2019-08-05 10:46:54.038 26625 INFO rally.task.runner [-] Task c7793720-5806-4055-a7de-717204cc4b47 | ITER: 33 END: OK
2019-08-05 10:46:54.059 26583 INFO rally.task.runner [-] Task c7793720-5806-4055-a7de-717204cc4b47 | ITER: 23 END: OK
2019-08-05 10:46:54.096 26583 INFO rally.task.runner [-] Task c7793720-5806-4055-a7de-717204cc4b47 | ITER: 35 END: OK
2019-08-05 10:46:54.272 26628 INFO rally.task.runner [-] Task c7793720-5806-4055-a7de-717204cc4b47 | ITER: 26 END: OK
2019-08-05 10:46:54.900 26584 INFO rally.task.runner [-] Task c7793720-5806-4055-a7de-717204cc4b47 | ITER: 37 END: OK
2019-08-05 10:46:55.007 26605 INFO rally.task.runner [-] Task c7793720-5806-4055-a7de-717204cc4b47 | ITER: 36 END: OK
2019-08-05 10:46:55.054 26601 INFO rally.task.runner [-] Task c7793720-5806-4055-a7de-717204cc4b47 | ITER: 34 END: OK
2019-08-05 10:46:55.359 26611 INFO rally.task.runner [-] Task c7793720-5806-4055-a7de-717204cc4b47 | ITER: 38 END: OK
2019-08-05 10:46:55.392 26581 INFO rally.task.runner [-] Task c7793720-5806-4055-a7de-717204cc4b47 | ITER: 29 END: OK
2019-08-05 10:46:55.439 26582 INFO rally.task.runner [-] Task c7793720-5806-4055-a7de-717204cc4b47 | ITER: 32 END: OK
2019-08-05 10:46:55.469 26596 INFO rally.task.runner [-] Task c7793720-5806-4055-a7de-717204cc4b47 | ITER: 39 END: OK
2019-08-05 10:46:56.708 26609 INFO rally.task.runner [-] Task c7793720-5806-4055-a7de-717204cc4b47 | ITER: 40 END: OK
2019-08-05 10:46:56.738 22705 INFO rally.task.context [-] Task c7793720-5806-4055-a7de-717204cc4b47 | Context cleanup@openstack cleanup() started
2019-08-05 10:46:56.740 22705 RALLYDEBUG rally_openstack.cleanup.manager [-] Cleaning up neutron vip objects
2019-08-05 10:46:57.566 22705 RALLYDEBUG rally_openstack.cleanup.manager [-] Cleaning up neutron health_monitor objects
2019-08-05 10:46:58.220 22705 RALLYDEBUG rally_openstack.cleanup.manager [-] Cleaning up neutron pool objects
2019-08-05 10:46:58.945 22705 RALLYDEBUG rally_openstack.cleanup.manager [-] Cleaning up neutron loadbalancer objects
2019-08-05 10:46:59.658 22705 RALLYDEBUG rally_openstack.cleanup.manager [-] Cleaning up neutron floatingip objects
2019-08-05 10:47:00.529 22705 RALLYDEBUG rally_openstack.cleanup.manager [-] Cleaning up neutron port objects
2019-08-05 10:47:01.707 22705 RALLYDEBUG rally_openstack.cleanup.manager [-] Deleting neutron.port object s_rally_81343ac4_ud9smonP (02cbfd2f-6a04-425e-8e0a-269b16b0051e)
2019-08-05 10:47:01.708 22705 RALLYDEBUG rally_openstack.cleanup.manager [-] Deleting neutron.port object s_rally_81343ac4_jevXmHmB (04f074ad-4789-4f96-a26a-d33c5ebd84a3)
2019-08-05 10:47:01.708 22705 RALLYDEBUG rally_openstack.cleanup.manager [-] Deleting neutron.port object s_rally_81343ac4_4uKdJbRu (0841600e-717b-4bab-bc55-f4f2cf06c75d)
2019-08-05 10:47:01.714 22705 RALLYDEBUG rally_openstack.cleanup.manager [-] Deleting neutron.port object s_rally_81343ac4_2oOYRmlw (0059b2f7-023c-4df3-947c-3af003053acc)
2019-08-05 10:47:01.719 22705 RALLYDEBUG rally_openstack.cleanup.manager [-] Deleting neutron.port object s_rally_81343ac4_1OeVIRE0 (09889ce5-11a9-46c4-8495-2f4f2b6570c7)
2019-08-05 10:47:01.721 22705 RALLYDEBUG rally_openstack.cleanup.manager [-] Deleting neutron.port object s_rally_81343ac4_762E2MNM (040b4ff8-8c9c-4102-b0ef-c68e7a629eaf)
2019-08-05 10:47:01.731 22705 RALLYDEBUG rally_openstack.cleanup.manager [-] Deleting neutron.port object s_rally_81343ac4_ao2ck1iW (09a35a62-5117-4ca1-a776-e62dc0cc1980)
2019-08-05 10:47:01.732 22705 RALLYDEBUG rally_openstack.cleanup.manager [-] Deleting neutron.port object s_rally_81343ac4_hw75JVFM (05876030-36c4-459a-9aeb-4b99f1891096)
2019-08-05 10:47:01.733 22705 RALLYDEBUG rally_openstack.cleanup.manager [-] Deleting neutron.port object s_rally_81343ac4_SukfkyD3 (025e136a-b276-4d47-8c1b-d66eebd7c892)
2019-08-05 10:47:01.748 22705 RALLYDEBUG rally_openstack.cleanup.manager [-] Deleting neutron.port object s_rally_81343ac4_8uhyIIaw (07f985db-f6f4-4e0c-ba80-e9d9a000a193)
2019-08-05 10:47:01.752 22705 RALLYDEBUG rally_openstack.cleanup.manager [-] Deleting neutron.port object s_rally_81343ac4_jUxfgWLS (0af6f284-6954-481e-befc-e57df0abc497)
2019-08-05 10:47:01.777 22705 RALLYDEBUG rally_openstack.cleanup.manager [-] Deleting neutron.port object s_rally_81343ac4_T70nIx07 (108519f9-da10-43c5-b182-abbaeb07c8e8)
2019-08-05 10:47:01.791 22705 RALLYDEBUG rally_openstack.cleanup.manager [-] Deleting neutron.port object s_rally_81343ac4_fn4TxwVc (1335585a-90f2-45e4-bddb-16cfb2047032)
2019-08-05 10:47:01.799 22705 RALLYDEBUG rally_openstack.cleanup.manager [-] Deleting neutron.port object s_rally_81343ac4_sBA9bSIV (1456e0ce-e1a3-4e6b-92a5-e723e5790ffe)
2019-08-05 10:47:01.806 22705 RALLYDEBUG rally_openstack.cleanup.manager [-] Deleting neutron.port object s_rally_81343ac4_1DSNAm20 (14b545cc-9f47-42c1-a21c-e4ecf3ce4f42)
2019-08-05 10:47:01.813 22705 RALLYDEBUG rally_openstack.cleanup.manager [-] Deleting neutron.port object s_rally_81343ac4_upctLQU1 (134f42c2-a144-49c3-b976-f96c10353ae7)
2019-08-05 10:47:01.823 22705 RALLYDEBUG rally_openstack.cleanup.manager [-] Deleting neutron.port object s_rally_81343ac4_OR0icVoJ (13878911-8dce-4971-9083-b07fcf013474)
2019-08-05 10:47:01.828 22705 RALLYDEBUG rally_openstack.cleanup.manager [-] Deleting neutron.port object s_rally_81343ac4_QRh7drjQ (17fe1f82-a2a0-4408-8b40-2d557a5812bc)
2019-08-05 10:47:01.841 22705 RALLYDEBUG rally_openstack.cleanup.manager [-] Deleting neutron.port object s_rally_81343ac4_c5S2WFdD (184747a2-b1e4-4b2b-956d-bddb31c12704)
2019-08-05 10:47:01.877 22705 RALLYDEBUG rally_openstack.cleanup.manager [-] Deleting neutron.port object s_rally_81343ac4_O41KqKtg (18b44054-2154-423c-a9d9-f42494826796)
2019-08-05 10:47:04.409 22705 RALLYDEBUG rally_openstack.cleanup.manager [-] Deleting neutron.port object s_rally_81343ac4_nmacN5j4 (18e311b8-2ae5-42fc-acb6-f8f15511ea3f)
2019-08-05 10:47:04.494 22705 RALLYDEBUG rally_openstack.cleanup.manager [-] Deleting neutron.port object s_rally_81343ac4_BMXd1UmM (19601aa7-bf77-449f-b7df-0e5f0c333375)
2019-08-05 10:47:04.522 22705 RALLYDEBUG rally_openstack.cleanup.manager [-] Deleting neutron.port object s_rally_81343ac4_npvPm4ky (19ae85d2-7bef-4be5-a20c-e28597a47251)
2019-08-05 10:47:04.544 22705 RALLYDEBUG rally_openstack.cleanup.manager [-] Deleting neutron.port object s_rally_81343ac4_MmavPA6Y (1b9560b3-15ad-4305-ac19-c98ce7840f8d)
2019-08-05 10:47:04.659 22705 RALLYDEBUG rally_openstack.cleanup.manager [-] Deleting neutron.port object s_rally_81343ac4_Dn9h9xOA (1cbcc9fe-649a-4807-954b-bc0da453b03d)
2019-08-05 10:47:04.696 22705 RALLYDEBUG rally_openstack.cleanup.manager [-] Deleting neutron.port object s_rally_81343ac4_oQlVimvV (21115543-c473-40b4-971d-c62fd606841f)
2019-08-05 10:47:04.750 22705 RALLYDEBUG rally_openstack.cleanup.manager [-] Deleting neutron.port object s_rally_81343ac4_o9TaCW9h (21915319-a102-402e-9ae1-b428ad135178)
2019-08-05 10:47:04.771 22705 RALLYDEBUG rally_openstack.cleanup.manager [-] Deleting neutron.port object s_rally_81343ac4_pk0cx0Ai (21951a00-d101-4696-99f5-38292170cc0b)
2019-08-05 10:47:04.830 22705 RALLYDEBUG rally_openstack.cleanup.manager [-] Deleting neutron.port object s_rally_81343ac4_pls6mgYi (22a4854c-e5ea-4f4a-9de0-0ca5108a208a)
2019-08-05 10:47:04.947 22705 RALLYDEBUG rally_openstack.cleanup.manager [-] Deleting neutron.port object s_rally_81343ac4_FDsfOVY0 (22c0e714-1fc0-47ca-9cdb-cec3702bd10f)
2019-08-05 10:47:04.970 22705 RALLYDEBUG rally_openstack.cleanup.manager [-] Deleting neutron.port object s_rally_81343ac4_7UiexBZc (2512dee4-720f-43f4-8b57-9f208f5d08c1)
2019-08-05 10:47:05.004 22705 RALLYDEBUG rally_openstack.cleanup.manager [-] Deleting neutron.port object s_rally_81343ac4_oObrlgtz (25233eea-50d9-43b7-a513-bb5a1af10d77)
2019-08-05 10:47:05.028 22705 RALLYDEBUG rally_openstack.cleanup.manager [-] Deleting neutron.port object s_rally_81343ac4_JrZ4BYCi (286ae9a9-6742-43e6-9dd4-046af3f205bc)
2019-08-05 10:47:05.079 22705 RALLYDEBUG rally_openstack.cleanup.manager [-] Deleting neutron.port object s_rally_81343ac4_reK4lR9m (29b99b6c-1022-4a6f-8340-eb155b5ecc39)
2019-08-05 10:47:05.169 22705 RALLYDEBUG rally_openstack.cleanup.manager [-] Deleting neutron.port object s_rally_81343ac4_cEKmfaLh (2a155f86-4149-4ee4-b88d-ad3a21893b42)
2019-08-05 10:47:05.383 22705 RALLYDEBUG rally_openstack.cleanup.manager [-] Deleting neutron.port object s_rally_81343ac4_njCAMjLf (2b6984b3-5670-4bd5-9167-5ceb6f50465f)
2019-08-05 10:47:05.391 22705 RALLYDEBUG rally_openstack.cleanup.manager [-] Deleting neutron.port object s_rally_81343ac4_pnqZmxjh (2c3c2fe1-4425-45d3-85e1-aa83afdcbaf1)
2019-08-05 10:47:06.057 22705 RALLYDEBUG rally_openstack.cleanup.manager [-] Deleting neutron.port object s_rally_81343ac4_4MaeFEbB (2e4b0e33-b41a-4dde-bb48-3364b3ccc3fa)
2019-08-05 10:47:06.062 22705 RALLYDEBUG rally_openstack.cleanup.manager [-] Deleting neutron.port object s_rally_81343ac4_j2YQYfoP (2e839446-4625-42f0-91c0-2a867f85e847)
2019-08-05 10:47:06.069 22705 RALLYDEBUG rally_openstack.cleanup.manager [-] Deleting neutron.port object s_rally_81343ac4_JlA91Pvc (2e9863b6-6c0e-43e4-b14f-c168a1d7aae1)
2019-08-05 10:47:06.808 22705 RALLYDEBUG rally_openstack.cleanup.manager [-] Deleting neutron.port object s_rally_81343ac4_Egkc9Qgc (2f42ac81-0415-40d9-998e-5f31b349bb24)
2019-08-05 10:47:07.108 22705 RALLYDEBUG rally_openstack.cleanup.manager [-] Deleting neutron.port object s_rally_81343ac4_wacxFn4n (312c4d6f-f19c-4667-acce-50d9213ea409)
2019-08-05 10:47:07.155 22705 RALLYDEBUG rally_openstack.cleanup.manager [-] Deleting neutron.port object s_rally_81343ac4_I5BXR1xx (32eb1dcf-8d99-4ab6-b2b0-15104b7ec61d)
2019-08-05 10:47:07.168 22705 RALLYDEBUG rally_openstack.cleanup.manager [-] Deleting neutron.port object s_rally_81343ac4_cmjq5Dvv (34e98961-10c1-4777-b87b-aa15cb38d2b9)
2019-08-05 10:47:07.239 22705 RALLYDEBUG rally_openstack.cleanup.manager [-] Deleting neutron.port object s_rally_81343ac4_6eq4ug2M (36071ebe-04eb-4e87-8b7f-e9ac3156ada4)
2019-08-05 10:47:07.402 22705 RALLYDEBUG rally_openstack.cleanup.manager [-] Deleting neutron.port object s_rally_81343ac4_MYqFbSGi (362755aa-6cc4-44a4-8b13-958a98c328fe)
2019-08-05 10:47:07.528 22705 RALLYDEBUG rally_openstack.cleanup.manager [-] Deleting neutron.port object s_rally_81343ac4_xnMN43Zm (36695882-0fdb-44e3-a4fa-d6352aded97d)
2019-08-05 10:47:07.589 22705 RALLYDEBUG rally_openstack.cleanup.manager [-] Deleting neutron.port object s_rally_81343ac4_uxy3Anze (3698f2fc-5785-4e4e-a7a8-1621188ead62)
2019-08-05 10:47:07.595 22705 RALLYDEBUG rally_openstack.cleanup.manager [-] Deleting neutron.port object s_rally_81343ac4_RFfIwDnD (372d9e6a-5741-43a4-bc30-49dcd93e9ba9)
2019-08-05 10:47:07.615 22705 RALLYDEBUG rally_openstack.cleanup.manager [-] Deleting neutron.port object s_rally_81343ac4_Vlbr7pE9 (3b4ed457-90e1-4a80-a72f-49972a066876)
2019-08-05 10:47:07.808 22705 RALLYDEBUG rally_openstack.cleanup.manager [-] Deleting neutron.port object s_rally_81343ac4_4Zdck1cb (3c2cbac4-1406-4837-a38c-a8e07cc49630)
2019-08-05 10:47:07.828 22705 RALLYDEBUG rally_openstack.cleanup.manager [-] Deleting neutron.port object s_rally_81343ac4_lHmEqVbq (3e28b57d-172e-4754-941e-7207f238a679)
2019-08-05 10:47:07.853 22705 RALLYDEBUG rally_openstack.cleanup.manager [-] Deleting neutron.port object s_rally_81343ac4_kn4vxYsw (4384a8df-adfb-4665-8d65-a6d7b959f23a)
2019-08-05 10:47:07.984 22705 RALLYDEBUG rally_openstack.cleanup.manager [-] Deleting neutron.port object s_rally_81343ac4_qU3LPfTQ (43fc97c0-8337-46c2-88c5-4526931e0200)
2019-08-05 10:47:08.056 22705 RALLYDEBUG rally_openstack.cleanup.manager [-] Deleting neutron.port object s_rally_81343ac4_xNetcMD4 (4501faef-5e33-4234-9333-945eaa73f115)
2019-08-05 10:47:08.060 22705 RALLYDEBUG rally_openstack.cleanup.manager [-] Deleting neutron.port object s_rally_81343ac4_EJjumZoK (49aa97b8-3e0c-4d57-a1f7-c53e8232704b)
2019-08-05 10:47:08.132 22705 RALLYDEBUG rally_openstack.cleanup.manager [-] Deleting neutron.port object s_rally_81343ac4_F4iFhYg0 (4c7b1001-1ef4-4c24-85ff-02a3a432a3f3)
2019-08-05 10:47:08.368 22705 RALLYDEBUG rally_openstack.cleanup.manager [-] Deleting neutron.port object s_rally_81343ac4_Qi5zKbXr (4d7a613a-c9d1-46b3-872c-6dc7b9e8f2db)
2019-08-05 10:47:08.368 22705 RALLYDEBUG rally_openstack.cleanup.manager [-] Deleting neutron.port object s_rally_81343ac4_9BP49Go3 (4e2716fb-ef29-4361-989c-989fcb5f3849)
2019-08-05 10:47:08.474 22705 RALLYDEBUG rally_openstack.cleanup.manager [-] Deleting neutron.port object s_rally_81343ac4_23bZaOws (4e83c8f4-8e96-428c-9e9a-ab8adef7b63f)
2019-08-05 10:47:09.391 22705 RALLYDEBUG rally_openstack.cleanup.manager [-] Deleting neutron.port object s_rally_81343ac4_rkerigjQ (52003035-ce7c-45bc-95a1-a49b03e728bb)
2019-08-05 10:47:09.475 22705 RALLYDEBUG rally_openstack.cleanup.manager [-] Deleting neutron.port object s_rally_81343ac4_Gb36AGdi (52fadb9f-5cc0-4259-94ee-8f9b56ac589e)
2019-08-05 10:47:09.512 22705 RALLYDEBUG rally_openstack.cleanup.manager [-] Deleting neutron.port object s_rally_81343ac4_X0GBeNd8 (53509c95-f530-4ebf-afc4-f8e9f6d51504)
2019-08-05 10:47:09.739 22705 RALLYDEBUG rally_openstack.cleanup.manager [-] Deleting neutron.port object s_rally_81343ac4_iN4VSkCH (544e28ec-de7d-481a-8cce-8163b7fbd273)
2019-08-05 10:47:09.771 22705 RALLYDEBUG rally_openstack.cleanup.manager [-] Deleting neutron.port object s_rally_81343ac4_ASeLDzBA (5595f566-f493-49ed-934f-967aefc3095e)
2019-08-05 10:47:09.797 22705 RALLYDEBUG rally_openstack.cleanup.manager [-] Deleting neutron.port object s_rally_81343ac4_32UMW5vK (57084505-bf8f-431d-919f-26da40563743)
2019-08-05 10:47:10.617 22705 RALLYDEBUG rally_openstack.cleanup.manager [-] Deleting neutron.port object s_rally_81343ac4_B2cU1rto (57ee2961-2054-4351-8f00-7f419d450bb7)
2019-08-05 10:47:10.852 22705 RALLYDEBUG rally_openstack.cleanup.manager [-] Deleting neutron.port object s_rally_81343ac4_uEuGbuyE (588addef-d3fb-4325-9faf-c992a3bc1e51)
2019-08-05 10:47:10.908 22705 RALLYDEBUG rally_openstack.cleanup.manager [-] Deleting neutron.port object s_rally_81343ac4_nJaw1IE6 (5982e62f-7ffa-4107-8bd0-32d473e45dad)
