2019-08-05 10:47:10.925 22705 RALLYDEBUG rally_openstack.cleanup.manager [-] Deleting neutron.port object s_rally_81343ac4_yaUCZYwU (59d88343-cbbd-4852-966b-bb48dfa4b32e)
2019-08-05 10:47:11.163 22705 RALLYDEBUG rally_openstack.cleanup.manager [-] Deleting neutron.port object s_rally_81343ac4_rTRyYscl (5afa4f61-f6c6-4ad9-8b95-c704cb4a8028)
2019-08-05 10:47:11.164 22705 RALLYDEBUG rally_openstack.cleanup.manager [-] Deleting neutron.port object s_rally_81343ac4_n0JD5J15 (5c0a6bf9-f535-410b-996f-41d95900f90e)
2019-08-05 10:47:11.184 22705 RALLYDEBUG rally_openstack.cleanup.manager [-] Deleting neutron.port object s_rally_81343ac4_hvsbDmS3 (5cbe14ad-6c17-4d32-8261-cf67a9fa78cd)
2019-08-05 10:47:11.206 22705 RALLYDEBUG rally_openstack.cleanup.manager [-] Deleting neutron.port object s_rally_81343ac4_BQOZs3GW (5d6d08fc-0414-409a-8420-335b0b5ecedf)
2019-08-05 10:47:11.257 22705 RALLYDEBUG rally_openstack.cleanup.manager [-] Deleting neutron.port object s_rally_81343ac4_mOV94F3u (5e491f4f-bde3-4907-ba27-5e0b6ee6253d)
2019-08-05 10:47:11.274 22705 RALLYDEBUG rally_openstack.cleanup.manager [-] Deleting neutron.port object s_rally_81343ac4_5ofv6Lkf (5e8dcdd2-b54a-4e92-bc2a-c19645adfa3e)
2019-08-05 10:47:11.298 22705 RALLYDEBUG rally_openstack.cleanup.manager [-] Deleting neutron.port object s_rally_81343ac4_5aHBaN7Y (5ee8c76e-67f2-43e0-9955-b6660f2e80f1)
2019-08-05 10:47:11.322 22705 RALLYDEBUG rally_openstack.cleanup.manager [-] Deleting neutron.port object s_rally_81343ac4_Dt88kNR9 (5f4e0bbb-e6e9-4219-a8c9-de9dd1326d77)
2019-08-05 10:47:11.335 22705 RALLYDEBUG rally_openstack.cleanup.manager [-] Deleting neutron.port object s_rally_81343ac4_WxJ0spzb (61130641-67a1-49b0-84f1-deac4f4cda31)
2019-08-05 10:47:11.356 22705 RALLYDEBUG rally_openstack.cleanup.manager [-] Deleting neutron.port object s_rally_81343ac4_a9dnhnDI (61f935ae-5ce1-49ed-9c5d-e5d500bc920e)
2019-08-05 10:47:11.849 22705 RALLYDEBUG rally_openstack.cleanup.manager [-] Deleting neutron.port object s_rally_81343ac4_3RF6Yzg4 (65eaccfa-337c-497a-8f24-3f88d8e4aa19)
2019-08-05 10:47:12.153 22705 RALLYDEBUG rally_openstack.cleanup.manager [-] Deleting neutron.port object s_rally_81343ac4_Jx1dgGcr (6664c184-62d5-47b5-b83d-b4927d109a6a)
2019-08-05 10:47:12.172 22705 RALLYDEBUG rally_openstack.cleanup.manager [-] Deleting neutron.port object s_rally_81343ac4_tgrldVMc (675eb5be-5443-429c-a048-f51e06a62738)
2019-08-05 10:47:12.277 22705 RALLYDEBUG rally_openstack.cleanup.manager [-] Deleting neutron.port object s_rally_81343ac4_6NvajLHo (695442cc-8f36-4f80-a808-9a59542441bc)
2019-08-05 10:47:12.336 22705 RALLYDEBUG rally_openstack.cleanup.manager [-] Deleting neutron.port object s_rally_81343ac4_TPglTHoH (696114ae-ba55-4a04-9943-98b01c04fc30)
2019-08-05 10:47:12.480 22705 RALLYDEBUG rally_openstack.cleanup.manager [-] Deleting neutron.port object s_rally_81343ac4_VMScbPjq (6be1442b-37c5-49a2-9bd8-4f246c46862e)
2019-08-05 10:47:12.977 22705 RALLYDEBUG rally_openstack.cleanup.manager [-] Deleting neutron.port object s_rally_81343ac4_535MnkPc (6c7c0df2-91c5-4d8d-b9f3-85be112f6d8b)
2019-08-05 10:47:13.329 22705 RALLYDEBUG rally_openstack.cleanup.manager [-] Deleting neutron.port object s_rally_81343ac4_sPsqU3Qi (6c966295-1782-4b5d-9761-2aca625bb769)
2019-08-05 10:47:13.619 22705 RALLYDEBUG rally_openstack.cleanup.manager [-] Deleting neutron.port object s_rally_81343ac4_q4KMbSqo (6ca25f34-d1c0-42d8-aca5-1c02741c89a4)
2019-08-05 10:47:13.712 22705 RALLYDEBUG rally_openstack.cleanup.manager [-] Deleting neutron.port object s_rally_81343ac4_RMv8FWaU (6da26405-dc58-4e9f-abc3-b251d1301998)
2019-08-05 10:47:13.869 22705 RALLYDEBUG rally_openstack.cleanup.manager [-] Deleting neutron.port object s_rally_81343ac4_mqdu3Z6l (6e3de177-0941-4588-9cf4-180052e36854)
2019-08-05 10:47:13.877 22705 RALLYDEBUG rally_openstack.cleanup.manager [-] Deleting neutron.port object s_rally_81343ac4_BJqva0fk (6e466f89-1e16-428f-8f1f-3bbf66a25b9f)
2019-08-05 10:47:13.940 22705 RALLYDEBUG rally_openstack.cleanup.manager [-] Deleting neutron.port object s_rally_81343ac4_NNtZK9W3 (6e9f94e2-de4e-41e1-a484-dc368a4f715e)
2019-08-05 10:47:13.961 22705 RALLYDEBUG rally_openstack.cleanup.manager [-] Deleting neutron.port object s_rally_81343ac4_8BJR2PKK (6f2730b5-dc9c-4299-8f74-8b43e19c2620)
2019-08-05 10:47:14.077 22705 RALLYDEBUG rally_openstack.cleanup.manager [-] Deleting neutron.port object s_rally_81343ac4_IsCh1Q5M (6f81e4d9-1908-47cc-adb4-6fd55c73d062)
2019-08-05 10:47:14.112 22705 RALLYDEBUG rally_openstack.cleanup.manager [-] Deleting neutron.port object s_rally_81343ac4_VULYcEvB (72d74035-cdeb-465b-98c9-eda7ecb241be)
2019-08-05 10:47:14.266 22705 RALLYDEBUG rally_openstack.cleanup.manager [-] Deleting neutron.port object s_rally_81343ac4_IRcdopiG (72f9f596-cbfd-47ef-aadb-bf796df83e49)
2019-08-05 10:47:14.283 22705 RALLYDEBUG rally_openstack.cleanup.manager [-] Deleting neutron.port object s_rally_81343ac4_DBocRt8h (730d5ac0-2e93-4acf-be2d-0bb2d83df20c)
2019-08-05 10:47:14.451 22705 RALLYDEBUG rally_openstack.cleanup.manager [-] Deleting neutron.port object s_rally_81343ac4_fU8kJOUC (738ef265-d958-4164-a7c8-cdcf898d38dc)
2019-08-05 10:47:14.558 22705 RALLYDEBUG rally_openstack.cleanup.manager [-] Deleting neutron.port object s_rally_81343ac4_nRVETnpY (74845acd-a46a-441e-aded-ea1405e8d65e)
2019-08-05 10:47:14.570 22705 RALLYDEBUG rally_openstack.cleanup.manager [-] Deleting neutron.port object s_rally_81343ac4_QhBr8Nax (75fbb041-cd0c-494d-8fd1-dd7a5dcd59b6)
2019-08-05 10:47:14.652 22705 RALLYDEBUG rally_openstack.cleanup.manager [-] Deleting neutron.port object s_rally_81343ac4_djAZw5v9 (77341d08-f11b-4a01-89f8-06d11fa9f81a)
2019-08-05 10:47:14.719 22705 RALLYDEBUG rally_openstack.cleanup.manager [-] Deleting neutron.port object s_rally_81343ac4_AZSYYruw (78926c49-94d8-42b9-a327-41c20fda9088)
2019-08-05 10:47:14.916 22705 RALLYDEBUG rally_openstack.cleanup.manager [-] Deleting neutron.port object s_rally_81343ac4_MHYhtBaP (79245e3f-3f94-4156-8723-557d57ccc6bb)
2019-08-05 10:47:15.012 22705 RALLYDEBUG rally_openstack.cleanup.manager [-] Deleting neutron.port object s_rally_81343ac4_fMpbM2MY (7efe9661-0036-41d8-8937-fa2bd60a9979)
2019-08-05 10:47:15.265 22705 RALLYDEBUG rally_openstack.cleanup.manager [-] Deleting neutron.port object s_rally_81343ac4_GKq1xod8 (7faa0683-25f7-4868-9228-b277ec3e18fc)
2019-08-05 10:47:15.375 22705 RALLYDEBUG rally_openstack.cleanup.manager [-] Deleting neutron.port object s_rally_81343ac4_Gtp88Ld2 (7fb70c1e-8f0c-47b4-9320-c6cca1928b18)
2019-08-05 10:47:15.740 22705 RALLYDEBUG rally_openstack.cleanup.manager [-] Deleting neutron.port object s_rally_81343ac4_nL9cpWko (818e242a-1922-4959-ba55-9c4dd45bd4ca)
2019-08-05 10:47:15.969 22705 RALLYDEBUG rally_openstack.cleanup.manager [-] Deleting neutron.port object s_rally_81343ac4_33l34eIH (821e987e-3a70-4caf-82e1-45c2a59fe8ef)
2019-08-05 10:47:16.628 22705 RALLYDEBUG rally_openstack.cleanup.manager [-] Deleting neutron.port object s_rally_81343ac4_TR9upZMw (86575aa3-3941-434f-a899-42b1e6563ba5)
2019-08-05 10:47:16.793 22705 RALLYDEBUG rally_openstack.cleanup.manager [-] Deleting neutron.port object s_rally_81343ac4_V6aHFHQ4 (894eddb0-8bdc-4930-8d52-c5511bf0fbea)
2019-08-05 10:47:16.902 22705 RALLYDEBUG rally_openstack.cleanup.manager [-] Deleting neutron.port object s_rally_81343ac4_LUnlyleE (89a825ec-d3aa-422d-9fcd-1d9d3b9a6e64)
2019-08-05 10:47:17.122 22705 RALLYDEBUG rally_openstack.cleanup.manager [-] Deleting neutron.port object s_rally_81343ac4_Q4Kfq9hq (8a830aab-a4c5-4ea0-bb73-ebb4c11e01da)
2019-08-05 10:47:17.169 22705 RALLYDEBUG rally_openstack.cleanup.manager [-] Deleting neutron.port object s_rally_81343ac4_QnC5OfRg (8ad665e0-96ea-443a-a0c2-3eb642629f10)
2019-08-05 10:47:17.332 22705 RALLYDEBUG rally_openstack.cleanup.manager [-] Deleting neutron.port object s_rally_81343ac4_MVDE6uBC (8c388e33-fd5f-4cbb-8687-efcde2a75d4c)
2019-08-05 10:47:17.332 22705 RALLYDEBUG rally_openstack.cleanup.manager [-] Deleting neutron.port object s_rally_81343ac4_eqTOtcoe (8af9591f-a1cb-417b-8fb3-5f0a06b407d7)
2019-08-05 10:47:17.343 22705 RALLYDEBUG rally_openstack.cleanup.manager [-] Deleting neutron.port object s_rally_81343ac4_ra9a87u7 (8dfe28f4-58ef-4cf8-9dd8-048657125196)
2019-08-05 10:47:17.366 22705 RALLYDEBUG rally_openstack.cleanup.manager [-] Deleting neutron.port object s_rally_81343ac4_BhmMYECT (90a37d46-6388-45f8-8618-2b5e7443db59)
2019-08-05 10:47:17.418 22705 RALLYDEBUG rally_openstack.cleanup.manager [-] Deleting neutron.port object s_rally_81343ac4_FYAVP8RX (9128cc4a-e1e2-4d68-bd26-93b9c8b73b75)
2019-08-05 10:47:17.434 22705 RALLYDEBUG rally_openstack.cleanup.manager [-] Deleting neutron.port object s_rally_81343ac4_d5SI3poE (918f548f-8a24-4699-848c-6a25f2a3d31e)
2019-08-05 10:47:17.672 22705 RALLYDEBUG rally_openstack.cleanup.manager [-] Deleting neutron.port object s_rally_81343ac4_ZdzLvv7t (9220de81-a5c4-4dc9-aca5-26db52707d97)
2019-08-05 10:47:17.715 22705 RALLYDEBUG rally_openstack.cleanup.manager [-] Deleting neutron.port object s_rally_81343ac4_f7jEwcdn (934176db-e735-4f57-a1b5-332a8cef2cd0)
2019-08-05 10:47:17.754 22705 RALLYDEBUG rally_openstack.cleanup.manager [-] Deleting neutron.port object s_rally_81343ac4_l8Y3Po83 (93bd054f-5b72-478b-92e9-e98ba514511f)
2019-08-05 10:47:17.842 22705 RALLYDEBUG rally_openstack.cleanup.manager [-] Deleting neutron.port object s_rally_81343ac4_13v8hPD1 (93bd4f6c-8364-46ac-aa69-4e8033c3b5eb)
2019-08-05 10:47:17.898 22705 RALLYDEBUG rally_openstack.cleanup.manager [-] Deleting neutron.port object s_rally_81343ac4_1dyom5z6 (95cce2c6-2be8-4c62-8f04-76efc31fcea6)
2019-08-05 10:47:17.931 22705 RALLYDEBUG rally_openstack.cleanup.manager [-] Deleting neutron.port object s_rally_81343ac4_NqFMHEZO (97e604a0-6341-402a-9b53-142e5d0f8a1f)
2019-08-05 10:47:18.023 22705 RALLYDEBUG rally_openstack.cleanup.manager [-] Deleting neutron.port object s_rally_81343ac4_zsqqUQXK (9cf068b3-84bb-484a-ab35-74aeeb6f0cd3)
2019-08-05 10:47:18.060 22705 RALLYDEBUG rally_openstack.cleanup.manager [-] Deleting neutron.port object s_rally_81343ac4_ZFBpyYyN (9dda883a-dd97-4827-9c62-2b2e9850ba0e)
2019-08-05 10:47:18.252 22705 RALLYDEBUG rally_openstack.cleanup.manager [-] Deleting neutron.port object s_rally_81343ac4_ofmikpQ7 (9e1e822c-751e-47f1-adf6-ccf8ff64184a)
2019-08-05 10:47:18.868 22705 RALLYDEBUG rally_openstack.cleanup.manager [-] Deleting neutron.port object s_rally_81343ac4_97JRb2oG (a38fcd59-7c32-441d-9020-1c76797ee99f)
2019-08-05 10:47:19.072 22705 RALLYDEBUG rally_openstack.cleanup.manager [-] Deleting neutron.port object s_rally_81343ac4_dtdX7xjr (a4086dea-f58c-4bc5-b1b8-137f57c8cec8)
2019-08-05 10:47:19.596 22705 RALLYDEBUG rally_openstack.cleanup.manager [-] Deleting neutron.port object s_rally_81343ac4_iEod66du (a52f8507-85c0-4907-82e9-7a8ddc2c7ae6)
2019-08-05 10:47:19.611 22705 RALLYDEBUG rally_openstack.cleanup.manager [-] Deleting neutron.port object s_rally_81343ac4_a8iOGqJC (a5ef0b8a-8138-457c-ace8-014ee8536ee9)
2019-08-05 10:47:19.756 22705 RALLYDEBUG rally_openstack.cleanup.manager [-] Deleting neutron.port object s_rally_81343ac4_85qU0uPu (a63561ab-d904-490a-a327-a0acf363c6fa)
2019-08-05 10:47:19.775 22705 RALLYDEBUG rally_openstack.cleanup.manager [-] Deleting neutron.port object s_rally_81343ac4_9yLe9mBY (a6b52b81-5422-4e85-9600-ff25b442937a)
2019-08-05 10:47:19.847 22705 RALLYDEBUG rally_openstack.cleanup.manager [-] Deleting neutron.port object s_rally_81343ac4_ST8mpGzZ (a6d8d48e-1352-48da-95df-91abda12aab2)
2019-08-05 10:47:20.067 22705 RALLYDEBUG rally_openstack.cleanup.manager [-] Deleting neutron.port object s_rally_81343ac4_vOjppnLB (a7f1470c-0b98-4aca-b2aa-a4c38f0abb03)
2019-08-05 10:47:20.123 22705 RALLYDEBUG rally_openstack.cleanup.manager [-] Deleting neutron.port object s_rally_81343ac4_aQ2OQrhH (a8d8cd53-d1b9-45d0-b304-e96f13e2e8e2)
2019-08-05 10:47:20.183 22705 RALLYDEBUG rally_openstack.cleanup.manager [-] Deleting neutron.port object s_rally_81343ac4_WUxsaM5U (a8f47804-b050-4168-8a64-d6f6d61f7bf1)
2019-08-05 10:47:20.297 22705 RALLYDEBUG rally_openstack.cleanup.manager [-] Deleting neutron.port object s_rally_81343ac4_siQWXJDn (aadc9ab3-0892-4028-ad08-06b1e353fc79)
2019-08-05 10:47:20.435 22705 RALLYDEBUG rally_openstack.cleanup.manager [-] Deleting neutron.port object s_rally_81343ac4_IBW9mqST (ad5bf7b4-b67f-4f3e-8110-d2ca0140fa50)
2019-08-05 10:47:20.500 22705 RALLYDEBUG rally_openstack.cleanup.manager [-] Deleting neutron.port object s_rally_81343ac4_pUSOzPVN (af4d999b-09b0-4569-8e40-3eef975ab193)
2019-08-05 10:47:20.628 22705 RALLYDEBUG rally_openstack.cleanup.manager [-] Deleting neutron.port object s_rally_81343ac4_9flJQqTY (b0d8177c-a16d-4dd0-933e-0adf6b1803dc)
2019-08-05 10:47:20.712 22705 RALLYDEBUG rally_openstack.cleanup.manager [-] Deleting neutron.port object s_rally_81343ac4_JYmgkiyS (b0ef66a8-61a3-4880-bdcb-edffe835d403)
2019-08-05 10:47:20.732 22705 RALLYDEBUG rally_openstack.cleanup.manager [-] Deleting neutron.port object s_rally_81343ac4_3s26DAUL (b282f175-b17b-407a-b152-2fe6bfd1cc42)
2019-08-05 10:47:20.736 22705 RALLYDEBUG rally_openstack.cleanup.manager [-] Deleting neutron.port object s_rally_81343ac4_UOXgrfjx (b16c20d7-7fe6-45b2-87b5-7b5b35015ccd)
2019-08-05 10:47:20.996 22705 RALLYDEBUG rally_openstack.cleanup.manager [-] Deleting neutron.port object s_rally_81343ac4_rovofAef (b41aa576-e298-46b8-8e0d-859cf8a4869e)
2019-08-05 10:47:21.058 22705 RALLYDEBUG rally_openstack.cleanup.manager [-] Deleting neutron.port object s_rally_81343ac4_aZ4BsWRb (b6581a88-5ae1-43fc-b71b-b9cab0358d53)
2019-08-05 10:47:21.148 22705 RALLYDEBUG rally_openstack.cleanup.manager [-] Deleting neutron.port object s_rally_81343ac4_yyRm3frB (b6f96db0-907c-4cc3-9c23-c59192eb32a9)
2019-08-05 10:47:21.211 22705 RALLYDEBUG rally_openstack.cleanup.manager [-] Deleting neutron.port object s_rally_81343ac4_BD86q7q0 (b734478e-c851-4f7b-b9b5-d2357e7f0d47)
2019-08-05 10:47:21.267 22705 RALLYDEBUG rally_openstack.cleanup.manager [-] Deleting neutron.port object s_rally_81343ac4_ahoGuPEs (b884fe7c-5554-4e16-8b6b-88d1ac407931)
2019-08-05 10:47:21.795 22705 RALLYDEBUG rally_openstack.cleanup.manager [-] Deleting neutron.port object s_rally_81343ac4_cocRfm4U (bb16083f-9ef9-47b5-92cf-3abaed80a395)
2019-08-05 10:47:21.839 22705 RALLYDEBUG rally_openstack.cleanup.manager [-] Deleting neutron.port object s_rally_81343ac4_DWGaNM5X (bb87a0e9-16a3-4efd-8ec6-abdc04143084)
2019-08-05 10:47:22.015 22705 RALLYDEBUG rally_openstack.cleanup.manager [-] Deleting neutron.port object s_rally_81343ac4_kUaVFPFg (bf870079-ea72-4901-bab7-a62e8e331806)
2019-08-05 10:47:22.321 22705 RALLYDEBUG rally_openstack.cleanup.manager [-] Deleting neutron.port object s_rally_81343ac4_JUnmngXB (c073b1da-7c0e-4dec-afa5-56ab94f9c33e)
2019-08-05 10:47:22.364 22705 RALLYDEBUG rally_openstack.cleanup.manager [-] Deleting neutron.port object s_rally_81343ac4_tw1hPfpe (c5768269-9a1c-4b36-8589-723d2cbd3a2c)
2019-08-05 10:47:22.391 22705 RALLYDEBUG rally_openstack.cleanup.manager [-] Deleting neutron.port object s_rally_81343ac4_IvrV9E4w (c576e7cc-0bc5-4b27-a4a0-66c3b80a0052)
2019-08-05 10:47:22.623 22705 RALLYDEBUG rally_openstack.cleanup.manager [-] Deleting neutron.port object s_rally_81343ac4_wzwtYvQU (c592e4b6-803b-4121-9540-dd1ea2415ab9)
2019-08-05 10:47:22.747 22705 RALLYDEBUG rally_openstack.cleanup.manager [-] Deleting neutron.port object s_rally_81343ac4_kAHTpGiz (c5a81a32-75f4-4b39-afce-58e253909528)
2019-08-05 10:47:22.764 22705 RALLYDEBUG rally_openstack.cleanup.manager [-] Deleting neutron.port object s_rally_81343ac4_fxDKoP8p (c5ae9bae-5b70-4d48-bedf-dfa2143161ee)
2019-08-05 10:47:23.003 22705 RALLYDEBUG rally_openstack.cleanup.manager [-] Deleting neutron.port object s_rally_81343ac4_uVLMA2I1 (c5b08e63-71ab-486f-a8c2-d40b178fe738)
2019-08-05 10:47:23.021 22705 RALLYDEBUG rally_openstack.cleanup.manager [-] Deleting neutron.port object s_rally_81343ac4_nGCYg5lO (c84f6493-a78c-4600-bb99-94e3e8a142b3)
2019-08-05 10:47:23.388 22705 RALLYDEBUG rally_openstack.cleanup.manager [-] Deleting neutron.port object s_rally_81343ac4_4VcMddTH (c8e99ef0-4ffc-4032-8b84-63252bd6c5d8)
2019-08-05 10:47:23.416 22705 RALLYDEBUG rally_openstack.cleanup.manager [-] Deleting neutron.port object s_rally_81343ac4_6ndQLis1 (c9b1ee6d-a0a8-420a-b189-1e97bf9d338f)
2019-08-05 10:47:23.495 22705 RALLYDEBUG rally_openstack.cleanup.manager [-] Deleting neutron.port object s_rally_81343ac4_zaofz8N8 (ca273119-01c1-4145-b1b3-5373d7a989f6)
2019-08-05 10:47:23.501 22705 RALLYDEBUG rally_openstack.cleanup.manager [-] Deleting neutron.port object s_rally_81343ac4_8lclncud (cbbe2c64-d688-4fe5-b3fa-009492f62e1e)
2019-08-05 10:47:23.537 22705 RALLYDEBUG rally_openstack.cleanup.manager [-] Deleting neutron.port object s_rally_81343ac4_XVVX519j (cdaf0722-06ed-4069-83ff-e21d831ea980)
2019-08-05 10:47:23.810 22705 RALLYDEBUG rally_openstack.cleanup.manager [-] Deleting neutron.port object s_rally_81343ac4_8pnJDaPM (cf6f0cf9-6a77-44c8-badb-f26ab4a7d4d5)
2019-08-05 10:47:23.995 22705 RALLYDEBUG rally_openstack.cleanup.manager [-] Deleting neutron.port object s_rally_81343ac4_rokPihvg (d3f39e1a-53f5-4fc2-bf79-bd943afcb86b)
2019-08-05 10:47:24.014 22705 RALLYDEBUG rally_openstack.cleanup.manager [-] Deleting neutron.port object s_rally_81343ac4_cp6mQX5t (d5ca15e3-240b-4be0-8ecb-0a02a08f5659)
2019-08-05 10:47:24.048 22705 RALLYDEBUG rally_openstack.cleanup.manager [-] Deleting neutron.port object s_rally_81343ac4_3sAhAT33 (d695a6df-68dc-4dd2-8f6c-91d024245ae7)
2019-08-05 10:47:24.209 22705 RALLYDEBUG rally_openstack.cleanup.manager [-] Deleting neutron.port object s_rally_81343ac4_YwJqZt2N (d9023bf0-8230-4a4b-842e-986e2c4cb502)
2019-08-05 10:47:24.499 22705 RALLYDEBUG rally_openstack.cleanup.manager [-] Deleting neutron.port object s_rally_81343ac4_QF7Z6snZ (da7ce025-a9c0-4465-a007-3ac915183f2a)
2019-08-05 10:47:24.561 22705 RALLYDEBUG rally_openstack.cleanup.manager [-] Deleting neutron.port object s_rally_81343ac4_sjsOFzn0 (dc519753-e676-4e19-bae9-bfbd38e3659d)
2019-08-05 10:47:24.631 22705 RALLYDEBUG rally_openstack.cleanup.manager [-] Deleting neutron.port object s_rally_81343ac4_EAAXiLi9 (e148db81-e140-4b93-820b-eab559215516)
2019-08-05 10:47:24.681 22705 RALLYDEBUG rally_openstack.cleanup.manager [-] Deleting neutron.port object s_rally_81343ac4_JBFZQ88m (e4222258-118f-4b82-84c2-8ea0eea55b16)
2019-08-05 10:47:24.765 22705 RALLYDEBUG rally_openstack.cleanup.manager [-] Deleting neutron.port object s_rally_81343ac4_mslAr2Fw (e5567239-1841-4537-8c1e-d73444018fe1)
2019-08-05 10:47:25.065 22705 RALLYDEBUG rally_openstack.cleanup.manager [-] Deleting neutron.port object s_rally_81343ac4_3pTazyeX (e6cb08d6-da01-43a9-b2f4-d5b7fc400dd3)
2019-08-05 10:47:25.101 22705 RALLYDEBUG rally_openstack.cleanup.manager [-] Deleting neutron.port object s_rally_81343ac4_0kAhBoCx (e72b84f5-480b-4f91-9862-f6127a617dd4)
2019-08-05 10:47:25.231 22705 RALLYDEBUG rally_openstack.cleanup.manager [-] Deleting neutron.port object s_rally_81343ac4_wpW1spKq (e74b40ba-ae75-49a5-bf4f-d0c2f5882b14)
2019-08-05 10:47:25.641 22705 RALLYDEBUG rally_openstack.cleanup.manager [-] Deleting neutron.port object s_rally_81343ac4_2hzorShL (e780fcc0-f22d-45f2-bab7-9991280d473e)
2019-08-05 10:47:25.773 22705 RALLYDEBUG rally_openstack.cleanup.manager [-] Deleting neutron.port object s_rally_81343ac4_bGi4UbZJ (e90a8070-4130-4c58-9330-257d7503fb4f)
2019-08-05 10:47:25.844 22705 RALLYDEBUG rally_openstack.cleanup.manager [-] Deleting neutron.port object s_rally_81343ac4_nRoJiIsh (ea9ce81f-ef40-4b9a-8375-838806077f46)
2019-08-05 10:47:25.844 22705 RALLYDEBUG rally_openstack.cleanup.manager [-] Deleting neutron.port object s_rally_81343ac4_P107Y97I (eb6663f6-1c72-4592-aee3-8fb148226bd4)
2019-08-05 10:47:25.996 22705 RALLYDEBUG rally_openstack.cleanup.manager [-] Deleting neutron.port object s_rally_81343ac4_tP52fAor (efd94cd5-069e-4f7b-bdbd-b7ef34adf055)
2019-08-05 10:47:26.139 22705 RALLYDEBUG rally_openstack.cleanup.manager [-] Deleting neutron.port object s_rally_81343ac4_iqvRvKht (f06c6b93-2d88-4d2d-b19d-9d35fbea2f45)
2019-08-05 10:47:26.226 22705 RALLYDEBUG rally_openstack.cleanup.manager [-] Deleting neutron.port object s_rally_81343ac4_MwE3CmvA (f14960ef-6f50-4197-a12e-82420a2fcbe7)
2019-08-05 10:47:26.323 22705 RALLYDEBUG rally_openstack.cleanup.manager [-] Deleting neutron.port object s_rally_81343ac4_qFZ4Ko1e (f3542251-3b0c-4915-a805-31dc68893622)
2019-08-05 10:47:26.351 22705 RALLYDEBUG rally_openstack.cleanup.manager [-] Deleting neutron.port object s_rally_81343ac4_Y7tylqMQ (f4074f55-7b27-44c8-82bc-4da86919e179)
2019-08-05 10:47:26.451 22705 RALLYDEBUG rally_openstack.cleanup.manager [-] Deleting neutron.port object s_rally_81343ac4_UrBwZmid (f88fb9b5-8afa-42e6-878a-21203d171f35)
2019-08-05 10:47:26.494 22705 RALLYDEBUG rally_openstack.cleanup.manager [-] Deleting neutron.port object s_rally_81343ac4_nf9BZVNm (fa5c64fb-f4d9-4e79-9226-dff78b83dbaa)
2019-08-05 10:47:26.878 22705 RALLYDEBUG rally_openstack.cleanup.manager [-] Deleting neutron.port object s_rally_81343ac4_q6lOWBkb (fab8cb34-57bc-4613-8a29-dd4fe8448d7b)
2019-08-05 10:47:26.956 22705 RALLYDEBUG rally_openstack.cleanup.manager [-] Deleting neutron.port object s_rally_81343ac4_NaQLCw2A (fc15a20a-9af4-4d19-bb69-b5651ece861b)
2019-08-05 10:47:26.986 22705 RALLYDEBUG rally_openstack.cleanup.manager [-] Deleting neutron.port object s_rally_81343ac4_glU8l6K2 (fcf3f868-76bd-4b13-83ec-c39bc33034f2)
2019-08-05 10:47:27.254 22705 RALLYDEBUG rally_openstack.cleanup.manager [-] Deleting neutron.port object s_rally_81343ac4_XA6mookY (fe9c4bd4-b8b8-4e02-b5c0-9a092de409c0)
2019-08-05 10:47:27.265 22705 RALLYDEBUG rally_openstack.cleanup.manager [-] Deleting neutron.port object s_rally_81343ac4_nL1crKhD (febf230b-57d5-4ced-b7bd-ec00105df191)
2019-08-05 10:47:27.346 22705 RALLYDEBUG rally_openstack.cleanup.manager [-] Deleting neutron.port object s_rally_81343ac4_MvsVupI8 (fedecf44-e0bc-49e4-a908-c09bce8b9495)
2019-08-05 10:47:27.409 22705 RALLYDEBUG rally_openstack.cleanup.manager [-] Deleting neutron.port object s_rally_81343ac4_4Uzk9y5I (ff2d1081-8d2c-49f6-b51c-7a39fc71877f)
2019-08-05 10:47:27.477 22705 RALLYDEBUG rally_openstack.cleanup.manager [-] Deleting neutron.port object s_rally_81343ac4_dSk0VOhP (ffa028c5-56b3-4199-ba2a-ba3e4afbddc7)
2019-08-05 10:47:27.745 22705 RALLYDEBUG rally_openstack.cleanup.manager [-] Deleting neutron.port object s_rally_81343ac4_dmFBXWmu (ffb015e0-9ba5-4931-9adb-0ea4f2271a57)
2019-08-05 10:47:30.223 22705 RALLYDEBUG rally_openstack.cleanup.manager [-] Cleaning up neutron subnet objects
2019-08-05 10:47:30.983 22705 RALLYDEBUG rally_openstack.cleanup.manager [-] Cleaning up neutron network objects
2019-08-05 10:47:31.848 22705 RALLYDEBUG rally_openstack.cleanup.manager [-] Deleting neutron.network object s_rally_81343ac4_6fAVGHPE (01619fcd-9fde-42a0-96fd-7f999308b896)
2019-08-05 10:47:31.855 22705 RALLYDEBUG rally_openstack.cleanup.manager [-] Deleting neutron.network object s_rally_81343ac4_W1dtudyI (0a08fbf4-8f5a-42cb-b020-cbeb395ca303)
2019-08-05 10:47:31.863 22705 RALLYDEBUG rally_openstack.cleanup.manager [-] Deleting neutron.network object s_rally_81343ac4_QVjYPM4R (10df6c0a-ffec-4437-9144-107a36f7ae55)
2019-08-05 10:47:31.868 22705 RALLYDEBUG rally_openstack.cleanup.manager [-] Deleting neutron.network object s_rally_81343ac4_EIhcpOI3 (182da8be-9759-4a0e-8fa6-c612eb0f41bb)
2019-08-05 10:47:31.874 22705 RALLYDEBUG rally_openstack.cleanup.manager [-] Deleting neutron.network object s_rally_81343ac4_pDycvWUX (2b9829ef-78fe-48d4-bc2d-0934b5ebe74d)
2019-08-05 10:47:31.880 22705 RALLYDEBUG rally_openstack.cleanup.manager [-] Deleting neutron.network object s_rally_81343ac4_XGnR9WDH (3cf38b3c-c2f1-4c23-a58e-827a8135943d)
2019-08-05 10:47:31.894 22705 RALLYDEBUG rally_openstack.cleanup.manager [-] Deleting neutron.network object s_rally_81343ac4_Qc693fGw (3b5f1013-f75d-4e7c-b47f-cb5218b5e4a1)
2019-08-05 10:47:31.905 22705 RALLYDEBUG rally_openstack.cleanup.manager [-] Deleting neutron.network object s_rally_81343ac4_Qq5KofvO (4667d4a6-57e2-4541-89ef-ea22710b71a7)
2019-08-05 10:47:31.910 22705 RALLYDEBUG rally_openstack.cleanup.manager [-] Deleting neutron.network object s_rally_81343ac4_LUR32LAA (450a60a2-3dfb-42ef-b49a-a43fb5d328d5)
2019-08-05 10:47:31.912 22705 RALLYDEBUG rally_openstack.cleanup.manager [-] Deleting neutron.network object s_rally_81343ac4_WN7L0fy5 (4827b597-8527-41ba-b38e-38e19aded888)
2019-08-05 10:47:31.927 22705 RALLYDEBUG rally_openstack.cleanup.manager [-] Deleting neutron.network object s_rally_81343ac4_NSAmQ5Xi (4ca1a150-510e-4900-be98-8a7dcef0f810)
2019-08-05 10:47:31.934 22705 RALLYDEBUG rally_openstack.cleanup.manager [-] Deleting neutron.network object s_rally_81343ac4_OmgvsBtV (5acdad8d-3309-4e97-8b8a-ce31b1a24ae3)
2019-08-05 10:47:31.953 22705 RALLYDEBUG rally_openstack.cleanup.manager [-] Deleting neutron.network object s_rally_81343ac4_8dAspIT7 (5c49f903-7eba-43b0-bfcc-ff293bb58cea)
2019-08-05 10:47:31.959 22705 RALLYDEBUG rally_openstack.cleanup.manager [-] Deleting neutron.network object s_rally_81343ac4_0fAkVVbx (602eb2e7-6404-400f-b23a-3ae8bc13bcf8)
2019-08-05 10:47:31.997 22705 RALLYDEBUG rally_openstack.cleanup.manager [-] Deleting neutron.network object s_rally_81343ac4_yS66NifR (6df9ac6a-7b71-4ed2-97b3-0022ae70d984)
2019-08-05 10:47:31.999 22705 RALLYDEBUG rally_openstack.cleanup.manager [-] Deleting neutron.network object s_rally_81343ac4_OJ4NX8Vr (67cfee3e-65ef-4469-b80a-3c7ef53165b8)
2019-08-05 10:47:32.002 22705 RALLYDEBUG rally_openstack.cleanup.manager [-] Deleting neutron.network object s_rally_81343ac4_vE10R254 (7a5651c9-4f4b-45bd-bc8c-59433f60d57f)
2019-08-05 10:47:32.013 22705 RALLYDEBUG rally_openstack.cleanup.manager [-] Deleting neutron.network object s_rally_81343ac4_blhjWwTu (902c7672-c477-44a6-b062-fe29587f1fd4)
2019-08-05 10:47:32.018 22705 RALLYDEBUG rally_openstack.cleanup.manager [-] Deleting neutron.network object s_rally_81343ac4_DaGUG1fp (80cced22-d0a3-4ce3-8fe6-95f775496491)
2019-08-05 10:47:32.020 22705 RALLYDEBUG rally_openstack.cleanup.manager [-] Deleting neutron.network object s_rally_81343ac4_yVhrFRkW (9417b7b8-3010-4b5e-9797-173930d279ac)
2019-08-05 10:47:35.199 22705 RALLYDEBUG rally_openstack.cleanup.manager [-] Deleting neutron.network object s_rally_81343ac4_gfLBmtjO (a0f3dda5-d64f-4965-a208-4a46c4c3e8d9)
2019-08-05 10:47:35.329 22705 RALLYDEBUG rally_openstack.cleanup.manager [-] Deleting neutron.network object s_rally_81343ac4_pQa7VLWl (a18037e0-25a9-4468-80e3-d7c7faa7de97)
2019-08-05 10:47:35.410 22705 RALLYDEBUG rally_openstack.cleanup.manager [-] Deleting neutron.network object s_rally_81343ac4_l0QQYpon (a26c1154-85ba-4f23-aa24-080d30ebcb11)
2019-08-05 10:47:35.502 22705 RALLYDEBUG rally_openstack.cleanup.manager [-] Deleting neutron.network object s_rally_81343ac4_2BNjk24x (a2b6fbcc-f46f-425c-9f39-96fc0fba4c4e)
2019-08-05 10:47:35.602 22705 RALLYDEBUG rally_openstack.cleanup.manager [-] Deleting neutron.network object s_rally_81343ac4_RVpiBRIJ (a4ed68ff-1fcb-4147-accc-5f4e1ad03dc5)
2019-08-05 10:47:35.615 22705 RALLYDEBUG rally_openstack.cleanup.manager [-] Deleting neutron.network object s_rally_81343ac4_URpN5DcO (a8bd0f4a-7db1-4e46-96ad-480230e77e84)
2019-08-05 10:47:35.623 22705 RALLYDEBUG rally_openstack.cleanup.manager [-] Deleting neutron.network object s_rally_81343ac4_J4Fw4Sch (b4b079b6-7ead-42b0-842f-0bc2326fd297)
2019-08-05 10:47:35.629 22705 RALLYDEBUG rally_openstack.cleanup.manager [-] Deleting neutron.network object s_rally_81343ac4_gdSEFnwb (b66b1d4f-b784-4e58-be0f-9a5152400023)
2019-08-05 10:47:35.696 22705 RALLYDEBUG rally_openstack.cleanup.manager [-] Deleting neutron.network object s_rally_81343ac4_rgMLcWuQ (c74e4667-fcb4-4c32-8a54-52950599ed71)
2019-08-05 10:47:35.755 22705 RALLYDEBUG rally_openstack.cleanup.manager [-] Deleting neutron.network object s_rally_81343ac4_apM5DA94 (cbd8c7a6-c12d-4bfd-bf2e-571321009513)
2019-08-05 10:47:35.768 22705 RALLYDEBUG rally_openstack.cleanup.manager [-] Deleting neutron.network object s_rally_81343ac4_iEoUF87v (ce804657-a3a9-4bd6-801a-f31d2c33098b)
2019-08-05 10:47:35.827 22705 RALLYDEBUG rally_openstack.cleanup.manager [-] Deleting neutron.network object s_rally_81343ac4_lA6YUAuz (d08413fb-2580-47a5-b544-b92d3e35df5f)
2019-08-05 10:47:35.872 22705 RALLYDEBUG rally_openstack.cleanup.manager [-] Deleting neutron.network object s_rally_81343ac4_G8Zo1XrK (d224fe8b-765b-4862-8ea9-c0e076436e92)
2019-08-05 10:47:36.644 22705 RALLYDEBUG rally_openstack.cleanup.manager [-] Deleting neutron.network object s_rally_81343ac4_mrHBvl4g (dae992d6-b4ab-4d1f-b4a1-94fb6b134bac)
2019-08-05 10:47:36.653 22705 RALLYDEBUG rally_openstack.cleanup.manager [-] Deleting neutron.network object s_rally_81343ac4_uVCtO89z (e63bfafa-cbe3-4b03-8073-3685a4e434d7)
2019-08-05 10:47:36.907 22705 RALLYDEBUG rally_openstack.cleanup.manager [-] Deleting neutron.network object s_rally_81343ac4_HFC2wGkt (e85eb3c3-8daa-4f58-872f-eba5fb3040ea)
2019-08-05 10:47:36.914 22705 RALLYDEBUG rally_openstack.cleanup.manager [-] Deleting neutron.network object s_rally_81343ac4_MLRm8aC6 (e8696af5-1c6b-4615-9c9e-0d7e56830e66)
2019-08-05 10:47:37.712 22705 RALLYDEBUG rally_openstack.cleanup.manager [-] Deleting neutron.network object s_rally_81343ac4_XXaI7o76 (f267d127-e002-4123-857d-90f4f39fa8ed)
2019-08-05 10:47:38.049 22705 RALLYDEBUG rally_openstack.cleanup.manager [-] Deleting neutron.network object s_rally_81343ac4_ZXm2oVZJ (f585823a-cfe8-47f3-8859-5459374ab5bf)
2019-08-05 10:47:38.118 22705 RALLYDEBUG rally_openstack.cleanup.manager [-] Deleting neutron.network object s_rally_81343ac4_a5Guc3pW (fe00965e-18bc-45e5-9e8e-97e60757b059)
2019-08-05 10:47:41.678 22705 RALLYDEBUG rally_openstack.cleanup.manager [-] Cleaning up neutron router objects
2019-08-05 10:47:42.469 22705 RALLYDEBUG rally_openstack.cleanup.manager [-] Cleaning up neutron security_group objects
2019-08-05 10:47:43.243 22705 INFO rally.task.context [-] Task c7793720-5806-4055-a7de-717204cc4b47 | Context cleanup@openstack cleanup() finished in 46.51 sec
2019-08-05 10:47:43.244 22705 INFO rally.task.context [-] Task c7793720-5806-4055-a7de-717204cc4b47 | Context quotas@openstack cleanup() started
2019-08-05 10:47:43.655 22705 INFO rally.task.context [-] Task c7793720-5806-4055-a7de-717204cc4b47 | Context quotas@openstack cleanup() finished in 0.41 sec
2019-08-05 10:47:43.655 22705 INFO rally.task.context [-] Task c7793720-5806-4055-a7de-717204cc4b47 | Context users@openstack cleanup() started
2019-08-05 10:47:48.927 22705 INFO rally.task.context [-] Task c7793720-5806-4055-a7de-717204cc4b47 | Context users@openstack cleanup() finished in 5.27 sec
2019-08-05 10:47:50.207 22705 INFO rally.task.engine [-] Load duration is: 39.524896
2019-08-05 10:47:50.207 22705 INFO rally.task.engine [-] Full runner duration is: 39.57791
2019-08-05 10:47:50.208 22705 INFO rally.task.engine [-] Full duration is: 97.210907
2019-08-05 10:47:50.399 22705 INFO rally.task.engine [-] Running workload: position = 2 config = { "version": 2, "title": "A cropped version of a bigger task.", "description": "Auto-generated task from a single workload (uuid=363cde3c-7016-4676-bc89-0a0453c9ea36)", "subtasks": [ { "title": "NeutronNetworks.create_and_delete_ports", "description": "Create and delete a port.", "scenario": { "NeutronNetworks.create_and_delete_ports": { "network_create_args": {}, "port_create_args": {}, "ports_per_network": 5 } }, "contexts": { "users": { "tenants": 1, "users_per_tenant": 1 }, "quotas": { "neutron": { "network": -1, "port": -1 } } }, "runner": { "constant": { "times": 40, "concurrency": 20 } }, "hooks": [], "sla": { "failure_rate": { "max": 0 } } } ] }
2019-08-05 10:47:50.419 22705 RALLYDEBUG rally_openstack.contexts.keystone.users [-] Creating 1 tenants using 20 threads
2019-08-05 10:47:52.472 22705 RALLYDEBUG rally_openstack.contexts.keystone.users [-] Creating 1 users using 20 threads
2019-08-05 10:47:55.255 22705 INFO rally.task.context [-] Task c7793720-5806-4055-a7de-717204cc4b47 | Context users@openstack setup() finished in 4.84 sec
2019-08-05 10:47:56.061 22705 INFO rally.task.context [-] Task c7793720-5806-4055-a7de-717204cc4b47 | Context quotas@openstack setup() finished in 0.81 sec
2019-08-05 10:47:56.062 22705 INFO rally.task.context [-] Task c7793720-5806-4055-a7de-717204cc4b47 | Context cleanup@openstack setup() finished in 0.01 msec
2019-08-05 10:47:56.069 22705 RALLYDEBUG rally.task.runner [-] Starting the constant runner (task UUID: c7793720-5806-4055-a7de-717204cc4b47). timeout: 0 concurrency: 20 concurrency_per_worker: 1 times: 40 concurrency_overhead: 4 processes_to_start: 16 max_cpu_used: 16
2019-08-05 10:47:56.083 26951 RALLYDEBUG rally.task.runner [-] Starting a worker. concurrency: 2 args: {"network_create_args": {}, "port_create_args": {}, "ports_per_network": 5} times: 40 method_name: run timeout: 0 duration: None cls:
2019-08-05 10:47:56.085 26952 RALLYDEBUG rally.task.runner [-] Starting a worker. concurrency: 2 args: {"network_create_args": {}, "port_create_args": {}, "ports_per_network": 5} times: 40 method_name: run timeout: 0 duration: None cls:
2019-08-05 10:47:56.088 26953 RALLYDEBUG rally.task.runner [-] Starting a worker. concurrency: 2 args: {"network_create_args": {}, "port_create_args": {}, "ports_per_network": 5} times: 40 method_name: run timeout: 0 duration: None cls:
2019-08-05 10:47:56.091 26954 RALLYDEBUG rally.task.runner [-] Starting a worker. concurrency: 2 args: {"network_create_args": {}, "port_create_args": {}, "ports_per_network": 5} times: 40 method_name: run timeout: 0 duration: None cls:
2019-08-05 10:47:56.092 26951 INFO rally.task.runner [-] Task c7793720-5806-4055-a7de-717204cc4b47 | ITER: 1 START
2019-08-05 10:47:56.095 26952 INFO rally.task.runner [-] Task c7793720-5806-4055-a7de-717204cc4b47 | ITER: 2 START
2019-08-05 10:47:56.094 26951 WARNING rally_openstack.scenarios.neutron.utils [-] Running this scenario without either the 'network' or 'existing_network' context is deprecated
2019-08-05 10:47:56.097 26952 WARNING rally_openstack.scenarios.neutron.utils [-] Running this scenario without either the 'network' or 'existing_network' context is deprecated
2019-08-05 10:47:56.096 26956 RALLYDEBUG rally.task.runner [-] Starting a worker. concurrency: 1 args: {"network_create_args": {}, "port_create_args": {}, "ports_per_network": 5} times: 40 method_name: run timeout: 0 duration: None cls:
2019-08-05 10:47:56.098 26953 INFO rally.task.runner [-] Task c7793720-5806-4055-a7de-717204cc4b47 | ITER: 7 START
2019-08-05 10:47:56.100 26953 WARNING rally_openstack.scenarios.neutron.utils [-] Running this scenario without either the 'network' or 'existing_network' context is deprecated
2019-08-05 10:47:56.099 26959 RALLYDEBUG rally.task.runner [-] Starting a worker. concurrency: 1 args: {"network_create_args": {}, "port_create_args": {}, "ports_per_network": 5} times: 40 method_name: run timeout: 0 duration: None cls:
2019-08-05 10:47:56.102 26954 INFO rally.task.runner [-] Task c7793720-5806-4055-a7de-717204cc4b47 | ITER: 6 START
2019-08-05 10:47:56.101 26964 RALLYDEBUG rally.task.runner [-] Starting a worker. concurrency: 1 args: {"network_create_args": {}, "port_create_args": {}, "ports_per_network": 5} times: 40 method_name: run timeout: 0 duration: None cls:
2019-08-05 10:47:56.096 26951 INFO rally.task.runner [-] Task c7793720-5806-4055-a7de-717204cc4b47 | ITER: 3 START
2019-08-05 10:47:56.103 26954 WARNING rally_openstack.scenarios.neutron.utils [-] Running this scenario without either the 'network' or 'existing_network' context is deprecated
2019-08-05 10:47:56.105 26951 WARNING rally_openstack.scenarios.neutron.utils [-] Running this scenario without either the 'network' or 'existing_network' context is deprecated
2019-08-05 10:47:56.106 26959 INFO rally.task.runner [-] Task c7793720-5806-4055-a7de-717204cc4b47 | ITER: 10 START
2019-08-05 10:47:56.107 26956 INFO rally.task.runner [-] Task c7793720-5806-4055-a7de-717204cc4b47 | ITER: 9 START
2019-08-05 10:47:56.099 26952 INFO rally.task.runner [-] Task c7793720-5806-4055-a7de-717204cc4b47 | ITER: 5 START
2019-08-05 10:47:56.108 26959 WARNING rally_openstack.scenarios.neutron.utils [-] Running this scenario without either the 'network' or 'existing_network' context is deprecated
2019-08-05 10:47:56.109 26956 WARNING rally_openstack.scenarios.neutron.utils [-] Running this scenario without either the 'network' or 'existing_network' context is deprecated
2019-08-05 10:47:56.109 26953 INFO rally.task.runner [-] Task c7793720-5806-4055-a7de-717204cc4b47 | ITER: 4 START
2019-08-05 10:47:56.109 26952 WARNING rally_openstack.scenarios.neutron.utils [-] Running this scenario without either the 'network' or 'existing_network' context is deprecated
2019-08-05 10:47:56.109 26953 WARNING rally_openstack.scenarios.neutron.utils [-] Running this scenario without either the 'network' or 'existing_network' context is deprecated
2019-08-05 10:47:56.109 26968 RALLYDEBUG rally.task.runner [-] Starting a worker. concurrency: 1 args: {"network_create_args": {}, "port_create_args": {}, "ports_per_network": 5} times: 40 method_name: run timeout: 0 duration: None cls:
2019-08-05 10:47:56.111 26969 RALLYDEBUG rally.task.runner [-] Starting a worker. concurrency: 1 args: {"network_create_args": {}, "port_create_args": {}, "ports_per_network": 5} times: 40 method_name: run timeout: 0 duration: None cls:
2019-08-05 10:47:56.105 26954 INFO rally.task.runner [-] Task c7793720-5806-4055-a7de-717204cc4b47 | ITER: 8 START
2019-08-05 10:47:56.112 26964 INFO rally.task.runner [-] Task c7793720-5806-4055-a7de-717204cc4b47 | ITER: 11 START
2019-08-05 10:47:56.113 26954 WARNING rally_openstack.scenarios.neutron.utils [-] Running this scenario without either the 'network' or 'existing_network' context is deprecated
2019-08-05 10:47:56.114 26977 RALLYDEBUG rally.task.runner [-] Starting a worker. concurrency: 1 args: {"network_create_args": {}, "port_create_args": {}, "ports_per_network": 5} times: 40 method_name: run timeout: 0 duration: None cls:
2019-08-05 10:47:56.115 26964 WARNING rally_openstack.scenarios.neutron.utils [-] Running this scenario without either the 'network' or 'existing_network' context is deprecated
2019-08-05 10:47:56.117 26968 INFO rally.task.runner [-] Task c7793720-5806-4055-a7de-717204cc4b47 | ITER: 12 START
2019-08-05 10:47:56.116 26973 RALLYDEBUG rally.task.runner [-] Starting a worker. concurrency: 1 args: {"network_create_args": {}, "port_create_args": {}, "ports_per_network": 5} times: 40 method_name: run timeout: 0 duration: None cls:
2019-08-05 10:47:56.119 26968 WARNING rally_openstack.scenarios.neutron.utils [-] Running this scenario without either the 'network' or 'existing_network' context is deprecated
2019-08-05 10:47:56.119 26969 INFO rally.task.runner [-] Task c7793720-5806-4055-a7de-717204cc4b47 | ITER: 13 START
2019-08-05 10:47:56.120 26977 INFO rally.task.runner [-] Task c7793720-5806-4055-a7de-717204cc4b47 | ITER: 14 START
2019-08-05 10:47:56.121 26969 WARNING rally_openstack.scenarios.neutron.utils [-] Running this scenario without either the 'network' or 'existing_network' context is deprecated
2019-08-05 10:47:56.121 26977 WARNING rally_openstack.scenarios.neutron.utils [-] Running this scenario without either the 'network' or 'existing_network' context is deprecated
2019-08-05 10:47:56.122 26973 INFO rally.task.runner [-] Task c7793720-5806-4055-a7de-717204cc4b47 | ITER: 15 START
2019-08-05 10:47:56.124 26980 RALLYDEBUG rally.task.runner [-] Starting a worker. concurrency: 1 args: {"network_create_args": {}, "port_create_args": {}, "ports_per_network": 5} times: 40 method_name: run timeout: 0 duration: None cls:
2019-08-05 10:47:56.124 26973 WARNING rally_openstack.scenarios.neutron.utils [-] Running this scenario without either the 'network' or 'existing_network' context is deprecated
2019-08-05 10:47:56.131 26980 INFO rally.task.runner [-] Task c7793720-5806-4055-a7de-717204cc4b47 | ITER: 16 START
2019-08-05 10:47:56.132 26980 WARNING rally_openstack.scenarios.neutron.utils [-] Running this scenario without either the 'network' or 'existing_network' context is deprecated
2019-08-05 10:47:56.139 26991 RALLYDEBUG rally.task.runner [-] Starting a worker. concurrency: 1 args: {"network_create_args": {}, "port_create_args": {}, "ports_per_network": 5} times: 40 method_name: run timeout: 0 duration: None cls:
2019-08-05 10:47:56.139 26989 RALLYDEBUG rally.task.runner [-] Starting a worker. concurrency: 1 args: {"network_create_args": {}, "port_create_args": {}, "ports_per_network": 5} times: 40 method_name: run timeout: 0 duration: None cls:
2019-08-05 10:47:56.146 26989 INFO rally.task.runner [-] Task c7793720-5806-4055-a7de-717204cc4b47 | ITER: 18 START
2019-08-05 10:47:56.147 26991 INFO rally.task.runner [-] Task c7793720-5806-4055-a7de-717204cc4b47 | ITER: 17 START
2019-08-05 10:47:56.148 26991 WARNING rally_openstack.scenarios.neutron.utils [-] Running this scenario without either the 'network' or 'existing_network' context is deprecated
2019-08-05 10:47:56.149 26989 WARNING rally_openstack.scenarios.neutron.utils [-] Running this scenario without either the 'network' or 'existing_network' context is deprecated
2019-08-05 10:47:56.149 26993 RALLYDEBUG rally.task.runner [-] Starting a worker. concurrency: 1 args: {"network_create_args": {}, "port_create_args": {}, "ports_per_network": 5} times: 40 method_name: run timeout: 0 duration: None cls:
2019-08-05 10:47:56.150 26995 RALLYDEBUG rally.task.runner [-] Starting a worker. concurrency: 1 args: {"network_create_args": {}, "port_create_args": {}, "ports_per_network": 5} times: 40 method_name: run timeout: 0 duration: None cls:
2019-08-05 10:47:56.154 26993 INFO rally.task.runner [-] Task c7793720-5806-4055-a7de-717204cc4b47 | ITER: 19 START
2019-08-05 10:47:56.154 26995 INFO rally.task.runner [-] Task c7793720-5806-4055-a7de-717204cc4b47 | ITER: 20 START
2019-08-05 10:47:56.155 26993 WARNING rally_openstack.scenarios.neutron.utils [-] Running this scenario without either the 'network' or 'existing_network' context is deprecated
2019-08-05 10:47:56.155 26995 WARNING rally_openstack.scenarios.neutron.utils [-] Running this scenario without either the 'network' or 'existing_network' context is deprecated
2019-08-05 10:48:12.844 26959 INFO rally.task.runner [-] Task c7793720-5806-4055-a7de-717204cc4b47 | ITER: 10 END: OK
2019-08-05 10:48:12.849 26959 INFO rally.task.runner [-] Task c7793720-5806-4055-a7de-717204cc4b47 | ITER: 21 START
2019-08-05 10:48:12.850 26959 WARNING rally_openstack.scenarios.neutron.utils [-] Running this scenario without either the 'network' or 'existing_network' context is deprecated
2019-08-05 10:48:13.043 26969 INFO rally.task.runner [-] Task c7793720-5806-4055-a7de-717204cc4b47 | ITER: 13 END: OK
2019-08-05 10:48:13.047 26969 INFO rally.task.runner [-] Task c7793720-5806-4055-a7de-717204cc4b47 | ITER: 22 START
2019-08-05 10:48:13.048 26969 WARNING rally_openstack.scenarios.neutron.utils [-] Running this scenario without either the 'network' or 'existing_network' context is deprecated
2019-08-05 10:48:13.070 26991 INFO rally.task.runner [-] Task c7793720-5806-4055-a7de-717204cc4b47 | ITER: 17 END: OK
2019-08-05 10:48:13.074 26991 INFO rally.task.runner [-] Task c7793720-5806-4055-a7de-717204cc4b47 | ITER: 23 START
2019-08-05 10:48:13.074 26991 WARNING rally_openstack.scenarios.neutron.utils [-] Running this scenario without either the 'network' or 'existing_network' context is deprecated
2019-08-05 10:48:13.114 26989 INFO rally.task.runner [-] Task c7793720-5806-4055-a7de-717204cc4b47 | ITER: 18 END: OK
2019-08-05 10:48:13.119 26989 INFO rally.task.runner [-] Task c7793720-5806-4055-a7de-717204cc4b47 | ITER: 24 START
2019-08-05 10:48:13.119 26989 WARNING rally_openstack.scenarios.neutron.utils [-] Running this scenario without either the 'network' or 'existing_network' context is deprecated
2019-08-05 10:48:13.216 26954 INFO rally.task.runner [-] Task c7793720-5806-4055-a7de-717204cc4b47 | ITER: 8 END: OK
2019-08-05 10:48:13.221 26954 INFO rally.task.runner [-] Task c7793720-5806-4055-a7de-717204cc4b47 | ITER: 25 START
2019-08-05 10:48:13.221 26954 WARNING rally_openstack.scenarios.neutron.utils [-] Running this scenario without either the 'network' or 'existing_network' context is deprecated
2019-08-05 10:48:13.269 26980 INFO rally.task.runner [-] Task c7793720-5806-4055-a7de-717204cc4b47 | ITER: 16 END: OK
2019-08-05 10:48:13.274 26980 INFO rally.task.runner [-] Task c7793720-5806-4055-a7de-717204cc4b47 | ITER: 26 START
2019-08-05 10:48:13.275 26980 WARNING rally_openstack.scenarios.neutron.utils [-] Running this scenario without either the 'network' or 'existing_network' context is deprecated
2019-08-05 10:48:13.373 26953 INFO rally.task.runner [-] Task c7793720-5806-4055-a7de-717204cc4b47 | ITER: 7 END: OK
2019-08-05 10:48:13.377 26953 INFO rally.task.runner [-] Task c7793720-5806-4055-a7de-717204cc4b47 | ITER: 27 START
2019-08-05 10:48:13.378 26953 WARNING rally_openstack.scenarios.neutron.utils [-] Running this scenario without either the 'network' or 'existing_network' context is deprecated
2019-08-05 10:48:13.829 26952 INFO rally.task.runner [-] Task c7793720-5806-4055-a7de-717204cc4b47 | ITER: 2 END: OK
2019-08-05 10:48:13.833 26952 INFO rally.task.runner [-] Task c7793720-5806-4055-a7de-717204cc4b47 | ITER: 28 START
2019-08-05 10:48:13.834 26952 WARNING rally_openstack.scenarios.neutron.utils [-] Running this scenario without either the 'network' or 'existing_network' context is deprecated
2019-08-05 10:48:13.951 26964 INFO rally.task.runner [-] Task c7793720-5806-4055-a7de-717204cc4b47 | ITER: 11 END: OK
2019-08-05 10:48:13.955 26964 INFO rally.task.runner [-] Task c7793720-5806-4055-a7de-717204cc4b47 | ITER: 29 START
2019-08-05 10:48:13.956 26964 WARNING rally_openstack.scenarios.neutron.utils [-] Running this scenario without either the 'network' or 'existing_network' context is deprecated
2019-08-05 10:48:14.634 26951 INFO rally.task.runner [-] Task c7793720-5806-4055-a7de-717204cc4b47 | ITER: 3 END: OK
2019-08-05 10:48:14.638 26951 INFO rally.task.runner [-] Task c7793720-5806-4055-a7de-717204cc4b47 | ITER: 30 START
2019-08-05 10:48:14.639 26951 WARNING rally_openstack.scenarios.neutron.utils [-] Running this scenario without either the 'network' or 'existing_network' context is deprecated
2019-08-05 10:48:14.735 26977 INFO rally.task.runner [-] Task c7793720-5806-4055-a7de-717204cc4b47 | ITER: 14 END: OK
2019-08-05 10:48:14.739 26977 INFO rally.task.runner [-] Task c7793720-5806-4055-a7de-717204cc4b47 | ITER: 31 START
2019-08-05 10:48:14.740 26977 WARNING rally_openstack.scenarios.neutron.utils [-] Running this scenario without either the 'network' or 'existing_network' context is deprecated
2019-08-05 10:48:14.859 26993 INFO rally.task.runner [-] Task c7793720-5806-4055-a7de-717204cc4b47 | ITER: 19 END: OK
2019-08-05 10:48:14.863 26993 INFO rally.task.runner [-] Task c7793720-5806-4055-a7de-717204cc4b47 | ITER: 32 START
2019-08-05 10:48:14.864 26993 WARNING rally_openstack.scenarios.neutron.utils [-] Running this scenario without either the 'network' or 'existing_network' context is deprecated
2019-08-05 10:48:15.416 26951 INFO rally.task.runner [-] Task c7793720-5806-4055-a7de-717204cc4b47 | ITER: 1 END: OK
2019-08-05 10:48:15.421 26951 INFO rally.task.runner [-] Task c7793720-5806-4055-a7de-717204cc4b47 | ITER: 33 START
2019-08-05 10:48:15.421 26951 WARNING rally_openstack.scenarios.neutron.utils [-] Running this scenario without either the 'network' or 'existing_network' context is deprecated
2019-08-05 10:48:15.757 26973 INFO rally.task.runner [-] Task c7793720-5806-4055-a7de-717204cc4b47 | ITER: 15 END: OK
2019-08-05 10:48:15.762 26973 INFO rally.task.runner [-] Task c7793720-5806-4055-a7de-717204cc4b47 | ITER: 34 START
2019-08-05 10:48:15.763 26973 WARNING rally_openstack.scenarios.neutron.utils [-] Running this scenario without either the 'network' or 'existing_network' context is deprecated
2019-08-05 10:48:15.787 26968 INFO rally.task.runner [-] Task c7793720-5806-4055-a7de-717204cc4b47 | ITER: 12 END: OK
2019-08-05 10:48:15.791 26968 INFO rally.task.runner [-] Task c7793720-5806-4055-a7de-717204cc4b47 | ITER: 35 START
2019-08-05 10:48:15.791 26968 WARNING rally_openstack.scenarios.neutron.utils [-] Running this scenario without either the 'network' or 'existing_network' context is deprecated
2019-08-05 10:48:16.263 26953 INFO rally.task.runner [-] Task c7793720-5806-4055-a7de-717204cc4b47 | ITER: 4 END: OK
2019-08-05 10:48:16.267 26953 INFO rally.task.runner [-] Task c7793720-5806-4055-a7de-717204cc4b47 | ITER: 36 START
2019-08-05 10:48:16.267 26953 WARNING rally_openstack.scenarios.neutron.utils [-] Running this scenario without either the 'network' or 'existing_network' context is deprecated
2019-08-05 10:48:17.173 26952 INFO rally.task.runner [-] Task c7793720-5806-4055-a7de-717204cc4b47 | ITER: 5 END: OK
2019-08-05 10:48:17.177 26952 INFO rally.task.runner [-] Task c7793720-5806-4055-a7de-717204cc4b47 | ITER: 37 START
2019-08-05 10:48:17.178 26952 WARNING rally_openstack.scenarios.neutron.utils [-] Running this scenario without either the 'network' or 'existing_network' context is deprecated
2019-08-05 10:48:17.307 26995 INFO rally.task.runner [-] Task c7793720-5806-4055-a7de-717204cc4b47 | ITER: 20 END: OK
2019-08-05 10:48:17.311 26995 INFO rally.task.runner [-] Task c7793720-5806-4055-a7de-717204cc4b47 | ITER: 38 START
2019-08-05 10:48:17.312 26995 WARNING rally_openstack.scenarios.neutron.utils [-] Running this scenario without either the 'network' or 'existing_network' context is deprecated
2019-08-05 10:48:18.553 26954 INFO rally.task.runner [-] Task c7793720-5806-4055-a7de-717204cc4b47 | ITER: 6 END: OK
2019-08-05 10:48:18.558 26954 INFO rally.task.runner [-] Task c7793720-5806-4055-a7de-717204cc4b47 | ITER: 39 START
