2019-08-05 10:48:18.559 26954 WARNING rally_openstack.scenarios.neutron.utils [-] Running this scenario without either the 'network' or 'existing_network' context is deprecated
2019-08-05 10:48:19.513 26956 INFO rally.task.runner [-] Task c7793720-5806-4055-a7de-717204cc4b47 | ITER: 9 END: OK
2019-08-05 10:48:19.518 26956 INFO rally.task.runner [-] Task c7793720-5806-4055-a7de-717204cc4b47 | ITER: 40 START
2019-08-05 10:48:19.518 26956 WARNING rally_openstack.scenarios.neutron.utils [-] Running this scenario without either the 'network' or 'existing_network' context is deprecated
2019-08-05 10:48:29.446 26951 INFO rally.task.runner [-] Task c7793720-5806-4055-a7de-717204cc4b47 | ITER: 30 END: OK
2019-08-05 10:48:30.433 26969 INFO rally.task.runner [-] Task c7793720-5806-4055-a7de-717204cc4b47 | ITER: 22 END: OK
2019-08-05 10:48:30.916 26980 INFO rally.task.runner [-] Task c7793720-5806-4055-a7de-717204cc4b47 | ITER: 26 END: OK
2019-08-05 10:48:31.103 26993 INFO rally.task.runner [-] Task c7793720-5806-4055-a7de-717204cc4b47 | ITER: 32 END: OK
2019-08-05 10:48:31.124 26959 INFO rally.task.runner [-] Task c7793720-5806-4055-a7de-717204cc4b47 | ITER: 21 END: OK
2019-08-05 10:48:31.369 26953 INFO rally.task.runner [-] Task c7793720-5806-4055-a7de-717204cc4b47 | ITER: 27 END: OK
2019-08-05 10:48:31.522 26964 INFO rally.task.runner [-] Task c7793720-5806-4055-a7de-717204cc4b47 | ITER: 29 END: OK
2019-08-05 10:48:31.678 26989 INFO rally.task.runner [-] Task c7793720-5806-4055-a7de-717204cc4b47 | ITER: 24 END: OK
2019-08-05 10:48:31.809 26977 INFO rally.task.runner [-] Task c7793720-5806-4055-a7de-717204cc4b47 | ITER: 31 END: OK
2019-08-05 10:48:31.908 26953 INFO rally.task.runner [-] Task c7793720-5806-4055-a7de-717204cc4b47 | ITER: 36 END: OK
2019-08-05 10:48:32.101 26954 INFO rally.task.runner [-] Task c7793720-5806-4055-a7de-717204cc4b47 | ITER: 25 END: OK
2019-08-05 10:48:32.139 26991 INFO rally.task.runner [-] Task c7793720-5806-4055-a7de-717204cc4b47 | ITER: 23 END: OK
2019-08-05 10:48:32.631 26968 INFO rally.task.runner [-] Task c7793720-5806-4055-a7de-717204cc4b47 | ITER: 35 END: OK
2019-08-05 10:48:32.815 26951 INFO rally.task.runner [-] Task c7793720-5806-4055-a7de-717204cc4b47 | ITER: 33 END: OK
2019-08-05 10:48:33.250 26973 INFO rally.task.runner [-] Task c7793720-5806-4055-a7de-717204cc4b47 | ITER: 34 END: OK
2019-08-05 10:48:33.921 26952 INFO rally.task.runner [-] Task c7793720-5806-4055-a7de-717204cc4b47 | ITER: 28 END: OK
2019-08-05 10:48:33.964 26954 INFO rally.task.runner [-] Task c7793720-5806-4055-a7de-717204cc4b47 | ITER: 39 END: OK
2019-08-05 10:48:34.032 26952 INFO rally.task.runner [-] Task c7793720-5806-4055-a7de-717204cc4b47 | ITER: 37 END: OK
2019-08-05 10:48:34.884 26995 INFO rally.task.runner [-] Task c7793720-5806-4055-a7de-717204cc4b47 | ITER: 38 END: OK
2019-08-05 10:48:37.398 26956 INFO rally.task.runner [-] Task c7793720-5806-4055-a7de-717204cc4b47 | ITER: 40 END: OK
2019-08-05 10:48:37.430 22705 INFO rally.task.context [-] Task c7793720-5806-4055-a7de-717204cc4b47 | Context cleanup@openstack cleanup() started
2019-08-05 10:48:37.432 22705 RALLYDEBUG rally_openstack.cleanup.manager [-] Cleaning up neutron vip objects
2019-08-05 10:48:38.089 22705 RALLYDEBUG rally_openstack.cleanup.manager [-] Cleaning up neutron health_monitor objects
2019-08-05 10:48:38.731 22705 RALLYDEBUG rally_openstack.cleanup.manager [-] Cleaning up neutron pool objects
2019-08-05 10:48:39.474 22705 RALLYDEBUG rally_openstack.cleanup.manager [-] Cleaning up neutron loadbalancer objects
2019-08-05 10:48:40.212 22705 RALLYDEBUG rally_openstack.cleanup.manager [-] Cleaning up neutron floatingip objects
2019-08-05 10:48:41.008 22705 RALLYDEBUG rally_openstack.cleanup.manager [-] Cleaning up neutron port objects
2019-08-05 10:48:42.113 22705 RALLYDEBUG rally_openstack.cleanup.manager [-] Cleaning up neutron subnet objects
2019-08-05 10:48:42.980 22705 RALLYDEBUG rally_openstack.cleanup.manager [-] Cleaning up neutron network objects
2019-08-05 10:48:43.791 22705 RALLYDEBUG rally_openstack.cleanup.manager [-] Deleting neutron.network object s_rally_363cde3c_Kox7cqQ7 (089015a2-8901-4add-9fab-73347455f583)
2019-08-05 10:48:43.796 22705 RALLYDEBUG rally_openstack.cleanup.manager [-] Deleting neutron.network object s_rally_363cde3c_0D8BYdbC (09da127f-7e41-4d5e-adc1-24feaa7466af)
2019-08-05 10:48:43.806 22705 RALLYDEBUG rally_openstack.cleanup.manager [-] Deleting neutron.network object s_rally_363cde3c_h6sHmQVC (1c233b30-b091-4779-9dae-a8f3f2ce3b5e)
2019-08-05 10:48:43.813 22705 RALLYDEBUG rally_openstack.cleanup.manager [-] Deleting neutron.network object s_rally_363cde3c_bNKQGOsx (208d0e2f-bc16-4b6a-a702-8db8ea9699c3)
2019-08-05 10:48:43.816 22705 RALLYDEBUG rally_openstack.cleanup.manager [-] Deleting neutron.network object s_rally_363cde3c_Kxo5xsNn (21ce1af1-dd74-450e-9d71-4888f5c5c42a)
2019-08-05 10:48:43.827 22705 RALLYDEBUG rally_openstack.cleanup.manager [-] Deleting neutron.network object s_rally_363cde3c_hX3OX4Z7 (260394a4-6878-4b81-a80a-08deedca947e)
2019-08-05 10:48:43.832 22705 RALLYDEBUG rally_openstack.cleanup.manager [-] Deleting neutron.network object s_rally_363cde3c_bS6gN7uv (28005b0f-c62a-48c9-9f09-d9de45828731)
2019-08-05 10:48:43.847 22705 RALLYDEBUG rally_openstack.cleanup.manager [-] Deleting neutron.network object s_rally_363cde3c_p0NulWUv (283e29b3-4123-4eef-842e-19e0142c41c2)
2019-08-05 10:48:43.854 22705 RALLYDEBUG rally_openstack.cleanup.manager [-] Deleting neutron.network object s_rally_363cde3c_XDVo2naW (3c9090db-36a1-4d9b-baa9-98085151a248)
2019-08-05 10:48:43.872 22705 RALLYDEBUG rally_openstack.cleanup.manager [-] Deleting neutron.network object s_rally_363cde3c_PxuEQ9oD (48a7490b-06bb-4a19-b521-bee97063c620)
2019-08-05 10:48:43.876 22705 RALLYDEBUG rally_openstack.cleanup.manager [-] Deleting neutron.network object s_rally_363cde3c_kDXA7xaA (3160afa6-35d0-4604-870f-4a68c86bd80c)
2019-08-05 10:48:43.898 22705 RALLYDEBUG rally_openstack.cleanup.manager [-] Deleting neutron.network object s_rally_363cde3c_IwOQNthZ (5b09ebfc-e762-4012-8d7f-9428f91b944a)
2019-08-05 10:48:43.907 22705 RALLYDEBUG rally_openstack.cleanup.manager [-] Deleting neutron.network object s_rally_363cde3c_6MaUMCnr (5a2615d0-6241-4413-9134-d3ad828c8038)
2019-08-05 10:48:43.919 22705 RALLYDEBUG rally_openstack.cleanup.manager [-] Deleting neutron.network object s_rally_363cde3c_eqV58xeQ (5b74632f-2df0-4b8c-ab37-369052ab5bd1)
2019-08-05 10:48:43.938 22705 RALLYDEBUG rally_openstack.cleanup.manager [-] Deleting neutron.network object s_rally_363cde3c_N5CSwHP4 (5b38b722-5396-466f-addc-2fef30f36254)
2019-08-05 10:48:43.945 22705 RALLYDEBUG rally_openstack.cleanup.manager [-] Deleting neutron.network object s_rally_363cde3c_JpnaYBak (62e52362-0559-44a3-8b44-748aed412cf8)
2019-08-05 10:48:43.969 22705 RALLYDEBUG rally_openstack.cleanup.manager [-] Deleting neutron.network object s_rally_363cde3c_BFJgd8Su (72d69ae8-b1d0-4a45-9915-0dd0e8a86f78)
2019-08-05 10:48:43.972 22705 RALLYDEBUG rally_openstack.cleanup.manager [-] Deleting neutron.network object s_rally_363cde3c_8lWxqt7Y (77d375d9-a744-44d2-9c8e-08c38fc923e9)
2019-08-05 10:48:43.976 22705 RALLYDEBUG rally_openstack.cleanup.manager [-] Deleting neutron.network object s_rally_363cde3c_rDqV2U8W (8265349a-8219-4419-8f1f-baa47a54dfc7)
2019-08-05 10:48:43.987 22705 RALLYDEBUG rally_openstack.cleanup.manager [-] Deleting neutron.network object s_rally_363cde3c_tdhxpxzH (7902dfa1-c126-46a5-b1c3-278366b6ee1a)
2019-08-05 10:48:47.343 22705 RALLYDEBUG rally_openstack.cleanup.manager [-] Deleting neutron.network object s_rally_363cde3c_FYtOJw3i (92989689-3a13-4d2c-b277-a5e51ce82db4)
2019-08-05 10:48:47.389 22705 RALLYDEBUG rally_openstack.cleanup.manager [-] Deleting neutron.network object s_rally_363cde3c_GSGQQOx5 (9a1db8ee-6f3d-4221-ac94-c679766dabb0)
2019-08-05 10:48:47.532 22705 RALLYDEBUG rally_openstack.cleanup.manager [-] Deleting neutron.network object s_rally_363cde3c_wuwxGyTA (9b7b8e6c-bc2e-4817-bbd1-3bccb58881f2)
2019-08-05 10:48:47.579 22705 RALLYDEBUG rally_openstack.cleanup.manager [-] Deleting neutron.network object s_rally_363cde3c_y7hbbnp5 (a40a4683-6267-4915-a90f-890acc898df3)
2019-08-05 10:48:47.986 22705 RALLYDEBUG rally_openstack.cleanup.manager [-] Deleting neutron.network object s_rally_363cde3c_AzRv0UhB (ae7417d8-6fe6-4f65-9090-2b6e1e6c40ba)
2019-08-05 10:48:48.475 22705 RALLYDEBUG rally_openstack.cleanup.manager [-] Deleting neutron.network object s_rally_363cde3c_cUNKbfxk (b20a395b-c75f-48cc-ba04-ee6766a1ac5d)
2019-08-05 10:48:48.523 22705 RALLYDEBUG rally_openstack.cleanup.manager [-] Deleting neutron.network object s_rally_363cde3c_2oq1QzA4 (b28ac770-fdad-41da-ac18-16d679b7e109)
2019-08-05 10:48:48.737 22705 RALLYDEBUG rally_openstack.cleanup.manager [-] Deleting neutron.network object s_rally_363cde3c_Ca5GUFxY (b6d3f2be-80bd-45ab-a60f-1ed7eeefb45e)
2019-08-05 10:48:48.738 22705 RALLYDEBUG rally_openstack.cleanup.manager [-] Deleting neutron.network object s_rally_363cde3c_wv3B4sXI (b85284a5-636a-4992-abf1-39c13ac47f13)
2019-08-05 10:48:48.763 22705 RALLYDEBUG rally_openstack.cleanup.manager [-] Deleting neutron.network object s_rally_363cde3c_QiJVXgpI (badfa442-f5dc-46e4-8d34-9689164a0eda)
2019-08-05 10:48:48.769 22705 RALLYDEBUG rally_openstack.cleanup.manager [-] Deleting neutron.network object s_rally_363cde3c_mBG6IGoS (be63838c-7412-444c-b6b1-8e04a3e5d4f2)
2019-08-05 10:48:49.239 22705 RALLYDEBUG rally_openstack.cleanup.manager [-] Deleting neutron.network object s_rally_363cde3c_Rd8ddJNP (c0ae885c-32c9-4acd-9f22-005f49a17cf0)
2019-08-05 10:48:49.257 22705 RALLYDEBUG rally_openstack.cleanup.manager [-] Deleting neutron.network object s_rally_363cde3c_v6ztgVlL (c34d8d81-bd6e-429c-a4dd-bf5358c55e93)
2019-08-05 10:48:49.630 22705 RALLYDEBUG rally_openstack.cleanup.manager [-] Deleting neutron.network object s_rally_363cde3c_NmDUwJ6G (c513e0c7-2ace-4c91-8ebf-f89aacb082c2)
2019-08-05 10:48:49.670 22705 RALLYDEBUG rally_openstack.cleanup.manager [-] Deleting neutron.network object s_rally_363cde3c_HQdxu3PP (d1deb262-d154-4cae-8635-62d17416c8be)
2019-08-05 10:48:49.689 22705 RALLYDEBUG rally_openstack.cleanup.manager [-] Deleting neutron.network object s_rally_363cde3c_ORVHEvhQ (d56bdf60-0968-4d50-9fe6-6a1a894e7c69)
2019-08-05 10:48:50.284 22705 RALLYDEBUG rally_openstack.cleanup.manager [-] Deleting neutron.network object s_rally_363cde3c_2N1qwqRD (e17a65a5-5fc8-4eec-a450-71c51c02bbf5)
2019-08-05 10:48:50.505 22705 RALLYDEBUG rally_openstack.cleanup.manager [-] Deleting neutron.network object s_rally_363cde3c_wAHsPg8p (efa24591-333e-4776-95db-a6b2a78c4aa9)
2019-08-05 10:48:50.652 22705 RALLYDEBUG rally_openstack.cleanup.manager [-] Deleting neutron.network object s_rally_363cde3c_ccC06lYM (f69e215d-559a-469d-9c73-e64cb77e5f6c)
2019-08-05 10:48:50.718 22705 RALLYDEBUG rally_openstack.cleanup.manager [-] Deleting neutron.network object s_rally_363cde3c_5LDdIXad (feaf3a27-d1bc-4713-9301-5e5abab793a3)
2019-08-05 10:48:53.989 22705 RALLYDEBUG rally_openstack.cleanup.manager [-] Cleaning up neutron router objects
2019-08-05 10:48:54.710 22705 RALLYDEBUG rally_openstack.cleanup.manager [-] Cleaning up neutron security_group objects
2019-08-05 10:48:55.517 22705 INFO rally.task.context [-] Task c7793720-5806-4055-a7de-717204cc4b47 | Context cleanup@openstack cleanup() finished in 18.09 sec
2019-08-05 10:48:55.518 22705 INFO rally.task.context [-] Task c7793720-5806-4055-a7de-717204cc4b47 | Context quotas@openstack cleanup() started
2019-08-05 10:48:55.864 22705 INFO rally.task.context [-] Task c7793720-5806-4055-a7de-717204cc4b47 | Context quotas@openstack cleanup() finished in 0.35 sec
2019-08-05 10:48:55.865 22705 INFO rally.task.context [-] Task c7793720-5806-4055-a7de-717204cc4b47 | Context users@openstack cleanup() started
2019-08-05 10:49:01.118 22705 INFO rally.task.context [-] Task c7793720-5806-4055-a7de-717204cc4b47 | Context users@openstack cleanup() finished in 5.25 sec
2019-08-05 10:49:02.676 22705 INFO rally.task.engine [-] Load duration is: 41.304271
2019-08-05 10:49:02.677 22705 INFO rally.task.engine [-] Full runner duration is: 41.361353
2019-08-05 10:49:02.677 22705 INFO rally.task.engine [-] Full duration is: 70.701144
2019-08-05 10:49:03.058 22705 INFO rally.task.engine [-] Running workload: position = 0 config = { "version": 2, "title": "A cropped version of a bigger task.", "description": "Auto-generated task from a single workload (uuid=7e500983-f03e-4f24-a197-1ccc4bc18816)", "subtasks": [ { "title": "Quotas.neutron_update", "description": "Update quotas for neutron.", "scenario": { "Quotas.neutron_update": { "max_quota": 1024 } }, "contexts": { "users": { "tenants": 20, "users_per_tenant": 1 } }, "runner": { "constant": { "times": 40, "concurrency": 20 } }, "hooks": [], "sla": { "failure_rate": { "max": 0 } } } ] }
2019-08-05 10:49:03.078 22705 RALLYDEBUG rally_openstack.contexts.keystone.users [-] Creating 20 tenants using 20 threads
2019-08-05 10:49:05.657 22705 RALLYDEBUG rally_openstack.contexts.keystone.users [-] Creating 20 users using 20 threads
2019-08-05 10:49:09.258 22705 INFO rally.task.context [-] Task c7793720-5806-4055-a7de-717204cc4b47 | Context users@openstack setup() finished in 6.18 sec
2019-08-05 10:49:09.258 22705 INFO rally.task.context [-] Task c7793720-5806-4055-a7de-717204cc4b47 | Context admin_cleanup@openstack setup() finished in 0.00 msec
2019-08-05 10:49:09.266 22705 RALLYDEBUG rally.task.runner [-] Starting the constant runner (task UUID: c7793720-5806-4055-a7de-717204cc4b47). timeout: 0 concurrency: 20 concurrency_per_worker: 1 times: 40 concurrency_overhead: 4 processes_to_start: 16 max_cpu_used: 16
2019-08-05 10:49:09.281 27321 RALLYDEBUG rally.task.runner [-] Starting a worker. concurrency: 2 args: {"max_quota": 1024} times: 40 method_name: run timeout: 0 duration: None cls:
2019-08-05 10:49:09.282 27322 RALLYDEBUG rally.task.runner [-] Starting a worker. concurrency: 2 args: {"max_quota": 1024} times: 40 method_name: run timeout: 0 duration: None cls:
2019-08-05 10:49:09.285 27323 RALLYDEBUG rally.task.runner [-] Starting a worker. concurrency: 2 args: {"max_quota": 1024} times: 40 method_name: run timeout: 0 duration: None cls:
2019-08-05 10:49:09.287 27324 RALLYDEBUG rally.task.runner [-] Starting a worker. concurrency: 2 args: {"max_quota": 1024} times: 40 method_name: run timeout: 0 duration: None cls:
2019-08-05 10:49:09.290 27325 RALLYDEBUG rally.task.runner [-] Starting a worker. concurrency: 1 args: {"max_quota": 1024} times: 40 method_name: run timeout: 0 duration: None cls:
2019-08-05 10:49:09.296 27324 INFO rally.task.runner [-] Task c7793720-5806-4055-a7de-717204cc4b47 | ITER: 4 START
2019-08-05 10:49:09.297 27326 RALLYDEBUG rally.task.runner [-] Starting a worker. concurrency: 1 args: {"max_quota": 1024} times: 40 method_name: run timeout: 0 duration: None cls:
2019-08-05 10:49:09.297 27322 INFO rally.task.runner [-] Task c7793720-5806-4055-a7de-717204cc4b47 | ITER: 2 START
2019-08-05 10:49:09.298 27321 INFO rally.task.runner [-] Task c7793720-5806-4055-a7de-717204cc4b47 | ITER: 1 START
2019-08-05 10:49:09.300 27323 INFO rally.task.runner [-] Task c7793720-5806-4055-a7de-717204cc4b47 | ITER: 3 START
2019-08-05 10:49:09.302 27334 RALLYDEBUG rally.task.runner [-] Starting a worker. concurrency: 1 args: {"max_quota": 1024} times: 40 method_name: run timeout: 0 duration: None cls:
2019-08-05 10:49:09.303 27322 INFO rally.task.runner [-] Task c7793720-5806-4055-a7de-717204cc4b47 | ITER: 5 START
2019-08-05 10:49:09.307 27326 INFO rally.task.runner [-] Task c7793720-5806-4055-a7de-717204cc4b47 | ITER: 10 START
2019-08-05 10:49:09.309 27325 INFO rally.task.runner [-] Task c7793720-5806-4055-a7de-717204cc4b47 | ITER: 7 START
2019-08-05 10:49:09.310 27321 INFO rally.task.runner [-] Task c7793720-5806-4055-a7de-717204cc4b47 | ITER: 6 START
2019-08-05 10:49:09.312 27338 RALLYDEBUG rally.task.runner [-] Starting a worker. concurrency: 1 args: {"max_quota": 1024} times: 40 method_name: run timeout: 0 duration: None cls:
2019-08-05 10:49:09.314 27323 INFO rally.task.runner [-] Task c7793720-5806-4055-a7de-717204cc4b47 | ITER: 8 START
2019-08-05 10:49:09.316 27334 INFO rally.task.runner [-] Task c7793720-5806-4055-a7de-717204cc4b47 | ITER: 11 START
2019-08-05 10:49:09.316 27324 INFO rally.task.runner [-] Task c7793720-5806-4055-a7de-717204cc4b47 | ITER: 9 START
2019-08-05 10:49:09.319 27343 RALLYDEBUG rally.task.runner [-] Starting a worker. concurrency: 1 args: {"max_quota": 1024} times: 40 method_name: run timeout: 0 duration: None cls:
2019-08-05 10:49:09.321 27338 INFO rally.task.runner [-] Task c7793720-5806-4055-a7de-717204cc4b47 | ITER: 12 START
2019-08-05 10:49:09.326 27348 RALLYDEBUG rally.task.runner [-] Starting a worker. concurrency: 1 args: {"max_quota": 1024} times: 40 method_name: run timeout: 0 duration: None cls:
2019-08-05 10:49:09.335 27343 INFO rally.task.runner [-] Task c7793720-5806-4055-a7de-717204cc4b47 | ITER: 13 START
2019-08-05 10:49:09.335 27351 RALLYDEBUG rally.task.runner [-] Starting a worker. concurrency: 1 args: {"max_quota": 1024} times: 40 method_name: run timeout: 0 duration: None cls:
2019-08-05 10:49:09.337 27348 INFO rally.task.runner [-] Task c7793720-5806-4055-a7de-717204cc4b47 | ITER: 14 START
2019-08-05 10:49:09.349 27351 INFO rally.task.runner [-] Task c7793720-5806-4055-a7de-717204cc4b47 | ITER: 15 START
2019-08-05 10:49:09.350 27357 RALLYDEBUG rally.task.runner [-] Starting a worker. concurrency: 1 args: {"max_quota": 1024} times: 40 method_name: run timeout: 0 duration: None cls:
2019-08-05 10:49:09.350 27354 RALLYDEBUG rally.task.runner [-] Starting a worker. concurrency: 1 args: {"max_quota": 1024} times: 40 method_name: run timeout: 0 duration: None cls:
2019-08-05 10:49:09.351 27359 RALLYDEBUG rally.task.runner [-] Starting a worker. concurrency: 1 args: {"max_quota": 1024} times: 40 method_name: run timeout: 0 duration: None cls:
2019-08-05 10:49:09.357 27354 INFO rally.task.runner [-] Task c7793720-5806-4055-a7de-717204cc4b47 | ITER: 17 START
2019-08-05 10:49:09.357 27359 INFO rally.task.runner [-] Task c7793720-5806-4055-a7de-717204cc4b47 | ITER: 18 START
2019-08-05 10:49:09.358 27357 INFO rally.task.runner [-] Task c7793720-5806-4055-a7de-717204cc4b47 | ITER: 16 START
2019-08-05 10:49:09.358 27361 RALLYDEBUG rally.task.runner [-] Starting a worker. concurrency: 1 args: {"max_quota": 1024} times: 40 method_name: run timeout: 0 duration: None cls:
2019-08-05 10:49:09.364 27368 RALLYDEBUG rally.task.runner [-] Starting a worker. concurrency: 1 args: {"max_quota": 1024} times: 40 method_name: run timeout: 0 duration: None cls:
2019-08-05 10:49:09.364 27361 INFO rally.task.runner [-] Task c7793720-5806-4055-a7de-717204cc4b47 | ITER: 19 START
2019-08-05 10:49:09.370 27368 INFO rally.task.runner [-] Task c7793720-5806-4055-a7de-717204cc4b47 | ITER: 20 START
2019-08-05 10:49:10.908 27322 INFO rally.task.runner [-] Task c7793720-5806-4055-a7de-717204cc4b47 | ITER: 5 END: OK
2019-08-05 10:49:10.914 27322 INFO rally.task.runner [-] Task c7793720-5806-4055-a7de-717204cc4b47 | ITER: 21 START
2019-08-05 10:49:11.415 27343 INFO rally.task.runner [-] Task c7793720-5806-4055-a7de-717204cc4b47 | ITER: 13 END: OK
2019-08-05 10:49:11.422 27343 INFO rally.task.runner [-] Task c7793720-5806-4055-a7de-717204cc4b47 | ITER: 22 START
2019-08-05 10:49:11.500 27351 INFO rally.task.runner [-] Task c7793720-5806-4055-a7de-717204cc4b47 | ITER: 15 END: OK
2019-08-05 10:49:11.504 27351 INFO rally.task.runner [-] Task c7793720-5806-4055-a7de-717204cc4b47 | ITER: 23 START
2019-08-05 10:49:11.848 27322 INFO rally.task.runner [-] Task c7793720-5806-4055-a7de-717204cc4b47 | ITER: 2 END: OK
2019-08-05 10:49:11.854 27322 INFO rally.task.runner [-] Task c7793720-5806-4055-a7de-717204cc4b47 | ITER: 24 START
2019-08-05 10:49:11.859 27321 INFO rally.task.runner [-] Task c7793720-5806-4055-a7de-717204cc4b47 | ITER: 1 END: OK
2019-08-05 10:49:11.864 27321 INFO rally.task.runner [-] Task c7793720-5806-4055-a7de-717204cc4b47 | ITER: 6 END: OK
2019-08-05 10:49:11.872 27321 INFO rally.task.runner [-] Task c7793720-5806-4055-a7de-717204cc4b47 | ITER: 25 START
2019-08-05 10:49:11.880 27334 INFO rally.task.runner [-] Task c7793720-5806-4055-a7de-717204cc4b47 | ITER: 11 END: OK
2019-08-05 10:49:11.882 27321 INFO rally.task.runner [-] Task c7793720-5806-4055-a7de-717204cc4b47 | ITER: 26 START
2019-08-05 10:49:11.887 27334 INFO rally.task.runner [-] Task c7793720-5806-4055-a7de-717204cc4b47 | ITER: 27 START
2019-08-05 10:49:11.929 27359 INFO rally.task.runner [-] Task c7793720-5806-4055-a7de-717204cc4b47 | ITER: 18 END: OK
2019-08-05 10:49:11.935 27359 INFO rally.task.runner [-] Task c7793720-5806-4055-a7de-717204cc4b47 | ITER: 28 START
2019-08-05 10:49:11.965 27325 INFO rally.task.runner [-] Task c7793720-5806-4055-a7de-717204cc4b47 | ITER: 7 END: OK
2019-08-05 10:49:11.970 27325 INFO rally.task.runner [-] Task c7793720-5806-4055-a7de-717204cc4b47 | ITER: 29 START
2019-08-05 10:49:11.995 27323 INFO rally.task.runner [-] Task c7793720-5806-4055-a7de-717204cc4b47 | ITER: 3 END: OK
2019-08-05 10:49:12.000 27323 INFO rally.task.runner [-] Task c7793720-5806-4055-a7de-717204cc4b47 | ITER: 30 START
2019-08-05 10:49:12.015 27338 INFO rally.task.runner [-] Task c7793720-5806-4055-a7de-717204cc4b47 | ITER: 12 END: OK
2019-08-05 10:49:12.019 27338 INFO rally.task.runner [-] Task c7793720-5806-4055-a7de-717204cc4b47 | ITER: 31 START
2019-08-05 10:49:12.049 27323 INFO rally.task.runner [-] Task c7793720-5806-4055-a7de-717204cc4b47 | ITER: 8 END: OK
2019-08-05 10:49:12.053 27323 INFO rally.task.runner [-] Task c7793720-5806-4055-a7de-717204cc4b47 | ITER: 32 START
2019-08-05 10:49:12.095 27324 INFO rally.task.runner [-] Task c7793720-5806-4055-a7de-717204cc4b47 | ITER: 4 END: OK
2019-08-05 10:49:12.100 27324 INFO rally.task.runner [-] Task c7793720-5806-4055-a7de-717204cc4b47 | ITER: 33 START
2019-08-05 10:49:12.134 27361 INFO rally.task.runner [-] Task c7793720-5806-4055-a7de-717204cc4b47 | ITER: 19 END: OK
2019-08-05 10:49:12.139 27361 INFO rally.task.runner [-] Task c7793720-5806-4055-a7de-717204cc4b47 | ITER: 34 START
2019-08-05 10:49:12.152 27348 INFO rally.task.runner [-] Task c7793720-5806-4055-a7de-717204cc4b47 | ITER: 14 END: OK
2019-08-05 10:49:12.158 27348 INFO rally.task.runner [-] Task c7793720-5806-4055-a7de-717204cc4b47 | ITER: 35 START
2019-08-05 10:49:12.173 27354 INFO rally.task.runner [-] Task c7793720-5806-4055-a7de-717204cc4b47 | ITER: 17 END: OK
2019-08-05 10:49:12.178 27354 INFO rally.task.runner [-] Task c7793720-5806-4055-a7de-717204cc4b47 | ITER: 36 START
2019-08-05 10:49:12.199 27368 INFO rally.task.runner [-] Task c7793720-5806-4055-a7de-717204cc4b47 | ITER: 20 END: OK
2019-08-05 10:49:12.200 27357 INFO rally.task.runner [-] Task c7793720-5806-4055-a7de-717204cc4b47 | ITER: 16 END: OK
2019-08-05 10:49:12.204 27357 INFO rally.task.runner [-] Task c7793720-5806-4055-a7de-717204cc4b47 | ITER: 37 START
2019-08-05 10:49:12.205 27368 INFO rally.task.runner [-] Task c7793720-5806-4055-a7de-717204cc4b47 | ITER: 38 START
2019-08-05 10:49:12.209 27326 INFO rally.task.runner [-] Task c7793720-5806-4055-a7de-717204cc4b47 | ITER: 10 END: OK
2019-08-05 10:49:12.213 27326 INFO rally.task.runner [-] Task c7793720-5806-4055-a7de-717204cc4b47 | ITER: 39 START
2019-08-05 10:49:12.213 27324 INFO rally.task.runner [-] Task c7793720-5806-4055-a7de-717204cc4b47 | ITER: 9 END: OK
2019-08-05 10:49:12.217 27324 INFO rally.task.runner [-] Task c7793720-5806-4055-a7de-717204cc4b47 | ITER: 40 START
2019-08-05 10:49:12.353 27322 INFO rally.task.runner [-] Task c7793720-5806-4055-a7de-717204cc4b47 | ITER: 21 END: OK
2019-08-05 10:49:12.386 27343 INFO rally.task.runner [-] Task c7793720-5806-4055-a7de-717204cc4b47 | ITER: 22 END: OK
2019-08-05 10:49:12.450 27351 INFO rally.task.runner [-] Task c7793720-5806-4055-a7de-717204cc4b47 | ITER: 23 END: OK
2019-08-05 10:49:12.894 27322 INFO rally.task.runner [-] Task c7793720-5806-4055-a7de-717204cc4b47 | ITER: 24 END: OK
2019-08-05 10:49:14.182 27321 INFO rally.task.runner [-] Task c7793720-5806-4055-a7de-717204cc4b47 | ITER: 26 END: OK
2019-08-05 10:49:14.244 27359 INFO rally.task.runner [-] Task c7793720-5806-4055-a7de-717204cc4b47 | ITER: 28 END: OK
2019-08-05 10:49:14.361 27321 INFO rally.task.runner [-] Task c7793720-5806-4055-a7de-717204cc4b47 | ITER: 25 END: OK
2019-08-05 10:49:14.423 27325 INFO rally.task.runner [-] Task c7793720-5806-4055-a7de-717204cc4b47 | ITER: 29 END: OK
2019-08-05 10:49:14.445 27334 INFO rally.task.runner [-] Task c7793720-5806-4055-a7de-717204cc4b47 | ITER: 27 END: OK
2019-08-05 10:49:14.457 27323 INFO rally.task.runner [-] Task c7793720-5806-4055-a7de-717204cc4b47 | ITER: 32 END: OK
2019-08-05 10:49:14.481 27338 INFO rally.task.runner [-] Task c7793720-5806-4055-a7de-717204cc4b47 | ITER: 31 END: OK
2019-08-05 10:49:14.529 27324 INFO rally.task.runner [-] Task c7793720-5806-4055-a7de-717204cc4b47 | ITER: 33 END: OK
2019-08-05 10:49:14.541 27354 INFO rally.task.runner [-] Task c7793720-5806-4055-a7de-717204cc4b47 | ITER: 36 END: OK
2019-08-05 10:49:14.552 27323 INFO rally.task.runner [-] Task c7793720-5806-4055-a7de-717204cc4b47 | ITER: 30 END: OK
2019-08-05 10:49:14.580 27348 INFO rally.task.runner [-] Task c7793720-5806-4055-a7de-717204cc4b47 | ITER: 35 END: OK
2019-08-05 10:49:14.587 27324 INFO rally.task.runner [-] Task c7793720-5806-4055-a7de-717204cc4b47 | ITER: 40 END: OK
2019-08-05 10:49:14.606 27357 INFO rally.task.runner [-] Task c7793720-5806-4055-a7de-717204cc4b47 | ITER: 37 END: OK
2019-08-05 10:49:14.619 27368 INFO rally.task.runner [-] Task c7793720-5806-4055-a7de-717204cc4b47 | ITER: 38 END: OK
2019-08-05 10:49:14.661 27326 INFO rally.task.runner [-] Task c7793720-5806-4055-a7de-717204cc4b47 | ITER: 39 END: OK
2019-08-05 10:49:14.679 27361 INFO rally.task.runner [-] Task c7793720-5806-4055-a7de-717204cc4b47 | ITER: 34 END: OK
2019-08-05 10:49:14.706 22705 INFO rally.task.context [-] Task c7793720-5806-4055-a7de-717204cc4b47 | Context admin_cleanup@openstack cleanup() started
2019-08-05 10:49:14.709 22705 RALLYDEBUG rally_openstack.cleanup.manager [-] Cleaning up neutron quota objects
2019-08-05 10:49:19.249 22705 INFO rally.task.context [-] Task c7793720-5806-4055-a7de-717204cc4b47 | Context admin_cleanup@openstack cleanup() finished in 4.54 sec
2019-08-05 10:49:19.249 22705 INFO rally.task.context [-] Task c7793720-5806-4055-a7de-717204cc4b47 | Context users@openstack cleanup() started
2019-08-05 10:49:50.891 22705 INFO rally.task.context [-] Task c7793720-5806-4055-a7de-717204cc4b47 | Context users@openstack cleanup() finished in 31.64 sec
2019-08-05 10:49:51.449 22705 INFO rally.task.engine [-] Load duration is: 5.381001
2019-08-05 10:49:51.449 22705 INFO rally.task.engine [-] Full runner duration is: 5.440492
2019-08-05 10:49:51.450 22705 INFO rally.task.engine [-] Full duration is: 47.816191
2019-08-05 10:49:51.669 22705 INFO rally.task.engine [-] Running workload: position = 0 config = { "version": 2, "title": "A cropped version of a bigger task.", "description": "Auto-generated task from a single workload (uuid=f376e82d-1f8b-4771-a73a-9fcf89cc73e8)", "subtasks": [ { "title": "NeutronTrunks.create_and_list_trunk_subports", "description": "", "scenario": { "NeutronTrunks.create_and_list_trunk_subports": { "subport_count": 125 } }, "contexts": { "users": { "tenants": 1, "users_per_tenant": 1 }, "quotas": { "neutron": { "network": -1, "port": 1000 } } }, "runner": { "constant": { "times": 4, "concurrency": 4 } }, "hooks": [], "sla": { "failure_rate": { "max": 0 } } } ] }
2019-08-05 10:49:51.689 22705 RALLYDEBUG rally_openstack.contexts.keystone.users [-] Creating 1 tenants using 20 threads
2019-08-05 10:49:53.370 22705 RALLYDEBUG rally_openstack.contexts.keystone.users [-] Creating 1 users using 20 threads
2019-08-05 10:49:56.032 22705 INFO rally.task.context [-] Task c7793720-5806-4055-a7de-717204cc4b47 | Context users@openstack setup() finished in 4.34 sec
2019-08-05 10:49:56.822 22705 INFO rally.task.context [-] Task c7793720-5806-4055-a7de-717204cc4b47 | Context quotas@openstack setup() finished in 0.79 sec
2019-08-05 10:49:56.822 22705 INFO rally.task.context [-] Task c7793720-5806-4055-a7de-717204cc4b47 | Context cleanup@openstack setup() finished in 0.01 msec
2019-08-05 10:49:56.829 22705 RALLYDEBUG rally.task.runner [-] Starting the constant runner (task UUID: c7793720-5806-4055-a7de-717204cc4b47). timeout: 0 concurrency: 4 concurrency_per_worker: 1 times: 4 concurrency_overhead: 0 processes_to_start: 4 max_cpu_used: 16
2019-08-05 10:49:56.842 27511 RALLYDEBUG rally.task.runner [-] Starting a worker. concurrency: 1 args: {"subport_count": 125} times: 4 method_name: run timeout: 0 duration: None cls:
2019-08-05 10:49:56.847 27511 INFO rally.task.runner [-] Task c7793720-5806-4055-a7de-717204cc4b47 | ITER: 1 START
2019-08-05 10:49:56.847 27513 RALLYDEBUG rally.task.runner [-] Starting a worker. concurrency: 1 args: {"subport_count": 125} times: 4 method_name: run timeout: 0 duration: None cls:
2019-08-05 10:49:56.846 27512 RALLYDEBUG rally.task.runner [-] Starting a worker. concurrency: 1 args: {"subport_count": 125} times: 4 method_name: run timeout: 0 duration: None cls:
2019-08-05 10:49:56.851 27513 INFO rally.task.runner [-] Task c7793720-5806-4055-a7de-717204cc4b47 | ITER: 2 START
2019-08-05 10:49:56.851 27514 RALLYDEBUG rally.task.runner [-] Starting a worker. concurrency: 1 args: {"subport_count": 125} times: 4 method_name: run timeout: 0 duration: None cls:
2019-08-05 10:49:56.852 27512 INFO rally.task.runner [-] Task c7793720-5806-4055-a7de-717204cc4b47 | ITER: 3 START
2019-08-05 10:49:56.856 27514 INFO rally.task.runner [-] Task c7793720-5806-4055-a7de-717204cc4b47 | ITER: 4 START
2019-08-05 10:54:44.093 27514 DEBUG neutronclient.v2_0.client [-] Error message:

504 Gateway Time-out

The server didn't respond in time. _handle_fault_response /usr/lib/python2.7/site-packages/neutronclient/v2_0/client.py:259
2019-08-05 10:54:44.113 27514 ERROR rally.task.runner [-] Iteration 4 raised Exception: NeutronClientException:

504 Gateway Time-out

The server didn't respond in time.
2019-08-05 10:54:44.113 27514 ERROR rally.task.runner
Traceback (most recent call last):
2019-08-05 10:54:44.113 27514 ERROR rally.task.runner
File "/usr/lib/python2.7/site-packages/rally/task/runner.py", line 71, in _run_scenario_once
2019-08-05 10:54:44.113 27514 ERROR rally.task.runner getattr(scenario_inst, method_name)(**scenario_kwargs)
2019-08-05 10:54:44.113 27514 ERROR rally.task.runner
File "/root/.rally/plugins/trunk_scenario.py", line 41, in run
2019-08-05 10:54:44.113 27514 ERROR rally.task.runner trunk = self._create_trunk(trunk_payload)
2019-08-05 10:54:44.113 27514 ERROR rally.task.runner
File "/usr/lib/python2.7/site-packages/rally/task/atomic.py", line 91, in func_atomic_actions
2019-08-05 10:54:44.113 27514 ERROR rally.task.runner f = func(self, *args, **kwargs)
2019-08-05 10:54:44.113 27514 ERROR rally.task.runner
File "/root/.rally/plugins/trunk_scenario.py", line 53, in _create_trunk
2019-08-05 10:54:44.113 27514 ERROR rally.task.runner return self.clients("neutron").create_trunk({'trunk': trunk_payload})
2019-08-05 10:54:44.113 27514 ERROR rally.task.runner
File "/usr/lib/python2.7/site-packages/neutronclient/v2_0/client.py", line 2091, in create_trunk
2019-08-05 10:54:44.113 27514 ERROR rally.task.runner return self.post(self.trunks_path, body=body)
2019-08-05 10:54:44.113 27514 ERROR rally.task.runner
File "/usr/lib/python2.7/site-packages/neutronclient/v2_0/client.py", line 359, in post
2019-08-05 10:54:44.113 27514 ERROR rally.task.runner headers=headers, params=params)
2019-08-05 10:54:44.113 27514 ERROR rally.task.runner
File "/usr/lib/python2.7/site-packages/neutronclient/v2_0/client.py", line 294, in do_request
2019-08-05 10:54:44.113 27514 ERROR rally.task.runner self._handle_fault_response(status_code, replybody, resp)
2019-08-05 10:54:44.113 27514 ERROR rally.task.runner
File "/usr/lib/python2.7/site-packages/neutronclient/v2_0/client.py", line 269, in _handle_fault_response
2019-08-05 10:54:44.113 27514 ERROR rally.task.runner exception_handler_v20(status_code, error_body)
2019-08-05 10:54:44.113 27514 ERROR rally.task.runner
File "/usr/lib/python2.7/site-packages/neutronclient/v2_0/client.py", line 93, in exception_handler_v20
2019-08-05 10:54:44.113 27514 ERROR rally.task.runner request_ids=request_ids)
2019-08-05 10:54:44.113 27514 ERROR rally.task.runner NeutronClientException:

504 Gateway Time-out

2019-08-05 10:54:44.113 27514 ERROR rally.task.runner The server didn't respond in time.
2019-08-05 10:54:44.113 27514 ERROR rally.task.runner
2019-08-05 10:54:44.113 27514 ERROR rally.task.runner
2019-08-05 10:54:44.113 27514 ERROR rally.task.runner
2019-08-05 10:54:44.115 27514 INFO rally.task.runner [-] Task c7793720-5806-4055-a7de-717204cc4b47 | ITER: 4 END: Error NeutronClientException:

504 Gateway Time-out

The server didn't respond in time.
2019-08-05 10:54:47.011 27513 DEBUG neutronclient.v2_0.client [-] Error message:

504 Gateway Time-out

The server didn't respond in time. _handle_fault_response /usr/lib/python2.7/site-packages/neutronclient/v2_0/client.py:259
2019-08-05 10:54:47.018 27513 ERROR rally.task.runner [-] Iteration 2 raised Exception: NeutronClientException:

504 Gateway Time-out

The server didn't respond in time.
2019-08-05 10:54:47.018 27513 ERROR rally.task.runner
Traceback (most recent call last):
2019-08-05 10:54:47.018 27513 ERROR rally.task.runner
File "/usr/lib/python2.7/site-packages/rally/task/runner.py", line 71, in _run_scenario_once
2019-08-05 10:54:47.018 27513 ERROR rally.task.runner getattr(scenario_inst, method_name)(**scenario_kwargs)
2019-08-05 10:54:47.018 27513 ERROR rally.task.runner
File "/root/.rally/plugins/trunk_scenario.py", line 41, in run
2019-08-05 10:54:47.018 27513 ERROR rally.task.runner trunk = self._create_trunk(trunk_payload)
2019-08-05 10:54:47.018 27513 ERROR rally.task.runner
File "/usr/lib/python2.7/site-packages/rally/task/atomic.py", line 91, in func_atomic_actions
2019-08-05 10:54:47.018 27513 ERROR rally.task.runner f = func(self, *args, **kwargs)
2019-08-05 10:54:47.018 27513 ERROR rally.task.runner
File "/root/.rally/plugins/trunk_scenario.py", line 53, in _create_trunk
2019-08-05 10:54:47.018 27513 ERROR rally.task.runner return self.clients("neutron").create_trunk({'trunk': trunk_payload})
2019-08-05 10:54:47.018 27513 ERROR rally.task.runner
File "/usr/lib/python2.7/site-packages/neutronclient/v2_0/client.py", line 2091, in create_trunk
2019-08-05 10:54:47.018 27513 ERROR rally.task.runner return self.post(self.trunks_path, body=body)
2019-08-05 10:54:47.018 27513 ERROR rally.task.runner
File "/usr/lib/python2.7/site-packages/neutronclient/v2_0/client.py", line 359, in post
2019-08-05 10:54:47.018 27513 ERROR rally.task.runner headers=headers, params=params)
2019-08-05 10:54:47.018 27513 ERROR rally.task.runner
File "/usr/lib/python2.7/site-packages/neutronclient/v2_0/client.py", line 294, in do_request
2019-08-05 10:54:47.018 27513 ERROR rally.task.runner self._handle_fault_response(status_code, replybody, resp)
2019-08-05 10:54:47.018 27513 ERROR rally.task.runner
File "/usr/lib/python2.7/site-packages/neutronclient/v2_0/client.py", line 269, in _handle_fault_response
2019-08-05 10:54:47.018 27513 ERROR rally.task.runner exception_handler_v20(status_code, error_body)
2019-08-05 10:54:47.018 27513 ERROR rally.task.runner
File "/usr/lib/python2.7/site-packages/neutronclient/v2_0/client.py", line 93, in exception_handler_v20
2019-08-05 10:54:47.018 27513 ERROR rally.task.runner request_ids=request_ids)
2019-08-05 10:54:47.018 27513 ERROR rally.task.runner NeutronClientException:

504 Gateway Time-out

2019-08-05 10:54:47.018 27513 ERROR rally.task.runner The server didn't respond in time.
2019-08-05 10:54:47.018 27513 ERROR rally.task.runner
2019-08-05 10:54:47.018 27513 ERROR rally.task.runner
2019-08-05 10:54:47.018 27513 ERROR rally.task.runner
2019-08-05 10:54:47.020 27513 INFO rally.task.runner [-] Task c7793720-5806-4055-a7de-717204cc4b47 | ITER: 2 END: Error NeutronClientException:

504 Gateway Time-out

The server didn't respond in time.
2019-08-05 10:54:47.529 27511 DEBUG neutronclient.v2_0.client [-] Error message:

504 Gateway Time-out

The server didn't respond in time. _handle_fault_response /usr/lib/python2.7/site-packages/neutronclient/v2_0/client.py:259
2019-08-05 10:54:47.534 27511 ERROR rally.task.runner [-] Iteration 1 raised Exception: NeutronClientException:

504 Gateway Time-out

The server didn't respond in time.
2019-08-05 10:54:47.534 27511 ERROR rally.task.runner
Traceback (most recent call last):
2019-08-05 10:54:47.534 27511 ERROR rally.task.runner
File "/usr/lib/python2.7/site-packages/rally/task/runner.py", line 71, in _run_scenario_once
2019-08-05 10:54:47.534 27511 ERROR rally.task.runner getattr(scenario_inst, method_name)(**scenario_kwargs)
2019-08-05 10:54:47.534 27511 ERROR rally.task.runner
File "/root/.rally/plugins/trunk_scenario.py", line 41, in run
2019-08-05 10:54:47.534 27511 ERROR rally.task.runner trunk = self._create_trunk(trunk_payload)
2019-08-05 10:54:47.534 27511 ERROR rally.task.runner
File "/usr/lib/python2.7/site-packages/rally/task/atomic.py", line 91, in func_atomic_actions
2019-08-05 10:54:47.534 27511 ERROR rally.task.runner f = func(self, *args, **kwargs)
2019-08-05 10:54:47.534 27511 ERROR rally.task.runner
File "/root/.rally/plugins/trunk_scenario.py", line 53, in _create_trunk
2019-08-05 10:54:47.534 27511 ERROR rally.task.runner return self.clients("neutron").create_trunk({'trunk': trunk_payload})
2019-08-05 10:54:47.534 27511 ERROR rally.task.runner
File "/usr/lib/python2.7/site-packages/neutronclient/v2_0/client.py", line 2091, in create_trunk
2019-08-05 10:54:47.534 27511 ERROR rally.task.runner return self.post(self.trunks_path, body=body)
2019-08-05 10:54:47.534 27511 ERROR rally.task.runner
File "/usr/lib/python2.7/site-packages/neutronclient/v2_0/client.py", line 359, in post
2019-08-05 10:54:47.534 27511 ERROR rally.task.runner headers=headers, params=params)
2019-08-05 10:54:47.534 27511 ERROR rally.task.runner
File "/usr/lib/python2.7/site-packages/neutronclient/v2_0/client.py", line 294, in do_request
2019-08-05 10:54:47.534 27511 ERROR rally.task.runner self._handle_fault_response(status_code, replybody, resp)
2019-08-05 10:54:47.534 27511 ERROR rally.task.runner
File "/usr/lib/python2.7/site-packages/neutronclient/v2_0/client.py", line 269, in _handle_fault_response
2019-08-05 10:54:47.534 27511 ERROR rally.task.runner exception_handler_v20(status_code, error_body)
2019-08-05 10:54:47.534 27511 ERROR rally.task.runner
File "/usr/lib/python2.7/site-packages/neutronclient/v2_0/client.py", line 93, in exception_handler_v20
2019-08-05 10:54:47.534 27511 ERROR rally.task.runner request_ids=request_ids)
2019-08-05 10:54:47.534 27511 ERROR rally.task.runner NeutronClientException:

504 Gateway Time-out

2019-08-05 10:54:47.534 27511 ERROR rally.task.runner The server didn't respond in time.
2019-08-05 10:54:47.534 27511 ERROR rally.task.runner
2019-08-05 10:54:47.534 27511 ERROR rally.task.runner
2019-08-05 10:54:47.534 27511 ERROR rally.task.runner
2019-08-05 10:54:47.535 27511 INFO rally.task.runner [-] Task c7793720-5806-4055-a7de-717204cc4b47 | ITER: 1 END: Error NeutronClientException:

504 Gateway Time-out

The server didn't respond in time.
2019-08-05 10:54:48.351 27512 DEBUG neutronclient.v2_0.client [-] Error message:

504 Gateway Time-out

The server didn't respond in time. _handle_fault_response /usr/lib/python2.7/site-packages/neutronclient/v2_0/client.py:259
2019-08-05 10:54:48.358 27512 ERROR rally.task.runner [-] Iteration 3 raised Exception: NeutronClientException:

504 Gateway Time-out

The server didn't respond in time.
2019-08-05 10:54:48.358 27512 ERROR rally.task.runner
Traceback (most recent call last):
2019-08-05 10:54:48.358 27512 ERROR rally.task.runner
File "/usr/lib/python2.7/site-packages/rally/task/runner.py", line 71, in _run_scenario_once
2019-08-05 10:54:48.358 27512 ERROR rally.task.runner getattr(scenario_inst, method_name)(**scenario_kwargs)
2019-08-05 10:54:48.358 27512 ERROR rally.task.runner
File "/root/.rally/plugins/trunk_scenario.py", line 41, in run
2019-08-05 10:54:48.358 27512 ERROR rally.task.runner trunk = self._create_trunk(trunk_payload)
2019-08-05 10:54:48.358 27512 ERROR rally.task.runner
File "/usr/lib/python2.7/site-packages/rally/task/atomic.py", line 91, in func_atomic_actions
2019-08-05 10:54:48.358 27512 ERROR rally.task.runner f = func(self, *args, **kwargs)
2019-08-05 10:54:48.358 27512 ERROR rally.task.runner
File "/root/.rally/plugins/trunk_scenario.py", line 53, in _create_trunk
2019-08-05 10:54:48.358 27512 ERROR rally.task.runner return self.clients("neutron").create_trunk({'trunk': trunk_payload})
2019-08-05 10:54:48.358 27512 ERROR rally.task.runner
File "/usr/lib/python2.7/site-packages/neutronclient/v2_0/client.py", line 2091, in create_trunk
2019-08-05 10:54:48.358 27512 ERROR rally.task.runner return self.post(self.trunks_path, body=body)
2019-08-05 10:54:48.358 27512 ERROR rally.task.runner
File "/usr/lib/python2.7/site-packages/neutronclient/v2_0/client.py", line 359, in post
2019-08-05 10:54:48.358 27512 ERROR rally.task.runner headers=headers, params=params)
2019-08-05 10:54:48.358 27512 ERROR rally.task.runner
File "/usr/lib/python2.7/site-packages/neutronclient/v2_0/client.py", line 294, in do_request
2019-08-05 10:54:48.358 27512 ERROR rally.task.runner self._handle_fault_response(status_code, replybody, resp)
2019-08-05 10:54:48.358 27512 ERROR rally.task.runner
File "/usr/lib/python2.7/site-packages/neutronclient/v2_0/client.py", line 269, in _handle_fault_response
2019-08-05 10:54:48.358 27512 ERROR rally.task.runner exception_handler_v20(status_code, error_body)
2019-08-05 10:54:48.358 27512 ERROR rally.task.runner
File "/usr/lib/python2.7/site-packages/neutronclient/v2_0/client.py", line 93, in exception_handler_v20
2019-08-05 10:54:48.358 27512 ERROR rally.task.runner request_ids=request_ids)
2019-08-05 10:54:48.358 27512 ERROR rally.task.runner NeutronClientException:

504 Gateway Time-out

2019-08-05 10:54:48.358 27512 ERROR rally.task.runner The server didn't respond in time.
2019-08-05 10:54:48.358 27512 ERROR rally.task.runner
2019-08-05 10:54:48.358 27512 ERROR rally.task.runner
2019-08-05 10:54:48.358 27512 ERROR rally.task.runner
2019-08-05 10:54:48.359 27512 INFO rally.task.runner [-] Task c7793720-5806-4055-a7de-717204cc4b47 | ITER: 3 END: Error NeutronClientException:

504 Gateway Time-out

The server didn't respond in time.
2019-08-05 10:54:48.386 22705 INFO rally.task.context [-] Task c7793720-5806-4055-a7de-717204cc4b47 | Context cleanup@openstack cleanup() started
2019-08-05 10:54:48.389 22705 RALLYDEBUG rally_openstack.cleanup.manager [-] Cleaning up neutron vip objects
2019-08-05 10:54:49.159 22705 RALLYDEBUG rally_openstack.cleanup.manager [-] Cleaning up neutron health_monitor objects
2019-08-05 10:54:49.908 22705 RALLYDEBUG rally_openstack.cleanup.manager [-] Cleaning up neutron pool objects
2019-08-05 10:54:50.706 22705 RALLYDEBUG rally_openstack.cleanup.manager [-] Cleaning up neutron loadbalancer objects
2019-08-05 10:54:51.478 22705 RALLYDEBUG rally_openstack.cleanup.manager [-] Cleaning up neutron floatingip objects
2019-08-05 10:54:52.196 22705 RALLYDEBUG rally_openstack.cleanup.manager [-] Cleaning up neutron port objects
2019-08-05 10:54:55.044 22705 RALLYDEBUG rally_openstack.cleanup.manager [-] Deleting neutron.port object s_rally_f376e82d_Xp5Hq1K1 (0390411b-8279-4755-b5b9-aab5336dcae4)
2019-08-05 10:54:55.045 22705 RALLYDEBUG rally_openstack.cleanup.manager [-] Deleting neutron.port object s_rally_f376e82d_ezK0uMtF (02e67e3d-886e-48bb-b7b4-5201a93484fc)
2019-08-05 10:54:55.048 22705 RALLYDEBUG rally_openstack.cleanup.manager [-] Deleting neutron.port object s_rally_f376e82d_E3LCWIyi (00bd0b30-2516-40f4-8599-74b7f408841f)
2019-08-05 10:54:55.051 22705 RALLYDEBUG rally_openstack.cleanup.manager [-] Deleting neutron.port object s_rally_f376e82d_q9BWey2P (03b23c87-b0f5-4072-9cf0-e30183448b20)
2019-08-05 10:54:55.055 22705 RALLYDEBUG rally_openstack.cleanup.manager [-] Deleting neutron.port object s_rally_f376e82d_WEgyyq81 (0246f21c-d94f-4cfd-9455-fa71f9c4168f)
2019-08-05 10:54:55.059 22705 RALLYDEBUG rally_openstack.cleanup.manager [-] Deleting neutron.port object s_rally_f376e82d_e5i2LJYD (0121b9ea-7f38-4269-bc1a-54edaf8104ea)
2019-08-05 10:54:55.061 22705 RALLYDEBUG rally_openstack.cleanup.manager [-] Deleting neutron.port object s_rally_f376e82d_hbFd9QM1 (021dcaa5-d35a-4107-a07c-66c383f5710b)
2019-08-05 10:54:55.068 22705 RALLYDEBUG rally_openstack.cleanup.manager [-] Deleting neutron.port object s_rally_f376e82d_RPDUVr7m (043e75a5-bab2-4fe6-9c0f-818a434066a0)
2019-08-05 10:54:55.071 22705 RALLYDEBUG rally_openstack.cleanup.manager [-] Deleting neutron.port object s_rally_f376e82d_gdCLGY1L (026a7e99-61de-4366-a47d-2e4186db1117)
2019-08-05 10:54:55.072 22705 RALLYDEBUG rally_openstack.cleanup.manager [-] Deleting neutron.port object s_rally_f376e82d_QYBnOmPw (0445cc91-8751-4154-95c5-eec1edbfc3fc)
2019-08-05 10:54:55.078 22705 RALLYDEBUG rally_openstack.cleanup.manager [-] Deleting neutron.port object s_rally_f376e82d_QGhfw8Ue (048940b8-c931-49a8-a269-3ecbc17efa64)
2019-08-05 10:54:55.082 22705 RALLYDEBUG rally_openstack.cleanup.manager [-] Deleting neutron.port object s_rally_f376e82d_nzHwhutV (04dd657d-49bf-4f73-a713-268bf26b0056)
2019-08-05 10:54:55.085 22705 RALLYDEBUG rally_openstack.cleanup.manager [-] Deleting neutron.port object s_rally_f376e82d_1DDJpCvJ (03d5acd2-7323-4dc7-bdc8-dcb90cd37153)
2019-08-05 10:54:55.105 22705 RALLYDEBUG rally_openstack.cleanup.manager [-] Deleting neutron.port object s_rally_f376e82d_lwjOt2rh (04ed4675-9788-41fb-a1c4-821dba4e89de)
2019-08-05 10:54:55.120 22705 RALLYDEBUG rally_openstack.cleanup.manager [-] Deleting neutron.port object s_rally_f376e82d_bba95AD4 (05fd75c5-3a21-4435-a171-217f8339e8a8)
2019-08-05 10:54:55.120 22705 RALLYDEBUG rally_openstack.cleanup.manager [-] Deleting neutron.port object s_rally_f376e82d_gfE4sv8T (058f5eb9-27f5-4605-a189-0d52b50054ee)
2019-08-05 10:54:55.138 22705 RALLYDEBUG rally_openstack.cleanup.manager [-] Deleting neutron.port object s_rally_f376e82d_McheSXs8 (076502e4-0cbd-438c-aeba-22c2fad26da8)
2019-08-05 10:54:55.172 22705 RALLYDEBUG rally_openstack.cleanup.manager [-] Deleting neutron.port object s_rally_f376e82d_UeoVRy4l (094cfcde-6cd6-4655-8e12-b6e2bbbc2a65)
2019-08-05 10:54:55.204 22705 RALLYDEBUG rally_openstack.cleanup.manager [-] Deleting neutron.port object s_rally_f376e82d_4YUNUcem (0b12310e-4c6f-465f-af17-fce486215c83)
2019-08-05 10:54:55.219 22705 RALLYDEBUG rally_openstack.cleanup.manager [-] Deleting neutron.port object s_rally_f376e82d_7SBz48Mx (0b125afe-8733-478b-b35b-d7eae792d8e6)
2019-08-05 10:54:56.153 22705 DEBUG neutronclient.v2_0.client [-] Error message: {"NeutronError": {"message": "Port 03b23c87-b0f5-4072-9cf0-e30183448b20 is currently a subport for trunk 7622df3d-82c9-409b-8734-770e794dac4f.", "type": "PortInUseAsSubPort", "detail": ""}} _handle_fault_response /usr/lib/python2.7/site-packages/neutronclient/v2_0/client.py:259
2019-08-05 10:54:56.344 22705 DEBUG neutronclient.v2_0.client [-] Error message: {"NeutronError": {"message": "Port 03d5acd2-7323-4dc7-bdc8-dcb90cd37153 is currently a subport for trunk 8d20039c-0b92-461e-b272-a2344c7c81dd.", "type": "PortInUseAsSubPort", "detail": ""}} _handle_fault_response /usr/lib/python2.7/site-packages/neutronclient/v2_0/client.py:259
2019-08-05 10:54:56.352 22705 DEBUG neutronclient.v2_0.client [-] Error message: {"NeutronError": {"message": "Port 058f5eb9-27f5-4605-a189-0d52b50054ee is currently a subport for trunk 466f5130-9c06-44df-8616-be649fa81865.", "type": "PortInUseAsSubPort", "detail": ""}} _handle_fault_response /usr/lib/python2.7/site-packages/neutronclient/v2_0/client.py:259
2019-08-05 10:54:56.403 22705 DEBUG neutronclient.v2_0.client [-] Error message: {"NeutronError": {"message": "Port 021dcaa5-d35a-4107-a07c-66c383f5710b is currently a subport for trunk 466f5130-9c06-44df-8616-be649fa81865.", "type": "PortInUseAsSubPort", "detail": ""}} _handle_fault_response /usr/lib/python2.7/site-packages/neutronclient/v2_0/client.py:259
2019-08-05 10:54:56.408 22705 DEBUG neutronclient.v2_0.client [-] Error message: {"NeutronError": {"message": "Port 048940b8-c931-49a8-a269-3ecbc17efa64 is currently a subport for trunk 466f5130-9c06-44df-8616-be649fa81865.", "type": "PortInUseAsSubPort", "detail": ""}} _handle_fault_response /usr/lib/python2.7/site-packages/neutronclient/v2_0/client.py:259
2019-08-05 10:54:56.416 22705 DEBUG neutronclient.v2_0.client [-] Error message: {"NeutronError": {"message": "Port 04ed4675-9788-41fb-a1c4-821dba4e89de is currently a subport for trunk 466f5130-9c06-44df-8616-be649fa81865.", "type": "PortInUseAsSubPort", "detail": ""}} _handle_fault_response /usr/lib/python2.7/site-packages/neutronclient/v2_0/client.py:259
2019-08-05 10:54:56.419 22705 DEBUG neutronclient.v2_0.client [-] Error message: {"NeutronError": {"message": "Port 0390411b-8279-4755-b5b9-aab5336dcae4 is currently a subport for trunk 466f5130-9c06-44df-8616-be649fa81865.", "type": "PortInUseAsSubPort", "detail": ""}} _handle_fault_response /usr/lib/python2.7/site-packages/neutronclient/v2_0/client.py:259
2019-08-05 10:54:56.427 22705 DEBUG neutronclient.v2_0.client [-] Error message: {"NeutronError": {"message": "Port 026a7e99-61de-4366-a47d-2e4186db1117 is currently a subport for trunk 8d20039c-0b92-461e-b272-a2344c7c81dd.", "type": "PortInUseAsSubPort", "detail": ""}} _handle_fault_response /usr/lib/python2.7/site-packages/neutronclient/v2_0/client.py:259
