2019-08-05 10:29:36.074 22696 RALLYDEBUG rally.api [-] INFO logs from urllib3 and requests module are hide.
2019-08-05 10:29:36.074 22696 RALLYDEBUG rally.api [-] urllib3 insecure warnings are hidden.
2019-08-05 10:29:36.074 22696 RALLYDEBUG rally.api [-] ERROR log from boto module is hide.
2019-08-05 10:29:38.254 22698 RALLYDEBUG rally.api [-] INFO logs from urllib3 and requests module are hide.
2019-08-05 10:29:38.254 22698 RALLYDEBUG rally.api [-] urllib3 insecure warnings are hidden.
2019-08-05 10:29:38.255 22698 RALLYDEBUG rally.api [-] ERROR log from boto module is hide.
2019-08-05 10:29:39.675 22698 WARNING rally_openstack.platforms.existing [-] endpoint is deprecated and not used.
2019-08-05 10:29:40.698 22700 RALLYDEBUG rally.api [-] INFO logs from urllib3 and requests module are hide.
2019-08-05 10:29:40.698 22700 RALLYDEBUG rally.api [-] urllib3 insecure warnings are hidden.
2019-08-05 10:29:40.698 22700 RALLYDEBUG rally.api [-] ERROR log from boto module is hide.
2019-08-05 10:29:44.074 22703 RALLYDEBUG rally.api [-] INFO logs from urllib3 and requests module are hide.
2019-08-05 10:29:44.074 22703 RALLYDEBUG rally.api [-] urllib3 insecure warnings are hidden.
2019-08-05 10:29:44.074 22703 RALLYDEBUG rally.api [-] ERROR log from boto module is hide.
2019-08-05 10:29:45.911 22705 RALLYDEBUG rally.api [-] INFO logs from urllib3 and requests module are hide.
2019-08-05 10:29:45.911 22705 RALLYDEBUG rally.api [-] urllib3 insecure warnings are hidden.
2019-08-05 10:29:45.911 22705 RALLYDEBUG rally.api [-] ERROR log from boto module is hide.
2019-08-05 10:29:47.065 22705 INFO rally.common.plugin.discover [-] Loading plugins from directories /root/.rally/plugins/*
2019-08-05 10:29:47.065 22705 INFO rally.common.plugin.discover [-] Loaded module with plugins: /root/.rally/plugins/__init__.py
2019-08-05 10:29:47.067 22705 INFO rally.common.plugin.discover [-] Loaded module with plugins: /root/.rally/plugins/trunk_scenario.py
2019-08-05 10:29:47.272 22705 INFO rally.task.engine [-] Task c7793720-5806-4055-a7de-717204cc4b47 | Starting: Task validation.
2019-08-05 10:29:47.316 22705 INFO rally.task.engine [-] Task c7793720-5806-4055-a7de-717204cc4b47 | Starting: Task validation of syntax.
2019-08-05 10:29:47.528 22705 INFO rally.task.engine [-] Task c7793720-5806-4055-a7de-717204cc4b47 | Completed: Task validation of syntax.
2019-08-05 10:29:47.528 22705 INFO rally.task.engine [-] Task c7793720-5806-4055-a7de-717204cc4b47 | Starting: Task validation of required platforms.
2019-08-05 10:29:47.586 22705 INFO rally.task.engine [-] Task c7793720-5806-4055-a7de-717204cc4b47 | Completed: Task validation of required platforms.
2019-08-05 10:29:47.586 22705 INFO rally.task.engine [-] Task c7793720-5806-4055-a7de-717204cc4b47 | Starting: Task validation of semantic.
2019-08-05 10:29:47.586 22705 INFO rally.task.engine [-] Check health of the environment 'd468ef9d-574a-41d1-9efa-f00d8d8e6344'.
2019-08-05 10:29:48.406 22705 INFO rally.task.engine [-] Platform existing@openstack (available: True): OK!
2019-08-05 10:29:48.424 22705 RALLYDEBUG rally_openstack.contexts.keystone.users [-] Creating 1 tenants using 20 threads
2019-08-05 10:29:50.395 22705 RALLYDEBUG rally_openstack.contexts.keystone.users [-] Creating 1 users using 20 threads
2019-08-05 10:29:53.147 22705 INFO rally.task.context [-] Task c7793720-5806-4055-a7de-717204cc4b47 | Context users@openstack setup() finished in 4.72 sec
2019-08-05 10:29:59.381 22705 INFO rally.task.context [-] Task c7793720-5806-4055-a7de-717204cc4b47 | Context users@openstack cleanup() started
2019-08-05 10:30:05.107 22705 INFO rally.task.context [-] Task c7793720-5806-4055-a7de-717204cc4b47 | Context users@openstack cleanup() finished in 5.73 sec
2019-08-05 10:30:05.108 22705 INFO rally.task.engine [-] Task c7793720-5806-4055-a7de-717204cc4b47 | Completed: Task validation of semantic.
2019-08-05 10:30:05.108 22705 INFO rally.task.engine [-] Task c7793720-5806-4055-a7de-717204cc4b47 | Completed: Task validation.
2019-08-05 10:30:05.109 22705 INFO rally.api [-] Task c7793720-5806-4055-a7de-717204cc4b47 input file is valid.
2019-08-05 10:30:05.109 22705 INFO rally.api [-] Run Task c7793720-5806-4055-a7de-717204cc4b47 against Deployment d468ef9d-574a-41d1-9efa-f00d8d8e6344
2019-08-05 10:30:05.109 22705 INFO rally.task.engine [-] Task c7793720-5806-4055-a7de-717204cc4b47 | Starting: Running task.
2019-08-05 10:30:05.248 22705 INFO rally.task.engine [-] Running workload: position = 0 config = { "version": 2, "title": "A cropped version of a bigger task.", "description": "Auto-generated task from a single workload (uuid=cd21d11d-0868-4b11-9d64-4b4e663296b4)", "subtasks": [ { "title": "NeutronNetworks.create_and_list_networks", "description": "Check performance of list_networks action and ensure > network quotas are not exceeded", "scenario": { "NeutronNetworks.create_and_list_networks": {} }, "contexts": { "users": { "tenants": 1, "users_per_tenant": 1 }, "quotas": { "neutron": { "network": 119 } } }, "runner": { "constant": { "times": 100, "concurrency": 20 } }, "hooks": [], "sla": { "max_avg_duration_per_atomic": { "neutron.list_networks": 15 }, "failure_rate": { "max": 0 } } } ] }
2019-08-05 10:30:05.266 22705 RALLYDEBUG rally_openstack.contexts.keystone.users [-] Creating 1 tenants using 20 threads
2019-08-05 10:30:07.216 22705 RALLYDEBUG rally_openstack.contexts.keystone.users [-] Creating 1 users using 20 threads
2019-08-05 10:30:10.044 22705 INFO rally.task.context [-] Task c7793720-5806-4055-a7de-717204cc4b47 | Context users@openstack setup() finished in 4.78 sec
2019-08-05 10:30:10.799 22705 INFO rally.task.context [-] Task c7793720-5806-4055-a7de-717204cc4b47 | Context quotas@openstack setup() finished in 0.75 sec
2019-08-05 10:30:10.800 22705 INFO rally.task.context [-] Task c7793720-5806-4055-a7de-717204cc4b47 | Context cleanup@openstack setup() finished in 0.01 msec
2019-08-05 10:30:10.807 22705 RALLYDEBUG rally.task.runner [-] Starting the constant runner (task UUID: c7793720-5806-4055-a7de-717204cc4b47). timeout: 0 concurrency: 20 concurrency_per_worker: 1 times: 100 concurrency_overhead: 4 processes_to_start: 16 max_cpu_used: 16
2019-08-05 10:30:10.820 22829 RALLYDEBUG rally.task.runner [-] Starting a worker. concurrency: 2 args: {} times: 100 method_name: run timeout: 0 duration: None cls:
2019-08-05 10:30:10.823 22830 RALLYDEBUG rally.task.runner [-] Starting a worker. concurrency: 2 args: {} times: 100 method_name: run timeout: 0 duration: None cls:
2019-08-05 10:30:10.825 22831 RALLYDEBUG rally.task.runner [-] Starting a worker. concurrency: 2 args: {} times: 100 method_name: run timeout: 0 duration: None cls:
2019-08-05 10:30:10.828 22832 RALLYDEBUG rally.task.runner [-] Starting a worker. concurrency: 2 args: {} times: 100 method_name: run timeout: 0 duration: None cls:
2019-08-05 10:30:10.830 22829 INFO rally.task.runner [-] Task c7793720-5806-4055-a7de-717204cc4b47 | ITER: 1 START
2019-08-05 10:30:10.831 22835 RALLYDEBUG rally.task.runner [-] Starting a worker. concurrency: 1 args: {} times: 100 method_name: run timeout: 0 duration: None cls:
2019-08-05 10:30:10.832 22830 INFO rally.task.runner [-] Task c7793720-5806-4055-a7de-717204cc4b47 | ITER: 2 START
2019-08-05 10:30:10.834 22829 INFO rally.task.runner [-] Task c7793720-5806-4055-a7de-717204cc4b47 | ITER: 3 START
2019-08-05 10:30:10.836 22831 INFO rally.task.runner [-] Task c7793720-5806-4055-a7de-717204cc4b47 | ITER: 4 START
2019-08-05 10:30:10.837 22840 RALLYDEBUG rally.task.runner [-] Starting a worker. concurrency: 1 args: {} times: 100 method_name: run timeout: 0 duration: None cls:
2019-08-05 10:30:10.838 22835 INFO rally.task.runner [-] Task c7793720-5806-4055-a7de-717204cc4b47 | ITER: 8 START
2019-08-05 10:30:10.837 22837 RALLYDEBUG rally.task.runner [-] Starting a worker. concurrency: 1 args: {} times: 100 method_name: run timeout: 0 duration: None cls:
2019-08-05 10:30:10.838 22832 INFO rally.task.runner [-] Task c7793720-5806-4055-a7de-717204cc4b47 | ITER: 7 START
2019-08-05 10:30:10.836 22831 INFO rally.task.runner [-] Task c7793720-5806-4055-a7de-717204cc4b47 | ITER: 6 START
2019-08-05 10:30:10.840 22830 INFO rally.task.runner [-] Task c7793720-5806-4055-a7de-717204cc4b47 | ITER: 5 START
2019-08-05 10:30:10.842 22847 RALLYDEBUG rally.task.runner [-] Starting a worker. concurrency: 1 args: {} times: 100 method_name: run timeout: 0 duration: None cls:
2019-08-05 10:30:10.843 22849 RALLYDEBUG rally.task.runner [-] Starting a worker. concurrency: 1 args: {} times: 100 method_name: run timeout: 0 duration: None cls:
2019-08-05 10:30:10.844 22837 INFO rally.task.runner [-] Task c7793720-5806-4055-a7de-717204cc4b47 | ITER: 11 START
2019-08-05 10:30:10.848 22847 INFO rally.task.runner [-] Task c7793720-5806-4055-a7de-717204cc4b47 | ITER: 12 START
2019-08-05 10:30:10.848 22832 INFO rally.task.runner [-] Task c7793720-5806-4055-a7de-717204cc4b47 | ITER: 9 START
2019-08-05 10:30:10.847 22851 RALLYDEBUG rally.task.runner [-] Starting a worker. concurrency: 1 args: {} times: 100 method_name: run timeout: 0 duration: None cls:
2019-08-05 10:30:10.850 22849 INFO rally.task.runner [-] Task c7793720-5806-4055-a7de-717204cc4b47 | ITER: 13 START
2019-08-05 10:30:10.850 22840 INFO rally.task.runner [-] Task c7793720-5806-4055-a7de-717204cc4b47 | ITER: 10 START
2019-08-05 10:30:10.855 22861 RALLYDEBUG rally.task.runner [-] Starting a worker. concurrency: 1 args: {} times: 100 method_name: run timeout: 0 duration: None cls:
2019-08-05 10:30:10.856 22851 INFO rally.task.runner [-] Task c7793720-5806-4055-a7de-717204cc4b47 | ITER: 14 START
2019-08-05 10:30:10.867 22861 INFO rally.task.runner [-] Task c7793720-5806-4055-a7de-717204cc4b47 | ITER: 15 START
2019-08-05 10:30:10.868 22865 RALLYDEBUG rally.task.runner [-] Starting a worker. concurrency: 1 args: {} times: 100 method_name: run timeout: 0 duration: None cls:
2019-08-05 10:30:10.874 22867 RALLYDEBUG rally.task.runner [-] Starting a worker. concurrency: 1 args: {} times: 100 method_name: run timeout: 0 duration: None cls:
2019-08-05 10:30:10.875 22865 INFO rally.task.runner [-] Task c7793720-5806-4055-a7de-717204cc4b47 | ITER: 16 START
2019-08-05 10:30:10.879 22869 RALLYDEBUG rally.task.runner [-] Starting a worker. concurrency: 1 args: {} times: 100 method_name: run timeout: 0 duration: None cls:
2019-08-05 10:30:10.881 22867 INFO rally.task.runner [-] Task c7793720-5806-4055-a7de-717204cc4b47 | ITER: 17 START
2019-08-05 10:30:10.885 22869 INFO rally.task.runner [-] Task c7793720-5806-4055-a7de-717204cc4b47 | ITER: 18 START
2019-08-05 10:30:10.888 22873 RALLYDEBUG rally.task.runner [-] Starting a worker. concurrency: 1 args: {} times: 100 method_name: run timeout: 0 duration: None cls:
2019-08-05 10:30:10.893 22876 RALLYDEBUG rally.task.runner [-] Starting a worker. concurrency: 1 args: {} times: 100 method_name: run timeout: 0 duration: None cls:
2019-08-05 10:30:10.894 22873 INFO rally.task.runner [-] Task c7793720-5806-4055-a7de-717204cc4b47 | ITER: 19 START
2019-08-05 10:30:10.897 22876 INFO rally.task.runner [-] Task c7793720-5806-4055-a7de-717204cc4b47 | ITER: 20 START
2019-08-05 10:30:14.088 22830 INFO rally.task.runner [-] Task c7793720-5806-4055-a7de-717204cc4b47 | ITER: 5 END: OK
2019-08-05 10:30:14.093 22830 INFO rally.task.runner [-] Task c7793720-5806-4055-a7de-717204cc4b47 | ITER: 21 START
2019-08-05 10:30:14.119 22873 INFO rally.task.runner [-] Task c7793720-5806-4055-a7de-717204cc4b47 | ITER: 19 END: OK
2019-08-05 10:30:14.121 22873 INFO rally.task.runner [-] Task c7793720-5806-4055-a7de-717204cc4b47 | ITER: 22 START
2019-08-05 10:30:14.230 22832 INFO rally.task.runner [-] Task c7793720-5806-4055-a7de-717204cc4b47 | ITER: 9 END: OK
2019-08-05 10:30:14.234 22832 INFO rally.task.runner [-] Task c7793720-5806-4055-a7de-717204cc4b47 | ITER: 23 START
2019-08-05 10:30:14.238 22830 INFO rally.task.runner [-] Task c7793720-5806-4055-a7de-717204cc4b47 | ITER: 2 END: OK
2019-08-05 10:30:14.241 22830 INFO rally.task.runner [-] Task c7793720-5806-4055-a7de-717204cc4b47 | ITER: 24 START
2019-08-05 10:30:14.283 22837 INFO rally.task.runner [-] Task c7793720-5806-4055-a7de-717204cc4b47 | ITER: 11 END: OK
2019-08-05 10:30:14.286 22837 INFO rally.task.runner [-] Task c7793720-5806-4055-a7de-717204cc4b47 | ITER: 25 START
2019-08-05 10:30:14.409 22861 INFO rally.task.runner [-] Task c7793720-5806-4055-a7de-717204cc4b47 | ITER: 15 END: OK
2019-08-05 10:30:14.414 22861 INFO rally.task.runner [-] Task c7793720-5806-4055-a7de-717204cc4b47 | ITER: 26 START
2019-08-05 10:30:14.725 22847 INFO rally.task.runner [-] Task c7793720-5806-4055-a7de-717204cc4b47 | ITER: 12 END: OK
2019-08-05 10:30:14.729 22847 INFO rally.task.runner [-] Task c7793720-5806-4055-a7de-717204cc4b47 | ITER: 27 START
2019-08-05 10:30:14.829 22832 INFO rally.task.runner [-] Task c7793720-5806-4055-a7de-717204cc4b47 | ITER: 7 END: OK
2019-08-05 10:30:14.832 22832 INFO rally.task.runner [-] Task c7793720-5806-4055-a7de-717204cc4b47 | ITER: 28 START
2019-08-05 10:30:14.936 22865 INFO rally.task.runner [-] Task c7793720-5806-4055-a7de-717204cc4b47 | ITER: 16 END: OK
2019-08-05 10:30:14.940 22865 INFO rally.task.runner [-] Task c7793720-5806-4055-a7de-717204cc4b47 | ITER: 29 START
2019-08-05 10:30:14.949 22867 INFO rally.task.runner [-] Task c7793720-5806-4055-a7de-717204cc4b47 | ITER: 17 END: OK
2019-08-05 10:30:14.953 22867 INFO rally.task.runner [-] Task c7793720-5806-4055-a7de-717204cc4b47 | ITER: 30 START
2019-08-05 10:30:14.976 22849 INFO rally.task.runner [-] Task c7793720-5806-4055-a7de-717204cc4b47 | ITER: 13 END: OK
2019-08-05 10:30:14.980 22849 INFO rally.task.runner [-] Task c7793720-5806-4055-a7de-717204cc4b47 | ITER: 31 START
2019-08-05 10:30:15.137 22835 INFO rally.task.runner [-] Task c7793720-5806-4055-a7de-717204cc4b47 | ITER: 8 END: OK
2019-08-05 10:30:15.141 22835 INFO rally.task.runner [-] Task c7793720-5806-4055-a7de-717204cc4b47 | ITER: 32 START
2019-08-05 10:30:15.223 22831 INFO rally.task.runner [-] Task c7793720-5806-4055-a7de-717204cc4b47 | ITER: 6 END: OK
2019-08-05 10:30:15.225 22831 INFO rally.task.runner [-] Task c7793720-5806-4055-a7de-717204cc4b47 | ITER: 33 START
2019-08-05 10:30:15.259 22840 INFO rally.task.runner [-] Task c7793720-5806-4055-a7de-717204cc4b47 | ITER: 10 END: OK
2019-08-05 10:30:15.262 22840 INFO rally.task.runner [-] Task c7793720-5806-4055-a7de-717204cc4b47 | ITER: 34 START
2019-08-05 10:30:15.393 22851 INFO rally.task.runner [-] Task c7793720-5806-4055-a7de-717204cc4b47 | ITER: 14 END: OK
2019-08-05 10:30:15.395 22869 INFO rally.task.runner [-] Task c7793720-5806-4055-a7de-717204cc4b47 | ITER: 18 END: OK
2019-08-05 10:30:15.396 22851 INFO rally.task.runner [-] Task c7793720-5806-4055-a7de-717204cc4b47 | ITER: 35 START
2019-08-05 10:30:15.398 22869 INFO rally.task.runner [-] Task c7793720-5806-4055-a7de-717204cc4b47 | ITER: 36 START
2019-08-05 10:30:15.418 22829 INFO rally.task.runner [-] Task c7793720-5806-4055-a7de-717204cc4b47 | ITER: 1 END: OK
2019-08-05 10:30:15.421 22829 INFO rally.task.runner [-] Task c7793720-5806-4055-a7de-717204cc4b47 | ITER: 37 START
2019-08-05 10:30:15.587 22829 INFO rally.task.runner [-] Task c7793720-5806-4055-a7de-717204cc4b47 | ITER: 3 END: OK
2019-08-05 10:30:15.590 22829 INFO rally.task.runner [-] Task c7793720-5806-4055-a7de-717204cc4b47 | ITER: 38 START
2019-08-05 10:30:15.594 22831 INFO rally.task.runner [-] Task c7793720-5806-4055-a7de-717204cc4b47 | ITER: 4 END: OK
2019-08-05 10:30:15.597 22831 INFO rally.task.runner [-] Task c7793720-5806-4055-a7de-717204cc4b47 | ITER: 39 START
2019-08-05 10:30:15.826 22876 INFO rally.task.runner [-] Task c7793720-5806-4055-a7de-717204cc4b47 | ITER: 20 END: OK
2019-08-05 10:30:15.830 22876 INFO rally.task.runner [-] Task c7793720-5806-4055-a7de-717204cc4b47 | ITER: 40 START
2019-08-05 10:30:16.516 22873 INFO rally.task.runner [-] Task c7793720-5806-4055-a7de-717204cc4b47 | ITER: 22 END: OK
2019-08-05 10:30:16.520 22873 INFO rally.task.runner [-] Task c7793720-5806-4055-a7de-717204cc4b47 | ITER: 41 START
2019-08-05 10:30:17.053 22830 INFO rally.task.runner [-] Task c7793720-5806-4055-a7de-717204cc4b47 | ITER: 21 END: OK
2019-08-05 10:30:17.056 22830 INFO rally.task.runner [-] Task c7793720-5806-4055-a7de-717204cc4b47 | ITER: 42 START
2019-08-05 10:30:17.296 22837 INFO rally.task.runner [-] Task c7793720-5806-4055-a7de-717204cc4b47 | ITER: 25 END: OK
2019-08-05 10:30:17.299 22837 INFO rally.task.runner [-] Task c7793720-5806-4055-a7de-717204cc4b47 | ITER: 43 START
2019-08-05 10:30:17.320 22867 INFO rally.task.runner [-] Task c7793720-5806-4055-a7de-717204cc4b47 | ITER: 30 END: OK
2019-08-05 10:30:17.323 22867 INFO rally.task.runner [-] Task c7793720-5806-4055-a7de-717204cc4b47 | ITER: 44 START
2019-08-05 10:30:17.393 22832 INFO rally.task.runner [-] Task c7793720-5806-4055-a7de-717204cc4b47 | ITER: 28 END: OK
2019-08-05 10:30:17.393 22847 INFO rally.task.runner [-] Task c7793720-5806-4055-a7de-717204cc4b47 | ITER: 27 END: OK
2019-08-05 10:30:17.396 22832 INFO rally.task.runner [-] Task c7793720-5806-4055-a7de-717204cc4b47 | ITER: 45 START
2019-08-05 10:30:17.397 22847 INFO rally.task.runner [-] Task c7793720-5806-4055-a7de-717204cc4b47 | ITER: 46 START
2019-08-05 10:30:17.939 22832 INFO rally.task.runner [-] Task c7793720-5806-4055-a7de-717204cc4b47 | ITER: 23 END: OK
2019-08-05 10:30:17.942 22832 INFO rally.task.runner [-] Task c7793720-5806-4055-a7de-717204cc4b47 | ITER: 47 START
2019-08-05 10:30:18.247 22830 INFO rally.task.runner [-] Task c7793720-5806-4055-a7de-717204cc4b47 | ITER: 24 END: OK
2019-08-05 10:30:18.250 22830 INFO rally.task.runner [-] Task c7793720-5806-4055-a7de-717204cc4b47 | ITER: 48 START
2019-08-05 10:30:18.457 22861 INFO rally.task.runner [-] Task c7793720-5806-4055-a7de-717204cc4b47 | ITER: 26 END: OK
2019-08-05 10:30:18.460 22861 INFO rally.task.runner [-] Task c7793720-5806-4055-a7de-717204cc4b47 | ITER: 49 START
2019-08-05 10:30:18.675 22876 INFO rally.task.runner [-] Task c7793720-5806-4055-a7de-717204cc4b47 | ITER: 40 END: OK
2019-08-05 10:30:18.678 22876 INFO rally.task.runner [-] Task c7793720-5806-4055-a7de-717204cc4b47 | ITER: 50 START
2019-08-05 10:30:18.711 22851 INFO rally.task.runner [-] Task c7793720-5806-4055-a7de-717204cc4b47 | ITER: 35 END: OK
2019-08-05 10:30:18.715 22851 INFO rally.task.runner [-] Task c7793720-5806-4055-a7de-717204cc4b47 | ITER: 51 START
2019-08-05 10:30:18.802 22849 INFO rally.task.runner [-] Task c7793720-5806-4055-a7de-717204cc4b47 | ITER: 31 END: OK
2019-08-05 10:30:18.806 22849 INFO rally.task.runner [-] Task c7793720-5806-4055-a7de-717204cc4b47 | ITER: 52 START
2019-08-05 10:30:18.966 22835 INFO rally.task.runner [-] Task c7793720-5806-4055-a7de-717204cc4b47 | ITER: 32 END: OK
2019-08-05 10:30:18.969 22835 INFO rally.task.runner [-] Task c7793720-5806-4055-a7de-717204cc4b47 | ITER: 53 START
2019-08-05 10:30:19.032 22840 INFO rally.task.runner [-] Task c7793720-5806-4055-a7de-717204cc4b47 | ITER: 34 END: OK
2019-08-05 10:30:19.035 22840 INFO rally.task.runner [-] Task c7793720-5806-4055-a7de-717204cc4b47 | ITER: 54 START
2019-08-05 10:30:19.336 22831 INFO rally.task.runner [-] Task c7793720-5806-4055-a7de-717204cc4b47 | ITER: 39 END: OK
2019-08-05 10:30:19.339 22831 INFO rally.task.runner [-] Task c7793720-5806-4055-a7de-717204cc4b47 | ITER: 55 START
2019-08-05 10:30:19.505 22865 INFO rally.task.runner [-] Task c7793720-5806-4055-a7de-717204cc4b47 | ITER: 29 END: OK
2019-08-05 10:30:19.508 22865 INFO rally.task.runner [-] Task c7793720-5806-4055-a7de-717204cc4b47 | ITER: 56 START
2019-08-05 10:30:19.625 22831 INFO rally.task.runner [-] Task c7793720-5806-4055-a7de-717204cc4b47 | ITER: 33 END: OK
2019-08-05 10:30:19.628 22831 INFO rally.task.runner [-] Task c7793720-5806-4055-a7de-717204cc4b47 | ITER: 57 START
2019-08-05 10:30:19.789 22829 INFO rally.task.runner [-] Task c7793720-5806-4055-a7de-717204cc4b47 | ITER: 37 END: OK
2019-08-05 10:30:19.793 22829 INFO rally.task.runner [-] Task c7793720-5806-4055-a7de-717204cc4b47 | ITER: 58 START
2019-08-05 10:30:19.836 22829 INFO rally.task.runner [-] Task c7793720-5806-4055-a7de-717204cc4b47 | ITER: 38 END: OK
2019-08-05 10:30:19.839 22829 INFO rally.task.runner [-] Task c7793720-5806-4055-a7de-717204cc4b47 | ITER: 59 START
2019-08-05 10:30:19.865 22873 INFO rally.task.runner [-] Task c7793720-5806-4055-a7de-717204cc4b47 | ITER: 41 END: OK
2019-08-05 10:30:19.867 22873 INFO rally.task.runner [-] Task c7793720-5806-4055-a7de-717204cc4b47 | ITER: 60 START
2019-08-05 10:30:19.873 22867 INFO rally.task.runner [-] Task c7793720-5806-4055-a7de-717204cc4b47 | ITER: 44 END: OK
2019-08-05 10:30:19.876 22867 INFO rally.task.runner [-] Task c7793720-5806-4055-a7de-717204cc4b47 | ITER: 61 START
2019-08-05 10:30:19.895 22869 INFO rally.task.runner [-] Task c7793720-5806-4055-a7de-717204cc4b47 | ITER: 36 END: OK
2019-08-05 10:30:19.898 22869 INFO rally.task.runner [-] Task c7793720-5806-4055-a7de-717204cc4b47 | ITER: 62 START
2019-08-05 10:30:19.918 22837 INFO rally.task.runner [-] Task c7793720-5806-4055-a7de-717204cc4b47 | ITER: 43 END: OK
2019-08-05 10:30:19.920 22837 INFO rally.task.runner [-] Task c7793720-5806-4055-a7de-717204cc4b47 | ITER: 63 START
2019-08-05 10:30:20.081 22830 INFO rally.task.runner [-] Task c7793720-5806-4055-a7de-717204cc4b47 | ITER: 42 END: OK
2019-08-05 10:30:20.084 22830 INFO rally.task.runner [-] Task c7793720-5806-4055-a7de-717204cc4b47 | ITER: 64 START
2019-08-05 10:30:20.841 22832 INFO rally.task.runner [-] Task c7793720-5806-4055-a7de-717204cc4b47 | ITER: 47 END: OK
2019-08-05 10:30:20.845 22832 INFO rally.task.runner [-] Task c7793720-5806-4055-a7de-717204cc4b47 | ITER: 65 START
2019-08-05 10:30:21.074 22847 INFO rally.task.runner [-] Task c7793720-5806-4055-a7de-717204cc4b47 | ITER: 46 END: OK
2019-08-05 10:30:21.078 22847 INFO rally.task.runner [-] Task c7793720-5806-4055-a7de-717204cc4b47 | ITER: 66 START
2019-08-05 10:30:21.235 22832 INFO rally.task.runner [-] Task c7793720-5806-4055-a7de-717204cc4b47 | ITER: 45 END: OK
2019-08-05 10:30:21.237 22832 INFO rally.task.runner [-] Task c7793720-5806-4055-a7de-717204cc4b47 | ITER: 67 START
2019-08-05 10:30:22.137 22830 INFO rally.task.runner [-] Task c7793720-5806-4055-a7de-717204cc4b47 | ITER: 48 END: OK
2019-08-05 10:30:22.140 22830 INFO rally.task.runner [-] Task c7793720-5806-4055-a7de-717204cc4b47 | ITER: 68 START
2019-08-05 10:30:22.181 22876 INFO rally.task.runner [-] Task c7793720-5806-4055-a7de-717204cc4b47 | ITER: 50 END: OK
2019-08-05 10:30:22.184 22876 INFO rally.task.runner [-] Task c7793720-5806-4055-a7de-717204cc4b47 | ITER: 69 START
2019-08-05 10:30:22.292 22849 INFO rally.task.runner [-] Task c7793720-5806-4055-a7de-717204cc4b47 | ITER: 52 END: OK
2019-08-05 10:30:22.294 22849 INFO rally.task.runner [-] Task c7793720-5806-4055-a7de-717204cc4b47 | ITER: 70 START
2019-08-05 10:30:22.436 22851 INFO rally.task.runner [-] Task c7793720-5806-4055-a7de-717204cc4b47 | ITER: 51 END: OK
2019-08-05 10:30:22.438 22851 INFO rally.task.runner [-] Task c7793720-5806-4055-a7de-717204cc4b47 | ITER: 71 START
2019-08-05 10:30:22.600 22835 INFO rally.task.runner [-] Task c7793720-5806-4055-a7de-717204cc4b47 | ITER: 53 END: OK
2019-08-05 10:30:22.603 22835 INFO rally.task.runner [-] Task c7793720-5806-4055-a7de-717204cc4b47 | ITER: 72 START
2019-08-05 10:30:22.742 22861 INFO rally.task.runner [-] Task c7793720-5806-4055-a7de-717204cc4b47 | ITER: 49 END: OK
2019-08-05 10:30:22.745 22861 INFO rally.task.runner [-] Task c7793720-5806-4055-a7de-717204cc4b47 | ITER: 73 START
2019-08-05 10:30:22.827 22865 INFO rally.task.runner [-] Task c7793720-5806-4055-a7de-717204cc4b47 | ITER: 56 END: OK
2019-08-05 10:30:22.828 22873 INFO rally.task.runner [-] Task c7793720-5806-4055-a7de-717204cc4b47 | ITER: 60 END: OK
2019-08-05 10:30:22.829 22865 INFO rally.task.runner [-] Task c7793720-5806-4055-a7de-717204cc4b47 | ITER: 74 START
2019-08-05 10:30:22.831 22873 INFO rally.task.runner [-] Task c7793720-5806-4055-a7de-717204cc4b47 | ITER: 75 START
2019-08-05 10:30:22.969 22831 INFO rally.task.runner [-] Task c7793720-5806-4055-a7de-717204cc4b47 | ITER: 57 END: OK
2019-08-05 10:30:22.972 22831 INFO rally.task.runner [-] Task c7793720-5806-4055-a7de-717204cc4b47 | ITER: 76 START
2019-08-05 10:30:23.336 22867 INFO rally.task.runner [-] Task c7793720-5806-4055-a7de-717204cc4b47 | ITER: 61 END: OK
2019-08-05 10:30:23.340 22867 INFO rally.task.runner [-] Task c7793720-5806-4055-a7de-717204cc4b47 | ITER: 77 START
2019-08-05 10:30:23.399 22831 INFO rally.task.runner [-] Task c7793720-5806-4055-a7de-717204cc4b47 | ITER: 55 END: OK
2019-08-05 10:30:23.403 22831 INFO rally.task.runner [-] Task c7793720-5806-4055-a7de-717204cc4b47 | ITER: 78 START
2019-08-05 10:30:23.557 22829 INFO rally.task.runner [-] Task c7793720-5806-4055-a7de-717204cc4b47 | ITER: 59 END: OK
2019-08-05 10:30:23.560 22829 INFO rally.task.runner [-] Task c7793720-5806-4055-a7de-717204cc4b47 | ITER: 79 START
2019-08-05 10:30:23.723 22830 INFO rally.task.runner [-] Task c7793720-5806-4055-a7de-717204cc4b47 | ITER: 64 END: OK
2019-08-05 10:30:23.726 22830 INFO rally.task.runner [-] Task c7793720-5806-4055-a7de-717204cc4b47 | ITER: 80 START
2019-08-05 10:30:23.764 22829 INFO rally.task.runner [-] Task c7793720-5806-4055-a7de-717204cc4b47 | ITER: 58 END: OK
2019-08-05 10:30:23.767 22829 INFO rally.task.runner [-] Task c7793720-5806-4055-a7de-717204cc4b47 | ITER: 81 START
2019-08-05 10:30:23.847 22832 INFO rally.task.runner [-] Task c7793720-5806-4055-a7de-717204cc4b47 | ITER: 65 END: OK
2019-08-05 10:30:23.850 22832 INFO rally.task.runner [-] Task c7793720-5806-4055-a7de-717204cc4b47 | ITER: 82 START
2019-08-05 10:30:24.286 22837 INFO rally.task.runner [-] Task c7793720-5806-4055-a7de-717204cc4b47 | ITER: 63 END: OK
2019-08-05 10:30:24.290 22837 INFO rally.task.runner [-] Task c7793720-5806-4055-a7de-717204cc4b47 | ITER: 83 START
2019-08-05 10:30:24.484 22830 INFO rally.task.runner [-] Task c7793720-5806-4055-a7de-717204cc4b47 | ITER: 68 END: OK
2019-08-05 10:30:24.487 22830 INFO rally.task.runner [-] Task c7793720-5806-4055-a7de-717204cc4b47 | ITER: 84 START
2019-08-05 10:30:24.520 22847 INFO rally.task.runner [-] Task c7793720-5806-4055-a7de-717204cc4b47 | ITER: 66 END: OK
2019-08-05 10:30:24.523 22847 INFO rally.task.runner [-] Task c7793720-5806-4055-a7de-717204cc4b47 | ITER: 85 START
2019-08-05 10:30:24.571 22840 INFO rally.task.runner [-] Task c7793720-5806-4055-a7de-717204cc4b47 | ITER: 54 END: OK
2019-08-05 10:30:24.574 22840 INFO rally.task.runner [-] Task c7793720-5806-4055-a7de-717204cc4b47 | ITER: 86 START
2019-08-05 10:30:24.716 22832 INFO rally.task.runner [-] Task c7793720-5806-4055-a7de-717204cc4b47 | ITER: 67 END: OK
2019-08-05 10:30:24.719 22832 INFO rally.task.runner [-] Task c7793720-5806-4055-a7de-717204cc4b47 | ITER: 87 START
2019-08-05 10:30:24.858 22869 INFO rally.task.runner [-] Task c7793720-5806-4055-a7de-717204cc4b47 | ITER: 62 END: OK
2019-08-05 10:30:24.861 22869 INFO rally.task.runner [-] Task c7793720-5806-4055-a7de-717204cc4b47 | ITER: 88 START
2019-08-05 10:30:24.966 22876 INFO rally.task.runner [-] Task c7793720-5806-4055-a7de-717204cc4b47 | ITER: 69 END: OK
2019-08-05 10:30:24.969 22876 INFO rally.task.runner [-] Task c7793720-5806-4055-a7de-717204cc4b47 | ITER: 89 START
2019-08-05 10:30:25.406 22851 INFO rally.task.runner [-] Task c7793720-5806-4055-a7de-717204cc4b47 | ITER: 71 END: OK
2019-08-05 10:30:25.409 22851 INFO rally.task.runner [-] Task c7793720-5806-4055-a7de-717204cc4b47 | ITER: 90 START
2019-08-05 10:30:25.499 22849 INFO rally.task.runner [-] Task c7793720-5806-4055-a7de-717204cc4b47 | ITER: 70 END: OK
2019-08-05 10:30:25.502 22849 INFO rally.task.runner [-] Task c7793720-5806-4055-a7de-717204cc4b47 | ITER: 91 START
2019-08-05 10:30:25.674 22835 INFO rally.task.runner [-] Task c7793720-5806-4055-a7de-717204cc4b47 | ITER: 72 END: OK
2019-08-05 10:30:25.677 22835 INFO rally.task.runner [-] Task c7793720-5806-4055-a7de-717204cc4b47 | ITER: 92 START
2019-08-05 10:30:25.933 22867 INFO rally.task.runner [-] Task c7793720-5806-4055-a7de-717204cc4b47 | ITER: 77 END: OK
2019-08-05 10:30:25.936 22867 INFO rally.task.runner [-] Task c7793720-5806-4055-a7de-717204cc4b47 | ITER: 93 START
2019-08-05 10:30:26.191 22829 INFO rally.task.runner [-] Task c7793720-5806-4055-a7de-717204cc4b47 | ITER: 79 END: OK
2019-08-05 10:30:26.195 22829 INFO rally.task.runner [-] Task c7793720-5806-4055-a7de-717204cc4b47 | ITER: 94 START
2019-08-05 10:30:26.220 22829 INFO rally.task.runner [-] Task c7793720-5806-4055-a7de-717204cc4b47 | ITER: 81 END: OK
2019-08-05 10:30:26.224 22829 INFO rally.task.runner [-] Task c7793720-5806-4055-a7de-717204cc4b47 | ITER: 95 START
2019-08-05 10:30:26.350 22831 INFO rally.task.runner [-] Task c7793720-5806-4055-a7de-717204cc4b47 | ITER: 76 END: OK
2019-08-05 10:30:26.354 22831 INFO rally.task.runner [-] Task c7793720-5806-4055-a7de-717204cc4b47 | ITER: 96 START
2019-08-05 10:30:26.556 22861 INFO rally.task.runner [-] Task c7793720-5806-4055-a7de-717204cc4b47 | ITER: 73 END: OK
2019-08-05 10:30:26.559 22861 INFO rally.task.runner [-] Task c7793720-5806-4055-a7de-717204cc4b47 | ITER: 97 START
2019-08-05 10:30:26.588 22865 INFO rally.task.runner [-] Task c7793720-5806-4055-a7de-717204cc4b47 | ITER: 74 END: OK
2019-08-05 10:30:26.591 22865 INFO rally.task.runner [-] Task c7793720-5806-4055-a7de-717204cc4b47 | ITER: 98 START
2019-08-05 10:30:27.052 22831 INFO rally.task.runner [-] Task c7793720-5806-4055-a7de-717204cc4b47 | ITER: 78 END: OK
2019-08-05 10:30:27.056 22831 INFO rally.task.runner [-] Task c7793720-5806-4055-a7de-717204cc4b47 | ITER: 99 START
2019-08-05 10:30:27.221 22830 INFO rally.task.runner [-] Task c7793720-5806-4055-a7de-717204cc4b47 | ITER: 84 END: OK
2019-08-05 10:30:27.221 22837 INFO rally.task.runner [-] Task c7793720-5806-4055-a7de-717204cc4b47 | ITER: 83 END: OK
2019-08-05 10:30:27.222 22832 INFO rally.task.runner [-] Task c7793720-5806-4055-a7de-717204cc4b47 | ITER: 82 END: OK
2019-08-05 10:30:27.224 22830 INFO rally.task.runner [-] Task c7793720-5806-4055-a7de-717204cc4b47 | ITER: 100 START
2019-08-05 10:30:27.634 22869 INFO rally.task.runner [-] Task c7793720-5806-4055-a7de-717204cc4b47 | ITER: 88 END: OK
2019-08-05 10:30:27.752 22873 INFO rally.task.runner [-] Task c7793720-5806-4055-a7de-717204cc4b47 | ITER: 75 END: OK
2019-08-05 10:30:28.061 22851 INFO rally.task.runner [-] Task c7793720-5806-4055-a7de-717204cc4b47 | ITER: 90 END: OK
2019-08-05 10:30:28.066 22849 INFO rally.task.runner [-] Task c7793720-5806-4055-a7de-717204cc4b47 | ITER: 91 END: OK
2019-08-05 10:30:28.167 22830 INFO rally.task.runner [-] Task c7793720-5806-4055-a7de-717204cc4b47 | ITER: 80 END: OK
2019-08-05 10:30:28.287 22847 INFO rally.task.runner [-] Task c7793720-5806-4055-a7de-717204cc4b47 | ITER: 85 END: OK
2019-08-05 10:30:28.322 22876 INFO rally.task.runner [-] Task c7793720-5806-4055-a7de-717204cc4b47 | ITER: 89 END: OK
2019-08-05 10:30:28.575 22832 INFO rally.task.runner [-] Task c7793720-5806-4055-a7de-717204cc4b47 | ITER: 87 END: OK
2019-08-05 10:30:28.603 22835 INFO rally.task.runner [-] Task c7793720-5806-4055-a7de-717204cc4b47 | ITER: 92 END: OK
2019-08-05 10:30:28.754 22840 INFO rally.task.runner [-] Task c7793720-5806-4055-a7de-717204cc4b47 | ITER: 86 END: OK
2019-08-05 10:30:28.951 22867 INFO rally.task.runner [-] Task c7793720-5806-4055-a7de-717204cc4b47 | ITER: 93 END: OK
2019-08-05 10:30:29.096 22829 INFO rally.task.runner [-] Task c7793720-5806-4055-a7de-717204cc4b47 | ITER: 94 END: OK
2019-08-05 10:30:29.242 22861 INFO rally.task.runner [-] Task c7793720-5806-4055-a7de-717204cc4b47 | ITER: 97 END: OK
2019-08-05 10:30:29.433 22829 INFO rally.task.runner [-] Task c7793720-5806-4055-a7de-717204cc4b47 | ITER: 95 END: OK
2019-08-05 10:30:29.903 22830 INFO rally.task.runner [-] Task c7793720-5806-4055-a7de-717204cc4b47 | ITER: 100 END: OK
2019-08-05 10:30:29.995 22865 INFO rally.task.runner [-] Task c7793720-5806-4055-a7de-717204cc4b47 | ITER: 98 END: OK
2019-08-05 10:30:30.015 22831 INFO rally.task.runner [-] Task c7793720-5806-4055-a7de-717204cc4b47 | ITER: 96 END: OK
2019-08-05 10:30:30.088 22831 INFO rally.task.runner [-] Task c7793720-5806-4055-a7de-717204cc4b47 | ITER: 99 END: OK
2019-08-05 10:30:30.117 22705 INFO rally.task.context [-] Task c7793720-5806-4055-a7de-717204cc4b47 | Context cleanup@openstack cleanup() started
2019-08-05 10:30:30.119 22705 RALLYDEBUG rally_openstack.cleanup.manager [-] Cleaning up neutron vip objects
2019-08-05 10:30:30.754 22705 RALLYDEBUG rally_openstack.cleanup.manager [-] Cleaning up neutron health_monitor objects
2019-08-05 10:30:31.406 22705 RALLYDEBUG rally_openstack.cleanup.manager [-] Cleaning up neutron pool objects
2019-08-05 10:30:32.141 22705 RALLYDEBUG rally_openstack.cleanup.manager [-] Cleaning up neutron loadbalancer objects
2019-08-05 10:30:32.863 22705 RALLYDEBUG rally_openstack.cleanup.manager [-] Cleaning up neutron floatingip objects
2019-08-05 10:30:33.549 22705 RALLYDEBUG rally_openstack.cleanup.manager [-] Cleaning up neutron port objects
2019-08-05 10:30:34.857 22705 RALLYDEBUG rally_openstack.cleanup.manager [-] Cleaning up neutron subnet objects
2019-08-05 10:30:35.515 22705 RALLYDEBUG rally_openstack.cleanup.manager [-] Cleaning up neutron network objects
2019-08-05 10:30:36.781 22705 RALLYDEBUG rally_openstack.cleanup.manager [-] Deleting neutron.network object s_rally_cd21d11d_xF8mPbPx (01be8124-c1e9-471b-b47f-6b2956053f83)
2019-08-05 10:30:36.781 22705 RALLYDEBUG rally_openstack.cleanup.manager [-] Deleting neutron.network object s_rally_cd21d11d_FuBGYESC (03411cf8-2241-4233-a4fc-e137dd1508ca)
2019-08-05 10:30:36.784 22705 RALLYDEBUG rally_openstack.cleanup.manager [-] Deleting neutron.network object s_rally_cd21d11d_otBJP9mA (06459d92-88c5-43ac-a8e4-fb44c3bb5c3b)
2019-08-05 10:30:36.789 22705 RALLYDEBUG rally_openstack.cleanup.manager [-] Deleting neutron.network object s_rally_cd21d11d_M7IkMTUl (0682ac24-6c99-4670-bd70-7002250ac713)
2019-08-05 10:30:36.794 22705 RALLYDEBUG rally_openstack.cleanup.manager [-] Deleting neutron.network object s_rally_cd21d11d_nPd7rp8n (06e87b68-a478-4a11-a549-b605c029da56)
2019-08-05 10:30:36.812 22705 RALLYDEBUG rally_openstack.cleanup.manager [-] Deleting neutron.network object s_rally_cd21d11d_Ujl3JYHb (0714ce12-e0af-43d7-9cdf-e6f47d603eb0)
2019-08-05 10:30:36.820 22705 RALLYDEBUG rally_openstack.cleanup.manager [-] Deleting neutron.network object s_rally_cd21d11d_tIeSFIAa (0a53d3a1-fefe-4aa0-ab7a-13760286259b)
2019-08-05 10:30:36.828 22705 RALLYDEBUG rally_openstack.cleanup.manager [-] Deleting neutron.network object s_rally_cd21d11d_wTKFGFsO (0e2abe33-763c-4e87-b9b9-b3cbe29c6c65)
2019-08-05 10:30:36.844 22705 RALLYDEBUG rally_openstack.cleanup.manager [-] Deleting neutron.network object s_rally_cd21d11d_cRxsOk9u (1028d004-cea9-4530-8aae-38978e82d7be)
2019-08-05 10:30:36.861 22705 RALLYDEBUG rally_openstack.cleanup.manager [-] Deleting neutron.network object s_rally_cd21d11d_bl2UtR5X (118c76cd-4d96-4327-9aa1-3d53ebfc97c3)
2019-08-05 10:30:36.873 22705 RALLYDEBUG rally_openstack.cleanup.manager [-] Deleting neutron.network object s_rally_cd21d11d_pxiqciPP (1215db69-6bd8-4127-82db-eb2b0054b466)
2019-08-05 10:30:36.887 22705 RALLYDEBUG rally_openstack.cleanup.manager [-] Deleting neutron.network object s_rally_cd21d11d_lAvFEa2a (15743d39-9e2e-41aa-8563-a7106cf4ca9a)
2019-08-05 10:30:36.894 22705 RALLYDEBUG rally_openstack.cleanup.manager [-] Deleting neutron.network object s_rally_cd21d11d_pM47q97i (176cbd8f-cd82-49d0-b7a9-64cef1218a75)
2019-08-05 10:30:36.906 22705 RALLYDEBUG rally_openstack.cleanup.manager [-] Deleting neutron.network object s_rally_cd21d11d_TZdJuP9U (17fba399-d61b-45e4-8acc-b04714b927d2)
2019-08-05 10:30:36.920 22705 RALLYDEBUG rally_openstack.cleanup.manager [-] Deleting neutron.network object s_rally_cd21d11d_NImtvqNj (21551213-7e75-4c19-8b7a-743841c37af7)
2019-08-05 10:30:36.928 22705 RALLYDEBUG rally_openstack.cleanup.manager [-] Deleting neutron.network object s_rally_cd21d11d_U9cRfCds (18f920b7-d889-4f6b-a3ff-d5020c8e8639)
2019-08-05 10:30:36.940 22705 RALLYDEBUG rally_openstack.cleanup.manager [-] Deleting neutron.network object s_rally_cd21d11d_hIVb6Z9Z (2353b77a-e13e-44d8-b174-7bed7d0e9dec)
2019-08-05 10:30:36.944 22705 RALLYDEBUG rally_openstack.cleanup.manager [-] Deleting neutron.network object s_rally_cd21d11d_bin6I7eM (2385da1e-c303-49e4-8313-887a3f7a267a)
2019-08-05 10:30:36.965 22705 RALLYDEBUG rally_openstack.cleanup.manager [-] Deleting neutron.network object s_rally_cd21d11d_WjZUHOvH (25b705c6-ffbe-4d7a-82a9-2b8d531e2ea4)
2019-08-05 10:30:36.966 22705 RALLYDEBUG rally_openstack.cleanup.manager [-] Deleting neutron.network object s_rally_cd21d11d_6iSiAmcf (2a50bdc0-893f-4a07-8c71-634a6fb968d1)
2019-08-05 10:30:40.200 22705 RALLYDEBUG rally_openstack.cleanup.manager [-] Deleting neutron.network object s_rally_cd21d11d_WcpJPsNA (2e668510-17fc-4d76-b559-95edc6aea0c4)
2019-08-05 10:30:40.209 22705 RALLYDEBUG rally_openstack.cleanup.manager [-] Deleting neutron.network object s_rally_cd21d11d_9qv8KdVa (2e87db3f-8032-42df-b2ae-b9f3385e7c9d)
2019-08-05 10:30:40.289 22705 RALLYDEBUG rally_openstack.cleanup.manager [-] Deleting neutron.network object s_rally_cd21d11d_7zC82Ngy (2f9aa672-c923-40c9-a2f3-77a7b6cb4f9b)
2019-08-05 10:30:40.303 22705 RALLYDEBUG rally_openstack.cleanup.manager [-] Deleting neutron.network object s_rally_cd21d11d_Fb833Q4S (30831b71-a6dc-4038-852a-d257a43dd1fb)
2019-08-05 10:30:40.498 22705 RALLYDEBUG rally_openstack.cleanup.manager [-] Deleting neutron.network object s_rally_cd21d11d_HfspLL3z (3097e3ce-c0d8-4f35-a9a3-4f7cca10d65f)
2019-08-05 10:30:40.516 22705 RALLYDEBUG rally_openstack.cleanup.manager [-] Deleting neutron.network object s_rally_cd21d11d_EIjW3zIu (347a2383-a95d-4723-91a3-0ad426b2503f)
2019-08-05 10:30:40.661 22705 RALLYDEBUG rally_openstack.cleanup.manager [-] Deleting neutron.network object s_rally_cd21d11d_CTFsTZsp (359ac33f-937e-449e-894c-2328c11a32dc)
2019-08-05 10:30:41.511 22705 RALLYDEBUG rally_openstack.cleanup.manager [-] Deleting neutron.network object s_rally_cd21d11d_wFGwuk0G (37bb59d6-2611-4642-baac-04ab7ce5e01b)
2019-08-05 10:30:41.511 22705 RALLYDEBUG rally_openstack.cleanup.manager [-] Deleting neutron.network object s_rally_cd21d11d_AjixUNFj (37857803-d68c-4ed4-b1d2-ed0a0579b108)
2019-08-05 10:30:41.719 22705 RALLYDEBUG rally_openstack.cleanup.manager [-] Deleting neutron.network object s_rally_cd21d11d_xqEZLUYQ (394abcaa-0c64-4455-b767-6bcac3b9c12e)
2019-08-05 10:30:41.733 22705 RALLYDEBUG rally_openstack.cleanup.manager [-] Deleting neutron.network object s_rally_cd21d11d_s8fcvLxw (3b03b68e-8a59-4fd2-a5db-db3b30550890)
2019-08-05 10:30:41.774 22705 RALLYDEBUG rally_openstack.cleanup.manager [-] Deleting neutron.network object s_rally_cd21d11d_lbFz51po (4320442d-3a9e-4e3c-a14a-acacb9223c45)
2019-08-05 10:30:41.790 22705 RALLYDEBUG rally_openstack.cleanup.manager [-] Deleting neutron.network object s_rally_cd21d11d_2vqM613Y (50b9f909-43ea-40a3-a513-ca9f0d804d5d)
2019-08-05 10:30:42.222 22705 RALLYDEBUG rally_openstack.cleanup.manager [-] Deleting neutron.network object s_rally_cd21d11d_RRuV8qDc (51efba38-2058-4822-a87b-956452cbd5ef)
2019-08-05 10:30:42.966 22705 RALLYDEBUG rally_openstack.cleanup.manager [-] Deleting neutron.network object s_rally_cd21d11d_7Tz8fFm8 (53cce28e-c673-4541-8313-d696a286da42)
2019-08-05 10:30:42.968 22705 RALLYDEBUG rally_openstack.cleanup.manager [-] Deleting neutron.network object s_rally_cd21d11d_DFn9MpFg (52752256-4333-44ee-89d7-799bb013de87)
2019-08-05 10:30:43.487 22705 RALLYDEBUG rally_openstack.cleanup.manager [-] Deleting neutron.network object s_rally_cd21d11d_4MHXNlKr (5e070903-5cfa-45cc-88d7-58d9409447a7)
2019-08-05 10:30:43.740 22705 RALLYDEBUG rally_openstack.cleanup.manager [-] Deleting neutron.network object s_rally_cd21d11d_3veg0mVI (609c6060-3170-42e9-990e-59d18dbeb511)
2019-08-05 10:30:43.852 22705 RALLYDEBUG rally_openstack.cleanup.manager [-] Deleting neutron.network object s_rally_cd21d11d_gitaQLGQ (636f8073-7a02-4dc1-82fd-945ce5b6e969)
2019-08-05 10:30:43.901 22705 RALLYDEBUG rally_openstack.cleanup.manager [-] Deleting neutron.network object s_rally_cd21d11d_r4l4w8NM (6d3bbaa9-be89-4829-84c5-114726729a94)
2019-08-05 10:30:44.004 22705 RALLYDEBUG rally_openstack.cleanup.manager [-] Deleting neutron.network object s_rally_cd21d11d_EU6hh9am (6ebe7df2-0cb8-448a-b99f-380a8d39f772)
2019-08-05 10:30:44.572 22705 RALLYDEBUG rally_openstack.cleanup.manager [-] Deleting neutron.network object s_rally_cd21d11d_WFLF4qh9 (6f19717a-0e6b-4370-a89c-ece8dea03540)
2019-08-05 10:30:44.652 22705 RALLYDEBUG rally_openstack.cleanup.manager [-] Deleting neutron.network object s_rally_cd21d11d_DvbknTtY (6fc60c0c-4460-4e22-b8b7-cda60d446e57)
2019-08-05 10:30:44.730 22705 RALLYDEBUG rally_openstack.cleanup.manager [-] Deleting neutron.network object s_rally_cd21d11d_8aFK6IMl (72498311-3d3c-4af6-82ba-faadc2a2ecb9)
2019-08-05 10:30:44.762 22705 RALLYDEBUG rally_openstack.cleanup.manager [-] Deleting neutron.network object s_rally_cd21d11d_tUMZqbn0 (77b47f04-b764-4cf2-9755-80f6aca393f8)
2019-08-05 10:30:44.779 22705 RALLYDEBUG rally_openstack.cleanup.manager [-] Deleting neutron.network object s_rally_cd21d11d_58IkpSlv (77e216ed-f28e-432e-bc45-075e824d6bc7)
2019-08-05 10:30:44.858 22705 RALLYDEBUG rally_openstack.cleanup.manager [-] Deleting neutron.network object s_rally_cd21d11d_HZZGDcxL (7ce9a621-7425-40a6-a5f2-46aa109023ad)
2019-08-05 10:30:44.876 22705 RALLYDEBUG rally_openstack.cleanup.manager [-] Deleting neutron.network object s_rally_cd21d11d_3tCrktQA (7d1a5221-7aca-4dc9-b360-deb1dbafd5a8)
2019-08-05 10:30:44.993 22705 RALLYDEBUG rally_openstack.cleanup.manager [-] Deleting neutron.network object s_rally_cd21d11d_z4ZPdfiL (7f5f0178-1ef7-4599-85c4-bf7f96ca77e2)
2019-08-05 10:30:45.115 22705 RALLYDEBUG rally_openstack.cleanup.manager [-] Deleting neutron.network object s_rally_cd21d11d_QAbBQKJP (80756240-fdfc-42e1-bd05-7e4ccf964bb6)
2019-08-05 10:30:45.201 22705 RALLYDEBUG rally_openstack.cleanup.manager [-] Deleting neutron.network object s_rally_cd21d11d_O5prs5OW (86c0c463-b204-4371-9518-02f5c68517c8)
2019-08-05 10:30:45.334 22705 RALLYDEBUG rally_openstack.cleanup.manager [-] Deleting neutron.network object s_rally_cd21d11d_hcRxHJZV (89e486cc-b402-4897-9d37-0e031a32cd9d)
2019-08-05 10:30:45.500 22705 RALLYDEBUG rally_openstack.cleanup.manager [-] Deleting neutron.network object s_rally_cd21d11d_u9sYPWAP (8cfcff50-3b14-4e45-8ad8-59d760a4b751)
2019-08-05 10:30:46.070 22705 RALLYDEBUG rally_openstack.cleanup.manager [-] Deleting neutron.network object s_rally_cd21d11d_sfq2ImVT (8ebde17f-10a6-401b-8c30-c5a757f9024a)
2019-08-05 10:30:46.422 22705 RALLYDEBUG rally_openstack.cleanup.manager [-] Deleting neutron.network object s_rally_cd21d11d_rDIZGgII (95861ba4-2069-408d-a785-fff4ab3012a8)
2019-08-05 10:30:46.857 22705 RALLYDEBUG rally_openstack.cleanup.manager [-] Deleting neutron.network object s_rally_cd21d11d_FLC5Kar4 (999a1bb7-05b2-48bf-a578-c62b8db348c1)
2019-08-05 10:30:46.871 22705 RALLYDEBUG rally_openstack.cleanup.manager [-] Deleting neutron.network object s_rally_cd21d11d_JKpOuDar (9a3c1044-f9bf-47bf-9268-f783832ff156)
2019-08-05 10:30:47.469 22705 RALLYDEBUG rally_openstack.cleanup.manager [-] Deleting neutron.network object s_rally_cd21d11d_6gSYO20p (9ef64160-258d-4510-85b4-fd861f2bad5e)
2019-08-05 10:30:47.559 22705 RALLYDEBUG rally_openstack.cleanup.manager [-] Deleting neutron.network object s_rally_cd21d11d_MoptyPfO (a0915a9d-18e4-4a84-ac96-0865a538a067)
2019-08-05 10:30:47.605 22705 RALLYDEBUG rally_openstack.cleanup.manager [-] Deleting neutron.network object s_rally_cd21d11d_t63FJuef (a3d534a9-d4d4-4cf9-940c-fd03aacacb51)
2019-08-05 10:30:47.721 22705 RALLYDEBUG rally_openstack.cleanup.manager [-] Deleting neutron.network object s_rally_cd21d11d_A3bsr8p7 (ad55d125-9881-4b5f-9761-815f97ec7ffa)
2019-08-05 10:30:48.229 22705 RALLYDEBUG rally_openstack.cleanup.manager [-] Deleting neutron.network object s_rally_cd21d11d_Rs7yBxyQ (af03d0dc-17a6-4338-8a8d-f63610a32d23)
2019-08-05 10:30:48.233 22705 RALLYDEBUG rally_openstack.cleanup.manager [-] Deleting neutron.network object s_rally_cd21d11d_h3nUUeGH (afd7e90b-0679-4d44-a1a6-7b36341cefba)
2019-08-05 10:30:48.341 22705 RALLYDEBUG rally_openstack.cleanup.manager [-] Deleting neutron.network object s_rally_cd21d11d_7DY3tJyd (b0e1beff-de90-4d74-82f4-648f12b2fbe4)
2019-08-05 10:30:48.380 22705 RALLYDEBUG rally_openstack.cleanup.manager [-] Deleting neutron.network object s_rally_cd21d11d_0vCxcArV (b578eded-4ff4-4795-afe7-2df11fe57a28)
2019-08-05 10:30:48.502 22705 RALLYDEBUG rally_openstack.cleanup.manager [-] Deleting neutron.network object s_rally_cd21d11d_pAzEZBtf (b6674da8-feff-4e83-afd5-b10e7698e21c)
2019-08-05 10:30:48.742 22705 RALLYDEBUG rally_openstack.cleanup.manager [-] Deleting neutron.network object s_rally_cd21d11d_7zJuccjq (b9aefff1-e79d-4fd3-a90e-05738615499e)
2019-08-05 10:30:48.750 22705 RALLYDEBUG rally_openstack.cleanup.manager [-] Deleting neutron.network object s_rally_cd21d11d_D0UI7pSK (ba22ede2-c0c8-4821-a0f9-ce1c3148c8e5)
2019-08-05 10:30:48.760 22705 RALLYDEBUG rally_openstack.cleanup.manager [-] Deleting neutron.network object s_rally_cd21d11d_grTvMKY4 (ba3a5075-a3ce-4175-b2f2-b499b125ecfe)
2019-08-05 10:30:48.828 22705 RALLYDEBUG rally_openstack.cleanup.manager [-] Deleting neutron.network object s_rally_cd21d11d_5vqVdRf4 (be34642b-8496-4a23-945d-811f7f0671dd)
2019-08-05 10:30:48.891 22705 RALLYDEBUG rally_openstack.cleanup.manager [-] Deleting neutron.network object s_rally_cd21d11d_W6Qg6fRg (c0b6ebb4-ab33-486b-992e-68d924708b3d)
2019-08-05 10:30:49.290 22705 RALLYDEBUG rally_openstack.cleanup.manager [-] Deleting neutron.network object s_rally_cd21d11d_7snccpSV (c2a5ffb2-3bad-4e5e-b0a7-3597ff09e26b)
2019-08-05 10:30:49.618 22705 RALLYDEBUG rally_openstack.cleanup.manager [-] Deleting neutron.network object s_rally_cd21d11d_0en8SJo5 (c6f66527-864c-4e6a-8120-ffae4c358674)
2019-08-05 10:30:49.804 22705 RALLYDEBUG rally_openstack.cleanup.manager [-] Deleting neutron.network object s_rally_cd21d11d_XSqcDdMa (c8a0cd82-3aae-4a66-a45f-8b6ae54e6b75)
2019-08-05 10:30:49.896 22705 RALLYDEBUG rally_openstack.cleanup.manager [-] Deleting neutron.network object s_rally_cd21d11d_4jh4ticn (ca8b1db0-f967-4225-815d-b9736bc006d6)
2019-08-05 10:30:49.976 22705 RALLYDEBUG rally_openstack.cleanup.manager [-] Deleting neutron.network object s_rally_cd21d11d_IGeobJkt (cb10112c-2e6f-4743-99ea-8bf3c8ff294d)
2019-08-05 10:30:49.996 22705 RALLYDEBUG rally_openstack.cleanup.manager [-] Deleting neutron.network object s_rally_cd21d11d_vRBPwamK (cbee20d5-54cb-4d23-9b4c-c42011132dfe)
2019-08-05 10:30:50.729 22705 RALLYDEBUG rally_openstack.cleanup.manager [-] Deleting neutron.network object s_rally_cd21d11d_YhUvqTqK (cc21a008-8917-4b9e-bb3f-0cc00efe551f)
2019-08-05 10:30:50.880 22705 RALLYDEBUG rally_openstack.cleanup.manager [-] Deleting neutron.network object s_rally_cd21d11d_im7QjhAr (d3baef21-60f5-46b3-aead-0ec2bee9aa8f)
2019-08-05 10:30:50.909 22705 RALLYDEBUG rally_openstack.cleanup.manager [-] Deleting neutron.network object s_rally_cd21d11d_mwjnQ7da (d6dd837d-2e55-42c5-90c2-fabc03d0de10)
2019-08-05 10:30:51.157 22705 RALLYDEBUG rally_openstack.cleanup.manager [-] Deleting neutron.network object s_rally_cd21d11d_WwpigvWg (da949a87-ce33-4a4e-acdc-55d326fba0ba)
2019-08-05 10:30:51.168 22705 RALLYDEBUG rally_openstack.cleanup.manager [-] Deleting neutron.network object s_rally_cd21d11d_irerfVA7 (deb15182-510b-47d6-843d-628c7d48f577)
2019-08-05 10:30:51.518 22705 RALLYDEBUG rally_openstack.cleanup.manager [-] Deleting neutron.network object s_rally_cd21d11d_JKB0dYit (e22fe2e2-80d6-49eb-b649-2cec9d2e9b80)
2019-08-05 10:30:51.630 22705 RALLYDEBUG rally_openstack.cleanup.manager [-] Deleting neutron.network object s_rally_cd21d11d_bdKmZJBr (e379a114-ebbf-4875-87bf-e059a84d0e38)
2019-08-05 10:30:51.784 22705 RALLYDEBUG rally_openstack.cleanup.manager [-] Deleting neutron.network object s_rally_cd21d11d_KuNaFGOW (e6bb8d2d-a763-4c5d-b6d5-9e08b5e42f35)
2019-08-05 10:30:51.879 22705 RALLYDEBUG rally_openstack.cleanup.manager [-] Deleting neutron.network object s_rally_cd21d11d_g2IPao0K (ea1a5902-bab7-4cd9-98ae-8f4f28b3190e)
2019-08-05 10:30:52.055 22705 RALLYDEBUG rally_openstack.cleanup.manager [-] Deleting neutron.network object s_rally_cd21d11d_GSnDwpWd (eb4bf192-3938-4ab5-9dca-8e3ac773fadd)
2019-08-05 10:30:52.075 22705 RALLYDEBUG rally_openstack.cleanup.manager [-] Deleting neutron.network object s_rally_cd21d11d_U4nJuuO3 (ee60723d-888b-4d7b-86e5-bef83aa565d3)
2019-08-05 10:30:52.093 22705 RALLYDEBUG rally_openstack.cleanup.manager [-] Deleting neutron.network object s_rally_cd21d11d_7IbTV2Hw (f0a699d1-0f34-4da5-b329-7de1e3e9e92b)
2019-08-05 10:30:52.223 22705 RALLYDEBUG rally_openstack.cleanup.manager [-] Deleting neutron.network object s_rally_cd21d11d_WM51DIKC (f14922ff-98c2-4156-b62e-079a656d45d5)
2019-08-05 10:30:52.597 22705 RALLYDEBUG rally_openstack.cleanup.manager [-] Deleting neutron.network object s_rally_cd21d11d_0YxedbAp (f24dfe18-dd2d-4d7b-8501-755cdb86e546)
2019-08-05 10:30:52.736 22705 RALLYDEBUG rally_openstack.cleanup.manager [-] Deleting neutron.network object s_rally_cd21d11d_i72huOoF (f50193db-db2e-4ccc-938a-790e9e449f02)
2019-08-05 10:30:52.823 22705 RALLYDEBUG rally_openstack.cleanup.manager [-] Deleting neutron.network object s_rally_cd21d11d_VA8sBhv5 (f5d3ffc0-5bf3-4a09-9954-f6b7ebd05140)
2019-08-05 10:30:52.915 22705 RALLYDEBUG rally_openstack.cleanup.manager [-] Deleting neutron.network object s_rally_cd21d11d_f4oZTIBj (f81259a3-d2e5-4803-9ccd-bcd8b9549aeb)
2019-08-05 10:30:53.189 22705 RALLYDEBUG rally_openstack.cleanup.manager [-] Deleting neutron.network object s_rally_cd21d11d_24kfrYFt (f8f2cd91-56cd-40cd-9775-40e47c40ae7c)
2019-08-05 10:30:53.381 22705 RALLYDEBUG rally_openstack.cleanup.manager [-] Deleting neutron.network object s_rally_cd21d11d_9iZHbtid (f92952b7-5730-4a07-ab4a-383f7409d056)
