2019-08-05 08:54:45.083 3968 INFO rally.task.runner [-] Task 811a77b1-6578-4245-abb2-c653a3488063 | ITER: 10 START
2019-08-05 08:54:45.313 3967 INFO rally.task.runner [-] Task 811a77b1-6578-4245-abb2-c653a3488063 | ITER: 8 END: OK
2019-08-05 08:54:48.669 3966 RALLYDEBUG rally.task.utils [-] Waiting for resource s_rally_a18260a2_mZTEn2NS. Status changed: AVAILABLE => DELETING in 0.0268220901489
2019-08-05 08:54:49.102 3968 RALLYDEBUG rally.task.utils [-] Waiting for resource s_rally_a18260a2_kJzQsjCc. Status changed: AVAILABLE => DELETING in 0.307373046875
2019-08-05 08:54:50.697 3966 INFO rally.task.runner [-] Task 811a77b1-6578-4245-abb2-c653a3488063 | ITER: 9 END: OK
2019-08-05 08:54:51.434 3968 INFO rally.task.runner [-] Task 811a77b1-6578-4245-abb2-c653a3488063 | ITER: 10 END: OK
2019-08-05 08:54:51.454 1842 INFO rally.task.context [-] Task 811a77b1-6578-4245-abb2-c653a3488063 | Context cleanup@openstack cleanup() started
2019-08-05 08:54:51.457 1842 RALLYDEBUG rally_openstack.cleanup.manager [-] Cleaning up cinder backups objects
2019-08-05 08:54:53.722 1842 RALLYDEBUG rally_openstack.cleanup.manager [-] Cleaning up cinder volume_snapshots objects
2019-08-05 08:54:55.923 1842 RALLYDEBUG rally_openstack.cleanup.manager [-] Cleaning up cinder transfers objects
2019-08-05 08:54:58.038 1842 RALLYDEBUG rally_openstack.cleanup.manager [-] Cleaning up cinder volumes objects
2019-08-05 08:55:00.448 1842 INFO rally.task.context [-] Task 811a77b1-6578-4245-abb2-c653a3488063 | Context cleanup@openstack cleanup() finished in 8.99 sec
2019-08-05 08:55:00.448 1842 INFO rally.task.context [-] Task 811a77b1-6578-4245-abb2-c653a3488063 | Context volumes@openstack cleanup() started
2019-08-05 08:55:00.449 1842 RALLYDEBUG rally_openstack.cleanup.manager [-] Cleaning up cinder volumes objects
2019-08-05 08:55:02.740 1842 RALLYDEBUG rally_openstack.cleanup.manager [-] Deleting cinder.volumes object c_rally_a18260a2_LeHUcO7S (c2e406ef-78d9-43ad-80c5-e71245dd5d03)
2019-08-05 08:55:02.748 1842 RALLYDEBUG rally_openstack.cleanup.manager [-] Deleting cinder.volumes object c_rally_a18260a2_bzTlQ8dQ (69dd0c93-e8b8-40a1-be92-a94576226df2)
2019-08-05 08:55:02.749 1842 RALLYDEBUG rally_openstack.cleanup.manager [-] Deleting cinder.volumes object c_rally_a18260a2_R3oqqN8r (870786dd-c80f-4351-a384-2b237cf8f070)
2019-08-05 08:55:06.397 1842 INFO rally.task.context [-] Task 811a77b1-6578-4245-abb2-c653a3488063 | Context volumes@openstack cleanup() finished in 5.95 sec
2019-08-05 08:55:06.398 1842 INFO rally.task.context [-] Task 811a77b1-6578-4245-abb2-c653a3488063 | Context quotas@openstack cleanup() started
2019-08-05 08:55:07.393 1842 INFO rally.task.context [-] Task 811a77b1-6578-4245-abb2-c653a3488063 | Context quotas@openstack cleanup() finished in 0.99 sec
2019-08-05 08:55:07.394 1842 INFO rally.task.context [-] Task 811a77b1-6578-4245-abb2-c653a3488063 | Context api_versions@openstack cleanup() started
2019-08-05 08:55:07.394 1842 INFO rally.task.context [-] Task 811a77b1-6578-4245-abb2-c653a3488063 | Context api_versions@openstack cleanup() finished in 0.31 msec
2019-08-05 08:55:07.394 1842 INFO rally.task.context [-] Task 811a77b1-6578-4245-abb2-c653a3488063 | Context users@openstack cleanup() started
2019-08-05 08:55:15.521 1842 INFO rally.task.context [-] Task 811a77b1-6578-4245-abb2-c653a3488063 | Context users@openstack cleanup() finished in 8.13 sec
2019-08-05 08:55:16.436 1842 INFO rally.task.engine [-] Load duration is: 18.899757
2019-08-05 08:55:16.436 1842 INFO rally.task.engine [-] Full runner duration is: 18.94623
2019-08-05 08:55:16.436 1842 INFO rally.task.engine [-] Full duration is: 61.357298
2019-08-05 08:55:16.671 1842 INFO rally.task.engine [-] Running workload: position = 0 config = { "version": 2, "title": "A cropped version of a bigger task.", "description": "Auto-generated task from a single workload (uuid=650cb083-c8c5-4f26-ba6c-a6d93cee8713)", "subtasks": [ { "title": "CinderVolumes.create_and_delete_volume", "description": "Create and then delete a volume.", "scenario": { "CinderVolumes.create_and_delete_volume": { "size": { "max": 1, "min": 1 } } }, "contexts": { "users": { "tenants": 3, "users_per_tenant": 2 }, "quotas": { "cinder": { "gigabytes": -1, "snapshots": -1, "volumes": -1 } }, "api_versions": { "cinder": { "version": 3, "service_type": "volumev3" } } }, "runner": { "constant": { "concurrency": 4, "times": 10 } }, "hooks": [], "sla": { "failure_rate": { "max": 0 } } } ] }
2019-08-05 08:55:16.696 1842 RALLYDEBUG rally_openstack.contexts.keystone.users [-] Creating 3 tenants using 20 threads
2019-08-05 08:55:18.479 1842 RALLYDEBUG rally_openstack.contexts.keystone.users [-] Creating 6 users using 20 threads
2019-08-05 08:55:21.402 1842 INFO rally.task.context [-] Task 811a77b1-6578-4245-abb2-c653a3488063 | Context users@openstack setup() finished in 4.71 sec
2019-08-05 08:55:21.828 1842 INFO rally.task.context [-] Task 811a77b1-6578-4245-abb2-c653a3488063 | Context api_versions@openstack setup() finished in 0.43 sec
2019-08-05 08:55:23.489 1842 INFO rally.task.context [-] Task 811a77b1-6578-4245-abb2-c653a3488063 | Context quotas@openstack setup() finished in 1.66 sec
2019-08-05 08:55:23.490 1842 INFO rally.task.context [-] Task 811a77b1-6578-4245-abb2-c653a3488063 | Context cleanup@openstack setup() finished in 0.01 msec
2019-08-05 08:55:23.497 1842 RALLYDEBUG rally.task.runner [-] Starting the constant runner (task UUID: 811a77b1-6578-4245-abb2-c653a3488063). timeout: 0 concurrency: 4 concurrency_per_worker: 1 times: 10 concurrency_overhead: 0 processes_to_start: 4 max_cpu_used: 16
2019-08-05 08:55:23.511 4170 RALLYDEBUG rally.task.runner [-] Starting a worker. concurrency: 1 args: {"size": {"max": 1, "min": 1}} times: 10 method_name: run timeout: 0 duration: None cls:
2019-08-05 08:55:23.514 4171 RALLYDEBUG rally.task.runner [-] Starting a worker. concurrency: 1 args: {"size": {"max": 1, "min": 1}} times: 10 method_name: run timeout: 0 duration: None cls:
2019-08-05 08:55:23.517 4172 RALLYDEBUG rally.task.runner [-] Starting a worker. concurrency: 1 args: {"size": {"max": 1, "min": 1}} times: 10 method_name: run timeout: 0 duration: None cls:
2019-08-05 08:55:23.520 4170 INFO rally.task.runner [-] Task 811a77b1-6578-4245-abb2-c653a3488063 | ITER: 1 START
2019-08-05 08:55:23.521 4173 RALLYDEBUG rally.task.runner [-] Starting a worker. concurrency: 1 args: {"size": {"max": 1, "min": 1}} times: 10 method_name: run timeout: 0 duration: None cls:
2019-08-05 08:55:23.522 4171 INFO rally.task.runner [-] Task 811a77b1-6578-4245-abb2-c653a3488063 | ITER: 2 START
2019-08-05 08:55:23.525 4172 INFO rally.task.runner [-] Task 811a77b1-6578-4245-abb2-c653a3488063 | ITER: 3 START
2019-08-05 08:55:23.529 4173 INFO rally.task.runner [-] Task 811a77b1-6578-4245-abb2-c653a3488063 | ITER: 4 START
2019-08-05 08:55:27.803 4170 RALLYDEBUG rally.task.utils [-] Waiting for resource s_rally_650cb083_TgylolHX. Status changed: AVAILABLE => DELETING in 0.256188154221
2019-08-05 08:55:27.825 4171 RALLYDEBUG rally.task.utils [-] Waiting for resource s_rally_650cb083_8njkeoS7. Status changed: AVAILABLE => DELETING in 0.247570991516
2019-08-05 08:55:27.954 4173 RALLYDEBUG rally.task.utils [-] Waiting for resource s_rally_650cb083_QfNoGxWZ. Status changed: AVAILABLE => DELETING in 0.34756398201
2019-08-05 08:55:28.225 4172 RALLYDEBUG rally.task.utils [-] Waiting for resource s_rally_650cb083_LLMFklKJ. Status changed: AVAILABLE => DELETING in 0.271638870239
2019-08-05 08:55:29.997 4173 INFO rally.task.runner [-] Task 811a77b1-6578-4245-abb2-c653a3488063 | ITER: 4 END: OK
2019-08-05 08:55:30.003 4173 INFO rally.task.runner [-] Task 811a77b1-6578-4245-abb2-c653a3488063 | ITER: 5 START
2019-08-05 08:55:30.035 4170 INFO rally.task.runner [-] Task 811a77b1-6578-4245-abb2-c653a3488063 | ITER: 1 END: OK
2019-08-05 08:55:30.041 4170 INFO rally.task.runner [-] Task 811a77b1-6578-4245-abb2-c653a3488063 | ITER: 6 START
2019-08-05 08:55:30.050 4171 INFO rally.task.runner [-] Task 811a77b1-6578-4245-abb2-c653a3488063 | ITER: 2 END: OK
2019-08-05 08:55:30.056 4171 INFO rally.task.runner [-] Task 811a77b1-6578-4245-abb2-c653a3488063 | ITER: 7 START
2019-08-05 08:55:30.585 4172 INFO rally.task.runner [-] Task 811a77b1-6578-4245-abb2-c653a3488063 | ITER: 3 END: OK
2019-08-05 08:55:30.591 4172 INFO rally.task.runner [-] Task 811a77b1-6578-4245-abb2-c653a3488063 | ITER: 8 START
2019-08-05 08:55:34.361 4171 RALLYDEBUG rally.task.utils [-] Waiting for resource s_rally_650cb083_hhRQ0BwD. Status changed: AVAILABLE => DELETING in 0.348169088364
2019-08-05 08:55:34.363 4170 RALLYDEBUG rally.task.utils [-] Waiting for resource s_rally_650cb083_pwYrQxXw. Status changed: AVAILABLE => DELETING in 0.326439142227
2019-08-05 08:55:34.492 4173 INFO rally.task.runner [-] Task 811a77b1-6578-4245-abb2-c653a3488063 | ITER: 5 END: OK
2019-08-05 08:55:34.495 4173 INFO rally.task.runner [-] Task 811a77b1-6578-4245-abb2-c653a3488063 | ITER: 9 START
2019-08-05 08:55:35.114 4172 INFO rally.task.runner [-] Task 811a77b1-6578-4245-abb2-c653a3488063 | ITER: 8 END: OK
2019-08-05 08:55:35.119 4172 INFO rally.task.runner [-] Task 811a77b1-6578-4245-abb2-c653a3488063 | ITER: 10 START
2019-08-05 08:55:36.405 4170 INFO rally.task.runner [-] Task 811a77b1-6578-4245-abb2-c653a3488063 | ITER: 6 END: OK
2019-08-05 08:55:36.610 4171 INFO rally.task.runner [-] Task 811a77b1-6578-4245-abb2-c653a3488063 | ITER: 7 END: OK
2019-08-05 08:55:38.575 4173 RALLYDEBUG rally.task.utils [-] Waiting for resource s_rally_650cb083_lBvd1Hok. Status changed: AVAILABLE => DELETING in 0.0582869052887
2019-08-05 08:55:39.273 4172 INFO rally.task.runner [-] Task 811a77b1-6578-4245-abb2-c653a3488063 | ITER: 10 END: OK
2019-08-05 08:55:40.803 4173 INFO rally.task.runner [-] Task 811a77b1-6578-4245-abb2-c653a3488063 | ITER: 9 END: OK
2019-08-05 08:55:40.827 1842 INFO rally.task.context [-] Task 811a77b1-6578-4245-abb2-c653a3488063 | Context cleanup@openstack cleanup() started
2019-08-05 08:55:40.829 1842 RALLYDEBUG rally_openstack.cleanup.manager [-] Cleaning up cinder backups objects
2019-08-05 08:55:42.917 1842 RALLYDEBUG rally_openstack.cleanup.manager [-] Cleaning up cinder volume_snapshots objects
2019-08-05 08:55:45.129 1842 RALLYDEBUG rally_openstack.cleanup.manager [-] Cleaning up cinder transfers objects
2019-08-05 08:55:47.144 1842 RALLYDEBUG rally_openstack.cleanup.manager [-] Cleaning up cinder volumes objects
2019-08-05 08:55:49.541 1842 INFO rally.task.context [-] Task 811a77b1-6578-4245-abb2-c653a3488063 | Context cleanup@openstack cleanup() finished in 8.71 sec
2019-08-05 08:55:49.541 1842 INFO rally.task.context [-] Task 811a77b1-6578-4245-abb2-c653a3488063 | Context quotas@openstack cleanup() started
2019-08-05 08:55:50.429 1842 INFO rally.task.context [-] Task 811a77b1-6578-4245-abb2-c653a3488063 | Context quotas@openstack cleanup() finished in 0.89 sec
2019-08-05 08:55:50.429 1842 INFO rally.task.context [-] Task 811a77b1-6578-4245-abb2-c653a3488063 | Context api_versions@openstack cleanup() started
2019-08-05 08:55:50.430 1842 INFO rally.task.context [-] Task 811a77b1-6578-4245-abb2-c653a3488063 | Context api_versions@openstack cleanup() finished in 0.34 msec
2019-08-05 08:55:50.430 1842 INFO rally.task.context [-] Task 811a77b1-6578-4245-abb2-c653a3488063 | Context users@openstack cleanup() started
2019-08-05 08:55:59.059 1842 INFO rally.task.context [-] Task 811a77b1-6578-4245-abb2-c653a3488063 | Context users@openstack cleanup() finished in 8.63 sec
2019-08-05 08:56:00.876 1842 INFO rally.task.engine [-] Load duration is: 17.278104
2019-08-05 08:56:00.876 1842 INFO rally.task.engine [-] Full runner duration is: 17.329547
2019-08-05 08:56:00.877 1842 INFO rally.task.engine [-] Full duration is: 42.36898
2019-08-05 08:56:01.037 1842 INFO rally.task.engine [-] Running workload: position = 1 config = { "version": 2, "title": "A cropped version of a bigger task.", "description": "Auto-generated task from a single workload (uuid=1769987b-01bb-4478-b51e-e16c9ca197e7)", "subtasks": [ { "title": "CinderVolumes.create_and_delete_volume", "description": "Create and then delete a volume.", "scenario": { "CinderVolumes.create_and_delete_volume": { "image": { "name": "rally_full-img_dba6289b-bc0f-4973-9ad7-08c2c1c5fe81" }, "size": 1 } }, "contexts": { "users": { "tenants": 3, "users_per_tenant": 2 }, "quotas": { "cinder": { "gigabytes": -1, "snapshots": -1, "volumes": -1 } }, "api_versions": { "cinder": { "version": 3, "service_type": "volumev3" } } }, "runner": { "constant": { "concurrency": 4, "times": 10 } }, "hooks": [], "sla": { "failure_rate": { "max": 0 } } } ] }
2019-08-05 08:56:01.060 1842 RALLYDEBUG rally_openstack.contexts.keystone.users [-] Creating 3 tenants using 20 threads
2019-08-05 08:56:02.952 1842 RALLYDEBUG rally_openstack.contexts.keystone.users [-] Creating 6 users using 20 threads
2019-08-05 08:56:05.962 1842 INFO rally.task.context [-] Task 811a77b1-6578-4245-abb2-c653a3488063 | Context users@openstack setup() finished in 4.90 sec
2019-08-05 08:56:06.393 1842 INFO rally.task.context [-] Task 811a77b1-6578-4245-abb2-c653a3488063 | Context api_versions@openstack setup() finished in 0.43 sec
2019-08-05 08:56:08.119 1842 INFO rally.task.context [-] Task 811a77b1-6578-4245-abb2-c653a3488063 | Context quotas@openstack setup() finished in 1.73 sec
2019-08-05 08:56:08.120 1842 INFO rally.task.context [-] Task 811a77b1-6578-4245-abb2-c653a3488063 | Context cleanup@openstack setup() finished in 0.01 msec
2019-08-05 08:56:09.166 1842 RALLYDEBUG rally.task.runner [-] Starting the constant runner (task UUID: 811a77b1-6578-4245-abb2-c653a3488063). timeout: 0 concurrency: 4 concurrency_per_worker: 1 times: 10 concurrency_overhead: 0 processes_to_start: 4 max_cpu_used: 16
2019-08-05 08:56:09.179 4354 RALLYDEBUG rally.task.runner [-] Starting a worker. concurrency: 1 args: {"image": "0201f682-98d5-4f1a-a61a-92a4735d47a5", "size": 1} times: 10 method_name: run timeout: 0 duration: None cls:
2019-08-05 08:56:09.183 4355 RALLYDEBUG rally.task.runner [-] Starting a worker. concurrency: 1 args: {"image": "0201f682-98d5-4f1a-a61a-92a4735d47a5", "size": 1} times: 10 method_name: run timeout: 0 duration: None cls:
2019-08-05 08:56:09.186 4354 INFO rally.task.runner [-] Task 811a77b1-6578-4245-abb2-c653a3488063 | ITER: 1 START
2019-08-05 08:56:09.186 4356 RALLYDEBUG rally.task.runner [-] Starting a worker. concurrency: 1 args: {"image": "0201f682-98d5-4f1a-a61a-92a4735d47a5", "size": 1} times: 10 method_name: run timeout: 0 duration: None cls:
2019-08-05 08:56:09.189 4357 RALLYDEBUG rally.task.runner [-] Starting a worker. concurrency: 1 args: {"image": "0201f682-98d5-4f1a-a61a-92a4735d47a5", "size": 1} times: 10 method_name: run timeout: 0 duration: None cls:
2019-08-05 08:56:09.193 4355 INFO rally.task.runner [-] Task 811a77b1-6578-4245-abb2-c653a3488063 | ITER: 2 START
2019-08-05 08:56:09.195 4356 INFO rally.task.runner [-] Task 811a77b1-6578-4245-abb2-c653a3488063 | ITER: 3 START
2019-08-05 08:56:09.197 4357 INFO rally.task.runner [-] Task 811a77b1-6578-4245-abb2-c653a3488063 | ITER: 4 START
2019-08-05 08:56:16.610 4354 RALLYDEBUG rally.task.utils [-] Waiting for resource s_rally_1769987b_1T2oVslL. Status changed: CREATING => DOWNLOADING in 3.02043795586
2019-08-05 08:56:21.540 4356 RALLYDEBUG rally.task.utils [-] Waiting for resource s_rally_1769987b_t62HFDCa. Status changed: CREATING => DOWNLOADING in 7.59462714195
2019-08-05 08:56:21.624 4355 RALLYDEBUG rally.task.utils [-] Waiting for resource s_rally_1769987b_Q9We3m65. Status changed: CREATING => DOWNLOADING in 7.67505908012
2019-08-05 08:56:22.213 4357 RALLYDEBUG rally.task.utils [-] Waiting for resource s_rally_1769987b_VFPmsAcE. Status changed: CREATING => DOWNLOADING in 7.68366408348
2019-08-05 08:56:28.047 4354 RALLYDEBUG rally.task.utils [-] Waiting for resource s_rally_1769987b_1T2oVslL. Status changed: DOWNLOADING => AVAILABLE in 11.4372930527
2019-08-05 08:56:28.287 4355 RALLYDEBUG rally.task.utils [-] Waiting for resource s_rally_1769987b_Q9We3m65. Status changed: DOWNLOADING => AVAILABLE in 6.66341996193
2019-08-05 08:56:28.419 4356 RALLYDEBUG rally.task.utils [-] Waiting for resource s_rally_1769987b_t62HFDCa. Status changed: DOWNLOADING => AVAILABLE in 6.87892389297
2019-08-05 08:56:28.735 4355 RALLYDEBUG rally.task.utils [-] Waiting for resource s_rally_1769987b_Q9We3m65. Status changed: AVAILABLE => DELETING in 0.0577628612518
2019-08-05 08:56:28.770 4354 RALLYDEBUG rally.task.utils [-] Waiting for resource s_rally_1769987b_1T2oVslL. Status changed: AVAILABLE => DELETING in 0.437969923019
2019-08-05 08:56:28.958 4357 RALLYDEBUG rally.task.utils [-] Waiting for resource s_rally_1769987b_VFPmsAcE. Status changed: DOWNLOADING => AVAILABLE in 6.74469089508
2019-08-05 08:56:29.251 4356 RALLYDEBUG rally.task.utils [-] Waiting for resource s_rally_1769987b_t62HFDCa. Status changed: AVAILABLE => DELETING in 0.339395046234
2019-08-05 08:56:29.604 4357 RALLYDEBUG rally.task.utils [-] Waiting for resource s_rally_1769987b_VFPmsAcE. Status changed: AVAILABLE => DELETING in 0.334139823914
2019-08-05 08:56:30.813 4354 INFO rally.task.runner [-] Task 811a77b1-6578-4245-abb2-c653a3488063 | ITER: 1 END: OK
2019-08-05 08:56:30.818 4354 INFO rally.task.runner [-] Task 811a77b1-6578-4245-abb2-c653a3488063 | ITER: 5 START
2019-08-05 08:56:31.054 4355 INFO rally.task.runner [-] Task 811a77b1-6578-4245-abb2-c653a3488063 | ITER: 2 END: OK
2019-08-05 08:56:31.059 4355 INFO rally.task.runner [-] Task 811a77b1-6578-4245-abb2-c653a3488063 | ITER: 6 START
2019-08-05 08:56:31.289 4356 INFO rally.task.runner [-] Task 811a77b1-6578-4245-abb2-c653a3488063 | ITER: 3 END: OK
2019-08-05 08:56:31.294 4356 INFO rally.task.runner [-] Task 811a77b1-6578-4245-abb2-c653a3488063 | ITER: 7 START
2019-08-05 08:56:31.883 4357 INFO rally.task.runner [-] Task 811a77b1-6578-4245-abb2-c653a3488063 | ITER: 4 END: OK
2019-08-05 08:56:31.888 4357 INFO rally.task.runner [-] Task 811a77b1-6578-4245-abb2-c653a3488063 | ITER: 8 START
2019-08-05 08:56:40.214 4354 RALLYDEBUG rally.task.utils [-] Waiting for resource s_rally_1769987b_wAcGsX7b. Status changed: CREATING => DOWNLOADING in 5.01234483719
2019-08-05 08:56:41.095 4355 RALLYDEBUG rally.task.utils [-] Waiting for resource s_rally_1769987b_sA3SfJ7P. Status changed: CREATING => DOWNLOADING in 5.21992015839
2019-08-05 08:56:41.564 4357 RALLYDEBUG rally.task.utils [-] Waiting for resource s_rally_1769987b_VMO4rycz. Status changed: CREATING => DOWNLOADING in 5.24507784843
2019-08-05 08:56:41.648 4356 RALLYDEBUG rally.task.utils [-] Waiting for resource s_rally_1769987b_BLPf4KcF. Status changed: CREATING => DOWNLOADING in 5.35390686989
2019-08-05 08:56:50.235 4355 RALLYDEBUG rally.task.utils [-] Waiting for resource s_rally_1769987b_sA3SfJ7P. Status changed: DOWNLOADING => AVAILABLE in 9.13982987404
2019-08-05 08:56:50.641 4357 RALLYDEBUG rally.task.utils [-] Waiting for resource s_rally_1769987b_VMO4rycz. Status changed: DOWNLOADING => AVAILABLE in 9.07692313194
2019-08-05 08:56:50.659 4355 RALLYDEBUG rally.task.utils [-] Waiting for resource s_rally_1769987b_sA3SfJ7P. Status changed: AVAILABLE => DELETING in 0.0601000785828
2019-08-05 08:56:50.732 4356 RALLYDEBUG rally.task.utils [-] Waiting for resource s_rally_1769987b_BLPf4KcF. Status changed: DOWNLOADING => AVAILABLE in 9.08337402344
2019-08-05 08:56:51.362 4356 RALLYDEBUG rally.task.utils [-] Waiting for resource s_rally_1769987b_BLPf4KcF. Status changed: AVAILABLE => DELETING in 0.336606025696
2019-08-05 08:56:51.404 4357 RALLYDEBUG rally.task.utils [-] Waiting for resource s_rally_1769987b_VMO4rycz. Status changed: AVAILABLE => DELETING in 0.342622041702
2019-08-05 08:56:51.992 4354 RALLYDEBUG rally.task.utils [-] Waiting for resource s_rally_1769987b_wAcGsX7b. Status changed: DOWNLOADING => AVAILABLE in 11.7785670757
2019-08-05 08:56:52.398 4354 INFO rally.task.runner [-] Task 811a77b1-6578-4245-abb2-c653a3488063 | ITER: 5 END: OK
2019-08-05 08:56:52.404 4354 INFO rally.task.runner [-] Task 811a77b1-6578-4245-abb2-c653a3488063 | ITER: 9 START
2019-08-05 08:56:52.897 4355 INFO rally.task.runner [-] Task 811a77b1-6578-4245-abb2-c653a3488063 | ITER: 6 END: OK
2019-08-05 08:56:52.904 4355 INFO rally.task.runner [-] Task 811a77b1-6578-4245-abb2-c653a3488063 | ITER: 10 START
2019-08-05 08:56:53.405 4356 INFO rally.task.runner [-] Task 811a77b1-6578-4245-abb2-c653a3488063 | ITER: 7 END: OK
2019-08-05 08:56:53.717 4357 INFO rally.task.runner [-] Task 811a77b1-6578-4245-abb2-c653a3488063 | ITER: 8 END: OK
2019-08-05 08:56:58.467 4355 RALLYDEBUG rally.task.utils [-] Waiting for resource s_rally_1769987b_kzUb7lPY. Status changed: CREATING => DOWNLOADING in 0.648097991943
2019-08-05 08:57:00.328 4354 RALLYDEBUG rally.task.utils [-] Waiting for resource s_rally_1769987b_iLbFS7WB. Status changed: CREATING => DOWNLOADING in 2.97867703438
2019-08-05 08:57:05.064 4354 RALLYDEBUG rally.task.utils [-] Waiting for resource s_rally_1769987b_iLbFS7WB. Status changed: DOWNLOADING => AVAILABLE in 4.73508501053
2019-08-05 08:57:05.570 4355 RALLYDEBUG rally.task.utils [-] Waiting for resource s_rally_1769987b_kzUb7lPY. Status changed: DOWNLOADING => AVAILABLE in 7.10269594193
2019-08-05 08:57:05.733 4355 RALLYDEBUG rally.task.utils [-] Waiting for resource s_rally_1769987b_kzUb7lPY. Status changed: AVAILABLE => DELETING in 0.0563991069794
2019-08-05 08:57:05.778 4354 RALLYDEBUG rally.task.utils [-] Waiting for resource s_rally_1769987b_iLbFS7WB. Status changed: AVAILABLE => DELETING in 0.346265077591
2019-08-05 08:57:07.772 4355 INFO rally.task.runner [-] Task 811a77b1-6578-4245-abb2-c653a3488063 | ITER: 10 END: OK
2019-08-05 08:57:07.830 4354 INFO rally.task.runner [-] Task 811a77b1-6578-4245-abb2-c653a3488063 | ITER: 9 END: OK
2019-08-05 08:57:07.861 1842 INFO rally.task.context [-] Task 811a77b1-6578-4245-abb2-c653a3488063 | Context cleanup@openstack cleanup() started
2019-08-05 08:57:07.863 1842 RALLYDEBUG rally_openstack.cleanup.manager [-] Cleaning up cinder backups objects
2019-08-05 08:57:10.193 1842 RALLYDEBUG rally_openstack.cleanup.manager [-] Cleaning up cinder volume_snapshots objects
2019-08-05 08:57:12.385 1842 RALLYDEBUG rally_openstack.cleanup.manager [-] Cleaning up cinder transfers objects
2019-08-05 08:57:14.652 1842 RALLYDEBUG rally_openstack.cleanup.manager [-] Cleaning up cinder volumes objects
2019-08-05 08:57:16.923 1842 INFO rally.task.context [-] Task 811a77b1-6578-4245-abb2-c653a3488063 | Context cleanup@openstack cleanup() finished in 9.06 sec
2019-08-05 08:57:16.923 1842 INFO rally.task.context [-] Task 811a77b1-6578-4245-abb2-c653a3488063 | Context quotas@openstack cleanup() started
2019-08-05 08:57:17.800 1842 INFO rally.task.context [-] Task 811a77b1-6578-4245-abb2-c653a3488063 | Context quotas@openstack cleanup() finished in 0.88 sec
2019-08-05 08:57:17.800 1842 INFO rally.task.context [-] Task 811a77b1-6578-4245-abb2-c653a3488063 | Context api_versions@openstack cleanup() started
2019-08-05 08:57:17.800 1842 INFO rally.task.context [-] Task 811a77b1-6578-4245-abb2-c653a3488063 | Context api_versions@openstack cleanup() finished in 0.32 msec
2019-08-05 08:57:17.801 1842 INFO rally.task.context [-] Task 811a77b1-6578-4245-abb2-c653a3488063 | Context users@openstack cleanup() started
2019-08-05 08:57:26.017 1842 INFO rally.task.context [-] Task 811a77b1-6578-4245-abb2-c653a3488063 | Context users@openstack cleanup() finished in 8.22 sec
2019-08-05 08:57:27.375 1842 INFO rally.task.engine [-] Load duration is: 58.639278
2019-08-05 08:57:27.376 1842 INFO rally.task.engine [-] Full runner duration is: 58.695005
2019-08-05 08:57:27.376 1842 INFO rally.task.engine [-] Full duration is: 84.960834
2019-08-05 08:57:27.522 1842 INFO rally.task.engine [-] Running workload: position = 2 config = { "version": 2, "title": "A cropped version of a bigger task.", "description": "Auto-generated task from a single workload (uuid=c8f57adb-83ab-45c2-b2cf-d1c1b541b853)", "subtasks": [ { "title": "CinderVolumes.create_and_delete_volume", "description": "Create and then delete a volume.", "scenario": { "CinderVolumes.create_and_delete_volume": { "size": 1 } }, "contexts": { "users": { "tenants": 3, "users_per_tenant": 2 }, "quotas": { "cinder": { "gigabytes": -1, "snapshots": -1, "volumes": -1 } }, "api_versions": { "cinder": { "version": 3, "service_type": "volumev3" } } }, "runner": { "constant": { "concurrency": 4, "times": 10 } }, "hooks": [], "sla": { "failure_rate": { "max": 0 } } } ] }
2019-08-05 08:57:27.546 1842 RALLYDEBUG rally_openstack.contexts.keystone.users [-] Creating 3 tenants using 20 threads
2019-08-05 08:57:29.526 1842 RALLYDEBUG rally_openstack.contexts.keystone.users [-] Creating 6 users using 20 threads
2019-08-05 08:57:32.432 1842 INFO rally.task.context [-] Task 811a77b1-6578-4245-abb2-c653a3488063 | Context users@openstack setup() finished in 4.89 sec
2019-08-05 08:57:32.865 1842 INFO rally.task.context [-] Task 811a77b1-6578-4245-abb2-c653a3488063 | Context api_versions@openstack setup() finished in 0.43 sec
2019-08-05 08:57:34.495 1842 INFO rally.task.context [-] Task 811a77b1-6578-4245-abb2-c653a3488063 | Context quotas@openstack setup() finished in 1.63 sec
2019-08-05 08:57:34.495 1842 INFO rally.task.context [-] Task 811a77b1-6578-4245-abb2-c653a3488063 | Context cleanup@openstack setup() finished in 0.01 msec
2019-08-05 08:57:34.503 1842 RALLYDEBUG rally.task.runner [-] Starting the constant runner (task UUID: 811a77b1-6578-4245-abb2-c653a3488063). timeout: 0 concurrency: 4 concurrency_per_worker: 1 times: 10 concurrency_overhead: 0 processes_to_start: 4 max_cpu_used: 16
2019-08-05 08:57:34.515 4538 RALLYDEBUG rally.task.runner [-] Starting a worker. concurrency: 1 args: {"size": 1} times: 10 method_name: run timeout: 0 duration: None cls:
2019-08-05 08:57:34.519 4539 RALLYDEBUG rally.task.runner [-] Starting a worker. concurrency: 1 args: {"size": 1} times: 10 method_name: run timeout: 0 duration: None cls:
2019-08-05 08:57:34.521 4540 RALLYDEBUG rally.task.runner [-] Starting a worker. concurrency: 1 args: {"size": 1} times: 10 method_name: run timeout: 0 duration: None cls:
2019-08-05 08:57:34.523 4538 INFO rally.task.runner [-] Task 811a77b1-6578-4245-abb2-c653a3488063 | ITER: 1 START
2019-08-05 08:57:34.525 4541 RALLYDEBUG rally.task.runner [-] Starting a worker. concurrency: 1 args: {"size": 1} times: 10 method_name: run timeout: 0 duration: None cls:
2019-08-05 08:57:34.526 4539 INFO rally.task.runner [-] Task 811a77b1-6578-4245-abb2-c653a3488063 | ITER: 2 START
2019-08-05 08:57:34.527 4540 INFO rally.task.runner [-] Task 811a77b1-6578-4245-abb2-c653a3488063 | ITER: 3 START
2019-08-05 08:57:34.532 4541 INFO rally.task.runner [-] Task 811a77b1-6578-4245-abb2-c653a3488063 | ITER: 4 START
2019-08-05 08:57:38.803 4540 RALLYDEBUG rally.task.utils [-] Waiting for resource s_rally_c8f57adb_09fsEVWq. Status changed: AVAILABLE => DELETING in 0.0651259422302
2019-08-05 08:57:38.886 4539 INFO rally.task.runner [-] Task 811a77b1-6578-4245-abb2-c653a3488063 | ITER: 2 END: OK
2019-08-05 08:57:38.891 4539 INFO rally.task.runner [-] Task 811a77b1-6578-4245-abb2-c653a3488063 | ITER: 5 START
2019-08-05 08:57:38.987 4541 INFO rally.task.runner [-] Task 811a77b1-6578-4245-abb2-c653a3488063 | ITER: 4 END: OK
2019-08-05 08:57:38.992 4541 INFO rally.task.runner [-] Task 811a77b1-6578-4245-abb2-c653a3488063 | ITER: 6 START
2019-08-05 08:57:39.008 4538 RALLYDEBUG rally.task.utils [-] Waiting for resource s_rally_c8f57adb_kJOPCIbG. Status changed: AVAILABLE => DELETING in 0.253298044205
2019-08-05 08:57:41.145 4540 INFO rally.task.runner [-] Task 811a77b1-6578-4245-abb2-c653a3488063 | ITER: 3 END: OK
2019-08-05 08:57:41.149 4540 INFO rally.task.runner [-] Task 811a77b1-6578-4245-abb2-c653a3488063 | ITER: 7 START
2019-08-05 08:57:41.329 4538 INFO rally.task.runner [-] Task 811a77b1-6578-4245-abb2-c653a3488063 | ITER: 1 END: OK
2019-08-05 08:57:41.334 4538 INFO rally.task.runner [-] Task 811a77b1-6578-4245-abb2-c653a3488063 | ITER: 8 START
2019-08-05 08:57:43.158 4541 INFO rally.task.runner [-] Task 811a77b1-6578-4245-abb2-c653a3488063 | ITER: 6 END: OK
2019-08-05 08:57:43.163 4541 INFO rally.task.runner [-] Task 811a77b1-6578-4245-abb2-c653a3488063 | ITER: 9 START
2019-08-05 08:57:43.194 4539 RALLYDEBUG rally.task.utils [-] Waiting for resource s_rally_c8f57adb_gjD3pV8P. Status changed: AVAILABLE => DELETING in 0.265421152115
2019-08-05 08:57:45.424 4539 INFO rally.task.runner [-] Task 811a77b1-6578-4245-abb2-c653a3488063 | ITER: 5 END: OK
2019-08-05 08:57:45.429 4539 INFO rally.task.runner [-] Task 811a77b1-6578-4245-abb2-c653a3488063 | ITER: 10 START
2019-08-05 08:57:45.460 4538 INFO rally.task.runner [-] Task 811a77b1-6578-4245-abb2-c653a3488063 | ITER: 8 END: OK
2019-08-05 08:57:45.702 4540 RALLYDEBUG rally.task.utils [-] Waiting for resource s_rally_c8f57adb_APW38sub. Status changed: AVAILABLE => DELETING in 0.347797870636
2019-08-05 08:57:47.545 4541 RALLYDEBUG rally.task.utils [-] Waiting for resource s_rally_c8f57adb_2HcyQ40X. Status changed: AVAILABLE => DELETING in 0.364403963089
2019-08-05 08:57:47.758 4540 INFO rally.task.runner [-] Task 811a77b1-6578-4245-abb2-c653a3488063 | ITER: 7 END: OK
2019-08-05 08:57:49.699 4539 INFO rally.task.runner [-] Task 811a77b1-6578-4245-abb2-c653a3488063 | ITER: 10 END: OK
2019-08-05 08:57:49.775 4541 INFO rally.task.runner [-] Task 811a77b1-6578-4245-abb2-c653a3488063 | ITER: 9 END: OK
2019-08-05 08:57:49.796 1842 INFO rally.task.context [-] Task 811a77b1-6578-4245-abb2-c653a3488063 | Context cleanup@openstack cleanup() started
2019-08-05 08:57:49.798 1842 RALLYDEBUG rally_openstack.cleanup.manager [-] Cleaning up cinder backups objects
2019-08-05 08:57:51.865 1842 RALLYDEBUG rally_openstack.cleanup.manager [-] Cleaning up cinder volume_snapshots objects
2019-08-05 08:57:54.034 1842 RALLYDEBUG rally_openstack.cleanup.manager [-] Cleaning up cinder transfers objects
2019-08-05 08:57:56.248 1842 RALLYDEBUG rally_openstack.cleanup.manager [-] Cleaning up cinder volumes objects
2019-08-05 08:57:58.433 1842 INFO rally.task.context [-] Task 811a77b1-6578-4245-abb2-c653a3488063 | Context cleanup@openstack cleanup() finished in 8.64 sec
2019-08-05 08:57:58.434 1842 INFO rally.task.context [-] Task 811a77b1-6578-4245-abb2-c653a3488063 | Context quotas@openstack cleanup() started
2019-08-05 08:57:59.530 1842 INFO rally.task.context [-] Task 811a77b1-6578-4245-abb2-c653a3488063 | Context quotas@openstack cleanup() finished in 1.10 sec
2019-08-05 08:57:59.531 1842 INFO rally.task.context [-] Task 811a77b1-6578-4245-abb2-c653a3488063 | Context api_versions@openstack cleanup() started
2019-08-05 08:57:59.531 1842 INFO rally.task.context [-] Task 811a77b1-6578-4245-abb2-c653a3488063 | Context api_versions@openstack cleanup() finished in 0.34 msec
2019-08-05 08:57:59.532 1842 INFO rally.task.context [-] Task 811a77b1-6578-4245-abb2-c653a3488063 | Context users@openstack cleanup() started
2019-08-05 08:58:07.562 1842 INFO rally.task.context [-] Task 811a77b1-6578-4245-abb2-c653a3488063 | Context users@openstack cleanup() finished in 8.03 sec
2019-08-05 08:58:07.745 1842 INFO rally.task.engine [-] Load duration is: 15.248026
2019-08-05 08:58:07.746 1842 INFO rally.task.engine [-] Full runner duration is: 15.293851
2019-08-05 08:58:07.746 1842 INFO rally.task.engine [-] Full duration is: 40.020022
2019-08-05 08:58:07.977 1842 INFO rally.task.engine [-] Running workload: position = 0 config = { "version": 2, "title": "A cropped version of a bigger task.", "description": "Auto-generated task from a single workload (uuid=2435a96e-6941-47ae-862f-8e263438b948)", "subtasks": [ { "title": "CinderVolumes.create_and_extend_volume", "description": "Create and extend a volume and then delete it.", "scenario": { "CinderVolumes.create_and_extend_volume": { "new_size": 2, "size": 1 } }, "contexts": { "users": { "tenants": 3, "users_per_tenant": 2 }, "quotas": { "cinder": { "gigabytes": -1, "snapshots": -1, "volumes": -1 } }, "api_versions": { "cinder": { "version": 3, "service_type": "volumev3" } } }, "runner": { "constant": { "concurrency": 4, "times": 10 } }, "hooks": [], "sla": { "failure_rate": { "max": 0 } } } ] }
2019-08-05 08:58:08.003 1842 RALLYDEBUG rally_openstack.contexts.keystone.users [-] Creating 3 tenants using 20 threads
2019-08-05 08:58:10.000 1842 RALLYDEBUG rally_openstack.contexts.keystone.users [-] Creating 6 users using 20 threads
2019-08-05 08:58:12.888 1842 INFO rally.task.context [-] Task 811a77b1-6578-4245-abb2-c653a3488063 | Context users@openstack setup() finished in 4.88 sec
2019-08-05 08:58:13.312 1842 INFO rally.task.context [-] Task 811a77b1-6578-4245-abb2-c653a3488063 | Context api_versions@openstack setup() finished in 0.42 sec
2019-08-05 08:58:14.962 1842 INFO rally.task.context [-] Task 811a77b1-6578-4245-abb2-c653a3488063 | Context quotas@openstack setup() finished in 1.65 sec
2019-08-05 08:58:14.962 1842 INFO rally.task.context [-] Task 811a77b1-6578-4245-abb2-c653a3488063 | Context cleanup@openstack setup() finished in 0.01 msec
2019-08-05 08:58:14.970 1842 RALLYDEBUG rally.task.runner [-] Starting the constant runner (task UUID: 811a77b1-6578-4245-abb2-c653a3488063). timeout: 0 concurrency: 4 concurrency_per_worker: 1 times: 10 concurrency_overhead: 0 processes_to_start: 4 max_cpu_used: 16
2019-08-05 08:58:14.982 4722 RALLYDEBUG rally.task.runner [-] Starting a worker. concurrency: 1 args: {"new_size": 2, "size": 1} times: 10 method_name: run timeout: 0 duration: None cls:
2019-08-05 08:58:14.986 4723 RALLYDEBUG rally.task.runner [-] Starting a worker. concurrency: 1 args: {"new_size": 2, "size": 1} times: 10 method_name: run timeout: 0 duration: None cls:
2019-08-05 08:58:14.989 4724 RALLYDEBUG rally.task.runner [-] Starting a worker. concurrency: 1 args: {"new_size": 2, "size": 1} times: 10 method_name: run timeout: 0 duration: None cls:
2019-08-05 08:58:14.990 4722 INFO rally.task.runner [-] Task 811a77b1-6578-4245-abb2-c653a3488063 | ITER: 1 START
2019-08-05 08:58:14.992 4725 RALLYDEBUG rally.task.runner [-] Starting a worker. concurrency: 1 args: {"new_size": 2, "size": 1} times: 10 method_name: run timeout: 0 duration: None cls:
2019-08-05 08:58:14.993 4723 INFO rally.task.runner [-] Task 811a77b1-6578-4245-abb2-c653a3488063 | ITER: 2 START
2019-08-05 08:58:14.997 4724 INFO rally.task.runner [-] Task 811a77b1-6578-4245-abb2-c653a3488063 | ITER: 3 START
2019-08-05 08:58:14.999 4725 INFO rally.task.runner [-] Task 811a77b1-6578-4245-abb2-c653a3488063 | ITER: 4 START
2019-08-05 08:58:20.084 4723 RALLYDEBUG rally.task.utils [-] Waiting for resource s_rally_2435a96e_hHMyIMFR. Status changed: AVAILABLE => DELETING in 0.0527219772339
2019-08-05 08:58:20.142 4725 RALLYDEBUG rally.task.utils [-] Waiting for resource s_rally_2435a96e_uIfZ6ocm. Status changed: AVAILABLE => DELETING in 0.363660097122
2019-08-05 08:58:20.228 4724 RALLYDEBUG rally.task.utils [-] Waiting for resource s_rally_2435a96e_qv0PccLK. Status changed: AVAILABLE => DELETING in 0.340557813644
2019-08-05 08:58:20.298 4722 RALLYDEBUG rally.task.utils [-] Waiting for resource s_rally_2435a96e_yRvneNmz. Status changed: AVAILABLE => DELETING in 0.345758914948
2019-08-05 08:58:22.191 4725 INFO rally.task.runner [-] Task 811a77b1-6578-4245-abb2-c653a3488063 | ITER: 4 END: OK
2019-08-05 08:58:22.196 4725 INFO rally.task.runner [-] Task 811a77b1-6578-4245-abb2-c653a3488063 | ITER: 5 START
2019-08-05 08:58:22.423 4723 INFO rally.task.runner [-] Task 811a77b1-6578-4245-abb2-c653a3488063 | ITER: 2 END: OK
2019-08-05 08:58:22.429 4723 INFO rally.task.runner [-] Task 811a77b1-6578-4245-abb2-c653a3488063 | ITER: 6 START
2019-08-05 08:58:22.464 4724 INFO rally.task.runner [-] Task 811a77b1-6578-4245-abb2-c653a3488063 | ITER: 3 END: OK
2019-08-05 08:58:22.470 4724 INFO rally.task.runner [-] Task 811a77b1-6578-4245-abb2-c653a3488063 | ITER: 7 START
2019-08-05 08:58:22.638 4722 INFO rally.task.runner [-] Task 811a77b1-6578-4245-abb2-c653a3488063 | ITER: 1 END: OK
2019-08-05 08:58:22.642 4722 INFO rally.task.runner [-] Task 811a77b1-6578-4245-abb2-c653a3488063 | ITER: 8 START
2019-08-05 08:58:26.732 4724 RALLYDEBUG rally.task.utils [-] Waiting for resource s_rally_2435a96e_kCJAzTil. Status changed: AVAILABLE => EXTENDING in 0.263125181198
2019-08-05 08:58:26.879 4725 RALLYDEBUG rally.task.utils [-] Waiting for resource s_rally_2435a96e_lJcUPSgr. Status changed: AVAILABLE => DELETING in 0.268450021744
2019-08-05 08:58:27.409 4722 RALLYDEBUG rally.task.utils [-] Waiting for resource s_rally_2435a96e_mXLyb94C. Status changed: AVAILABLE => DELETING in 0.253433942795
2019-08-05 08:58:27.503 4723 RALLYDEBUG rally.task.utils [-] Waiting for resource s_rally_2435a96e_FIgSE1Ci. Status changed: AVAILABLE => DELETING in 0.316118955612
2019-08-05 08:58:29.012 4724 RALLYDEBUG rally.task.utils [-] Waiting for resource s_rally_2435a96e_kCJAzTil. Status changed: EXTENDING => AVAILABLE in 2.28052186966
2019-08-05 08:58:29.109 4725 INFO rally.task.runner [-] Task 811a77b1-6578-4245-abb2-c653a3488063 | ITER: 5 END: OK
2019-08-05 08:58:29.115 4725 INFO rally.task.runner [-] Task 811a77b1-6578-4245-abb2-c653a3488063 | ITER: 9 START
2019-08-05 08:58:29.540 4723 INFO rally.task.runner [-] Task 811a77b1-6578-4245-abb2-c653a3488063 | ITER: 6 END: OK
2019-08-05 08:58:29.546 4723 INFO rally.task.runner [-] Task 811a77b1-6578-4245-abb2-c653a3488063 | ITER: 10 START
2019-08-05 08:58:29.629 4724 INFO rally.task.runner [-] Task 811a77b1-6578-4245-abb2-c653a3488063 | ITER: 7 END: OK
2019-08-05 08:58:29.666 4722 INFO rally.task.runner [-] Task 811a77b1-6578-4245-abb2-c653a3488063 | ITER: 8 END: OK
2019-08-05 08:58:33.433 4725 RALLYDEBUG rally.task.utils [-] Waiting for resource s_rally_2435a96e_1IFxbHLa. Status changed: AVAILABLE => DELETING in 0.0623319149017
2019-08-05 08:58:34.271 4723 RALLYDEBUG rally.task.utils [-] Waiting for resource s_rally_2435a96e_S8nR9Cqm. Status changed: AVAILABLE => DELETING in 0.0555109977722
2019-08-05 08:58:35.844 4725 INFO rally.task.runner [-] Task 811a77b1-6578-4245-abb2-c653a3488063 | ITER: 9 END: OK
2019-08-05 08:58:36.522 4723 INFO rally.task.runner [-] Task 811a77b1-6578-4245-abb2-c653a3488063 | ITER: 10 END: OK
2019-08-05 08:58:36.552 1842 INFO rally.task.context [-] Task 811a77b1-6578-4245-abb2-c653a3488063 | Context cleanup@openstack cleanup() started
2019-08-05 08:58:36.554 1842 RALLYDEBUG rally_openstack.cleanup.manager [-] Cleaning up cinder backups objects
2019-08-05 08:58:38.808 1842 RALLYDEBUG rally_openstack.cleanup.manager [-] Cleaning up cinder volume_snapshots objects
2019-08-05 08:58:40.956 1842 RALLYDEBUG rally_openstack.cleanup.manager [-] Cleaning up cinder transfers objects
2019-08-05 08:58:43.238 1842 RALLYDEBUG rally_openstack.cleanup.manager [-] Cleaning up cinder volumes objects
2019-08-05 08:58:45.759 1842 INFO rally.task.context [-] Task 811a77b1-6578-4245-abb2-c653a3488063 | Context cleanup@openstack cleanup() finished in 9.21 sec
2019-08-05 08:58:45.760 1842 INFO rally.task.context [-] Task 811a77b1-6578-4245-abb2-c653a3488063 | Context quotas@openstack cleanup() started
2019-08-05 08:58:46.763 1842 INFO rally.task.context [-] Task 811a77b1-6578-4245-abb2-c653a3488063 | Context quotas@openstack cleanup() finished in 1.00 sec
2019-08-05 08:58:46.763 1842 INFO rally.task.context [-] Task 811a77b1-6578-4245-abb2-c653a3488063 | Context api_versions@openstack cleanup() started
2019-08-05 08:58:46.764 1842 INFO rally.task.context [-] Task 811a77b1-6578-4245-abb2-c653a3488063 | Context api_versions@openstack cleanup() finished in 0.31 msec
2019-08-05 08:58:46.764 1842 INFO rally.task.context [-] Task 811a77b1-6578-4245-abb2-c653a3488063 | Context users@openstack cleanup() started
2019-08-05 08:58:54.964 1842 INFO rally.task.context [-] Task 811a77b1-6578-4245-abb2-c653a3488063 | Context users@openstack cleanup() finished in 8.20 sec
2019-08-05 08:58:56.239 1842 INFO rally.task.engine [-] Load duration is: 21.527801
2019-08-05 08:58:56.240 1842 INFO rally.task.engine [-] Full runner duration is: 21.582306
2019-08-05 08:58:56.240 1842 INFO rally.task.engine [-] Full duration is: 46.966883
2019-08-05 08:58:56.476 1842 INFO rally.task.engine [-] Running workload: position = 0 config = { "version": 2, "title": "A cropped version of a bigger task.", "description": "Auto-generated task from a single workload (uuid=a37d5fc3-f734-4711-a749-02963222b3dc)", "subtasks": [ { "title": "CinderVolumes.create_from_volume_and_delete_volume", "description": "Create volume from volume and then delete it.", "scenario": { "CinderVolumes.create_from_volume_and_delete_volume": { "size": 1 } }, "contexts": { "users": { "tenants": 3, "users_per_tenant": 2 }, "quotas": { "cinder": { "gigabytes": -1, "snapshots": -1, "volumes": -1 } }, "api_versions": { "cinder": { "version": 3, "service_type": "volumev3" } }, "volumes": { "size": 1, "volumes_per_tenant": 1 } }, "runner": { "constant": { "concurrency": 4, "times": 10 } }, "hooks": [], "sla": { "failure_rate": { "max": 0 } } } ] }
2019-08-05 08:58:56.499 1842 RALLYDEBUG rally_openstack.contexts.keystone.users [-] Creating 3 tenants using 20 threads
2019-08-05 08:58:58.334 1842 RALLYDEBUG rally_openstack.contexts.keystone.users [-] Creating 6 users using 20 threads
2019-08-05 08:59:01.201 1842 INFO rally.task.context [-] Task 811a77b1-6578-4245-abb2-c653a3488063 | Context users@openstack setup() finished in 4.70 sec
2019-08-05 08:59:01.632 1842 INFO rally.task.context [-] Task 811a77b1-6578-4245-abb2-c653a3488063 | Context api_versions@openstack setup() finished in 0.43 sec
2019-08-05 08:59:03.323 1842 INFO rally.task.context [-] Task 811a77b1-6578-4245-abb2-c653a3488063 | Context quotas@openstack setup() finished in 1.69 sec
2019-08-05 08:59:14.392 1842 INFO rally.task.context [-] Task 811a77b1-6578-4245-abb2-c653a3488063 | Context volumes@openstack setup() finished in 11.07 sec
2019-08-05 08:59:14.392 1842 INFO rally.task.context [-] Task 811a77b1-6578-4245-abb2-c653a3488063 | Context cleanup@openstack setup() finished in 0.00 msec
2019-08-05 08:59:14.400 1842 RALLYDEBUG rally.task.runner [-] Starting the constant runner (task UUID: 811a77b1-6578-4245-abb2-c653a3488063). timeout: 0 concurrency: 4 concurrency_per_worker: 1 times: 10 concurrency_overhead: 0 processes_to_start: 4 max_cpu_used: 16
2019-08-05 08:59:14.413 4906 RALLYDEBUG rally.task.runner [-] Starting a worker. concurrency: 1 args: {"size": 1} times: 10 method_name: run timeout: 0 duration: None cls:
2019-08-05 08:59:14.416 4907 RALLYDEBUG rally.task.runner [-] Starting a worker. concurrency: 1 args: {"size": 1} times: 10 method_name: run timeout: 0 duration: None cls:
2019-08-05 08:59:14.422 4908 RALLYDEBUG rally.task.runner [-] Starting a worker. concurrency: 1 args: {"size": 1} times: 10 method_name: run timeout: 0 duration: None cls:
2019-08-05 08:59:14.425 4906 INFO rally.task.runner [-] Task 811a77b1-6578-4245-abb2-c653a3488063 | ITER: 1 START
2019-08-05 08:59:14.426 4909 RALLYDEBUG rally.task.runner [-] Starting a worker. concurrency: 1 args: {"size": 1} times: 10 method_name: run timeout: 0 duration: None cls:
2019-08-05 08:59:14.427 4907 INFO rally.task.runner [-] Task 811a77b1-6578-4245-abb2-c653a3488063 | ITER: 2 START
2019-08-05 08:59:14.427 4908 INFO rally.task.runner [-] Task 811a77b1-6578-4245-abb2-c653a3488063 | ITER: 3 START
2019-08-05 08:59:14.433 4909 INFO rally.task.runner [-] Task 811a77b1-6578-4245-abb2-c653a3488063 | ITER: 4 START
2019-08-05 08:59:18.120 4907 RALLYDEBUG rally.task.utils [-] Waiting for resource s_rally_a37d5fc3_Cz5ADY3P. Status changed: CREATING => AVAILABLE in 0.612153053284
2019-08-05 08:59:18.852 4907 RALLYDEBUG rally.task.utils [-] Waiting for resource s_rally_a37d5fc3_Cz5ADY3P. Status changed: AVAILABLE => DELETING in 0.349129915237
2019-08-05 08:59:18.954 4909 RALLYDEBUG rally.task.utils [-] Waiting for resource s_rally_a37d5fc3_PtiCpX0G. Status changed: AVAILABLE => DELETING in 0.355300188065
2019-08-05 08:59:20.476 4906 RALLYDEBUG rally.task.utils [-] Waiting for resource s_rally_a37d5fc3_2FX8Ofy5. Status changed: CREATING => AVAILABLE in 2.92920684814
2019-08-05 08:59:21.184 4906 RALLYDEBUG rally.task.utils [-] Waiting for resource s_rally_a37d5fc3_2FX8Ofy5. Status changed: AVAILABLE => DELETING in 0.334311008453
2019-08-05 08:59:23.091 4908 RALLYDEBUG rally.task.utils [-] Waiting for resource s_rally_a37d5fc3_qwv6mKzB. Status changed: CREATING => AVAILABLE in 5.35347414017
2019-08-05 08:59:23.523 4907 INFO rally.task.runner [-] Task 811a77b1-6578-4245-abb2-c653a3488063 | ITER: 2 END: OK
2019-08-05 08:59:23.529 4907 INFO rally.task.runner [-] Task 811a77b1-6578-4245-abb2-c653a3488063 | ITER: 5 START
2019-08-05 08:59:23.599 4909 INFO rally.task.runner [-] Task 811a77b1-6578-4245-abb2-c653a3488063 | ITER: 4 END: OK
2019-08-05 08:59:23.605 4909 INFO rally.task.runner [-] Task 811a77b1-6578-4245-abb2-c653a3488063 | ITER: 6 START
2019-08-05 08:59:23.827 4908 RALLYDEBUG rally.task.utils [-] Waiting for resource s_rally_a37d5fc3_qwv6mKzB. Status changed: AVAILABLE => DELETING in 0.347721099854
2019-08-05 08:59:25.695 4906 INFO rally.task.runner [-] Task 811a77b1-6578-4245-abb2-c653a3488063 | ITER: 1 END: OK
2019-08-05 08:59:25.701 4906 INFO rally.task.runner [-] Task 811a77b1-6578-4245-abb2-c653a3488063 | ITER: 7 START
2019-08-05 08:59:26.070 4908 INFO rally.task.runner [-] Task 811a77b1-6578-4245-abb2-c653a3488063 | ITER: 3 END: OK
2019-08-05 08:59:26.075 4908 INFO rally.task.runner [-] Task 811a77b1-6578-4245-abb2-c653a3488063 | ITER: 8 START
2019-08-05 08:59:27.912 4907 RALLYDEBUG rally.task.utils [-] Waiting for resource s_rally_a37d5fc3_v6SAWtWX. Status changed: AVAILABLE => DELETING in 0.349344015121
2019-08-05 08:59:28.100 4909 RALLYDEBUG rally.task.utils [-] Waiting for resource s_rally_a37d5fc3_PhYw4jHm. Status changed: AVAILABLE => DELETING in 0.340638160706
2019-08-05 08:59:30.299 4906 RALLYDEBUG rally.task.utils [-] Waiting for resource s_rally_a37d5fc3_VEemLg7w. Status changed: AVAILABLE => DELETING in 0.328892230988
2019-08-05 08:59:31.863 4908 RALLYDEBUG rally.task.utils [-] Waiting for resource s_rally_a37d5fc3_nM4mUaro. Status changed: CREATING => AVAILABLE in 2.72700095177
2019-08-05 08:59:32.558 4907 INFO rally.task.runner [-] Task 811a77b1-6578-4245-abb2-c653a3488063 | ITER: 5 END: OK
2019-08-05 08:59:32.563 4907 INFO rally.task.runner [-] Task 811a77b1-6578-4245-abb2-c653a3488063 | ITER: 9 START
2019-08-05 08:59:32.586 4908 RALLYDEBUG rally.task.utils [-] Waiting for resource s_rally_a37d5fc3_nM4mUaro. Status changed: AVAILABLE => DELETING in 0.335180997849
2019-08-05 08:59:32.624 4906 INFO rally.task.runner [-] Task 811a77b1-6578-4245-abb2-c653a3488063 | ITER: 7 END: OK
2019-08-05 08:59:32.629 4906 INFO rally.task.runner [-] Task 811a77b1-6578-4245-abb2-c653a3488063 | ITER: 10 START
2019-08-05 08:59:32.673 4909 INFO rally.task.runner [-] Task 811a77b1-6578-4245-abb2-c653a3488063 | ITER: 6 END: OK
2019-08-05 08:59:34.834 4908 INFO rally.task.runner [-] Task 811a77b1-6578-4245-abb2-c653a3488063 | ITER: 8 END: OK
2019-08-05 08:59:37.032 4907 RALLYDEBUG rally.task.utils [-] Waiting for resource s_rally_a37d5fc3_5RL0sKsX. Status changed: AVAILABLE => DELETING in 0.34215593338
2019-08-05 08:59:37.213 4906 RALLYDEBUG rally.task.utils [-] Waiting for resource s_rally_a37d5fc3_9x8sAV0l. Status changed: AVAILABLE => DELETING in 0.344973087311
2019-08-05 08:59:39.336 4907 INFO rally.task.runner [-] Task 811a77b1-6578-4245-abb2-c653a3488063 | ITER: 9 END: OK
2019-08-05 08:59:39.441 4906 INFO rally.task.runner [-] Task 811a77b1-6578-4245-abb2-c653a3488063 | ITER: 10 END: OK
2019-08-05 08:59:39.463 1842 INFO rally.task.context [-] Task 811a77b1-6578-4245-abb2-c653a3488063 | Context cleanup@openstack cleanup() started
2019-08-05 08:59:39.465 1842 RALLYDEBUG rally_openstack.cleanup.manager [-] Cleaning up cinder backups objects
2019-08-05 08:59:41.809 1842 RALLYDEBUG rally_openstack.cleanup.manager [-] Cleaning up cinder volume_snapshots objects
2019-08-05 08:59:44.074 1842 RALLYDEBUG rally_openstack.cleanup.manager [-] Cleaning up cinder transfers objects
2019-08-05 08:59:46.283 1842 RALLYDEBUG rally_openstack.cleanup.manager [-] Cleaning up cinder volumes objects
2019-08-05 08:59:48.556 1842 INFO rally.task.context [-] Task 811a77b1-6578-4245-abb2-c653a3488063 | Context cleanup@openstack cleanup() finished in 9.09 sec
2019-08-05 08:59:48.556 1842 INFO rally.task.context [-] Task 811a77b1-6578-4245-abb2-c653a3488063 | Context volumes@openstack cleanup() started
2019-08-05 08:59:48.557 1842 RALLYDEBUG rally_openstack.cleanup.manager [-] Cleaning up cinder volumes objects
2019-08-05 08:59:50.997 1842 RALLYDEBUG rally_openstack.cleanup.manager [-] Deleting cinder.volumes object c_rally_a37d5fc3_rK98LR6U (98ea80e6-d57b-47c5-8a12-109f763c516e)
2019-08-05 08:59:51.000 1842 RALLYDEBUG rally_openstack.cleanup.manager [-] Deleting cinder.volumes object c_rally_a37d5fc3_CKpFFWMX (f88ee8ec-3f7b-4da9-86fb-523f5b3f143f)
2019-08-05 08:59:51.010 1842 RALLYDEBUG rally_openstack.cleanup.manager [-] Deleting cinder.volumes object c_rally_a37d5fc3_xskOeNj4 (46ca5cf0-b63e-4862-b547-bedce524cac9)
2019-08-05 08:59:54.571 1842 INFO rally.task.context [-] Task 811a77b1-6578-4245-abb2-c653a3488063 | Context volumes@openstack cleanup() finished in 6.02 sec
2019-08-05 08:59:54.572 1842 INFO rally.task.context [-] Task 811a77b1-6578-4245-abb2-c653a3488063 | Context quotas@openstack cleanup() started
2019-08-05 08:59:55.248 1842 INFO rally.task.context [-] Task 811a77b1-6578-4245-abb2-c653a3488063 | Context quotas@openstack cleanup() finished in 0.68 sec
2019-08-05 08:59:55.248 1842 INFO rally.task.context [-] Task 811a77b1-6578-4245-abb2-c653a3488063 | Context api_versions@openstack cleanup() started
2019-08-05 08:59:55.248 1842 INFO rally.task.context [-] Task 811a77b1-6578-4245-abb2-c653a3488063 | Context api_versions@openstack cleanup() finished in 0.33 msec
