2019-08-05 08:51:20.504 3232 DEBUG novaclient.v2.client [-] RESP: [404] Content-Length: 111 Content-Type: application/json; charset=UTF-8 Date: Mon, 05 Aug 2019 08:51:20 GMT OpenStack-API-Version: compute 2.1 Server: Apache Vary: OpenStack-API-Version,X-OpenStack-Nova-API-Version X-OpenStack-Nova-API-Version: 2.1 x-compute-request-id: req-aeb9dbdd-2ab3-4bf4-b627-2095af108029 x-openstack-request-id: req-aeb9dbdd-2ab3-4bf4-b627-2095af108029 _http_log_response /usr/lib/python2.7/site-packages/keystoneauth1/session.py:479
2019-08-05 08:51:20.504 3232 DEBUG novaclient.v2.client [-] RESP BODY: {"itemNotFound": {"message": "Instance b7b44698-675c-4271-bfbe-88533ee82750 could not be found.", "code": 404}} _http_log_response /usr/lib/python2.7/site-packages/keystoneauth1/session.py:511
2019-08-05 08:51:20.505 3232 DEBUG novaclient.v2.client [-] GET call to compute for http://172.30.9.40:8774/v2.1/servers/b7b44698-675c-4271-bfbe-88533ee82750 used request id req-aeb9dbdd-2ab3-4bf4-b627-2095af108029 request /usr/lib/python2.7/site-packages/keystoneauth1/session.py:844
2019-08-05 08:51:20.505 3232 INFO rally.task.runner [-] Task 811a77b1-6578-4245-abb2-c653a3488063 | ITER: 10 END: OK
2019-08-05 08:51:20.540 1842 INFO rally.task.context [-] Task 811a77b1-6578-4245-abb2-c653a3488063 | Context cleanup@openstack cleanup() started
2019-08-05 08:51:20.543 1842 RALLYDEBUG rally_openstack.cleanup.manager [-] Cleaning up nova servers objects
2019-08-05 08:51:20.977 1842 DEBUG novaclient.v2.client [-] REQ: curl -g -i -X GET http://172.30.9.40:8774/v2.1/servers/detail -H "Accept: application/json" -H "User-Agent: python-novaclient" -H "X-Auth-Token: {SHA1}f38eecffbc3ca81ed637162d4ca17dfca266a6d8" _http_log_request /usr/lib/python2.7/site-packages/keystoneauth1/session.py:448
2019-08-05 08:51:21.337 1842 DEBUG novaclient.v2.client [-] RESP: [200] Content-Length: 15 Content-Type: application/json Date: Mon, 05 Aug 2019 08:51:20 GMT OpenStack-API-Version: compute 2.1 Server: Apache Vary: OpenStack-API-Version,X-OpenStack-Nova-API-Version X-OpenStack-Nova-API-Version: 2.1 x-compute-request-id: req-a678d9c2-bfcc-40b4-b8b0-188b20da652e x-openstack-request-id: req-a678d9c2-bfcc-40b4-b8b0-188b20da652e _http_log_response /usr/lib/python2.7/site-packages/keystoneauth1/session.py:479
2019-08-05 08:51:21.338 1842 DEBUG novaclient.v2.client [-] RESP BODY: {"servers": []} _http_log_response /usr/lib/python2.7/site-packages/keystoneauth1/session.py:511
2019-08-05 08:51:21.338 1842 DEBUG novaclient.v2.client [-] GET call to compute for http://172.30.9.40:8774/v2.1/servers/detail used request id req-a678d9c2-bfcc-40b4-b8b0-188b20da652e request /usr/lib/python2.7/site-packages/keystoneauth1/session.py:844
2019-08-05 08:51:21.770 1842 DEBUG novaclient.v2.client [-] REQ: curl -g -i -X GET http://172.30.9.40:8774/v2.1/servers/detail -H "Accept: application/json" -H "User-Agent: python-novaclient" -H "X-Auth-Token: {SHA1}b99b8316ee768edf91f2b9c1462be99ee2b318ae" _http_log_request /usr/lib/python2.7/site-packages/keystoneauth1/session.py:448
2019-08-05 08:51:22.128 1842 DEBUG novaclient.v2.client [-] RESP: [200] Content-Length: 15 Content-Type: application/json Date: Mon, 05 Aug 2019 08:51:21 GMT OpenStack-API-Version: compute 2.1 Server: Apache Vary: OpenStack-API-Version,X-OpenStack-Nova-API-Version X-OpenStack-Nova-API-Version: 2.1 x-compute-request-id: req-dc68c389-c105-4bd0-90e1-944e3cb7168f x-openstack-request-id: req-dc68c389-c105-4bd0-90e1-944e3cb7168f _http_log_response /usr/lib/python2.7/site-packages/keystoneauth1/session.py:479
2019-08-05 08:51:22.128 1842 DEBUG novaclient.v2.client [-] RESP BODY: {"servers": []} _http_log_response /usr/lib/python2.7/site-packages/keystoneauth1/session.py:511
2019-08-05 08:51:22.129 1842 DEBUG novaclient.v2.client [-] GET call to compute for http://172.30.9.40:8774/v2.1/servers/detail used request id req-dc68c389-c105-4bd0-90e1-944e3cb7168f request /usr/lib/python2.7/site-packages/keystoneauth1/session.py:844
2019-08-05 08:51:22.556 1842 DEBUG novaclient.v2.client [-] REQ: curl -g -i -X GET http://172.30.9.40:8774/v2.1/servers/detail -H "Accept: application/json" -H "User-Agent: python-novaclient" -H "X-Auth-Token: {SHA1}3c2e65229e66f39bd0e0c98f8456f4ca59efc735" _http_log_request /usr/lib/python2.7/site-packages/keystoneauth1/session.py:448
2019-08-05 08:51:22.900 1842 DEBUG novaclient.v2.client [-] RESP: [200] Content-Length: 15 Content-Type: application/json Date: Mon, 05 Aug 2019 08:51:22 GMT OpenStack-API-Version: compute 2.1 Server: Apache Vary: OpenStack-API-Version,X-OpenStack-Nova-API-Version X-OpenStack-Nova-API-Version: 2.1 x-compute-request-id: req-f10426fe-28fd-4f59-a9f4-393ff2c80ca9 x-openstack-request-id: req-f10426fe-28fd-4f59-a9f4-393ff2c80ca9 _http_log_response /usr/lib/python2.7/site-packages/keystoneauth1/session.py:479
2019-08-05 08:51:22.901 1842 DEBUG novaclient.v2.client [-] RESP BODY: {"servers": []} _http_log_response /usr/lib/python2.7/site-packages/keystoneauth1/session.py:511
2019-08-05 08:51:22.901 1842 DEBUG novaclient.v2.client [-] GET call to compute for http://172.30.9.40:8774/v2.1/servers/detail used request id req-f10426fe-28fd-4f59-a9f4-393ff2c80ca9 request /usr/lib/python2.7/site-packages/keystoneauth1/session.py:844
2019-08-05 08:51:22.909 1842 RALLYDEBUG rally_openstack.cleanup.manager [-] Cleaning up nova server_groups objects
2019-08-05 08:51:23.341 1842 DEBUG novaclient.v2.client [-] REQ: curl -g -i -X GET http://172.30.9.40:8774/v2.1/os-server-groups -H "Accept: application/json" -H "User-Agent: python-novaclient" -H "X-Auth-Token: {SHA1}e623a01a898ab52f59678266a3d0110c8d152e53" _http_log_request /usr/lib/python2.7/site-packages/keystoneauth1/session.py:448
2019-08-05 08:51:23.629 1842 DEBUG novaclient.v2.client [-] RESP: [200] Content-Length: 21 Content-Type: application/json Date: Mon, 05 Aug 2019 08:51:23 GMT OpenStack-API-Version: compute 2.1 Server: Apache Vary: OpenStack-API-Version,X-OpenStack-Nova-API-Version X-OpenStack-Nova-API-Version: 2.1 x-compute-request-id: req-86b168ff-8dd7-4a91-9c7a-4f22ba527af7 x-openstack-request-id: req-86b168ff-8dd7-4a91-9c7a-4f22ba527af7 _http_log_response /usr/lib/python2.7/site-packages/keystoneauth1/session.py:479
2019-08-05 08:51:23.630 1842 DEBUG novaclient.v2.client [-] RESP BODY: {"server_groups": []} _http_log_response /usr/lib/python2.7/site-packages/keystoneauth1/session.py:511
2019-08-05 08:51:23.630 1842 DEBUG novaclient.v2.client [-] GET call to compute for http://172.30.9.40:8774/v2.1/os-server-groups used request id req-86b168ff-8dd7-4a91-9c7a-4f22ba527af7 request /usr/lib/python2.7/site-packages/keystoneauth1/session.py:844
2019-08-05 08:51:24.058 1842 DEBUG novaclient.v2.client [-] REQ: curl -g -i -X GET http://172.30.9.40:8774/v2.1/os-server-groups -H "Accept: application/json" -H "User-Agent: python-novaclient" -H "X-Auth-Token: {SHA1}9727d4c8b17e469091357b4d249c4a15f19fee65" _http_log_request /usr/lib/python2.7/site-packages/keystoneauth1/session.py:448
2019-08-05 08:51:24.378 1842 DEBUG novaclient.v2.client [-] RESP: [200] Content-Length: 21 Content-Type: application/json Date: Mon, 05 Aug 2019 08:51:24 GMT OpenStack-API-Version: compute 2.1 Server: Apache Vary: OpenStack-API-Version,X-OpenStack-Nova-API-Version X-OpenStack-Nova-API-Version: 2.1 x-compute-request-id: req-dea34ee1-6e16-4945-8d0b-767c7ee66780 x-openstack-request-id: req-dea34ee1-6e16-4945-8d0b-767c7ee66780 _http_log_response /usr/lib/python2.7/site-packages/keystoneauth1/session.py:479
2019-08-05 08:51:24.379 1842 DEBUG novaclient.v2.client [-] RESP BODY: {"server_groups": []} _http_log_response /usr/lib/python2.7/site-packages/keystoneauth1/session.py:511
2019-08-05 08:51:24.379 1842 DEBUG novaclient.v2.client [-] GET call to compute for http://172.30.9.40:8774/v2.1/os-server-groups used request id req-dea34ee1-6e16-4945-8d0b-767c7ee66780 request /usr/lib/python2.7/site-packages/keystoneauth1/session.py:844
2019-08-05 08:51:24.807 1842 DEBUG novaclient.v2.client [-] REQ: curl -g -i -X GET http://172.30.9.40:8774/v2.1/os-server-groups -H "Accept: application/json" -H "User-Agent: python-novaclient" -H "X-Auth-Token: {SHA1}d4672a20712ac88e1d0f75cbae7442065f543e57" _http_log_request /usr/lib/python2.7/site-packages/keystoneauth1/session.py:448
2019-08-05 08:51:25.104 1842 DEBUG novaclient.v2.client [-] RESP: [200] Content-Length: 21 Content-Type: application/json Date: Mon, 05 Aug 2019 08:51:24 GMT OpenStack-API-Version: compute 2.1 Server: Apache Vary: OpenStack-API-Version,X-OpenStack-Nova-API-Version X-OpenStack-Nova-API-Version: 2.1 x-compute-request-id: req-6ebf3230-2d73-414c-98e6-87374380962c x-openstack-request-id: req-6ebf3230-2d73-414c-98e6-87374380962c _http_log_response /usr/lib/python2.7/site-packages/keystoneauth1/session.py:479
2019-08-05 08:51:25.104 1842 DEBUG novaclient.v2.client [-] RESP BODY: {"server_groups": []} _http_log_response /usr/lib/python2.7/site-packages/keystoneauth1/session.py:511
2019-08-05 08:51:25.104 1842 DEBUG novaclient.v2.client [-] GET call to compute for http://172.30.9.40:8774/v2.1/os-server-groups used request id req-6ebf3230-2d73-414c-98e6-87374380962c request /usr/lib/python2.7/site-packages/keystoneauth1/session.py:844
2019-08-05 08:51:25.112 1842 RALLYDEBUG rally_openstack.cleanup.manager [-] Cleaning up nova keypairs objects
2019-08-05 08:51:25.539 1842 DEBUG novaclient.v2.client [-] REQ: curl -g -i -X GET http://172.30.9.40:8774/v2.1/os-keypairs -H "Accept: application/json" -H "User-Agent: python-novaclient" -H "X-Auth-Token: {SHA1}0a7c5bcf873f560defbc088bea9b81bef05e59c1" _http_log_request /usr/lib/python2.7/site-packages/keystoneauth1/session.py:448
2019-08-05 08:51:25.752 1842 DEBUG novaclient.v2.client [-] RESP: [200] Content-Length: 16 Content-Type: application/json Date: Mon, 05 Aug 2019 08:51:25 GMT OpenStack-API-Version: compute 2.1 Server: Apache Vary: OpenStack-API-Version,X-OpenStack-Nova-API-Version X-OpenStack-Nova-API-Version: 2.1 x-compute-request-id: req-bcea3283-7008-4878-9757-1f0e40b8b812 x-openstack-request-id: req-bcea3283-7008-4878-9757-1f0e40b8b812 _http_log_response /usr/lib/python2.7/site-packages/keystoneauth1/session.py:479
2019-08-05 08:51:25.753 1842 DEBUG novaclient.v2.client [-] RESP BODY: {"keypairs": []} _http_log_response /usr/lib/python2.7/site-packages/keystoneauth1/session.py:511
2019-08-05 08:51:25.753 1842 DEBUG novaclient.v2.client [-] GET call to compute for http://172.30.9.40:8774/v2.1/os-keypairs used request id req-bcea3283-7008-4878-9757-1f0e40b8b812 request /usr/lib/python2.7/site-packages/keystoneauth1/session.py:844
2019-08-05 08:51:26.188 1842 DEBUG novaclient.v2.client [-] REQ: curl -g -i -X GET http://172.30.9.40:8774/v2.1/os-keypairs -H "Accept: application/json" -H "User-Agent: python-novaclient" -H "X-Auth-Token: {SHA1}0f515c38aa36b172985520418a9a5b7e566b938f" _http_log_request /usr/lib/python2.7/site-packages/keystoneauth1/session.py:448
2019-08-05 08:51:26.502 1842 DEBUG novaclient.v2.client [-] RESP: [200] Content-Length: 16 Content-Type: application/json Date: Mon, 05 Aug 2019 08:51:26 GMT OpenStack-API-Version: compute 2.1 Server: Apache Vary: OpenStack-API-Version,X-OpenStack-Nova-API-Version X-OpenStack-Nova-API-Version: 2.1 x-compute-request-id: req-407e7b2e-d4a2-452e-a3f4-02fbbe0ab9ee x-openstack-request-id: req-407e7b2e-d4a2-452e-a3f4-02fbbe0ab9ee _http_log_response /usr/lib/python2.7/site-packages/keystoneauth1/session.py:479
2019-08-05 08:51:26.503 1842 DEBUG novaclient.v2.client [-] RESP BODY: {"keypairs": []} _http_log_response /usr/lib/python2.7/site-packages/keystoneauth1/session.py:511
2019-08-05 08:51:26.503 1842 DEBUG novaclient.v2.client [-] GET call to compute for http://172.30.9.40:8774/v2.1/os-keypairs used request id req-407e7b2e-d4a2-452e-a3f4-02fbbe0ab9ee request /usr/lib/python2.7/site-packages/keystoneauth1/session.py:844
2019-08-05 08:51:26.930 1842 DEBUG novaclient.v2.client [-] REQ: curl -g -i -X GET http://172.30.9.40:8774/v2.1/os-keypairs -H "Accept: application/json" -H "User-Agent: python-novaclient" -H "X-Auth-Token: {SHA1}ce91bd25887d1fd8faff1fc4f8528e7ae40d7fde" _http_log_request /usr/lib/python2.7/site-packages/keystoneauth1/session.py:448
2019-08-05 08:51:27.243 1842 DEBUG novaclient.v2.client [-] RESP: [200] Content-Length: 16 Content-Type: application/json Date: Mon, 05 Aug 2019 08:51:26 GMT OpenStack-API-Version: compute 2.1 Server: Apache Vary: OpenStack-API-Version,X-OpenStack-Nova-API-Version X-OpenStack-Nova-API-Version: 2.1 x-compute-request-id: req-b8196ab5-b602-43f3-aa19-04c06b60713d x-openstack-request-id: req-b8196ab5-b602-43f3-aa19-04c06b60713d _http_log_response /usr/lib/python2.7/site-packages/keystoneauth1/session.py:479
2019-08-05 08:51:27.244 1842 DEBUG novaclient.v2.client [-] RESP BODY: {"keypairs": []} _http_log_response /usr/lib/python2.7/site-packages/keystoneauth1/session.py:511
2019-08-05 08:51:27.244 1842 DEBUG novaclient.v2.client [-] GET call to compute for http://172.30.9.40:8774/v2.1/os-keypairs used request id req-b8196ab5-b602-43f3-aa19-04c06b60713d request /usr/lib/python2.7/site-packages/keystoneauth1/session.py:844
2019-08-05 08:51:27.670 1842 DEBUG novaclient.v2.client [-] REQ: curl -g -i -X GET http://172.30.9.40:8774/v2.1/os-keypairs -H "Accept: application/json" -H "User-Agent: python-novaclient" -H "X-Auth-Token: {SHA1}2e32e1e4cf0f55be44e03d635e18c451ea38f607" _http_log_request /usr/lib/python2.7/site-packages/keystoneauth1/session.py:448
2019-08-05 08:51:27.968 1842 DEBUG novaclient.v2.client [-] RESP: [200] Content-Length: 16 Content-Type: application/json Date: Mon, 05 Aug 2019 08:51:27 GMT OpenStack-API-Version: compute 2.1 Server: Apache Vary: OpenStack-API-Version,X-OpenStack-Nova-API-Version X-OpenStack-Nova-API-Version: 2.1 x-compute-request-id: req-3488fe9b-62ea-462a-8215-54e71b217ca7 x-openstack-request-id: req-3488fe9b-62ea-462a-8215-54e71b217ca7 _http_log_response /usr/lib/python2.7/site-packages/keystoneauth1/session.py:479
2019-08-05 08:51:27.968 1842 DEBUG novaclient.v2.client [-] RESP BODY: {"keypairs": []} _http_log_response /usr/lib/python2.7/site-packages/keystoneauth1/session.py:511
2019-08-05 08:51:27.969 1842 DEBUG novaclient.v2.client [-] GET call to compute for http://172.30.9.40:8774/v2.1/os-keypairs used request id req-3488fe9b-62ea-462a-8215-54e71b217ca7 request /usr/lib/python2.7/site-packages/keystoneauth1/session.py:844
2019-08-05 08:51:28.399 1842 DEBUG novaclient.v2.client [-] REQ: curl -g -i -X GET http://172.30.9.40:8774/v2.1/os-keypairs -H "Accept: application/json" -H "User-Agent: python-novaclient" -H "X-Auth-Token: {SHA1}b49c3e1449dd3a75af7cff25ed3f651432a85d0f" _http_log_request /usr/lib/python2.7/site-packages/keystoneauth1/session.py:448
2019-08-05 08:51:28.621 1842 DEBUG novaclient.v2.client [-] RESP: [200] Content-Length: 16 Content-Type: application/json Date: Mon, 05 Aug 2019 08:51:28 GMT OpenStack-API-Version: compute 2.1 Server: Apache Vary: OpenStack-API-Version,X-OpenStack-Nova-API-Version X-OpenStack-Nova-API-Version: 2.1 x-compute-request-id: req-dbb638a9-cd70-4bf5-a925-6795287b689d x-openstack-request-id: req-dbb638a9-cd70-4bf5-a925-6795287b689d _http_log_response /usr/lib/python2.7/site-packages/keystoneauth1/session.py:479
2019-08-05 08:51:28.622 1842 DEBUG novaclient.v2.client [-] RESP BODY: {"keypairs": []} _http_log_response /usr/lib/python2.7/site-packages/keystoneauth1/session.py:511
2019-08-05 08:51:28.622 1842 DEBUG novaclient.v2.client [-] GET call to compute for http://172.30.9.40:8774/v2.1/os-keypairs used request id req-dbb638a9-cd70-4bf5-a925-6795287b689d request /usr/lib/python2.7/site-packages/keystoneauth1/session.py:844
2019-08-05 08:51:29.053 1842 DEBUG novaclient.v2.client [-] REQ: curl -g -i -X GET http://172.30.9.40:8774/v2.1/os-keypairs -H "Accept: application/json" -H "User-Agent: python-novaclient" -H "X-Auth-Token: {SHA1}800e336b57a135c59d3b4451fb5400798ea77cb9" _http_log_request /usr/lib/python2.7/site-packages/keystoneauth1/session.py:448
2019-08-05 08:51:29.358 1842 DEBUG novaclient.v2.client [-] RESP: [200] Content-Length: 16 Content-Type: application/json Date: Mon, 05 Aug 2019 08:51:29 GMT OpenStack-API-Version: compute 2.1 Server: Apache Vary: OpenStack-API-Version,X-OpenStack-Nova-API-Version X-OpenStack-Nova-API-Version: 2.1 x-compute-request-id: req-1744f6cf-5f07-49d6-8452-5b6170ee404c x-openstack-request-id: req-1744f6cf-5f07-49d6-8452-5b6170ee404c _http_log_response /usr/lib/python2.7/site-packages/keystoneauth1/session.py:479
2019-08-05 08:51:29.358 1842 DEBUG novaclient.v2.client [-] RESP BODY: {"keypairs": []} _http_log_response /usr/lib/python2.7/site-packages/keystoneauth1/session.py:511
2019-08-05 08:51:29.359 1842 DEBUG novaclient.v2.client [-] GET call to compute for http://172.30.9.40:8774/v2.1/os-keypairs used request id req-1744f6cf-5f07-49d6-8452-5b6170ee404c request /usr/lib/python2.7/site-packages/keystoneauth1/session.py:844
2019-08-05 08:51:29.366 1842 RALLYDEBUG rally_openstack.cleanup.manager [-] Cleaning up cinder backups objects
2019-08-05 08:51:31.696 1842 RALLYDEBUG rally_openstack.cleanup.manager [-] Cleaning up cinder volume_snapshots objects
2019-08-05 08:51:33.740 1842 RALLYDEBUG rally_openstack.cleanup.manager [-] Cleaning up cinder transfers objects
2019-08-05 08:51:35.835 1842 RALLYDEBUG rally_openstack.cleanup.manager [-] Cleaning up cinder volumes objects
2019-08-05 08:51:38.126 1842 INFO rally.task.context [-] Task 811a77b1-6578-4245-abb2-c653a3488063 | Context cleanup@openstack cleanup() finished in 17.59 sec
2019-08-05 08:51:38.126 1842 INFO rally.task.context [-] Task 811a77b1-6578-4245-abb2-c653a3488063 | Context quotas@openstack cleanup() started
2019-08-05 08:51:39.072 1842 INFO rally.task.context [-] Task 811a77b1-6578-4245-abb2-c653a3488063 | Context quotas@openstack cleanup() finished in 0.95 sec
2019-08-05 08:51:39.072 1842 INFO rally.task.context [-] Task 811a77b1-6578-4245-abb2-c653a3488063 | Context api_versions@openstack cleanup() started
2019-08-05 08:51:39.072 1842 INFO rally.task.context [-] Task 811a77b1-6578-4245-abb2-c653a3488063 | Context api_versions@openstack cleanup() finished in 0.33 msec
2019-08-05 08:51:39.073 1842 INFO rally.task.context [-] Task 811a77b1-6578-4245-abb2-c653a3488063 | Context users@openstack cleanup() started
2019-08-05 08:51:47.109 1842 INFO rally.task.context [-] Task 811a77b1-6578-4245-abb2-c653a3488063 | Context users@openstack cleanup() finished in 8.04 sec
2019-08-05 08:51:48.608 1842 INFO rally.task.engine [-] Load duration is: 120.850459
2019-08-05 08:51:48.608 1842 INFO rally.task.engine [-] Full runner duration is: 121.910147
2019-08-05 08:51:48.609 1842 INFO rally.task.engine [-] Full duration is: 157.096598
2019-08-05 08:51:48.862 1842 INFO rally.task.engine [-] Running workload: position = 0 config = { "version": 2, "title": "A cropped version of a bigger task.", "description": "Auto-generated task from a single workload (uuid=b0b3782b-2d04-4746-b153-dead09aec4e0)", "subtasks": [ { "title": "CinderVolumes.create_volume", "description": "Create a volume.", "scenario": { "CinderVolumes.create_volume": { "size": 1 } }, "contexts": { "users": { "tenants": 3, "users_per_tenant": 2 }, "api_versions": { "cinder": { "version": 3, "service_type": "volumev3" } } }, "runner": { "constant": { "concurrency": 4, "times": 10 } }, "hooks": [], "sla": { "failure_rate": { "max": 0 } } } ] }
2019-08-05 08:51:48.885 1842 RALLYDEBUG rally_openstack.contexts.keystone.users [-] Creating 3 tenants using 20 threads
2019-08-05 08:51:50.949 1842 RALLYDEBUG rally_openstack.contexts.keystone.users [-] Creating 6 users using 20 threads
2019-08-05 08:51:53.784 1842 INFO rally.task.context [-] Task 811a77b1-6578-4245-abb2-c653a3488063 | Context users@openstack setup() finished in 4.90 sec
2019-08-05 08:51:54.204 1842 INFO rally.task.context [-] Task 811a77b1-6578-4245-abb2-c653a3488063 | Context api_versions@openstack setup() finished in 0.42 sec
2019-08-05 08:51:54.204 1842 INFO rally.task.context [-] Task 811a77b1-6578-4245-abb2-c653a3488063 | Context cleanup@openstack setup() finished in 0.01 msec
2019-08-05 08:51:54.212 1842 RALLYDEBUG rally.task.runner [-] Starting the constant runner (task UUID: 811a77b1-6578-4245-abb2-c653a3488063). timeout: 0 concurrency: 4 concurrency_per_worker: 1 times: 10 concurrency_overhead: 0 processes_to_start: 4 max_cpu_used: 16
2019-08-05 08:51:54.224 3474 RALLYDEBUG rally.task.runner [-] Starting a worker. concurrency: 1 args: {"size": 1} times: 10 method_name: run timeout: 0 duration: None cls:
2019-08-05 08:51:54.227 3475 RALLYDEBUG rally.task.runner [-] Starting a worker. concurrency: 1 args: {"size": 1} times: 10 method_name: run timeout: 0 duration: None cls:
2019-08-05 08:51:54.230 3474 INFO rally.task.runner [-] Task 811a77b1-6578-4245-abb2-c653a3488063 | ITER: 1 START
2019-08-05 08:51:54.229 3476 RALLYDEBUG rally.task.runner [-] Starting a worker. concurrency: 1 args: {"size": 1} times: 10 method_name: run timeout: 0 duration: None cls:
2019-08-05 08:51:54.232 3477 RALLYDEBUG rally.task.runner [-] Starting a worker. concurrency: 1 args: {"size": 1} times: 10 method_name: run timeout: 0 duration: None cls:
2019-08-05 08:51:54.234 3475 INFO rally.task.runner [-] Task 811a77b1-6578-4245-abb2-c653a3488063 | ITER: 2 START
2019-08-05 08:51:54.239 3476 INFO rally.task.runner [-] Task 811a77b1-6578-4245-abb2-c653a3488063 | ITER: 3 START
2019-08-05 08:51:54.240 3477 INFO rally.task.runner [-] Task 811a77b1-6578-4245-abb2-c653a3488063 | ITER: 4 START
2019-08-05 08:51:57.861 3474 INFO rally.task.runner [-] Task 811a77b1-6578-4245-abb2-c653a3488063 | ITER: 1 END: OK
2019-08-05 08:51:57.868 3474 INFO rally.task.runner [-] Task 811a77b1-6578-4245-abb2-c653a3488063 | ITER: 5 START
2019-08-05 08:51:57.933 3475 INFO rally.task.runner [-] Task 811a77b1-6578-4245-abb2-c653a3488063 | ITER: 2 END: OK
2019-08-05 08:51:57.938 3475 INFO rally.task.runner [-] Task 811a77b1-6578-4245-abb2-c653a3488063 | ITER: 6 START
2019-08-05 08:51:58.083 3477 INFO rally.task.runner [-] Task 811a77b1-6578-4245-abb2-c653a3488063 | ITER: 4 END: OK
2019-08-05 08:51:58.089 3477 INFO rally.task.runner [-] Task 811a77b1-6578-4245-abb2-c653a3488063 | ITER: 7 START
2019-08-05 08:51:58.220 3476 INFO rally.task.runner [-] Task 811a77b1-6578-4245-abb2-c653a3488063 | ITER: 3 END: OK
2019-08-05 08:51:58.226 3476 INFO rally.task.runner [-] Task 811a77b1-6578-4245-abb2-c653a3488063 | ITER: 8 START
2019-08-05 08:52:01.403 3475 INFO rally.task.runner [-] Task 811a77b1-6578-4245-abb2-c653a3488063 | ITER: 6 END: OK
2019-08-05 08:52:01.409 3475 INFO rally.task.runner [-] Task 811a77b1-6578-4245-abb2-c653a3488063 | ITER: 9 START
2019-08-05 08:52:01.628 3474 INFO rally.task.runner [-] Task 811a77b1-6578-4245-abb2-c653a3488063 | ITER: 5 END: OK
2019-08-05 08:52:01.634 3474 INFO rally.task.runner [-] Task 811a77b1-6578-4245-abb2-c653a3488063 | ITER: 10 START
2019-08-05 08:52:01.775 3477 INFO rally.task.runner [-] Task 811a77b1-6578-4245-abb2-c653a3488063 | ITER: 7 END: OK
2019-08-05 08:52:01.823 3476 INFO rally.task.runner [-] Task 811a77b1-6578-4245-abb2-c653a3488063 | ITER: 8 END: OK
2019-08-05 08:52:04.858 3475 INFO rally.task.runner [-] Task 811a77b1-6578-4245-abb2-c653a3488063 | ITER: 9 END: OK
2019-08-05 08:52:05.276 3474 INFO rally.task.runner [-] Task 811a77b1-6578-4245-abb2-c653a3488063 | ITER: 10 END: OK
2019-08-05 08:52:05.305 1842 INFO rally.task.context [-] Task 811a77b1-6578-4245-abb2-c653a3488063 | Context cleanup@openstack cleanup() started
2019-08-05 08:52:05.307 1842 RALLYDEBUG rally_openstack.cleanup.manager [-] Cleaning up cinder backups objects
2019-08-05 08:52:07.579 1842 RALLYDEBUG rally_openstack.cleanup.manager [-] Cleaning up cinder volume_snapshots objects
2019-08-05 08:52:09.709 1842 RALLYDEBUG rally_openstack.cleanup.manager [-] Cleaning up cinder transfers objects
2019-08-05 08:52:11.859 1842 RALLYDEBUG rally_openstack.cleanup.manager [-] Cleaning up cinder volumes objects
2019-08-05 08:52:14.348 1842 RALLYDEBUG rally_openstack.cleanup.manager [-] Deleting cinder.volumes object s_rally_b0b3782b_fkzG78vX (c19bfce2-2c90-4966-87d5-e81eac433210)
2019-08-05 08:52:14.349 1842 RALLYDEBUG rally_openstack.cleanup.manager [-] Deleting cinder.volumes object s_rally_b0b3782b_rDBObgiy (6c890058-4ef3-4c27-aa3f-612a5af0dbfa)
2019-08-05 08:52:14.349 1842 RALLYDEBUG rally_openstack.cleanup.manager [-] Deleting cinder.volumes object s_rally_b0b3782b_QdETfDFm (7077243f-0f32-42b9-b3d4-dd8bd053883d)
2019-08-05 08:52:14.350 1842 RALLYDEBUG rally_openstack.cleanup.manager [-] Deleting cinder.volumes object s_rally_b0b3782b_rkE6rASc (ee8de510-b94b-4c34-8575-a8df5fa4842a)
2019-08-05 08:52:14.354 1842 RALLYDEBUG rally_openstack.cleanup.manager [-] Deleting cinder.volumes object s_rally_b0b3782b_Vqwab9mk (10e32cf2-90cd-4d1b-ae60-a8555eb848f0)
2019-08-05 08:52:14.358 1842 RALLYDEBUG rally_openstack.cleanup.manager [-] Deleting cinder.volumes object s_rally_b0b3782b_NXbcPa8x (f8f0a84c-c6e6-4452-a3af-6bba057fbd5f)
2019-08-05 08:52:14.362 1842 RALLYDEBUG rally_openstack.cleanup.manager [-] Deleting cinder.volumes object s_rally_b0b3782b_cZHPV62Q (ffd33a72-b5d3-4936-bf75-2f6451376358)
2019-08-05 08:52:14.376 1842 RALLYDEBUG rally_openstack.cleanup.manager [-] Deleting cinder.volumes object s_rally_b0b3782b_FZQblbKP (074aa4c7-f16a-4756-846b-e7b646224572)
2019-08-05 08:52:14.385 1842 RALLYDEBUG rally_openstack.cleanup.manager [-] Deleting cinder.volumes object s_rally_b0b3782b_AOc8wJUL (e96a16a1-adb2-4ca9-87a0-dc73d7e6118b)
2019-08-05 08:52:14.404 1842 RALLYDEBUG rally_openstack.cleanup.manager [-] Deleting cinder.volumes object s_rally_b0b3782b_ouWFYfzV (d926d71f-92a6-4fd6-9923-58c3fc639859)
2019-08-05 08:52:19.589 1842 INFO rally.task.context [-] Task 811a77b1-6578-4245-abb2-c653a3488063 | Context cleanup@openstack cleanup() finished in 14.28 sec
2019-08-05 08:52:19.590 1842 INFO rally.task.context [-] Task 811a77b1-6578-4245-abb2-c653a3488063 | Context api_versions@openstack cleanup() started
2019-08-05 08:52:19.590 1842 INFO rally.task.context [-] Task 811a77b1-6578-4245-abb2-c653a3488063 | Context api_versions@openstack cleanup() finished in 0.35 msec
2019-08-05 08:52:19.591 1842 INFO rally.task.context [-] Task 811a77b1-6578-4245-abb2-c653a3488063 | Context users@openstack cleanup() started
2019-08-05 08:52:28.241 1842 INFO rally.task.context [-] Task 811a77b1-6578-4245-abb2-c653a3488063 | Context users@openstack cleanup() finished in 8.65 sec
2019-08-05 08:52:29.058 1842 INFO rally.task.engine [-] Load duration is: 11.043352
2019-08-05 08:52:29.058 1842 INFO rally.task.engine [-] Full runner duration is: 11.093344
2019-08-05 08:52:29.058 1842 INFO rally.task.engine [-] Full duration is: 39.358212
2019-08-05 08:52:29.215 1842 INFO rally.task.engine [-] Running workload: position = 1 config = { "version": 2, "title": "A cropped version of a bigger task.", "description": "Auto-generated task from a single workload (uuid=1683f7bc-b1ed-4983-b4c2-f096e7e0a5fe)", "subtasks": [ { "title": "CinderVolumes.create_volume", "description": "Create a volume.", "scenario": { "CinderVolumes.create_volume": { "size": { "min": 1, "max": 1 } } }, "contexts": { "users": { "tenants": 3, "users_per_tenant": 2 }, "quotas": { "cinder": { "gigabytes": -1, "snapshots": -1, "volumes": -1 } }, "api_versions": { "cinder": { "version": 3, "service_type": "volumev3" } } }, "runner": { "constant": { "concurrency": 4, "times": 10 } }, "hooks": [], "sla": { "failure_rate": { "max": 0 } } } ] }
2019-08-05 08:52:29.239 1842 RALLYDEBUG rally_openstack.contexts.keystone.users [-] Creating 3 tenants using 20 threads
2019-08-05 08:52:31.157 1842 RALLYDEBUG rally_openstack.contexts.keystone.users [-] Creating 6 users using 20 threads
2019-08-05 08:52:33.997 1842 INFO rally.task.context [-] Task 811a77b1-6578-4245-abb2-c653a3488063 | Context users@openstack setup() finished in 4.76 sec
2019-08-05 08:52:34.417 1842 INFO rally.task.context [-] Task 811a77b1-6578-4245-abb2-c653a3488063 | Context api_versions@openstack setup() finished in 0.42 sec
2019-08-05 08:52:36.053 1842 INFO rally.task.context [-] Task 811a77b1-6578-4245-abb2-c653a3488063 | Context quotas@openstack setup() finished in 1.64 sec
2019-08-05 08:52:36.054 1842 INFO rally.task.context [-] Task 811a77b1-6578-4245-abb2-c653a3488063 | Context cleanup@openstack setup() finished in 0.01 msec
2019-08-05 08:52:36.061 1842 RALLYDEBUG rally.task.runner [-] Starting the constant runner (task UUID: 811a77b1-6578-4245-abb2-c653a3488063). timeout: 0 concurrency: 4 concurrency_per_worker: 1 times: 10 concurrency_overhead: 0 processes_to_start: 4 max_cpu_used: 16
2019-08-05 08:52:36.074 3658 RALLYDEBUG rally.task.runner [-] Starting a worker. concurrency: 1 args: {"size": {"min": 1, "max": 1}} times: 10 method_name: run timeout: 0 duration: None cls:
2019-08-05 08:52:36.076 3659 RALLYDEBUG rally.task.runner [-] Starting a worker. concurrency: 1 args: {"size": {"min": 1, "max": 1}} times: 10 method_name: run timeout: 0 duration: None cls:
2019-08-05 08:52:36.080 3660 RALLYDEBUG rally.task.runner [-] Starting a worker. concurrency: 1 args: {"size": {"min": 1, "max": 1}} times: 10 method_name: run timeout: 0 duration: None cls:
2019-08-05 08:52:36.082 3658 INFO rally.task.runner [-] Task 811a77b1-6578-4245-abb2-c653a3488063 | ITER: 1 START
2019-08-05 08:52:36.083 3661 RALLYDEBUG rally.task.runner [-] Starting a worker. concurrency: 1 args: {"size": {"min": 1, "max": 1}} times: 10 method_name: run timeout: 0 duration: None cls:
2019-08-05 08:52:36.085 3659 INFO rally.task.runner [-] Task 811a77b1-6578-4245-abb2-c653a3488063 | ITER: 2 START
2019-08-05 08:52:36.087 3660 INFO rally.task.runner [-] Task 811a77b1-6578-4245-abb2-c653a3488063 | ITER: 3 START
2019-08-05 08:52:36.091 3661 INFO rally.task.runner [-] Task 811a77b1-6578-4245-abb2-c653a3488063 | ITER: 4 START
2019-08-05 08:52:39.727 3658 INFO rally.task.runner [-] Task 811a77b1-6578-4245-abb2-c653a3488063 | ITER: 1 END: OK
2019-08-05 08:52:39.732 3658 INFO rally.task.runner [-] Task 811a77b1-6578-4245-abb2-c653a3488063 | ITER: 5 START
2019-08-05 08:52:39.809 3660 INFO rally.task.runner [-] Task 811a77b1-6578-4245-abb2-c653a3488063 | ITER: 3 END: OK
2019-08-05 08:52:39.814 3660 INFO rally.task.runner [-] Task 811a77b1-6578-4245-abb2-c653a3488063 | ITER: 6 START
2019-08-05 08:52:39.822 3659 INFO rally.task.runner [-] Task 811a77b1-6578-4245-abb2-c653a3488063 | ITER: 2 END: OK
2019-08-05 08:52:39.827 3659 INFO rally.task.runner [-] Task 811a77b1-6578-4245-abb2-c653a3488063 | ITER: 7 START
2019-08-05 08:52:39.862 3661 INFO rally.task.runner [-] Task 811a77b1-6578-4245-abb2-c653a3488063 | ITER: 4 END: OK
2019-08-05 08:52:39.868 3661 INFO rally.task.runner [-] Task 811a77b1-6578-4245-abb2-c653a3488063 | ITER: 8 START
2019-08-05 08:52:43.415 3658 INFO rally.task.runner [-] Task 811a77b1-6578-4245-abb2-c653a3488063 | ITER: 5 END: OK
2019-08-05 08:52:43.420 3658 INFO rally.task.runner [-] Task 811a77b1-6578-4245-abb2-c653a3488063 | ITER: 9 START
2019-08-05 08:52:43.530 3660 INFO rally.task.runner [-] Task 811a77b1-6578-4245-abb2-c653a3488063 | ITER: 6 END: OK
2019-08-05 08:52:43.535 3660 INFO rally.task.runner [-] Task 811a77b1-6578-4245-abb2-c653a3488063 | ITER: 10 START
2019-08-05 08:52:43.748 3661 INFO rally.task.runner [-] Task 811a77b1-6578-4245-abb2-c653a3488063 | ITER: 8 END: OK
2019-08-05 08:52:43.885 3659 INFO rally.task.runner [-] Task 811a77b1-6578-4245-abb2-c653a3488063 | ITER: 7 END: OK
2019-08-05 08:52:47.042 3658 INFO rally.task.runner [-] Task 811a77b1-6578-4245-abb2-c653a3488063 | ITER: 9 END: OK
2019-08-05 08:52:47.329 3660 INFO rally.task.runner [-] Task 811a77b1-6578-4245-abb2-c653a3488063 | ITER: 10 END: OK
2019-08-05 08:52:47.353 1842 INFO rally.task.context [-] Task 811a77b1-6578-4245-abb2-c653a3488063 | Context cleanup@openstack cleanup() started
2019-08-05 08:52:47.356 1842 RALLYDEBUG rally_openstack.cleanup.manager [-] Cleaning up cinder backups objects
2019-08-05 08:52:49.496 1842 RALLYDEBUG rally_openstack.cleanup.manager [-] Cleaning up cinder volume_snapshots objects
2019-08-05 08:52:51.723 1842 RALLYDEBUG rally_openstack.cleanup.manager [-] Cleaning up cinder transfers objects
2019-08-05 08:52:53.955 1842 RALLYDEBUG rally_openstack.cleanup.manager [-] Cleaning up cinder volumes objects
2019-08-05 08:52:56.283 1842 RALLYDEBUG rally_openstack.cleanup.manager [-] Deleting cinder.volumes object s_rally_1683f7bc_5kp6SlCi (c853f228-ef54-414c-9cb1-7c478298cfd2)
2019-08-05 08:52:56.284 1842 RALLYDEBUG rally_openstack.cleanup.manager [-] Deleting cinder.volumes object s_rally_1683f7bc_3j4PnSyl (c1fad70c-f22a-471e-858e-fb02407d781d)
2019-08-05 08:52:56.285 1842 RALLYDEBUG rally_openstack.cleanup.manager [-] Deleting cinder.volumes object s_rally_1683f7bc_ZgdcNhkl (f72eebeb-845c-4d87-a623-1cdfea56c6fe)
2019-08-05 08:52:56.287 1842 RALLYDEBUG rally_openstack.cleanup.manager [-] Deleting cinder.volumes object s_rally_1683f7bc_vITz0OU0 (bdf9402c-b3bd-4a76-a9b8-64038e48cbd6)
2019-08-05 08:52:56.290 1842 RALLYDEBUG rally_openstack.cleanup.manager [-] Deleting cinder.volumes object s_rally_1683f7bc_kQSi9KGP (57f48ca1-7c29-4aa0-891c-980767cdc163)
2019-08-05 08:52:56.291 1842 RALLYDEBUG rally_openstack.cleanup.manager [-] Deleting cinder.volumes object s_rally_1683f7bc_aVwLyVAE (5a391887-ff39-44c0-a915-965438435fd9)
2019-08-05 08:52:56.302 1842 RALLYDEBUG rally_openstack.cleanup.manager [-] Deleting cinder.volumes object s_rally_1683f7bc_HcPVWxj6 (279ac80d-074d-4f53-b296-a5452fbd23c7)
2019-08-05 08:52:56.302 1842 RALLYDEBUG rally_openstack.cleanup.manager [-] Deleting cinder.volumes object s_rally_1683f7bc_mlTgjqSY (017689e6-fbd0-4e81-86d1-2ac305e09d1b)
2019-08-05 08:52:56.322 1842 RALLYDEBUG rally_openstack.cleanup.manager [-] Deleting cinder.volumes object s_rally_1683f7bc_GkybwzJg (f526127d-7518-447c-9de4-aa0d01b17489)
2019-08-05 08:52:56.333 1842 RALLYDEBUG rally_openstack.cleanup.manager [-] Deleting cinder.volumes object s_rally_1683f7bc_J4gxolks (34782240-c2b9-40a6-9ef4-3266a9902a4b)
2019-08-05 08:53:00.235 1842 INFO rally.task.context [-] Task 811a77b1-6578-4245-abb2-c653a3488063 | Context cleanup@openstack cleanup() finished in 12.88 sec
2019-08-05 08:53:00.236 1842 INFO rally.task.context [-] Task 811a77b1-6578-4245-abb2-c653a3488063 | Context quotas@openstack cleanup() started
2019-08-05 08:53:01.053 1842 INFO rally.task.context [-] Task 811a77b1-6578-4245-abb2-c653a3488063 | Context quotas@openstack cleanup() finished in 0.82 sec
2019-08-05 08:53:01.053 1842 INFO rally.task.context [-] Task 811a77b1-6578-4245-abb2-c653a3488063 | Context api_versions@openstack cleanup() started
2019-08-05 08:53:01.053 1842 INFO rally.task.context [-] Task 811a77b1-6578-4245-abb2-c653a3488063 | Context api_versions@openstack cleanup() finished in 0.33 msec
2019-08-05 08:53:01.054 1842 INFO rally.task.context [-] Task 811a77b1-6578-4245-abb2-c653a3488063 | Context users@openstack cleanup() started
2019-08-05 08:53:09.258 1842 INFO rally.task.context [-] Task 811a77b1-6578-4245-abb2-c653a3488063 | Context users@openstack cleanup() finished in 8.20 sec
2019-08-05 08:53:09.401 1842 INFO rally.task.engine [-] Load duration is: 11.242457
2019-08-05 08:53:09.401 1842 INFO rally.task.engine [-] Full runner duration is: 11.292335
2019-08-05 08:53:09.402 1842 INFO rally.task.engine [-] Full duration is: 40.022477
2019-08-05 08:53:09.623 1842 INFO rally.task.engine [-] Running workload: position = 0 config = { "version": 2, "title": "A cropped version of a bigger task.", "description": "Auto-generated task from a single workload (uuid=1b82359f-bc51-4edf-a18e-0f85e6b26f5b)", "subtasks": [ { "title": "CinderVolumes.list_volumes", "description": "List all volumes.", "scenario": { "CinderVolumes.list_volumes": { "detailed": true } }, "contexts": { "users": { "tenants": 3, "users_per_tenant": 2 }, "quotas": { "cinder": { "gigabytes": -1, "snapshots": -1, "volumes": -1 } }, "api_versions": { "cinder": { "version": 3, "service_type": "volumev3" } }, "volumes": { "size": 1, "volumes_per_tenant": 4 } }, "runner": { "constant": { "concurrency": 4, "times": 10 } }, "hooks": [], "sla": { "failure_rate": { "max": 0 } } } ] }
2019-08-05 08:53:09.649 1842 RALLYDEBUG rally_openstack.contexts.keystone.users [-] Creating 3 tenants using 20 threads
2019-08-05 08:53:11.510 1842 RALLYDEBUG rally_openstack.contexts.keystone.users [-] Creating 6 users using 20 threads
2019-08-05 08:53:14.429 1842 INFO rally.task.context [-] Task 811a77b1-6578-4245-abb2-c653a3488063 | Context users@openstack setup() finished in 4.78 sec
2019-08-05 08:53:14.874 1842 INFO rally.task.context [-] Task 811a77b1-6578-4245-abb2-c653a3488063 | Context api_versions@openstack setup() finished in 0.44 sec
2019-08-05 08:53:16.561 1842 INFO rally.task.context [-] Task 811a77b1-6578-4245-abb2-c653a3488063 | Context quotas@openstack setup() finished in 1.69 sec
2019-08-05 08:53:55.210 1842 INFO rally.task.context [-] Task 811a77b1-6578-4245-abb2-c653a3488063 | Context volumes@openstack setup() finished in 38.65 sec
2019-08-05 08:53:55.219 1842 RALLYDEBUG rally.task.runner [-] Starting the constant runner (task UUID: 811a77b1-6578-4245-abb2-c653a3488063). timeout: 0 concurrency: 4 concurrency_per_worker: 1 times: 10 concurrency_overhead: 0 processes_to_start: 4 max_cpu_used: 16
2019-08-05 08:53:55.231 3842 RALLYDEBUG rally.task.runner [-] Starting a worker. concurrency: 1 args: {"detailed": true} times: 10 method_name: run timeout: 0 duration: None cls:
2019-08-05 08:53:55.235 3843 RALLYDEBUG rally.task.runner [-] Starting a worker. concurrency: 1 args: {"detailed": true} times: 10 method_name: run timeout: 0 duration: None cls:
2019-08-05 08:53:55.238 3844 RALLYDEBUG rally.task.runner [-] Starting a worker. concurrency: 1 args: {"detailed": true} times: 10 method_name: run timeout: 0 duration: None cls:
2019-08-05 08:53:55.241 3845 RALLYDEBUG rally.task.runner [-] Starting a worker. concurrency: 1 args: {"detailed": true} times: 10 method_name: run timeout: 0 duration: None cls:
2019-08-05 08:53:55.243 3842 INFO rally.task.runner [-] Task 811a77b1-6578-4245-abb2-c653a3488063 | ITER: 1 START
2019-08-05 08:53:55.246 3843 INFO rally.task.runner [-] Task 811a77b1-6578-4245-abb2-c653a3488063 | ITER: 2 START
2019-08-05 08:53:55.250 3844 INFO rally.task.runner [-] Task 811a77b1-6578-4245-abb2-c653a3488063 | ITER: 3 START
2019-08-05 08:53:55.252 3845 INFO rally.task.runner [-] Task 811a77b1-6578-4245-abb2-c653a3488063 | ITER: 4 START
2019-08-05 08:53:56.042 3842 INFO rally.task.runner [-] Task 811a77b1-6578-4245-abb2-c653a3488063 | ITER: 1 END: OK
2019-08-05 08:53:56.048 3844 INFO rally.task.runner [-] Task 811a77b1-6578-4245-abb2-c653a3488063 | ITER: 3 END: OK
2019-08-05 08:53:56.049 3842 INFO rally.task.runner [-] Task 811a77b1-6578-4245-abb2-c653a3488063 | ITER: 5 START
2019-08-05 08:53:56.055 3844 INFO rally.task.runner [-] Task 811a77b1-6578-4245-abb2-c653a3488063 | ITER: 6 START
2019-08-05 08:53:56.061 3843 INFO rally.task.runner [-] Task 811a77b1-6578-4245-abb2-c653a3488063 | ITER: 2 END: OK
2019-08-05 08:53:56.064 3845 INFO rally.task.runner [-] Task 811a77b1-6578-4245-abb2-c653a3488063 | ITER: 4 END: OK
2019-08-05 08:53:56.068 3843 INFO rally.task.runner [-] Task 811a77b1-6578-4245-abb2-c653a3488063 | ITER: 7 START
2019-08-05 08:53:56.071 3845 INFO rally.task.runner [-] Task 811a77b1-6578-4245-abb2-c653a3488063 | ITER: 8 START
2019-08-05 08:53:56.842 3844 INFO rally.task.runner [-] Task 811a77b1-6578-4245-abb2-c653a3488063 | ITER: 6 END: OK
2019-08-05 08:53:56.847 3844 INFO rally.task.runner [-] Task 811a77b1-6578-4245-abb2-c653a3488063 | ITER: 9 START
2019-08-05 08:53:56.849 3845 INFO rally.task.runner [-] Task 811a77b1-6578-4245-abb2-c653a3488063 | ITER: 8 END: OK
2019-08-05 08:53:56.852 3842 INFO rally.task.runner [-] Task 811a77b1-6578-4245-abb2-c653a3488063 | ITER: 5 END: OK
2019-08-05 08:53:56.855 3845 INFO rally.task.runner [-] Task 811a77b1-6578-4245-abb2-c653a3488063 | ITER: 10 START
2019-08-05 08:53:56.871 3843 INFO rally.task.runner [-] Task 811a77b1-6578-4245-abb2-c653a3488063 | ITER: 7 END: OK
2019-08-05 08:53:57.556 3844 INFO rally.task.runner [-] Task 811a77b1-6578-4245-abb2-c653a3488063 | ITER: 9 END: OK
2019-08-05 08:53:57.562 3845 INFO rally.task.runner [-] Task 811a77b1-6578-4245-abb2-c653a3488063 | ITER: 10 END: OK
2019-08-05 08:53:57.583 1842 INFO rally.task.context [-] Task 811a77b1-6578-4245-abb2-c653a3488063 | Context volumes@openstack cleanup() started
2019-08-05 08:53:57.584 1842 RALLYDEBUG rally_openstack.cleanup.manager [-] Cleaning up cinder volumes objects
2019-08-05 08:53:59.897 1842 RALLYDEBUG rally_openstack.cleanup.manager [-] Deleting cinder.volumes object c_rally_1b82359f_jDfOq1ys (278aa9a9-a89e-4e3b-8a90-3ea287f3bd1f)
2019-08-05 08:53:59.900 1842 RALLYDEBUG rally_openstack.cleanup.manager [-] Deleting cinder.volumes object c_rally_1b82359f_vSPIqQlh (3f15de36-a5a7-45df-8dc3-148cc14c863b)
2019-08-05 08:53:59.905 1842 RALLYDEBUG rally_openstack.cleanup.manager [-] Deleting cinder.volumes object c_rally_1b82359f_OuLkZAWg (167d87cb-8c12-4370-a647-1d0971fd3884)
2019-08-05 08:53:59.909 1842 RALLYDEBUG rally_openstack.cleanup.manager [-] Deleting cinder.volumes object c_rally_1b82359f_6X6M5jVH (9839a57e-9d76-488a-abc3-4002d76fa554)
2019-08-05 08:53:59.913 1842 RALLYDEBUG rally_openstack.cleanup.manager [-] Deleting cinder.volumes object c_rally_1b82359f_9i5VAnIT (29e2ef01-96b7-4e05-874b-5be77f889cf5)
2019-08-05 08:53:59.914 1842 RALLYDEBUG rally_openstack.cleanup.manager [-] Deleting cinder.volumes object c_rally_1b82359f_DabB9a6f (9b366b89-aa12-472c-bb69-743fa62c6993)
2019-08-05 08:53:59.919 1842 RALLYDEBUG rally_openstack.cleanup.manager [-] Deleting cinder.volumes object c_rally_1b82359f_20M02FMW (4268b05b-01a9-4d46-bc9f-299401be7ce1)
2019-08-05 08:53:59.932 1842 RALLYDEBUG rally_openstack.cleanup.manager [-] Deleting cinder.volumes object c_rally_1b82359f_hp2LbfZc (8ba533a9-03f7-4b31-a678-03fbac8602d4)
2019-08-05 08:53:59.935 1842 RALLYDEBUG rally_openstack.cleanup.manager [-] Deleting cinder.volumes object c_rally_1b82359f_IWRhqwjM (61726a6c-19f9-400b-854b-307d1408db22)
2019-08-05 08:53:59.937 1842 RALLYDEBUG rally_openstack.cleanup.manager [-] Deleting cinder.volumes object c_rally_1b82359f_A8xobFhH (afb561ce-5d2b-4222-be0a-4b4267fb63c7)
2019-08-05 08:53:59.961 1842 RALLYDEBUG rally_openstack.cleanup.manager [-] Deleting cinder.volumes object c_rally_1b82359f_rKgxwAlp (47893806-9ef9-48e2-a022-ae0224f4e0fe)
2019-08-05 08:53:59.969 1842 RALLYDEBUG rally_openstack.cleanup.manager [-] Deleting cinder.volumes object c_rally_1b82359f_lz0YC3YR (5d0a9fc0-0474-40dc-a5aa-4499f9793b87)
2019-08-05 08:54:04.680 1842 INFO rally.task.context [-] Task 811a77b1-6578-4245-abb2-c653a3488063 | Context volumes@openstack cleanup() finished in 7.10 sec
2019-08-05 08:54:04.680 1842 INFO rally.task.context [-] Task 811a77b1-6578-4245-abb2-c653a3488063 | Context quotas@openstack cleanup() started
2019-08-05 08:54:05.412 1842 INFO rally.task.context [-] Task 811a77b1-6578-4245-abb2-c653a3488063 | Context quotas@openstack cleanup() finished in 0.73 sec
2019-08-05 08:54:05.413 1842 INFO rally.task.context [-] Task 811a77b1-6578-4245-abb2-c653a3488063 | Context api_versions@openstack cleanup() started
2019-08-05 08:54:05.413 1842 INFO rally.task.context [-] Task 811a77b1-6578-4245-abb2-c653a3488063 | Context api_versions@openstack cleanup() finished in 0.36 msec
2019-08-05 08:54:05.414 1842 INFO rally.task.context [-] Task 811a77b1-6578-4245-abb2-c653a3488063 | Context users@openstack cleanup() started
2019-08-05 08:54:13.569 1842 INFO rally.task.context [-] Task 811a77b1-6578-4245-abb2-c653a3488063 | Context users@openstack cleanup() finished in 8.16 sec
2019-08-05 08:54:13.895 1842 INFO rally.task.engine [-] Load duration is: 2.315959
2019-08-05 08:54:13.896 1842 INFO rally.task.engine [-] Full runner duration is: 2.36473
2019-08-05 08:54:13.896 1842 INFO rally.task.engine [-] Full duration is: 63.923988
2019-08-05 08:54:14.144 1842 INFO rally.task.engine [-] Running workload: position = 0 config = { "version": 2, "title": "A cropped version of a bigger task.", "description": "Auto-generated task from a single workload (uuid=a18260a2-9d43-4162-95b0-a757011ae033)", "subtasks": [ { "title": "CinderVolumes.create_and_delete_snapshot", "description": "Create and then delete a volume-snapshot.", "scenario": { "CinderVolumes.create_and_delete_snapshot": { "force": false } }, "contexts": { "users": { "tenants": 3, "users_per_tenant": 2 }, "quotas": { "cinder": { "gigabytes": -1, "snapshots": -1, "volumes": -1 } }, "api_versions": { "cinder": { "version": 3, "service_type": "volumev3" } }, "volumes": { "size": 1, "volumes_per_tenant": 1 } }, "runner": { "constant": { "concurrency": 4, "times": 10 } }, "hooks": [], "sla": { "failure_rate": { "max": 0 } } } ] }
2019-08-05 08:54:14.168 1842 RALLYDEBUG rally_openstack.contexts.keystone.users [-] Creating 3 tenants using 20 threads
2019-08-05 08:54:16.150 1842 RALLYDEBUG rally_openstack.contexts.keystone.users [-] Creating 6 users using 20 threads
2019-08-05 08:54:19.048 1842 INFO rally.task.context [-] Task 811a77b1-6578-4245-abb2-c653a3488063 | Context users@openstack setup() finished in 4.88 sec
2019-08-05 08:54:19.575 1842 INFO rally.task.context [-] Task 811a77b1-6578-4245-abb2-c653a3488063 | Context api_versions@openstack setup() finished in 0.53 sec
2019-08-05 08:54:21.322 1842 INFO rally.task.context [-] Task 811a77b1-6578-4245-abb2-c653a3488063 | Context quotas@openstack setup() finished in 1.75 sec
2019-08-05 08:54:32.501 1842 INFO rally.task.context [-] Task 811a77b1-6578-4245-abb2-c653a3488063 | Context volumes@openstack setup() finished in 11.18 sec
2019-08-05 08:54:32.501 1842 INFO rally.task.context [-] Task 811a77b1-6578-4245-abb2-c653a3488063 | Context cleanup@openstack setup() finished in 0.01 msec
2019-08-05 08:54:32.509 1842 RALLYDEBUG rally.task.runner [-] Starting the constant runner (task UUID: 811a77b1-6578-4245-abb2-c653a3488063). timeout: 0 concurrency: 4 concurrency_per_worker: 1 times: 10 concurrency_overhead: 0 processes_to_start: 4 max_cpu_used: 16
2019-08-05 08:54:32.522 3966 RALLYDEBUG rally.task.runner [-] Starting a worker. concurrency: 1 args: {"force": false} times: 10 method_name: run timeout: 0 duration: None cls:
2019-08-05 08:54:32.525 3968 RALLYDEBUG rally.task.runner [-] Starting a worker. concurrency: 1 args: {"force": false} times: 10 method_name: run timeout: 0 duration: None cls:
2019-08-05 08:54:32.525 3967 RALLYDEBUG rally.task.runner [-] Starting a worker. concurrency: 1 args: {"force": false} times: 10 method_name: run timeout: 0 duration: None cls:
2019-08-05 08:54:32.529 3968 INFO rally.task.runner [-] Task 811a77b1-6578-4245-abb2-c653a3488063 | ITER: 2 START
2019-08-05 08:54:32.529 3966 INFO rally.task.runner [-] Task 811a77b1-6578-4245-abb2-c653a3488063 | ITER: 1 START
2019-08-05 08:54:32.530 3969 RALLYDEBUG rally.task.runner [-] Starting a worker. concurrency: 1 args: {"force": false} times: 10 method_name: run timeout: 0 duration: None cls:
2019-08-05 08:54:32.532 3967 INFO rally.task.runner [-] Task 811a77b1-6578-4245-abb2-c653a3488063 | ITER: 3 START
2019-08-05 08:54:32.536 3969 INFO rally.task.runner [-] Task 811a77b1-6578-4245-abb2-c653a3488063 | ITER: 4 START
2019-08-05 08:54:36.424 3966 RALLYDEBUG rally.task.utils [-] Waiting for resource s_rally_a18260a2_0PHCNuLm. Status changed: AVAILABLE => DELETING in 0.325656890869
2019-08-05 08:54:36.646 3968 RALLYDEBUG rally.task.utils [-] Waiting for resource s_rally_a18260a2_ujDPH593. Status changed: AVAILABLE => DELETING in 0.212634801865
2019-08-05 08:54:36.691 3967 RALLYDEBUG rally.task.utils [-] Waiting for resource s_rally_a18260a2_j93Q3fMQ. Status changed: AVAILABLE => DELETING in 0.329703092575
2019-08-05 08:54:36.885 3969 RALLYDEBUG rally.task.utils [-] Waiting for resource s_rally_a18260a2_pS4KRDpY. Status changed: AVAILABLE => DELETING in 0.306586027145
2019-08-05 08:54:38.451 3966 INFO rally.task.runner [-] Task 811a77b1-6578-4245-abb2-c653a3488063 | ITER: 1 END: OK
2019-08-05 08:54:38.457 3966 INFO rally.task.runner [-] Task 811a77b1-6578-4245-abb2-c653a3488063 | ITER: 5 START
2019-08-05 08:54:38.911 3969 INFO rally.task.runner [-] Task 811a77b1-6578-4245-abb2-c653a3488063 | ITER: 4 END: OK
2019-08-05 08:54:38.916 3969 INFO rally.task.runner [-] Task 811a77b1-6578-4245-abb2-c653a3488063 | ITER: 6 START
2019-08-05 08:54:38.943 3968 INFO rally.task.runner [-] Task 811a77b1-6578-4245-abb2-c653a3488063 | ITER: 2 END: OK
2019-08-05 08:54:38.948 3968 INFO rally.task.runner [-] Task 811a77b1-6578-4245-abb2-c653a3488063 | ITER: 7 START
2019-08-05 08:54:38.991 3967 INFO rally.task.runner [-] Task 811a77b1-6578-4245-abb2-c653a3488063 | ITER: 3 END: OK
2019-08-05 08:54:38.996 3967 INFO rally.task.runner [-] Task 811a77b1-6578-4245-abb2-c653a3488063 | ITER: 8 START
2019-08-05 08:54:42.644 3966 RALLYDEBUG rally.task.utils [-] Waiting for resource s_rally_a18260a2_bBIk9eKA. Status changed: AVAILABLE => DELETING in 0.216896057129
2019-08-05 08:54:42.847 3968 RALLYDEBUG rally.task.utils [-] Waiting for resource s_rally_a18260a2_BxPzM5b0. Status changed: AVAILABLE => DELETING in 0.0256860256195
2019-08-05 08:54:42.861 3969 RALLYDEBUG rally.task.utils [-] Waiting for resource s_rally_a18260a2_0GbOpAVf. Status changed: AVAILABLE => DELETING in 0.0263361930847
2019-08-05 08:54:43.094 3967 RALLYDEBUG rally.task.utils [-] Waiting for resource s_rally_a18260a2_TklGwlSq. Status changed: AVAILABLE => DELETING in 0.289792060852
2019-08-05 08:54:44.942 3966 INFO rally.task.runner [-] Task 811a77b1-6578-4245-abb2-c653a3488063 | ITER: 5 END: OK
2019-08-05 08:54:44.947 3966 INFO rally.task.runner [-] Task 811a77b1-6578-4245-abb2-c653a3488063 | ITER: 9 START
2019-08-05 08:54:45.078 3968 INFO rally.task.runner [-] Task 811a77b1-6578-4245-abb2-c653a3488063 | ITER: 7 END: OK
2019-08-05 08:54:45.083 3969 INFO rally.task.runner [-] Task 811a77b1-6578-4245-abb2-c653a3488063 | ITER: 6 END: OK
