2019-08-05 08:27:49.600 7 RALLYDEBUG rally.api [-] INFO logs from urllib3 and requests module are hide.
2019-08-05 08:27:49.600 7 RALLYDEBUG rally.api [-] urllib3 insecure warnings are hidden.
2019-08-05 08:27:49.600 7 RALLYDEBUG rally.api [-] ERROR log from boto module is hide.
2019-08-05 08:27:50.852 7 ERROR rally.cli.cliutils [-] Unexpected exception in CLI: DBRecordNotFound: Record for uuid or name is opnfv-rally not found in table envs
2019-08-05 08:27:50.852 7 ERROR rally.cli.cliutils
Traceback (most recent call last):
2019-08-05 08:27:50.852 7 ERROR rally.cli.cliutils
File "/usr/lib/python2.7/site-packages/rally/cli/cliutils.py", line 674, in run
2019-08-05 08:27:50.852 7 ERROR rally.cli.cliutils ret = fn(*fn_args, **fn_kwargs)
2019-08-05 08:27:50.852 7 ERROR rally.cli.cliutils File "", line 2, in destroy
2019-08-05 08:27:50.852 7 ERROR rally.cli.cliutils
File "/usr/lib/python2.7/site-packages/rally/cli/envutils.py", line 69, in default_from_global
2019-08-05 08:27:50.852 7 ERROR rally.cli.cliutils return f(*args, **kwargs)
2019-08-05 08:27:50.852 7 ERROR rally.cli.cliutils File "", line 2, in destroy
2019-08-05 08:27:50.852 7 ERROR rally.cli.cliutils
File "/usr/lib/python2.7/site-packages/rally/plugins/__init__.py", line 51, in ensure_plugins_are_loaded
2019-08-05 08:27:50.852 7 ERROR rally.cli.cliutils return f(*args, **kwargs)
2019-08-05 08:27:50.852 7 ERROR rally.cli.cliutils
File "/usr/lib/python2.7/site-packages/rally/cli/commands/deployment.py", line 140, in destroy
2019-08-05 08:27:50.852 7 ERROR rally.cli.cliutils api.deployment.destroy(deployment=deployment)
2019-08-05 08:27:50.852 7 ERROR rally.cli.cliutils
File "/usr/lib/python2.7/site-packages/rally/api.py", line 115, in destroy
2019-08-05 08:27:50.852 7 ERROR rally.cli.cliutils deploy = objects.Deployment.get(deployment)
2019-08-05 08:27:50.852 7 ERROR rally.cli.cliutils
File "/usr/lib/python2.7/site-packages/rally/common/objects/deploy.py", line 124, in get
2019-08-05 08:27:50.852 7 ERROR rally.cli.cliutils return Deployment(env_mgr.EnvManager.get(deploy))
2019-08-05 08:27:50.852 7 ERROR rally.cli.cliutils
File "/usr/lib/python2.7/site-packages/rally/env/env_mgr.py", line 212, in get
2019-08-05 08:27:50.852 7 ERROR rally.cli.cliutils return cls(db.env_get(uuid_or_name))
2019-08-05 08:27:50.852 7 ERROR rally.cli.cliutils
File "/usr/lib/python2.7/site-packages/rally/common/db/api.py", line 135, in wrapper
2019-08-05 08:27:50.852 7 ERROR rally.cli.cliutils result = f(session, *args, **kwargs)
2019-08-05 08:27:50.852 7 ERROR rally.cli.cliutils
File "/usr/lib/python2.7/site-packages/rally/common/db/api.py", line 521, in env_get
2019-08-05 08:27:50.852 7 ERROR rally.cli.cliutils criteria="uuid or name is %s" % uuid_or_name, table="envs")
2019-08-05 08:27:50.852 7 ERROR rally.cli.cliutils DBRecordNotFound: Record for uuid or name is opnfv-rally not found in table envs
2019-08-05 08:27:50.852 7 ERROR rally.cli.cliutils
2019-08-05 08:27:51.646 9 RALLYDEBUG rally.api [-] INFO logs from urllib3 and requests module are hide.
2019-08-05 08:27:51.646 9 RALLYDEBUG rally.api [-] urllib3 insecure warnings are hidden.
2019-08-05 08:27:51.646 9 RALLYDEBUG rally.api [-] ERROR log from boto module is hide.
2019-08-05 08:27:52.943 9 WARNING rally_openstack.platforms.existing [-] endpoint is deprecated and not used.
2019-08-05 08:27:53.873 11 RALLYDEBUG rally.api [-] INFO logs from urllib3 and requests module are hide.
2019-08-05 08:27:53.873 11 RALLYDEBUG rally.api [-] urllib3 insecure warnings are hidden.
2019-08-05 08:27:53.873 11 RALLYDEBUG rally.api [-] ERROR log from boto module is hide.
2019-08-05 08:27:57.221 14 RALLYDEBUG rally.api [-] INFO logs from urllib3 and requests module are hide.
2019-08-05 08:27:57.221 14 RALLYDEBUG rally.api [-] urllib3 insecure warnings are hidden.
2019-08-05 08:27:57.221 14 RALLYDEBUG rally.api [-] ERROR log from boto module is hide.
2019-08-05 08:27:58.914 16 RALLYDEBUG rally.api [-] INFO logs from urllib3 and requests module are hide.
2019-08-05 08:27:58.914 16 RALLYDEBUG rally.api [-] urllib3 insecure warnings are hidden.
2019-08-05 08:27:58.914 16 RALLYDEBUG rally.api [-] ERROR log from boto module is hide.
2019-08-05 08:28:00.119 16 INFO rally.task.engine [-] Task 01805c4c-7338-4ced-8daa-bd56813182f7 | Starting: Task validation.
2019-08-05 08:28:00.156 16 INFO rally.task.engine [-] Task 01805c4c-7338-4ced-8daa-bd56813182f7 | Starting: Task validation of syntax.
2019-08-05 08:28:00.234 16 INFO rally.task.engine [-] Task 01805c4c-7338-4ced-8daa-bd56813182f7 | Completed: Task validation of syntax.
2019-08-05 08:28:00.234 16 INFO rally.task.engine [-] Task 01805c4c-7338-4ced-8daa-bd56813182f7 | Starting: Task validation of required platforms.
2019-08-05 08:28:00.270 16 INFO rally.task.engine [-] Task 01805c4c-7338-4ced-8daa-bd56813182f7 | Completed: Task validation of required platforms.
2019-08-05 08:28:00.270 16 INFO rally.task.engine [-] Task 01805c4c-7338-4ced-8daa-bd56813182f7 | Starting: Task validation of semantic.
2019-08-05 08:28:00.270 16 INFO rally.task.engine [-] Check health of the environment '2f54647f-f7a3-4bbc-afb6-11ea16242290'.
2019-08-05 08:28:01.111 16 INFO rally.task.engine [-] Platform existing@openstack (available: True): OK!
2019-08-05 08:28:01.132 16 RALLYDEBUG rally_openstack.contexts.keystone.users [-] Creating 1 tenants using 20 threads
2019-08-05 08:28:02.975 16 RALLYDEBUG rally_openstack.contexts.keystone.users [-] Creating 1 users using 20 threads
2019-08-05 08:28:05.746 16 INFO rally.task.context [-] Task 01805c4c-7338-4ced-8daa-bd56813182f7 | Context users@openstack setup() finished in 4.61 sec
2019-08-05 08:28:05.793 16 INFO rally.task.context [-] Task 01805c4c-7338-4ced-8daa-bd56813182f7 | Context users@openstack cleanup() started
2019-08-05 08:28:11.939 16 INFO rally.task.context [-] Task 01805c4c-7338-4ced-8daa-bd56813182f7 | Context users@openstack cleanup() finished in 6.15 sec
2019-08-05 08:28:11.940 16 INFO rally.task.engine [-] Task 01805c4c-7338-4ced-8daa-bd56813182f7 | Completed: Task validation of semantic.
2019-08-05 08:28:11.940 16 INFO rally.task.engine [-] Task 01805c4c-7338-4ced-8daa-bd56813182f7 | Completed: Task validation.
2019-08-05 08:28:11.940 16 INFO rally.api [-] Task 01805c4c-7338-4ced-8daa-bd56813182f7 input file is valid.
2019-08-05 08:28:11.941 16 INFO rally.api [-] Run Task 01805c4c-7338-4ced-8daa-bd56813182f7 against Deployment 2f54647f-f7a3-4bbc-afb6-11ea16242290
2019-08-05 08:28:11.941 16 INFO rally.task.engine [-] Task 01805c4c-7338-4ced-8daa-bd56813182f7 | Starting: Running task.
2019-08-05 08:28:12.073 16 INFO rally.task.engine [-] Running workload: position = 0 config = { "version": 2, "title": "A cropped version of a bigger task.", "description": "Auto-generated task from a single workload (uuid=f1652493-9e04-4d33-a793-44d8947f1c53)", "subtasks": [ { "title": "Authenticate.keystone", "description": "Check Keystone Client.", "scenario": { "Authenticate.keystone": {} }, "contexts": { "users": { "tenants": 3, "users_per_tenant": 2 } }, "runner": { "constant": { "concurrency": 4, "times": 10 } }, "hooks": [], "sla": { "failure_rate": { "max": 0 } } } ] }
2019-08-05 08:28:12.089 16 RALLYDEBUG rally_openstack.contexts.keystone.users [-] Creating 3 tenants using 20 threads
2019-08-05 08:28:13.987 16 RALLYDEBUG rally_openstack.contexts.keystone.users [-] Creating 6 users using 20 threads
2019-08-05 08:28:16.788 16 INFO rally.task.context [-] Task 01805c4c-7338-4ced-8daa-bd56813182f7 | Context users@openstack setup() finished in 4.70 sec
2019-08-05 08:28:16.797 16 RALLYDEBUG rally.task.runner [-] Starting the constant runner (task UUID: 01805c4c-7338-4ced-8daa-bd56813182f7). timeout: 0 concurrency: 4 concurrency_per_worker: 1 times: 10 concurrency_overhead: 0 processes_to_start: 4 max_cpu_used: 16
2019-08-05 08:28:16.812 140 RALLYDEBUG rally.task.runner [-] Starting a worker. concurrency: 1 args: {} times: 10 method_name: run timeout: 0 duration: None cls:
2019-08-05 08:28:16.814 141 RALLYDEBUG rally.task.runner [-] Starting a worker. concurrency: 1 args: {} times: 10 method_name: run timeout: 0 duration: None cls:
2019-08-05 08:28:16.817 140 INFO rally.task.runner [-] Task 01805c4c-7338-4ced-8daa-bd56813182f7 | ITER: 1 START
2019-08-05 08:28:16.817 142 RALLYDEBUG rally.task.runner [-] Starting a worker. concurrency: 1 args: {} times: 10 method_name: run timeout: 0 duration: None cls:
2019-08-05 08:28:16.820 141 INFO rally.task.runner [-] Task 01805c4c-7338-4ced-8daa-bd56813182f7 | ITER: 2 START
2019-08-05 08:28:16.820 143 RALLYDEBUG rally.task.runner [-] Starting a worker. concurrency: 1 args: {} times: 10 method_name: run timeout: 0 duration: None cls:
2019-08-05 08:28:16.823 142 INFO rally.task.runner [-] Task 01805c4c-7338-4ced-8daa-bd56813182f7 | ITER: 3 START
2019-08-05 08:28:16.826 143 INFO rally.task.runner [-] Task 01805c4c-7338-4ced-8daa-bd56813182f7 | ITER: 4 START
2019-08-05 08:28:17.426 142 INFO rally.task.runner [-] Task 01805c4c-7338-4ced-8daa-bd56813182f7 | ITER: 3 END: OK
2019-08-05 08:28:17.426 143 INFO rally.task.runner [-] Task 01805c4c-7338-4ced-8daa-bd56813182f7 | ITER: 4 END: OK
2019-08-05 08:28:17.429 140 INFO rally.task.runner [-] Task 01805c4c-7338-4ced-8daa-bd56813182f7 | ITER: 1 END: OK
2019-08-05 08:28:17.430 143 INFO rally.task.runner [-] Task 01805c4c-7338-4ced-8daa-bd56813182f7 | ITER: 5 START
2019-08-05 08:28:17.431 142 INFO rally.task.runner [-] Task 01805c4c-7338-4ced-8daa-bd56813182f7 | ITER: 6 START
2019-08-05 08:28:17.434 140 INFO rally.task.runner [-] Task 01805c4c-7338-4ced-8daa-bd56813182f7 | ITER: 7 START
2019-08-05 08:28:17.456 141 INFO rally.task.runner [-] Task 01805c4c-7338-4ced-8daa-bd56813182f7 | ITER: 2 END: OK
2019-08-05 08:28:17.459 141 INFO rally.task.runner [-] Task 01805c4c-7338-4ced-8daa-bd56813182f7 | ITER: 8 START
2019-08-05 08:28:17.945 143 INFO rally.task.runner [-] Task 01805c4c-7338-4ced-8daa-bd56813182f7 | ITER: 5 END: OK
2019-08-05 08:28:17.948 143 INFO rally.task.runner [-] Task 01805c4c-7338-4ced-8daa-bd56813182f7 | ITER: 9 START
2019-08-05 08:28:18.020 142 INFO rally.task.runner [-] Task 01805c4c-7338-4ced-8daa-bd56813182f7 | ITER: 6 END: OK
2019-08-05 08:28:18.024 142 INFO rally.task.runner [-] Task 01805c4c-7338-4ced-8daa-bd56813182f7 | ITER: 10 START
2019-08-05 08:28:18.081 140 INFO rally.task.runner [-] Task 01805c4c-7338-4ced-8daa-bd56813182f7 | ITER: 7 END: OK
2019-08-05 08:28:18.119 141 INFO rally.task.runner [-] Task 01805c4c-7338-4ced-8daa-bd56813182f7 | ITER: 8 END: OK
2019-08-05 08:28:18.560 143 INFO rally.task.runner [-] Task 01805c4c-7338-4ced-8daa-bd56813182f7 | ITER: 9 END: OK
2019-08-05 08:28:18.651 142 INFO rally.task.runner [-] Task 01805c4c-7338-4ced-8daa-bd56813182f7 | ITER: 10 END: OK
2019-08-05 08:28:18.678 16 INFO rally.task.context [-] Task 01805c4c-7338-4ced-8daa-bd56813182f7 | Context users@openstack cleanup() started
2019-08-05 08:28:28.507 16 INFO rally.task.context [-] Task 01805c4c-7338-4ced-8daa-bd56813182f7 | Context users@openstack cleanup() finished in 9.83 sec
2019-08-05 08:28:30.174 16 INFO rally.task.engine [-] Load duration is: 1.831539
2019-08-05 08:28:30.175 16 INFO rally.task.engine [-] Full runner duration is: 1.883256
2019-08-05 08:28:30.175 16 INFO rally.task.engine [-] Full duration is: 16.418814
2019-08-05 08:28:30.391 16 INFO rally.task.engine [-] Running workload: position = 0 config = { "version": 2, "title": "A cropped version of a bigger task.", "description": "Auto-generated task from a single workload (uuid=6ecd569b-7d1b-4a64-891c-c0f39baed822)", "subtasks": [ { "title": "Authenticate.validate_cinder", "description": "Check Cinder Client to ensure validation of token.", "scenario": { "Authenticate.validate_cinder": { "repetitions": 2 } }, "contexts": { "users": { "tenants": 3, "users_per_tenant": 2 } }, "runner": { "constant": { "concurrency": 4, "times": 10 } }, "hooks": [], "sla": { "failure_rate": { "max": 0 } } } ] }
2019-08-05 08:28:30.414 16 RALLYDEBUG rally_openstack.contexts.keystone.users [-] Creating 3 tenants using 20 threads
2019-08-05 08:28:32.323 16 RALLYDEBUG rally_openstack.contexts.keystone.users [-] Creating 6 users using 20 threads
2019-08-05 08:28:35.044 16 INFO rally.task.context [-] Task 01805c4c-7338-4ced-8daa-bd56813182f7 | Context users@openstack setup() finished in 4.63 sec
2019-08-05 08:28:35.051 16 RALLYDEBUG rally.task.runner [-] Starting the constant runner (task UUID: 01805c4c-7338-4ced-8daa-bd56813182f7). timeout: 0 concurrency: 4 concurrency_per_worker: 1 times: 10 concurrency_overhead: 0 processes_to_start: 4 max_cpu_used: 16
2019-08-05 08:28:35.064 244 RALLYDEBUG rally.task.runner [-] Starting a worker. concurrency: 1 args: {"repetitions": 2} times: 10 method_name: run timeout: 0 duration: None cls:
2019-08-05 08:28:35.067 245 RALLYDEBUG rally.task.runner [-] Starting a worker. concurrency: 1 args: {"repetitions": 2} times: 10 method_name: run timeout: 0 duration: None cls:
2019-08-05 08:28:35.070 244 INFO rally.task.runner [-] Task 01805c4c-7338-4ced-8daa-bd56813182f7 | ITER: 1 START
2019-08-05 08:28:35.070 246 RALLYDEBUG rally.task.runner [-] Starting a worker. concurrency: 1 args: {"repetitions": 2} times: 10 method_name: run timeout: 0 duration: None cls:
2019-08-05 08:28:35.073 245 INFO rally.task.runner [-] Task 01805c4c-7338-4ced-8daa-bd56813182f7 | ITER: 2 START
2019-08-05 08:28:35.072 247 RALLYDEBUG rally.task.runner [-] Starting a worker. concurrency: 1 args: {"repetitions": 2} times: 10 method_name: run timeout: 0 duration: None cls:
2019-08-05 08:28:35.077 246 INFO rally.task.runner [-] Task 01805c4c-7338-4ced-8daa-bd56813182f7 | ITER: 3 START
2019-08-05 08:28:35.078 247 INFO rally.task.runner [-] Task 01805c4c-7338-4ced-8daa-bd56813182f7 | ITER: 4 START
2019-08-05 08:28:36.958 245 INFO rally.task.runner [-] Task 01805c4c-7338-4ced-8daa-bd56813182f7 | ITER: 2 END: OK
2019-08-05 08:28:36.963 245 INFO rally.task.runner [-] Task 01805c4c-7338-4ced-8daa-bd56813182f7 | ITER: 5 START
2019-08-05 08:28:36.964 247 INFO rally.task.runner [-] Task 01805c4c-7338-4ced-8daa-bd56813182f7 | ITER: 4 END: OK
2019-08-05 08:28:36.969 247 INFO rally.task.runner [-] Task 01805c4c-7338-4ced-8daa-bd56813182f7 | ITER: 6 START
2019-08-05 08:28:36.972 246 INFO rally.task.runner [-] Task 01805c4c-7338-4ced-8daa-bd56813182f7 | ITER: 3 END: OK
2019-08-05 08:28:36.977 246 INFO rally.task.runner [-] Task 01805c4c-7338-4ced-8daa-bd56813182f7 | ITER: 7 START
2019-08-05 08:28:36.989 244 INFO rally.task.runner [-] Task 01805c4c-7338-4ced-8daa-bd56813182f7 | ITER: 1 END: OK
2019-08-05 08:28:36.993 244 INFO rally.task.runner [-] Task 01805c4c-7338-4ced-8daa-bd56813182f7 | ITER: 8 START
2019-08-05 08:28:38.404 245 INFO rally.task.runner [-] Task 01805c4c-7338-4ced-8daa-bd56813182f7 | ITER: 5 END: OK
2019-08-05 08:28:38.408 245 INFO rally.task.runner [-] Task 01805c4c-7338-4ced-8daa-bd56813182f7 | ITER: 9 START
2019-08-05 08:28:38.412 247 INFO rally.task.runner [-] Task 01805c4c-7338-4ced-8daa-bd56813182f7 | ITER: 6 END: OK
2019-08-05 08:28:38.416 247 INFO rally.task.runner [-] Task 01805c4c-7338-4ced-8daa-bd56813182f7 | ITER: 10 START
2019-08-05 08:28:38.422 244 INFO rally.task.runner [-] Task 01805c4c-7338-4ced-8daa-bd56813182f7 | ITER: 8 END: OK
2019-08-05 08:28:39.054 246 INFO rally.task.runner [-] Task 01805c4c-7338-4ced-8daa-bd56813182f7 | ITER: 7 END: OK
2019-08-05 08:28:39.521 245 INFO rally.task.runner [-] Task 01805c4c-7338-4ced-8daa-bd56813182f7 | ITER: 9 END: OK
2019-08-05 08:28:39.791 247 INFO rally.task.runner [-] Task 01805c4c-7338-4ced-8daa-bd56813182f7 | ITER: 10 END: OK
2019-08-05 08:28:39.810 16 INFO rally.task.context [-] Task 01805c4c-7338-4ced-8daa-bd56813182f7 | Context users@openstack cleanup() started
2019-08-05 08:28:49.843 16 INFO rally.task.context [-] Task 01805c4c-7338-4ced-8daa-bd56813182f7 | Context users@openstack cleanup() finished in 10.03 sec
2019-08-05 08:28:50.530 16 INFO rally.task.engine [-] Load duration is: 4.718804
2019-08-05 08:28:50.530 16 INFO rally.task.engine [-] Full runner duration is: 4.759195
2019-08-05 08:28:50.531 16 INFO rally.task.engine [-] Full duration is: 19.430596
2019-08-05 08:28:50.765 16 INFO rally.task.engine [-] Running workload: position = 0 config = { "version": 2, "title": "A cropped version of a bigger task.", "description": "Auto-generated task from a single workload (uuid=19e3b831-9250-4af7-bb1f-aaf97339df39)", "subtasks": [ { "title": "Authenticate.validate_glance", "description": "Check Glance Client to ensure validation of token.", "scenario": { "Authenticate.validate_glance": { "repetitions": 2 } }, "contexts": { "users": { "tenants": 3, "users_per_tenant": 2 } }, "runner": { "constant": { "concurrency": 4, "times": 10 } }, "hooks": [], "sla": { "failure_rate": { "max": 0 } } } ] }
2019-08-05 08:28:50.788 16 RALLYDEBUG rally_openstack.contexts.keystone.users [-] Creating 3 tenants using 20 threads
2019-08-05 08:28:52.693 16 RALLYDEBUG rally_openstack.contexts.keystone.users [-] Creating 6 users using 20 threads
2019-08-05 08:28:55.531 16 INFO rally.task.context [-] Task 01805c4c-7338-4ced-8daa-bd56813182f7 | Context users@openstack setup() finished in 4.74 sec
2019-08-05 08:28:55.540 16 RALLYDEBUG rally.task.runner [-] Starting the constant runner (task UUID: 01805c4c-7338-4ced-8daa-bd56813182f7). timeout: 0 concurrency: 4 concurrency_per_worker: 1 times: 10 concurrency_overhead: 0 processes_to_start: 4 max_cpu_used: 16
2019-08-05 08:28:55.555 348 RALLYDEBUG rally.task.runner [-] Starting a worker. concurrency: 1 args: {"repetitions": 2} times: 10 method_name: run timeout: 0 duration: None cls:
2019-08-05 08:28:55.556 349 RALLYDEBUG rally.task.runner [-] Starting a worker. concurrency: 1 args: {"repetitions": 2} times: 10 method_name: run timeout: 0 duration: None cls:
2019-08-05 08:28:55.560 349 INFO rally.task.runner [-] Task 01805c4c-7338-4ced-8daa-bd56813182f7 | ITER: 2 START
2019-08-05 08:28:55.561 348 INFO rally.task.runner [-] Task 01805c4c-7338-4ced-8daa-bd56813182f7 | ITER: 1 START
2019-08-05 08:28:55.561 350 RALLYDEBUG rally.task.runner [-] Starting a worker. concurrency: 1 args: {"repetitions": 2} times: 10 method_name: run timeout: 0 duration: None cls:
2019-08-05 08:28:55.562 351 RALLYDEBUG rally.task.runner [-] Starting a worker. concurrency: 1 args: {"repetitions": 2} times: 10 method_name: run timeout: 0 duration: None cls:
2019-08-05 08:28:55.567 350 INFO rally.task.runner [-] Task 01805c4c-7338-4ced-8daa-bd56813182f7 | ITER: 3 START
2019-08-05 08:28:55.567 351 INFO rally.task.runner [-] Task 01805c4c-7338-4ced-8daa-bd56813182f7 | ITER: 4 START
2019-08-05 08:28:56.642 349 INFO rally.task.runner [-] Task 01805c4c-7338-4ced-8daa-bd56813182f7 | ITER: 2 END: OK
2019-08-05 08:28:56.647 349 INFO rally.task.runner [-] Task 01805c4c-7338-4ced-8daa-bd56813182f7 | ITER: 5 START
2019-08-05 08:28:56.675 348 INFO rally.task.runner [-] Task 01805c4c-7338-4ced-8daa-bd56813182f7 | ITER: 1 END: OK
2019-08-05 08:28:56.679 348 INFO rally.task.runner [-] Task 01805c4c-7338-4ced-8daa-bd56813182f7 | ITER: 6 START
2019-08-05 08:28:56.936 350 INFO rally.task.runner [-] Task 01805c4c-7338-4ced-8daa-bd56813182f7 | ITER: 3 END: OK
2019-08-05 08:28:56.941 350 INFO rally.task.runner [-] Task 01805c4c-7338-4ced-8daa-bd56813182f7 | ITER: 7 START
2019-08-05 08:28:56.949 351 INFO rally.task.runner [-] Task 01805c4c-7338-4ced-8daa-bd56813182f7 | ITER: 4 END: OK
2019-08-05 08:28:56.953 351 INFO rally.task.runner [-] Task 01805c4c-7338-4ced-8daa-bd56813182f7 | ITER: 8 START
2019-08-05 08:28:57.777 349 INFO rally.task.runner [-] Task 01805c4c-7338-4ced-8daa-bd56813182f7 | ITER: 5 END: OK
2019-08-05 08:28:57.780 349 INFO rally.task.runner [-] Task 01805c4c-7338-4ced-8daa-bd56813182f7 | ITER: 9 START
2019-08-05 08:28:58.058 351 INFO rally.task.runner [-] Task 01805c4c-7338-4ced-8daa-bd56813182f7 | ITER: 8 END: OK
2019-08-05 08:28:58.061 351 INFO rally.task.runner [-] Task 01805c4c-7338-4ced-8daa-bd56813182f7 | ITER: 10 START
2019-08-05 08:28:58.072 350 INFO rally.task.runner [-] Task 01805c4c-7338-4ced-8daa-bd56813182f7 | ITER: 7 END: OK
2019-08-05 08:28:58.176 348 INFO rally.task.runner [-] Task 01805c4c-7338-4ced-8daa-bd56813182f7 | ITER: 6 END: OK
2019-08-05 08:28:59.085 351 INFO rally.task.runner [-] Task 01805c4c-7338-4ced-8daa-bd56813182f7 | ITER: 10 END: OK
2019-08-05 08:28:59.712 349 INFO rally.task.runner [-] Task 01805c4c-7338-4ced-8daa-bd56813182f7 | ITER: 9 END: OK
2019-08-05 08:28:59.742 16 INFO rally.task.context [-] Task 01805c4c-7338-4ced-8daa-bd56813182f7 | Context users@openstack cleanup() started
2019-08-05 08:29:08.806 16 INFO rally.task.context [-] Task 01805c4c-7338-4ced-8daa-bd56813182f7 | Context users@openstack cleanup() finished in 9.06 sec
2019-08-05 08:29:08.872 16 INFO rally.task.engine [-] Load duration is: 4.150886
2019-08-05 08:29:08.873 16 INFO rally.task.engine [-] Full runner duration is: 4.202233
2019-08-05 08:29:08.873 16 INFO rally.task.engine [-] Full duration is: 18.020683
2019-08-05 08:29:09.091 16 INFO rally.task.engine [-] Running workload: position = 0 config = { "version": 2, "title": "A cropped version of a bigger task.", "description": "Auto-generated task from a single workload (uuid=f84c802c-e25a-4453-aef8-202a21f64ada)", "subtasks": [ { "title": "Authenticate.validate_heat", "description": "Check Heat Client to ensure validation of token.", "scenario": { "Authenticate.validate_heat": { "repetitions": 2 } }, "contexts": { "users": { "tenants": 3, "users_per_tenant": 2 } }, "runner": { "constant": { "concurrency": 4, "times": 10 } }, "hooks": [], "sla": { "failure_rate": { "max": 0 } } } ] }
2019-08-05 08:29:09.108 16 RALLYDEBUG rally_openstack.contexts.keystone.users [-] Creating 3 tenants using 20 threads
2019-08-05 08:29:11.041 16 RALLYDEBUG rally_openstack.contexts.keystone.users [-] Creating 6 users using 20 threads
2019-08-05 08:29:13.749 16 INFO rally.task.context [-] Task 01805c4c-7338-4ced-8daa-bd56813182f7 | Context users@openstack setup() finished in 4.64 sec
2019-08-05 08:29:13.756 16 RALLYDEBUG rally.task.runner [-] Starting the constant runner (task UUID: 01805c4c-7338-4ced-8daa-bd56813182f7). timeout: 0 concurrency: 4 concurrency_per_worker: 1 times: 10 concurrency_overhead: 0 processes_to_start: 4 max_cpu_used: 16
2019-08-05 08:29:13.769 452 RALLYDEBUG rally.task.runner [-] Starting a worker. concurrency: 1 args: {"repetitions": 2} times: 10 method_name: run timeout: 0 duration: None cls:
2019-08-05 08:29:13.771 453 RALLYDEBUG rally.task.runner [-] Starting a worker. concurrency: 1 args: {"repetitions": 2} times: 10 method_name: run timeout: 0 duration: None cls:
2019-08-05 08:29:13.774 454 RALLYDEBUG rally.task.runner [-] Starting a worker. concurrency: 1 args: {"repetitions": 2} times: 10 method_name: run timeout: 0 duration: None cls:
2019-08-05 08:29:13.775 452 INFO rally.task.runner [-] Task 01805c4c-7338-4ced-8daa-bd56813182f7 | ITER: 1 START
2019-08-05 08:29:13.776 453 INFO rally.task.runner [-] Task 01805c4c-7338-4ced-8daa-bd56813182f7 | ITER: 2 START
2019-08-05 08:29:13.777 455 RALLYDEBUG rally.task.runner [-] Starting a worker. concurrency: 1 args: {"repetitions": 2} times: 10 method_name: run timeout: 0 duration: None cls:
2019-08-05 08:29:13.780 454 INFO rally.task.runner [-] Task 01805c4c-7338-4ced-8daa-bd56813182f7 | ITER: 3 START
2019-08-05 08:29:13.783 455 INFO rally.task.runner [-] Task 01805c4c-7338-4ced-8daa-bd56813182f7 | ITER: 4 START
2019-08-05 08:29:15.666 453 INFO rally.task.runner [-] Task 01805c4c-7338-4ced-8daa-bd56813182f7 | ITER: 2 END: OK
2019-08-05 08:29:15.670 453 INFO rally.task.runner [-] Task 01805c4c-7338-4ced-8daa-bd56813182f7 | ITER: 5 START
2019-08-05 08:29:15.701 454 INFO rally.task.runner [-] Task 01805c4c-7338-4ced-8daa-bd56813182f7 | ITER: 3 END: OK
2019-08-05 08:29:15.704 454 INFO rally.task.runner [-] Task 01805c4c-7338-4ced-8daa-bd56813182f7 | ITER: 6 START
2019-08-05 08:29:15.816 455 INFO rally.task.runner [-] Task 01805c4c-7338-4ced-8daa-bd56813182f7 | ITER: 4 END: OK
2019-08-05 08:29:15.820 455 INFO rally.task.runner [-] Task 01805c4c-7338-4ced-8daa-bd56813182f7 | ITER: 7 START
2019-08-05 08:29:15.912 452 INFO rally.task.runner [-] Task 01805c4c-7338-4ced-8daa-bd56813182f7 | ITER: 1 END: OK
2019-08-05 08:29:15.917 452 INFO rally.task.runner [-] Task 01805c4c-7338-4ced-8daa-bd56813182f7 | ITER: 8 START
2019-08-05 08:29:17.177 453 INFO rally.task.runner [-] Task 01805c4c-7338-4ced-8daa-bd56813182f7 | ITER: 5 END: OK
2019-08-05 08:29:17.181 453 INFO rally.task.runner [-] Task 01805c4c-7338-4ced-8daa-bd56813182f7 | ITER: 9 START
2019-08-05 08:29:17.270 455 INFO rally.task.runner [-] Task 01805c4c-7338-4ced-8daa-bd56813182f7 | ITER: 7 END: OK
2019-08-05 08:29:17.274 455 INFO rally.task.runner [-] Task 01805c4c-7338-4ced-8daa-bd56813182f7 | ITER: 10 START
2019-08-05 08:29:17.621 454 INFO rally.task.runner [-] Task 01805c4c-7338-4ced-8daa-bd56813182f7 | ITER: 6 END: OK
2019-08-05 08:29:17.817 452 INFO rally.task.runner [-] Task 01805c4c-7338-4ced-8daa-bd56813182f7 | ITER: 8 END: OK
2019-08-05 08:29:18.540 453 INFO rally.task.runner [-] Task 01805c4c-7338-4ced-8daa-bd56813182f7 | ITER: 9 END: OK
2019-08-05 08:29:18.725 455 INFO rally.task.runner [-] Task 01805c4c-7338-4ced-8daa-bd56813182f7 | ITER: 10 END: OK
2019-08-05 08:29:18.746 16 INFO rally.task.context [-] Task 01805c4c-7338-4ced-8daa-bd56813182f7 | Context users@openstack cleanup() started
2019-08-05 08:29:27.621 16 INFO rally.task.context [-] Task 01805c4c-7338-4ced-8daa-bd56813182f7 | Context users@openstack cleanup() finished in 8.88 sec
2019-08-05 08:29:29.222 16 INFO rally.task.engine [-] Load duration is: 4.947552
2019-08-05 08:29:29.222 16 INFO rally.task.engine [-] Full runner duration is: 4.989633
2019-08-05 08:29:29.222 16 INFO rally.task.engine [-] Full duration is: 18.51409
2019-08-05 08:29:29.454 16 INFO rally.task.engine [-] Running workload: position = 0 config = { "version": 2, "title": "A cropped version of a bigger task.", "description": "Auto-generated task from a single workload (uuid=d982c662-ebc2-4cd3-a781-7823dfee54e8)", "subtasks": [ { "title": "Authenticate.validate_neutron", "description": "Check Neutron Client to ensure validation of token.", "scenario": { "Authenticate.validate_neutron": { "repetitions": 2 } }, "contexts": { "users": { "tenants": 3, "users_per_tenant": 2 } }, "runner": { "constant": { "concurrency": 4, "times": 10 } }, "hooks": [], "sla": { "failure_rate": { "max": 0 } } } ] }
2019-08-05 08:29:29.475 16 RALLYDEBUG rally_openstack.contexts.keystone.users [-] Creating 3 tenants using 20 threads
2019-08-05 08:29:31.453 16 RALLYDEBUG rally_openstack.contexts.keystone.users [-] Creating 6 users using 20 threads
2019-08-05 08:29:34.383 16 INFO rally.task.context [-] Task 01805c4c-7338-4ced-8daa-bd56813182f7 | Context users@openstack setup() finished in 4.91 sec
2019-08-05 08:29:34.393 16 RALLYDEBUG rally.task.runner [-] Starting the constant runner (task UUID: 01805c4c-7338-4ced-8daa-bd56813182f7). timeout: 0 concurrency: 4 concurrency_per_worker: 1 times: 10 concurrency_overhead: 0 processes_to_start: 4 max_cpu_used: 16
2019-08-05 08:29:34.406 556 RALLYDEBUG rally.task.runner [-] Starting a worker. concurrency: 1 args: {"repetitions": 2} times: 10 method_name: run timeout: 0 duration: None cls:
2019-08-05 08:29:34.409 557 RALLYDEBUG rally.task.runner [-] Starting a worker. concurrency: 1 args: {"repetitions": 2} times: 10 method_name: run timeout: 0 duration: None cls:
2019-08-05 08:29:34.412 556 INFO rally.task.runner [-] Task 01805c4c-7338-4ced-8daa-bd56813182f7 | ITER: 1 START
2019-08-05 08:29:34.412 558 RALLYDEBUG rally.task.runner [-] Starting a worker. concurrency: 1 args: {"repetitions": 2} times: 10 method_name: run timeout: 0 duration: None cls:
2019-08-05 08:29:34.414 559 RALLYDEBUG rally.task.runner [-] Starting a worker. concurrency: 1 args: {"repetitions": 2} times: 10 method_name: run timeout: 0 duration: None cls:
2019-08-05 08:29:34.415 557 INFO rally.task.runner [-] Task 01805c4c-7338-4ced-8daa-bd56813182f7 | ITER: 2 START
2019-08-05 08:29:34.418 558 INFO rally.task.runner [-] Task 01805c4c-7338-4ced-8daa-bd56813182f7 | ITER: 3 START
2019-08-05 08:29:34.420 559 INFO rally.task.runner [-] Task 01805c4c-7338-4ced-8daa-bd56813182f7 | ITER: 4 START
2019-08-05 08:29:35.408 557 INFO rally.task.runner [-] Task 01805c4c-7338-4ced-8daa-bd56813182f7 | ITER: 2 END: OK
2019-08-05 08:29:35.413 557 INFO rally.task.runner [-] Task 01805c4c-7338-4ced-8daa-bd56813182f7 | ITER: 5 START
2019-08-05 08:29:35.596 556 INFO rally.task.runner [-] Task 01805c4c-7338-4ced-8daa-bd56813182f7 | ITER: 1 END: OK
2019-08-05 08:29:35.601 556 INFO rally.task.runner [-] Task 01805c4c-7338-4ced-8daa-bd56813182f7 | ITER: 6 START
2019-08-05 08:29:35.613 558 INFO rally.task.runner [-] Task 01805c4c-7338-4ced-8daa-bd56813182f7 | ITER: 3 END: OK
2019-08-05 08:29:35.618 558 INFO rally.task.runner [-] Task 01805c4c-7338-4ced-8daa-bd56813182f7 | ITER: 7 START
2019-08-05 08:29:36.011 559 INFO rally.task.runner [-] Task 01805c4c-7338-4ced-8daa-bd56813182f7 | ITER: 4 END: OK
2019-08-05 08:29:36.016 559 INFO rally.task.runner [-] Task 01805c4c-7338-4ced-8daa-bd56813182f7 | ITER: 8 START
2019-08-05 08:29:36.328 557 INFO rally.task.runner [-] Task 01805c4c-7338-4ced-8daa-bd56813182f7 | ITER: 5 END: OK
2019-08-05 08:29:36.332 557 INFO rally.task.runner [-] Task 01805c4c-7338-4ced-8daa-bd56813182f7 | ITER: 9 START
2019-08-05 08:29:36.525 558 INFO rally.task.runner [-] Task 01805c4c-7338-4ced-8daa-bd56813182f7 | ITER: 7 END: OK
2019-08-05 08:29:36.526 556 INFO rally.task.runner [-] Task 01805c4c-7338-4ced-8daa-bd56813182f7 | ITER: 6 END: OK
2019-08-05 08:29:36.529 558 INFO rally.task.runner [-] Task 01805c4c-7338-4ced-8daa-bd56813182f7 | ITER: 10 START
2019-08-05 08:29:37.175 559 INFO rally.task.runner [-] Task 01805c4c-7338-4ced-8daa-bd56813182f7 | ITER: 8 END: OK
2019-08-05 08:29:37.269 557 INFO rally.task.runner [-] Task 01805c4c-7338-4ced-8daa-bd56813182f7 | ITER: 9 END: OK
2019-08-05 08:29:38.067 558 INFO rally.task.runner [-] Task 01805c4c-7338-4ced-8daa-bd56813182f7 | ITER: 10 END: OK
2019-08-05 08:29:38.095 16 INFO rally.task.context [-] Task 01805c4c-7338-4ced-8daa-bd56813182f7 | Context users@openstack cleanup() started
2019-08-05 08:29:47.733 16 INFO rally.task.context [-] Task 01805c4c-7338-4ced-8daa-bd56813182f7 | Context users@openstack cleanup() finished in 9.64 sec
2019-08-05 08:29:49.599 16 INFO rally.task.engine [-] Load duration is: 3.65273
2019-08-05 08:29:49.600 16 INFO rally.task.engine [-] Full runner duration is: 3.703431
2019-08-05 08:29:49.600 16 INFO rally.task.engine [-] Full duration is: 18.259062
2019-08-05 08:29:49.895 16 INFO rally.task.engine [-] Running workload: position = 0 config = { "version": 2, "title": "A cropped version of a bigger task.", "description": "Auto-generated task from a single workload (uuid=4d225b20-2ffa-4974-846a-cfe07ca997f5)", "subtasks": [ { "title": "Authenticate.validate_nova", "description": "Check Nova Client to ensure validation of token.", "scenario": { "Authenticate.validate_nova": { "repetitions": 2 } }, "contexts": { "users": { "tenants": 3, "users_per_tenant": 2 } }, "runner": { "constant": { "concurrency": 4, "times": 10 } }, "hooks": [], "sla": { "failure_rate": { "max": 0 } } } ] }
2019-08-05 08:29:49.915 16 RALLYDEBUG rally_openstack.contexts.keystone.users [-] Creating 3 tenants using 20 threads
2019-08-05 08:29:51.825 16 RALLYDEBUG rally_openstack.contexts.keystone.users [-] Creating 6 users using 20 threads
2019-08-05 08:29:54.641 16 INFO rally.task.context [-] Task 01805c4c-7338-4ced-8daa-bd56813182f7 | Context users@openstack setup() finished in 4.73 sec
2019-08-05 08:29:54.648 16 RALLYDEBUG rally.task.runner [-] Starting the constant runner (task UUID: 01805c4c-7338-4ced-8daa-bd56813182f7). timeout: 0 concurrency: 4 concurrency_per_worker: 1 times: 10 concurrency_overhead: 0 processes_to_start: 4 max_cpu_used: 16
2019-08-05 08:29:54.660 660 RALLYDEBUG rally.task.runner [-] Starting a worker. concurrency: 1 args: {"repetitions": 2} times: 10 method_name: run timeout: 0 duration: None cls:
2019-08-05 08:29:54.662 661 RALLYDEBUG rally.task.runner [-] Starting a worker. concurrency: 1 args: {"repetitions": 2} times: 10 method_name: run timeout: 0 duration: None cls:
2019-08-05 08:29:54.666 660 INFO rally.task.runner [-] Task 01805c4c-7338-4ced-8daa-bd56813182f7 | ITER: 1 START
2019-08-05 08:29:54.665 662 RALLYDEBUG rally.task.runner [-] Starting a worker. concurrency: 1 args: {"repetitions": 2} times: 10 method_name: run timeout: 0 duration: None cls:
2019-08-05 08:29:54.668 661 INFO rally.task.runner [-] Task 01805c4c-7338-4ced-8daa-bd56813182f7 | ITER: 2 START
2019-08-05 08:29:54.669 663 RALLYDEBUG rally.task.runner [-] Starting a worker. concurrency: 1 args: {"repetitions": 2} times: 10 method_name: run timeout: 0 duration: None cls:
2019-08-05 08:29:54.671 662 INFO rally.task.runner [-] Task 01805c4c-7338-4ced-8daa-bd56813182f7 | ITER: 3 START
2019-08-05 08:29:54.675 663 INFO rally.task.runner [-] Task 01805c4c-7338-4ced-8daa-bd56813182f7 | ITER: 4 START
2019-08-05 08:29:55.158 663 DEBUG novaclient.v2.client [-] REQ: curl -g -i -X GET http://172.30.9.40:8774/v2.1/flavors/detail -H "Accept: application/json" -H "User-Agent: python-novaclient" -H "X-Auth-Token: {SHA1}72155f23d5934bf94384905d3d80d2e9929f2202" _http_log_request /usr/lib/python2.7/site-packages/keystoneauth1/session.py:448
2019-08-05 08:29:55.159 662 DEBUG novaclient.v2.client [-] REQ: curl -g -i -X GET http://172.30.9.40:8774/v2.1/flavors/detail -H "Accept: application/json" -H "User-Agent: python-novaclient" -H "X-Auth-Token: {SHA1}99ff708077e9e14c4b0fdfe80c79db52234fa7e9" _http_log_request /usr/lib/python2.7/site-packages/keystoneauth1/session.py:448
2019-08-05 08:29:55.160 660 DEBUG novaclient.v2.client [-] REQ: curl -g -i -X GET http://172.30.9.40:8774/v2.1/flavors/detail -H "Accept: application/json" -H "User-Agent: python-novaclient" -H "X-Auth-Token: {SHA1}03be25de3aa3aa93bb81d8cc20823611b6cfe5f5" _http_log_request /usr/lib/python2.7/site-packages/keystoneauth1/session.py:448
2019-08-05 08:29:55.164 661 DEBUG novaclient.v2.client [-] REQ: curl -g -i -X GET http://172.30.9.40:8774/v2.1/flavors/detail -H "Accept: application/json" -H "User-Agent: python-novaclient" -H "X-Auth-Token: {SHA1}edae3cd037b92ea42434d9841cf03a24dac6ef38" _http_log_request /usr/lib/python2.7/site-packages/keystoneauth1/session.py:448
2019-08-05 08:29:55.448 662 DEBUG novaclient.v2.client [-] RESP: [200] Content-Encoding: gzip Content-Length: 365 Content-Type: application/json Date: Mon, 05 Aug 2019 08:29:55 GMT OpenStack-API-Version: compute 2.1 Server: Apache Vary: OpenStack-API-Version,X-OpenStack-Nova-API-Version,Accept-Encoding X-OpenStack-Nova-API-Version: 2.1 x-compute-request-id: req-ea658288-23b0-4980-8bee-f2644b093562 x-openstack-request-id: req-ea658288-23b0-4980-8bee-f2644b093562 _http_log_response /usr/lib/python2.7/site-packages/keystoneauth1/session.py:479
2019-08-05 08:29:55.449 662 DEBUG novaclient.v2.client [-] RESP BODY: {"flavors": [{"name": "rally_full-flavor_alt_dba6289b-bc0f-4973-9ad7-08c2c1c5fe81", "links": [{"href": "http://172.30.9.40:8774/v2.1/flavors/a8cc472f-d26d-41e0-b7c4-02b866a8edf5", "rel": "self"}, {"href": "http://172.30.9.40:8774/flavors/a8cc472f-d26d-41e0-b7c4-02b866a8edf5", "rel": "bookmark"}], "ram": 1024, "OS-FLV-DISABLED:disabled": false, "vcpus": 1, "swap": "", "os-flavor-access:is_public": true, "rxtx_factor": 1.0, "OS-FLV-EXT-DATA:ephemeral": 0, "disk": 1, "id": "a8cc472f-d26d-41e0-b7c4-02b866a8edf5"}, {"name": "rally_full-flavor_dba6289b-bc0f-4973-9ad7-08c2c1c5fe81", "links": [{"href": "http://172.30.9.40:8774/v2.1/flavors/b55c59ee-c27d-4cc8-97e4-e1118326686a", "rel": "self"}, {"href": "http://172.30.9.40:8774/flavors/b55c59ee-c27d-4cc8-97e4-e1118326686a", "rel": "bookmark"}], "ram": 512, "OS-FLV-DISABLED:disabled": false, "vcpus": 1, "swap": "", "os-flavor-access:is_public": true, "rxtx_factor": 1.0, "OS-FLV-EXT-DATA:ephemeral": 0, "disk": 1, "id": "b55c59ee-c27d-4cc8-97e4-e1118326686a"}]} _http_log_response /usr/lib/python2.7/site-packages/keystoneauth1/session.py:511
2019-08-05 08:29:55.449 662 DEBUG novaclient.v2.client [-] GET call to compute for http://172.30.9.40:8774/v2.1/flavors/detail used request id req-ea658288-23b0-4980-8bee-f2644b093562 request /usr/lib/python2.7/site-packages/keystoneauth1/session.py:844
2019-08-05 08:29:55.451 662 DEBUG novaclient.v2.client [-] REQ: curl -g -i -X GET http://172.30.9.40:8774/v2.1/flavors/detail -H "Accept: application/json" -H "User-Agent: python-novaclient" -H "X-Auth-Token: {SHA1}99ff708077e9e14c4b0fdfe80c79db52234fa7e9" _http_log_request /usr/lib/python2.7/site-packages/keystoneauth1/session.py:448
2019-08-05 08:29:55.472 662 DEBUG novaclient.v2.client [-] RESP: [200] Content-Encoding: gzip Content-Length: 365 Content-Type: application/json Date: Mon, 05 Aug 2019 08:29:55 GMT OpenStack-API-Version: compute 2.1 Server: Apache Vary: OpenStack-API-Version,X-OpenStack-Nova-API-Version,Accept-Encoding X-OpenStack-Nova-API-Version: 2.1 x-compute-request-id: req-d49fb7b7-7ab0-4dfd-ba73-f77faddbf846 x-openstack-request-id: req-d49fb7b7-7ab0-4dfd-ba73-f77faddbf846 _http_log_response /usr/lib/python2.7/site-packages/keystoneauth1/session.py:479
2019-08-05 08:29:55.473 662 DEBUG novaclient.v2.client [-] RESP BODY: {"flavors": [{"name": "rally_full-flavor_alt_dba6289b-bc0f-4973-9ad7-08c2c1c5fe81", "links": [{"href": "http://172.30.9.40:8774/v2.1/flavors/a8cc472f-d26d-41e0-b7c4-02b866a8edf5", "rel": "self"}, {"href": "http://172.30.9.40:8774/flavors/a8cc472f-d26d-41e0-b7c4-02b866a8edf5", "rel": "bookmark"}], "ram": 1024, "OS-FLV-DISABLED:disabled": false, "vcpus": 1, "swap": "", "os-flavor-access:is_public": true, "rxtx_factor": 1.0, "OS-FLV-EXT-DATA:ephemeral": 0, "disk": 1, "id": "a8cc472f-d26d-41e0-b7c4-02b866a8edf5"}, {"name": "rally_full-flavor_dba6289b-bc0f-4973-9ad7-08c2c1c5fe81", "links": [{"href": "http://172.30.9.40:8774/v2.1/flavors/b55c59ee-c27d-4cc8-97e4-e1118326686a", "rel": "self"}, {"href": "http://172.30.9.40:8774/flavors/b55c59ee-c27d-4cc8-97e4-e1118326686a", "rel": "bookmark"}], "ram": 512, "OS-FLV-DISABLED:disabled": false, "vcpus": 1, "swap": "", "os-flavor-access:is_public": true, "rxtx_factor": 1.0, "OS-FLV-EXT-DATA:ephemeral": 0, "disk": 1, "id": "b55c59ee-c27d-4cc8-97e4-e1118326686a"}]} _http_log_response /usr/lib/python2.7/site-packages/keystoneauth1/session.py:511
2019-08-05 08:29:55.473 662 DEBUG novaclient.v2.client [-] GET call to compute for http://172.30.9.40:8774/v2.1/flavors/detail used request id req-d49fb7b7-7ab0-4dfd-ba73-f77faddbf846 request /usr/lib/python2.7/site-packages/keystoneauth1/session.py:844
2019-08-05 08:29:55.474 662 INFO rally.task.runner [-] Task 01805c4c-7338-4ced-8daa-bd56813182f7 | ITER: 3 END: OK
2019-08-05 08:29:55.478 662 INFO rally.task.runner [-] Task 01805c4c-7338-4ced-8daa-bd56813182f7 | ITER: 5 START
2019-08-05 08:29:55.848 663 DEBUG novaclient.v2.client [-] RESP: [200] Content-Encoding: gzip Content-Length: 365 Content-Type: application/json Date: Mon, 05 Aug 2019 08:29:55 GMT OpenStack-API-Version: compute 2.1 Server: Apache Vary: OpenStack-API-Version,X-OpenStack-Nova-API-Version,Accept-Encoding X-OpenStack-Nova-API-Version: 2.1 x-compute-request-id: req-26c64e20-114c-49d1-aa26-d8e18382593c x-openstack-request-id: req-26c64e20-114c-49d1-aa26-d8e18382593c _http_log_response /usr/lib/python2.7/site-packages/keystoneauth1/session.py:479
2019-08-05 08:29:55.849 663 DEBUG novaclient.v2.client [-] RESP BODY: {"flavors": [{"name": "rally_full-flavor_alt_dba6289b-bc0f-4973-9ad7-08c2c1c5fe81", "links": [{"href": "http://172.30.9.40:8774/v2.1/flavors/a8cc472f-d26d-41e0-b7c4-02b866a8edf5", "rel": "self"}, {"href": "http://172.30.9.40:8774/flavors/a8cc472f-d26d-41e0-b7c4-02b866a8edf5", "rel": "bookmark"}], "ram": 1024, "OS-FLV-DISABLED:disabled": false, "vcpus": 1, "swap": "", "os-flavor-access:is_public": true, "rxtx_factor": 1.0, "OS-FLV-EXT-DATA:ephemeral": 0, "disk": 1, "id": "a8cc472f-d26d-41e0-b7c4-02b866a8edf5"}, {"name": "rally_full-flavor_dba6289b-bc0f-4973-9ad7-08c2c1c5fe81", "links": [{"href": "http://172.30.9.40:8774/v2.1/flavors/b55c59ee-c27d-4cc8-97e4-e1118326686a", "rel": "self"}, {"href": "http://172.30.9.40:8774/flavors/b55c59ee-c27d-4cc8-97e4-e1118326686a", "rel": "bookmark"}], "ram": 512, "OS-FLV-DISABLED:disabled": false, "vcpus": 1, "swap": "", "os-flavor-access:is_public": true, "rxtx_factor": 1.0, "OS-FLV-EXT-DATA:ephemeral": 0, "disk": 1, "id": "b55c59ee-c27d-4cc8-97e4-e1118326686a"}]} _http_log_response /usr/lib/python2.7/site-packages/keystoneauth1/session.py:511
2019-08-05 08:29:55.849 663 DEBUG novaclient.v2.client [-] GET call to compute for http://172.30.9.40:8774/v2.1/flavors/detail used request id req-26c64e20-114c-49d1-aa26-d8e18382593c request /usr/lib/python2.7/site-packages/keystoneauth1/session.py:844
2019-08-05 08:29:55.851 663 DEBUG novaclient.v2.client [-] REQ: curl -g -i -X GET http://172.30.9.40:8774/v2.1/flavors/detail -H "Accept: application/json" -H "User-Agent: python-novaclient" -H "X-Auth-Token: {SHA1}72155f23d5934bf94384905d3d80d2e9929f2202" _http_log_request /usr/lib/python2.7/site-packages/keystoneauth1/session.py:448
2019-08-05 08:29:55.872 663 DEBUG novaclient.v2.client [-] RESP: [200] Content-Encoding: gzip Content-Length: 365 Content-Type: application/json Date: Mon, 05 Aug 2019 08:29:55 GMT OpenStack-API-Version: compute 2.1 Server: Apache Vary: OpenStack-API-Version,X-OpenStack-Nova-API-Version,Accept-Encoding X-OpenStack-Nova-API-Version: 2.1 x-compute-request-id: req-4896374d-c5ec-4bd5-95f8-0f12ac6a4aff x-openstack-request-id: req-4896374d-c5ec-4bd5-95f8-0f12ac6a4aff _http_log_response /usr/lib/python2.7/site-packages/keystoneauth1/session.py:479
2019-08-05 08:29:55.873 663 DEBUG novaclient.v2.client [-] RESP BODY: {"flavors": [{"name": "rally_full-flavor_alt_dba6289b-bc0f-4973-9ad7-08c2c1c5fe81", "links": [{"href": "http://172.30.9.40:8774/v2.1/flavors/a8cc472f-d26d-41e0-b7c4-02b866a8edf5", "rel": "self"}, {"href": "http://172.30.9.40:8774/flavors/a8cc472f-d26d-41e0-b7c4-02b866a8edf5", "rel": "bookmark"}], "ram": 1024, "OS-FLV-DISABLED:disabled": false, "vcpus": 1, "swap": "", "os-flavor-access:is_public": true, "rxtx_factor": 1.0, "OS-FLV-EXT-DATA:ephemeral": 0, "disk": 1, "id": "a8cc472f-d26d-41e0-b7c4-02b866a8edf5"}, {"name": "rally_full-flavor_dba6289b-bc0f-4973-9ad7-08c2c1c5fe81", "links": [{"href": "http://172.30.9.40:8774/v2.1/flavors/b55c59ee-c27d-4cc8-97e4-e1118326686a", "rel": "self"}, {"href": "http://172.30.9.40:8774/flavors/b55c59ee-c27d-4cc8-97e4-e1118326686a", "rel": "bookmark"}], "ram": 512, "OS-FLV-DISABLED:disabled": false, "vcpus": 1, "swap": "", "os-flavor-access:is_public": true, "rxtx_factor": 1.0, "OS-FLV-EXT-DATA:ephemeral": 0, "disk": 1, "id": "b55c59ee-c27d-4cc8-97e4-e1118326686a"}]} _http_log_response /usr/lib/python2.7/site-packages/keystoneauth1/session.py:511
2019-08-05 08:29:55.873 663 DEBUG novaclient.v2.client [-] GET call to compute for http://172.30.9.40:8774/v2.1/flavors/detail used request id req-4896374d-c5ec-4bd5-95f8-0f12ac6a4aff request /usr/lib/python2.7/site-packages/keystoneauth1/session.py:844
2019-08-05 08:29:55.874 663 INFO rally.task.runner [-] Task 01805c4c-7338-4ced-8daa-bd56813182f7 | ITER: 4 END: OK
2019-08-05 08:29:55.879 663 INFO rally.task.runner [-] Task 01805c4c-7338-4ced-8daa-bd56813182f7 | ITER: 6 START
2019-08-05 08:29:55.883 660 DEBUG novaclient.v2.client [-] RESP: [200] Content-Encoding: gzip Content-Length: 365 Content-Type: application/json Date: Mon, 05 Aug 2019 08:29:55 GMT OpenStack-API-Version: compute 2.1 Server: Apache Vary: OpenStack-API-Version,X-OpenStack-Nova-API-Version,Accept-Encoding X-OpenStack-Nova-API-Version: 2.1 x-compute-request-id: req-8694ff2e-eb97-4ae1-a637-eeb3024f39d5 x-openstack-request-id: req-8694ff2e-eb97-4ae1-a637-eeb3024f39d5 _http_log_response /usr/lib/python2.7/site-packages/keystoneauth1/session.py:479
2019-08-05 08:29:55.884 660 DEBUG novaclient.v2.client [-] RESP BODY: {"flavors": [{"name": "rally_full-flavor_alt_dba6289b-bc0f-4973-9ad7-08c2c1c5fe81", "links": [{"href": "http://172.30.9.40:8774/v2.1/flavors/a8cc472f-d26d-41e0-b7c4-02b866a8edf5", "rel": "self"}, {"href": "http://172.30.9.40:8774/flavors/a8cc472f-d26d-41e0-b7c4-02b866a8edf5", "rel": "bookmark"}], "ram": 1024, "OS-FLV-DISABLED:disabled": false, "vcpus": 1, "swap": "", "os-flavor-access:is_public": true, "rxtx_factor": 1.0, "OS-FLV-EXT-DATA:ephemeral": 0, "disk": 1, "id": "a8cc472f-d26d-41e0-b7c4-02b866a8edf5"}, {"name": "rally_full-flavor_dba6289b-bc0f-4973-9ad7-08c2c1c5fe81", "links": [{"href": "http://172.30.9.40:8774/v2.1/flavors/b55c59ee-c27d-4cc8-97e4-e1118326686a", "rel": "self"}, {"href": "http://172.30.9.40:8774/flavors/b55c59ee-c27d-4cc8-97e4-e1118326686a", "rel": "bookmark"}], "ram": 512, "OS-FLV-DISABLED:disabled": false, "vcpus": 1, "swap": "", "os-flavor-access:is_public": true, "rxtx_factor": 1.0, "OS-FLV-EXT-DATA:ephemeral": 0, "disk": 1, "id": "b55c59ee-c27d-4cc8-97e4-e1118326686a"}]} _http_log_response /usr/lib/python2.7/site-packages/keystoneauth1/session.py:511
2019-08-05 08:29:55.885 660 DEBUG novaclient.v2.client [-] GET call to compute for http://172.30.9.40:8774/v2.1/flavors/detail used request id req-8694ff2e-eb97-4ae1-a637-eeb3024f39d5 request /usr/lib/python2.7/site-packages/keystoneauth1/session.py:844
2019-08-05 08:29:55.886 660 DEBUG novaclient.v2.client [-] REQ: curl -g -i -X GET http://172.30.9.40:8774/v2.1/flavors/detail -H "Accept: application/json" -H "User-Agent: python-novaclient" -H "X-Auth-Token: {SHA1}03be25de3aa3aa93bb81d8cc20823611b6cfe5f5" _http_log_request /usr/lib/python2.7/site-packages/keystoneauth1/session.py:448
2019-08-05 08:29:55.889 661 DEBUG novaclient.v2.client [-] RESP: [200] Content-Encoding: gzip Content-Length: 365 Content-Type: application/json Date: Mon, 05 Aug 2019 08:29:55 GMT OpenStack-API-Version: compute 2.1 Server: Apache Vary: OpenStack-API-Version,X-OpenStack-Nova-API-Version,Accept-Encoding X-OpenStack-Nova-API-Version: 2.1 x-compute-request-id: req-e1e9527b-8beb-49df-9145-e9e2a2a17756 x-openstack-request-id: req-e1e9527b-8beb-49df-9145-e9e2a2a17756 _http_log_response /usr/lib/python2.7/site-packages/keystoneauth1/session.py:479
2019-08-05 08:29:55.889 661 DEBUG novaclient.v2.client [-] RESP BODY: {"flavors": [{"name": "rally_full-flavor_alt_dba6289b-bc0f-4973-9ad7-08c2c1c5fe81", "links": [{"href": "http://172.30.9.40:8774/v2.1/flavors/a8cc472f-d26d-41e0-b7c4-02b866a8edf5", "rel": "self"}, {"href": "http://172.30.9.40:8774/flavors/a8cc472f-d26d-41e0-b7c4-02b866a8edf5", "rel": "bookmark"}], "ram": 1024, "OS-FLV-DISABLED:disabled": false, "vcpus": 1, "swap": "", "os-flavor-access:is_public": true, "rxtx_factor": 1.0, "OS-FLV-EXT-DATA:ephemeral": 0, "disk": 1, "id": "a8cc472f-d26d-41e0-b7c4-02b866a8edf5"}, {"name": "rally_full-flavor_dba6289b-bc0f-4973-9ad7-08c2c1c5fe81", "links": [{"href": "http://172.30.9.40:8774/v2.1/flavors/b55c59ee-c27d-4cc8-97e4-e1118326686a", "rel": "self"}, {"href": "http://172.30.9.40:8774/flavors/b55c59ee-c27d-4cc8-97e4-e1118326686a", "rel": "bookmark"}], "ram": 512, "OS-FLV-DISABLED:disabled": false, "vcpus": 1, "swap": "", "os-flavor-access:is_public": true, "rxtx_factor": 1.0, "OS-FLV-EXT-DATA:ephemeral": 0, "disk": 1, "id": "b55c59ee-c27d-4cc8-97e4-e1118326686a"}]} _http_log_response /usr/lib/python2.7/site-packages/keystoneauth1/session.py:511
2019-08-05 08:29:55.890 661 DEBUG novaclient.v2.client [-] GET call to compute for http://172.30.9.40:8774/v2.1/flavors/detail used request id req-e1e9527b-8beb-49df-9145-e9e2a2a17756 request /usr/lib/python2.7/site-packages/keystoneauth1/session.py:844
2019-08-05 08:29:55.891 661 DEBUG novaclient.v2.client [-] REQ: curl -g -i -X GET http://172.30.9.40:8774/v2.1/flavors/detail -H "Accept: application/json" -H "User-Agent: python-novaclient" -H "X-Auth-Token: {SHA1}edae3cd037b92ea42434d9841cf03a24dac6ef38" _http_log_request /usr/lib/python2.7/site-packages/keystoneauth1/session.py:448
2019-08-05 08:29:55.911 660 DEBUG novaclient.v2.client [-] RESP: [200] Content-Encoding: gzip Content-Length: 365 Content-Type: application/json Date: Mon, 05 Aug 2019 08:29:55 GMT OpenStack-API-Version: compute 2.1 Server: Apache Vary: OpenStack-API-Version,X-OpenStack-Nova-API-Version,Accept-Encoding X-OpenStack-Nova-API-Version: 2.1 x-compute-request-id: req-ba554ac6-e545-4808-9639-04f239ea9677 x-openstack-request-id: req-ba554ac6-e545-4808-9639-04f239ea9677 _http_log_response /usr/lib/python2.7/site-packages/keystoneauth1/session.py:479
2019-08-05 08:29:55.911 660 DEBUG novaclient.v2.client [-] RESP BODY: {"flavors": [{"name": "rally_full-flavor_alt_dba6289b-bc0f-4973-9ad7-08c2c1c5fe81", "links": [{"href": "http://172.30.9.40:8774/v2.1/flavors/a8cc472f-d26d-41e0-b7c4-02b866a8edf5", "rel": "self"}, {"href": "http://172.30.9.40:8774/flavors/a8cc472f-d26d-41e0-b7c4-02b866a8edf5", "rel": "bookmark"}], "ram": 1024, "OS-FLV-DISABLED:disabled": false, "vcpus": 1, "swap": "", "os-flavor-access:is_public": true, "rxtx_factor": 1.0, "OS-FLV-EXT-DATA:ephemeral": 0, "disk": 1, "id": "a8cc472f-d26d-41e0-b7c4-02b866a8edf5"}, {"name": "rally_full-flavor_dba6289b-bc0f-4973-9ad7-08c2c1c5fe81", "links": [{"href": "http://172.30.9.40:8774/v2.1/flavors/b55c59ee-c27d-4cc8-97e4-e1118326686a", "rel": "self"}, {"href": "http://172.30.9.40:8774/flavors/b55c59ee-c27d-4cc8-97e4-e1118326686a", "rel": "bookmark"}], "ram": 512, "OS-FLV-DISABLED:disabled": false, "vcpus": 1, "swap": "", "os-flavor-access:is_public": true, "rxtx_factor": 1.0, "OS-FLV-EXT-DATA:ephemeral": 0, "disk": 1, "id": "b55c59ee-c27d-4cc8-97e4-e1118326686a"}]} _http_log_response /usr/lib/python2.7/site-packages/keystoneauth1/session.py:511
2019-08-05 08:29:55.911 660 DEBUG novaclient.v2.client [-] GET call to compute for http://172.30.9.40:8774/v2.1/flavors/detail used request id req-ba554ac6-e545-4808-9639-04f239ea9677 request /usr/lib/python2.7/site-packages/keystoneauth1/session.py:844
