2019-08-05 08:34:00.114 725 DEBUG novaclient.v2.client [-] GET call to compute for http://172.30.9.40:8774/v2.1/servers/d53bdc44-cfff-437c-aec2-dcbb38c3c7dd used request id req-7e598af8-85b6-42cf-894b-8b7b660fcc24 request /usr/lib/python2.7/site-packages/keystoneauth1/session.py:844
2019-08-05 08:34:00.327 725 DEBUG novaclient.v2.client [-] REQ: curl -g -i -X GET http://172.30.9.40:8774/v2.1/servers/533b7687-ea92-4fb8-adf1-0b291a76ee51 -H "Accept: application/json" -H "User-Agent: python-novaclient" -H "X-Auth-Token: {SHA1}10be7bb1d46cf5fdc3adf36132894ba6a86ad438" _http_log_request /usr/lib/python2.7/site-packages/keystoneauth1/session.py:448
2019-08-05 08:34:00.381 725 DEBUG novaclient.v2.client [-] RESP: [404] Content-Length: 111 Content-Type: application/json; charset=UTF-8 Date: Mon, 05 Aug 2019 08:34:00 GMT OpenStack-API-Version: compute 2.1 Server: Apache Vary: OpenStack-API-Version,X-OpenStack-Nova-API-Version X-OpenStack-Nova-API-Version: 2.1 x-compute-request-id: req-46b4bee5-e2d3-4269-bc77-ba0e800f1e6d x-openstack-request-id: req-46b4bee5-e2d3-4269-bc77-ba0e800f1e6d _http_log_response /usr/lib/python2.7/site-packages/keystoneauth1/session.py:479
2019-08-05 08:34:00.381 725 DEBUG novaclient.v2.client [-] RESP BODY: {"itemNotFound": {"message": "Instance 533b7687-ea92-4fb8-adf1-0b291a76ee51 could not be found.", "code": 404}} _http_log_response /usr/lib/python2.7/site-packages/keystoneauth1/session.py:511
2019-08-05 08:34:00.382 725 DEBUG novaclient.v2.client [-] GET call to compute for http://172.30.9.40:8774/v2.1/servers/533b7687-ea92-4fb8-adf1-0b291a76ee51 used request id req-46b4bee5-e2d3-4269-bc77-ba0e800f1e6d request /usr/lib/python2.7/site-packages/keystoneauth1/session.py:844
2019-08-05 08:34:01.117 725 DEBUG novaclient.v2.client [-] REQ: curl -g -i -X GET http://172.30.9.40:8774/v2.1/servers/6d2036c3-9046-4c86-a569-8ea5c4ea3c26 -H "Accept: application/json" -H "User-Agent: python-novaclient" -H "X-Auth-Token: {SHA1}4fc4a3bbf98a94a0fc9bd3cda21ff3eb9de463ac" _http_log_request /usr/lib/python2.7/site-packages/keystoneauth1/session.py:448
2019-08-05 08:34:01.163 725 DEBUG novaclient.v2.client [-] RESP: [404] Content-Length: 111 Content-Type: application/json; charset=UTF-8 Date: Mon, 05 Aug 2019 08:34:01 GMT OpenStack-API-Version: compute 2.1 Server: Apache Vary: OpenStack-API-Version,X-OpenStack-Nova-API-Version X-OpenStack-Nova-API-Version: 2.1 x-compute-request-id: req-83665545-d02f-4fe6-a96c-6a4305a0532f x-openstack-request-id: req-83665545-d02f-4fe6-a96c-6a4305a0532f _http_log_response /usr/lib/python2.7/site-packages/keystoneauth1/session.py:479
2019-08-05 08:34:01.163 725 DEBUG novaclient.v2.client [-] RESP BODY: {"itemNotFound": {"message": "Instance 6d2036c3-9046-4c86-a569-8ea5c4ea3c26 could not be found.", "code": 404}} _http_log_response /usr/lib/python2.7/site-packages/keystoneauth1/session.py:511
2019-08-05 08:34:01.164 725 DEBUG novaclient.v2.client [-] GET call to compute for http://172.30.9.40:8774/v2.1/servers/6d2036c3-9046-4c86-a569-8ea5c4ea3c26 used request id req-83665545-d02f-4fe6-a96c-6a4305a0532f request /usr/lib/python2.7/site-packages/keystoneauth1/session.py:844
2019-08-05 08:34:02.166 725 RALLYDEBUG rally_openstack.cleanup.manager [-] Cleaning up nova server_groups objects
2019-08-05 08:34:02.595 725 DEBUG novaclient.v2.client [-] REQ: curl -g -i -X GET http://172.30.9.40:8774/v2.1/os-server-groups -H "Accept: application/json" -H "User-Agent: python-novaclient" -H "X-Auth-Token: {SHA1}2f1e61c7c24d02f62c72b6e4e6d56d6f861bec7f" _http_log_request /usr/lib/python2.7/site-packages/keystoneauth1/session.py:448
2019-08-05 08:34:02.901 725 DEBUG novaclient.v2.client [-] RESP: [200] Content-Length: 21 Content-Type: application/json Date: Mon, 05 Aug 2019 08:34:02 GMT OpenStack-API-Version: compute 2.1 Server: Apache Vary: OpenStack-API-Version,X-OpenStack-Nova-API-Version X-OpenStack-Nova-API-Version: 2.1 x-compute-request-id: req-3b8d2b3f-f080-4d2e-927f-47c89da31f91 x-openstack-request-id: req-3b8d2b3f-f080-4d2e-927f-47c89da31f91 _http_log_response /usr/lib/python2.7/site-packages/keystoneauth1/session.py:479
2019-08-05 08:34:02.902 725 DEBUG novaclient.v2.client [-] RESP BODY: {"server_groups": []} _http_log_response /usr/lib/python2.7/site-packages/keystoneauth1/session.py:511
2019-08-05 08:34:02.902 725 DEBUG novaclient.v2.client [-] GET call to compute for http://172.30.9.40:8774/v2.1/os-server-groups used request id req-3b8d2b3f-f080-4d2e-927f-47c89da31f91 request /usr/lib/python2.7/site-packages/keystoneauth1/session.py:844
2019-08-05 08:34:03.341 725 DEBUG novaclient.v2.client [-] REQ: curl -g -i -X GET http://172.30.9.40:8774/v2.1/os-server-groups -H "Accept: application/json" -H "User-Agent: python-novaclient" -H "X-Auth-Token: {SHA1}a5825c39e4af923c51390a43d2c08b9c23ad6527" _http_log_request /usr/lib/python2.7/site-packages/keystoneauth1/session.py:448
2019-08-05 08:34:03.621 725 DEBUG novaclient.v2.client [-] RESP: [200] Content-Length: 21 Content-Type: application/json Date: Mon, 05 Aug 2019 08:34:03 GMT OpenStack-API-Version: compute 2.1 Server: Apache Vary: OpenStack-API-Version,X-OpenStack-Nova-API-Version X-OpenStack-Nova-API-Version: 2.1 x-compute-request-id: req-b0fd5da2-9240-4da9-a4cb-df9ecd9f5ffe x-openstack-request-id: req-b0fd5da2-9240-4da9-a4cb-df9ecd9f5ffe _http_log_response /usr/lib/python2.7/site-packages/keystoneauth1/session.py:479
2019-08-05 08:34:03.621 725 DEBUG novaclient.v2.client [-] RESP BODY: {"server_groups": []} _http_log_response /usr/lib/python2.7/site-packages/keystoneauth1/session.py:511
2019-08-05 08:34:03.621 725 DEBUG novaclient.v2.client [-] GET call to compute for http://172.30.9.40:8774/v2.1/os-server-groups used request id req-b0fd5da2-9240-4da9-a4cb-df9ecd9f5ffe request /usr/lib/python2.7/site-packages/keystoneauth1/session.py:844
2019-08-05 08:34:04.061 725 DEBUG novaclient.v2.client [-] REQ: curl -g -i -X GET http://172.30.9.40:8774/v2.1/os-server-groups -H "Accept: application/json" -H "User-Agent: python-novaclient" -H "X-Auth-Token: {SHA1}bc8d4963b290c34f5461997faea8e051a5667991" _http_log_request /usr/lib/python2.7/site-packages/keystoneauth1/session.py:448
2019-08-05 08:34:04.360 725 DEBUG novaclient.v2.client [-] RESP: [200] Content-Length: 21 Content-Type: application/json Date: Mon, 05 Aug 2019 08:34:04 GMT OpenStack-API-Version: compute 2.1 Server: Apache Vary: OpenStack-API-Version,X-OpenStack-Nova-API-Version X-OpenStack-Nova-API-Version: 2.1 x-compute-request-id: req-2f6adaf9-8f7e-414e-a0d3-2352c58d2acd x-openstack-request-id: req-2f6adaf9-8f7e-414e-a0d3-2352c58d2acd _http_log_response /usr/lib/python2.7/site-packages/keystoneauth1/session.py:479
2019-08-05 08:34:04.360 725 DEBUG novaclient.v2.client [-] RESP BODY: {"server_groups": []} _http_log_response /usr/lib/python2.7/site-packages/keystoneauth1/session.py:511
2019-08-05 08:34:04.361 725 DEBUG novaclient.v2.client [-] GET call to compute for http://172.30.9.40:8774/v2.1/os-server-groups used request id req-2f6adaf9-8f7e-414e-a0d3-2352c58d2acd request /usr/lib/python2.7/site-packages/keystoneauth1/session.py:844
2019-08-05 08:34:04.368 725 RALLYDEBUG rally_openstack.cleanup.manager [-] Cleaning up nova keypairs objects
2019-08-05 08:34:04.805 725 DEBUG novaclient.v2.client [-] REQ: curl -g -i -X GET http://172.30.9.40:8774/v2.1/os-keypairs -H "Accept: application/json" -H "User-Agent: python-novaclient" -H "X-Auth-Token: {SHA1}749d6dedaac2148b3b25071ba7631b9960168a1f" _http_log_request /usr/lib/python2.7/site-packages/keystoneauth1/session.py:448
2019-08-05 08:34:05.115 725 DEBUG novaclient.v2.client [-] RESP: [200] Content-Length: 16 Content-Type: application/json Date: Mon, 05 Aug 2019 08:34:04 GMT OpenStack-API-Version: compute 2.1 Server: Apache Vary: OpenStack-API-Version,X-OpenStack-Nova-API-Version X-OpenStack-Nova-API-Version: 2.1 x-compute-request-id: req-547a2a85-0857-47d0-bfef-7fc8fd6de1f0 x-openstack-request-id: req-547a2a85-0857-47d0-bfef-7fc8fd6de1f0 _http_log_response /usr/lib/python2.7/site-packages/keystoneauth1/session.py:479
2019-08-05 08:34:05.116 725 DEBUG novaclient.v2.client [-] RESP BODY: {"keypairs": []} _http_log_response /usr/lib/python2.7/site-packages/keystoneauth1/session.py:511
2019-08-05 08:34:05.116 725 DEBUG novaclient.v2.client [-] GET call to compute for http://172.30.9.40:8774/v2.1/os-keypairs used request id req-547a2a85-0857-47d0-bfef-7fc8fd6de1f0 request /usr/lib/python2.7/site-packages/keystoneauth1/session.py:844
2019-08-05 08:34:05.558 725 DEBUG novaclient.v2.client [-] REQ: curl -g -i -X GET http://172.30.9.40:8774/v2.1/os-keypairs -H "Accept: application/json" -H "User-Agent: python-novaclient" -H "X-Auth-Token: {SHA1}9da81defc4a336bd3cfefc446cf71b934fe5c90e" _http_log_request /usr/lib/python2.7/site-packages/keystoneauth1/session.py:448
2019-08-05 08:34:05.845 725 DEBUG novaclient.v2.client [-] RESP: [200] Content-Length: 16 Content-Type: application/json Date: Mon, 05 Aug 2019 08:34:05 GMT OpenStack-API-Version: compute 2.1 Server: Apache Vary: OpenStack-API-Version,X-OpenStack-Nova-API-Version X-OpenStack-Nova-API-Version: 2.1 x-compute-request-id: req-816fb8d5-6977-47b5-b635-5785e591cda0 x-openstack-request-id: req-816fb8d5-6977-47b5-b635-5785e591cda0 _http_log_response /usr/lib/python2.7/site-packages/keystoneauth1/session.py:479
2019-08-05 08:34:05.846 725 DEBUG novaclient.v2.client [-] RESP BODY: {"keypairs": []} _http_log_response /usr/lib/python2.7/site-packages/keystoneauth1/session.py:511
2019-08-05 08:34:05.846 725 DEBUG novaclient.v2.client [-] GET call to compute for http://172.30.9.40:8774/v2.1/os-keypairs used request id req-816fb8d5-6977-47b5-b635-5785e591cda0 request /usr/lib/python2.7/site-packages/keystoneauth1/session.py:844
2019-08-05 08:34:06.285 725 DEBUG novaclient.v2.client [-] REQ: curl -g -i -X GET http://172.30.9.40:8774/v2.1/os-keypairs -H "Accept: application/json" -H "User-Agent: python-novaclient" -H "X-Auth-Token: {SHA1}a0d085f5229682b73a462616bda52466f6a2a3d6" _http_log_request /usr/lib/python2.7/site-packages/keystoneauth1/session.py:448
2019-08-05 08:34:06.596 725 DEBUG novaclient.v2.client [-] RESP: [200] Content-Length: 16 Content-Type: application/json Date: Mon, 05 Aug 2019 08:34:06 GMT OpenStack-API-Version: compute 2.1 Server: Apache Vary: OpenStack-API-Version,X-OpenStack-Nova-API-Version X-OpenStack-Nova-API-Version: 2.1 x-compute-request-id: req-58d53896-4ef2-4e14-bcd9-2c515bcb3336 x-openstack-request-id: req-58d53896-4ef2-4e14-bcd9-2c515bcb3336 _http_log_response /usr/lib/python2.7/site-packages/keystoneauth1/session.py:479
2019-08-05 08:34:06.597 725 DEBUG novaclient.v2.client [-] RESP BODY: {"keypairs": []} _http_log_response /usr/lib/python2.7/site-packages/keystoneauth1/session.py:511
2019-08-05 08:34:06.597 725 DEBUG novaclient.v2.client [-] GET call to compute for http://172.30.9.40:8774/v2.1/os-keypairs used request id req-58d53896-4ef2-4e14-bcd9-2c515bcb3336 request /usr/lib/python2.7/site-packages/keystoneauth1/session.py:844
2019-08-05 08:34:07.043 725 DEBUG novaclient.v2.client [-] REQ: curl -g -i -X GET http://172.30.9.40:8774/v2.1/os-keypairs -H "Accept: application/json" -H "User-Agent: python-novaclient" -H "X-Auth-Token: {SHA1}6f6a0643ef08f8a23a47b3650cd05595b517275b" _http_log_request /usr/lib/python2.7/site-packages/keystoneauth1/session.py:448
2019-08-05 08:34:07.345 725 DEBUG novaclient.v2.client [-] RESP: [200] Content-Length: 16 Content-Type: application/json Date: Mon, 05 Aug 2019 08:34:07 GMT OpenStack-API-Version: compute 2.1 Server: Apache Vary: OpenStack-API-Version,X-OpenStack-Nova-API-Version X-OpenStack-Nova-API-Version: 2.1 x-compute-request-id: req-ed2da766-86fc-4c12-a75e-034fbae94c8c x-openstack-request-id: req-ed2da766-86fc-4c12-a75e-034fbae94c8c _http_log_response /usr/lib/python2.7/site-packages/keystoneauth1/session.py:479
2019-08-05 08:34:07.346 725 DEBUG novaclient.v2.client [-] RESP BODY: {"keypairs": []} _http_log_response /usr/lib/python2.7/site-packages/keystoneauth1/session.py:511
2019-08-05 08:34:07.346 725 DEBUG novaclient.v2.client [-] GET call to compute for http://172.30.9.40:8774/v2.1/os-keypairs used request id req-ed2da766-86fc-4c12-a75e-034fbae94c8c request /usr/lib/python2.7/site-packages/keystoneauth1/session.py:844
2019-08-05 08:34:07.799 725 DEBUG novaclient.v2.client [-] REQ: curl -g -i -X GET http://172.30.9.40:8774/v2.1/os-keypairs -H "Accept: application/json" -H "User-Agent: python-novaclient" -H "X-Auth-Token: {SHA1}44491a9e192334a8ca6f01221bb5400c8dc639ef" _http_log_request /usr/lib/python2.7/site-packages/keystoneauth1/session.py:448
2019-08-05 08:34:08.108 725 DEBUG novaclient.v2.client [-] RESP: [200] Content-Length: 16 Content-Type: application/json Date: Mon, 05 Aug 2019 08:34:07 GMT OpenStack-API-Version: compute 2.1 Server: Apache Vary: OpenStack-API-Version,X-OpenStack-Nova-API-Version X-OpenStack-Nova-API-Version: 2.1 x-compute-request-id: req-cbb9fbf8-d7f3-4996-b1a1-07e360809aa3 x-openstack-request-id: req-cbb9fbf8-d7f3-4996-b1a1-07e360809aa3 _http_log_response /usr/lib/python2.7/site-packages/keystoneauth1/session.py:479
2019-08-05 08:34:08.109 725 DEBUG novaclient.v2.client [-] RESP BODY: {"keypairs": []} _http_log_response /usr/lib/python2.7/site-packages/keystoneauth1/session.py:511
2019-08-05 08:34:08.109 725 DEBUG novaclient.v2.client [-] GET call to compute for http://172.30.9.40:8774/v2.1/os-keypairs used request id req-cbb9fbf8-d7f3-4996-b1a1-07e360809aa3 request /usr/lib/python2.7/site-packages/keystoneauth1/session.py:844
2019-08-05 08:34:08.563 725 DEBUG novaclient.v2.client [-] REQ: curl -g -i -X GET http://172.30.9.40:8774/v2.1/os-keypairs -H "Accept: application/json" -H "User-Agent: python-novaclient" -H "X-Auth-Token: {SHA1}4f66f33069c446fd2e0976586f72d569ca5d6557" _http_log_request /usr/lib/python2.7/site-packages/keystoneauth1/session.py:448
2019-08-05 08:34:08.891 725 DEBUG novaclient.v2.client [-] RESP: [200] Content-Length: 16 Content-Type: application/json Date: Mon, 05 Aug 2019 08:34:08 GMT OpenStack-API-Version: compute 2.1 Server: Apache Vary: OpenStack-API-Version,X-OpenStack-Nova-API-Version X-OpenStack-Nova-API-Version: 2.1 x-compute-request-id: req-d2b7867c-0db0-434c-9019-fa6728797c8b x-openstack-request-id: req-d2b7867c-0db0-434c-9019-fa6728797c8b _http_log_response /usr/lib/python2.7/site-packages/keystoneauth1/session.py:479
2019-08-05 08:34:08.891 725 DEBUG novaclient.v2.client [-] RESP BODY: {"keypairs": []} _http_log_response /usr/lib/python2.7/site-packages/keystoneauth1/session.py:511
2019-08-05 08:34:08.892 725 DEBUG novaclient.v2.client [-] GET call to compute for http://172.30.9.40:8774/v2.1/os-keypairs used request id req-d2b7867c-0db0-434c-9019-fa6728797c8b request /usr/lib/python2.7/site-packages/keystoneauth1/session.py:844
2019-08-05 08:34:08.903 725 RALLYDEBUG rally_openstack.cleanup.manager [-] Cleaning up glance images objects
2019-08-05 08:34:13.239 725 RALLYDEBUG rally_openstack.cleanup.manager [-] Deleting glance.images object s_rally_8cc5eed4_YTpSz5ok (eaea2970-5d41-4407-a774-f3a40d8d9006)
2019-08-05 08:34:13.243 725 RALLYDEBUG rally_openstack.cleanup.manager [-] Deleting glance.images object s_rally_8cc5eed4_eNrPJfAR (bce9d4b0-dd0c-4dfd-a442-cfd1b69d263f)
2019-08-05 08:34:13.254 725 RALLYDEBUG rally_openstack.cleanup.manager [-] Deleting glance.images object s_rally_8cc5eed4_93G0XFJ0 (daf4d66f-29e2-4aef-8a54-d153fa190095)
2019-08-05 08:34:13.255 725 RALLYDEBUG rally_openstack.cleanup.manager [-] Deleting glance.images object s_rally_8cc5eed4_CltC4XXy (23c05bb7-7d9f-43c1-835b-2da4f959f2aa)
2019-08-05 08:34:13.270 725 RALLYDEBUG rally_openstack.cleanup.manager [-] Deleting glance.images object s_rally_8cc5eed4_IJ2ifH7y (ce3e7787-d746-471f-89f3-da2fae543eb8)
2019-08-05 08:34:13.273 725 RALLYDEBUG rally_openstack.cleanup.manager [-] Deleting glance.images object s_rally_8cc5eed4_8QZQVJbt (a04cd313-ee80-4b87-9c1b-9520a341dda2)
2019-08-05 08:34:13.280 725 RALLYDEBUG rally_openstack.cleanup.manager [-] Deleting glance.images object s_rally_8cc5eed4_Xqsiz5Xw (82170162-59bf-4200-b571-faf404d56022)
2019-08-05 08:34:13.304 725 RALLYDEBUG rally_openstack.cleanup.manager [-] Deleting glance.images object s_rally_8cc5eed4_iAJIXPiO (b32eb49e-fcba-44a7-b705-23f1b9992a7b)
2019-08-05 08:34:13.310 725 RALLYDEBUG rally_openstack.cleanup.manager [-] Deleting glance.images object s_rally_8cc5eed4_sObNMfJi (32824b83-37ee-4e41-8d83-7756c4a6226d)
2019-08-05 08:34:13.311 725 RALLYDEBUG rally_openstack.cleanup.manager [-] Deleting glance.images object s_rally_8cc5eed4_n1ZSpIE3 (fcd02214-a31e-41a2-a838-d88b84737d9c)
2019-08-05 08:34:14.693 725 DEBUG glanceclient.common.http [-] Request returned failure status 404. _handle_response /usr/lib/python2.7/site-packages/glanceclient/common/http.py:125
2019-08-05 08:34:14.987 725 DEBUG glanceclient.common.http [-] Request returned failure status 404. _handle_response /usr/lib/python2.7/site-packages/glanceclient/common/http.py:125
2019-08-05 08:34:15.837 725 DEBUG glanceclient.common.http [-] Request returned failure status 404. _handle_response /usr/lib/python2.7/site-packages/glanceclient/common/http.py:125
2019-08-05 08:34:15.851 725 DEBUG glanceclient.common.http [-] Request returned failure status 404. _handle_response /usr/lib/python2.7/site-packages/glanceclient/common/http.py:125
2019-08-05 08:34:15.868 725 DEBUG glanceclient.common.http [-] Request returned failure status 404. _handle_response /usr/lib/python2.7/site-packages/glanceclient/common/http.py:125
2019-08-05 08:34:16.055 725 DEBUG glanceclient.common.http [-] Request returned failure status 404. _handle_response /usr/lib/python2.7/site-packages/glanceclient/common/http.py:125
2019-08-05 08:34:16.068 725 DEBUG glanceclient.common.http [-] Request returned failure status 404. _handle_response /usr/lib/python2.7/site-packages/glanceclient/common/http.py:125
2019-08-05 08:34:16.089 725 DEBUG glanceclient.common.http [-] Request returned failure status 404. _handle_response /usr/lib/python2.7/site-packages/glanceclient/common/http.py:125
2019-08-05 08:34:16.096 725 DEBUG glanceclient.common.http [-] Request returned failure status 404. _handle_response /usr/lib/python2.7/site-packages/glanceclient/common/http.py:125
2019-08-05 08:34:16.135 725 DEBUG glanceclient.common.http [-] Request returned failure status 404. _handle_response /usr/lib/python2.7/site-packages/glanceclient/common/http.py:125
2019-08-05 08:34:16.163 725 DEBUG glanceclient.common.http [-] Request returned failure status 404. _handle_response /usr/lib/python2.7/site-packages/glanceclient/common/http.py:125
2019-08-05 08:34:16.193 725 DEBUG glanceclient.common.http [-] Request returned failure status 404. _handle_response /usr/lib/python2.7/site-packages/glanceclient/common/http.py:125
2019-08-05 08:34:16.311 725 DEBUG glanceclient.common.http [-] Request returned failure status 404. _handle_response /usr/lib/python2.7/site-packages/glanceclient/common/http.py:125
2019-08-05 08:34:16.366 725 DEBUG glanceclient.common.http [-] Request returned failure status 404. _handle_response /usr/lib/python2.7/site-packages/glanceclient/common/http.py:125
2019-08-05 08:34:16.393 725 DEBUG glanceclient.common.http [-] Request returned failure status 404. _handle_response /usr/lib/python2.7/site-packages/glanceclient/common/http.py:125
2019-08-05 08:34:16.463 725 DEBUG glanceclient.common.http [-] Request returned failure status 404. _handle_response /usr/lib/python2.7/site-packages/glanceclient/common/http.py:125
2019-08-05 08:34:16.837 725 DEBUG glanceclient.common.http [-] Request returned failure status 404. _handle_response /usr/lib/python2.7/site-packages/glanceclient/common/http.py:125
2019-08-05 08:34:16.844 725 DEBUG glanceclient.common.http [-] Request returned failure status 404. _handle_response /usr/lib/python2.7/site-packages/glanceclient/common/http.py:125
2019-08-05 08:34:17.060 725 DEBUG glanceclient.common.http [-] Request returned failure status 404. _handle_response /usr/lib/python2.7/site-packages/glanceclient/common/http.py:125
2019-08-05 08:34:17.150 725 DEBUG glanceclient.common.http [-] Request returned failure status 404. _handle_response /usr/lib/python2.7/site-packages/glanceclient/common/http.py:125
2019-08-05 08:34:18.152 725 INFO rally.task.context [-] Task b1149661-6917-4d45-ae5e-c1c882ec4a5c | Context cleanup@openstack cleanup() finished in 34.45 sec
2019-08-05 08:34:18.153 725 INFO rally.task.context [-] Task b1149661-6917-4d45-ae5e-c1c882ec4a5c | Context quotas@openstack cleanup() started
2019-08-05 08:34:18.154 725 DEBUG novaclient.v2.client [-] REQ: curl -g -i -X DELETE http://172.30.9.40:8774/v2.1/os-quota-sets/fe9dfd7d4c6643e28ee9008fd62deb5e -H "Accept: application/json" -H "User-Agent: python-novaclient" -H "X-Auth-Token: {SHA1}ac9e3b782d71ef07473e3f0aa612f8ee413093b2" _http_log_request /usr/lib/python2.7/site-packages/keystoneauth1/session.py:448
2019-08-05 08:34:18.192 725 DEBUG novaclient.v2.client [-] RESP: [202] Content-Length: 0 Content-Type: application/json Date: Mon, 05 Aug 2019 08:34:18 GMT OpenStack-API-Version: compute 2.1 Server: Apache Vary: OpenStack-API-Version,X-OpenStack-Nova-API-Version X-OpenStack-Nova-API-Version: 2.1 x-compute-request-id: req-b35524c8-e68a-44ae-8220-bb4d5f3dd88a x-openstack-request-id: req-b35524c8-e68a-44ae-8220-bb4d5f3dd88a _http_log_response /usr/lib/python2.7/site-packages/keystoneauth1/session.py:479
2019-08-05 08:34:18.192 725 DEBUG novaclient.v2.client [-] DELETE call to compute for http://172.30.9.40:8774/v2.1/os-quota-sets/fe9dfd7d4c6643e28ee9008fd62deb5e used request id req-b35524c8-e68a-44ae-8220-bb4d5f3dd88a request /usr/lib/python2.7/site-packages/keystoneauth1/session.py:844
2019-08-05 08:34:18.193 725 DEBUG novaclient.v2.client [-] REQ: curl -g -i -X DELETE http://172.30.9.40:8774/v2.1/os-quota-sets/41ab0f806fdb43679c980792798120b8 -H "Accept: application/json" -H "User-Agent: python-novaclient" -H "X-Auth-Token: {SHA1}ac9e3b782d71ef07473e3f0aa612f8ee413093b2" _http_log_request /usr/lib/python2.7/site-packages/keystoneauth1/session.py:448
2019-08-05 08:34:18.222 725 DEBUG novaclient.v2.client [-] RESP: [202] Content-Length: 0 Content-Type: application/json Date: Mon, 05 Aug 2019 08:34:18 GMT OpenStack-API-Version: compute 2.1 Server: Apache Vary: OpenStack-API-Version,X-OpenStack-Nova-API-Version X-OpenStack-Nova-API-Version: 2.1 x-compute-request-id: req-d42a0492-fb7b-48cb-8171-759f8039c071 x-openstack-request-id: req-d42a0492-fb7b-48cb-8171-759f8039c071 _http_log_response /usr/lib/python2.7/site-packages/keystoneauth1/session.py:479
2019-08-05 08:34:18.222 725 DEBUG novaclient.v2.client [-] DELETE call to compute for http://172.30.9.40:8774/v2.1/os-quota-sets/41ab0f806fdb43679c980792798120b8 used request id req-d42a0492-fb7b-48cb-8171-759f8039c071 request /usr/lib/python2.7/site-packages/keystoneauth1/session.py:844
2019-08-05 08:34:18.223 725 DEBUG novaclient.v2.client [-] REQ: curl -g -i -X DELETE http://172.30.9.40:8774/v2.1/os-quota-sets/48f869264e3e4d89970f80f7cc4c2898 -H "Accept: application/json" -H "User-Agent: python-novaclient" -H "X-Auth-Token: {SHA1}ac9e3b782d71ef07473e3f0aa612f8ee413093b2" _http_log_request /usr/lib/python2.7/site-packages/keystoneauth1/session.py:448
2019-08-05 08:34:18.251 725 DEBUG novaclient.v2.client [-] RESP: [202] Content-Length: 0 Content-Type: application/json Date: Mon, 05 Aug 2019 08:34:18 GMT OpenStack-API-Version: compute 2.1 Server: Apache Vary: OpenStack-API-Version,X-OpenStack-Nova-API-Version X-OpenStack-Nova-API-Version: 2.1 x-compute-request-id: req-da0482bb-4099-42c1-9d62-ef14b0d00cc9 x-openstack-request-id: req-da0482bb-4099-42c1-9d62-ef14b0d00cc9 _http_log_response /usr/lib/python2.7/site-packages/keystoneauth1/session.py:479
2019-08-05 08:34:18.252 725 DEBUG novaclient.v2.client [-] DELETE call to compute for http://172.30.9.40:8774/v2.1/os-quota-sets/48f869264e3e4d89970f80f7cc4c2898 used request id req-da0482bb-4099-42c1-9d62-ef14b0d00cc9 request /usr/lib/python2.7/site-packages/keystoneauth1/session.py:844
2019-08-05 08:34:18.252 725 INFO rally.task.context [-] Task b1149661-6917-4d45-ae5e-c1c882ec4a5c | Context quotas@openstack cleanup() finished in 99.29 msec
2019-08-05 08:34:18.253 725 INFO rally.task.context [-] Task b1149661-6917-4d45-ae5e-c1c882ec4a5c | Context users@openstack cleanup() started
2019-08-05 08:34:27.056 725 INFO rally.task.context [-] Task b1149661-6917-4d45-ae5e-c1c882ec4a5c | Context users@openstack cleanup() finished in 8.80 sec
2019-08-05 08:34:27.575 725 INFO rally.task.engine [-] Load duration is: 80.264204
2019-08-05 08:34:27.575 725 INFO rally.task.engine [-] Full runner duration is: 82.167763
2019-08-05 08:34:27.576 725 INFO rally.task.engine [-] Full duration is: 134.021298
2019-08-05 08:34:27.822 725 INFO rally.task.engine [-] Running workload: position = 0 config = { "version": 2, "title": "A cropped version of a bigger task.", "description": "Auto-generated task from a single workload (uuid=0eb2d097-1e5c-4aee-af91-348176ead3f1)", "subtasks": [ { "title": "GlanceImages.create_and_deactivate_image", "description": "Create an image, then deactivate it.", "scenario": { "GlanceImages.create_and_deactivate_image": { "container_format": "bare", "disk_format": "qcow2", "image_location": "/home/opnfv/functest/images/cirros-0.4.0-x86_64-disk.img" } }, "contexts": { "users": { "tenants": 3, "users_per_tenant": 2 } }, "runner": { "constant": { "concurrency": 4, "times": 10 } }, "hooks": [], "sla": { "failure_rate": { "max": 0 } } } ] }
2019-08-05 08:34:27.845 725 RALLYDEBUG rally_openstack.contexts.keystone.users [-] Creating 3 tenants using 20 threads
2019-08-05 08:34:29.685 725 RALLYDEBUG rally_openstack.contexts.keystone.users [-] Creating 6 users using 20 threads
2019-08-05 08:34:32.516 725 INFO rally.task.context [-] Task b1149661-6917-4d45-ae5e-c1c882ec4a5c | Context users@openstack setup() finished in 4.67 sec
2019-08-05 08:34:32.517 725 INFO rally.task.context [-] Task b1149661-6917-4d45-ae5e-c1c882ec4a5c | Context cleanup@openstack setup() finished in 0.01 msec
2019-08-05 08:34:32.524 725 RALLYDEBUG rally.task.runner [-] Starting the constant runner (task UUID: b1149661-6917-4d45-ae5e-c1c882ec4a5c). timeout: 0 concurrency: 4 concurrency_per_worker: 1 times: 10 concurrency_overhead: 0 processes_to_start: 4 max_cpu_used: 16
2019-08-05 08:34:32.537 1385 RALLYDEBUG rally.task.runner [-] Starting a worker. concurrency: 1 args: {"container_format": "bare", "disk_format": "qcow2", "image_location": "/home/opnfv/functest/images/cirros-0.4.0-x86_64-disk.img"} times: 10 method_name: run timeout: 0 duration: None cls:
2019-08-05 08:34:32.539 1386 RALLYDEBUG rally.task.runner [-] Starting a worker. concurrency: 1 args: {"container_format": "bare", "disk_format": "qcow2", "image_location": "/home/opnfv/functest/images/cirros-0.4.0-x86_64-disk.img"} times: 10 method_name: run timeout: 0 duration: None cls:
2019-08-05 08:34:32.544 1385 INFO rally.task.runner [-] Task b1149661-6917-4d45-ae5e-c1c882ec4a5c | ITER: 1 START
2019-08-05 08:34:32.543 1387 RALLYDEBUG rally.task.runner [-] Starting a worker. concurrency: 1 args: {"container_format": "bare", "disk_format": "qcow2", "image_location": "/home/opnfv/functest/images/cirros-0.4.0-x86_64-disk.img"} times: 10 method_name: run timeout: 0 duration: None cls:
2019-08-05 08:34:32.545 1388 RALLYDEBUG rally.task.runner [-] Starting a worker. concurrency: 1 args: {"container_format": "bare", "disk_format": "qcow2", "image_location": "/home/opnfv/functest/images/cirros-0.4.0-x86_64-disk.img"} times: 10 method_name: run timeout: 0 duration: None cls:
2019-08-05 08:34:32.546 1386 INFO rally.task.runner [-] Task b1149661-6917-4d45-ae5e-c1c882ec4a5c | ITER: 2 START
2019-08-05 08:34:32.549 1387 INFO rally.task.runner [-] Task b1149661-6917-4d45-ae5e-c1c882ec4a5c | ITER: 3 START
2019-08-05 08:34:32.551 1388 INFO rally.task.runner [-] Task b1149661-6917-4d45-ae5e-c1c882ec4a5c | ITER: 4 START
2019-08-05 08:34:36.128 1385 RALLYDEBUG rally.task.utils [-] Waiting for resource u'b3488895-3ead-4ced-990d-3298fd46e8c5'. Status changed: NONE => QUEUED in 0.303349018097
2019-08-05 08:34:36.567 1386 RALLYDEBUG rally.task.utils [-] Waiting for resource u'bc769a57-77c9-48fb-b7c6-91aa6f8f66af'. Status changed: NONE => QUEUED in 0.643275976181
2019-08-05 08:34:36.610 1388 RALLYDEBUG rally.task.utils [-] Waiting for resource u'8425b157-e751-484f-b391-c92fcc157821'. Status changed: NONE => QUEUED in 0.410095930099
2019-08-05 08:34:36.620 1385 RALLYDEBUG rally.task.utils [-] Waiting for resource s_rally_0eb2d097_paWOWRC7. Status changed: QUEUED => ACTIVE in 0.0170252323151
2019-08-05 08:34:36.983 1387 RALLYDEBUG rally.task.utils [-] Waiting for resource u'baaca832-038c-44e8-9120-2a24833574e6'. Status changed: NONE => QUEUED in 1.16837191582
2019-08-05 08:34:37.035 1385 INFO rally.task.runner [-] Task b1149661-6917-4d45-ae5e-c1c882ec4a5c | ITER: 1 END: OK
2019-08-05 08:34:37.040 1385 INFO rally.task.runner [-] Task b1149661-6917-4d45-ae5e-c1c882ec4a5c | ITER: 5 START
2019-08-05 08:34:37.933 1388 RALLYDEBUG rally.task.utils [-] Waiting for resource s_rally_0eb2d097_GPH5udb6. Status changed: QUEUED => ACTIVE in 0.0186710357666
2019-08-05 08:34:37.941 1386 RALLYDEBUG rally.task.utils [-] Waiting for resource s_rally_0eb2d097_sVGlIzGQ. Status changed: QUEUED => ACTIVE in 0.0168440341949
2019-08-05 08:34:38.022 1386 INFO rally.task.runner [-] Task b1149661-6917-4d45-ae5e-c1c882ec4a5c | ITER: 2 END: OK
2019-08-05 08:34:38.024 1388 INFO rally.task.runner [-] Task b1149661-6917-4d45-ae5e-c1c882ec4a5c | ITER: 4 END: OK
2019-08-05 08:34:38.026 1386 INFO rally.task.runner [-] Task b1149661-6917-4d45-ae5e-c1c882ec4a5c | ITER: 6 START
2019-08-05 08:34:38.027 1388 INFO rally.task.runner [-] Task b1149661-6917-4d45-ae5e-c1c882ec4a5c | ITER: 7 START
2019-08-05 08:34:39.200 1387 RALLYDEBUG rally.task.utils [-] Waiting for resource s_rally_0eb2d097_MOAw9Qrx. Status changed: QUEUED => ACTIVE in 0.317466020584
2019-08-05 08:34:39.271 1387 INFO rally.task.runner [-] Task b1149661-6917-4d45-ae5e-c1c882ec4a5c | ITER: 3 END: OK
2019-08-05 08:34:39.274 1387 INFO rally.task.runner [-] Task b1149661-6917-4d45-ae5e-c1c882ec4a5c | ITER: 8 START
2019-08-05 08:34:40.879 1385 RALLYDEBUG rally.task.utils [-] Waiting for resource u'0cd7a071-4650-4d30-9761-829b2fb88622'. Status changed: NONE => QUEUED in 0.538630962372
2019-08-05 08:34:41.934 1386 RALLYDEBUG rally.task.utils [-] Waiting for resource u'954c0c54-6f84-418c-b070-9b18e6f037c7'. Status changed: NONE => QUEUED in 0.608546972275
2019-08-05 08:34:42.208 1385 RALLYDEBUG rally.task.utils [-] Waiting for resource s_rally_0eb2d097_hq1ygrNk. Status changed: QUEUED => ACTIVE in 0.0171418190002
2019-08-05 08:34:42.320 1388 RALLYDEBUG rally.task.utils [-] Waiting for resource u'19f8aec0-ed46-4501-a25f-829cd4d4b8a7'. Status changed: NONE => QUEUED in 1.00631904602
2019-08-05 08:34:42.596 1385 INFO rally.task.runner [-] Task b1149661-6917-4d45-ae5e-c1c882ec4a5c | ITER: 5 END: OK
2019-08-05 08:34:42.599 1385 INFO rally.task.runner [-] Task b1149661-6917-4d45-ae5e-c1c882ec4a5c | ITER: 9 START
2019-08-05 08:34:43.264 1387 RALLYDEBUG rally.task.utils [-] Waiting for resource u'c6e3307c-437e-4f2d-8619-b1b8fe88a84f'. Status changed: NONE => QUEUED in 0.618139028549
2019-08-05 08:34:43.330 1388 RALLYDEBUG rally.task.utils [-] Waiting for resource s_rally_0eb2d097_jH34YalT. Status changed: QUEUED => ACTIVE in 0.0177330970764
2019-08-05 08:34:43.436 1388 INFO rally.task.runner [-] Task b1149661-6917-4d45-ae5e-c1c882ec4a5c | ITER: 7 END: OK
2019-08-05 08:34:43.439 1388 INFO rally.task.runner [-] Task b1149661-6917-4d45-ae5e-c1c882ec4a5c | ITER: 10 START
2019-08-05 08:34:43.509 1386 RALLYDEBUG rally.task.utils [-] Waiting for resource s_rally_0eb2d097_qrQFAT6T. Status changed: QUEUED => ACTIVE in 0.220482110977
2019-08-05 08:34:43.670 1386 INFO rally.task.runner [-] Task b1149661-6917-4d45-ae5e-c1c882ec4a5c | ITER: 6 END: OK
2019-08-05 08:34:44.653 1387 RALLYDEBUG rally.task.utils [-] Waiting for resource s_rally_0eb2d097_MUKmWOrr. Status changed: QUEUED => ACTIVE in 0.304558992386
2019-08-05 08:34:45.022 1387 INFO rally.task.runner [-] Task b1149661-6917-4d45-ae5e-c1c882ec4a5c | ITER: 8 END: OK
2019-08-05 08:34:47.056 1385 RALLYDEBUG rally.task.utils [-] Waiting for resource u'af73a981-2b6b-48b9-9782-83d86ac65a26'. Status changed: NONE => QUEUED in 0.547510147095
2019-08-05 08:34:47.085 1388 RALLYDEBUG rally.task.utils [-] Waiting for resource u'5574f4e4-e6e4-4e32-be9d-0dc51ee40a0f'. Status changed: NONE => QUEUED in 0.235373973846
2019-08-05 08:34:48.195 1385 RALLYDEBUG rally.task.utils [-] Waiting for resource s_rally_0eb2d097_hI8h0GDy. Status changed: QUEUED => ACTIVE in 0.0188541412354
2019-08-05 08:34:48.319 1385 INFO rally.task.runner [-] Task b1149661-6917-4d45-ae5e-c1c882ec4a5c | ITER: 9 END: OK
2019-08-05 08:34:48.496 1388 RALLYDEBUG rally.task.utils [-] Waiting for resource s_rally_0eb2d097_1hJrBYh8. Status changed: QUEUED => ACTIVE in 0.309816837311
2019-08-05 08:34:48.875 1388 INFO rally.task.runner [-] Task b1149661-6917-4d45-ae5e-c1c882ec4a5c | ITER: 10 END: OK
2019-08-05 08:34:48.897 725 INFO rally.task.context [-] Task b1149661-6917-4d45-ae5e-c1c882ec4a5c | Context cleanup@openstack cleanup() started
2019-08-05 08:34:48.901 725 RALLYDEBUG rally_openstack.cleanup.manager [-] Cleaning up glance images objects
2019-08-05 08:34:52.816 725 RALLYDEBUG rally_openstack.cleanup.manager [-] Deleting glance.images object s_rally_0eb2d097_paWOWRC7 (b3488895-3ead-4ced-990d-3298fd46e8c5)
2019-08-05 08:34:52.822 725 RALLYDEBUG rally_openstack.cleanup.manager [-] Deleting glance.images object s_rally_0eb2d097_sVGlIzGQ (bc769a57-77c9-48fb-b7c6-91aa6f8f66af)
2019-08-05 08:34:52.828 725 RALLYDEBUG rally_openstack.cleanup.manager [-] Deleting glance.images object s_rally_0eb2d097_hI8h0GDy (af73a981-2b6b-48b9-9782-83d86ac65a26)
2019-08-05 08:34:52.839 725 RALLYDEBUG rally_openstack.cleanup.manager [-] Deleting glance.images object s_rally_0eb2d097_qrQFAT6T (954c0c54-6f84-418c-b070-9b18e6f037c7)
2019-08-05 08:34:52.844 725 RALLYDEBUG rally_openstack.cleanup.manager [-] Deleting glance.images object s_rally_0eb2d097_GPH5udb6 (8425b157-e751-484f-b391-c92fcc157821)
2019-08-05 08:34:52.845 725 RALLYDEBUG rally_openstack.cleanup.manager [-] Deleting glance.images object s_rally_0eb2d097_MOAw9Qrx (baaca832-038c-44e8-9120-2a24833574e6)
2019-08-05 08:34:52.844 725 RALLYDEBUG rally_openstack.cleanup.manager [-] Deleting glance.images object s_rally_0eb2d097_jH34YalT (19f8aec0-ed46-4501-a25f-829cd4d4b8a7)
2019-08-05 08:34:52.846 725 RALLYDEBUG rally_openstack.cleanup.manager [-] Deleting glance.images object s_rally_0eb2d097_MUKmWOrr (c6e3307c-437e-4f2d-8619-b1b8fe88a84f)
2019-08-05 08:34:52.851 725 RALLYDEBUG rally_openstack.cleanup.manager [-] Deleting glance.images object s_rally_0eb2d097_1hJrBYh8 (5574f4e4-e6e4-4e32-be9d-0dc51ee40a0f)
2019-08-05 08:34:52.864 725 RALLYDEBUG rally_openstack.cleanup.manager [-] Deleting glance.images object s_rally_0eb2d097_hq1ygrNk (0cd7a071-4650-4d30-9761-829b2fb88622)
2019-08-05 08:34:55.549 725 DEBUG glanceclient.common.http [-] Request returned failure status 404. _handle_response /usr/lib/python2.7/site-packages/glanceclient/common/http.py:125
2019-08-05 08:34:55.585 725 DEBUG glanceclient.common.http [-] Request returned failure status 404. _handle_response /usr/lib/python2.7/site-packages/glanceclient/common/http.py:125
2019-08-05 08:34:55.659 725 DEBUG glanceclient.common.http [-] Request returned failure status 404. _handle_response /usr/lib/python2.7/site-packages/glanceclient/common/http.py:125
2019-08-05 08:34:55.672 725 DEBUG glanceclient.common.http [-] Request returned failure status 404. _handle_response /usr/lib/python2.7/site-packages/glanceclient/common/http.py:125
2019-08-05 08:34:55.698 725 DEBUG glanceclient.common.http [-] Request returned failure status 404. _handle_response /usr/lib/python2.7/site-packages/glanceclient/common/http.py:125
2019-08-05 08:34:55.819 725 DEBUG glanceclient.common.http [-] Request returned failure status 404. _handle_response /usr/lib/python2.7/site-packages/glanceclient/common/http.py:125
2019-08-05 08:34:55.924 725 DEBUG glanceclient.common.http [-] Request returned failure status 404. _handle_response /usr/lib/python2.7/site-packages/glanceclient/common/http.py:125
2019-08-05 08:34:55.941 725 DEBUG glanceclient.common.http [-] Request returned failure status 404. _handle_response /usr/lib/python2.7/site-packages/glanceclient/common/http.py:125
2019-08-05 08:34:55.985 725 DEBUG glanceclient.common.http [-] Request returned failure status 404. _handle_response /usr/lib/python2.7/site-packages/glanceclient/common/http.py:125
2019-08-05 08:34:56.022 725 DEBUG glanceclient.common.http [-] Request returned failure status 404. _handle_response /usr/lib/python2.7/site-packages/glanceclient/common/http.py:125
2019-08-05 08:34:56.041 725 DEBUG glanceclient.common.http [-] Request returned failure status 404. _handle_response /usr/lib/python2.7/site-packages/glanceclient/common/http.py:125
2019-08-05 08:34:56.075 725 DEBUG glanceclient.common.http [-] Request returned failure status 404. _handle_response /usr/lib/python2.7/site-packages/glanceclient/common/http.py:125
2019-08-05 08:34:56.093 725 DEBUG glanceclient.common.http [-] Request returned failure status 404. _handle_response /usr/lib/python2.7/site-packages/glanceclient/common/http.py:125
2019-08-05 08:34:56.104 725 DEBUG glanceclient.common.http [-] Request returned failure status 404. _handle_response /usr/lib/python2.7/site-packages/glanceclient/common/http.py:125
2019-08-05 08:34:56.108 725 DEBUG glanceclient.common.http [-] Request returned failure status 404. _handle_response /usr/lib/python2.7/site-packages/glanceclient/common/http.py:125
2019-08-05 08:34:56.111 725 DEBUG glanceclient.common.http [-] Request returned failure status 404. _handle_response /usr/lib/python2.7/site-packages/glanceclient/common/http.py:125
2019-08-05 08:34:56.122 725 DEBUG glanceclient.common.http [-] Request returned failure status 404. _handle_response /usr/lib/python2.7/site-packages/glanceclient/common/http.py:125
2019-08-05 08:34:56.136 725 DEBUG glanceclient.common.http [-] Request returned failure status 404. _handle_response /usr/lib/python2.7/site-packages/glanceclient/common/http.py:125
2019-08-05 08:34:56.249 725 DEBUG glanceclient.common.http [-] Request returned failure status 404. _handle_response /usr/lib/python2.7/site-packages/glanceclient/common/http.py:125
2019-08-05 08:34:56.376 725 DEBUG glanceclient.common.http [-] Request returned failure status 404. _handle_response /usr/lib/python2.7/site-packages/glanceclient/common/http.py:125
2019-08-05 08:34:57.379 725 INFO rally.task.context [-] Task b1149661-6917-4d45-ae5e-c1c882ec4a5c | Context cleanup@openstack cleanup() finished in 8.48 sec
2019-08-05 08:34:57.379 725 INFO rally.task.context [-] Task b1149661-6917-4d45-ae5e-c1c882ec4a5c | Context users@openstack cleanup() started
2019-08-05 08:35:05.715 725 INFO rally.task.context [-] Task b1149661-6917-4d45-ae5e-c1c882ec4a5c | Context users@openstack cleanup() finished in 8.34 sec
2019-08-05 08:35:05.998 725 INFO rally.task.engine [-] Load duration is: 15.466433
2019-08-05 08:35:05.999 725 INFO rally.task.engine [-] Full runner duration is: 16.373696
2019-08-05 08:35:05.999 725 INFO rally.task.engine [-] Full duration is: 37.873328
2019-08-05 08:35:06.224 725 INFO rally.task.engine [-] Running workload: position = 0 config = { "version": 2, "title": "A cropped version of a bigger task.", "description": "Auto-generated task from a single workload (uuid=b4e31ac5-8061-4847-b5c0-cf0a9c219b51)", "subtasks": [ { "title": "GlanceImages.create_and_download_image", "description": "Create an image, then download data of the image.", "scenario": { "GlanceImages.create_and_download_image": { "container_format": "bare", "disk_format": "qcow2", "image_location": "/home/opnfv/functest/images/cirros-0.4.0-x86_64-disk.img" } }, "contexts": { "users": { "tenants": 3, "users_per_tenant": 2 } }, "runner": { "constant": { "concurrency": 4, "times": 10 } }, "hooks": [], "sla": { "failure_rate": { "max": 0 } } } ] }
2019-08-05 08:35:06.249 725 RALLYDEBUG rally_openstack.contexts.keystone.users [-] Creating 3 tenants using 20 threads
2019-08-05 08:35:08.157 725 RALLYDEBUG rally_openstack.contexts.keystone.users [-] Creating 6 users using 20 threads
2019-08-05 08:35:11.002 725 INFO rally.task.context [-] Task b1149661-6917-4d45-ae5e-c1c882ec4a5c | Context users@openstack setup() finished in 4.75 sec
2019-08-05 08:35:11.002 725 INFO rally.task.context [-] Task b1149661-6917-4d45-ae5e-c1c882ec4a5c | Context cleanup@openstack setup() finished in 0.01 msec
2019-08-05 08:35:11.010 725 RALLYDEBUG rally.task.runner [-] Starting the constant runner (task UUID: b1149661-6917-4d45-ae5e-c1c882ec4a5c). timeout: 0 concurrency: 4 concurrency_per_worker: 1 times: 10 concurrency_overhead: 0 processes_to_start: 4 max_cpu_used: 16
2019-08-05 08:35:11.023 1509 RALLYDEBUG rally.task.runner [-] Starting a worker. concurrency: 1 args: {"container_format": "bare", "disk_format": "qcow2", "image_location": "/home/opnfv/functest/images/cirros-0.4.0-x86_64-disk.img"} times: 10 method_name: run timeout: 0 duration: None cls:
2019-08-05 08:35:11.026 1510 RALLYDEBUG rally.task.runner [-] Starting a worker. concurrency: 1 args: {"container_format": "bare", "disk_format": "qcow2", "image_location": "/home/opnfv/functest/images/cirros-0.4.0-x86_64-disk.img"} times: 10 method_name: run timeout: 0 duration: None cls:
2019-08-05 08:35:11.027 1511 RALLYDEBUG rally.task.runner [-] Starting a worker. concurrency: 1 args: {"container_format": "bare", "disk_format": "qcow2", "image_location": "/home/opnfv/functest/images/cirros-0.4.0-x86_64-disk.img"} times: 10 method_name: run timeout: 0 duration: None cls:
2019-08-05 08:35:11.029 1509 INFO rally.task.runner [-] Task b1149661-6917-4d45-ae5e-c1c882ec4a5c | ITER: 1 START
2019-08-05 08:35:11.031 1512 RALLYDEBUG rally.task.runner [-] Starting a worker. concurrency: 1 args: {"container_format": "bare", "disk_format": "qcow2", "image_location": "/home/opnfv/functest/images/cirros-0.4.0-x86_64-disk.img"} times: 10 method_name: run timeout: 0 duration: None cls:
2019-08-05 08:35:11.032 1510 INFO rally.task.runner [-] Task b1149661-6917-4d45-ae5e-c1c882ec4a5c | ITER: 2 START
2019-08-05 08:35:11.032 1511 INFO rally.task.runner [-] Task b1149661-6917-4d45-ae5e-c1c882ec4a5c | ITER: 3 START
2019-08-05 08:35:11.037 1512 INFO rally.task.runner [-] Task b1149661-6917-4d45-ae5e-c1c882ec4a5c | ITER: 4 START
2019-08-05 08:35:14.865 1510 RALLYDEBUG rally.task.utils [-] Waiting for resource u'1a9fd4b4-2ab0-43cb-8fe6-8d8772db8e70'. Status changed: NONE => QUEUED in 0.214061021805
2019-08-05 08:35:14.882 1511 RALLYDEBUG rally.task.utils [-] Waiting for resource u'b71a31d6-da72-4057-a0e5-7b7c399cf02d'. Status changed: NONE => QUEUED in 0.597537994385
2019-08-05 08:35:15.150 1512 RALLYDEBUG rally.task.utils [-] Waiting for resource u'ad171a08-7e53-4040-a766-3db0c5eac8d8'. Status changed: NONE => QUEUED in 0.590729951859
2019-08-05 08:35:15.304 1509 RALLYDEBUG rally.task.utils [-] Waiting for resource u'd6bde677-4c76-45cf-969d-f369b4878921'. Status changed: NONE => QUEUED in 0.321686983109
2019-08-05 08:35:16.306 1510 RALLYDEBUG rally.task.utils [-] Waiting for resource s_rally_b4e31ac5_GgSBiD4U. Status changed: QUEUED => ACTIVE in 0.018657207489
2019-08-05 08:35:16.322 1511 RALLYDEBUG rally.task.utils [-] Waiting for resource s_rally_b4e31ac5_8giz9kbk. Status changed: QUEUED => ACTIVE in 0.0218319892883
2019-08-05 08:35:16.446 1510 INFO rally.task.runner [-] Task b1149661-6917-4d45-ae5e-c1c882ec4a5c | ITER: 2 END: OK
2019-08-05 08:35:16.451 1510 INFO rally.task.runner [-] Task b1149661-6917-4d45-ae5e-c1c882ec4a5c | ITER: 5 START
2019-08-05 08:35:16.769 1511 INFO rally.task.runner [-] Task b1149661-6917-4d45-ae5e-c1c882ec4a5c | ITER: 3 END: OK
2019-08-05 08:35:16.773 1511 INFO rally.task.runner [-] Task b1149661-6917-4d45-ae5e-c1c882ec4a5c | ITER: 6 START
2019-08-05 08:35:16.793 1512 RALLYDEBUG rally.task.utils [-] Waiting for resource s_rally_b4e31ac5_mgYDTsFe. Status changed: QUEUED => ACTIVE in 0.481105089188
2019-08-05 08:35:17.147 1512 INFO rally.task.runner [-] Task b1149661-6917-4d45-ae5e-c1c882ec4a5c | ITER: 4 END: OK
2019-08-05 08:35:17.151 1512 INFO rally.task.runner [-] Task b1149661-6917-4d45-ae5e-c1c882ec4a5c | ITER: 7 START
2019-08-05 08:35:17.542 1509 RALLYDEBUG rally.task.utils [-] Waiting for resource s_rally_b4e31ac5_T7zFSloD. Status changed: QUEUED => ACTIVE in 0.295148134232
2019-08-05 08:35:17.701 1509 INFO rally.task.runner [-] Task b1149661-6917-4d45-ae5e-c1c882ec4a5c | ITER: 1 END: OK
2019-08-05 08:35:17.705 1509 INFO rally.task.runner [-] Task b1149661-6917-4d45-ae5e-c1c882ec4a5c | ITER: 8 START
2019-08-05 08:35:20.291 1510 RALLYDEBUG rally.task.utils [-] Waiting for resource u'd71dd2d7-9982-4fd0-b597-d7d7eb62a153'. Status changed: NONE => QUEUED in 0.621239900589
2019-08-05 08:35:20.780 1511 RALLYDEBUG rally.task.utils [-] Waiting for resource u'd3c480fd-e985-43a7-a21b-63c639da949f'. Status changed: NONE => QUEUED in 0.428491830826
2019-08-05 08:35:20.926 1512 RALLYDEBUG rally.task.utils [-] Waiting for resource u'b7093ca8-402c-4aa2-8979-0ef6b748f2d7'. Status changed: NONE => QUEUED in 0.220405817032
2019-08-05 08:35:21.215 1510 RALLYDEBUG rally.task.utils [-] Waiting for resource s_rally_b4e31ac5_qzj04qFL. Status changed: QUEUED => ACTIVE in 0.315376996994
2019-08-05 08:35:21.522 1509 RALLYDEBUG rally.task.utils [-] Waiting for resource u'e1c23a7b-2dbe-433a-a466-a558d000113d'. Status changed: NONE => QUEUED in 0.324223041534
2019-08-05 08:35:21.981 1510 INFO rally.task.runner [-] Task b1149661-6917-4d45-ae5e-c1c882ec4a5c | ITER: 5 END: OK
2019-08-05 08:35:21.985 1510 INFO rally.task.runner [-] Task b1149661-6917-4d45-ae5e-c1c882ec4a5c | ITER: 9 START
2019-08-05 08:35:22.607 1511 RALLYDEBUG rally.task.utils [-] Waiting for resource s_rally_b4e31ac5_AbM9UhXC. Status changed: QUEUED => ACTIVE in 0.317772865295
2019-08-05 08:35:23.098 1509 RALLYDEBUG rally.task.utils [-] Waiting for resource s_rally_b4e31ac5_4cmvxyrA. Status changed: QUEUED => ACTIVE in 1.0194978714
2019-08-05 08:35:23.147 1511 INFO rally.task.runner [-] Task b1149661-6917-4d45-ae5e-c1c882ec4a5c | ITER: 6 END: OK
2019-08-05 08:35:23.151 1511 INFO rally.task.runner [-] Task b1149661-6917-4d45-ae5e-c1c882ec4a5c | ITER: 10 START
2019-08-05 08:35:23.367 1512 RALLYDEBUG rally.task.utils [-] Waiting for resource s_rally_b4e31ac5_3Glu4ibd. Status changed: QUEUED => ACTIVE in 0.222769021988
2019-08-05 08:35:23.454 1509 INFO rally.task.runner [-] Task b1149661-6917-4d45-ae5e-c1c882ec4a5c | ITER: 8 END: OK
2019-08-05 08:35:23.526 1512 INFO rally.task.runner [-] Task b1149661-6917-4d45-ae5e-c1c882ec4a5c | ITER: 7 END: OK
2019-08-05 08:35:25.956 1510 RALLYDEBUG rally.task.utils [-] Waiting for resource u'61b5ef87-d2ec-42e2-87a3-2d4fc0352398'. Status changed: NONE => QUEUED in 0.533092021942
2019-08-05 08:35:26.714 1510 RALLYDEBUG rally.task.utils [-] Waiting for resource s_rally_b4e31ac5_zGHzCtOB. Status changed: QUEUED => ACTIVE in 0.0191349983215
2019-08-05 08:35:27.148 1510 INFO rally.task.runner [-] Task b1149661-6917-4d45-ae5e-c1c882ec4a5c | ITER: 9 END: OK
2019-08-05 08:35:27.227 1511 RALLYDEBUG rally.task.utils [-] Waiting for resource u'479d8fa0-7fdf-41b2-8b86-f8b24f1e81f2'. Status changed: NONE => QUEUED in 0.624623060226
2019-08-05 08:35:28.009 1511 RALLYDEBUG rally.task.utils [-] Waiting for resource s_rally_b4e31ac5_BgKUoBaP. Status changed: QUEUED => ACTIVE in 0.253527879715
2019-08-05 08:35:28.737 1511 INFO rally.task.runner [-] Task b1149661-6917-4d45-ae5e-c1c882ec4a5c | ITER: 10 END: OK
2019-08-05 08:35:28.766 725 INFO rally.task.context [-] Task b1149661-6917-4d45-ae5e-c1c882ec4a5c | Context cleanup@openstack cleanup() started
2019-08-05 08:35:28.769 725 RALLYDEBUG rally_openstack.cleanup.manager [-] Cleaning up glance images objects
2019-08-05 08:35:32.694 725 RALLYDEBUG rally_openstack.cleanup.manager [-] Deleting glance.images object s_rally_b4e31ac5_BgKUoBaP (479d8fa0-7fdf-41b2-8b86-f8b24f1e81f2)
2019-08-05 08:35:32.699 725 RALLYDEBUG rally_openstack.cleanup.manager [-] Deleting glance.images object s_rally_b4e31ac5_AbM9UhXC (d3c480fd-e985-43a7-a21b-63c639da949f)
2019-08-05 08:35:32.703 725 RALLYDEBUG rally_openstack.cleanup.manager [-] Deleting glance.images object s_rally_b4e31ac5_8giz9kbk (b71a31d6-da72-4057-a0e5-7b7c399cf02d)
2019-08-05 08:35:32.709 725 RALLYDEBUG rally_openstack.cleanup.manager [-] Deleting glance.images object s_rally_b4e31ac5_qzj04qFL (d71dd2d7-9982-4fd0-b597-d7d7eb62a153)
2019-08-05 08:35:32.711 725 RALLYDEBUG rally_openstack.cleanup.manager [-] Deleting glance.images object s_rally_b4e31ac5_4cmvxyrA (e1c23a7b-2dbe-433a-a466-a558d000113d)
2019-08-05 08:35:32.715 725 RALLYDEBUG rally_openstack.cleanup.manager [-] Deleting glance.images object s_rally_b4e31ac5_zGHzCtOB (61b5ef87-d2ec-42e2-87a3-2d4fc0352398)
2019-08-05 08:35:32.723 725 RALLYDEBUG rally_openstack.cleanup.manager [-] Deleting glance.images object s_rally_b4e31ac5_mgYDTsFe (ad171a08-7e53-4040-a766-3db0c5eac8d8)
2019-08-05 08:35:32.723 725 RALLYDEBUG rally_openstack.cleanup.manager [-] Deleting glance.images object s_rally_b4e31ac5_GgSBiD4U (1a9fd4b4-2ab0-43cb-8fe6-8d8772db8e70)
2019-08-05 08:35:32.732 725 RALLYDEBUG rally_openstack.cleanup.manager [-] Deleting glance.images object s_rally_b4e31ac5_3Glu4ibd (b7093ca8-402c-4aa2-8979-0ef6b748f2d7)
2019-08-05 08:35:32.733 725 RALLYDEBUG rally_openstack.cleanup.manager [-] Deleting glance.images object s_rally_b4e31ac5_T7zFSloD (d6bde677-4c76-45cf-969d-f369b4878921)
2019-08-05 08:35:34.611 725 DEBUG glanceclient.common.http [-] Request returned failure status 404. _handle_response /usr/lib/python2.7/site-packages/glanceclient/common/http.py:125
