2019-08-05 08:39:58.820 1842 DEBUG novaclient.v2.client [-] GET call to compute for http://172.30.9.40:8774/v2.1/os-keypairs used request id req-7c6622a6-e155-4bcb-b0be-1022abc023d9 request /usr/lib/python2.7/site-packages/keystoneauth1/session.py:844
2019-08-05 08:39:59.260 1842 DEBUG novaclient.v2.client [-] REQ: curl -g -i -X GET http://172.30.9.40:8774/v2.1/os-keypairs -H "Accept: application/json" -H "User-Agent: python-novaclient" -H "X-Auth-Token: {SHA1}3eb6335b76f4964c915f1d7ec21969762ff522a3" _http_log_request /usr/lib/python2.7/site-packages/keystoneauth1/session.py:448
2019-08-05 08:39:59.575 1842 DEBUG novaclient.v2.client [-] RESP: [200] Content-Length: 16 Content-Type: application/json Date: Mon, 05 Aug 2019 08:39:59 GMT OpenStack-API-Version: compute 2.1 Server: Apache Vary: OpenStack-API-Version,X-OpenStack-Nova-API-Version X-OpenStack-Nova-API-Version: 2.1 x-compute-request-id: req-312f0607-a52a-4a33-a347-ba62c9b3a825 x-openstack-request-id: req-312f0607-a52a-4a33-a347-ba62c9b3a825 _http_log_response /usr/lib/python2.7/site-packages/keystoneauth1/session.py:479
2019-08-05 08:39:59.576 1842 DEBUG novaclient.v2.client [-] RESP BODY: {"keypairs": []} _http_log_response /usr/lib/python2.7/site-packages/keystoneauth1/session.py:511
2019-08-05 08:39:59.576 1842 DEBUG novaclient.v2.client [-] GET call to compute for http://172.30.9.40:8774/v2.1/os-keypairs used request id req-312f0607-a52a-4a33-a347-ba62c9b3a825 request /usr/lib/python2.7/site-packages/keystoneauth1/session.py:844
2019-08-05 08:40:00.005 1842 DEBUG novaclient.v2.client [-] REQ: curl -g -i -X GET http://172.30.9.40:8774/v2.1/os-keypairs -H "Accept: application/json" -H "User-Agent: python-novaclient" -H "X-Auth-Token: {SHA1}1d5227206290ab9ac5603b321edd63ce7a3e76bb" _http_log_request /usr/lib/python2.7/site-packages/keystoneauth1/session.py:448
2019-08-05 08:40:00.318 1842 DEBUG novaclient.v2.client [-] RESP: [200] Content-Length: 16 Content-Type: application/json Date: Mon, 05 Aug 2019 08:40:00 GMT OpenStack-API-Version: compute 2.1 Server: Apache Vary: OpenStack-API-Version,X-OpenStack-Nova-API-Version X-OpenStack-Nova-API-Version: 2.1 x-compute-request-id: req-baf0557c-da99-45ed-a089-785e29c239f8 x-openstack-request-id: req-baf0557c-da99-45ed-a089-785e29c239f8 _http_log_response /usr/lib/python2.7/site-packages/keystoneauth1/session.py:479
2019-08-05 08:40:00.318 1842 DEBUG novaclient.v2.client [-] RESP BODY: {"keypairs": []} _http_log_response /usr/lib/python2.7/site-packages/keystoneauth1/session.py:511
2019-08-05 08:40:00.319 1842 DEBUG novaclient.v2.client [-] GET call to compute for http://172.30.9.40:8774/v2.1/os-keypairs used request id req-baf0557c-da99-45ed-a089-785e29c239f8 request /usr/lib/python2.7/site-packages/keystoneauth1/session.py:844
2019-08-05 08:40:00.747 1842 DEBUG novaclient.v2.client [-] REQ: curl -g -i -X GET http://172.30.9.40:8774/v2.1/os-keypairs -H "Accept: application/json" -H "User-Agent: python-novaclient" -H "X-Auth-Token: {SHA1}18b13d368f75e72acebdc5dab5329ea196b4fc12" _http_log_request /usr/lib/python2.7/site-packages/keystoneauth1/session.py:448
2019-08-05 08:40:01.037 1842 DEBUG novaclient.v2.client [-] RESP: [200] Content-Length: 16 Content-Type: application/json Date: Mon, 05 Aug 2019 08:40:00 GMT OpenStack-API-Version: compute 2.1 Server: Apache Vary: OpenStack-API-Version,X-OpenStack-Nova-API-Version X-OpenStack-Nova-API-Version: 2.1 x-compute-request-id: req-8816c8a8-be10-43e7-a55f-f0c9985c0e1d x-openstack-request-id: req-8816c8a8-be10-43e7-a55f-f0c9985c0e1d _http_log_response /usr/lib/python2.7/site-packages/keystoneauth1/session.py:479
2019-08-05 08:40:01.038 1842 DEBUG novaclient.v2.client [-] RESP BODY: {"keypairs": []} _http_log_response /usr/lib/python2.7/site-packages/keystoneauth1/session.py:511
2019-08-05 08:40:01.038 1842 DEBUG novaclient.v2.client [-] GET call to compute for http://172.30.9.40:8774/v2.1/os-keypairs used request id req-8816c8a8-be10-43e7-a55f-f0c9985c0e1d request /usr/lib/python2.7/site-packages/keystoneauth1/session.py:844
2019-08-05 08:40:01.459 1842 DEBUG novaclient.v2.client [-] REQ: curl -g -i -X GET http://172.30.9.40:8774/v2.1/os-keypairs -H "Accept: application/json" -H "User-Agent: python-novaclient" -H "X-Auth-Token: {SHA1}a3de170d662e35f648c2523ae278cd2cd0a5e9f5" _http_log_request /usr/lib/python2.7/site-packages/keystoneauth1/session.py:448
2019-08-05 08:40:01.868 1842 DEBUG novaclient.v2.client [-] RESP: [200] Content-Length: 16 Content-Type: application/json Date: Mon, 05 Aug 2019 08:40:01 GMT OpenStack-API-Version: compute 2.1 Server: Apache Vary: OpenStack-API-Version,X-OpenStack-Nova-API-Version X-OpenStack-Nova-API-Version: 2.1 x-compute-request-id: req-5dd31ba5-4c36-4393-b290-6f3ef2903952 x-openstack-request-id: req-5dd31ba5-4c36-4393-b290-6f3ef2903952 _http_log_response /usr/lib/python2.7/site-packages/keystoneauth1/session.py:479
2019-08-05 08:40:01.868 1842 DEBUG novaclient.v2.client [-] RESP BODY: {"keypairs": []} _http_log_response /usr/lib/python2.7/site-packages/keystoneauth1/session.py:511
2019-08-05 08:40:01.869 1842 DEBUG novaclient.v2.client [-] GET call to compute for http://172.30.9.40:8774/v2.1/os-keypairs used request id req-5dd31ba5-4c36-4393-b290-6f3ef2903952 request /usr/lib/python2.7/site-packages/keystoneauth1/session.py:844
2019-08-05 08:40:01.875 1842 RALLYDEBUG rally_openstack.cleanup.manager [-] Cleaning up cinder backups objects
2019-08-05 08:40:04.096 1842 RALLYDEBUG rally_openstack.cleanup.manager [-] Cleaning up cinder volume_snapshots objects
2019-08-05 08:40:06.300 1842 RALLYDEBUG rally_openstack.cleanup.manager [-] Cleaning up cinder transfers objects
2019-08-05 08:40:08.504 1842 RALLYDEBUG rally_openstack.cleanup.manager [-] Cleaning up cinder volumes objects
2019-08-05 08:40:10.760 1842 INFO rally.task.context [-] Task 811a77b1-6578-4245-abb2-c653a3488063 | Context cleanup@openstack cleanup() finished in 18.06 sec
2019-08-05 08:40:10.760 1842 INFO rally.task.context [-] Task 811a77b1-6578-4245-abb2-c653a3488063 | Context quotas@openstack cleanup() started
2019-08-05 08:40:11.776 1842 INFO rally.task.context [-] Task 811a77b1-6578-4245-abb2-c653a3488063 | Context quotas@openstack cleanup() finished in 1.02 sec
2019-08-05 08:40:11.777 1842 INFO rally.task.context [-] Task 811a77b1-6578-4245-abb2-c653a3488063 | Context api_versions@openstack cleanup() started
2019-08-05 08:40:11.777 1842 INFO rally.task.context [-] Task 811a77b1-6578-4245-abb2-c653a3488063 | Context api_versions@openstack cleanup() finished in 0.31 msec
2019-08-05 08:40:11.777 1842 INFO rally.task.context [-] Task 811a77b1-6578-4245-abb2-c653a3488063 | Context users@openstack cleanup() started
2019-08-05 08:40:19.557 1842 INFO rally.task.context [-] Task 811a77b1-6578-4245-abb2-c653a3488063 | Context users@openstack cleanup() finished in 7.78 sec
2019-08-05 08:40:20.439 1842 INFO rally.task.engine [-] Load duration is: 109.323466
2019-08-05 08:40:20.440 1842 INFO rally.task.engine [-] Full runner duration is: 110.37833
2019-08-05 08:40:20.440 1842 INFO rally.task.engine [-] Full duration is: 147.689116
2019-08-05 08:40:20.710 1842 INFO rally.task.engine [-] Running workload: position = 0 config = { "version": 2, "title": "A cropped version of a bigger task.", "description": "Auto-generated task from a single workload (uuid=df8b7f59-0640-4bdd-9e69-53dca9c75a53)", "subtasks": [ { "title": "CinderVolumes.create_and_list_snapshots", "description": "Create and then list a volume-snapshot.", "scenario": { "CinderVolumes.create_and_list_snapshots": { "detailed": true, "force": false } }, "contexts": { "users": { "tenants": 3, "users_per_tenant": 2 }, "quotas": { "cinder": { "gigabytes": -1, "snapshots": -1, "volumes": -1 } }, "api_versions": { "cinder": { "version": 3, "service_type": "volumev3" } }, "volumes": { "size": 1, "volumes_per_tenant": 1 } }, "runner": { "constant": { "concurrency": 4, "times": 10 } }, "hooks": [], "sla": { "failure_rate": { "max": 0 } } } ] }
2019-08-05 08:40:20.738 1842 RALLYDEBUG rally_openstack.contexts.keystone.users [-] Creating 3 tenants using 20 threads
2019-08-05 08:40:22.675 1842 RALLYDEBUG rally_openstack.contexts.keystone.users [-] Creating 6 users using 20 threads
2019-08-05 08:40:25.476 1842 INFO rally.task.context [-] Task 811a77b1-6578-4245-abb2-c653a3488063 | Context users@openstack setup() finished in 4.74 sec
2019-08-05 08:40:25.894 1842 INFO rally.task.context [-] Task 811a77b1-6578-4245-abb2-c653a3488063 | Context api_versions@openstack setup() finished in 0.42 sec
2019-08-05 08:40:27.618 1842 INFO rally.task.context [-] Task 811a77b1-6578-4245-abb2-c653a3488063 | Context quotas@openstack setup() finished in 1.72 sec
2019-08-05 08:40:38.818 1842 INFO rally.task.context [-] Task 811a77b1-6578-4245-abb2-c653a3488063 | Context volumes@openstack setup() finished in 11.20 sec
2019-08-05 08:40:38.819 1842 INFO rally.task.context [-] Task 811a77b1-6578-4245-abb2-c653a3488063 | Context cleanup@openstack setup() finished in 0.05 msec
2019-08-05 08:40:38.829 1842 RALLYDEBUG rally.task.runner [-] Starting the constant runner (task UUID: 811a77b1-6578-4245-abb2-c653a3488063). timeout: 0 concurrency: 4 concurrency_per_worker: 1 times: 10 concurrency_overhead: 0 processes_to_start: 4 max_cpu_used: 16
2019-08-05 08:40:38.841 2210 RALLYDEBUG rally.task.runner [-] Starting a worker. concurrency: 1 args: {"detailed": true, "force": false} times: 10 method_name: run timeout: 0 duration: None cls:
2019-08-05 08:40:38.843 2211 RALLYDEBUG rally.task.runner [-] Starting a worker. concurrency: 1 args: {"detailed": true, "force": false} times: 10 method_name: run timeout: 0 duration: None cls:
2019-08-05 08:40:38.846 2212 RALLYDEBUG rally.task.runner [-] Starting a worker. concurrency: 1 args: {"detailed": true, "force": false} times: 10 method_name: run timeout: 0 duration: None cls:
2019-08-05 08:40:38.848 2213 RALLYDEBUG rally.task.runner [-] Starting a worker. concurrency: 1 args: {"detailed": true, "force": false} times: 10 method_name: run timeout: 0 duration: None cls:
2019-08-05 08:40:38.849 2210 INFO rally.task.runner [-] Task 811a77b1-6578-4245-abb2-c653a3488063 | ITER: 1 START
2019-08-05 08:40:38.851 2211 INFO rally.task.runner [-] Task 811a77b1-6578-4245-abb2-c653a3488063 | ITER: 2 START
2019-08-05 08:40:38.854 2212 INFO rally.task.runner [-] Task 811a77b1-6578-4245-abb2-c653a3488063 | ITER: 3 START
2019-08-05 08:40:38.856 2213 INFO rally.task.runner [-] Task 811a77b1-6578-4245-abb2-c653a3488063 | ITER: 4 START
2019-08-05 08:40:42.546 2212 INFO rally.task.runner [-] Task 811a77b1-6578-4245-abb2-c653a3488063 | ITER: 3 END: OK
2019-08-05 08:40:42.552 2213 INFO rally.task.runner [-] Task 811a77b1-6578-4245-abb2-c653a3488063 | ITER: 4 END: OK
2019-08-05 08:40:42.553 2212 INFO rally.task.runner [-] Task 811a77b1-6578-4245-abb2-c653a3488063 | ITER: 5 START
2019-08-05 08:40:42.558 2213 INFO rally.task.runner [-] Task 811a77b1-6578-4245-abb2-c653a3488063 | ITER: 6 START
2019-08-05 08:40:42.864 2210 INFO rally.task.runner [-] Task 811a77b1-6578-4245-abb2-c653a3488063 | ITER: 1 END: OK
2019-08-05 08:40:42.869 2210 INFO rally.task.runner [-] Task 811a77b1-6578-4245-abb2-c653a3488063 | ITER: 7 START
2019-08-05 08:40:42.878 2211 INFO rally.task.runner [-] Task 811a77b1-6578-4245-abb2-c653a3488063 | ITER: 2 END: OK
2019-08-05 08:40:42.883 2211 INFO rally.task.runner [-] Task 811a77b1-6578-4245-abb2-c653a3488063 | ITER: 8 START
2019-08-05 08:40:46.235 2212 INFO rally.task.runner [-] Task 811a77b1-6578-4245-abb2-c653a3488063 | ITER: 5 END: OK
2019-08-05 08:40:46.241 2212 INFO rally.task.runner [-] Task 811a77b1-6578-4245-abb2-c653a3488063 | ITER: 9 START
2019-08-05 08:40:46.539 2213 INFO rally.task.runner [-] Task 811a77b1-6578-4245-abb2-c653a3488063 | ITER: 6 END: OK
2019-08-05 08:40:46.545 2213 INFO rally.task.runner [-] Task 811a77b1-6578-4245-abb2-c653a3488063 | ITER: 10 START
2019-08-05 08:40:46.918 2211 INFO rally.task.runner [-] Task 811a77b1-6578-4245-abb2-c653a3488063 | ITER: 8 END: OK
2019-08-05 08:40:46.954 2210 INFO rally.task.runner [-] Task 811a77b1-6578-4245-abb2-c653a3488063 | ITER: 7 END: OK
2019-08-05 08:40:49.999 2212 INFO rally.task.runner [-] Task 811a77b1-6578-4245-abb2-c653a3488063 | ITER: 9 END: OK
2019-08-05 08:40:50.401 2213 INFO rally.task.runner [-] Task 811a77b1-6578-4245-abb2-c653a3488063 | ITER: 10 END: OK
2019-08-05 08:40:50.426 1842 INFO rally.task.context [-] Task 811a77b1-6578-4245-abb2-c653a3488063 | Context cleanup@openstack cleanup() started
2019-08-05 08:40:50.429 1842 RALLYDEBUG rally_openstack.cleanup.manager [-] Cleaning up cinder backups objects
2019-08-05 08:40:52.668 1842 RALLYDEBUG rally_openstack.cleanup.manager [-] Cleaning up cinder volume_snapshots objects
2019-08-05 08:40:54.936 1842 RALLYDEBUG rally_openstack.cleanup.manager [-] Deleting cinder.volume_snapshots object s_rally_df8b7f59_4V9yueil (bc34dc70-b93a-46bc-af43-7ed6d09e0af7)
2019-08-05 08:40:54.937 1842 RALLYDEBUG rally_openstack.cleanup.manager [-] Deleting cinder.volume_snapshots object s_rally_df8b7f59_HJHEExT4 (653a19d1-62f5-448e-8551-7121455da58d)
2019-08-05 08:40:54.940 1842 RALLYDEBUG rally_openstack.cleanup.manager [-] Deleting cinder.volume_snapshots object s_rally_df8b7f59_vpoKEcoE (ca0f1885-1dc3-400f-b3a1-6301021410b8)
2019-08-05 08:40:54.947 1842 RALLYDEBUG rally_openstack.cleanup.manager [-] Deleting cinder.volume_snapshots object s_rally_df8b7f59_uUftfLFb (f7339415-3182-4751-ac09-e7f15f78cc17)
2019-08-05 08:40:54.948 1842 RALLYDEBUG rally_openstack.cleanup.manager [-] Deleting cinder.volume_snapshots object s_rally_df8b7f59_LeTHUROD (6e016264-abb7-40d4-989f-850f06ae0b63)
2019-08-05 08:40:54.948 1842 RALLYDEBUG rally_openstack.cleanup.manager [-] Deleting cinder.volume_snapshots object s_rally_df8b7f59_fXJubB1y (dee001c3-0178-4a0a-a9fd-3b1365d6a33d)
2019-08-05 08:40:54.950 1842 RALLYDEBUG rally_openstack.cleanup.manager [-] Deleting cinder.volume_snapshots object s_rally_df8b7f59_KnL5BTgi (11619de3-4ffe-4bfc-a537-b4a889535d72)
2019-08-05 08:40:54.955 1842 RALLYDEBUG rally_openstack.cleanup.manager [-] Deleting cinder.volume_snapshots object s_rally_df8b7f59_CWmcQH3g (1c08f933-5ee4-4dfa-8145-b6108d11b34c)
2019-08-05 08:40:54.955 1842 RALLYDEBUG rally_openstack.cleanup.manager [-] Deleting cinder.volume_snapshots object s_rally_df8b7f59_3mKPFlyp (e71a6761-6dc8-4ea0-8639-9332f5ff4b58)
2019-08-05 08:40:54.964 1842 RALLYDEBUG rally_openstack.cleanup.manager [-] Deleting cinder.volume_snapshots object s_rally_df8b7f59_wmiIaHGa (9a700ffe-4f62-4d97-ae33-635aa0ad4a35)
2019-08-05 08:41:00.730 1842 RALLYDEBUG rally_openstack.cleanup.manager [-] Cleaning up cinder transfers objects
2019-08-05 08:41:02.763 1842 RALLYDEBUG rally_openstack.cleanup.manager [-] Cleaning up cinder volumes objects
2019-08-05 08:41:04.965 1842 INFO rally.task.context [-] Task 811a77b1-6578-4245-abb2-c653a3488063 | Context cleanup@openstack cleanup() finished in 14.54 sec
2019-08-05 08:41:04.966 1842 INFO rally.task.context [-] Task 811a77b1-6578-4245-abb2-c653a3488063 | Context volumes@openstack cleanup() started
2019-08-05 08:41:04.966 1842 RALLYDEBUG rally_openstack.cleanup.manager [-] Cleaning up cinder volumes objects
2019-08-05 08:41:07.277 1842 RALLYDEBUG rally_openstack.cleanup.manager [-] Deleting cinder.volumes object c_rally_df8b7f59_C7UXUKTr (3644d764-fe72-4cf8-849e-66e4cd400218)
2019-08-05 08:41:07.277 1842 RALLYDEBUG rally_openstack.cleanup.manager [-] Deleting cinder.volumes object c_rally_df8b7f59_tJAkBjb9 (0ad62f76-30f3-4135-a259-50dcfc90c693)
2019-08-05 08:41:07.286 1842 RALLYDEBUG rally_openstack.cleanup.manager [-] Deleting cinder.volumes object c_rally_df8b7f59_uuSj7Sw3 (1d77e12b-4015-4336-9b52-5fd2016b4c3c)
2019-08-05 08:41:10.799 1842 INFO rally.task.context [-] Task 811a77b1-6578-4245-abb2-c653a3488063 | Context volumes@openstack cleanup() finished in 5.83 sec
2019-08-05 08:41:10.799 1842 INFO rally.task.context [-] Task 811a77b1-6578-4245-abb2-c653a3488063 | Context quotas@openstack cleanup() started
2019-08-05 08:41:11.722 1842 INFO rally.task.context [-] Task 811a77b1-6578-4245-abb2-c653a3488063 | Context quotas@openstack cleanup() finished in 0.92 sec
2019-08-05 08:41:11.723 1842 INFO rally.task.context [-] Task 811a77b1-6578-4245-abb2-c653a3488063 | Context api_versions@openstack cleanup() started
2019-08-05 08:41:11.723 1842 INFO rally.task.context [-] Task 811a77b1-6578-4245-abb2-c653a3488063 | Context api_versions@openstack cleanup() finished in 0.31 msec
2019-08-05 08:41:11.723 1842 INFO rally.task.context [-] Task 811a77b1-6578-4245-abb2-c653a3488063 | Context users@openstack cleanup() started
2019-08-05 08:41:20.161 1842 INFO rally.task.context [-] Task 811a77b1-6578-4245-abb2-c653a3488063 | Context users@openstack cleanup() finished in 8.44 sec
2019-08-05 08:41:21.006 1842 INFO rally.task.engine [-] Load duration is: 11.547707
2019-08-05 08:41:21.006 1842 INFO rally.task.engine [-] Full runner duration is: 11.597858
2019-08-05 08:41:21.007 1842 INFO rally.task.engine [-] Full duration is: 59.427648
2019-08-05 08:41:21.238 1842 INFO rally.task.engine [-] Running workload: position = 0 config = { "version": 2, "title": "A cropped version of a bigger task.", "description": "Auto-generated task from a single workload (uuid=b35cd6b5-7c60-4f92-9539-52cf428e5f59)", "subtasks": [ { "title": "CinderVolumes.create_and_list_volume", "description": "Create a volume and list all volumes.", "scenario": { "CinderVolumes.create_and_list_volume": { "detailed": true, "image": { "name": "rally_full-img_dba6289b-bc0f-4973-9ad7-08c2c1c5fe81" }, "size": 1 } }, "contexts": { "users": { "tenants": 3, "users_per_tenant": 2 }, "quotas": { "cinder": { "gigabytes": -1, "snapshots": -1, "volumes": -1 } }, "api_versions": { "cinder": { "version": 3, "service_type": "volumev3" } } }, "runner": { "constant": { "concurrency": 4, "times": 10 } }, "hooks": [], "sla": { "failure_rate": { "max": 0 } } } ] }
2019-08-05 08:41:21.262 1842 RALLYDEBUG rally_openstack.contexts.keystone.users [-] Creating 3 tenants using 20 threads
2019-08-05 08:41:23.114 1842 RALLYDEBUG rally_openstack.contexts.keystone.users [-] Creating 6 users using 20 threads
2019-08-05 08:41:25.808 1842 INFO rally.task.context [-] Task 811a77b1-6578-4245-abb2-c653a3488063 | Context users@openstack setup() finished in 4.55 sec
2019-08-05 08:41:26.225 1842 INFO rally.task.context [-] Task 811a77b1-6578-4245-abb2-c653a3488063 | Context api_versions@openstack setup() finished in 0.42 sec
2019-08-05 08:41:27.912 1842 INFO rally.task.context [-] Task 811a77b1-6578-4245-abb2-c653a3488063 | Context quotas@openstack setup() finished in 1.69 sec
2019-08-05 08:41:27.913 1842 INFO rally.task.context [-] Task 811a77b1-6578-4245-abb2-c653a3488063 | Context cleanup@openstack setup() finished in 0.00 msec
2019-08-05 08:41:28.949 1842 RALLYDEBUG rally.task.runner [-] Starting the constant runner (task UUID: 811a77b1-6578-4245-abb2-c653a3488063). timeout: 0 concurrency: 4 concurrency_per_worker: 1 times: 10 concurrency_overhead: 0 processes_to_start: 4 max_cpu_used: 16
2019-08-05 08:41:28.960 2414 RALLYDEBUG rally.task.runner [-] Starting a worker. concurrency: 1 args: {"detailed": true, "image": "0201f682-98d5-4f1a-a61a-92a4735d47a5", "size": 1} times: 10 method_name: run timeout: 0 duration: None cls:
2019-08-05 08:41:28.962 2415 RALLYDEBUG rally.task.runner [-] Starting a worker. concurrency: 1 args: {"detailed": true, "image": "0201f682-98d5-4f1a-a61a-92a4735d47a5", "size": 1} times: 10 method_name: run timeout: 0 duration: None cls:
2019-08-05 08:41:28.966 2416 RALLYDEBUG rally.task.runner [-] Starting a worker. concurrency: 1 args: {"detailed": true, "image": "0201f682-98d5-4f1a-a61a-92a4735d47a5", "size": 1} times: 10 method_name: run timeout: 0 duration: None cls:
2019-08-05 08:41:28.968 2414 INFO rally.task.runner [-] Task 811a77b1-6578-4245-abb2-c653a3488063 | ITER: 1 START
2019-08-05 08:41:28.970 2415 INFO rally.task.runner [-] Task 811a77b1-6578-4245-abb2-c653a3488063 | ITER: 2 START
2019-08-05 08:41:28.970 2417 RALLYDEBUG rally.task.runner [-] Starting a worker. concurrency: 1 args: {"detailed": true, "image": "0201f682-98d5-4f1a-a61a-92a4735d47a5", "size": 1} times: 10 method_name: run timeout: 0 duration: None cls:
2019-08-05 08:41:28.975 2416 INFO rally.task.runner [-] Task 811a77b1-6578-4245-abb2-c653a3488063 | ITER: 3 START
2019-08-05 08:41:28.979 2417 INFO rally.task.runner [-] Task 811a77b1-6578-4245-abb2-c653a3488063 | ITER: 4 START
2019-08-05 08:41:36.636 2417 RALLYDEBUG rally.task.utils [-] Waiting for resource s_rally_b35cd6b5_F7JIcWG9. Status changed: CREATING => DOWNLOADING in 2.96332716942
2019-08-05 08:41:41.243 2417 RALLYDEBUG rally.task.utils [-] Waiting for resource s_rally_b35cd6b5_F7JIcWG9. Status changed: DOWNLOADING => AVAILABLE in 4.60692882538
2019-08-05 08:41:41.490 2417 INFO rally.task.runner [-] Task 811a77b1-6578-4245-abb2-c653a3488063 | ITER: 4 END: OK
2019-08-05 08:41:41.495 2417 INFO rally.task.runner [-] Task 811a77b1-6578-4245-abb2-c653a3488063 | ITER: 5 START
2019-08-05 08:41:41.622 2416 RALLYDEBUG rally.task.utils [-] Waiting for resource s_rally_b35cd6b5_Ii92e2ET. Status changed: CREATING => DOWNLOADING in 7.88532686234
2019-08-05 08:41:43.738 2415 RALLYDEBUG rally.task.utils [-] Waiting for resource s_rally_b35cd6b5_uucFm9cq. Status changed: CREATING => DOWNLOADING in 10.0132460594
2019-08-05 08:41:43.950 2414 RALLYDEBUG rally.task.utils [-] Waiting for resource s_rally_b35cd6b5_Er9CNOpa. Status changed: CREATING => DOWNLOADING in 9.9670009613
2019-08-05 08:41:48.634 2414 RALLYDEBUG rally.task.utils [-] Waiting for resource s_rally_b35cd6b5_Er9CNOpa. Status changed: DOWNLOADING => AVAILABLE in 4.68488883972
2019-08-05 08:41:48.636 2416 RALLYDEBUG rally.task.utils [-] Waiting for resource s_rally_b35cd6b5_Ii92e2ET. Status changed: DOWNLOADING => AVAILABLE in 7.01409006119
2019-08-05 08:41:48.696 2414 INFO rally.task.runner [-] Task 811a77b1-6578-4245-abb2-c653a3488063 | ITER: 1 END: OK
2019-08-05 08:41:48.700 2414 INFO rally.task.runner [-] Task 811a77b1-6578-4245-abb2-c653a3488063 | ITER: 6 START
2019-08-05 08:41:48.996 2416 INFO rally.task.runner [-] Task 811a77b1-6578-4245-abb2-c653a3488063 | ITER: 3 END: OK
2019-08-05 08:41:49.002 2416 INFO rally.task.runner [-] Task 811a77b1-6578-4245-abb2-c653a3488063 | ITER: 7 START
2019-08-05 08:41:50.306 2415 RALLYDEBUG rally.task.utils [-] Waiting for resource s_rally_b35cd6b5_uucFm9cq. Status changed: DOWNLOADING => AVAILABLE in 6.56730484962
2019-08-05 08:41:50.561 2415 INFO rally.task.runner [-] Task 811a77b1-6578-4245-abb2-c653a3488063 | ITER: 2 END: OK
2019-08-05 08:41:50.565 2415 INFO rally.task.runner [-] Task 811a77b1-6578-4245-abb2-c653a3488063 | ITER: 8 START
2019-08-05 08:41:51.787 2417 RALLYDEBUG rally.task.utils [-] Waiting for resource s_rally_b35cd6b5_mPniiJ0M. Status changed: CREATING => DOWNLOADING in 5.20571899414
2019-08-05 08:41:56.363 2416 RALLYDEBUG rally.task.utils [-] Waiting for resource s_rally_b35cd6b5_647xGLYv. Status changed: CREATING => DOWNLOADING in 2.63093113899
2019-08-05 08:41:56.398 2417 RALLYDEBUG rally.task.utils [-] Waiting for resource s_rally_b35cd6b5_mPniiJ0M. Status changed: DOWNLOADING => AVAILABLE in 4.61091685295
2019-08-05 08:41:56.853 2417 INFO rally.task.runner [-] Task 811a77b1-6578-4245-abb2-c653a3488063 | ITER: 5 END: OK
2019-08-05 08:41:56.857 2417 INFO rally.task.runner [-] Task 811a77b1-6578-4245-abb2-c653a3488063 | ITER: 9 START
2019-08-05 08:42:00.829 2414 RALLYDEBUG rally.task.utils [-] Waiting for resource s_rally_b35cd6b5_XrvbXgti. Status changed: CREATING => DOWNLOADING in 7.62962222099
2019-08-05 08:42:02.491 2415 RALLYDEBUG rally.task.utils [-] Waiting for resource s_rally_b35cd6b5_I13YYY4i. Status changed: CREATING => DOWNLOADING in 7.68015503883
2019-08-05 08:42:03.005 2416 RALLYDEBUG rally.task.utils [-] Waiting for resource s_rally_b35cd6b5_647xGLYv. Status changed: DOWNLOADING => AVAILABLE in 6.64136099815
2019-08-05 08:42:03.280 2416 INFO rally.task.runner [-] Task 811a77b1-6578-4245-abb2-c653a3488063 | ITER: 7 END: OK
2019-08-05 08:42:03.286 2416 INFO rally.task.runner [-] Task 811a77b1-6578-4245-abb2-c653a3488063 | ITER: 10 START
2019-08-05 08:42:06.990 2415 RALLYDEBUG rally.task.utils [-] Waiting for resource s_rally_b35cd6b5_I13YYY4i. Status changed: DOWNLOADING => AVAILABLE in 4.49980092049
2019-08-05 08:42:07.285 2415 INFO rally.task.runner [-] Task 811a77b1-6578-4245-abb2-c653a3488063 | ITER: 8 END: OK
2019-08-05 08:42:07.471 2414 RALLYDEBUG rally.task.utils [-] Waiting for resource s_rally_b35cd6b5_XrvbXgti. Status changed: DOWNLOADING => AVAILABLE in 6.64215683937
2019-08-05 08:42:07.840 2414 INFO rally.task.runner [-] Task 811a77b1-6578-4245-abb2-c653a3488063 | ITER: 6 END: OK
2019-08-05 08:42:08.895 2417 RALLYDEBUG rally.task.utils [-] Waiting for resource s_rally_b35cd6b5_dA5inqkZ. Status changed: CREATING => DOWNLOADING in 7.11991620064
2019-08-05 08:42:13.521 2417 RALLYDEBUG rally.task.utils [-] Waiting for resource s_rally_b35cd6b5_dA5inqkZ. Status changed: DOWNLOADING => AVAILABLE in 4.62710285187
2019-08-05 08:42:13.628 2416 RALLYDEBUG rally.task.utils [-] Waiting for resource s_rally_b35cd6b5_Ti1irCtq. Status changed: CREATING => DOWNLOADING in 5.32487106323
2019-08-05 08:42:14.000 2417 INFO rally.task.runner [-] Task 811a77b1-6578-4245-abb2-c653a3488063 | ITER: 9 END: OK
2019-08-05 08:42:15.892 2416 RALLYDEBUG rally.task.utils [-] Waiting for resource s_rally_b35cd6b5_Ti1irCtq. Status changed: DOWNLOADING => AVAILABLE in 2.26394104958
2019-08-05 08:42:15.963 2416 INFO rally.task.runner [-] Task 811a77b1-6578-4245-abb2-c653a3488063 | ITER: 10 END: OK
2019-08-05 08:42:15.992 1842 INFO rally.task.context [-] Task 811a77b1-6578-4245-abb2-c653a3488063 | Context cleanup@openstack cleanup() started
2019-08-05 08:42:15.994 1842 RALLYDEBUG rally_openstack.cleanup.manager [-] Cleaning up cinder backups objects
2019-08-05 08:42:18.245 1842 RALLYDEBUG rally_openstack.cleanup.manager [-] Cleaning up cinder volume_snapshots objects
2019-08-05 08:42:20.438 1842 RALLYDEBUG rally_openstack.cleanup.manager [-] Cleaning up cinder transfers objects
2019-08-05 08:42:22.463 1842 RALLYDEBUG rally_openstack.cleanup.manager [-] Cleaning up cinder volumes objects
2019-08-05 08:42:24.917 1842 RALLYDEBUG rally_openstack.cleanup.manager [-] Deleting cinder.volumes object s_rally_b35cd6b5_I13YYY4i (8dd4c866-0328-4a89-bb1f-0588afecc190)
2019-08-05 08:42:24.926 1842 RALLYDEBUG rally_openstack.cleanup.manager [-] Deleting cinder.volumes object s_rally_b35cd6b5_dA5inqkZ (abe40332-cd94-4fa8-af47-d0acf7178b42)
2019-08-05 08:42:24.926 1842 RALLYDEBUG rally_openstack.cleanup.manager [-] Deleting cinder.volumes object s_rally_b35cd6b5_XrvbXgti (7e01bd7b-04c1-4209-83de-f6933ad66639)
2019-08-05 08:42:24.929 1842 RALLYDEBUG rally_openstack.cleanup.manager [-] Deleting cinder.volumes object s_rally_b35cd6b5_uucFm9cq (70a4f02f-6b6d-4d14-9006-5d6a4f71072a)
2019-08-05 08:42:24.929 1842 RALLYDEBUG rally_openstack.cleanup.manager [-] Deleting cinder.volumes object s_rally_b35cd6b5_647xGLYv (a4bd47cf-6b5b-4fed-8789-38a1d0ed180d)
2019-08-05 08:42:24.931 1842 RALLYDEBUG rally_openstack.cleanup.manager [-] Deleting cinder.volumes object s_rally_b35cd6b5_Er9CNOpa (a7db7c30-8555-4236-95ef-87bf3e805887)
2019-08-05 08:42:24.938 1842 RALLYDEBUG rally_openstack.cleanup.manager [-] Deleting cinder.volumes object s_rally_b35cd6b5_Ii92e2ET (0736c33c-ed2e-4198-bfce-4dc62c2d9b3b)
2019-08-05 08:42:24.939 1842 RALLYDEBUG rally_openstack.cleanup.manager [-] Deleting cinder.volumes object s_rally_b35cd6b5_mPniiJ0M (df44c4d2-5ec4-4399-82cf-e43d84336f87)
2019-08-05 08:42:24.942 1842 RALLYDEBUG rally_openstack.cleanup.manager [-] Deleting cinder.volumes object s_rally_b35cd6b5_F7JIcWG9 (319cb80d-a582-4c79-9923-a1554acf91e4)
2019-08-05 08:42:24.945 1842 RALLYDEBUG rally_openstack.cleanup.manager [-] Deleting cinder.volumes object s_rally_b35cd6b5_Ti1irCtq (bfce620f-bdaf-417c-986a-d357e0443823)
2019-08-05 08:42:30.218 1842 INFO rally.task.context [-] Task 811a77b1-6578-4245-abb2-c653a3488063 | Context cleanup@openstack cleanup() finished in 14.23 sec
2019-08-05 08:42:30.219 1842 INFO rally.task.context [-] Task 811a77b1-6578-4245-abb2-c653a3488063 | Context quotas@openstack cleanup() started
2019-08-05 08:42:31.177 1842 INFO rally.task.context [-] Task 811a77b1-6578-4245-abb2-c653a3488063 | Context quotas@openstack cleanup() finished in 0.96 sec
2019-08-05 08:42:31.177 1842 INFO rally.task.context [-] Task 811a77b1-6578-4245-abb2-c653a3488063 | Context api_versions@openstack cleanup() started
2019-08-05 08:42:31.177 1842 INFO rally.task.context [-] Task 811a77b1-6578-4245-abb2-c653a3488063 | Context api_versions@openstack cleanup() finished in 0.33 msec
2019-08-05 08:42:31.178 1842 INFO rally.task.context [-] Task 811a77b1-6578-4245-abb2-c653a3488063 | Context users@openstack cleanup() started
2019-08-05 08:42:39.640 1842 INFO rally.task.context [-] Task 811a77b1-6578-4245-abb2-c653a3488063 | Context users@openstack cleanup() finished in 8.46 sec
2019-08-05 08:42:41.574 1842 INFO rally.task.engine [-] Load duration is: 46.991321
2019-08-05 08:42:41.574 1842 INFO rally.task.engine [-] Full runner duration is: 47.043837
2019-08-05 08:42:41.575 1842 INFO rally.task.engine [-] Full duration is: 78.381629
2019-08-05 08:42:41.744 1842 INFO rally.task.engine [-] Running workload: position = 1 config = { "version": 2, "title": "A cropped version of a bigger task.", "description": "Auto-generated task from a single workload (uuid=84e2abdc-e771-4f60-8f67-44b058ceeb55)", "subtasks": [ { "title": "CinderVolumes.create_and_list_volume", "description": "Create a volume and list all volumes.", "scenario": { "CinderVolumes.create_and_list_volume": { "detailed": true, "size": 1 } }, "contexts": { "users": { "tenants": 3, "users_per_tenant": 2 }, "quotas": { "cinder": { "gigabytes": -1, "snapshots": -1, "volumes": -1 } }, "api_versions": { "cinder": { "version": 3, "service_type": "volumev3" } } }, "runner": { "constant": { "concurrency": 4, "times": 10 } }, "hooks": [], "sla": { "failure_rate": { "max": 0 } } } ] }
2019-08-05 08:42:41.775 1842 RALLYDEBUG rally_openstack.contexts.keystone.users [-] Creating 3 tenants using 20 threads
2019-08-05 08:42:43.663 1842 RALLYDEBUG rally_openstack.contexts.keystone.users [-] Creating 6 users using 20 threads
2019-08-05 08:42:46.532 1842 INFO rally.task.context [-] Task 811a77b1-6578-4245-abb2-c653a3488063 | Context users@openstack setup() finished in 4.76 sec
2019-08-05 08:42:46.965 1842 INFO rally.task.context [-] Task 811a77b1-6578-4245-abb2-c653a3488063 | Context api_versions@openstack setup() finished in 0.43 sec
2019-08-05 08:42:48.675 1842 INFO rally.task.context [-] Task 811a77b1-6578-4245-abb2-c653a3488063 | Context quotas@openstack setup() finished in 1.71 sec
2019-08-05 08:42:48.675 1842 INFO rally.task.context [-] Task 811a77b1-6578-4245-abb2-c653a3488063 | Context cleanup@openstack setup() finished in 0.01 msec
2019-08-05 08:42:48.683 1842 RALLYDEBUG rally.task.runner [-] Starting the constant runner (task UUID: 811a77b1-6578-4245-abb2-c653a3488063). timeout: 0 concurrency: 4 concurrency_per_worker: 1 times: 10 concurrency_overhead: 0 processes_to_start: 4 max_cpu_used: 16
2019-08-05 08:42:48.694 2598 RALLYDEBUG rally.task.runner [-] Starting a worker. concurrency: 1 args: {"detailed": true, "size": 1} times: 10 method_name: run timeout: 0 duration: None cls:
2019-08-05 08:42:48.698 2599 RALLYDEBUG rally.task.runner [-] Starting a worker. concurrency: 1 args: {"detailed": true, "size": 1} times: 10 method_name: run timeout: 0 duration: None cls:
2019-08-05 08:42:48.700 2598 INFO rally.task.runner [-] Task 811a77b1-6578-4245-abb2-c653a3488063 | ITER: 1 START
2019-08-05 08:42:48.702 2600 RALLYDEBUG rally.task.runner [-] Starting a worker. concurrency: 1 args: {"detailed": true, "size": 1} times: 10 method_name: run timeout: 0 duration: None cls:
2019-08-05 08:42:48.705 2601 RALLYDEBUG rally.task.runner [-] Starting a worker. concurrency: 1 args: {"detailed": true, "size": 1} times: 10 method_name: run timeout: 0 duration: None cls:
2019-08-05 08:42:48.706 2599 INFO rally.task.runner [-] Task 811a77b1-6578-4245-abb2-c653a3488063 | ITER: 2 START
2019-08-05 08:42:48.711 2600 INFO rally.task.runner [-] Task 811a77b1-6578-4245-abb2-c653a3488063 | ITER: 3 START
2019-08-05 08:42:48.712 2601 INFO rally.task.runner [-] Task 811a77b1-6578-4245-abb2-c653a3488063 | ITER: 4 START
2019-08-05 08:42:52.680 2598 INFO rally.task.runner [-] Task 811a77b1-6578-4245-abb2-c653a3488063 | ITER: 1 END: OK
2019-08-05 08:42:52.683 2601 INFO rally.task.runner [-] Task 811a77b1-6578-4245-abb2-c653a3488063 | ITER: 4 END: OK
2019-08-05 08:42:52.686 2598 INFO rally.task.runner [-] Task 811a77b1-6578-4245-abb2-c653a3488063 | ITER: 5 START
2019-08-05 08:42:52.687 2601 INFO rally.task.runner [-] Task 811a77b1-6578-4245-abb2-c653a3488063 | ITER: 6 START
2019-08-05 08:42:52.890 2599 INFO rally.task.runner [-] Task 811a77b1-6578-4245-abb2-c653a3488063 | ITER: 2 END: OK
2019-08-05 08:42:52.896 2599 INFO rally.task.runner [-] Task 811a77b1-6578-4245-abb2-c653a3488063 | ITER: 7 START
2019-08-05 08:42:52.970 2600 INFO rally.task.runner [-] Task 811a77b1-6578-4245-abb2-c653a3488063 | ITER: 3 END: OK
2019-08-05 08:42:52.976 2600 INFO rally.task.runner [-] Task 811a77b1-6578-4245-abb2-c653a3488063 | ITER: 8 START
2019-08-05 08:42:56.705 2598 INFO rally.task.runner [-] Task 811a77b1-6578-4245-abb2-c653a3488063 | ITER: 5 END: OK
2019-08-05 08:42:56.710 2598 INFO rally.task.runner [-] Task 811a77b1-6578-4245-abb2-c653a3488063 | ITER: 9 START
2019-08-05 08:42:56.743 2601 INFO rally.task.runner [-] Task 811a77b1-6578-4245-abb2-c653a3488063 | ITER: 6 END: OK
2019-08-05 08:42:56.748 2601 INFO rally.task.runner [-] Task 811a77b1-6578-4245-abb2-c653a3488063 | ITER: 10 START
2019-08-05 08:42:56.826 2599 INFO rally.task.runner [-] Task 811a77b1-6578-4245-abb2-c653a3488063 | ITER: 7 END: OK
2019-08-05 08:42:57.169 2600 INFO rally.task.runner [-] Task 811a77b1-6578-4245-abb2-c653a3488063 | ITER: 8 END: OK
2019-08-05 08:43:00.710 2598 INFO rally.task.runner [-] Task 811a77b1-6578-4245-abb2-c653a3488063 | ITER: 9 END: OK
2019-08-05 08:43:01.129 2601 INFO rally.task.runner [-] Task 811a77b1-6578-4245-abb2-c653a3488063 | ITER: 10 END: OK
2019-08-05 08:43:01.156 1842 INFO rally.task.context [-] Task 811a77b1-6578-4245-abb2-c653a3488063 | Context cleanup@openstack cleanup() started
2019-08-05 08:43:01.158 1842 RALLYDEBUG rally_openstack.cleanup.manager [-] Cleaning up cinder backups objects
2019-08-05 08:43:03.304 1842 RALLYDEBUG rally_openstack.cleanup.manager [-] Cleaning up cinder volume_snapshots objects
2019-08-05 08:43:05.429 1842 RALLYDEBUG rally_openstack.cleanup.manager [-] Cleaning up cinder transfers objects
2019-08-05 08:43:07.642 1842 RALLYDEBUG rally_openstack.cleanup.manager [-] Cleaning up cinder volumes objects
2019-08-05 08:43:09.995 1842 RALLYDEBUG rally_openstack.cleanup.manager [-] Deleting cinder.volumes object s_rally_84e2abdc_hh7zcHnz (74242c5c-af0e-4f85-8eb4-e273c35ba9ba)
2019-08-05 08:43:09.996 1842 RALLYDEBUG rally_openstack.cleanup.manager [-] Deleting cinder.volumes object s_rally_84e2abdc_yslRLiTE (5520e4cd-750b-41f8-944a-61dcc4477ab4)
2019-08-05 08:43:09.999 1842 RALLYDEBUG rally_openstack.cleanup.manager [-] Deleting cinder.volumes object s_rally_84e2abdc_vrF6r8S0 (86986fde-69a0-4070-a030-9d894d5fc83b)
2019-08-05 08:43:10.004 1842 RALLYDEBUG rally_openstack.cleanup.manager [-] Deleting cinder.volumes object s_rally_84e2abdc_EfStXBuG (5a321a4c-5e4f-4d10-96e9-51959b0e20f9)
2019-08-05 08:43:10.006 1842 RALLYDEBUG rally_openstack.cleanup.manager [-] Deleting cinder.volumes object s_rally_84e2abdc_XVM2eRjf (782bdff8-efdf-4ff5-a911-f0c3172a30dd)
2019-08-05 08:43:10.013 1842 RALLYDEBUG rally_openstack.cleanup.manager [-] Deleting cinder.volumes object s_rally_84e2abdc_9BgdTQAA (688d9647-6c1c-400c-a303-02b7eb6f7108)
2019-08-05 08:43:10.014 1842 RALLYDEBUG rally_openstack.cleanup.manager [-] Deleting cinder.volumes object s_rally_84e2abdc_qGKrfbHa (6b83ff03-9e20-4bd2-89e7-cc766779e65e)
2019-08-05 08:43:10.016 1842 RALLYDEBUG rally_openstack.cleanup.manager [-] Deleting cinder.volumes object s_rally_84e2abdc_IeBP3Vwz (977cb564-4a26-424b-a982-a86a9bd0e9a2)
2019-08-05 08:43:10.019 1842 RALLYDEBUG rally_openstack.cleanup.manager [-] Deleting cinder.volumes object s_rally_84e2abdc_GHOiJ2WC (18d5f645-1201-46ec-a971-c22a54a521d0)
2019-08-05 08:43:10.033 1842 RALLYDEBUG rally_openstack.cleanup.manager [-] Deleting cinder.volumes object s_rally_84e2abdc_a589ZrA6 (9e5b596a-1596-420f-9c59-7aad14ea1771)
2019-08-05 08:43:14.059 1842 INFO rally.task.context [-] Task 811a77b1-6578-4245-abb2-c653a3488063 | Context cleanup@openstack cleanup() finished in 12.90 sec
2019-08-05 08:43:14.060 1842 INFO rally.task.context [-] Task 811a77b1-6578-4245-abb2-c653a3488063 | Context quotas@openstack cleanup() started
2019-08-05 08:43:14.709 1842 INFO rally.task.context [-] Task 811a77b1-6578-4245-abb2-c653a3488063 | Context quotas@openstack cleanup() finished in 0.65 sec
2019-08-05 08:43:14.709 1842 INFO rally.task.context [-] Task 811a77b1-6578-4245-abb2-c653a3488063 | Context api_versions@openstack cleanup() started
2019-08-05 08:43:14.709 1842 INFO rally.task.context [-] Task 811a77b1-6578-4245-abb2-c653a3488063 | Context api_versions@openstack cleanup() finished in 0.29 msec
2019-08-05 08:43:14.710 1842 INFO rally.task.context [-] Task 811a77b1-6578-4245-abb2-c653a3488063 | Context users@openstack cleanup() started
2019-08-05 08:43:23.161 1842 INFO rally.task.context [-] Task 811a77b1-6578-4245-abb2-c653a3488063 | Context users@openstack cleanup() finished in 8.45 sec
2019-08-05 08:43:23.958 1842 INFO rally.task.engine [-] Load duration is: 12.423535
2019-08-05 08:43:23.958 1842 INFO rally.task.engine [-] Full runner duration is: 12.473493
2019-08-05 08:43:23.959 1842 INFO rally.task.engine [-] Full duration is: 41.389396
2019-08-05 08:43:24.190 1842 INFO rally.task.engine [-] Running workload: position = 0 config = { "version": 2, "title": "A cropped version of a bigger task.", "description": "Auto-generated task from a single workload (uuid=3ba78c9b-ec5a-4e1d-9d0a-ee0816f10907)", "subtasks": [ { "title": "CinderVolumes.create_and_upload_volume_to_image", "description": "Create and upload a volume to image.", "scenario": { "CinderVolumes.create_and_upload_volume_to_image": { "container_format": "bare", "disk_format": "raw", "do_delete": true, "force": false, "size": 1 } }, "contexts": { "users": { "tenants": 3, "users_per_tenant": 2 }, "quotas": { "cinder": { "gigabytes": -1, "snapshots": -1, "volumes": -1 } }, "api_versions": { "cinder": { "version": 3, "service_type": "volumev3" } } }, "runner": { "constant": { "concurrency": 4, "times": 10 } }, "hooks": [], "sla": { "failure_rate": { "max": 0 } } } ] }
2019-08-05 08:43:24.212 1842 RALLYDEBUG rally_openstack.contexts.keystone.users [-] Creating 3 tenants using 20 threads
2019-08-05 08:43:26.094 1842 RALLYDEBUG rally_openstack.contexts.keystone.users [-] Creating 6 users using 20 threads
2019-08-05 08:43:29.000 1842 INFO rally.task.context [-] Task 811a77b1-6578-4245-abb2-c653a3488063 | Context users@openstack setup() finished in 4.79 sec
2019-08-05 08:43:29.423 1842 INFO rally.task.context [-] Task 811a77b1-6578-4245-abb2-c653a3488063 | Context api_versions@openstack setup() finished in 0.42 sec
2019-08-05 08:43:31.157 1842 INFO rally.task.context [-] Task 811a77b1-6578-4245-abb2-c653a3488063 | Context quotas@openstack setup() finished in 1.73 sec
2019-08-05 08:43:31.158 1842 INFO rally.task.context [-] Task 811a77b1-6578-4245-abb2-c653a3488063 | Context cleanup@openstack setup() finished in 0.01 msec
2019-08-05 08:43:31.163 1842 RALLYDEBUG rally.task.runner [-] Starting the constant runner (task UUID: 811a77b1-6578-4245-abb2-c653a3488063). timeout: 0 concurrency: 4 concurrency_per_worker: 1 times: 10 concurrency_overhead: 0 processes_to_start: 4 max_cpu_used: 16
2019-08-05 08:43:31.177 2782 RALLYDEBUG rally.task.runner [-] Starting a worker. concurrency: 1 args: {"container_format": "bare", "disk_format": "raw", "do_delete": true, "force": false, "size": 1} times: 10 method_name: run timeout: 0 duration: None cls:
2019-08-05 08:43:31.179 2783 RALLYDEBUG rally.task.runner [-] Starting a worker. concurrency: 1 args: {"container_format": "bare", "disk_format": "raw", "do_delete": true, "force": false, "size": 1} times: 10 method_name: run timeout: 0 duration: None cls:
2019-08-05 08:43:31.181 2784 RALLYDEBUG rally.task.runner [-] Starting a worker. concurrency: 1 args: {"container_format": "bare", "disk_format": "raw", "do_delete": true, "force": false, "size": 1} times: 10 method_name: run timeout: 0 duration: None cls:
2019-08-05 08:43:31.184 2782 INFO rally.task.runner [-] Task 811a77b1-6578-4245-abb2-c653a3488063 | ITER: 1 START
2019-08-05 08:43:31.185 2785 RALLYDEBUG rally.task.runner [-] Starting a worker. concurrency: 1 args: {"container_format": "bare", "disk_format": "raw", "do_delete": true, "force": false, "size": 1} times: 10 method_name: run timeout: 0 duration: None cls:
2019-08-05 08:43:31.187 2783 INFO rally.task.runner [-] Task 811a77b1-6578-4245-abb2-c653a3488063 | ITER: 2 START
2019-08-05 08:43:31.189 2784 INFO rally.task.runner [-] Task 811a77b1-6578-4245-abb2-c653a3488063 | ITER: 3 START
2019-08-05 08:43:31.191 2785 INFO rally.task.runner [-] Task 811a77b1-6578-4245-abb2-c653a3488063 | ITER: 4 START
2019-08-05 08:43:36.464 2783 RALLYDEBUG rally.task.utils [-] Waiting for resource s_rally_3ba78c9b_lNXumHAh. Status changed: AVAILABLE => UPLOADING in 0.416746139526
2019-08-05 08:43:36.696 2782 RALLYDEBUG rally.task.utils [-] Waiting for resource s_rally_3ba78c9b_de78PS0D. Status changed: AVAILABLE => UPLOADING in 0.0531940460205
2019-08-05 08:43:36.737 2784 RALLYDEBUG rally.task.utils [-] Waiting for resource s_rally_3ba78c9b_5WAOrpjT. Status changed: AVAILABLE => UPLOADING in 0.334663152695
2019-08-05 08:43:36.964 2785 RALLYDEBUG rally.task.utils [-] Waiting for resource s_rally_3ba78c9b_tQ0p3zDS. Status changed: AVAILABLE => UPLOADING in 0.336318016052
2019-08-05 08:44:27.222 2785 RALLYDEBUG rally.task.utils [-] Waiting for resource s_rally_3ba78c9b_tQ0p3zDS. Status changed: UPLOADING => AVAILABLE in 50.2578680515
2019-08-05 08:44:28.023 2785 RALLYDEBUG rally.task.utils [-] Waiting for resource s_rally_3ba78c9b_tQ0p3zDS. Status changed: AVAILABLE => DELETING in 0.0529210567474
2019-08-05 08:44:28.426 2783 RALLYDEBUG rally.task.utils [-] Waiting for resource s_rally_3ba78c9b_lNXumHAh. Status changed: UPLOADING => AVAILABLE in 51.9619019032
2019-08-05 08:44:29.143 2784 RALLYDEBUG rally.task.utils [-] Waiting for resource s_rally_3ba78c9b_5WAOrpjT. Status changed: UPLOADING => AVAILABLE in 52.4063489437
2019-08-05 08:44:29.259 2782 RALLYDEBUG rally.task.utils [-] Waiting for resource s_rally_3ba78c9b_de78PS0D. Status changed: UPLOADING => AVAILABLE in 52.5630481243
2019-08-05 08:44:29.632 2783 RALLYDEBUG rally.task.utils [-] Waiting for resource s_rally_3ba78c9b_lNXumHAh. Status changed: AVAILABLE => DELETING in 0.0511150360107
2019-08-05 08:44:30.243 2782 RALLYDEBUG rally.task.utils [-] Waiting for resource s_rally_3ba78c9b_de78PS0D. Status changed: AVAILABLE => DELETING in 0.3157351017
2019-08-05 08:44:30.435 2784 RALLYDEBUG rally.task.utils [-] Waiting for resource s_rally_3ba78c9b_5WAOrpjT. Status changed: AVAILABLE => DELETING in 0.315098047256
2019-08-05 08:44:30.963 2785 INFO rally.task.runner [-] Task 811a77b1-6578-4245-abb2-c653a3488063 | ITER: 4 END: OK
2019-08-05 08:44:30.971 2785 INFO rally.task.runner [-] Task 811a77b1-6578-4245-abb2-c653a3488063 | ITER: 5 START
2019-08-05 08:44:33.197 2784 INFO rally.task.runner [-] Task 811a77b1-6578-4245-abb2-c653a3488063 | ITER: 3 END: OK
2019-08-05 08:44:33.202 2784 INFO rally.task.runner [-] Task 811a77b1-6578-4245-abb2-c653a3488063 | ITER: 6 START
2019-08-05 08:44:33.298 2782 INFO rally.task.runner [-] Task 811a77b1-6578-4245-abb2-c653a3488063 | ITER: 1 END: OK
2019-08-05 08:44:33.303 2782 INFO rally.task.runner [-] Task 811a77b1-6578-4245-abb2-c653a3488063 | ITER: 7 START
2019-08-05 08:44:33.310 2783 INFO rally.task.runner [-] Task 811a77b1-6578-4245-abb2-c653a3488063 | ITER: 2 END: OK
2019-08-05 08:44:33.314 2783 INFO rally.task.runner [-] Task 811a77b1-6578-4245-abb2-c653a3488063 | ITER: 8 START
2019-08-05 08:44:36.976 2785 RALLYDEBUG rally.task.utils [-] Waiting for resource s_rally_3ba78c9b_xTmZYrz2. Status changed: AVAILABLE => UPLOADING in 0.345757961273
2019-08-05 08:44:38.847 2784 RALLYDEBUG rally.task.utils [-] Waiting for resource s_rally_3ba78c9b_E5USROho. Status changed: AVAILABLE => UPLOADING in 0.352253913879
2019-08-05 08:44:38.859 2782 RALLYDEBUG rally.task.utils [-] Waiting for resource s_rally_3ba78c9b_cpoOvXmx. Status changed: AVAILABLE => UPLOADING in 0.334524869919
2019-08-05 08:44:39.030 2783 RALLYDEBUG rally.task.utils [-] Waiting for resource s_rally_3ba78c9b_v13WVqaQ. Status changed: AVAILABLE => UPLOADING in 0.0543031692505
2019-08-05 08:45:26.479 2785 RALLYDEBUG rally.task.utils [-] Waiting for resource s_rally_3ba78c9b_xTmZYrz2. Status changed: UPLOADING => AVAILABLE in 49.5030350685
2019-08-05 08:45:27.543 2785 RALLYDEBUG rally.task.utils [-] Waiting for resource s_rally_3ba78c9b_xTmZYrz2. Status changed: AVAILABLE => DELETING in 0.0530641078949
2019-08-05 08:45:28.966 2782 RALLYDEBUG rally.task.utils [-] Waiting for resource s_rally_3ba78c9b_cpoOvXmx. Status changed: UPLOADING => AVAILABLE in 50.1069509983
2019-08-05 08:45:29.383 2783 RALLYDEBUG rally.task.utils [-] Waiting for resource s_rally_3ba78c9b_v13WVqaQ. Status changed: UPLOADING => AVAILABLE in 50.3535239697
2019-08-05 08:45:29.608 2784 RALLYDEBUG rally.task.utils [-] Waiting for resource s_rally_3ba78c9b_E5USROho. Status changed: UPLOADING => AVAILABLE in 50.7613120079
2019-08-05 08:45:29.739 2782 RALLYDEBUG rally.task.utils [-] Waiting for resource s_rally_3ba78c9b_cpoOvXmx. Status changed: AVAILABLE => DELETING in 0.0572469234467
2019-08-05 08:45:30.260 2784 RALLYDEBUG rally.task.utils [-] Waiting for resource s_rally_3ba78c9b_E5USROho. Status changed: AVAILABLE => DELETING in 0.0623240470886
2019-08-05 08:45:30.944 2785 INFO rally.task.runner [-] Task 811a77b1-6578-4245-abb2-c653a3488063 | ITER: 5 END: OK
2019-08-05 08:45:30.950 2785 INFO rally.task.runner [-] Task 811a77b1-6578-4245-abb2-c653a3488063 | ITER: 9 START
2019-08-05 08:45:31.520 2783 RALLYDEBUG rally.task.utils [-] Waiting for resource s_rally_3ba78c9b_v13WVqaQ. Status changed: AVAILABLE => DELETING in 0.329946041107
2019-08-05 08:45:33.202 2782 INFO rally.task.runner [-] Task 811a77b1-6578-4245-abb2-c653a3488063 | ITER: 7 END: OK
2019-08-05 08:45:33.208 2782 INFO rally.task.runner [-] Task 811a77b1-6578-4245-abb2-c653a3488063 | ITER: 10 START
2019-08-05 08:45:33.214 2784 INFO rally.task.runner [-] Task 811a77b1-6578-4245-abb2-c653a3488063 | ITER: 6 END: OK
2019-08-05 08:45:34.280 2783 INFO rally.task.runner [-] Task 811a77b1-6578-4245-abb2-c653a3488063 | ITER: 8 END: OK
2019-08-05 08:45:36.349 2785 RALLYDEBUG rally.task.utils [-] Waiting for resource s_rally_3ba78c9b_APXxW7p4. Status changed: AVAILABLE => UPLOADING in 0.0576310157776
2019-08-05 08:45:38.866 2782 RALLYDEBUG rally.task.utils [-] Waiting for resource s_rally_3ba78c9b_YofgEW6m. Status changed: AVAILABLE => UPLOADING in 0.252201080322
2019-08-05 08:46:06.478 2785 RALLYDEBUG rally.task.utils [-] Waiting for resource s_rally_3ba78c9b_APXxW7p4. Status changed: UPLOADING => AVAILABLE in 30.1283609867
2019-08-05 08:46:07.257 2785 RALLYDEBUG rally.task.utils [-] Waiting for resource s_rally_3ba78c9b_APXxW7p4. Status changed: AVAILABLE => DELETING in 0.0555579662323
2019-08-05 08:46:10.225 2782 RALLYDEBUG rally.task.utils [-] Waiting for resource s_rally_3ba78c9b_YofgEW6m. Status changed: UPLOADING => AVAILABLE in 31.3589429855
2019-08-05 08:46:10.543 2785 INFO rally.task.runner [-] Task 811a77b1-6578-4245-abb2-c653a3488063 | ITER: 9 END: OK
2019-08-05 08:46:11.359 2782 RALLYDEBUG rally.task.utils [-] Waiting for resource s_rally_3ba78c9b_YofgEW6m. Status changed: AVAILABLE => DELETING in 0.371935129166
2019-08-05 08:46:13.938 2782 INFO rally.task.runner [-] Task 811a77b1-6578-4245-abb2-c653a3488063 | ITER: 10 END: OK
2019-08-05 08:46:13.964 1842 INFO rally.task.context [-] Task 811a77b1-6578-4245-abb2-c653a3488063 | Context cleanup@openstack cleanup() started
2019-08-05 08:46:13.968 1842 RALLYDEBUG rally_openstack.cleanup.manager [-] Cleaning up cinder backups objects
2019-08-05 08:46:16.265 1842 RALLYDEBUG rally_openstack.cleanup.manager [-] Cleaning up cinder volume_snapshots objects
2019-08-05 08:46:18.399 1842 RALLYDEBUG rally_openstack.cleanup.manager [-] Cleaning up cinder transfers objects
2019-08-05 08:46:20.529 1842 RALLYDEBUG rally_openstack.cleanup.manager [-] Cleaning up cinder volumes objects
2019-08-05 08:46:22.884 1842 RALLYDEBUG rally_openstack.cleanup.manager [-] Cleaning up glance images objects
2019-08-05 08:46:26.173 1842 INFO rally.task.context [-] Task 811a77b1-6578-4245-abb2-c653a3488063 | Context cleanup@openstack cleanup() finished in 12.21 sec
2019-08-05 08:46:26.173 1842 INFO rally.task.context [-] Task 811a77b1-6578-4245-abb2-c653a3488063 | Context quotas@openstack cleanup() started
2019-08-05 08:46:27.151 1842 INFO rally.task.context [-] Task 811a77b1-6578-4245-abb2-c653a3488063 | Context quotas@openstack cleanup() finished in 0.98 sec
2019-08-05 08:46:27.152 1842 INFO rally.task.context [-] Task 811a77b1-6578-4245-abb2-c653a3488063 | Context api_versions@openstack cleanup() started
2019-08-05 08:46:27.152 1842 INFO rally.task.context [-] Task 811a77b1-6578-4245-abb2-c653a3488063 | Context api_versions@openstack cleanup() finished in 0.34 msec
2019-08-05 08:46:27.152 1842 INFO rally.task.context [-] Task 811a77b1-6578-4245-abb2-c653a3488063 | Context users@openstack cleanup() started
