2019-08-05 08:59:55.249 1842 INFO rally.task.context [-] Task 811a77b1-6578-4245-abb2-c653a3488063 | Context users@openstack cleanup() started
2019-08-05 09:00:03.538 1842 INFO rally.task.context [-] Task 811a77b1-6578-4245-abb2-c653a3488063 | Context users@openstack cleanup() finished in 8.29 sec
2019-08-05 09:00:04.794 1842 INFO rally.task.engine [-] Load duration is: 25.01107
2019-08-05 09:00:04.795 1842 INFO rally.task.engine [-] Full runner duration is: 25.063583
2019-08-05 09:00:04.795 1842 INFO rally.task.engine [-] Full duration is: 67.043701
2019-08-05 09:00:05.037 1842 INFO rally.task.engine [-] Running workload: position = 0 config = { "version": 2, "title": "A cropped version of a bigger task.", "description": "Auto-generated task from a single workload (uuid=bddfe567-ec8a-4ea4-a4dc-6e2cb7684a81)", "subtasks": [ { "title": "CinderQos.create_and_get_qos", "description": "Create a qos, then get details of the qos.", "scenario": { "CinderQos.create_and_get_qos": { "consumer": "both", "write_iops_sec": "10", "read_iops_sec": "1000" } }, "contexts": { "users": { "tenants": 3, "users_per_tenant": 2 }, "api_versions": { "cinder": { "version": 3, "service_type": "volumev3" } } }, "runner": { "constant": { "concurrency": 4, "times": 10 } }, "hooks": [], "sla": { "failure_rate": { "max": 0 } } } ] }
2019-08-05 09:00:05.063 1842 RALLYDEBUG rally_openstack.contexts.keystone.users [-] Creating 3 tenants using 20 threads
2019-08-05 09:00:06.963 1842 RALLYDEBUG rally_openstack.contexts.keystone.users [-] Creating 6 users using 20 threads
2019-08-05 09:00:09.889 1842 INFO rally.task.context [-] Task 811a77b1-6578-4245-abb2-c653a3488063 | Context users@openstack setup() finished in 4.83 sec
2019-08-05 09:00:10.315 1842 INFO rally.task.context [-] Task 811a77b1-6578-4245-abb2-c653a3488063 | Context api_versions@openstack setup() finished in 0.43 sec
2019-08-05 09:00:10.316 1842 INFO rally.task.context [-] Task 811a77b1-6578-4245-abb2-c653a3488063 | Context admin_cleanup@openstack setup() finished in 0.01 msec
2019-08-05 09:00:10.323 1842 RALLYDEBUG rally.task.runner [-] Starting the constant runner (task UUID: 811a77b1-6578-4245-abb2-c653a3488063). timeout: 0 concurrency: 4 concurrency_per_worker: 1 times: 10 concurrency_overhead: 0 processes_to_start: 4 max_cpu_used: 16
2019-08-05 09:00:10.336 5110 RALLYDEBUG rally.task.runner [-] Starting a worker. concurrency: 1 args: {"consumer": "both", "write_iops_sec": "10", "read_iops_sec": "1000"} times: 10 method_name: run timeout: 0 duration: None cls:
2019-08-05 09:00:10.339 5111 RALLYDEBUG rally.task.runner [-] Starting a worker. concurrency: 1 args: {"consumer": "both", "write_iops_sec": "10", "read_iops_sec": "1000"} times: 10 method_name: run timeout: 0 duration: None cls:
2019-08-05 09:00:10.342 5112 RALLYDEBUG rally.task.runner [-] Starting a worker. concurrency: 1 args: {"consumer": "both", "write_iops_sec": "10", "read_iops_sec": "1000"} times: 10 method_name: run timeout: 0 duration: None cls:
2019-08-05 09:00:10.345 5113 RALLYDEBUG rally.task.runner [-] Starting a worker. concurrency: 1 args: {"consumer": "both", "write_iops_sec": "10", "read_iops_sec": "1000"} times: 10 method_name: run timeout: 0 duration: None cls:
2019-08-05 09:00:10.345 5110 INFO rally.task.runner [-] Task 811a77b1-6578-4245-abb2-c653a3488063 | ITER: 1 START
2019-08-05 09:00:10.347 5111 INFO rally.task.runner [-] Task 811a77b1-6578-4245-abb2-c653a3488063 | ITER: 2 START
2019-08-05 09:00:10.349 5112 INFO rally.task.runner [-] Task 811a77b1-6578-4245-abb2-c653a3488063 | ITER: 3 START
2019-08-05 09:00:10.352 5113 INFO rally.task.runner [-] Task 811a77b1-6578-4245-abb2-c653a3488063 | ITER: 4 START
2019-08-05 09:00:11.432 5111 INFO rally.task.runner [-] Task 811a77b1-6578-4245-abb2-c653a3488063 | ITER: 2 END: OK
2019-08-05 09:00:11.435 5112 INFO rally.task.runner [-] Task 811a77b1-6578-4245-abb2-c653a3488063 | ITER: 3 END: OK
2019-08-05 09:00:11.438 5111 INFO rally.task.runner [-] Task 811a77b1-6578-4245-abb2-c653a3488063 | ITER: 5 START
2019-08-05 09:00:11.440 5112 INFO rally.task.runner [-] Task 811a77b1-6578-4245-abb2-c653a3488063 | ITER: 6 START
2019-08-05 09:00:11.456 5113 INFO rally.task.runner [-] Task 811a77b1-6578-4245-abb2-c653a3488063 | ITER: 4 END: OK
2019-08-05 09:00:11.460 5113 INFO rally.task.runner [-] Task 811a77b1-6578-4245-abb2-c653a3488063 | ITER: 7 START
2019-08-05 09:00:11.541 5110 INFO rally.task.runner [-] Task 811a77b1-6578-4245-abb2-c653a3488063 | ITER: 1 END: OK
2019-08-05 09:00:11.545 5110 INFO rally.task.runner [-] Task 811a77b1-6578-4245-abb2-c653a3488063 | ITER: 8 START
2019-08-05 09:00:12.545 5111 INFO rally.task.runner [-] Task 811a77b1-6578-4245-abb2-c653a3488063 | ITER: 5 END: OK
2019-08-05 09:00:12.550 5111 INFO rally.task.runner [-] Task 811a77b1-6578-4245-abb2-c653a3488063 | ITER: 9 START
2019-08-05 09:00:12.555 5113 INFO rally.task.runner [-] Task 811a77b1-6578-4245-abb2-c653a3488063 | ITER: 7 END: OK
2019-08-05 09:00:12.560 5113 INFO rally.task.runner [-] Task 811a77b1-6578-4245-abb2-c653a3488063 | ITER: 10 START
2019-08-05 09:00:12.573 5112 INFO rally.task.runner [-] Task 811a77b1-6578-4245-abb2-c653a3488063 | ITER: 6 END: OK
2019-08-05 09:00:12.581 5110 INFO rally.task.runner [-] Task 811a77b1-6578-4245-abb2-c653a3488063 | ITER: 8 END: OK
2019-08-05 09:00:13.544 5111 INFO rally.task.runner [-] Task 811a77b1-6578-4245-abb2-c653a3488063 | ITER: 9 END: OK
2019-08-05 09:00:13.637 5113 INFO rally.task.runner [-] Task 811a77b1-6578-4245-abb2-c653a3488063 | ITER: 10 END: OK
2019-08-05 09:00:13.664 1842 INFO rally.task.context [-] Task 811a77b1-6578-4245-abb2-c653a3488063 | Context admin_cleanup@openstack cleanup() started
2019-08-05 09:00:13.666 1842 RALLYDEBUG rally_openstack.cleanup.manager [-] Cleaning up cinder volume_types objects
2019-08-05 09:00:14.332 1842 RALLYDEBUG rally_openstack.cleanup.manager [-] Cleaning up cinder image_volumes_cache objects
2019-08-05 09:00:15.592 1842 RALLYDEBUG rally_openstack.cleanup.manager [-] Cleaning up cinder quotas objects
2019-08-05 09:00:17.415 1842 RALLYDEBUG rally_openstack.cleanup.manager [-] Cleaning up cinder qos_specs objects
2019-08-05 09:00:18.172 1842 RALLYDEBUG rally_openstack.cleanup.manager [-] Deleting cinder.qos_specs object s_rally_bddfe567_7glJoCqH (ddf32391-36ad-47df-8ab9-13816c136e06)
2019-08-05 09:00:18.180 1842 RALLYDEBUG rally_openstack.cleanup.manager [-] Deleting cinder.qos_specs object s_rally_bddfe567_O49cv94l (90cb84fb-1782-4803-8a7a-bd404e4b5775)
2019-08-05 09:00:18.181 1842 RALLYDEBUG rally_openstack.cleanup.manager [-] Deleting cinder.qos_specs object s_rally_bddfe567_b8MRGsJP (a687e7ee-fc63-4a19-8ef8-13b2949ae17f)
2019-08-05 09:00:18.188 1842 RALLYDEBUG rally_openstack.cleanup.manager [-] Deleting cinder.qos_specs object s_rally_bddfe567_YYtveoJk (9571fa29-ce9a-478e-b3af-4feaf1007b29)
2019-08-05 09:00:18.202 1842 RALLYDEBUG rally_openstack.cleanup.manager [-] Deleting cinder.qos_specs object s_rally_bddfe567_8l2lbkYy (7b23823b-e47e-457b-96bc-cd46bf84f4ec)
2019-08-05 09:00:18.203 1842 RALLYDEBUG rally_openstack.cleanup.manager [-] Deleting cinder.qos_specs object s_rally_bddfe567_wvRBKl5Y (2120021a-955f-4645-9ee1-ff83fa1b4608)
2019-08-05 09:00:18.206 1842 RALLYDEBUG rally_openstack.cleanup.manager [-] Deleting cinder.qos_specs object s_rally_bddfe567_ztskgtk0 (ec738d5e-b467-422b-b7e1-54516873f29f)
2019-08-05 09:00:18.220 1842 RALLYDEBUG rally_openstack.cleanup.manager [-] Deleting cinder.qos_specs object s_rally_bddfe567_3J7DEYRK (a6d3522b-b8de-4fa5-a970-d3f10078ebd4)
2019-08-05 09:00:18.230 1842 RALLYDEBUG rally_openstack.cleanup.manager [-] Deleting cinder.qos_specs object s_rally_bddfe567_SCavbkRD (96301b9c-ef35-4096-90a9-239ecb1089e6)
2019-08-05 09:00:18.236 1842 RALLYDEBUG rally_openstack.cleanup.manager [-] Deleting cinder.qos_specs object s_rally_bddfe567_iZc3diZ3 (6edaaff7-72d5-4455-a2a7-ab0177c462a0)
2019-08-05 09:00:20.543 1842 INFO rally.task.context [-] Task 811a77b1-6578-4245-abb2-c653a3488063 | Context admin_cleanup@openstack cleanup() finished in 6.88 sec
2019-08-05 09:00:20.543 1842 INFO rally.task.context [-] Task 811a77b1-6578-4245-abb2-c653a3488063 | Context api_versions@openstack cleanup() started
2019-08-05 09:00:20.544 1842 INFO rally.task.context [-] Task 811a77b1-6578-4245-abb2-c653a3488063 | Context api_versions@openstack cleanup() finished in 0.32 msec
2019-08-05 09:00:20.544 1842 INFO rally.task.context [-] Task 811a77b1-6578-4245-abb2-c653a3488063 | Context users@openstack cleanup() started
2019-08-05 09:00:29.351 1842 INFO rally.task.context [-] Task 811a77b1-6578-4245-abb2-c653a3488063 | Context users@openstack cleanup() finished in 8.81 sec
2019-08-05 09:00:31.180 1842 INFO rally.task.engine [-] Load duration is: 3.286803
2019-08-05 09:00:31.181 1842 INFO rally.task.engine [-] Full runner duration is: 3.341948
2019-08-05 09:00:31.181 1842 INFO rally.task.engine [-] Full duration is: 24.291245
2019-08-05 09:00:31.414 1842 INFO rally.task.engine [-] Running workload: position = 0 config = { "version": 2, "title": "A cropped version of a bigger task.", "description": "Auto-generated task from a single workload (uuid=25a9af4c-4827-4c33-8159-6a3704afc19c)", "subtasks": [ { "title": "CinderQos.create_and_list_qos", "description": "Create a qos, then list all qos.", "scenario": { "CinderQos.create_and_list_qos": { "consumer": "both", "write_iops_sec": "10", "read_iops_sec": "1000" } }, "contexts": { "users": { "tenants": 3, "users_per_tenant": 2 }, "api_versions": { "cinder": { "version": 3, "service_type": "volumev3" } } }, "runner": { "constant": { "concurrency": 4, "times": 10 } }, "hooks": [], "sla": { "failure_rate": { "max": 0 } } } ] }
2019-08-05 09:00:31.440 1842 RALLYDEBUG rally_openstack.contexts.keystone.users [-] Creating 3 tenants using 20 threads
2019-08-05 09:00:33.357 1842 RALLYDEBUG rally_openstack.contexts.keystone.users [-] Creating 6 users using 20 threads
2019-08-05 09:00:36.342 1842 INFO rally.task.context [-] Task 811a77b1-6578-4245-abb2-c653a3488063 | Context users@openstack setup() finished in 4.90 sec
2019-08-05 09:00:36.768 1842 INFO rally.task.context [-] Task 811a77b1-6578-4245-abb2-c653a3488063 | Context api_versions@openstack setup() finished in 0.43 sec
2019-08-05 09:00:36.769 1842 INFO rally.task.context [-] Task 811a77b1-6578-4245-abb2-c653a3488063 | Context admin_cleanup@openstack setup() finished in 0.00 msec
2019-08-05 09:00:36.776 1842 RALLYDEBUG rally.task.runner [-] Starting the constant runner (task UUID: 811a77b1-6578-4245-abb2-c653a3488063). timeout: 0 concurrency: 4 concurrency_per_worker: 1 times: 10 concurrency_overhead: 0 processes_to_start: 4 max_cpu_used: 16
2019-08-05 09:00:36.788 5294 RALLYDEBUG rally.task.runner [-] Starting a worker. concurrency: 1 args: {"consumer": "both", "write_iops_sec": "10", "read_iops_sec": "1000"} times: 10 method_name: run timeout: 0 duration: None cls:
2019-08-05 09:00:36.791 5295 RALLYDEBUG rally.task.runner [-] Starting a worker. concurrency: 1 args: {"consumer": "both", "write_iops_sec": "10", "read_iops_sec": "1000"} times: 10 method_name: run timeout: 0 duration: None cls:
2019-08-05 09:00:36.794 5296 RALLYDEBUG rally.task.runner [-] Starting a worker. concurrency: 1 args: {"consumer": "both", "write_iops_sec": "10", "read_iops_sec": "1000"} times: 10 method_name: run timeout: 0 duration: None cls:
2019-08-05 09:00:36.795 5294 INFO rally.task.runner [-] Task 811a77b1-6578-4245-abb2-c653a3488063 | ITER: 1 START
2019-08-05 09:00:36.798 5297 RALLYDEBUG rally.task.runner [-] Starting a worker. concurrency: 1 args: {"consumer": "both", "write_iops_sec": "10", "read_iops_sec": "1000"} times: 10 method_name: run timeout: 0 duration: None cls:
2019-08-05 09:00:36.800 5295 INFO rally.task.runner [-] Task 811a77b1-6578-4245-abb2-c653a3488063 | ITER: 2 START
2019-08-05 09:00:36.802 5296 INFO rally.task.runner [-] Task 811a77b1-6578-4245-abb2-c653a3488063 | ITER: 3 START
2019-08-05 09:00:36.805 5297 INFO rally.task.runner [-] Task 811a77b1-6578-4245-abb2-c653a3488063 | ITER: 4 START
2019-08-05 09:00:37.884 5297 INFO rally.task.runner [-] Task 811a77b1-6578-4245-abb2-c653a3488063 | ITER: 4 END: OK
2019-08-05 09:00:37.889 5297 INFO rally.task.runner [-] Task 811a77b1-6578-4245-abb2-c653a3488063 | ITER: 5 START
2019-08-05 09:00:37.929 5294 INFO rally.task.runner [-] Task 811a77b1-6578-4245-abb2-c653a3488063 | ITER: 1 END: OK
2019-08-05 09:00:37.932 5296 INFO rally.task.runner [-] Task 811a77b1-6578-4245-abb2-c653a3488063 | ITER: 3 END: OK
2019-08-05 09:00:37.934 5294 INFO rally.task.runner [-] Task 811a77b1-6578-4245-abb2-c653a3488063 | ITER: 6 START
2019-08-05 09:00:37.936 5296 INFO rally.task.runner [-] Task 811a77b1-6578-4245-abb2-c653a3488063 | ITER: 7 START
2019-08-05 09:00:37.996 5295 INFO rally.task.runner [-] Task 811a77b1-6578-4245-abb2-c653a3488063 | ITER: 2 END: OK
2019-08-05 09:00:38.001 5295 INFO rally.task.runner [-] Task 811a77b1-6578-4245-abb2-c653a3488063 | ITER: 8 START
2019-08-05 09:00:38.920 5294 INFO rally.task.runner [-] Task 811a77b1-6578-4245-abb2-c653a3488063 | ITER: 6 END: OK
2019-08-05 09:00:38.925 5294 INFO rally.task.runner [-] Task 811a77b1-6578-4245-abb2-c653a3488063 | ITER: 9 START
2019-08-05 09:00:38.988 5296 INFO rally.task.runner [-] Task 811a77b1-6578-4245-abb2-c653a3488063 | ITER: 7 END: OK
2019-08-05 09:00:38.993 5296 INFO rally.task.runner [-] Task 811a77b1-6578-4245-abb2-c653a3488063 | ITER: 10 START
2019-08-05 09:00:39.015 5297 INFO rally.task.runner [-] Task 811a77b1-6578-4245-abb2-c653a3488063 | ITER: 5 END: OK
2019-08-05 09:00:39.105 5295 INFO rally.task.runner [-] Task 811a77b1-6578-4245-abb2-c653a3488063 | ITER: 8 END: OK
2019-08-05 09:00:39.918 5294 INFO rally.task.runner [-] Task 811a77b1-6578-4245-abb2-c653a3488063 | ITER: 9 END: OK
2019-08-05 09:00:39.972 5296 INFO rally.task.runner [-] Task 811a77b1-6578-4245-abb2-c653a3488063 | ITER: 10 END: OK
2019-08-05 09:00:39.995 1842 INFO rally.task.context [-] Task 811a77b1-6578-4245-abb2-c653a3488063 | Context admin_cleanup@openstack cleanup() started
2019-08-05 09:00:39.998 1842 RALLYDEBUG rally_openstack.cleanup.manager [-] Cleaning up cinder volume_types objects
2019-08-05 09:00:40.859 1842 RALLYDEBUG rally_openstack.cleanup.manager [-] Cleaning up cinder image_volumes_cache objects
2019-08-05 09:00:42.227 1842 RALLYDEBUG rally_openstack.cleanup.manager [-] Cleaning up cinder quotas objects
2019-08-05 09:00:43.926 1842 RALLYDEBUG rally_openstack.cleanup.manager [-] Cleaning up cinder qos_specs objects
2019-08-05 09:00:44.667 1842 RALLYDEBUG rally_openstack.cleanup.manager [-] Deleting cinder.qos_specs object s_rally_25a9af4c_xWeCItse (3f8b719c-737c-4e11-af4e-3e6dc6bed586)
2019-08-05 09:00:44.672 1842 RALLYDEBUG rally_openstack.cleanup.manager [-] Deleting cinder.qos_specs object s_rally_25a9af4c_R23V8AIF (0d37fa9b-d6af-45ef-83c7-72333e8b5120)
2019-08-05 09:00:44.683 1842 RALLYDEBUG rally_openstack.cleanup.manager [-] Deleting cinder.qos_specs object s_rally_25a9af4c_yQXOfIRR (d25fc326-037d-497f-a10a-c80d9be371ef)
2019-08-05 09:00:44.691 1842 RALLYDEBUG rally_openstack.cleanup.manager [-] Deleting cinder.qos_specs object s_rally_25a9af4c_leR5yOjK (4431932c-8127-4eec-ac8b-9a65f05726c0)
2019-08-05 09:00:44.701 1842 RALLYDEBUG rally_openstack.cleanup.manager [-] Deleting cinder.qos_specs object s_rally_25a9af4c_lE4kQGqd (3be2abf2-26fc-42f1-95a1-9190deb46ed2)
2019-08-05 09:00:44.720 1842 RALLYDEBUG rally_openstack.cleanup.manager [-] Deleting cinder.qos_specs object s_rally_25a9af4c_vqKuBLv1 (2df5c540-6474-46f6-8a3d-78ff25807ddb)
2019-08-05 09:00:44.734 1842 RALLYDEBUG rally_openstack.cleanup.manager [-] Deleting cinder.qos_specs object s_rally_25a9af4c_Q6ObYQzZ (d2868786-260f-4d7d-b236-d61455df6832)
2019-08-05 09:00:44.738 1842 RALLYDEBUG rally_openstack.cleanup.manager [-] Deleting cinder.qos_specs object s_rally_25a9af4c_Zl4urx38 (dec80ed9-9447-4ba5-a906-c5a66c736052)
2019-08-05 09:00:44.758 1842 RALLYDEBUG rally_openstack.cleanup.manager [-] Deleting cinder.qos_specs object s_rally_25a9af4c_aFbZKVnj (21010509-d3d3-47bd-9c5d-e24eb00087d8)
2019-08-05 09:00:44.765 1842 RALLYDEBUG rally_openstack.cleanup.manager [-] Deleting cinder.qos_specs object s_rally_25a9af4c_SItTAyyh (c4c6ec0e-1bc5-428b-85e4-e98b0d9c4140)
2019-08-05 09:00:47.096 1842 INFO rally.task.context [-] Task 811a77b1-6578-4245-abb2-c653a3488063 | Context admin_cleanup@openstack cleanup() finished in 7.10 sec
2019-08-05 09:00:47.097 1842 INFO rally.task.context [-] Task 811a77b1-6578-4245-abb2-c653a3488063 | Context api_versions@openstack cleanup() started
2019-08-05 09:00:47.097 1842 INFO rally.task.context [-] Task 811a77b1-6578-4245-abb2-c653a3488063 | Context api_versions@openstack cleanup() finished in 0.32 msec
2019-08-05 09:00:47.097 1842 INFO rally.task.context [-] Task 811a77b1-6578-4245-abb2-c653a3488063 | Context users@openstack cleanup() started
2019-08-05 09:00:55.728 1842 INFO rally.task.context [-] Task 811a77b1-6578-4245-abb2-c653a3488063 | Context users@openstack cleanup() finished in 8.63 sec
2019-08-05 09:00:57.558 1842 INFO rally.task.engine [-] Load duration is: 3.172766
2019-08-05 09:00:57.559 1842 INFO rally.task.engine [-] Full runner duration is: 3.219392
2019-08-05 09:00:57.559 1842 INFO rally.task.engine [-] Full duration is: 24.292108
2019-08-05 09:00:57.804 1842 INFO rally.task.engine [-] Running workload: position = 0 config = { "version": 2, "title": "A cropped version of a bigger task.", "description": "Auto-generated task from a single workload (uuid=e2ce852c-a651-45a2-a98d-abcb6168d2d9)", "subtasks": [ { "title": "CinderQos.create_and_set_qos", "description": "Create a qos, then Add/Update keys in qos specs.", "scenario": { "CinderQos.create_and_set_qos": { "consumer": "back-end", "write_iops_sec": "10", "read_iops_sec": "1000", "set_consumer": "both", "set_write_iops_sec": "11", "set_read_iops_sec": "1001" } }, "contexts": { "users": { "tenants": 3, "users_per_tenant": 2 }, "api_versions": { "cinder": { "version": 3, "service_type": "volumev3" } } }, "runner": { "constant": { "concurrency": 4, "times": 10 } }, "hooks": [], "sla": { "failure_rate": { "max": 0 } } } ] }
2019-08-05 09:00:57.826 1842 RALLYDEBUG rally_openstack.contexts.keystone.users [-] Creating 3 tenants using 20 threads
2019-08-05 09:00:59.790 1842 RALLYDEBUG rally_openstack.contexts.keystone.users [-] Creating 6 users using 20 threads
2019-08-05 09:01:02.645 1842 INFO rally.task.context [-] Task 811a77b1-6578-4245-abb2-c653a3488063 | Context users@openstack setup() finished in 4.82 sec
2019-08-05 09:01:03.072 1842 INFO rally.task.context [-] Task 811a77b1-6578-4245-abb2-c653a3488063 | Context api_versions@openstack setup() finished in 0.43 sec
2019-08-05 09:01:03.072 1842 INFO rally.task.context [-] Task 811a77b1-6578-4245-abb2-c653a3488063 | Context admin_cleanup@openstack setup() finished in 0.00 msec
2019-08-05 09:01:03.079 1842 RALLYDEBUG rally.task.runner [-] Starting the constant runner (task UUID: 811a77b1-6578-4245-abb2-c653a3488063). timeout: 0 concurrency: 4 concurrency_per_worker: 1 times: 10 concurrency_overhead: 0 processes_to_start: 4 max_cpu_used: 16
2019-08-05 09:01:03.092 5478 RALLYDEBUG rally.task.runner [-] Starting a worker. concurrency: 1 args: {"consumer": "back-end", "write_iops_sec": "10", "read_iops_sec": "1000", "set_consumer": "both", "set_write_iops_sec": "11", "set_read_iops_sec": "1001"} times: 10 method_name: run timeout: 0 duration: None cls:
2019-08-05 09:01:03.094 5479 RALLYDEBUG rally.task.runner [-] Starting a worker. concurrency: 1 args: {"consumer": "back-end", "write_iops_sec": "10", "read_iops_sec": "1000", "set_consumer": "both", "set_write_iops_sec": "11", "set_read_iops_sec": "1001"} times: 10 method_name: run timeout: 0 duration: None cls:
2019-08-05 09:01:03.096 5480 RALLYDEBUG rally.task.runner [-] Starting a worker. concurrency: 1 args: {"consumer": "back-end", "write_iops_sec": "10", "read_iops_sec": "1000", "set_consumer": "both", "set_write_iops_sec": "11", "set_read_iops_sec": "1001"} times: 10 method_name: run timeout: 0 duration: None cls:
2019-08-05 09:01:03.098 5481 RALLYDEBUG rally.task.runner [-] Starting a worker. concurrency: 1 args: {"consumer": "back-end", "write_iops_sec": "10", "read_iops_sec": "1000", "set_consumer": "both", "set_write_iops_sec": "11", "set_read_iops_sec": "1001"} times: 10 method_name: run timeout: 0 duration: None cls:
2019-08-05 09:01:03.101 5478 INFO rally.task.runner [-] Task 811a77b1-6578-4245-abb2-c653a3488063 | ITER: 1 START
2019-08-05 09:01:03.101 5479 INFO rally.task.runner [-] Task 811a77b1-6578-4245-abb2-c653a3488063 | ITER: 2 START
2019-08-05 09:01:03.103 5480 INFO rally.task.runner [-] Task 811a77b1-6578-4245-abb2-c653a3488063 | ITER: 3 START
2019-08-05 09:01:03.105 5481 INFO rally.task.runner [-] Task 811a77b1-6578-4245-abb2-c653a3488063 | ITER: 4 START
2019-08-05 09:01:04.178 5478 INFO rally.task.runner [-] Task 811a77b1-6578-4245-abb2-c653a3488063 | ITER: 1 END: OK
2019-08-05 09:01:04.183 5478 INFO rally.task.runner [-] Task 811a77b1-6578-4245-abb2-c653a3488063 | ITER: 5 START
2019-08-05 09:01:04.208 5481 INFO rally.task.runner [-] Task 811a77b1-6578-4245-abb2-c653a3488063 | ITER: 4 END: OK
2019-08-05 09:01:04.213 5481 INFO rally.task.runner [-] Task 811a77b1-6578-4245-abb2-c653a3488063 | ITER: 6 START
2019-08-05 09:01:04.292 5480 INFO rally.task.runner [-] Task 811a77b1-6578-4245-abb2-c653a3488063 | ITER: 3 END: OK
2019-08-05 09:01:04.298 5480 INFO rally.task.runner [-] Task 811a77b1-6578-4245-abb2-c653a3488063 | ITER: 7 START
2019-08-05 09:01:04.340 5479 INFO rally.task.runner [-] Task 811a77b1-6578-4245-abb2-c653a3488063 | ITER: 2 END: OK
2019-08-05 09:01:04.346 5479 INFO rally.task.runner [-] Task 811a77b1-6578-4245-abb2-c653a3488063 | ITER: 8 START
2019-08-05 09:01:05.250 5478 INFO rally.task.runner [-] Task 811a77b1-6578-4245-abb2-c653a3488063 | ITER: 5 END: OK
2019-08-05 09:01:05.254 5478 INFO rally.task.runner [-] Task 811a77b1-6578-4245-abb2-c653a3488063 | ITER: 9 START
2019-08-05 09:01:05.274 5481 INFO rally.task.runner [-] Task 811a77b1-6578-4245-abb2-c653a3488063 | ITER: 6 END: OK
2019-08-05 09:01:05.279 5481 INFO rally.task.runner [-] Task 811a77b1-6578-4245-abb2-c653a3488063 | ITER: 10 START
2019-08-05 09:01:05.358 5480 INFO rally.task.runner [-] Task 811a77b1-6578-4245-abb2-c653a3488063 | ITER: 7 END: OK
2019-08-05 09:01:05.424 5479 INFO rally.task.runner [-] Task 811a77b1-6578-4245-abb2-c653a3488063 | ITER: 8 END: OK
2019-08-05 09:01:06.244 5478 INFO rally.task.runner [-] Task 811a77b1-6578-4245-abb2-c653a3488063 | ITER: 9 END: OK
2019-08-05 09:01:06.388 5481 INFO rally.task.runner [-] Task 811a77b1-6578-4245-abb2-c653a3488063 | ITER: 10 END: OK
2019-08-05 09:01:06.409 1842 INFO rally.task.context [-] Task 811a77b1-6578-4245-abb2-c653a3488063 | Context admin_cleanup@openstack cleanup() started
2019-08-05 09:01:06.411 1842 RALLYDEBUG rally_openstack.cleanup.manager [-] Cleaning up cinder volume_types objects
2019-08-05 09:01:07.192 1842 RALLYDEBUG rally_openstack.cleanup.manager [-] Cleaning up cinder image_volumes_cache objects
2019-08-05 09:01:08.607 1842 RALLYDEBUG rally_openstack.cleanup.manager [-] Cleaning up cinder quotas objects
2019-08-05 09:01:10.497 1842 RALLYDEBUG rally_openstack.cleanup.manager [-] Cleaning up cinder qos_specs objects
2019-08-05 09:01:11.171 1842 RALLYDEBUG rally_openstack.cleanup.manager [-] Deleting cinder.qos_specs object s_rally_e2ce852c_BwdNLCWf (3fbc8885-3f57-44e0-afa8-0eac96ed6ea1)
2019-08-05 09:01:11.178 1842 RALLYDEBUG rally_openstack.cleanup.manager [-] Deleting cinder.qos_specs object s_rally_e2ce852c_KoQIEqqW (e9875768-62d0-4242-a9f4-6e98eb006d2e)
2019-08-05 09:01:11.183 1842 RALLYDEBUG rally_openstack.cleanup.manager [-] Deleting cinder.qos_specs object s_rally_e2ce852c_gfTVUzgT (ca69d677-8e37-4f88-afc0-26d2a638aab7)
2019-08-05 09:01:11.191 1842 RALLYDEBUG rally_openstack.cleanup.manager [-] Deleting cinder.qos_specs object s_rally_e2ce852c_SIdKBBDe (98838d4f-8813-45d4-b107-7b21db29dcb2)
2019-08-05 09:01:11.203 1842 RALLYDEBUG rally_openstack.cleanup.manager [-] Deleting cinder.qos_specs object s_rally_e2ce852c_KF3BlmJG (35e5f05f-4d58-48a6-848d-f8c928407055)
2019-08-05 09:01:11.212 1842 RALLYDEBUG rally_openstack.cleanup.manager [-] Deleting cinder.qos_specs object s_rally_e2ce852c_8sZjiHiK (0951ba1b-3086-4419-ab20-a5590b3b3c7b)
2019-08-05 09:01:11.222 1842 RALLYDEBUG rally_openstack.cleanup.manager [-] Deleting cinder.qos_specs object s_rally_e2ce852c_OI3FuQg5 (df2cff46-c126-493e-a8fe-4c58cfae14bd)
2019-08-05 09:01:11.225 1842 RALLYDEBUG rally_openstack.cleanup.manager [-] Deleting cinder.qos_specs object s_rally_e2ce852c_hXYTJN3J (d7b1cb0b-7304-49b0-a079-e7dfbf463708)
2019-08-05 09:01:11.243 1842 RALLYDEBUG rally_openstack.cleanup.manager [-] Deleting cinder.qos_specs object s_rally_e2ce852c_U0DV5Rwm (4d88c186-3afa-4783-8268-a6da9bdfafbc)
2019-08-05 09:01:11.262 1842 RALLYDEBUG rally_openstack.cleanup.manager [-] Deleting cinder.qos_specs object s_rally_e2ce852c_55SYY4XJ (2fb218d2-0799-4e77-bd84-d4640c50f857)
2019-08-05 09:01:13.695 1842 INFO rally.task.context [-] Task 811a77b1-6578-4245-abb2-c653a3488063 | Context admin_cleanup@openstack cleanup() finished in 7.29 sec
2019-08-05 09:01:13.695 1842 INFO rally.task.context [-] Task 811a77b1-6578-4245-abb2-c653a3488063 | Context api_versions@openstack cleanup() started
2019-08-05 09:01:13.696 1842 INFO rally.task.context [-] Task 811a77b1-6578-4245-abb2-c653a3488063 | Context api_versions@openstack cleanup() finished in 0.30 msec
2019-08-05 09:01:13.696 1842 INFO rally.task.context [-] Task 811a77b1-6578-4245-abb2-c653a3488063 | Context users@openstack cleanup() started
2019-08-05 09:01:21.986 1842 INFO rally.task.context [-] Task 811a77b1-6578-4245-abb2-c653a3488063 | Context users@openstack cleanup() finished in 8.29 sec
2019-08-05 09:01:23.965 1842 INFO rally.task.engine [-] Load duration is: 3.284136
2019-08-05 09:01:23.966 1842 INFO rally.task.engine [-] Full runner duration is: 3.330664
2019-08-05 09:01:23.966 1842 INFO rally.task.engine [-] Full duration is: 24.163834
2019-08-05 09:01:24.199 1842 INFO rally.task.engine [-] Running workload: position = 0 config = { "version": 2, "title": "A cropped version of a bigger task.", "description": "Auto-generated task from a single workload (uuid=e045d1e8-31f1-431f-848b-c0bd13dada1e)", "subtasks": [ { "title": "CinderVolumeTypes.create_and_get_volume_type", "description": "Create a volume Type, then get the details of the type.", "scenario": { "CinderVolumeTypes.create_and_get_volume_type": { "description": "rally tests creating types" } }, "contexts": { "users": { "tenants": 3, "users_per_tenant": 2 }, "api_versions": { "cinder": { "version": 3, "service_type": "volumev3" } } }, "runner": { "constant": { "concurrency": 4, "times": 10 } }, "hooks": [], "sla": { "failure_rate": { "max": 0 } } } ] }
2019-08-05 09:01:24.221 1842 RALLYDEBUG rally_openstack.contexts.keystone.users [-] Creating 3 tenants using 20 threads
2019-08-05 09:01:26.209 1842 RALLYDEBUG rally_openstack.contexts.keystone.users [-] Creating 6 users using 20 threads
2019-08-05 09:01:29.089 1842 INFO rally.task.context [-] Task 811a77b1-6578-4245-abb2-c653a3488063 | Context users@openstack setup() finished in 4.87 sec
2019-08-05 09:01:29.517 1842 INFO rally.task.context [-] Task 811a77b1-6578-4245-abb2-c653a3488063 | Context api_versions@openstack setup() finished in 0.43 sec
2019-08-05 09:01:29.518 1842 INFO rally.task.context [-] Task 811a77b1-6578-4245-abb2-c653a3488063 | Context admin_cleanup@openstack setup() finished in 0.01 msec
2019-08-05 09:01:29.525 1842 RALLYDEBUG rally.task.runner [-] Starting the constant runner (task UUID: 811a77b1-6578-4245-abb2-c653a3488063). timeout: 0 concurrency: 4 concurrency_per_worker: 1 times: 10 concurrency_overhead: 0 processes_to_start: 4 max_cpu_used: 16
2019-08-05 09:01:29.539 5662 RALLYDEBUG rally.task.runner [-] Starting a worker. concurrency: 1 args: {"description": "rally tests creating types"} times: 10 method_name: run timeout: 0 duration: None cls:
2019-08-05 09:01:29.541 5663 RALLYDEBUG rally.task.runner [-] Starting a worker. concurrency: 1 args: {"description": "rally tests creating types"} times: 10 method_name: run timeout: 0 duration: None cls:
2019-08-05 09:01:29.544 5664 RALLYDEBUG rally.task.runner [-] Starting a worker. concurrency: 1 args: {"description": "rally tests creating types"} times: 10 method_name: run timeout: 0 duration: None cls:
2019-08-05 09:01:29.547 5662 INFO rally.task.runner [-] Task 811a77b1-6578-4245-abb2-c653a3488063 | ITER: 1 START
2019-08-05 09:01:29.547 5665 RALLYDEBUG rally.task.runner [-] Starting a worker. concurrency: 1 args: {"description": "rally tests creating types"} times: 10 method_name: run timeout: 0 duration: None cls:
2019-08-05 09:01:29.549 5663 INFO rally.task.runner [-] Task 811a77b1-6578-4245-abb2-c653a3488063 | ITER: 2 START
2019-08-05 09:01:29.552 5664 INFO rally.task.runner [-] Task 811a77b1-6578-4245-abb2-c653a3488063 | ITER: 3 START
2019-08-05 09:01:29.553 5665 INFO rally.task.runner [-] Task 811a77b1-6578-4245-abb2-c653a3488063 | ITER: 4 START
2019-08-05 09:01:30.616 5663 INFO rally.task.runner [-] Task 811a77b1-6578-4245-abb2-c653a3488063 | ITER: 2 END: OK
2019-08-05 09:01:30.621 5663 INFO rally.task.runner [-] Task 811a77b1-6578-4245-abb2-c653a3488063 | ITER: 5 START
2019-08-05 09:01:30.625 5664 INFO rally.task.runner [-] Task 811a77b1-6578-4245-abb2-c653a3488063 | ITER: 3 END: OK
2019-08-05 09:01:30.630 5664 INFO rally.task.runner [-] Task 811a77b1-6578-4245-abb2-c653a3488063 | ITER: 6 START
2019-08-05 09:01:30.655 5662 INFO rally.task.runner [-] Task 811a77b1-6578-4245-abb2-c653a3488063 | ITER: 1 END: OK
2019-08-05 09:01:30.661 5662 INFO rally.task.runner [-] Task 811a77b1-6578-4245-abb2-c653a3488063 | ITER: 7 START
2019-08-05 09:01:30.672 5665 INFO rally.task.runner [-] Task 811a77b1-6578-4245-abb2-c653a3488063 | ITER: 4 END: OK
2019-08-05 09:01:30.677 5665 INFO rally.task.runner [-] Task 811a77b1-6578-4245-abb2-c653a3488063 | ITER: 8 START
2019-08-05 09:01:31.623 5662 INFO rally.task.runner [-] Task 811a77b1-6578-4245-abb2-c653a3488063 | ITER: 7 END: OK
2019-08-05 09:01:31.627 5662 INFO rally.task.runner [-] Task 811a77b1-6578-4245-abb2-c653a3488063 | ITER: 9 START
2019-08-05 09:01:31.648 5664 INFO rally.task.runner [-] Task 811a77b1-6578-4245-abb2-c653a3488063 | ITER: 6 END: OK
2019-08-05 09:01:31.652 5664 INFO rally.task.runner [-] Task 811a77b1-6578-4245-abb2-c653a3488063 | ITER: 10 START
2019-08-05 09:01:31.727 5665 INFO rally.task.runner [-] Task 811a77b1-6578-4245-abb2-c653a3488063 | ITER: 8 END: OK
2019-08-05 09:01:31.786 5663 INFO rally.task.runner [-] Task 811a77b1-6578-4245-abb2-c653a3488063 | ITER: 5 END: OK
2019-08-05 09:01:32.602 5662 INFO rally.task.runner [-] Task 811a77b1-6578-4245-abb2-c653a3488063 | ITER: 9 END: OK
2019-08-05 09:01:32.647 5664 INFO rally.task.runner [-] Task 811a77b1-6578-4245-abb2-c653a3488063 | ITER: 10 END: OK
2019-08-05 09:01:32.671 1842 INFO rally.task.context [-] Task 811a77b1-6578-4245-abb2-c653a3488063 | Context admin_cleanup@openstack cleanup() started
2019-08-05 09:01:32.673 1842 RALLYDEBUG rally_openstack.cleanup.manager [-] Cleaning up cinder volume_types objects
2019-08-05 09:01:33.378 1842 RALLYDEBUG rally_openstack.cleanup.manager [-] Deleting cinder.volume_types object s_rally_e045d1e8_wZnAhQrj (b5ad9d5f-162b-4dc1-8351-3e6e862cd434)
2019-08-05 09:01:33.382 1842 RALLYDEBUG rally_openstack.cleanup.manager [-] Deleting cinder.volume_types object s_rally_e045d1e8_sWLMS4ny (b52c4fd5-1c45-47f7-99c8-1efc4524b86f)
2019-08-05 09:01:33.384 1842 RALLYDEBUG rally_openstack.cleanup.manager [-] Deleting cinder.volume_types object s_rally_e045d1e8_WLFWkie8 (cbb82887-adc9-4553-a909-bd929d201329)
2019-08-05 09:01:33.398 1842 RALLYDEBUG rally_openstack.cleanup.manager [-] Deleting cinder.volume_types object s_rally_e045d1e8_xQNSUrIT (18cd4dce-10ab-456b-9025-09bf5ef007e0)
2019-08-05 09:01:33.399 1842 RALLYDEBUG rally_openstack.cleanup.manager [-] Deleting cinder.volume_types object s_rally_e045d1e8_RQpVU7Of (4a0ab3db-f48c-4e81-9eba-6674bf1e3e5b)
2019-08-05 09:01:33.400 1842 RALLYDEBUG rally_openstack.cleanup.manager [-] Deleting cinder.volume_types object s_rally_e045d1e8_UQdj1jl5 (980b28ae-76bb-47d9-aefb-e0b45538ec88)
2019-08-05 09:01:33.407 1842 RALLYDEBUG rally_openstack.cleanup.manager [-] Deleting cinder.volume_types object s_rally_e045d1e8_58BBcjmN (3cb5b3d6-1d0d-4664-acdf-fc4a782e98a0)
2019-08-05 09:01:33.423 1842 RALLYDEBUG rally_openstack.cleanup.manager [-] Deleting cinder.volume_types object s_rally_e045d1e8_yAKoIAV1 (fe6e77b3-f701-4b20-81a2-45e25b254246)
2019-08-05 09:01:33.425 1842 RALLYDEBUG rally_openstack.cleanup.manager [-] Deleting cinder.volume_types object s_rally_e045d1e8_JvlYc35m (47561f17-b408-4f99-a4d4-7c990bf87e24)
2019-08-05 09:01:33.445 1842 RALLYDEBUG rally_openstack.cleanup.manager [-] Deleting cinder.volume_types object s_rally_e045d1e8_K5MfUHpQ (092cb6f8-1a46-4706-a650-d5888849d80b)
2019-08-05 09:01:35.870 1842 RALLYDEBUG rally_openstack.cleanup.manager [-] Cleaning up cinder image_volumes_cache objects
2019-08-05 09:01:37.219 1842 RALLYDEBUG rally_openstack.cleanup.manager [-] Cleaning up cinder quotas objects
2019-08-05 09:01:39.120 1842 RALLYDEBUG rally_openstack.cleanup.manager [-] Cleaning up cinder qos_specs objects
2019-08-05 09:01:39.793 1842 INFO rally.task.context [-] Task 811a77b1-6578-4245-abb2-c653a3488063 | Context admin_cleanup@openstack cleanup() finished in 7.12 sec
2019-08-05 09:01:39.793 1842 INFO rally.task.context [-] Task 811a77b1-6578-4245-abb2-c653a3488063 | Context api_versions@openstack cleanup() started
2019-08-05 09:01:39.793 1842 INFO rally.task.context [-] Task 811a77b1-6578-4245-abb2-c653a3488063 | Context api_versions@openstack cleanup() finished in 0.26 msec
2019-08-05 09:01:39.794 1842 INFO rally.task.context [-] Task 811a77b1-6578-4245-abb2-c653a3488063 | Context users@openstack cleanup() started
2019-08-05 09:01:48.081 1842 INFO rally.task.context [-] Task 811a77b1-6578-4245-abb2-c653a3488063 | Context users@openstack cleanup() finished in 8.29 sec
2019-08-05 09:01:48.344 1842 INFO rally.task.engine [-] Load duration is: 3.09467
2019-08-05 09:01:48.344 1842 INFO rally.task.engine [-] Full runner duration is: 3.145538
2019-08-05 09:01:48.345 1842 INFO rally.task.engine [-] Full duration is: 23.863596
2019-08-05 09:01:48.570 1842 INFO rally.task.engine [-] Running workload: position = 0 config = { "version": 2, "title": "A cropped version of a bigger task.", "description": "Auto-generated task from a single workload (uuid=df86f778-adec-48b2-b4c6-0b82ae0ac160)", "subtasks": [ { "title": "CinderVolumeTypes.create_and_list_volume_types", "description": "Create a volume Type, then list all types.", "scenario": { "CinderVolumeTypes.create_and_list_volume_types": { "description": "rally tests creating types" } }, "contexts": { "users": { "tenants": 3, "users_per_tenant": 2 }, "api_versions": { "cinder": { "version": 3, "service_type": "volumev3" } } }, "runner": { "constant": { "concurrency": 4, "times": 10 } }, "hooks": [], "sla": { "failure_rate": { "max": 0 } } } ] }
2019-08-05 09:01:48.592 1842 RALLYDEBUG rally_openstack.contexts.keystone.users [-] Creating 3 tenants using 20 threads
2019-08-05 09:01:50.369 1842 RALLYDEBUG rally_openstack.contexts.keystone.users [-] Creating 6 users using 20 threads
2019-08-05 09:01:53.148 1842 INFO rally.task.context [-] Task 811a77b1-6578-4245-abb2-c653a3488063 | Context users@openstack setup() finished in 4.56 sec
2019-08-05 09:01:53.582 1842 INFO rally.task.context [-] Task 811a77b1-6578-4245-abb2-c653a3488063 | Context api_versions@openstack setup() finished in 0.43 sec
2019-08-05 09:01:53.582 1842 INFO rally.task.context [-] Task 811a77b1-6578-4245-abb2-c653a3488063 | Context admin_cleanup@openstack setup() finished in 0.01 msec
2019-08-05 09:01:53.589 1842 RALLYDEBUG rally.task.runner [-] Starting the constant runner (task UUID: 811a77b1-6578-4245-abb2-c653a3488063). timeout: 0 concurrency: 4 concurrency_per_worker: 1 times: 10 concurrency_overhead: 0 processes_to_start: 4 max_cpu_used: 16
2019-08-05 09:01:53.601 5846 RALLYDEBUG rally.task.runner [-] Starting a worker. concurrency: 1 args: {"description": "rally tests creating types"} times: 10 method_name: run timeout: 0 duration: None cls:
2019-08-05 09:01:53.605 5847 RALLYDEBUG rally.task.runner [-] Starting a worker. concurrency: 1 args: {"description": "rally tests creating types"} times: 10 method_name: run timeout: 0 duration: None cls:
2019-08-05 09:01:53.607 5846 INFO rally.task.runner [-] Task 811a77b1-6578-4245-abb2-c653a3488063 | ITER: 1 START
2019-08-05 09:01:53.607 5848 RALLYDEBUG rally.task.runner [-] Starting a worker. concurrency: 1 args: {"description": "rally tests creating types"} times: 10 method_name: run timeout: 0 duration: None cls:
2019-08-05 09:01:53.609 5849 RALLYDEBUG rally.task.runner [-] Starting a worker. concurrency: 1 args: {"description": "rally tests creating types"} times: 10 method_name: run timeout: 0 duration: None cls:
2019-08-05 09:01:53.612 5847 INFO rally.task.runner [-] Task 811a77b1-6578-4245-abb2-c653a3488063 | ITER: 2 START
2019-08-05 09:01:53.614 5848 INFO rally.task.runner [-] Task 811a77b1-6578-4245-abb2-c653a3488063 | ITER: 3 START
2019-08-05 09:01:53.615 5849 INFO rally.task.runner [-] Task 811a77b1-6578-4245-abb2-c653a3488063 | ITER: 4 START
2019-08-05 09:01:54.661 5846 INFO rally.task.runner [-] Task 811a77b1-6578-4245-abb2-c653a3488063 | ITER: 1 END: OK
2019-08-05 09:01:54.666 5846 INFO rally.task.runner [-] Task 811a77b1-6578-4245-abb2-c653a3488063 | ITER: 5 START
2019-08-05 09:01:54.702 5849 INFO rally.task.runner [-] Task 811a77b1-6578-4245-abb2-c653a3488063 | ITER: 4 END: OK
2019-08-05 09:01:54.707 5849 INFO rally.task.runner [-] Task 811a77b1-6578-4245-abb2-c653a3488063 | ITER: 6 START
2019-08-05 09:01:54.725 5848 INFO rally.task.runner [-] Task 811a77b1-6578-4245-abb2-c653a3488063 | ITER: 3 END: OK
2019-08-05 09:01:54.730 5848 INFO rally.task.runner [-] Task 811a77b1-6578-4245-abb2-c653a3488063 | ITER: 7 START
2019-08-05 09:01:54.782 5847 INFO rally.task.runner [-] Task 811a77b1-6578-4245-abb2-c653a3488063 | ITER: 2 END: OK
2019-08-05 09:01:54.787 5847 INFO rally.task.runner [-] Task 811a77b1-6578-4245-abb2-c653a3488063 | ITER: 8 START
2019-08-05 09:01:55.754 5846 INFO rally.task.runner [-] Task 811a77b1-6578-4245-abb2-c653a3488063 | ITER: 5 END: OK
2019-08-05 09:01:55.758 5846 INFO rally.task.runner [-] Task 811a77b1-6578-4245-abb2-c653a3488063 | ITER: 9 START
2019-08-05 09:01:55.765 5849 INFO rally.task.runner [-] Task 811a77b1-6578-4245-abb2-c653a3488063 | ITER: 6 END: OK
2019-08-05 09:01:55.770 5849 INFO rally.task.runner [-] Task 811a77b1-6578-4245-abb2-c653a3488063 | ITER: 10 START
2019-08-05 09:01:55.799 5848 INFO rally.task.runner [-] Task 811a77b1-6578-4245-abb2-c653a3488063 | ITER: 7 END: OK
2019-08-05 09:01:56.136 5847 INFO rally.task.runner [-] Task 811a77b1-6578-4245-abb2-c653a3488063 | ITER: 8 END: OK
2019-08-05 09:01:56.781 5849 INFO rally.task.runner [-] Task 811a77b1-6578-4245-abb2-c653a3488063 | ITER: 10 END: OK
2019-08-05 09:01:56.858 5846 INFO rally.task.runner [-] Task 811a77b1-6578-4245-abb2-c653a3488063 | ITER: 9 END: OK
2019-08-05 09:01:56.888 1842 INFO rally.task.context [-] Task 811a77b1-6578-4245-abb2-c653a3488063 | Context admin_cleanup@openstack cleanup() started
2019-08-05 09:01:56.890 1842 RALLYDEBUG rally_openstack.cleanup.manager [-] Cleaning up cinder volume_types objects
2019-08-05 09:01:57.686 1842 RALLYDEBUG rally_openstack.cleanup.manager [-] Deleting cinder.volume_types object s_rally_df86f778_3wJJxw5X (2e538136-dacf-47ab-b8f0-fab0daa266e1)
2019-08-05 09:01:57.687 1842 RALLYDEBUG rally_openstack.cleanup.manager [-] Deleting cinder.volume_types object s_rally_df86f778_ur7PG3Js (4a6ae471-a345-4178-8f28-b3b4b0a35140)
2019-08-05 09:01:57.695 1842 RALLYDEBUG rally_openstack.cleanup.manager [-] Deleting cinder.volume_types object s_rally_df86f778_35z4WHrJ (d81fbb8d-703e-4351-8f2a-994e176404a5)
2019-08-05 09:01:57.698 1842 RALLYDEBUG rally_openstack.cleanup.manager [-] Deleting cinder.volume_types object s_rally_df86f778_BBIPUFLJ (926d1463-095e-4e38-84d6-a0c338d353d0)
2019-08-05 09:01:57.704 1842 RALLYDEBUG rally_openstack.cleanup.manager [-] Deleting cinder.volume_types object s_rally_df86f778_u5437hhw (a13db92b-9ea9-4c43-b19e-2c9874b54498)
2019-08-05 09:01:57.705 1842 RALLYDEBUG rally_openstack.cleanup.manager [-] Deleting cinder.volume_types object s_rally_df86f778_3HejpdUX (a5eb37ea-dbdc-4293-8fcf-c16ebe9bb09d)
2019-08-05 09:01:57.712 1842 RALLYDEBUG rally_openstack.cleanup.manager [-] Deleting cinder.volume_types object s_rally_df86f778_twtP7GkE (8ee744f7-3ca7-48f5-88fa-ec74a9cc869d)
2019-08-05 09:01:57.728 1842 RALLYDEBUG rally_openstack.cleanup.manager [-] Deleting cinder.volume_types object s_rally_df86f778_JE8rmOua (6a90dc71-9b55-43fb-b886-1839ad3be7ae)
2019-08-05 09:01:57.732 1842 RALLYDEBUG rally_openstack.cleanup.manager [-] Deleting cinder.volume_types object s_rally_df86f778_oUZPzgcr (687bdd35-3e08-4153-960f-f334bf82c7c5)
2019-08-05 09:01:57.734 1842 RALLYDEBUG rally_openstack.cleanup.manager [-] Deleting cinder.volume_types object s_rally_df86f778_hXaKFD0Q (1feec074-4a9f-46bf-8072-3f8445162322)
2019-08-05 09:02:00.045 1842 RALLYDEBUG rally_openstack.cleanup.manager [-] Cleaning up cinder image_volumes_cache objects
2019-08-05 09:02:01.340 1842 RALLYDEBUG rally_openstack.cleanup.manager [-] Cleaning up cinder quotas objects
2019-08-05 09:02:03.083 1842 RALLYDEBUG rally_openstack.cleanup.manager [-] Cleaning up cinder qos_specs objects
2019-08-05 09:02:03.752 1842 INFO rally.task.context [-] Task 811a77b1-6578-4245-abb2-c653a3488063 | Context admin_cleanup@openstack cleanup() finished in 6.86 sec
2019-08-05 09:02:03.752 1842 INFO rally.task.context [-] Task 811a77b1-6578-4245-abb2-c653a3488063 | Context api_versions@openstack cleanup() started
2019-08-05 09:02:03.753 1842 INFO rally.task.context [-] Task 811a77b1-6578-4245-abb2-c653a3488063 | Context api_versions@openstack cleanup() finished in 0.25 msec
2019-08-05 09:02:03.753 1842 INFO rally.task.context [-] Task 811a77b1-6578-4245-abb2-c653a3488063 | Context users@openstack cleanup() started
2019-08-05 09:02:11.920 1842 INFO rally.task.context [-] Task 811a77b1-6578-4245-abb2-c653a3488063 | Context users@openstack cleanup() finished in 8.17 sec
2019-08-05 09:02:12.715 1842 INFO rally.task.engine [-] Load duration is: 3.2468
2019-08-05 09:02:12.715 1842 INFO rally.task.engine [-] Full runner duration is: 3.299205
2019-08-05 09:02:12.716 1842 INFO rally.task.engine [-] Full duration is: 23.330353
2019-08-05 09:02:12.935 1842 INFO rally.task.engine [-] Running workload: position = 0 config = { "version": 2, "title": "A cropped version of a bigger task.", "description": "Auto-generated task from a single workload (uuid=00bf33bb-01f0-47bd-bdd9-b6ab20813e0a)", "subtasks": [ { "title": "CinderVolumeTypes.create_and_update_volume_type", "description": "create a volume type, then update the type.", "scenario": { "CinderVolumeTypes.create_and_update_volume_type": { "description": "test", "update_description": "test update" } }, "contexts": { "users": { "tenants": 3, "users_per_tenant": 2 }, "api_versions": { "cinder": { "version": 3, "service_type": "volumev3" } } }, "runner": { "constant": { "concurrency": 4, "times": 10 } }, "hooks": [], "sla": { "failure_rate": { "max": 0 } } } ] }
2019-08-05 09:02:12.958 1842 RALLYDEBUG rally_openstack.contexts.keystone.users [-] Creating 3 tenants using 20 threads
2019-08-05 09:02:15.045 1842 RALLYDEBUG rally_openstack.contexts.keystone.users [-] Creating 6 users using 20 threads
2019-08-05 09:02:17.884 1842 INFO rally.task.context [-] Task 811a77b1-6578-4245-abb2-c653a3488063 | Context users@openstack setup() finished in 4.93 sec
2019-08-05 09:02:18.313 1842 INFO rally.task.context [-] Task 811a77b1-6578-4245-abb2-c653a3488063 | Context api_versions@openstack setup() finished in 0.43 sec
2019-08-05 09:02:18.314 1842 INFO rally.task.context [-] Task 811a77b1-6578-4245-abb2-c653a3488063 | Context admin_cleanup@openstack setup() finished in 0.01 msec
2019-08-05 09:02:18.321 1842 RALLYDEBUG rally.task.runner [-] Starting the constant runner (task UUID: 811a77b1-6578-4245-abb2-c653a3488063). timeout: 0 concurrency: 4 concurrency_per_worker: 1 times: 10 concurrency_overhead: 0 processes_to_start: 4 max_cpu_used: 16
2019-08-05 09:02:18.334 6030 RALLYDEBUG rally.task.runner [-] Starting a worker. concurrency: 1 args: {"description": "test", "update_description": "test update"} times: 10 method_name: run timeout: 0 duration: None cls:
2019-08-05 09:02:18.338 6031 RALLYDEBUG rally.task.runner [-] Starting a worker. concurrency: 1 args: {"description": "test", "update_description": "test update"} times: 10 method_name: run timeout: 0 duration: None cls:
2019-08-05 09:02:18.340 6032 RALLYDEBUG rally.task.runner [-] Starting a worker. concurrency: 1 args: {"description": "test", "update_description": "test update"} times: 10 method_name: run timeout: 0 duration: None cls:
2019-08-05 09:02:18.341 6030 INFO rally.task.runner [-] Task 811a77b1-6578-4245-abb2-c653a3488063 | ITER: 1 START
2019-08-05 09:02:18.344 6033 RALLYDEBUG rally.task.runner [-] Starting a worker. concurrency: 1 args: {"description": "test", "update_description": "test update"} times: 10 method_name: run timeout: 0 duration: None cls:
2019-08-05 09:02:18.346 6031 INFO rally.task.runner [-] Task 811a77b1-6578-4245-abb2-c653a3488063 | ITER: 2 START
2019-08-05 09:02:18.347 6032 INFO rally.task.runner [-] Task 811a77b1-6578-4245-abb2-c653a3488063 | ITER: 3 START
2019-08-05 09:02:18.350 6033 INFO rally.task.runner [-] Task 811a77b1-6578-4245-abb2-c653a3488063 | ITER: 4 START
2019-08-05 09:02:18.787 6033 DEBUG cinderclient.v2.client [-] REQ: curl -g -i -X POST http://172.30.9.40:8776/v3/39eb1d8b9eef41a6b64eb599b87c6207/types -H "Accept: application/json" -H "Content-Type: application/json" -H "User-Agent: python-cinderclient" -H "X-Auth-Token: {SHA1}b88c9b07655af78a22e843e146915bf31d98acc3" -d '{"volume_type": {"os-volume-type-access:is_public": true, "name": "s_rally_00bf33bb_NsG88J46", "description": "test"}}' _http_log_request /usr/lib/python2.7/site-packages/keystoneauth1/session.py:448
2019-08-05 09:02:18.795 6032 DEBUG cinderclient.v2.client [-] REQ: curl -g -i -X POST http://172.30.9.40:8776/v3/39eb1d8b9eef41a6b64eb599b87c6207/types -H "Accept: application/json" -H "Content-Type: application/json" -H "User-Agent: python-cinderclient" -H "X-Auth-Token: {SHA1}a018916b0185452a5da1d9065c465ebe6a272073" -d '{"volume_type": {"os-volume-type-access:is_public": true, "name": "s_rally_00bf33bb_U3C198Mz", "description": "test"}}' _http_log_request /usr/lib/python2.7/site-packages/keystoneauth1/session.py:448
2019-08-05 09:02:18.795 6030 DEBUG cinderclient.v2.client [-] REQ: curl -g -i -X POST http://172.30.9.40:8776/v3/39eb1d8b9eef41a6b64eb599b87c6207/types -H "Accept: application/json" -H "Content-Type: application/json" -H "User-Agent: python-cinderclient" -H "X-Auth-Token: {SHA1}93b6d4a7c9914411d8372c49882200a0a4debdc9" -d '{"volume_type": {"os-volume-type-access:is_public": true, "name": "s_rally_00bf33bb_ctkSQlp6", "description": "test"}}' _http_log_request /usr/lib/python2.7/site-packages/keystoneauth1/session.py:448
2019-08-05 09:02:18.909 6031 DEBUG cinderclient.v2.client [-] REQ: curl -g -i -X POST http://172.30.9.40:8776/v3/39eb1d8b9eef41a6b64eb599b87c6207/types -H "Accept: application/json" -H "Content-Type: application/json" -H "User-Agent: python-cinderclient" -H "X-Auth-Token: {SHA1}84e4a30fc4128af9c68901ac0a6ab130af3d4b0a" -d '{"volume_type": {"os-volume-type-access:is_public": true, "name": "s_rally_00bf33bb_pe3JC99g", "description": "test"}}' _http_log_request /usr/lib/python2.7/site-packages/keystoneauth1/session.py:448
2019-08-05 09:02:19.120 6030 DEBUG cinderclient.v2.client [-] RESP: [200] Content-Encoding: gzip Content-Length: 167 Content-Type: application/json Date: Mon, 05 Aug 2019 09:02:18 GMT OpenStack-API-Version: volume 3.0 Server: Apache Vary: OpenStack-API-Version,Accept-Encoding x-compute-request-id: req-0435c18a-196c-4290-9238-2aad02ace8f9 x-openstack-request-id: req-0435c18a-196c-4290-9238-2aad02ace8f9 _http_log_response /usr/lib/python2.7/site-packages/keystoneauth1/session.py:479
2019-08-05 09:02:19.121 6030 DEBUG cinderclient.v2.client [-] RESP BODY: {"volume_type": {"name": "s_rally_00bf33bb_ctkSQlp6", "extra_specs": {}, "os-volume-type-access:is_public": true, "is_public": true, "id": "6b57a818-fbb2-4265-b67a-850251863531", "description": "test"}} _http_log_response /usr/lib/python2.7/site-packages/keystoneauth1/session.py:511
2019-08-05 09:02:19.122 6030 DEBUG cinderclient.v2.client [-] POST call to volumev2 for http://172.30.9.40:8776/v3/39eb1d8b9eef41a6b64eb599b87c6207/types used request id req-0435c18a-196c-4290-9238-2aad02ace8f9 request /usr/lib/python2.7/site-packages/keystoneauth1/session.py:844
2019-08-05 09:02:19.124 6030 DEBUG cinderclient.v2.client [-] REQ: curl -g -i -X PUT http://172.30.9.40:8776/v3/39eb1d8b9eef41a6b64eb599b87c6207/types/6b57a818-fbb2-4265-b67a-850251863531 -H "Accept: application/json" -H "Content-Type: application/json" -H "User-Agent: python-cinderclient" -H "X-Auth-Token: {SHA1}93b6d4a7c9914411d8372c49882200a0a4debdc9" -H "X-OpenStack-Request-ID: req-0435c18a-196c-4290-9238-2aad02ace8f9" -d '{"volume_type": {"name": "s_rally_00bf33bb_ctkSQlp6", "description": "test update"}}' _http_log_request /usr/lib/python2.7/site-packages/keystoneauth1/session.py:448
