2019-08-05 09:03:14.283 1842 RALLYDEBUG rally_openstack.cleanup.manager [-] Cleaning up cinder image_volumes_cache objects
2019-08-05 09:03:15.576 1842 RALLYDEBUG rally_openstack.cleanup.manager [-] Cleaning up cinder quotas objects
2019-08-05 09:03:17.497 1842 RALLYDEBUG rally_openstack.cleanup.manager [-] Cleaning up cinder qos_specs objects
2019-08-05 09:03:18.223 1842 INFO rally.task.context [-] Task 811a77b1-6578-4245-abb2-c653a3488063 | Context admin_cleanup@openstack cleanup() finished in 7.09 sec
2019-08-05 09:03:18.223 1842 INFO rally.task.context [-] Task 811a77b1-6578-4245-abb2-c653a3488063 | Context api_versions@openstack cleanup() started
2019-08-05 09:03:18.223 1842 INFO rally.task.context [-] Task 811a77b1-6578-4245-abb2-c653a3488063 | Context api_versions@openstack cleanup() finished in 0.32 msec
2019-08-05 09:03:18.224 1842 INFO rally.task.context [-] Task 811a77b1-6578-4245-abb2-c653a3488063 | Context users@openstack cleanup() started
2019-08-05 09:03:26.201 1842 INFO rally.task.context [-] Task 811a77b1-6578-4245-abb2-c653a3488063 | Context users@openstack cleanup() finished in 7.98 sec
2019-08-05 09:03:27.865 1842 INFO rally.task.engine [-] Load duration is: 4.24105
2019-08-05 09:03:27.866 1842 INFO rally.task.engine [-] Full runner duration is: 4.293282
2019-08-05 09:03:27.866 1842 INFO rally.task.engine [-] Full duration is: 24.467276
2019-08-05 09:03:28.048 1842 INFO rally.task.engine [-] Task 811a77b1-6578-4245-abb2-c653a3488063 | Completed: Running task.
2019-08-05 09:03:29.208 6540 RALLYDEBUG rally.api [-] INFO logs from urllib3 and requests module are hide.
2019-08-05 09:03:29.208 6540 RALLYDEBUG rally.api [-] urllib3 insecure warnings are hidden.
2019-08-05 09:03:29.208 6540 RALLYDEBUG rally.api [-] ERROR log from boto module is hide.
2019-08-05 09:03:30.188 6541 RALLYDEBUG rally.api [-] INFO logs from urllib3 and requests module are hide.
2019-08-05 09:03:30.188 6541 RALLYDEBUG rally.api [-] urllib3 insecure warnings are hidden.
2019-08-05 09:03:30.188 6541 RALLYDEBUG rally.api [-] ERROR log from boto module is hide.
2019-08-05 09:03:31.344 6541 INFO rally.api [-] Building 'json' report for the following task(s): '811a77b1-6578-4245-abb2-c653a3488063'.
2019-08-05 09:03:31.387 6541 INFO rally.api [-] The report has been successfully built.
2019-08-05 09:03:32.162 6543 RALLYDEBUG rally.api [-] INFO logs from urllib3 and requests module are hide.
2019-08-05 09:03:32.162 6543 RALLYDEBUG rally.api [-] urllib3 insecure warnings are hidden.
2019-08-05 09:03:32.163 6543 RALLYDEBUG rally.api [-] ERROR log from boto module is hide.
2019-08-05 09:03:33.521 6543 INFO rally.task.engine [-] Task ad1d8807-c5d8-424a-b746-7015833ad957 | Starting: Task validation.
2019-08-05 09:03:33.563 6543 INFO rally.task.engine [-] Task ad1d8807-c5d8-424a-b746-7015833ad957 | Starting: Task validation of syntax.
2019-08-05 09:03:33.703 6543 INFO rally.task.engine [-] Task ad1d8807-c5d8-424a-b746-7015833ad957 | Completed: Task validation of syntax.
2019-08-05 09:03:33.704 6543 INFO rally.task.engine [-] Task ad1d8807-c5d8-424a-b746-7015833ad957 | Starting: Task validation of required platforms.
2019-08-05 09:03:33.762 6543 INFO rally.task.engine [-] Task ad1d8807-c5d8-424a-b746-7015833ad957 | Completed: Task validation of required platforms.
2019-08-05 09:03:33.762 6543 INFO rally.task.engine [-] Task ad1d8807-c5d8-424a-b746-7015833ad957 | Starting: Task validation of semantic.
2019-08-05 09:03:33.763 6543 INFO rally.task.engine [-] Check health of the environment '2f54647f-f7a3-4bbc-afb6-11ea16242290'.
2019-08-05 09:03:34.593 6543 INFO rally.task.engine [-] Platform existing@openstack (available: True): OK!
2019-08-05 09:03:34.611 6543 RALLYDEBUG rally_openstack.contexts.keystone.users [-] Creating 1 tenants using 20 threads
2019-08-05 09:03:36.422 6543 RALLYDEBUG rally_openstack.contexts.keystone.users [-] Creating 1 users using 20 threads
2019-08-05 09:03:39.194 6543 INFO rally.task.context [-] Task ad1d8807-c5d8-424a-b746-7015833ad957 | Context users@openstack setup() finished in 4.58 sec
2019-08-05 09:03:46.505 6543 INFO rally.task.context [-] Task ad1d8807-c5d8-424a-b746-7015833ad957 | Context users@openstack cleanup() started
2019-08-05 09:03:51.973 6543 INFO rally.task.context [-] Task ad1d8807-c5d8-424a-b746-7015833ad957 | Context users@openstack cleanup() finished in 5.47 sec
2019-08-05 09:03:51.974 6543 INFO rally.task.engine [-] Task ad1d8807-c5d8-424a-b746-7015833ad957 | Completed: Task validation of semantic.
2019-08-05 09:03:51.974 6543 INFO rally.task.engine [-] Task ad1d8807-c5d8-424a-b746-7015833ad957 | Completed: Task validation.
2019-08-05 09:03:51.975 6543 INFO rally.api [-] Task ad1d8807-c5d8-424a-b746-7015833ad957 input file is valid.
2019-08-05 09:03:51.975 6543 INFO rally.api [-] Run Task ad1d8807-c5d8-424a-b746-7015833ad957 against Deployment 2f54647f-f7a3-4bbc-afb6-11ea16242290
2019-08-05 09:03:51.975 6543 INFO rally.task.engine [-] Task ad1d8807-c5d8-424a-b746-7015833ad957 | Starting: Running task.
2019-08-05 09:03:52.109 6543 INFO rally.task.engine [-] Running workload: position = 0 config = { "version": 2, "title": "A cropped version of a bigger task.", "description": "Auto-generated task from a single workload (uuid=afec8637-3871-43df-b318-bbff2ca04260)", "subtasks": [ { "title": "Gnocchi.list_capabilities", "description": "List supported aggregation methods.", "scenario": { "Gnocchi.list_capabilities": {} }, "contexts": { "users": { "tenants": 3, "users_per_tenant": 2 } }, "runner": { "constant": { "concurrency": 4, "times": 10 } }, "hooks": [], "sla": { "failure_rate": { "max": 0 } } } ] }
2019-08-05 09:03:52.132 6543 RALLYDEBUG rally_openstack.contexts.keystone.users [-] Creating 3 tenants using 20 threads
2019-08-05 09:03:53.997 6543 RALLYDEBUG rally_openstack.contexts.keystone.users [-] Creating 6 users using 20 threads
2019-08-05 09:03:56.766 6543 INFO rally.task.context [-] Task ad1d8807-c5d8-424a-b746-7015833ad957 | Context users@openstack setup() finished in 4.63 sec
2019-08-05 09:03:56.773 6543 RALLYDEBUG rally.task.runner [-] Starting the constant runner (task UUID: ad1d8807-c5d8-424a-b746-7015833ad957). timeout: 0 concurrency: 4 concurrency_per_worker: 1 times: 10 concurrency_overhead: 0 processes_to_start: 4 max_cpu_used: 16
2019-08-05 09:03:56.786 6667 RALLYDEBUG rally.task.runner [-] Starting a worker. concurrency: 1 args: {} times: 10 method_name: run timeout: 0 duration: None cls:
2019-08-05 09:03:56.788 6668 RALLYDEBUG rally.task.runner [-] Starting a worker. concurrency: 1 args: {} times: 10 method_name: run timeout: 0 duration: None cls:
2019-08-05 09:03:56.791 6669 RALLYDEBUG rally.task.runner [-] Starting a worker. concurrency: 1 args: {} times: 10 method_name: run timeout: 0 duration: None cls:
2019-08-05 09:03:56.792 6667 INFO rally.task.runner [-] Task ad1d8807-c5d8-424a-b746-7015833ad957 | ITER: 1 START
2019-08-05 09:03:56.794 6668 INFO rally.task.runner [-] Task ad1d8807-c5d8-424a-b746-7015833ad957 | ITER: 2 START
2019-08-05 09:03:56.794 6670 RALLYDEBUG rally.task.runner [-] Starting a worker. concurrency: 1 args: {} times: 10 method_name: run timeout: 0 duration: None cls:
2019-08-05 09:03:56.796 6669 INFO rally.task.runner [-] Task ad1d8807-c5d8-424a-b746-7015833ad957 | ITER: 3 START
2019-08-05 09:03:56.799 6670 INFO rally.task.runner [-] Task ad1d8807-c5d8-424a-b746-7015833ad957 | ITER: 4 START
2019-08-05 09:03:57.528 6667 INFO rally.task.runner [-] Task ad1d8807-c5d8-424a-b746-7015833ad957 | ITER: 1 END: OK
2019-08-05 09:03:57.528 6670 INFO rally.task.runner [-] Task ad1d8807-c5d8-424a-b746-7015833ad957 | ITER: 4 END: OK
2019-08-05 09:03:57.532 6667 INFO rally.task.runner [-] Task ad1d8807-c5d8-424a-b746-7015833ad957 | ITER: 5 START
2019-08-05 09:03:57.532 6670 INFO rally.task.runner [-] Task ad1d8807-c5d8-424a-b746-7015833ad957 | ITER: 6 START
2019-08-05 09:03:57.551 6669 INFO rally.task.runner [-] Task ad1d8807-c5d8-424a-b746-7015833ad957 | ITER: 3 END: OK
2019-08-05 09:03:57.555 6669 INFO rally.task.runner [-] Task ad1d8807-c5d8-424a-b746-7015833ad957 | ITER: 7 START
2019-08-05 09:03:57.647 6668 INFO rally.task.runner [-] Task ad1d8807-c5d8-424a-b746-7015833ad957 | ITER: 2 END: OK
2019-08-05 09:03:57.652 6668 INFO rally.task.runner [-] Task ad1d8807-c5d8-424a-b746-7015833ad957 | ITER: 8 START
2019-08-05 09:03:58.249 6670 INFO rally.task.runner [-] Task ad1d8807-c5d8-424a-b746-7015833ad957 | ITER: 6 END: OK
2019-08-05 09:03:58.253 6670 INFO rally.task.runner [-] Task ad1d8807-c5d8-424a-b746-7015833ad957 | ITER: 9 START
2019-08-05 09:03:58.268 6669 INFO rally.task.runner [-] Task ad1d8807-c5d8-424a-b746-7015833ad957 | ITER: 7 END: OK
2019-08-05 09:03:58.272 6669 INFO rally.task.runner [-] Task ad1d8807-c5d8-424a-b746-7015833ad957 | ITER: 10 START
2019-08-05 09:03:58.336 6667 INFO rally.task.runner [-] Task ad1d8807-c5d8-424a-b746-7015833ad957 | ITER: 5 END: OK
2019-08-05 09:03:58.358 6668 INFO rally.task.runner [-] Task ad1d8807-c5d8-424a-b746-7015833ad957 | ITER: 8 END: OK
2019-08-05 09:03:58.965 6670 INFO rally.task.runner [-] Task ad1d8807-c5d8-424a-b746-7015833ad957 | ITER: 9 END: OK
2019-08-05 09:03:58.974 6669 INFO rally.task.runner [-] Task ad1d8807-c5d8-424a-b746-7015833ad957 | ITER: 10 END: OK
2019-08-05 09:03:58.999 6543 INFO rally.task.context [-] Task ad1d8807-c5d8-424a-b746-7015833ad957 | Context users@openstack cleanup() started
2019-08-05 09:04:07.691 6543 INFO rally.task.context [-] Task ad1d8807-c5d8-424a-b746-7015833ad957 | Context users@openstack cleanup() finished in 8.69 sec
2019-08-05 09:04:08.240 6543 INFO rally.task.engine [-] Load duration is: 2.17995
2019-08-05 09:04:08.240 6543 INFO rally.task.engine [-] Full runner duration is: 2.226179
2019-08-05 09:04:08.241 6543 INFO rally.task.engine [-] Full duration is: 15.564038
2019-08-05 09:04:08.480 6543 INFO rally.task.engine [-] Running workload: position = 0 config = { "version": 2, "title": "A cropped version of a bigger task.", "description": "Auto-generated task from a single workload (uuid=07d4267f-28b1-4b57-873d-da0f704c571c)", "subtasks": [ { "title": "Gnocchi.get_status", "description": "Get the status of measurements processing.", "scenario": { "Gnocchi.get_status": { "detailed": false } }, "contexts": { "users": { "tenants": 3, "users_per_tenant": 2 } }, "runner": { "constant": { "concurrency": 4, "times": 10 } }, "hooks": [], "sla": { "failure_rate": { "max": 0 } } } ] }
2019-08-05 09:04:08.501 6543 RALLYDEBUG rally_openstack.contexts.keystone.users [-] Creating 3 tenants using 20 threads
2019-08-05 09:04:10.356 6543 RALLYDEBUG rally_openstack.contexts.keystone.users [-] Creating 6 users using 20 threads
2019-08-05 09:04:13.263 6543 INFO rally.task.context [-] Task ad1d8807-c5d8-424a-b746-7015833ad957 | Context users@openstack setup() finished in 4.76 sec
2019-08-05 09:04:13.270 6543 RALLYDEBUG rally.task.runner [-] Starting the constant runner (task UUID: ad1d8807-c5d8-424a-b746-7015833ad957). timeout: 0 concurrency: 4 concurrency_per_worker: 1 times: 10 concurrency_overhead: 0 processes_to_start: 4 max_cpu_used: 16
2019-08-05 09:04:13.282 6771 RALLYDEBUG rally.task.runner [-] Starting a worker. concurrency: 1 args: {"detailed": false} times: 10 method_name: run timeout: 0 duration: None cls:
2019-08-05 09:04:13.284 6772 RALLYDEBUG rally.task.runner [-] Starting a worker. concurrency: 1 args: {"detailed": false} times: 10 method_name: run timeout: 0 duration: None cls:
2019-08-05 09:04:13.287 6773 RALLYDEBUG rally.task.runner [-] Starting a worker. concurrency: 1 args: {"detailed": false} times: 10 method_name: run timeout: 0 duration: None cls:
2019-08-05 09:04:13.288 6771 INFO rally.task.runner [-] Task ad1d8807-c5d8-424a-b746-7015833ad957 | ITER: 1 START
2019-08-05 09:04:13.290 6774 RALLYDEBUG rally.task.runner [-] Starting a worker. concurrency: 1 args: {"detailed": false} times: 10 method_name: run timeout: 0 duration: None cls:
2019-08-05 09:04:13.291 6772 INFO rally.task.runner [-] Task ad1d8807-c5d8-424a-b746-7015833ad957 | ITER: 2 START
2019-08-05 09:04:13.293 6773 INFO rally.task.runner [-] Task ad1d8807-c5d8-424a-b746-7015833ad957 | ITER: 3 START
2019-08-05 09:04:13.296 6774 INFO rally.task.runner [-] Task ad1d8807-c5d8-424a-b746-7015833ad957 | ITER: 4 START
2019-08-05 09:04:14.039 6774 INFO rally.task.runner [-] Task ad1d8807-c5d8-424a-b746-7015833ad957 | ITER: 4 END: OK
2019-08-05 09:04:14.043 6774 INFO rally.task.runner [-] Task ad1d8807-c5d8-424a-b746-7015833ad957 | ITER: 5 START
2019-08-05 09:04:14.057 6771 INFO rally.task.runner [-] Task ad1d8807-c5d8-424a-b746-7015833ad957 | ITER: 1 END: OK
2019-08-05 09:04:14.061 6771 INFO rally.task.runner [-] Task ad1d8807-c5d8-424a-b746-7015833ad957 | ITER: 6 START
2019-08-05 09:04:14.120 6773 INFO rally.task.runner [-] Task ad1d8807-c5d8-424a-b746-7015833ad957 | ITER: 3 END: OK
2019-08-05 09:04:14.124 6773 INFO rally.task.runner [-] Task ad1d8807-c5d8-424a-b746-7015833ad957 | ITER: 7 START
2019-08-05 09:04:14.141 6772 INFO rally.task.runner [-] Task ad1d8807-c5d8-424a-b746-7015833ad957 | ITER: 2 END: OK
2019-08-05 09:04:14.144 6772 INFO rally.task.runner [-] Task ad1d8807-c5d8-424a-b746-7015833ad957 | ITER: 8 START
2019-08-05 09:04:14.801 6774 INFO rally.task.runner [-] Task ad1d8807-c5d8-424a-b746-7015833ad957 | ITER: 5 END: OK
2019-08-05 09:04:14.805 6774 INFO rally.task.runner [-] Task ad1d8807-c5d8-424a-b746-7015833ad957 | ITER: 9 START
2019-08-05 09:04:14.831 6771 INFO rally.task.runner [-] Task ad1d8807-c5d8-424a-b746-7015833ad957 | ITER: 6 END: OK
2019-08-05 09:04:14.834 6771 INFO rally.task.runner [-] Task ad1d8807-c5d8-424a-b746-7015833ad957 | ITER: 10 START
2019-08-05 09:04:14.868 6773 INFO rally.task.runner [-] Task ad1d8807-c5d8-424a-b746-7015833ad957 | ITER: 7 END: OK
2019-08-05 09:04:14.874 6772 INFO rally.task.runner [-] Task ad1d8807-c5d8-424a-b746-7015833ad957 | ITER: 8 END: OK
2019-08-05 09:04:15.505 6774 INFO rally.task.runner [-] Task ad1d8807-c5d8-424a-b746-7015833ad957 | ITER: 9 END: OK
2019-08-05 09:04:15.586 6771 INFO rally.task.runner [-] Task ad1d8807-c5d8-424a-b746-7015833ad957 | ITER: 10 END: OK
2019-08-05 09:04:15.614 6543 INFO rally.task.context [-] Task ad1d8807-c5d8-424a-b746-7015833ad957 | Context users@openstack cleanup() started
2019-08-05 09:04:23.673 6543 INFO rally.task.context [-] Task ad1d8807-c5d8-424a-b746-7015833ad957 | Context users@openstack cleanup() finished in 8.06 sec
2019-08-05 09:04:24.573 6543 INFO rally.task.engine [-] Load duration is: 2.296462
2019-08-05 09:04:24.574 6543 INFO rally.task.engine [-] Full runner duration is: 2.34392
2019-08-05 09:04:24.574 6543 INFO rally.task.engine [-] Full duration is: 15.174281
2019-08-05 09:04:24.808 6543 INFO rally.task.engine [-] Running workload: position = 0 config = { "version": 2, "title": "A cropped version of a bigger task.", "description": "Auto-generated task from a single workload (uuid=e991e29d-c0ad-42c2-a900-da96126b7e18)", "subtasks": [ { "title": "GnocchiArchivePolicyRule.list_archive_policy_rule", "description": "List archive policy rules.", "scenario": { "GnocchiArchivePolicyRule.list_archive_policy_rule": {} }, "contexts": { "users": { "tenants": 3, "users_per_tenant": 2 } }, "runner": { "constant": { "concurrency": 4, "times": 10 } }, "hooks": [], "sla": { "failure_rate": { "max": 0 } } } ] }
2019-08-05 09:04:24.829 6543 RALLYDEBUG rally_openstack.contexts.keystone.users [-] Creating 3 tenants using 20 threads
2019-08-05 09:04:26.775 6543 RALLYDEBUG rally_openstack.contexts.keystone.users [-] Creating 6 users using 20 threads
2019-08-05 09:04:29.582 6543 INFO rally.task.context [-] Task ad1d8807-c5d8-424a-b746-7015833ad957 | Context users@openstack setup() finished in 4.75 sec
2019-08-05 09:04:29.589 6543 RALLYDEBUG rally.task.runner [-] Starting the constant runner (task UUID: ad1d8807-c5d8-424a-b746-7015833ad957). timeout: 0 concurrency: 4 concurrency_per_worker: 1 times: 10 concurrency_overhead: 0 processes_to_start: 4 max_cpu_used: 16
2019-08-05 09:04:29.601 6875 RALLYDEBUG rally.task.runner [-] Starting a worker. concurrency: 1 args: {} times: 10 method_name: run timeout: 0 duration: None cls:
2019-08-05 09:04:29.604 6876 RALLYDEBUG rally.task.runner [-] Starting a worker. concurrency: 1 args: {} times: 10 method_name: run timeout: 0 duration: None cls:
2019-08-05 09:04:29.606 6875 INFO rally.task.runner [-] Task ad1d8807-c5d8-424a-b746-7015833ad957 | ITER: 1 START
2019-08-05 09:04:29.606 6877 RALLYDEBUG rally.task.runner [-] Starting a worker. concurrency: 1 args: {} times: 10 method_name: run timeout: 0 duration: None cls:
2019-08-05 09:04:29.609 6876 INFO rally.task.runner [-] Task ad1d8807-c5d8-424a-b746-7015833ad957 | ITER: 2 START
2019-08-05 09:04:29.609 6878 RALLYDEBUG rally.task.runner [-] Starting a worker. concurrency: 1 args: {} times: 10 method_name: run timeout: 0 duration: None cls:
2019-08-05 09:04:29.612 6877 INFO rally.task.runner [-] Task ad1d8807-c5d8-424a-b746-7015833ad957 | ITER: 3 START
2019-08-05 09:04:29.615 6878 INFO rally.task.runner [-] Task ad1d8807-c5d8-424a-b746-7015833ad957 | ITER: 4 START
2019-08-05 09:04:30.350 6876 INFO rally.task.runner [-] Task ad1d8807-c5d8-424a-b746-7015833ad957 | ITER: 2 END: OK
2019-08-05 09:04:30.355 6876 INFO rally.task.runner [-] Task ad1d8807-c5d8-424a-b746-7015833ad957 | ITER: 5 START
2019-08-05 09:04:30.356 6877 INFO rally.task.runner [-] Task ad1d8807-c5d8-424a-b746-7015833ad957 | ITER: 3 END: OK
2019-08-05 09:04:30.357 6875 INFO rally.task.runner [-] Task ad1d8807-c5d8-424a-b746-7015833ad957 | ITER: 1 END: OK
2019-08-05 09:04:30.360 6877 INFO rally.task.runner [-] Task ad1d8807-c5d8-424a-b746-7015833ad957 | ITER: 6 START
2019-08-05 09:04:30.361 6875 INFO rally.task.runner [-] Task ad1d8807-c5d8-424a-b746-7015833ad957 | ITER: 7 START
2019-08-05 09:04:30.361 6878 INFO rally.task.runner [-] Task ad1d8807-c5d8-424a-b746-7015833ad957 | ITER: 4 END: OK
2019-08-05 09:04:30.365 6878 INFO rally.task.runner [-] Task ad1d8807-c5d8-424a-b746-7015833ad957 | ITER: 8 START
2019-08-05 09:04:31.049 6876 INFO rally.task.runner [-] Task ad1d8807-c5d8-424a-b746-7015833ad957 | ITER: 5 END: OK
2019-08-05 09:04:31.052 6876 INFO rally.task.runner [-] Task ad1d8807-c5d8-424a-b746-7015833ad957 | ITER: 9 START
2019-08-05 09:04:31.060 6878 INFO rally.task.runner [-] Task ad1d8807-c5d8-424a-b746-7015833ad957 | ITER: 8 END: OK
2019-08-05 09:04:31.062 6878 INFO rally.task.runner [-] Task ad1d8807-c5d8-424a-b746-7015833ad957 | ITER: 10 START
2019-08-05 09:04:31.064 6877 INFO rally.task.runner [-] Task ad1d8807-c5d8-424a-b746-7015833ad957 | ITER: 6 END: OK
2019-08-05 09:04:31.077 6875 INFO rally.task.runner [-] Task ad1d8807-c5d8-424a-b746-7015833ad957 | ITER: 7 END: OK
2019-08-05 09:04:31.772 6876 INFO rally.task.runner [-] Task ad1d8807-c5d8-424a-b746-7015833ad957 | ITER: 9 END: OK
2019-08-05 09:04:31.791 6878 INFO rally.task.runner [-] Task ad1d8807-c5d8-424a-b746-7015833ad957 | ITER: 10 END: OK
2019-08-05 09:04:31.816 6543 INFO rally.task.context [-] Task ad1d8807-c5d8-424a-b746-7015833ad957 | Context users@openstack cleanup() started
2019-08-05 09:04:40.002 6543 INFO rally.task.context [-] Task ad1d8807-c5d8-424a-b746-7015833ad957 | Context users@openstack cleanup() finished in 8.19 sec
2019-08-05 09:04:40.923 6543 INFO rally.task.engine [-] Load duration is: 2.182811
2019-08-05 09:04:40.924 6543 INFO rally.task.engine [-] Full runner duration is: 2.227097
2019-08-05 09:04:40.924 6543 INFO rally.task.engine [-] Full duration is: 15.175219
2019-08-05 09:04:41.157 6543 INFO rally.task.engine [-] Running workload: position = 0 config = { "version": 2, "title": "A cropped version of a bigger task.", "description": "Auto-generated task from a single workload (uuid=4e33dedb-7055-4a13-a0df-a3dd48561c0c)", "subtasks": [ { "title": "GnocchiArchivePolicyRule.create_archive_policy_rule", "description": "Create archive policy rule.", "scenario": { "GnocchiArchivePolicyRule.create_archive_policy_rule": { "metric_pattern": "cpu_*", "archive_policy_name": "low" } }, "contexts": { "users": { "tenants": 3, "users_per_tenant": 2 } }, "runner": { "constant": { "concurrency": 4, "times": 10 } }, "hooks": [], "sla": { "failure_rate": { "max": 0 } } } ] }
2019-08-05 09:04:41.180 6543 RALLYDEBUG rally_openstack.contexts.keystone.users [-] Creating 3 tenants using 20 threads
2019-08-05 09:04:43.165 6543 RALLYDEBUG rally_openstack.contexts.keystone.users [-] Creating 6 users using 20 threads
2019-08-05 09:04:45.925 6543 INFO rally.task.context [-] Task ad1d8807-c5d8-424a-b746-7015833ad957 | Context users@openstack setup() finished in 4.74 sec
2019-08-05 09:04:45.925 6543 INFO rally.task.context [-] Task ad1d8807-c5d8-424a-b746-7015833ad957 | Context admin_cleanup@openstack setup() finished in 0.01 msec
2019-08-05 09:04:45.934 6543 RALLYDEBUG rally.task.runner [-] Starting the constant runner (task UUID: ad1d8807-c5d8-424a-b746-7015833ad957). timeout: 0 concurrency: 4 concurrency_per_worker: 1 times: 10 concurrency_overhead: 0 processes_to_start: 4 max_cpu_used: 16
2019-08-05 09:04:45.947 6979 RALLYDEBUG rally.task.runner [-] Starting a worker. concurrency: 1 args: {"metric_pattern": "cpu_*", "archive_policy_name": "low"} times: 10 method_name: run timeout: 0 duration: None cls:
2019-08-05 09:04:45.950 6980 RALLYDEBUG rally.task.runner [-] Starting a worker. concurrency: 1 args: {"metric_pattern": "cpu_*", "archive_policy_name": "low"} times: 10 method_name: run timeout: 0 duration: None cls:
2019-08-05 09:04:45.953 6979 INFO rally.task.runner [-] Task ad1d8807-c5d8-424a-b746-7015833ad957 | ITER: 1 START
2019-08-05 09:04:45.953 6982 RALLYDEBUG rally.task.runner [-] Starting a worker. concurrency: 1 args: {"metric_pattern": "cpu_*", "archive_policy_name": "low"} times: 10 method_name: run timeout: 0 duration: None cls:
2019-08-05 09:04:45.953 6981 RALLYDEBUG rally.task.runner [-] Starting a worker. concurrency: 1 args: {"metric_pattern": "cpu_*", "archive_policy_name": "low"} times: 10 method_name: run timeout: 0 duration: None cls:
2019-08-05 09:04:45.956 6980 INFO rally.task.runner [-] Task ad1d8807-c5d8-424a-b746-7015833ad957 | ITER: 2 START
2019-08-05 09:04:45.957 6982 INFO rally.task.runner [-] Task ad1d8807-c5d8-424a-b746-7015833ad957 | ITER: 3 START
2019-08-05 09:04:45.959 6981 INFO rally.task.runner [-] Task ad1d8807-c5d8-424a-b746-7015833ad957 | ITER: 4 START
2019-08-05 09:04:46.713 6980 INFO rally.task.runner [-] Task ad1d8807-c5d8-424a-b746-7015833ad957 | ITER: 2 END: OK
2019-08-05 09:04:46.718 6980 INFO rally.task.runner [-] Task ad1d8807-c5d8-424a-b746-7015833ad957 | ITER: 5 START
2019-08-05 09:04:46.731 6979 INFO rally.task.runner [-] Task ad1d8807-c5d8-424a-b746-7015833ad957 | ITER: 1 END: OK
2019-08-05 09:04:46.735 6979 INFO rally.task.runner [-] Task ad1d8807-c5d8-424a-b746-7015833ad957 | ITER: 6 START
2019-08-05 09:04:46.785 6982 INFO rally.task.runner [-] Task ad1d8807-c5d8-424a-b746-7015833ad957 | ITER: 3 END: OK
2019-08-05 09:04:46.789 6982 INFO rally.task.runner [-] Task ad1d8807-c5d8-424a-b746-7015833ad957 | ITER: 7 START
2019-08-05 09:04:46.844 6981 INFO rally.task.runner [-] Task ad1d8807-c5d8-424a-b746-7015833ad957 | ITER: 4 END: OK
2019-08-05 09:04:46.848 6981 INFO rally.task.runner [-] Task ad1d8807-c5d8-424a-b746-7015833ad957 | ITER: 8 START
2019-08-05 09:04:47.461 6980 INFO rally.task.runner [-] Task ad1d8807-c5d8-424a-b746-7015833ad957 | ITER: 5 END: OK
2019-08-05 09:04:47.465 6980 INFO rally.task.runner [-] Task ad1d8807-c5d8-424a-b746-7015833ad957 | ITER: 9 START
2019-08-05 09:04:47.485 6979 INFO rally.task.runner [-] Task ad1d8807-c5d8-424a-b746-7015833ad957 | ITER: 6 END: OK
2019-08-05 09:04:47.488 6979 INFO rally.task.runner [-] Task ad1d8807-c5d8-424a-b746-7015833ad957 | ITER: 10 START
2019-08-05 09:04:47.551 6982 INFO rally.task.runner [-] Task ad1d8807-c5d8-424a-b746-7015833ad957 | ITER: 7 END: OK
2019-08-05 09:04:47.568 6981 INFO rally.task.runner [-] Task ad1d8807-c5d8-424a-b746-7015833ad957 | ITER: 8 END: OK
2019-08-05 09:04:48.203 6979 INFO rally.task.runner [-] Task ad1d8807-c5d8-424a-b746-7015833ad957 | ITER: 10 END: OK
2019-08-05 09:04:48.215 6980 INFO rally.task.runner [-] Task ad1d8807-c5d8-424a-b746-7015833ad957 | ITER: 9 END: OK
2019-08-05 09:04:48.241 6543 INFO rally.task.context [-] Task ad1d8807-c5d8-424a-b746-7015833ad957 | Context admin_cleanup@openstack cleanup() started
2019-08-05 09:04:48.243 6543 RALLYDEBUG rally_openstack.cleanup.manager [-] Cleaning up gnocchi archive_policy_rule objects
2019-08-05 09:04:49.008 6543 RALLYDEBUG rally_openstack.cleanup.manager [-] Deleting gnocchi.archive_policy_rule object s_rally_4e33dedb_4ZmI5Tiz (s_rally_4e33dedb_4ZmI5Tiz)
2019-08-05 09:04:49.012 6543 RALLYDEBUG rally_openstack.cleanup.manager [-] Deleting gnocchi.archive_policy_rule object s_rally_4e33dedb_FEhe7EVd (s_rally_4e33dedb_FEhe7EVd)
2019-08-05 09:04:49.019 6543 RALLYDEBUG rally_openstack.cleanup.manager [-] Deleting gnocchi.archive_policy_rule object s_rally_4e33dedb_pz58AHw9 (s_rally_4e33dedb_pz58AHw9)
2019-08-05 09:04:49.019 6543 RALLYDEBUG rally_openstack.cleanup.manager [-] Deleting gnocchi.archive_policy_rule object s_rally_4e33dedb_Qp9NVKRq (s_rally_4e33dedb_Qp9NVKRq)
2019-08-05 09:04:49.023 6543 RALLYDEBUG rally_openstack.cleanup.manager [-] Deleting gnocchi.archive_policy_rule object s_rally_4e33dedb_NJklcP4S (s_rally_4e33dedb_NJklcP4S)
2019-08-05 09:04:49.027 6543 RALLYDEBUG rally_openstack.cleanup.manager [-] Deleting gnocchi.archive_policy_rule object s_rally_4e33dedb_OzbvJyys (s_rally_4e33dedb_OzbvJyys)
2019-08-05 09:04:49.028 6543 RALLYDEBUG rally_openstack.cleanup.manager [-] Deleting gnocchi.archive_policy_rule object s_rally_4e33dedb_SkyPgJIn (s_rally_4e33dedb_SkyPgJIn)
2019-08-05 09:04:49.028 6543 RALLYDEBUG rally_openstack.cleanup.manager [-] Deleting gnocchi.archive_policy_rule object s_rally_4e33dedb_lHvTqm37 (s_rally_4e33dedb_lHvTqm37)
2019-08-05 09:04:49.042 6543 RALLYDEBUG rally_openstack.cleanup.manager [-] Deleting gnocchi.archive_policy_rule object s_rally_4e33dedb_SSXLnvxN (s_rally_4e33dedb_SSXLnvxN)
2019-08-05 09:04:49.048 6543 RALLYDEBUG rally_openstack.cleanup.manager [-] Deleting gnocchi.archive_policy_rule object s_rally_4e33dedb_THfFoDEt (s_rally_4e33dedb_THfFoDEt)
2019-08-05 09:04:51.294 6543 INFO rally.task.context [-] Task ad1d8807-c5d8-424a-b746-7015833ad957 | Context admin_cleanup@openstack cleanup() finished in 3.05 sec
2019-08-05 09:04:51.294 6543 INFO rally.task.context [-] Task ad1d8807-c5d8-424a-b746-7015833ad957 | Context users@openstack cleanup() started
2019-08-05 09:04:59.578 6543 INFO rally.task.context [-] Task ad1d8807-c5d8-424a-b746-7015833ad957 | Context users@openstack cleanup() finished in 8.28 sec
2019-08-05 09:05:01.300 6543 INFO rally.task.engine [-] Load duration is: 2.259792
2019-08-05 09:05:01.300 6543 INFO rally.task.engine [-] Full runner duration is: 2.308909
2019-08-05 09:05:01.301 6543 INFO rally.task.engine [-] Full duration is: 18.401516
2019-08-05 09:05:01.559 6543 INFO rally.task.engine [-] Running workload: position = 0 config = { "version": 2, "title": "A cropped version of a bigger task.", "description": "Auto-generated task from a single workload (uuid=95641908-e34b-4f70-b4eb-64905cc3a42b)", "subtasks": [ { "title": "GnocchiArchivePolicyRule.create_delete_archive_policy_rule", "description": "Create archive policy rule and then delete it.", "scenario": { "GnocchiArchivePolicyRule.create_delete_archive_policy_rule": { "metric_pattern": "cpu_*", "archive_policy_name": "low" } }, "contexts": { "users": { "tenants": 3, "users_per_tenant": 2 } }, "runner": { "constant": { "concurrency": 4, "times": 10 } }, "hooks": [], "sla": { "failure_rate": { "max": 0 } } } ] }
2019-08-05 09:05:01.581 6543 RALLYDEBUG rally_openstack.contexts.keystone.users [-] Creating 3 tenants using 20 threads
2019-08-05 09:05:03.559 6543 RALLYDEBUG rally_openstack.contexts.keystone.users [-] Creating 6 users using 20 threads
2019-08-05 09:05:06.382 6543 INFO rally.task.context [-] Task ad1d8807-c5d8-424a-b746-7015833ad957 | Context users@openstack setup() finished in 4.80 sec
2019-08-05 09:05:06.383 6543 INFO rally.task.context [-] Task ad1d8807-c5d8-424a-b746-7015833ad957 | Context admin_cleanup@openstack setup() finished in 0.01 msec
2019-08-05 09:05:06.389 6543 RALLYDEBUG rally.task.runner [-] Starting the constant runner (task UUID: ad1d8807-c5d8-424a-b746-7015833ad957). timeout: 0 concurrency: 4 concurrency_per_worker: 1 times: 10 concurrency_overhead: 0 processes_to_start: 4 max_cpu_used: 16
2019-08-05 09:05:06.401 7103 RALLYDEBUG rally.task.runner [-] Starting a worker. concurrency: 1 args: {"metric_pattern": "cpu_*", "archive_policy_name": "low"} times: 10 method_name: run timeout: 0 duration: None cls:
2019-08-05 09:05:06.403 7104 RALLYDEBUG rally.task.runner [-] Starting a worker. concurrency: 1 args: {"metric_pattern": "cpu_*", "archive_policy_name": "low"} times: 10 method_name: run timeout: 0 duration: None cls:
2019-08-05 09:05:06.405 7105 RALLYDEBUG rally.task.runner [-] Starting a worker. concurrency: 1 args: {"metric_pattern": "cpu_*", "archive_policy_name": "low"} times: 10 method_name: run timeout: 0 duration: None cls:
2019-08-05 09:05:06.407 7103 INFO rally.task.runner [-] Task ad1d8807-c5d8-424a-b746-7015833ad957 | ITER: 1 START
2019-08-05 09:05:06.409 7104 INFO rally.task.runner [-] Task ad1d8807-c5d8-424a-b746-7015833ad957 | ITER: 2 START
2019-08-05 09:05:06.409 7106 RALLYDEBUG rally.task.runner [-] Starting a worker. concurrency: 1 args: {"metric_pattern": "cpu_*", "archive_policy_name": "low"} times: 10 method_name: run timeout: 0 duration: None cls:
2019-08-05 09:05:06.410 7105 INFO rally.task.runner [-] Task ad1d8807-c5d8-424a-b746-7015833ad957 | ITER: 3 START
2019-08-05 09:05:06.415 7106 INFO rally.task.runner [-] Task ad1d8807-c5d8-424a-b746-7015833ad957 | ITER: 4 START
2019-08-05 09:05:07.503 7105 INFO rally.task.runner [-] Task ad1d8807-c5d8-424a-b746-7015833ad957 | ITER: 3 END: OK
2019-08-05 09:05:07.506 7105 INFO rally.task.runner [-] Task ad1d8807-c5d8-424a-b746-7015833ad957 | ITER: 5 START
2019-08-05 09:05:07.538 7104 INFO rally.task.runner [-] Task ad1d8807-c5d8-424a-b746-7015833ad957 | ITER: 2 END: OK
2019-08-05 09:05:07.542 7104 INFO rally.task.runner [-] Task ad1d8807-c5d8-424a-b746-7015833ad957 | ITER: 6 START
2019-08-05 09:05:07.575 7103 INFO rally.task.runner [-] Task ad1d8807-c5d8-424a-b746-7015833ad957 | ITER: 1 END: OK
2019-08-05 09:05:07.579 7103 INFO rally.task.runner [-] Task ad1d8807-c5d8-424a-b746-7015833ad957 | ITER: 7 START
2019-08-05 09:05:07.587 7106 INFO rally.task.runner [-] Task ad1d8807-c5d8-424a-b746-7015833ad957 | ITER: 4 END: OK
2019-08-05 09:05:07.590 7106 INFO rally.task.runner [-] Task ad1d8807-c5d8-424a-b746-7015833ad957 | ITER: 8 START
2019-08-05 09:05:08.539 7105 INFO rally.task.runner [-] Task ad1d8807-c5d8-424a-b746-7015833ad957 | ITER: 5 END: OK
2019-08-05 09:05:08.542 7105 INFO rally.task.runner [-] Task ad1d8807-c5d8-424a-b746-7015833ad957 | ITER: 9 START
2019-08-05 09:05:08.592 7104 INFO rally.task.runner [-] Task ad1d8807-c5d8-424a-b746-7015833ad957 | ITER: 6 END: OK
2019-08-05 09:05:08.596 7104 INFO rally.task.runner [-] Task ad1d8807-c5d8-424a-b746-7015833ad957 | ITER: 10 START
2019-08-05 09:05:08.658 7103 INFO rally.task.runner [-] Task ad1d8807-c5d8-424a-b746-7015833ad957 | ITER: 7 END: OK
2019-08-05 09:05:08.676 7106 INFO rally.task.runner [-] Task ad1d8807-c5d8-424a-b746-7015833ad957 | ITER: 8 END: OK
2019-08-05 09:05:09.425 7105 INFO rally.task.runner [-] Task ad1d8807-c5d8-424a-b746-7015833ad957 | ITER: 9 END: OK
2019-08-05 09:05:09.682 7104 INFO rally.task.runner [-] Task ad1d8807-c5d8-424a-b746-7015833ad957 | ITER: 10 END: OK
2019-08-05 09:05:09.702 6543 INFO rally.task.context [-] Task ad1d8807-c5d8-424a-b746-7015833ad957 | Context admin_cleanup@openstack cleanup() started
2019-08-05 09:05:09.704 6543 RALLYDEBUG rally_openstack.cleanup.manager [-] Cleaning up gnocchi archive_policy_rule objects
2019-08-05 09:05:10.357 6543 INFO rally.task.context [-] Task ad1d8807-c5d8-424a-b746-7015833ad957 | Context admin_cleanup@openstack cleanup() finished in 0.65 sec
2019-08-05 09:05:10.358 6543 INFO rally.task.context [-] Task ad1d8807-c5d8-424a-b746-7015833ad957 | Context users@openstack cleanup() started
2019-08-05 09:05:18.691 6543 INFO rally.task.context [-] Task ad1d8807-c5d8-424a-b746-7015833ad957 | Context users@openstack cleanup() finished in 8.33 sec
2019-08-05 09:05:19.699 6543 INFO rally.task.engine [-] Load duration is: 3.274281
2019-08-05 09:05:19.699 6543 INFO rally.task.engine [-] Full runner duration is: 3.313307
2019-08-05 09:05:19.699 6543 INFO rally.task.engine [-] Full duration is: 17.112555
2019-08-05 09:05:19.960 6543 INFO rally.task.engine [-] Running workload: position = 0 config = { "version": 2, "title": "A cropped version of a bigger task.", "description": "Auto-generated task from a single workload (uuid=e30e1710-e441-4a06-936b-d134952d787a)", "subtasks": [ { "title": "GnocchiArchivePolicy.list_archive_policy", "description": "List archive policies.", "scenario": { "GnocchiArchivePolicy.list_archive_policy": {} }, "contexts": { "users": { "tenants": 3, "users_per_tenant": 2 } }, "runner": { "constant": { "concurrency": 4, "times": 10 } }, "hooks": [], "sla": { "failure_rate": { "max": 0 } } } ] }
2019-08-05 09:05:19.979 6543 RALLYDEBUG rally_openstack.contexts.keystone.users [-] Creating 3 tenants using 20 threads
2019-08-05 09:05:21.973 6543 RALLYDEBUG rally_openstack.contexts.keystone.users [-] Creating 6 users using 20 threads
2019-08-05 09:05:24.701 6543 INFO rally.task.context [-] Task ad1d8807-c5d8-424a-b746-7015833ad957 | Context users@openstack setup() finished in 4.72 sec
2019-08-05 09:05:24.707 6543 RALLYDEBUG rally.task.runner [-] Starting the constant runner (task UUID: ad1d8807-c5d8-424a-b746-7015833ad957). timeout: 0 concurrency: 4 concurrency_per_worker: 1 times: 10 concurrency_overhead: 0 processes_to_start: 4 max_cpu_used: 16
2019-08-05 09:05:24.716 7227 RALLYDEBUG rally.task.runner [-] Starting a worker. concurrency: 1 args: {} times: 10 method_name: run timeout: 0 duration: None cls:
2019-08-05 09:05:24.721 7227 INFO rally.task.runner [-] Task ad1d8807-c5d8-424a-b746-7015833ad957 | ITER: 1 START
2019-08-05 09:05:24.721 7228 RALLYDEBUG rally.task.runner [-] Starting a worker. concurrency: 1 args: {} times: 10 method_name: run timeout: 0 duration: None cls:
2019-08-05 09:05:24.723 7229 RALLYDEBUG rally.task.runner [-] Starting a worker. concurrency: 1 args: {} times: 10 method_name: run timeout: 0 duration: None cls:
2019-08-05 09:05:24.725 7230 RALLYDEBUG rally.task.runner [-] Starting a worker. concurrency: 1 args: {} times: 10 method_name: run timeout: 0 duration: None cls:
2019-08-05 09:05:24.728 7228 INFO rally.task.runner [-] Task ad1d8807-c5d8-424a-b746-7015833ad957 | ITER: 2 START
2019-08-05 09:05:24.729 7229 INFO rally.task.runner [-] Task ad1d8807-c5d8-424a-b746-7015833ad957 | ITER: 3 START
2019-08-05 09:05:24.730 7230 INFO rally.task.runner [-] Task ad1d8807-c5d8-424a-b746-7015833ad957 | ITER: 4 START
2019-08-05 09:05:25.427 7227 INFO rally.task.runner [-] Task ad1d8807-c5d8-424a-b746-7015833ad957 | ITER: 1 END: OK
2019-08-05 09:05:25.427 7229 INFO rally.task.runner [-] Task ad1d8807-c5d8-424a-b746-7015833ad957 | ITER: 3 END: OK
2019-08-05 09:05:25.432 7227 INFO rally.task.runner [-] Task ad1d8807-c5d8-424a-b746-7015833ad957 | ITER: 5 START
2019-08-05 09:05:25.432 7229 INFO rally.task.runner [-] Task ad1d8807-c5d8-424a-b746-7015833ad957 | ITER: 6 START
2019-08-05 09:05:25.546 7228 INFO rally.task.runner [-] Task ad1d8807-c5d8-424a-b746-7015833ad957 | ITER: 2 END: OK
2019-08-05 09:05:25.546 7230 INFO rally.task.runner [-] Task ad1d8807-c5d8-424a-b746-7015833ad957 | ITER: 4 END: OK
2019-08-05 09:05:25.548 7230 INFO rally.task.runner [-] Task ad1d8807-c5d8-424a-b746-7015833ad957 | ITER: 7 START
2019-08-05 09:05:25.549 7228 INFO rally.task.runner [-] Task ad1d8807-c5d8-424a-b746-7015833ad957 | ITER: 8 START
2019-08-05 09:05:26.147 7227 INFO rally.task.runner [-] Task ad1d8807-c5d8-424a-b746-7015833ad957 | ITER: 5 END: OK
2019-08-05 09:05:26.150 7227 INFO rally.task.runner [-] Task ad1d8807-c5d8-424a-b746-7015833ad957 | ITER: 9 START
2019-08-05 09:05:26.156 7229 INFO rally.task.runner [-] Task ad1d8807-c5d8-424a-b746-7015833ad957 | ITER: 6 END: OK
2019-08-05 09:05:26.159 7229 INFO rally.task.runner [-] Task ad1d8807-c5d8-424a-b746-7015833ad957 | ITER: 10 START
2019-08-05 09:05:26.250 7230 INFO rally.task.runner [-] Task ad1d8807-c5d8-424a-b746-7015833ad957 | ITER: 7 END: OK
2019-08-05 09:05:26.261 7228 INFO rally.task.runner [-] Task ad1d8807-c5d8-424a-b746-7015833ad957 | ITER: 8 END: OK
2019-08-05 09:05:26.866 7227 INFO rally.task.runner [-] Task ad1d8807-c5d8-424a-b746-7015833ad957 | ITER: 9 END: OK
2019-08-05 09:05:26.869 7229 INFO rally.task.runner [-] Task ad1d8807-c5d8-424a-b746-7015833ad957 | ITER: 10 END: OK
2019-08-05 09:05:26.889 6543 INFO rally.task.context [-] Task ad1d8807-c5d8-424a-b746-7015833ad957 | Context users@openstack cleanup() started
2019-08-05 09:05:34.805 6543 INFO rally.task.context [-] Task ad1d8807-c5d8-424a-b746-7015833ad957 | Context users@openstack cleanup() finished in 7.92 sec
2019-08-05 09:05:36.088 6543 INFO rally.task.engine [-] Load duration is: 2.146762
2019-08-05 09:05:36.089 6543 INFO rally.task.engine [-] Full runner duration is: 2.182302
2019-08-05 09:05:36.089 6543 INFO rally.task.engine [-] Full duration is: 14.828661
2019-08-05 09:05:36.355 6543 INFO rally.task.engine [-] Running workload: position = 0 config = { "version": 2, "title": "A cropped version of a bigger task.", "description": "Auto-generated task from a single workload (uuid=3eef53ef-1d3f-4900-860f-ac2e7c5d0207)", "subtasks": [ { "title": "GnocchiArchivePolicy.create_archive_policy", "description": "Create archive policy.", "scenario": { "GnocchiArchivePolicy.create_archive_policy": { "definition": [ { "granularity": "0:00:01", "timespan": "1:00:00" } ] } }, "contexts": { "users": { "tenants": 3, "users_per_tenant": 2 } }, "runner": { "constant": { "concurrency": 4, "times": 10 } }, "hooks": [], "sla": { "failure_rate": { "max": 0 } } } ] }
2019-08-05 09:05:36.373 6543 RALLYDEBUG rally_openstack.contexts.keystone.users [-] Creating 3 tenants using 20 threads
2019-08-05 09:05:38.428 6543 RALLYDEBUG rally_openstack.contexts.keystone.users [-] Creating 6 users using 20 threads
2019-08-05 09:05:41.188 6543 INFO rally.task.context [-] Task ad1d8807-c5d8-424a-b746-7015833ad957 | Context users@openstack setup() finished in 4.81 sec
2019-08-05 09:05:41.189 6543 INFO rally.task.context [-] Task ad1d8807-c5d8-424a-b746-7015833ad957 | Context admin_cleanup@openstack setup() finished in 0.01 msec
2019-08-05 09:05:41.194 6543 RALLYDEBUG rally.task.runner [-] Starting the constant runner (task UUID: ad1d8807-c5d8-424a-b746-7015833ad957). timeout: 0 concurrency: 4 concurrency_per_worker: 1 times: 10 concurrency_overhead: 0 processes_to_start: 4 max_cpu_used: 16
2019-08-05 09:05:41.204 7331 RALLYDEBUG rally.task.runner [-] Starting a worker. concurrency: 1 args: {"definition": [{"granularity": "0:00:01", "timespan": "1:00:00"}]} times: 10 method_name: run timeout: 0 duration: None cls:
2019-08-05 09:05:41.207 7332 RALLYDEBUG rally.task.runner [-] Starting a worker. concurrency: 1 args: {"definition": [{"granularity": "0:00:01", "timespan": "1:00:00"}]} times: 10 method_name: run timeout: 0 duration: None cls:
2019-08-05 09:05:41.208 7333 RALLYDEBUG rally.task.runner [-] Starting a worker. concurrency: 1 args: {"definition": [{"granularity": "0:00:01", "timespan": "1:00:00"}]} times: 10 method_name: run timeout: 0 duration: None cls:
2019-08-05 09:05:41.209 7331 INFO rally.task.runner [-] Task ad1d8807-c5d8-424a-b746-7015833ad957 | ITER: 1 START
2019-08-05 09:05:41.210 7334 RALLYDEBUG rally.task.runner [-] Starting a worker. concurrency: 1 args: {"definition": [{"granularity": "0:00:01", "timespan": "1:00:00"}]} times: 10 method_name: run timeout: 0 duration: None cls:
2019-08-05 09:05:41.213 7332 INFO rally.task.runner [-] Task ad1d8807-c5d8-424a-b746-7015833ad957 | ITER: 2 START
2019-08-05 09:05:41.215 7333 INFO rally.task.runner [-] Task ad1d8807-c5d8-424a-b746-7015833ad957 | ITER: 3 START
2019-08-05 09:05:41.217 7334 INFO rally.task.runner [-] Task ad1d8807-c5d8-424a-b746-7015833ad957 | ITER: 4 START
2019-08-05 09:05:41.983 7334 INFO rally.task.runner [-] Task ad1d8807-c5d8-424a-b746-7015833ad957 | ITER: 4 END: OK
2019-08-05 09:05:41.987 7334 INFO rally.task.runner [-] Task ad1d8807-c5d8-424a-b746-7015833ad957 | ITER: 5 START
2019-08-05 09:05:42.006 7332 INFO rally.task.runner [-] Task ad1d8807-c5d8-424a-b746-7015833ad957 | ITER: 2 END: OK
2019-08-05 09:05:42.011 7332 INFO rally.task.runner [-] Task ad1d8807-c5d8-424a-b746-7015833ad957 | ITER: 6 START
2019-08-05 09:05:42.030 7331 INFO rally.task.runner [-] Task ad1d8807-c5d8-424a-b746-7015833ad957 | ITER: 1 END: OK
2019-08-05 09:05:42.033 7331 INFO rally.task.runner [-] Task ad1d8807-c5d8-424a-b746-7015833ad957 | ITER: 7 START
2019-08-05 09:05:42.102 7333 INFO rally.task.runner [-] Task ad1d8807-c5d8-424a-b746-7015833ad957 | ITER: 3 END: OK
2019-08-05 09:05:42.106 7333 INFO rally.task.runner [-] Task ad1d8807-c5d8-424a-b746-7015833ad957 | ITER: 8 START
2019-08-05 09:05:42.767 7334 INFO rally.task.runner [-] Task ad1d8807-c5d8-424a-b746-7015833ad957 | ITER: 5 END: OK
2019-08-05 09:05:42.770 7334 INFO rally.task.runner [-] Task ad1d8807-c5d8-424a-b746-7015833ad957 | ITER: 9 START
2019-08-05 09:05:42.785 7332 INFO rally.task.runner [-] Task ad1d8807-c5d8-424a-b746-7015833ad957 | ITER: 6 END: OK
2019-08-05 09:05:42.788 7332 INFO rally.task.runner [-] Task ad1d8807-c5d8-424a-b746-7015833ad957 | ITER: 10 START
2019-08-05 09:05:42.796 7331 INFO rally.task.runner [-] Task ad1d8807-c5d8-424a-b746-7015833ad957 | ITER: 7 END: OK
2019-08-05 09:05:42.856 7333 INFO rally.task.runner [-] Task ad1d8807-c5d8-424a-b746-7015833ad957 | ITER: 8 END: OK
2019-08-05 09:05:43.521 7334 INFO rally.task.runner [-] Task ad1d8807-c5d8-424a-b746-7015833ad957 | ITER: 9 END: OK
2019-08-05 09:05:43.552 7332 INFO rally.task.runner [-] Task ad1d8807-c5d8-424a-b746-7015833ad957 | ITER: 10 END: OK
2019-08-05 09:05:43.572 6543 INFO rally.task.context [-] Task ad1d8807-c5d8-424a-b746-7015833ad957 | Context admin_cleanup@openstack cleanup() started
2019-08-05 09:05:43.574 6543 RALLYDEBUG rally_openstack.cleanup.manager [-] Cleaning up gnocchi archive_policy objects
2019-08-05 09:05:44.346 6543 RALLYDEBUG rally_openstack.cleanup.manager [-] Deleting gnocchi.archive_policy object s_rally_3eef53ef_aYtMG0Uj (s_rally_3eef53ef_aYtMG0Uj)
2019-08-05 09:05:44.355 6543 RALLYDEBUG rally_openstack.cleanup.manager [-] Deleting gnocchi.archive_policy object s_rally_3eef53ef_J2GUjCWg (s_rally_3eef53ef_J2GUjCWg)
2019-08-05 09:05:44.356 6543 RALLYDEBUG rally_openstack.cleanup.manager [-] Deleting gnocchi.archive_policy object s_rally_3eef53ef_FzYPL8nZ (s_rally_3eef53ef_FzYPL8nZ)
2019-08-05 09:05:44.362 6543 RALLYDEBUG rally_openstack.cleanup.manager [-] Deleting gnocchi.archive_policy object s_rally_3eef53ef_LxVcUyFx (s_rally_3eef53ef_LxVcUyFx)
2019-08-05 09:05:44.364 6543 RALLYDEBUG rally_openstack.cleanup.manager [-] Deleting gnocchi.archive_policy object s_rally_3eef53ef_mTw9cUVK (s_rally_3eef53ef_mTw9cUVK)
2019-08-05 09:05:44.366 6543 RALLYDEBUG rally_openstack.cleanup.manager [-] Deleting gnocchi.archive_policy object s_rally_3eef53ef_HhTbdff1 (s_rally_3eef53ef_HhTbdff1)
2019-08-05 09:05:44.370 6543 RALLYDEBUG rally_openstack.cleanup.manager [-] Deleting gnocchi.archive_policy object s_rally_3eef53ef_RdzFl5SE (s_rally_3eef53ef_RdzFl5SE)
2019-08-05 09:05:44.375 6543 RALLYDEBUG rally_openstack.cleanup.manager [-] Deleting gnocchi.archive_policy object s_rally_3eef53ef_y6PTOq2q (s_rally_3eef53ef_y6PTOq2q)
2019-08-05 09:05:44.379 6543 RALLYDEBUG rally_openstack.cleanup.manager [-] Deleting gnocchi.archive_policy object s_rally_3eef53ef_VAtp68Ib (s_rally_3eef53ef_VAtp68Ib)
2019-08-05 09:05:44.383 6543 RALLYDEBUG rally_openstack.cleanup.manager [-] Deleting gnocchi.archive_policy object s_rally_3eef53ef_zaUK4YnM (s_rally_3eef53ef_zaUK4YnM)
2019-08-05 09:05:46.654 6543 INFO rally.task.context [-] Task ad1d8807-c5d8-424a-b746-7015833ad957 | Context admin_cleanup@openstack cleanup() finished in 3.08 sec
2019-08-05 09:05:46.655 6543 INFO rally.task.context [-] Task ad1d8807-c5d8-424a-b746-7015833ad957 | Context users@openstack cleanup() started
2019-08-05 09:05:55.014 6543 INFO rally.task.context [-] Task ad1d8807-c5d8-424a-b746-7015833ad957 | Context users@openstack cleanup() finished in 8.36 sec
2019-08-05 09:05:56.508 6543 INFO rally.task.engine [-] Load duration is: 2.341052
2019-08-05 09:05:56.508 6543 INFO rally.task.engine [-] Full runner duration is: 2.3782
2019-08-05 09:05:56.508 6543 INFO rally.task.engine [-] Full duration is: 18.643346
2019-08-05 09:05:56.756 6543 INFO rally.task.engine [-] Running workload: position = 0 config = { "version": 2, "title": "A cropped version of a bigger task.", "description": "Auto-generated task from a single workload (uuid=ed815bbb-48cd-41d9-86d0-b804c07f3f5c)", "subtasks": [ { "title": "GnocchiArchivePolicy.create_delete_archive_policy", "description": "Create archive policy and then delete it.", "scenario": { "GnocchiArchivePolicy.create_delete_archive_policy": { "definition": [ { "granularity": "0:00:01", "timespan": "1:00:00" } ] } }, "contexts": { "users": { "tenants": 3, "users_per_tenant": 2 } }, "runner": { "constant": { "concurrency": 4, "times": 10 } }, "hooks": [], "sla": { "failure_rate": { "max": 0 } } } ] }
2019-08-05 09:05:56.775 6543 RALLYDEBUG rally_openstack.contexts.keystone.users [-] Creating 3 tenants using 20 threads
2019-08-05 09:05:58.835 6543 RALLYDEBUG rally_openstack.contexts.keystone.users [-] Creating 6 users using 20 threads
2019-08-05 09:06:01.551 6543 INFO rally.task.context [-] Task ad1d8807-c5d8-424a-b746-7015833ad957 | Context users@openstack setup() finished in 4.78 sec
2019-08-05 09:06:01.552 6543 INFO rally.task.context [-] Task ad1d8807-c5d8-424a-b746-7015833ad957 | Context admin_cleanup@openstack setup() finished in 0.00 msec
2019-08-05 09:06:01.559 6543 RALLYDEBUG rally.task.runner [-] Starting the constant runner (task UUID: ad1d8807-c5d8-424a-b746-7015833ad957). timeout: 0 concurrency: 4 concurrency_per_worker: 1 times: 10 concurrency_overhead: 0 processes_to_start: 4 max_cpu_used: 16
2019-08-05 09:06:01.570 7455 RALLYDEBUG rally.task.runner [-] Starting a worker. concurrency: 1 args: {"definition": [{"granularity": "0:00:01", "timespan": "1:00:00"}]} times: 10 method_name: run timeout: 0 duration: None cls:
2019-08-05 09:06:01.573 7456 RALLYDEBUG rally.task.runner [-] Starting a worker. concurrency: 1 args: {"definition": [{"granularity": "0:00:01", "timespan": "1:00:00"}]} times: 10 method_name: run timeout: 0 duration: None cls:
2019-08-05 09:06:01.574 7457 RALLYDEBUG rally.task.runner [-] Starting a worker. concurrency: 1 args: {"definition": [{"granularity": "0:00:01", "timespan": "1:00:00"}]} times: 10 method_name: run timeout: 0 duration: None cls:
2019-08-05 09:06:01.577 7455 INFO rally.task.runner [-] Task ad1d8807-c5d8-424a-b746-7015833ad957 | ITER: 1 START
2019-08-05 09:06:01.577 7458 RALLYDEBUG rally.task.runner [-] Starting a worker. concurrency: 1 args: {"definition": [{"granularity": "0:00:01", "timespan": "1:00:00"}]} times: 10 method_name: run timeout: 0 duration: None cls:
2019-08-05 09:06:01.579 7456 INFO rally.task.runner [-] Task ad1d8807-c5d8-424a-b746-7015833ad957 | ITER: 2 START
2019-08-05 09:06:01.581 7457 INFO rally.task.runner [-] Task ad1d8807-c5d8-424a-b746-7015833ad957 | ITER: 3 START
2019-08-05 09:06:01.583 7458 INFO rally.task.runner [-] Task ad1d8807-c5d8-424a-b746-7015833ad957 | ITER: 4 START
2019-08-05 09:06:02.624 7457 INFO rally.task.runner [-] Task ad1d8807-c5d8-424a-b746-7015833ad957 | ITER: 3 END: OK
2019-08-05 09:06:02.629 7457 INFO rally.task.runner [-] Task ad1d8807-c5d8-424a-b746-7015833ad957 | ITER: 5 START
2019-08-05 09:06:02.636 7456 INFO rally.task.runner [-] Task ad1d8807-c5d8-424a-b746-7015833ad957 | ITER: 2 END: OK
2019-08-05 09:06:02.640 7456 INFO rally.task.runner [-] Task ad1d8807-c5d8-424a-b746-7015833ad957 | ITER: 6 START
2019-08-05 09:06:02.648 7458 INFO rally.task.runner [-] Task ad1d8807-c5d8-424a-b746-7015833ad957 | ITER: 4 END: OK
2019-08-05 09:06:02.652 7458 INFO rally.task.runner [-] Task ad1d8807-c5d8-424a-b746-7015833ad957 | ITER: 7 START
2019-08-05 09:06:02.659 7455 INFO rally.task.runner [-] Task ad1d8807-c5d8-424a-b746-7015833ad957 | ITER: 1 END: OK
2019-08-05 09:06:02.662 7455 INFO rally.task.runner [-] Task ad1d8807-c5d8-424a-b746-7015833ad957 | ITER: 8 START
2019-08-05 09:06:03.622 7455 INFO rally.task.runner [-] Task ad1d8807-c5d8-424a-b746-7015833ad957 | ITER: 8 END: OK
2019-08-05 09:06:03.626 7455 INFO rally.task.runner [-] Task ad1d8807-c5d8-424a-b746-7015833ad957 | ITER: 9 START
2019-08-05 09:06:03.640 7456 INFO rally.task.runner [-] Task ad1d8807-c5d8-424a-b746-7015833ad957 | ITER: 6 END: OK
2019-08-05 09:06:03.643 7456 INFO rally.task.runner [-] Task ad1d8807-c5d8-424a-b746-7015833ad957 | ITER: 10 START
2019-08-05 09:06:03.658 7457 INFO rally.task.runner [-] Task ad1d8807-c5d8-424a-b746-7015833ad957 | ITER: 5 END: OK
2019-08-05 09:06:03.706 7458 INFO rally.task.runner [-] Task ad1d8807-c5d8-424a-b746-7015833ad957 | ITER: 7 END: OK
2019-08-05 09:06:04.670 7455 INFO rally.task.runner [-] Task ad1d8807-c5d8-424a-b746-7015833ad957 | ITER: 9 END: OK
2019-08-05 09:06:04.712 7456 INFO rally.task.runner [-] Task ad1d8807-c5d8-424a-b746-7015833ad957 | ITER: 10 END: OK
2019-08-05 09:06:04.733 6543 INFO rally.task.context [-] Task ad1d8807-c5d8-424a-b746-7015833ad957 | Context admin_cleanup@openstack cleanup() started
2019-08-05 09:06:04.735 6543 RALLYDEBUG rally_openstack.cleanup.manager [-] Cleaning up gnocchi archive_policy objects
