2019-08-04 22:03:46.472 26963 INFO rally.task.runner [-] Task 65d3f6f8-0f2c-4a44-b04c-ed746eba098f | ITER: 11 END: OK
2019-08-04 22:03:46.476 26963 INFO rally.task.runner [-] Task 65d3f6f8-0f2c-4a44-b04c-ed746eba098f | ITER: 39 START
2019-08-04 22:03:46.477 26963 WARNING rally_openstack.scenarios.neutron.utils [-] Running this scenario without either the 'network' or 'existing_network' context is deprecated
2019-08-04 22:03:46.905 26970 INFO rally.task.runner [-] Task 65d3f6f8-0f2c-4a44-b04c-ed746eba098f | ITER: 12 END: OK
2019-08-04 22:03:46.909 26970 INFO rally.task.runner [-] Task 65d3f6f8-0f2c-4a44-b04c-ed746eba098f | ITER: 40 START
2019-08-04 22:03:46.909 26970 WARNING rally_openstack.scenarios.neutron.utils [-] Running this scenario without either the 'network' or 'existing_network' context is deprecated
2019-08-04 22:03:56.230 26976 INFO rally.task.runner [-] Task 65d3f6f8-0f2c-4a44-b04c-ed746eba098f | ITER: 24 END: OK
2019-08-04 22:03:56.415 26951 INFO rally.task.runner [-] Task 65d3f6f8-0f2c-4a44-b04c-ed746eba098f | ITER: 29 END: OK
2019-08-04 22:03:56.508 26992 INFO rally.task.runner [-] Task 65d3f6f8-0f2c-4a44-b04c-ed746eba098f | ITER: 21 END: OK
2019-08-04 22:03:56.695 26980 INFO rally.task.runner [-] Task 65d3f6f8-0f2c-4a44-b04c-ed746eba098f | ITER: 25 END: OK
2019-08-04 22:03:56.772 26952 INFO rally.task.runner [-] Task 65d3f6f8-0f2c-4a44-b04c-ed746eba098f | ITER: 30 END: OK
2019-08-04 22:03:57.075 26960 INFO rally.task.runner [-] Task 65d3f6f8-0f2c-4a44-b04c-ed746eba098f | ITER: 23 END: OK
2019-08-04 22:03:57.154 26993 INFO rally.task.runner [-] Task 65d3f6f8-0f2c-4a44-b04c-ed746eba098f | ITER: 22 END: OK
2019-08-04 22:03:57.466 26957 INFO rally.task.runner [-] Task 65d3f6f8-0f2c-4a44-b04c-ed746eba098f | ITER: 28 END: OK
2019-08-04 22:03:57.920 26953 INFO rally.task.runner [-] Task 65d3f6f8-0f2c-4a44-b04c-ed746eba098f | ITER: 26 END: OK
2019-08-04 22:03:58.259 26954 INFO rally.task.runner [-] Task 65d3f6f8-0f2c-4a44-b04c-ed746eba098f | ITER: 35 END: OK
2019-08-04 22:03:58.453 26988 INFO rally.task.runner [-] Task 65d3f6f8-0f2c-4a44-b04c-ed746eba098f | ITER: 37 END: OK
2019-08-04 22:03:58.492 26953 INFO rally.task.runner [-] Task 65d3f6f8-0f2c-4a44-b04c-ed746eba098f | ITER: 38 END: OK
2019-08-04 22:03:58.505 26951 INFO rally.task.runner [-] Task 65d3f6f8-0f2c-4a44-b04c-ed746eba098f | ITER: 32 END: OK
2019-08-04 22:03:58.688 26952 INFO rally.task.runner [-] Task 65d3f6f8-0f2c-4a44-b04c-ed746eba098f | ITER: 27 END: OK
2019-08-04 22:03:58.817 26954 INFO rally.task.runner [-] Task 65d3f6f8-0f2c-4a44-b04c-ed746eba098f | ITER: 34 END: OK
2019-08-04 22:03:58.873 26978 INFO rally.task.runner [-] Task 65d3f6f8-0f2c-4a44-b04c-ed746eba098f | ITER: 36 END: OK
2019-08-04 22:03:58.984 26996 INFO rally.task.runner [-] Task 65d3f6f8-0f2c-4a44-b04c-ed746eba098f | ITER: 33 END: OK
2019-08-04 22:03:59.222 26970 INFO rally.task.runner [-] Task 65d3f6f8-0f2c-4a44-b04c-ed746eba098f | ITER: 40 END: OK
2019-08-04 22:03:59.263 26963 INFO rally.task.runner [-] Task 65d3f6f8-0f2c-4a44-b04c-ed746eba098f | ITER: 39 END: OK
2019-08-04 22:03:59.296 26973 INFO rally.task.runner [-] Task 65d3f6f8-0f2c-4a44-b04c-ed746eba098f | ITER: 31 END: OK
2019-08-04 22:03:59.324 22705 INFO rally.task.context [-] Task 65d3f6f8-0f2c-4a44-b04c-ed746eba098f | Context cleanup@openstack cleanup() started
2019-08-04 22:03:59.325 22705 RALLYDEBUG rally_openstack.cleanup.manager [-] Cleaning up neutron vip objects
2019-08-04 22:03:59.978 22705 RALLYDEBUG rally_openstack.cleanup.manager [-] Cleaning up neutron health_monitor objects
2019-08-04 22:04:00.612 22705 RALLYDEBUG rally_openstack.cleanup.manager [-] Cleaning up neutron pool objects
2019-08-04 22:04:01.351 22705 RALLYDEBUG rally_openstack.cleanup.manager [-] Cleaning up neutron loadbalancer objects
2019-08-04 22:04:02.099 22705 RALLYDEBUG rally_openstack.cleanup.manager [-] Cleaning up neutron floatingip objects
2019-08-04 22:04:02.863 22705 RALLYDEBUG rally_openstack.cleanup.manager [-] Cleaning up neutron port objects
2019-08-04 22:04:03.549 22705 RALLYDEBUG rally_openstack.cleanup.manager [-] Cleaning up neutron subnet objects
2019-08-04 22:04:04.327 22705 RALLYDEBUG rally_openstack.cleanup.manager [-] Cleaning up neutron network objects
2019-08-04 22:04:05.283 22705 RALLYDEBUG rally_openstack.cleanup.manager [-] Deleting neutron.network object s_rally_83f98916_2qN8az3H (073fdb94-9c47-4f9b-afe4-cdb9e7596bb8)
2019-08-04 22:04:05.284 22705 RALLYDEBUG rally_openstack.cleanup.manager [-] Deleting neutron.network object s_rally_83f98916_1Yp3WRWu (115e090e-e125-4f56-8b4d-63cfab0941c7)
2019-08-04 22:04:05.288 22705 RALLYDEBUG rally_openstack.cleanup.manager [-] Deleting neutron.network object s_rally_83f98916_Qq0MCs72 (2967ef13-c8cf-4bdf-8daa-1a5c7f29f7dd)
2019-08-04 22:04:05.292 22705 RALLYDEBUG rally_openstack.cleanup.manager [-] Deleting neutron.network object s_rally_83f98916_0HkDZk9P (0f0fe621-eae6-42b3-bf89-0ff9900f3e66)
2019-08-04 22:04:05.297 22705 RALLYDEBUG rally_openstack.cleanup.manager [-] Deleting neutron.network object s_rally_83f98916_wlLKX6tS (34cbd901-1d07-4d7c-8749-0ba754d8107b)
2019-08-04 22:04:05.298 22705 RALLYDEBUG rally_openstack.cleanup.manager [-] Deleting neutron.network object s_rally_83f98916_TTrm2Hdy (0e212945-8ac5-41a2-af17-3584718e1b39)
2019-08-04 22:04:05.300 22705 RALLYDEBUG rally_openstack.cleanup.manager [-] Deleting neutron.network object s_rally_83f98916_lMWJ4iPo (07e94469-53de-42aa-b97c-05025a93e214)
2019-08-04 22:04:05.301 22705 RALLYDEBUG rally_openstack.cleanup.manager [-] Deleting neutron.network object s_rally_83f98916_9FVc8XRG (36783874-bb4c-48f1-9cf2-e3198b190fb3)
2019-08-04 22:04:05.315 22705 RALLYDEBUG rally_openstack.cleanup.manager [-] Deleting neutron.network object s_rally_83f98916_ENfB3P7N (3d117f69-639e-4905-8741-707d7e192a2f)
2019-08-04 22:04:05.316 22705 RALLYDEBUG rally_openstack.cleanup.manager [-] Deleting neutron.network object s_rally_83f98916_BmiF1TyB (1827d577-27de-4d64-ac55-f9181593124e)
2019-08-04 22:04:05.316 22705 RALLYDEBUG rally_openstack.cleanup.manager [-] Deleting neutron.network object s_rally_83f98916_xEtKxMrq (16f218a3-ac86-4a74-b792-a4c5b427e638)
2019-08-04 22:04:05.329 22705 RALLYDEBUG rally_openstack.cleanup.manager [-] Deleting neutron.network object s_rally_83f98916_ntNgzUGQ (417a6d07-34fa-4435-8db0-b7f5f4d580b9)
2019-08-04 22:04:05.347 22705 RALLYDEBUG rally_openstack.cleanup.manager [-] Deleting neutron.network object s_rally_83f98916_wHd8GB4T (50217526-acc0-411b-8c18-b421ad6d4bc2)
2019-08-04 22:04:05.357 22705 RALLYDEBUG rally_openstack.cleanup.manager [-] Deleting neutron.network object s_rally_83f98916_kbvjl1rt (60138af5-6c43-41f4-bc86-518d659f4a14)
2019-08-04 22:04:05.364 22705 RALLYDEBUG rally_openstack.cleanup.manager [-] Deleting neutron.network object s_rally_83f98916_IWutM7mk (54433c44-dd67-4fa5-a30c-b26e97df5021)
2019-08-04 22:04:05.369 22705 RALLYDEBUG rally_openstack.cleanup.manager [-] Deleting neutron.network object s_rally_83f98916_BlGHzrv2 (6bbd7fc3-602f-4447-ac88-2ec6d9754b7e)
2019-08-04 22:04:05.406 22705 RALLYDEBUG rally_openstack.cleanup.manager [-] Deleting neutron.network object s_rally_83f98916_udxUBxfX (7e227172-f3ec-4e9c-82fd-fdaad3cf4ca1)
2019-08-04 22:04:05.407 22705 RALLYDEBUG rally_openstack.cleanup.manager [-] Deleting neutron.network object s_rally_83f98916_8ekJm8wT (6c234ac6-f7de-4f0a-aa82-d5515c8a7aca)
2019-08-04 22:04:05.410 22705 RALLYDEBUG rally_openstack.cleanup.manager [-] Deleting neutron.network object s_rally_83f98916_STf1Y9yC (7e2acce5-a020-4d8e-b799-1f9c2c412ea8)
2019-08-04 22:04:05.411 22705 RALLYDEBUG rally_openstack.cleanup.manager [-] Deleting neutron.network object s_rally_83f98916_XI5SJucT (79ab0c64-8729-48de-85f0-dca88267a16f)
2019-08-04 22:04:07.958 22705 RALLYDEBUG rally_openstack.cleanup.manager [-] Deleting neutron.network object s_rally_83f98916_ubspv7DG (874e4c4e-44a7-4b74-a9ff-d61e9f8cb598)
2019-08-04 22:04:08.265 22705 RALLYDEBUG rally_openstack.cleanup.manager [-] Deleting neutron.network object s_rally_83f98916_4ODuhC4k (90a48861-9fa9-4061-a200-63cbc532f077)
2019-08-04 22:04:08.293 22705 RALLYDEBUG rally_openstack.cleanup.manager [-] Deleting neutron.network object s_rally_83f98916_C4p9t8Hs (90c866ef-35d1-4dce-baf1-3888867857a0)
2019-08-04 22:04:08.299 22705 RALLYDEBUG rally_openstack.cleanup.manager [-] Deleting neutron.network object s_rally_83f98916_8OKI1xIl (9734428d-5418-4eba-8329-cb88eca4f1c0)
2019-08-04 22:04:08.398 22705 RALLYDEBUG rally_openstack.cleanup.manager [-] Deleting neutron.network object s_rally_83f98916_vTL9VEC9 (9d6eb9e3-6d7f-4d09-99cd-4d771fa51d06)
2019-08-04 22:04:08.412 22705 RALLYDEBUG rally_openstack.cleanup.manager [-] Deleting neutron.network object s_rally_83f98916_3mOBf0KZ (9ede2f73-eb30-4270-a5a3-bcc17b7cd70e)
2019-08-04 22:04:08.423 22705 RALLYDEBUG rally_openstack.cleanup.manager [-] Deleting neutron.network object s_rally_83f98916_8xlefkk5 (a277600d-dc9d-43e5-a947-689591b4af31)
2019-08-04 22:04:08.470 22705 RALLYDEBUG rally_openstack.cleanup.manager [-] Deleting neutron.network object s_rally_83f98916_xQzFbyTI (a4904a45-3573-4f3d-82ca-d0e14fd5c40d)
2019-08-04 22:04:08.515 22705 RALLYDEBUG rally_openstack.cleanup.manager [-] Deleting neutron.network object s_rally_83f98916_IAIwSrej (a833757e-c8fc-40c8-b2c5-f3c147fb2989)
2019-08-04 22:04:08.545 22705 RALLYDEBUG rally_openstack.cleanup.manager [-] Deleting neutron.network object s_rally_83f98916_tBdLa6xL (af5efc28-b075-4331-97f5-28a4ab9b430b)
2019-08-04 22:04:08.569 22705 RALLYDEBUG rally_openstack.cleanup.manager [-] Deleting neutron.network object s_rally_83f98916_UATfEqZB (bec928ad-ca5c-4d7b-9feb-c101bb6642a5)
2019-08-04 22:04:08.743 22705 RALLYDEBUG rally_openstack.cleanup.manager [-] Deleting neutron.network object s_rally_83f98916_HY0CKUfr (c142cd17-c3c3-40fd-836d-37aa321affab)
2019-08-04 22:04:08.791 22705 RALLYDEBUG rally_openstack.cleanup.manager [-] Deleting neutron.network object s_rally_83f98916_dR4V61jt (c6ff6e26-e2ae-4652-9231-fd9f9c9068e7)
2019-08-04 22:04:08.950 22705 RALLYDEBUG rally_openstack.cleanup.manager [-] Deleting neutron.network object s_rally_83f98916_n6HiGtsO (cd5eaea1-e59a-4a36-8e78-cb74b8967150)
2019-08-04 22:04:08.974 22705 RALLYDEBUG rally_openstack.cleanup.manager [-] Deleting neutron.network object s_rally_83f98916_ncrfvYTM (dc37a111-71bb-4512-973d-9efb79ba9b46)
2019-08-04 22:04:09.018 22705 RALLYDEBUG rally_openstack.cleanup.manager [-] Deleting neutron.network object s_rally_83f98916_PJ3fuv0c (deeeb424-59d1-4642-bbf1-bdebbf14e16f)
2019-08-04 22:04:09.023 22705 RALLYDEBUG rally_openstack.cleanup.manager [-] Deleting neutron.network object s_rally_83f98916_BPAkSvxN (ea98bd1a-e283-401f-bc54-487019c45089)
2019-08-04 22:04:09.029 22705 RALLYDEBUG rally_openstack.cleanup.manager [-] Deleting neutron.network object s_rally_83f98916_OyDdVqL2 (f4d54710-a20d-4821-ac7d-f65d407e405d)
2019-08-04 22:04:09.353 22705 RALLYDEBUG rally_openstack.cleanup.manager [-] Deleting neutron.network object s_rally_83f98916_S9pedZh6 (fd955608-4ec1-4022-8b1f-9ff14efa794f)
2019-08-04 22:04:09.353 22705 RALLYDEBUG rally_openstack.cleanup.manager [-] Deleting neutron.network object s_rally_83f98916_fhlavnGO (fee60f90-2429-4b51-bbe7-b2132080173d)
2019-08-04 22:04:12.663 22705 RALLYDEBUG rally_openstack.cleanup.manager [-] Cleaning up neutron router objects
2019-08-04 22:04:13.464 22705 RALLYDEBUG rally_openstack.cleanup.manager [-] Cleaning up neutron security_group objects
2019-08-04 22:04:14.227 22705 INFO rally.task.context [-] Task 65d3f6f8-0f2c-4a44-b04c-ed746eba098f | Context cleanup@openstack cleanup() finished in 14.90 sec
2019-08-04 22:04:14.227 22705 INFO rally.task.context [-] Task 65d3f6f8-0f2c-4a44-b04c-ed746eba098f | Context quotas@openstack cleanup() started
2019-08-04 22:04:14.483 22705 INFO rally.task.context [-] Task 65d3f6f8-0f2c-4a44-b04c-ed746eba098f | Context quotas@openstack cleanup() finished in 0.26 sec
2019-08-04 22:04:14.483 22705 INFO rally.task.context [-] Task 65d3f6f8-0f2c-4a44-b04c-ed746eba098f | Context users@openstack cleanup() started
2019-08-04 22:04:19.791 22705 INFO rally.task.context [-] Task 65d3f6f8-0f2c-4a44-b04c-ed746eba098f | Context users@openstack cleanup() finished in 5.31 sec
2019-08-04 22:04:21.203 22705 INFO rally.task.engine [-] Load duration is: 30.710344
2019-08-04 22:04:21.204 22705 INFO rally.task.engine [-] Full runner duration is: 30.757391
2019-08-04 22:04:21.204 22705 INFO rally.task.engine [-] Full duration is: 56.770991
2019-08-04 22:04:21.517 22705 INFO rally.task.engine [-] Running workload: position = 0 config = { "version": 2, "title": "A cropped version of a bigger task.", "description": "Auto-generated task from a single workload (uuid=a15b5fbc-737b-4ccf-aacf-60f65d3fbd8b)", "subtasks": [ { "title": "Quotas.neutron_update", "description": "Update quotas for neutron.", "scenario": { "Quotas.neutron_update": { "max_quota": 1024 } }, "contexts": { "users": { "tenants": 20, "users_per_tenant": 1 } }, "runner": { "constant": { "times": 40, "concurrency": 20 } }, "hooks": [], "sla": { "failure_rate": { "max": 0 } } } ] }
2019-08-04 22:04:21.538 22705 RALLYDEBUG rally_openstack.contexts.keystone.users [-] Creating 20 tenants using 20 threads
2019-08-04 22:04:24.276 22705 RALLYDEBUG rally_openstack.contexts.keystone.users [-] Creating 20 users using 20 threads
2019-08-04 22:04:27.861 22705 INFO rally.task.context [-] Task 65d3f6f8-0f2c-4a44-b04c-ed746eba098f | Context users@openstack setup() finished in 6.32 sec
2019-08-04 22:04:27.862 22705 INFO rally.task.context [-] Task 65d3f6f8-0f2c-4a44-b04c-ed746eba098f | Context admin_cleanup@openstack setup() finished in 0.00 msec
2019-08-04 22:04:27.870 22705 RALLYDEBUG rally.task.runner [-] Starting the constant runner (task UUID: 65d3f6f8-0f2c-4a44-b04c-ed746eba098f). timeout: 0 concurrency: 20 concurrency_per_worker: 1 times: 40 concurrency_overhead: 4 processes_to_start: 16 max_cpu_used: 16
2019-08-04 22:04:27.883 27321 RALLYDEBUG rally.task.runner [-] Starting a worker. concurrency: 2 args: {"max_quota": 1024} times: 40 method_name: run timeout: 0 duration: None cls:
2019-08-04 22:04:27.885 27322 RALLYDEBUG rally.task.runner [-] Starting a worker. concurrency: 2 args: {"max_quota": 1024} times: 40 method_name: run timeout: 0 duration: None cls:
2019-08-04 22:04:27.890 27323 RALLYDEBUG rally.task.runner [-] Starting a worker. concurrency: 2 args: {"max_quota": 1024} times: 40 method_name: run timeout: 0 duration: None cls:
2019-08-04 22:04:27.893 27322 INFO rally.task.runner [-] Task 65d3f6f8-0f2c-4a44-b04c-ed746eba098f | ITER: 2 START
2019-08-04 22:04:27.893 27324 RALLYDEBUG rally.task.runner [-] Starting a worker. concurrency: 2 args: {"max_quota": 1024} times: 40 method_name: run timeout: 0 duration: None cls:
2019-08-04 22:04:27.895 27325 RALLYDEBUG rally.task.runner [-] Starting a worker. concurrency: 1 args: {"max_quota": 1024} times: 40 method_name: run timeout: 0 duration: None cls:
2019-08-04 22:04:27.899 27321 INFO rally.task.runner [-] Task 65d3f6f8-0f2c-4a44-b04c-ed746eba098f | ITER: 1 START
2019-08-04 22:04:27.901 27325 INFO rally.task.runner [-] Task 65d3f6f8-0f2c-4a44-b04c-ed746eba098f | ITER: 7 START
2019-08-04 22:04:27.903 27321 INFO rally.task.runner [-] Task 65d3f6f8-0f2c-4a44-b04c-ed746eba098f | ITER: 5 START
2019-08-04 22:04:27.904 27330 RALLYDEBUG rally.task.runner [-] Starting a worker. concurrency: 1 args: {"max_quota": 1024} times: 40 method_name: run timeout: 0 duration: None cls:
2019-08-04 22:04:27.907 27324 INFO rally.task.runner [-] Task 65d3f6f8-0f2c-4a44-b04c-ed746eba098f | ITER: 6 START
2019-08-04 22:04:27.908 27337 RALLYDEBUG rally.task.runner [-] Starting a worker. concurrency: 1 args: {"max_quota": 1024} times: 40 method_name: run timeout: 0 duration: None cls:
2019-08-04 22:04:27.907 27323 INFO rally.task.runner [-] Task 65d3f6f8-0f2c-4a44-b04c-ed746eba098f | ITER: 4 START
2019-08-04 22:04:27.911 27322 INFO rally.task.runner [-] Task 65d3f6f8-0f2c-4a44-b04c-ed746eba098f | ITER: 3 START
2019-08-04 22:04:27.913 27340 RALLYDEBUG rally.task.runner [-] Starting a worker. concurrency: 1 args: {"max_quota": 1024} times: 40 method_name: run timeout: 0 duration: None cls:
2019-08-04 22:04:27.915 27324 INFO rally.task.runner [-] Task 65d3f6f8-0f2c-4a44-b04c-ed746eba098f | ITER: 9 START
2019-08-04 22:04:27.915 27330 INFO rally.task.runner [-] Task 65d3f6f8-0f2c-4a44-b04c-ed746eba098f | ITER: 10 START
2019-08-04 22:04:27.916 27323 INFO rally.task.runner [-] Task 65d3f6f8-0f2c-4a44-b04c-ed746eba098f | ITER: 8 START
2019-08-04 22:04:27.920 27337 INFO rally.task.runner [-] Task 65d3f6f8-0f2c-4a44-b04c-ed746eba098f | ITER: 11 START
2019-08-04 22:04:27.921 27340 INFO rally.task.runner [-] Task 65d3f6f8-0f2c-4a44-b04c-ed746eba098f | ITER: 12 START
2019-08-04 22:04:27.923 27348 RALLYDEBUG rally.task.runner [-] Starting a worker. concurrency: 1 args: {"max_quota": 1024} times: 40 method_name: run timeout: 0 duration: None cls:
2019-08-04 22:04:27.928 27351 RALLYDEBUG rally.task.runner [-] Starting a worker. concurrency: 1 args: {"max_quota": 1024} times: 40 method_name: run timeout: 0 duration: None cls:
2019-08-04 22:04:27.927 27343 RALLYDEBUG rally.task.runner [-] Starting a worker. concurrency: 1 args: {"max_quota": 1024} times: 40 method_name: run timeout: 0 duration: None cls:
2019-08-04 22:04:27.932 27348 INFO rally.task.runner [-] Task 65d3f6f8-0f2c-4a44-b04c-ed746eba098f | ITER: 13 START
2019-08-04 22:04:27.936 27351 INFO rally.task.runner [-] Task 65d3f6f8-0f2c-4a44-b04c-ed746eba098f | ITER: 14 START
2019-08-04 22:04:27.939 27343 INFO rally.task.runner [-] Task 65d3f6f8-0f2c-4a44-b04c-ed746eba098f | ITER: 15 START
2019-08-04 22:04:27.940 27352 RALLYDEBUG rally.task.runner [-] Starting a worker. concurrency: 1 args: {"max_quota": 1024} times: 40 method_name: run timeout: 0 duration: None cls:
2019-08-04 22:04:27.944 27355 RALLYDEBUG rally.task.runner [-] Starting a worker. concurrency: 1 args: {"max_quota": 1024} times: 40 method_name: run timeout: 0 duration: None cls:
2019-08-04 22:04:27.945 27360 RALLYDEBUG rally.task.runner [-] Starting a worker. concurrency: 1 args: {"max_quota": 1024} times: 40 method_name: run timeout: 0 duration: None cls:
2019-08-04 22:04:27.950 27352 INFO rally.task.runner [-] Task 65d3f6f8-0f2c-4a44-b04c-ed746eba098f | ITER: 16 START
2019-08-04 22:04:27.950 27360 INFO rally.task.runner [-] Task 65d3f6f8-0f2c-4a44-b04c-ed746eba098f | ITER: 18 START
2019-08-04 22:04:27.953 27355 INFO rally.task.runner [-] Task 65d3f6f8-0f2c-4a44-b04c-ed746eba098f | ITER: 17 START
2019-08-04 22:04:27.953 27361 RALLYDEBUG rally.task.runner [-] Starting a worker. concurrency: 1 args: {"max_quota": 1024} times: 40 method_name: run timeout: 0 duration: None cls:
2019-08-04 22:04:27.960 27361 INFO rally.task.runner [-] Task 65d3f6f8-0f2c-4a44-b04c-ed746eba098f | ITER: 19 START
2019-08-04 22:04:27.960 27366 RALLYDEBUG rally.task.runner [-] Starting a worker. concurrency: 1 args: {"max_quota": 1024} times: 40 method_name: run timeout: 0 duration: None cls:
2019-08-04 22:04:27.967 27366 INFO rally.task.runner [-] Task 65d3f6f8-0f2c-4a44-b04c-ed746eba098f | ITER: 20 START
2019-08-04 22:04:30.590 27325 INFO rally.task.runner [-] Task 65d3f6f8-0f2c-4a44-b04c-ed746eba098f | ITER: 7 END: OK
2019-08-04 22:04:30.597 27325 INFO rally.task.runner [-] Task 65d3f6f8-0f2c-4a44-b04c-ed746eba098f | ITER: 21 START
2019-08-04 22:04:30.815 27324 INFO rally.task.runner [-] Task 65d3f6f8-0f2c-4a44-b04c-ed746eba098f | ITER: 6 END: OK
2019-08-04 22:04:30.822 27324 INFO rally.task.runner [-] Task 65d3f6f8-0f2c-4a44-b04c-ed746eba098f | ITER: 22 START
2019-08-04 22:04:30.831 27330 INFO rally.task.runner [-] Task 65d3f6f8-0f2c-4a44-b04c-ed746eba098f | ITER: 10 END: OK
2019-08-04 22:04:30.836 27330 INFO rally.task.runner [-] Task 65d3f6f8-0f2c-4a44-b04c-ed746eba098f | ITER: 23 START
2019-08-04 22:04:30.849 27361 INFO rally.task.runner [-] Task 65d3f6f8-0f2c-4a44-b04c-ed746eba098f | ITER: 19 END: OK
2019-08-04 22:04:30.853 27361 INFO rally.task.runner [-] Task 65d3f6f8-0f2c-4a44-b04c-ed746eba098f | ITER: 24 START
2019-08-04 22:04:30.873 27323 INFO rally.task.runner [-] Task 65d3f6f8-0f2c-4a44-b04c-ed746eba098f | ITER: 8 END: OK
2019-08-04 22:04:30.879 27323 INFO rally.task.runner [-] Task 65d3f6f8-0f2c-4a44-b04c-ed746eba098f | ITER: 25 START
2019-08-04 22:04:30.886 27352 INFO rally.task.runner [-] Task 65d3f6f8-0f2c-4a44-b04c-ed746eba098f | ITER: 16 END: OK
2019-08-04 22:04:30.891 27352 INFO rally.task.runner [-] Task 65d3f6f8-0f2c-4a44-b04c-ed746eba098f | ITER: 26 START
2019-08-04 22:04:30.896 27321 INFO rally.task.runner [-] Task 65d3f6f8-0f2c-4a44-b04c-ed746eba098f | ITER: 5 END: OK
2019-08-04 22:04:30.903 27321 INFO rally.task.runner [-] Task 65d3f6f8-0f2c-4a44-b04c-ed746eba098f | ITER: 27 START
2019-08-04 22:04:30.912 27351 INFO rally.task.runner [-] Task 65d3f6f8-0f2c-4a44-b04c-ed746eba098f | ITER: 14 END: OK
2019-08-04 22:04:30.917 27351 INFO rally.task.runner [-] Task 65d3f6f8-0f2c-4a44-b04c-ed746eba098f | ITER: 28 START
2019-08-04 22:04:30.938 27324 INFO rally.task.runner [-] Task 65d3f6f8-0f2c-4a44-b04c-ed746eba098f | ITER: 9 END: OK
2019-08-04 22:04:30.944 27324 INFO rally.task.runner [-] Task 65d3f6f8-0f2c-4a44-b04c-ed746eba098f | ITER: 29 START
2019-08-04 22:04:30.958 27340 INFO rally.task.runner [-] Task 65d3f6f8-0f2c-4a44-b04c-ed746eba098f | ITER: 12 END: OK
2019-08-04 22:04:30.964 27340 INFO rally.task.runner [-] Task 65d3f6f8-0f2c-4a44-b04c-ed746eba098f | ITER: 30 START
2019-08-04 22:04:30.975 27322 INFO rally.task.runner [-] Task 65d3f6f8-0f2c-4a44-b04c-ed746eba098f | ITER: 3 END: OK
2019-08-04 22:04:30.981 27322 INFO rally.task.runner [-] Task 65d3f6f8-0f2c-4a44-b04c-ed746eba098f | ITER: 31 START
2019-08-04 22:04:30.989 27366 INFO rally.task.runner [-] Task 65d3f6f8-0f2c-4a44-b04c-ed746eba098f | ITER: 20 END: OK
2019-08-04 22:04:30.995 27366 INFO rally.task.runner [-] Task 65d3f6f8-0f2c-4a44-b04c-ed746eba098f | ITER: 32 START
2019-08-04 22:04:31.017 27348 INFO rally.task.runner [-] Task 65d3f6f8-0f2c-4a44-b04c-ed746eba098f | ITER: 13 END: OK
2019-08-04 22:04:31.022 27348 INFO rally.task.runner [-] Task 65d3f6f8-0f2c-4a44-b04c-ed746eba098f | ITER: 33 START
2019-08-04 22:04:31.039 27323 INFO rally.task.runner [-] Task 65d3f6f8-0f2c-4a44-b04c-ed746eba098f | ITER: 4 END: OK
2019-08-04 22:04:31.043 27323 INFO rally.task.runner [-] Task 65d3f6f8-0f2c-4a44-b04c-ed746eba098f | ITER: 34 START
2019-08-04 22:04:31.065 27355 INFO rally.task.runner [-] Task 65d3f6f8-0f2c-4a44-b04c-ed746eba098f | ITER: 17 END: OK
2019-08-04 22:04:31.070 27355 INFO rally.task.runner [-] Task 65d3f6f8-0f2c-4a44-b04c-ed746eba098f | ITER: 35 START
2019-08-04 22:04:31.078 27343 INFO rally.task.runner [-] Task 65d3f6f8-0f2c-4a44-b04c-ed746eba098f | ITER: 15 END: OK
2019-08-04 22:04:31.083 27343 INFO rally.task.runner [-] Task 65d3f6f8-0f2c-4a44-b04c-ed746eba098f | ITER: 36 START
2019-08-04 22:04:31.089 27360 INFO rally.task.runner [-] Task 65d3f6f8-0f2c-4a44-b04c-ed746eba098f | ITER: 18 END: OK
2019-08-04 22:04:31.095 27360 INFO rally.task.runner [-] Task 65d3f6f8-0f2c-4a44-b04c-ed746eba098f | ITER: 37 START
2019-08-04 22:04:31.101 27322 INFO rally.task.runner [-] Task 65d3f6f8-0f2c-4a44-b04c-ed746eba098f | ITER: 2 END: OK
2019-08-04 22:04:31.106 27322 INFO rally.task.runner [-] Task 65d3f6f8-0f2c-4a44-b04c-ed746eba098f | ITER: 38 START
2019-08-04 22:04:31.114 27337 INFO rally.task.runner [-] Task 65d3f6f8-0f2c-4a44-b04c-ed746eba098f | ITER: 11 END: OK
2019-08-04 22:04:31.119 27337 INFO rally.task.runner [-] Task 65d3f6f8-0f2c-4a44-b04c-ed746eba098f | ITER: 39 START
2019-08-04 22:04:31.126 27321 INFO rally.task.runner [-] Task 65d3f6f8-0f2c-4a44-b04c-ed746eba098f | ITER: 1 END: OK
2019-08-04 22:04:31.132 27321 INFO rally.task.runner [-] Task 65d3f6f8-0f2c-4a44-b04c-ed746eba098f | ITER: 40 START
2019-08-04 22:04:31.486 27325 INFO rally.task.runner [-] Task 65d3f6f8-0f2c-4a44-b04c-ed746eba098f | ITER: 21 END: OK
2019-08-04 22:04:31.932 27324 INFO rally.task.runner [-] Task 65d3f6f8-0f2c-4a44-b04c-ed746eba098f | ITER: 22 END: OK
2019-08-04 22:04:32.669 27330 INFO rally.task.runner [-] Task 65d3f6f8-0f2c-4a44-b04c-ed746eba098f | ITER: 23 END: OK
2019-08-04 22:04:32.843 27352 INFO rally.task.runner [-] Task 65d3f6f8-0f2c-4a44-b04c-ed746eba098f | ITER: 26 END: OK
2019-08-04 22:04:33.159 27351 INFO rally.task.runner [-] Task 65d3f6f8-0f2c-4a44-b04c-ed746eba098f | ITER: 28 END: OK
2019-08-04 22:04:33.249 27324 INFO rally.task.runner [-] Task 65d3f6f8-0f2c-4a44-b04c-ed746eba098f | ITER: 29 END: OK
2019-08-04 22:04:33.273 27323 INFO rally.task.runner [-] Task 65d3f6f8-0f2c-4a44-b04c-ed746eba098f | ITER: 25 END: OK
2019-08-04 22:04:33.348 27355 INFO rally.task.runner [-] Task 65d3f6f8-0f2c-4a44-b04c-ed746eba098f | ITER: 35 END: OK
2019-08-04 22:04:33.393 27322 INFO rally.task.runner [-] Task 65d3f6f8-0f2c-4a44-b04c-ed746eba098f | ITER: 31 END: OK
2019-08-04 22:04:33.404 27321 INFO rally.task.runner [-] Task 65d3f6f8-0f2c-4a44-b04c-ed746eba098f | ITER: 27 END: OK
2019-08-04 22:04:33.416 27323 INFO rally.task.runner [-] Task 65d3f6f8-0f2c-4a44-b04c-ed746eba098f | ITER: 34 END: OK
2019-08-04 22:04:33.439 27361 INFO rally.task.runner [-] Task 65d3f6f8-0f2c-4a44-b04c-ed746eba098f | ITER: 24 END: OK
2019-08-04 22:04:33.454 27366 INFO rally.task.runner [-] Task 65d3f6f8-0f2c-4a44-b04c-ed746eba098f | ITER: 32 END: OK
2019-08-04 22:04:33.502 27360 INFO rally.task.runner [-] Task 65d3f6f8-0f2c-4a44-b04c-ed746eba098f | ITER: 37 END: OK
2019-08-04 22:04:33.537 27343 INFO rally.task.runner [-] Task 65d3f6f8-0f2c-4a44-b04c-ed746eba098f | ITER: 36 END: OK
2019-08-04 22:04:33.555 27348 INFO rally.task.runner [-] Task 65d3f6f8-0f2c-4a44-b04c-ed746eba098f | ITER: 33 END: OK
2019-08-04 22:04:33.575 27321 INFO rally.task.runner [-] Task 65d3f6f8-0f2c-4a44-b04c-ed746eba098f | ITER: 40 END: OK
2019-08-04 22:04:33.592 27340 INFO rally.task.runner [-] Task 65d3f6f8-0f2c-4a44-b04c-ed746eba098f | ITER: 30 END: OK
2019-08-04 22:04:33.597 27322 INFO rally.task.runner [-] Task 65d3f6f8-0f2c-4a44-b04c-ed746eba098f | ITER: 38 END: OK
2019-08-04 22:04:33.608 27337 INFO rally.task.runner [-] Task 65d3f6f8-0f2c-4a44-b04c-ed746eba098f | ITER: 39 END: OK
2019-08-04 22:04:33.636 22705 INFO rally.task.context [-] Task 65d3f6f8-0f2c-4a44-b04c-ed746eba098f | Context admin_cleanup@openstack cleanup() started
2019-08-04 22:04:33.639 22705 RALLYDEBUG rally_openstack.cleanup.manager [-] Cleaning up neutron quota objects
2019-08-04 22:04:38.092 22705 INFO rally.task.context [-] Task 65d3f6f8-0f2c-4a44-b04c-ed746eba098f | Context admin_cleanup@openstack cleanup() finished in 4.46 sec
2019-08-04 22:04:38.093 22705 INFO rally.task.context [-] Task 65d3f6f8-0f2c-4a44-b04c-ed746eba098f | Context users@openstack cleanup() started
2019-08-04 22:05:09.606 22705 INFO rally.task.context [-] Task 65d3f6f8-0f2c-4a44-b04c-ed746eba098f | Context users@openstack cleanup() finished in 31.51 sec
2019-08-04 22:05:09.746 22705 INFO rally.task.engine [-] Load duration is: 5.713344
2019-08-04 22:05:09.746 22705 INFO rally.task.engine [-] Full runner duration is: 5.767639
2019-08-04 22:05:09.746 22705 INFO rally.task.engine [-] Full duration is: 48.071397
2019-08-04 22:05:10.020 22705 INFO rally.task.engine [-] Running workload: position = 0 config = { "version": 2, "title": "A cropped version of a bigger task.", "description": "Auto-generated task from a single workload (uuid=2d7a35a9-bf85-4921-a5a8-301e436ee52b)", "subtasks": [ { "title": "NeutronTrunks.create_and_list_trunk_subports", "description": "", "scenario": { "NeutronTrunks.create_and_list_trunk_subports": { "subport_count": 125 } }, "contexts": { "users": { "tenants": 1, "users_per_tenant": 1 }, "quotas": { "neutron": { "network": -1, "port": 1000 } } }, "runner": { "constant": { "times": 4, "concurrency": 4 } }, "hooks": [], "sla": { "failure_rate": { "max": 0 } } } ] }
2019-08-04 22:05:10.043 22705 RALLYDEBUG rally_openstack.contexts.keystone.users [-] Creating 1 tenants using 20 threads
2019-08-04 22:05:11.629 22705 RALLYDEBUG rally_openstack.contexts.keystone.users [-] Creating 1 users using 20 threads
2019-08-04 22:05:14.390 22705 INFO rally.task.context [-] Task 65d3f6f8-0f2c-4a44-b04c-ed746eba098f | Context users@openstack setup() finished in 4.35 sec
2019-08-04 22:05:15.266 22705 INFO rally.task.context [-] Task 65d3f6f8-0f2c-4a44-b04c-ed746eba098f | Context quotas@openstack setup() finished in 0.88 sec
2019-08-04 22:05:15.266 22705 INFO rally.task.context [-] Task 65d3f6f8-0f2c-4a44-b04c-ed746eba098f | Context cleanup@openstack setup() finished in 0.00 msec
2019-08-04 22:05:15.273 22705 RALLYDEBUG rally.task.runner [-] Starting the constant runner (task UUID: 65d3f6f8-0f2c-4a44-b04c-ed746eba098f). timeout: 0 concurrency: 4 concurrency_per_worker: 1 times: 4 concurrency_overhead: 0 processes_to_start: 4 max_cpu_used: 16
2019-08-04 22:05:15.289 27511 RALLYDEBUG rally.task.runner [-] Starting a worker. concurrency: 1 args: {"subport_count": 125} times: 4 method_name: run timeout: 0 duration: None cls:
2019-08-04 22:05:15.290 27512 RALLYDEBUG rally.task.runner [-] Starting a worker. concurrency: 1 args: {"subport_count": 125} times: 4 method_name: run timeout: 0 duration: None cls:
2019-08-04 22:05:15.291 27513 RALLYDEBUG rally.task.runner [-] Starting a worker. concurrency: 1 args: {"subport_count": 125} times: 4 method_name: run timeout: 0 duration: None cls:
2019-08-04 22:05:15.294 27514 RALLYDEBUG rally.task.runner [-] Starting a worker. concurrency: 1 args: {"subport_count": 125} times: 4 method_name: run timeout: 0 duration: None cls:
2019-08-04 22:05:15.296 27512 INFO rally.task.runner [-] Task 65d3f6f8-0f2c-4a44-b04c-ed746eba098f | ITER: 2 START
2019-08-04 22:05:15.296 27511 INFO rally.task.runner [-] Task 65d3f6f8-0f2c-4a44-b04c-ed746eba098f | ITER: 1 START
2019-08-04 22:05:15.296 27513 INFO rally.task.runner [-] Task 65d3f6f8-0f2c-4a44-b04c-ed746eba098f | ITER: 3 START
2019-08-04 22:05:15.301 27514 INFO rally.task.runner [-] Task 65d3f6f8-0f2c-4a44-b04c-ed746eba098f | ITER: 4 START
2019-08-04 22:07:59.149 27512 WARNING rally.task.atomic [-] 'optional_action_timer' is deprecated since rally v0.10.0.Please use action_timer instead, we have improved atomic actions, now do not need to explicitly close original action.
2019-08-04 22:07:59.189 27512 WARNING rally.task.atomic [-] 'optional_action_timer' is deprecated since rally v0.10.0.Please use action_timer instead, we have improved atomic actions, now do not need to explicitly close original action.
2019-08-04 22:07:59.778 27512 INFO rally.task.runner [-] Task 65d3f6f8-0f2c-4a44-b04c-ed746eba098f | ITER: 2 END: OK
2019-08-04 22:08:02.155 27514 WARNING rally.task.atomic [-] 'optional_action_timer' is deprecated since rally v0.10.0.Please use action_timer instead, we have improved atomic actions, now do not need to explicitly close original action.
2019-08-04 22:08:02.211 27514 WARNING rally.task.atomic [-] 'optional_action_timer' is deprecated since rally v0.10.0.Please use action_timer instead, we have improved atomic actions, now do not need to explicitly close original action.
2019-08-04 22:08:02.988 27514 INFO rally.task.runner [-] Task 65d3f6f8-0f2c-4a44-b04c-ed746eba098f | ITER: 4 END: OK
2019-08-04 22:08:05.161 27513 WARNING rally.task.atomic [-] 'optional_action_timer' is deprecated since rally v0.10.0.Please use action_timer instead, we have improved atomic actions, now do not need to explicitly close original action.
2019-08-04 22:08:05.206 27513 WARNING rally.task.atomic [-] 'optional_action_timer' is deprecated since rally v0.10.0.Please use action_timer instead, we have improved atomic actions, now do not need to explicitly close original action.
2019-08-04 22:08:05.685 27511 WARNING rally.task.atomic [-] 'optional_action_timer' is deprecated since rally v0.10.0.Please use action_timer instead, we have improved atomic actions, now do not need to explicitly close original action.
2019-08-04 22:08:05.735 27511 WARNING rally.task.atomic [-] 'optional_action_timer' is deprecated since rally v0.10.0.Please use action_timer instead, we have improved atomic actions, now do not need to explicitly close original action.
2019-08-04 22:08:06.005 27513 INFO rally.task.runner [-] Task 65d3f6f8-0f2c-4a44-b04c-ed746eba098f | ITER: 3 END: OK
2019-08-04 22:08:07.018 27511 INFO rally.task.runner [-] Task 65d3f6f8-0f2c-4a44-b04c-ed746eba098f | ITER: 1 END: OK
2019-08-04 22:08:07.042 22705 INFO rally.task.context [-] Task 65d3f6f8-0f2c-4a44-b04c-ed746eba098f | Context cleanup@openstack cleanup() started
2019-08-04 22:08:07.044 22705 RALLYDEBUG rally_openstack.cleanup.manager [-] Cleaning up neutron vip objects
2019-08-04 22:08:07.797 22705 RALLYDEBUG rally_openstack.cleanup.manager [-] Cleaning up neutron health_monitor objects
2019-08-04 22:08:08.553 22705 RALLYDEBUG rally_openstack.cleanup.manager [-] Cleaning up neutron pool objects
2019-08-04 22:08:09.286 22705 RALLYDEBUG rally_openstack.cleanup.manager [-] Cleaning up neutron loadbalancer objects
2019-08-04 22:08:10.023 22705 RALLYDEBUG rally_openstack.cleanup.manager [-] Cleaning up neutron floatingip objects
2019-08-04 22:08:11.114 22705 RALLYDEBUG rally_openstack.cleanup.manager [-] Cleaning up neutron port objects
2019-08-04 22:08:13.080 22705 RALLYDEBUG rally_openstack.cleanup.manager [-] Deleting neutron.port object s_rally_2d7a35a9_63a2w5gk (02b560bb-e9ba-4427-90dd-74621afcd970)
2019-08-04 22:08:13.087 22705 RALLYDEBUG rally_openstack.cleanup.manager [-] Deleting neutron.port object s_rally_2d7a35a9_VYyMtiVI (00f771cf-987e-4399-aea6-80923a4b30f6)
2019-08-04 22:08:13.087 22705 RALLYDEBUG rally_openstack.cleanup.manager [-] Deleting neutron.port object s_rally_2d7a35a9_0n0zb6Ay (0252c741-24d4-4b47-bb70-447f82a9d723)
2019-08-04 22:08:13.088 22705 RALLYDEBUG rally_openstack.cleanup.manager [-] Deleting neutron.port object s_rally_2d7a35a9_bUVQeZdm (02c366c7-da49-40bd-ae74-171f833fd070)
2019-08-04 22:08:13.088 22705 RALLYDEBUG rally_openstack.cleanup.manager [-] Deleting neutron.port object s_rally_2d7a35a9_DpYZEdpW (0131c175-59c9-4912-8cba-ef237f191867)
2019-08-04 22:08:13.089 22705 RALLYDEBUG rally_openstack.cleanup.manager [-] Deleting neutron.port object s_rally_2d7a35a9_ygcHacK2 (0392ef34-2c2d-4f88-8d0f-ce8fc772389d)
2019-08-04 22:08:13.104 22705 RALLYDEBUG rally_openstack.cleanup.manager [-] Deleting neutron.port object s_rally_2d7a35a9_426hHagS (05978223-f227-4ac5-bccb-5ba436a975b3)
2019-08-04 22:08:13.104 22705 RALLYDEBUG rally_openstack.cleanup.manager [-] Deleting neutron.port object s_rally_2d7a35a9_PWtojb1e (02875d69-4f09-4cd9-a177-db0339e5c10c)
2019-08-04 22:08:13.105 22705 RALLYDEBUG rally_openstack.cleanup.manager [-] Deleting neutron.port object s_rally_2d7a35a9_mNSLHUaK (02bc1cfa-addd-41aa-80a2-e1efccebf280)
2019-08-04 22:08:13.106 22705 RALLYDEBUG rally_openstack.cleanup.manager [-] Deleting neutron.port object s_rally_2d7a35a9_P3Txnrkp (0512d742-176b-407d-9251-c085d01aa58a)
2019-08-04 22:08:13.111 22705 RALLYDEBUG rally_openstack.cleanup.manager [-] Deleting neutron.port object s_rally_2d7a35a9_gEwYvnJ0 (017e81e5-b67b-40e8-8901-7bd93be28402)
2019-08-04 22:08:13.115 22705 RALLYDEBUG rally_openstack.cleanup.manager [-] Deleting neutron.port object s_rally_2d7a35a9_mvX5SFPM (05d3410a-79df-412b-a8f1-a8a5e8344d26)
2019-08-04 22:08:13.123 22705 RALLYDEBUG rally_openstack.cleanup.manager [-] Deleting neutron.port object s_rally_2d7a35a9_R3Vq6vYb (06a61eb3-b2a5-43f9-bd5d-d7a2f236a2a7)
2019-08-04 22:08:13.134 22705 RALLYDEBUG rally_openstack.cleanup.manager [-] Deleting neutron.port object s_rally_2d7a35a9_nZmLpSKF (07d1a3c5-486d-46e3-8585-21085dca191e)
2019-08-04 22:08:13.135 22705 RALLYDEBUG rally_openstack.cleanup.manager [-] Deleting neutron.port object s_rally_2d7a35a9_HsgkU0TB (08389cb9-1873-4250-b3bf-cc5d0123fce2)
2019-08-04 22:08:13.171 22705 RALLYDEBUG rally_openstack.cleanup.manager [-] Deleting neutron.port object s_rally_2d7a35a9_FgXmykAJ (083ceba4-60ea-4d28-a4a4-14f4ac5384fd)
2019-08-04 22:08:13.179 22705 RALLYDEBUG rally_openstack.cleanup.manager [-] Deleting neutron.port object s_rally_2d7a35a9_oNGphRxT (095b5f67-2cb0-4957-8aba-6e6154364127)
2019-08-04 22:08:13.185 22705 RALLYDEBUG rally_openstack.cleanup.manager [-] Deleting neutron.port object s_rally_2d7a35a9_V3Fccour (096a0e3d-015a-4651-915a-9ccc94a4cbd2)
2019-08-04 22:08:13.198 22705 RALLYDEBUG rally_openstack.cleanup.manager [-] Deleting neutron.port object s_rally_2d7a35a9_S4tjsuS4 (09fb0361-f640-42ec-9359-8da3b89d3145)
2019-08-04 22:08:13.206 22705 RALLYDEBUG rally_openstack.cleanup.manager [-] Deleting neutron.port object s_rally_2d7a35a9_xHoSw1Cg (0b806f3c-f648-48f6-a9bc-11b853916346)
2019-08-04 22:08:15.946 22705 RALLYDEBUG rally_openstack.cleanup.manager [-] Deleting neutron.port object s_rally_2d7a35a9_AciN9ijo (0bb2c309-77be-40c7-ae8a-c629c7fd1170)
2019-08-04 22:08:15.949 22705 RALLYDEBUG rally_openstack.cleanup.manager [-] Deleting neutron.port object s_rally_2d7a35a9_17VcgI2F (0c04e4b1-9aef-4bb2-92b3-2e14d813c72d)
2019-08-04 22:08:15.965 22705 RALLYDEBUG rally_openstack.cleanup.manager [-] Deleting neutron.port object s_rally_2d7a35a9_D1vk8QZH (0c1a861a-b988-4024-b03d-6519803e2577)
2019-08-04 22:08:15.998 22705 RALLYDEBUG rally_openstack.cleanup.manager [-] Deleting neutron.port object s_rally_2d7a35a9_ip47iFqu (0c1e2e9f-deed-460a-8f15-aadbbdaa8cbb)
2019-08-04 22:08:16.052 22705 RALLYDEBUG rally_openstack.cleanup.manager [-] Deleting neutron.port object s_rally_2d7a35a9_zuGsOUyZ (0cbe755a-1f27-4262-bd5b-98eb9fe826ac)
2019-08-04 22:08:16.053 22705 RALLYDEBUG rally_openstack.cleanup.manager [-] Deleting neutron.port object s_rally_2d7a35a9_kAKpXmvX (0cad5175-9113-4f27-b4bf-5d726adf3d66)
2019-08-04 22:08:16.172 22705 RALLYDEBUG rally_openstack.cleanup.manager [-] Deleting neutron.port object s_rally_2d7a35a9_odDBJEDK (0d5689ed-21e6-41c4-a5b6-8f197bab9904)
2019-08-04 22:08:16.218 22705 RALLYDEBUG rally_openstack.cleanup.manager [-] Deleting neutron.port object s_rally_2d7a35a9_3eOEykbq (0e858248-4ce2-418d-84a1-944ccb52d37b)
2019-08-04 22:08:16.255 22705 RALLYDEBUG rally_openstack.cleanup.manager [-] Deleting neutron.port object s_rally_2d7a35a9_EFQUPICh (0ff2f405-f5c0-41c3-ace0-cd2922466dd7)
2019-08-04 22:08:16.292 22705 RALLYDEBUG rally_openstack.cleanup.manager [-] Deleting neutron.port object s_rally_2d7a35a9_RlfXxvAf (0ff5a454-d75e-4b45-ab07-444ae5e1d993)
2019-08-04 22:08:16.303 22705 RALLYDEBUG rally_openstack.cleanup.manager [-] Deleting neutron.port object s_rally_2d7a35a9_QviCMVbT (1002bbc4-817d-4270-8c62-833a0fbb8730)
2019-08-04 22:08:16.311 22705 RALLYDEBUG rally_openstack.cleanup.manager [-] Deleting neutron.port object s_rally_2d7a35a9_NYtGNkMj (10238971-a7de-41bd-891a-6c8c98ddece6)
2019-08-04 22:08:16.319 22705 RALLYDEBUG rally_openstack.cleanup.manager [-] Deleting neutron.port object s_rally_2d7a35a9_AyxqRQ0H (1070c788-2d07-420c-8c76-b3ef775a13dd)
2019-08-04 22:08:16.346 22705 RALLYDEBUG rally_openstack.cleanup.manager [-] Deleting neutron.port object s_rally_2d7a35a9_j9gcoWmW (109b69f5-6f2d-4260-8ad5-e626acd6862c)
2019-08-04 22:08:16.614 22705 RALLYDEBUG rally_openstack.cleanup.manager [-] Deleting neutron.port object s_rally_2d7a35a9_1CUmfHcP (112ba52d-c995-4275-92d6-703dff43549f)
2019-08-04 22:08:16.620 22705 RALLYDEBUG rally_openstack.cleanup.manager [-] Deleting neutron.port object s_rally_2d7a35a9_eqNn0P1Z (1133c5ed-f4ec-4425-b588-7eafc4299bd5)
2019-08-04 22:08:16.784 22705 RALLYDEBUG rally_openstack.cleanup.manager [-] Deleting neutron.port object s_rally_2d7a35a9_KykaSGTg (1249d832-2dc1-4936-953f-47f873058f08)
2019-08-04 22:08:16.784 22705 RALLYDEBUG rally_openstack.cleanup.manager [-] Deleting neutron.port object s_rally_2d7a35a9_7dWwzZ0g (123f42b2-70ef-4056-ab69-b2a2e4fccb3c)
2019-08-04 22:08:17.151 22705 RALLYDEBUG rally_openstack.cleanup.manager [-] Deleting neutron.port object s_rally_2d7a35a9_DyoQJvQO (124d665e-a617-4f0d-a634-6a0a0ee0df58)
2019-08-04 22:08:17.166 22705 RALLYDEBUG rally_openstack.cleanup.manager [-] Deleting neutron.port object s_rally_2d7a35a9_wWGcpY5q (13a6e788-cd2c-4e76-8c6b-3a7383128783)
2019-08-04 22:08:18.483 22705 RALLYDEBUG rally_openstack.cleanup.manager [-] Deleting neutron.port object s_rally_2d7a35a9_4kp3vjYI (140782c8-3636-4241-b07e-f7f919261663)
2019-08-04 22:08:18.881 22705 RALLYDEBUG rally_openstack.cleanup.manager [-] Deleting neutron.port object s_rally_2d7a35a9_6JYWlygx (14620219-62e9-4741-86d3-6ee8947612eb)
2019-08-04 22:08:18.940 22705 RALLYDEBUG rally_openstack.cleanup.manager [-] Deleting neutron.port object s_rally_2d7a35a9_DjnQge9d (14768f85-b9e8-4473-9020-f4c97d53e27b)
2019-08-04 22:08:19.024 22705 RALLYDEBUG rally_openstack.cleanup.manager [-] Deleting neutron.port object s_rally_2d7a35a9_U5g185km (1621e706-034f-46c7-b4ea-1d27afba9856)
2019-08-04 22:08:19.068 22705 RALLYDEBUG rally_openstack.cleanup.manager [-] Deleting neutron.port object s_rally_2d7a35a9_tx88GETJ (1674429f-4439-4396-a85d-2b0c59a1cd69)
2019-08-04 22:08:19.312 22705 RALLYDEBUG rally_openstack.cleanup.manager [-] Deleting neutron.port object s_rally_2d7a35a9_9QtTK6W4 (17780a16-a0f8-4798-a59b-43fd597b07e5)
2019-08-04 22:08:19.329 22705 RALLYDEBUG rally_openstack.cleanup.manager [-] Deleting neutron.port object s_rally_2d7a35a9_L57eGMSV (1842ba57-5d5c-4352-b698-de0aaf0c5e64)
2019-08-04 22:08:19.333 22705 RALLYDEBUG rally_openstack.cleanup.manager [-] Deleting neutron.port object s_rally_2d7a35a9_75UEYZ1H (187b498b-8979-49d5-b13d-974acdb39f76)
2019-08-04 22:08:19.381 22705 RALLYDEBUG rally_openstack.cleanup.manager [-] Deleting neutron.port object s_rally_2d7a35a9_IdbWeWWx (19488729-436e-421b-83ac-ef8ce165b67f)
2019-08-04 22:08:19.414 22705 RALLYDEBUG rally_openstack.cleanup.manager [-] Deleting neutron.port object s_rally_2d7a35a9_fLDHr0Cr (1a5eef84-d735-4bb9-ade6-f46da020a8c5)
2019-08-04 22:08:19.448 22705 RALLYDEBUG rally_openstack.cleanup.manager [-] Deleting neutron.port object s_rally_2d7a35a9_pEo2gCIX (1a9ac041-5b58-4bcf-9ce6-dfe2810a1884)
2019-08-04 22:08:19.453 22705 RALLYDEBUG rally_openstack.cleanup.manager [-] Deleting neutron.port object s_rally_2d7a35a9_MCyvJLhR (1b449b96-a656-40fa-91bb-591598b07837)
2019-08-04 22:08:19.490 22705 RALLYDEBUG rally_openstack.cleanup.manager [-] Deleting neutron.port object s_rally_2d7a35a9_w1uJHzUg (1bfbd880-0778-48b6-8e83-5160cf2f7313)
2019-08-04 22:08:19.590 22705 RALLYDEBUG rally_openstack.cleanup.manager [-] Deleting neutron.port object s_rally_2d7a35a9_f3lxNXh9 (1d749632-2d76-49ab-bb65-49262ba114fb)
2019-08-04 22:08:20.116 22705 RALLYDEBUG rally_openstack.cleanup.manager [-] Deleting neutron.port object s_rally_2d7a35a9_32NtMrOR (1dacc83d-872d-4d9c-9b37-5b805e40d572)
2019-08-04 22:08:20.263 22705 RALLYDEBUG rally_openstack.cleanup.manager [-] Deleting neutron.port object s_rally_2d7a35a9_jUKSo0gL (1e186fc1-a2ed-4162-8c18-cc14272fb721)
2019-08-04 22:08:21.191 22705 RALLYDEBUG rally_openstack.cleanup.manager [-] Deleting neutron.port object s_rally_2d7a35a9_brGSK07c (1f465187-f927-4f74-bf68-2307ac73f358)
2019-08-04 22:08:21.342 22705 RALLYDEBUG rally_openstack.cleanup.manager [-] Deleting neutron.port object s_rally_2d7a35a9_NqhdnhIw (1fd4faba-ff65-4f00-8004-3f56ec78c333)
2019-08-04 22:08:21.510 22705 RALLYDEBUG rally_openstack.cleanup.manager [-] Deleting neutron.port object s_rally_2d7a35a9_4AMQOiEu (20c56411-fda3-4967-96dc-67655f433056)
2019-08-04 22:08:21.517 22705 RALLYDEBUG rally_openstack.cleanup.manager [-] Deleting neutron.port object s_rally_2d7a35a9_d1rnycdP (21c7e5ba-d243-40d8-8e29-c939dce8c568)
2019-08-04 22:08:21.556 22705 RALLYDEBUG rally_openstack.cleanup.manager [-] Deleting neutron.port object s_rally_2d7a35a9_QQydMesR (21d44684-1bb0-4cf4-9071-9bb0fd4f8b13)
2019-08-04 22:08:21.567 22705 RALLYDEBUG rally_openstack.cleanup.manager [-] Deleting neutron.port object s_rally_2d7a35a9_Ox0ddSw1 (21f26843-42d7-4239-8de7-c35adb2870ca)
2019-08-04 22:08:21.635 22705 RALLYDEBUG rally_openstack.cleanup.manager [-] Deleting neutron.port object s_rally_2d7a35a9_3SDbKd5R (224863bc-09c3-4580-a152-855e87670f88)
2019-08-04 22:08:21.647 22705 RALLYDEBUG rally_openstack.cleanup.manager [-] Deleting neutron.port object s_rally_2d7a35a9_UlcBeieO (225c5a93-fa75-4128-9172-d217839ff3ff)
2019-08-04 22:08:21.907 22705 RALLYDEBUG rally_openstack.cleanup.manager [-] Deleting neutron.port object s_rally_2d7a35a9_4qn3HI7S (2336eac6-5caf-4a2a-9f6b-c7b2567399de)
2019-08-04 22:08:21.961 22705 RALLYDEBUG rally_openstack.cleanup.manager [-] Deleting neutron.port object s_rally_2d7a35a9_2jbPMkKt (244c4f14-a1d4-4aef-844a-bf77d170ce09)
2019-08-04 22:08:22.011 22705 RALLYDEBUG rally_openstack.cleanup.manager [-] Deleting neutron.port object s_rally_2d7a35a9_UuVGQRtc (252646c4-1617-4f2d-9d45-fc1f16c4ff0e)
2019-08-04 22:08:22.167 22705 RALLYDEBUG rally_openstack.cleanup.manager [-] Deleting neutron.port object s_rally_2d7a35a9_UGHhWJxv (25a03695-294b-4181-8ba1-3230ddc2df84)
2019-08-04 22:08:22.196 22705 RALLYDEBUG rally_openstack.cleanup.manager [-] Deleting neutron.port object s_rally_2d7a35a9_1dLAnr7i (25ae9996-4931-44ce-a776-894686483f27)
2019-08-04 22:08:22.375 22705 RALLYDEBUG rally_openstack.cleanup.manager [-] Deleting neutron.port object s_rally_2d7a35a9_pybnubfu (260829ab-c93c-4c11-94bc-fdabc8c47d6f)
2019-08-04 22:08:22.392 22705 RALLYDEBUG rally_openstack.cleanup.manager [-] Deleting neutron.port object s_rally_2d7a35a9_1I33H7oP (265ee216-dbfc-4379-ba52-460813a446ad)
2019-08-04 22:08:22.428 22705 RALLYDEBUG rally_openstack.cleanup.manager [-] Deleting neutron.port object s_rally_2d7a35a9_i0orPKnv (27391248-be99-4f22-b2e0-4e7ff1a80f06)
2019-08-04 22:08:22.465 22705 RALLYDEBUG rally_openstack.cleanup.manager [-] Deleting neutron.port object s_rally_2d7a35a9_SIluIYoZ (27ee180f-2d58-49ad-bbaa-2719b3dd6a03)
2019-08-04 22:08:22.502 22705 RALLYDEBUG rally_openstack.cleanup.manager [-] Deleting neutron.port object s_rally_2d7a35a9_LWLBQNCZ (27fc4ba6-d28c-442d-a558-b153e306e5ff)
2019-08-04 22:08:22.575 22705 RALLYDEBUG rally_openstack.cleanup.manager [-] Deleting neutron.port object s_rally_2d7a35a9_6UOJZBxl (2a3021db-56a0-40b5-9b62-8359cfc5b7b8)
2019-08-04 22:08:22.948 22705 RALLYDEBUG rally_openstack.cleanup.manager [-] Deleting neutron.port object s_rally_2d7a35a9_ZboUbw5n (2a832123-37d6-4378-a7bd-9313015e946e)
2019-08-04 22:08:23.951 22705 RALLYDEBUG rally_openstack.cleanup.manager [-] Deleting neutron.port object s_rally_2d7a35a9_C4sFHgxw (2b2fd671-3339-42a3-9d36-90cda261a7ed)
2019-08-04 22:08:23.962 22705 RALLYDEBUG rally_openstack.cleanup.manager [-] Deleting neutron.port object s_rally_2d7a35a9_H8xhGrAg (2d419342-ffa8-4336-9083-70ea65d4b4a9)
2019-08-04 22:08:23.975 22705 RALLYDEBUG rally_openstack.cleanup.manager [-] Deleting neutron.port object s_rally_2d7a35a9_4YiYaskP (2d58b1b9-dcc4-4955-a0df-e1efca2c1ad0)
2019-08-04 22:08:23.999 22705 RALLYDEBUG rally_openstack.cleanup.manager [-] Deleting neutron.port object s_rally_2d7a35a9_QDGqJmQL (2d913d50-f782-4908-9853-1137f9b7ff37)
2019-08-04 22:08:24.365 22705 RALLYDEBUG rally_openstack.cleanup.manager [-] Deleting neutron.port object s_rally_2d7a35a9_Plmxacsc (2e67b654-1c8d-43fd-b8b2-4e5c70497bef)
2019-08-04 22:08:24.541 22705 RALLYDEBUG rally_openstack.cleanup.manager [-] Deleting neutron.port object s_rally_2d7a35a9_GX82GXeA (2f83bbd7-d0bf-4aa7-b104-ceb2c17c87f4)
2019-08-04 22:08:24.688 22705 RALLYDEBUG rally_openstack.cleanup.manager [-] Deleting neutron.port object s_rally_2d7a35a9_lVahSPsF (3003f0aa-da5b-4ea2-b3c3-01e65c0d386a)
2019-08-04 22:08:24.695 22705 RALLYDEBUG rally_openstack.cleanup.manager [-] Deleting neutron.port object s_rally_2d7a35a9_MprA3KYk (300fe4b4-53b7-4fda-9373-e4605ed1b386)
2019-08-04 22:08:24.842 22705 RALLYDEBUG rally_openstack.cleanup.manager [-] Deleting neutron.port object s_rally_2d7a35a9_b78owzlu (3111dd86-81a4-4045-aa98-16637cc37bd2)
2019-08-04 22:08:24.844 22705 RALLYDEBUG rally_openstack.cleanup.manager [-] Deleting neutron.port object s_rally_2d7a35a9_jeXupE8q (33418449-dbc6-4ebb-b50b-d637f6f45674)
2019-08-04 22:08:24.858 22705 RALLYDEBUG rally_openstack.cleanup.manager [-] Deleting neutron.port object s_rally_2d7a35a9_P8DOj78w (334547d2-6dd9-4435-a4f1-dc9bfe75d3f7)
2019-08-04 22:08:24.957 22705 RALLYDEBUG rally_openstack.cleanup.manager [-] Deleting neutron.port object s_rally_2d7a35a9_KxFSU2UI (339f775f-6e29-4d50-aa37-fee40a1ec050)
2019-08-04 22:08:24.964 22705 RALLYDEBUG rally_openstack.cleanup.manager [-] Deleting neutron.port object s_rally_2d7a35a9_b8oB6WTX (33ac80b8-dcd5-42f1-ad29-192715ef5baa)
2019-08-04 22:08:25.266 22705 RALLYDEBUG rally_openstack.cleanup.manager [-] Deleting neutron.port object s_rally_2d7a35a9_G0olcMqD (33bfd613-d63c-4030-97eb-e5f2894ce051)
2019-08-04 22:08:25.374 22705 RALLYDEBUG rally_openstack.cleanup.manager [-] Deleting neutron.port object s_rally_2d7a35a9_zOvdEXzQ (33cdfabf-89bb-4274-998f-015c6a297424)
2019-08-04 22:08:25.381 22705 RALLYDEBUG rally_openstack.cleanup.manager [-] Deleting neutron.port object s_rally_2d7a35a9_NuTIieuC (33f9b4df-53f8-4c9b-8cef-5e0d3577c56f)
2019-08-04 22:08:25.448 22705 RALLYDEBUG rally_openstack.cleanup.manager [-] Deleting neutron.port object s_rally_2d7a35a9_rvrUN4y5 (3411067d-6b2b-42a1-bd32-558e8c0ada81)
2019-08-04 22:08:25.489 22705 RALLYDEBUG rally_openstack.cleanup.manager [-] Deleting neutron.port object s_rally_2d7a35a9_D3V4c5FV (342f7abb-b278-4a8b-8a36-7eb07d3137b8)
2019-08-04 22:08:25.500 22705 RALLYDEBUG rally_openstack.cleanup.manager [-] Deleting neutron.port object s_rally_2d7a35a9_5cro68gL (356241c9-3b35-4aff-929d-aec6d67d6e0d)
2019-08-04 22:08:25.549 22705 RALLYDEBUG rally_openstack.cleanup.manager [-] Deleting neutron.port object s_rally_2d7a35a9_K8vCfrMT (35c793f9-2ba9-4a4a-92ea-f3227049ccf6)
2019-08-04 22:08:26.286 22705 RALLYDEBUG rally_openstack.cleanup.manager [-] Deleting neutron.port object s_rally_2d7a35a9_BufVP6q3 (35fe15f3-930a-48d5-b7e5-d794ceac81c8)
2019-08-04 22:08:26.496 22705 RALLYDEBUG rally_openstack.cleanup.manager [-] Deleting neutron.port object s_rally_2d7a35a9_c8Man6mc (3621eba3-62f3-4b5f-8d8a-0dd3b6d6799c)
