2019-08-04 22:02:49.016 22705 RALLYDEBUG rally_openstack.cleanup.manager [-] Deleting neutron.port object s_rally_4cd3d0bd_1pNdPNz1 (4c6098f8-ee8e-4e5e-a574-22057a380fee)
2019-08-04 22:02:49.067 22705 RALLYDEBUG rally_openstack.cleanup.manager [-] Deleting neutron.port object s_rally_4cd3d0bd_0dp40M3p (4e0fc013-7c7d-4d10-84e9-288d8458e301)
2019-08-04 22:02:49.068 22705 RALLYDEBUG rally_openstack.cleanup.manager [-] Deleting neutron.port object s_rally_4cd3d0bd_BSpWBGeo (4ce59522-9bd3-4a81-ba07-1fdcc1bdf401)
2019-08-04 22:02:49.071 22705 RALLYDEBUG rally_openstack.cleanup.manager [-] Deleting neutron.port object s_rally_4cd3d0bd_5BISfdVm (4e659ed6-c87c-4a49-a152-1e01b75b3d93)
2019-08-04 22:02:49.104 22705 RALLYDEBUG rally_openstack.cleanup.manager [-] Deleting neutron.port object s_rally_4cd3d0bd_dSBGWyKI (50b7c32b-80fe-43d3-9ffa-bab759fde6d6)
2019-08-04 22:02:49.305 22705 RALLYDEBUG rally_openstack.cleanup.manager [-] Deleting neutron.port object s_rally_4cd3d0bd_6i10jVu7 (50c934a8-fb77-464c-8378-91a82a7814ce)
2019-08-04 22:02:49.361 22705 RALLYDEBUG rally_openstack.cleanup.manager [-] Deleting neutron.port object s_rally_4cd3d0bd_LnuEIuQW (513d398b-59d7-4a26-842b-898c83c6b822)
2019-08-04 22:02:49.421 22705 RALLYDEBUG rally_openstack.cleanup.manager [-] Deleting neutron.port object s_rally_4cd3d0bd_HW50UCe1 (5369bc1d-e623-4cba-9df7-10fbecfc0acd)
2019-08-04 22:02:49.465 22705 RALLYDEBUG rally_openstack.cleanup.manager [-] Deleting neutron.port object s_rally_4cd3d0bd_WNBekTDp (5847903a-e558-4137-9dd7-57b4ec0a63fc)
2019-08-04 22:02:49.469 22705 RALLYDEBUG rally_openstack.cleanup.manager [-] Deleting neutron.port object s_rally_4cd3d0bd_43zclUat (58982d80-ffe6-4f3d-8e4e-dc09733e73ac)
2019-08-04 22:02:49.551 22705 RALLYDEBUG rally_openstack.cleanup.manager [-] Deleting neutron.port object s_rally_4cd3d0bd_NtBAxU5F (59a7a67f-801e-4961-b657-6ce571869325)
2019-08-04 22:02:49.671 22705 RALLYDEBUG rally_openstack.cleanup.manager [-] Deleting neutron.port object s_rally_4cd3d0bd_ou1q2lNP (59fd30a8-5f20-48f3-8a93-55cb282a0a5e)
2019-08-04 22:02:49.839 22705 RALLYDEBUG rally_openstack.cleanup.manager [-] Deleting neutron.port object s_rally_4cd3d0bd_3ZtWK0SK (5b74dd9f-00bd-49fc-a696-fc4c92567db4)
2019-08-04 22:02:50.548 22705 RALLYDEBUG rally_openstack.cleanup.manager [-] Deleting neutron.port object s_rally_4cd3d0bd_YpewFiAI (5c1f2b3d-94cb-46ae-9c6f-ba3123c16bac)
2019-08-04 22:02:50.698 22705 RALLYDEBUG rally_openstack.cleanup.manager [-] Deleting neutron.port object s_rally_4cd3d0bd_Zm7VKA4d (5ee65672-0016-4dd7-be9e-a7ce3ac3f997)
2019-08-04 22:02:50.790 22705 RALLYDEBUG rally_openstack.cleanup.manager [-] Deleting neutron.port object s_rally_4cd3d0bd_jv6ELPTp (5fc0b139-26e9-4c73-ae1a-5bcdc06a372a)
2019-08-04 22:02:50.820 22705 RALLYDEBUG rally_openstack.cleanup.manager [-] Deleting neutron.port object s_rally_4cd3d0bd_xcmlRKdI (60588906-87b9-44dc-9cbf-3e36b4902755)
2019-08-04 22:02:50.954 22705 RALLYDEBUG rally_openstack.cleanup.manager [-] Deleting neutron.port object s_rally_4cd3d0bd_2whznfIp (61807076-af2e-4501-9836-3e87fdb88e03)
2019-08-04 22:02:51.152 22705 RALLYDEBUG rally_openstack.cleanup.manager [-] Deleting neutron.port object s_rally_4cd3d0bd_Ntj4oHEj (6237c49f-8392-4b97-a581-81534643511d)
2019-08-04 22:02:51.257 22705 RALLYDEBUG rally_openstack.cleanup.manager [-] Deleting neutron.port object s_rally_4cd3d0bd_cWe9JAy9 (6351c5e2-7ddb-4c76-843f-8db84ee03819)
2019-08-04 22:02:51.316 22705 RALLYDEBUG rally_openstack.cleanup.manager [-] Deleting neutron.port object s_rally_4cd3d0bd_YCI0wzqf (67692f18-d5c7-46d2-93c6-b10e7bdc069f)
2019-08-04 22:02:51.385 22705 RALLYDEBUG rally_openstack.cleanup.manager [-] Deleting neutron.port object s_rally_4cd3d0bd_a0daZQbQ (68b45be8-4039-4c7e-a83f-3a2f18121357)
2019-08-04 22:02:51.500 22705 RALLYDEBUG rally_openstack.cleanup.manager [-] Deleting neutron.port object s_rally_4cd3d0bd_TOPRR1Ae (698f69bc-a7c8-402d-8ff5-10732c564542)
2019-08-04 22:02:51.614 22705 RALLYDEBUG rally_openstack.cleanup.manager [-] Deleting neutron.port object s_rally_4cd3d0bd_p1DUP5y6 (6cf78ab1-937c-432b-a41e-04b257c99ae3)
2019-08-04 22:02:51.727 22705 RALLYDEBUG rally_openstack.cleanup.manager [-] Deleting neutron.port object s_rally_4cd3d0bd_gMDW4mBE (6ded4899-78ce-4150-9d3e-e880d8aea3a6)
2019-08-04 22:02:51.767 22705 RALLYDEBUG rally_openstack.cleanup.manager [-] Deleting neutron.port object s_rally_4cd3d0bd_fJuRuDEW (6ee204c7-bfe4-4417-9806-b159e1ab76cf)
2019-08-04 22:02:51.804 22705 RALLYDEBUG rally_openstack.cleanup.manager [-] Deleting neutron.port object s_rally_4cd3d0bd_4hS1g3N4 (6f1efed7-41d6-4259-9e52-2369cc9f9be0)
2019-08-04 22:02:51.878 22705 RALLYDEBUG rally_openstack.cleanup.manager [-] Deleting neutron.port object s_rally_4cd3d0bd_na9L8ghA (6f2f37c6-03b7-4c77-9f34-5ff246908767)
2019-08-04 22:02:51.996 22705 RALLYDEBUG rally_openstack.cleanup.manager [-] Deleting neutron.port object s_rally_4cd3d0bd_HrMf7Yld (72c8e0d3-af89-401e-9a42-7b8e622ead00)
2019-08-04 22:02:52.104 22705 RALLYDEBUG rally_openstack.cleanup.manager [-] Deleting neutron.port object s_rally_4cd3d0bd_FkEx7OiB (7428ad2a-685d-49ea-8062-a102e10c1b0b)
2019-08-04 22:02:52.109 22705 RALLYDEBUG rally_openstack.cleanup.manager [-] Deleting neutron.port object s_rally_4cd3d0bd_sJKkEF8u (75129c33-a641-4599-a1f4-e0a1f348f7a5)
2019-08-04 22:02:52.251 22705 RALLYDEBUG rally_openstack.cleanup.manager [-] Deleting neutron.port object s_rally_4cd3d0bd_f6aoCwok (76f8796b-d8e4-4f4f-90cc-f3d40c3046f3)
2019-08-04 22:02:52.404 22705 RALLYDEBUG rally_openstack.cleanup.manager [-] Deleting neutron.port object s_rally_4cd3d0bd_Vbp8r1gb (76f9eda6-0dd1-4f55-83cc-448031f1d8c2)
2019-08-04 22:02:52.639 22705 RALLYDEBUG rally_openstack.cleanup.manager [-] Deleting neutron.port object s_rally_4cd3d0bd_Wzhuah0W (77991104-a19c-40b2-b3dd-29476ac0f8e3)
2019-08-04 22:02:52.970 22705 RALLYDEBUG rally_openstack.cleanup.manager [-] Deleting neutron.port object s_rally_4cd3d0bd_QsUU2VQz (77d7ab89-cd33-47d0-b842-672b607663ea)
2019-08-04 22:02:53.235 22705 RALLYDEBUG rally_openstack.cleanup.manager [-] Deleting neutron.port object s_rally_4cd3d0bd_kH54rgC6 (7e32be92-9d6b-47cc-8a18-99ea6f6cd375)
2019-08-04 22:02:53.329 22705 RALLYDEBUG rally_openstack.cleanup.manager [-] Deleting neutron.port object s_rally_4cd3d0bd_rAGHFABo (7e674377-4898-4f6d-963b-59f53bbdc9b5)
2019-08-04 22:02:53.616 22705 RALLYDEBUG rally_openstack.cleanup.manager [-] Deleting neutron.port object s_rally_4cd3d0bd_N3NTlAOU (8131dc30-f6cb-4e71-b72d-6ebed377862d)
2019-08-04 22:02:53.639 22705 RALLYDEBUG rally_openstack.cleanup.manager [-] Deleting neutron.port object s_rally_4cd3d0bd_732jEQBq (835581dd-9cd1-4737-9fe0-9170a7235e3b)
2019-08-04 22:02:53.647 22705 RALLYDEBUG rally_openstack.cleanup.manager [-] Deleting neutron.port object s_rally_4cd3d0bd_IkDRm56r (83ea041e-55e2-498a-bd6f-844a95e2ffa3)
2019-08-04 22:02:53.679 22705 RALLYDEBUG rally_openstack.cleanup.manager [-] Deleting neutron.port object s_rally_4cd3d0bd_S922P3mf (84bf97b3-2ada-44ec-b33f-6a08c3a04172)
2019-08-04 22:02:53.773 22705 RALLYDEBUG rally_openstack.cleanup.manager [-] Deleting neutron.port object s_rally_4cd3d0bd_sKChmr4U (850c21d4-e1e5-49d3-8880-369252f30efa)
2019-08-04 22:02:53.943 22705 RALLYDEBUG rally_openstack.cleanup.manager [-] Deleting neutron.port object s_rally_4cd3d0bd_wCqtiaUi (8531b5c8-5c9c-42cd-85e5-10c9fb7d9838)
2019-08-04 22:02:54.057 22705 RALLYDEBUG rally_openstack.cleanup.manager [-] Deleting neutron.port object s_rally_4cd3d0bd_huWviqmG (86328a47-5afa-444e-9561-494de36ee4d6)
2019-08-04 22:02:54.337 22705 RALLYDEBUG rally_openstack.cleanup.manager [-] Deleting neutron.port object s_rally_4cd3d0bd_n8KLWgim (86dab7d6-a511-4358-9093-e1e7e1412d62)
2019-08-04 22:02:54.423 22705 RALLYDEBUG rally_openstack.cleanup.manager [-] Deleting neutron.port object s_rally_4cd3d0bd_34FR1vO9 (8755e32a-5929-414d-b583-c9fdcca52563)
2019-08-04 22:02:54.428 22705 RALLYDEBUG rally_openstack.cleanup.manager [-] Deleting neutron.port object s_rally_4cd3d0bd_sCiIj4hv (88358dac-bf79-4c1a-9707-13155cc79c44)
2019-08-04 22:02:54.439 22705 RALLYDEBUG rally_openstack.cleanup.manager [-] Deleting neutron.port object s_rally_4cd3d0bd_G1NjZ8YW (8903ebbd-93e0-44a9-929a-0358421fa8ab)
2019-08-04 22:02:54.561 22705 RALLYDEBUG rally_openstack.cleanup.manager [-] Deleting neutron.port object s_rally_4cd3d0bd_PB4k3n3f (8955d4fc-f381-48e9-8d45-92d9e6dce84a)
2019-08-04 22:02:54.564 22705 RALLYDEBUG rally_openstack.cleanup.manager [-] Deleting neutron.port object s_rally_4cd3d0bd_ltGgGMsd (895bd7a0-cc28-4eda-acd9-7b76002042cf)
2019-08-04 22:02:54.589 22705 RALLYDEBUG rally_openstack.cleanup.manager [-] Deleting neutron.port object s_rally_4cd3d0bd_kklDS0l9 (8ab8cfcb-3243-4613-94f5-9cdd08f7b96f)
2019-08-04 22:02:54.694 22705 RALLYDEBUG rally_openstack.cleanup.manager [-] Deleting neutron.port object s_rally_4cd3d0bd_7VkxldBA (8b1c612e-f7bd-4ee3-b01d-bf714564e973)
2019-08-04 22:02:54.780 22705 RALLYDEBUG rally_openstack.cleanup.manager [-] Deleting neutron.port object s_rally_4cd3d0bd_HiTq7e22 (8da246d9-75d0-4faf-b85e-c73382f38116)
2019-08-04 22:02:54.796 22705 RALLYDEBUG rally_openstack.cleanup.manager [-] Deleting neutron.port object s_rally_4cd3d0bd_rmifXFhU (8ddececf-1104-40e7-a11e-8a4daa307e39)
2019-08-04 22:02:55.434 22705 RALLYDEBUG rally_openstack.cleanup.manager [-] Deleting neutron.port object s_rally_4cd3d0bd_oAWWA8Yj (8dee81f1-97db-40f6-a34b-f8633f4c4855)
2019-08-04 22:02:55.453 22705 RALLYDEBUG rally_openstack.cleanup.manager [-] Deleting neutron.port object s_rally_4cd3d0bd_1QNbEAcl (8e8ead1a-6981-467a-a700-97d0a4e0b94e)
2019-08-04 22:02:55.502 22705 RALLYDEBUG rally_openstack.cleanup.manager [-] Deleting neutron.port object s_rally_4cd3d0bd_OvBtThMw (9194fad7-ed68-45e1-8720-d80cc586313c)
2019-08-04 22:02:55.887 22705 RALLYDEBUG rally_openstack.cleanup.manager [-] Deleting neutron.port object s_rally_4cd3d0bd_FMF3wf4q (931f04c4-829d-4fef-9a91-9fe8726b7a4e)
2019-08-04 22:02:55.993 22705 RALLYDEBUG rally_openstack.cleanup.manager [-] Deleting neutron.port object s_rally_4cd3d0bd_xruISYNe (948ec3b7-65c4-4414-9683-b5047feebcf7)
2019-08-04 22:02:56.009 22705 RALLYDEBUG rally_openstack.cleanup.manager [-] Deleting neutron.port object s_rally_4cd3d0bd_ssFqTW4U (949ad5ef-0f6a-4287-8524-380f70390856)
2019-08-04 22:02:56.047 22705 RALLYDEBUG rally_openstack.cleanup.manager [-] Deleting neutron.port object s_rally_4cd3d0bd_Alb2zzFe (988bb11e-8f2c-4ba7-817a-592ac3063407)
2019-08-04 22:02:56.154 22705 RALLYDEBUG rally_openstack.cleanup.manager [-] Deleting neutron.port object s_rally_4cd3d0bd_y5H4Duqw (99d2838b-36ae-4ada-8b1e-43bf6367ca3f)
2019-08-04 22:02:56.370 22705 RALLYDEBUG rally_openstack.cleanup.manager [-] Deleting neutron.port object s_rally_4cd3d0bd_xxbCxUfQ (9bb0ee94-dd17-4241-8cf0-81c46d53221e)
2019-08-04 22:02:56.468 22705 RALLYDEBUG rally_openstack.cleanup.manager [-] Deleting neutron.port object s_rally_4cd3d0bd_FffEVPmD (9bc74ccc-12ac-4177-88ce-4783fd451e01)
2019-08-04 22:02:56.675 22705 RALLYDEBUG rally_openstack.cleanup.manager [-] Deleting neutron.port object s_rally_4cd3d0bd_fHF3uZcY (9ee1545c-db42-48e0-89bb-8824271b9991)
2019-08-04 22:02:56.680 22705 RALLYDEBUG rally_openstack.cleanup.manager [-] Deleting neutron.port object s_rally_4cd3d0bd_X21j0Hol (9ef10e12-4ba7-4d82-b13c-4b5bec6c15a1)
2019-08-04 22:02:56.882 22705 RALLYDEBUG rally_openstack.cleanup.manager [-] Deleting neutron.port object s_rally_4cd3d0bd_QyGCjosp (a025879f-2c3d-41d2-8520-5c48b5d83641)
2019-08-04 22:02:56.939 22705 RALLYDEBUG rally_openstack.cleanup.manager [-] Deleting neutron.port object s_rally_4cd3d0bd_Bnx0rTRW (a0841135-7390-4414-9296-b4dd81ddea5a)
2019-08-04 22:02:57.026 22705 RALLYDEBUG rally_openstack.cleanup.manager [-] Deleting neutron.port object s_rally_4cd3d0bd_MO7dGgEo (a1d011c2-ee64-4e35-93d2-059f3124c060)
2019-08-04 22:02:57.053 22705 RALLYDEBUG rally_openstack.cleanup.manager [-] Deleting neutron.port object s_rally_4cd3d0bd_cUjJ5PNH (a2356276-b180-4ffe-8943-634bec36d6c3)
2019-08-04 22:02:57.131 22705 RALLYDEBUG rally_openstack.cleanup.manager [-] Deleting neutron.port object s_rally_4cd3d0bd_xzzpA2Hi (a2db4c57-ad80-412f-80c2-5d44b74108b7)
2019-08-04 22:02:57.173 22705 RALLYDEBUG rally_openstack.cleanup.manager [-] Deleting neutron.port object s_rally_4cd3d0bd_mdYoXn2b (a36a5b3f-aadf-4fe1-af76-88e28b3a55b9)
2019-08-04 22:02:57.177 22705 RALLYDEBUG rally_openstack.cleanup.manager [-] Deleting neutron.port object s_rally_4cd3d0bd_ANilWLNF (a5ac216d-e624-4998-b508-9c2204bbfe83)
2019-08-04 22:02:57.443 22705 RALLYDEBUG rally_openstack.cleanup.manager [-] Deleting neutron.port object s_rally_4cd3d0bd_2vCusNGC (aa4b0bae-602e-43f5-b2c5-c009a30043db)
2019-08-04 22:02:57.615 22705 RALLYDEBUG rally_openstack.cleanup.manager [-] Deleting neutron.port object s_rally_4cd3d0bd_MGpAX944 (aacdad63-dd2e-4b20-ba60-7e85be67c98a)
2019-08-04 22:02:57.951 22705 RALLYDEBUG rally_openstack.cleanup.manager [-] Deleting neutron.port object s_rally_4cd3d0bd_VF7VlTiK (ac21c0ac-a1fd-48d4-89c2-c5265323d5b9)
2019-08-04 22:02:58.081 22705 RALLYDEBUG rally_openstack.cleanup.manager [-] Deleting neutron.port object s_rally_4cd3d0bd_JRrh21Fa (ac35f2fc-3590-4719-942d-a0ba1cec2343)
2019-08-04 22:02:58.443 22705 RALLYDEBUG rally_openstack.cleanup.manager [-] Deleting neutron.port object s_rally_4cd3d0bd_IN2lMk5X (ad306aa3-23ff-404a-9cb4-aa33a06d8fb4)
2019-08-04 22:02:58.490 22705 RALLYDEBUG rally_openstack.cleanup.manager [-] Deleting neutron.port object s_rally_4cd3d0bd_E4ZbXawS (aedbd92e-3645-482b-a0ef-c778f9e6979d)
2019-08-04 22:02:58.508 22705 RALLYDEBUG rally_openstack.cleanup.manager [-] Deleting neutron.port object s_rally_4cd3d0bd_0qOk35Nc (b01ebb91-1903-4e91-99b4-17410ef86807)
2019-08-04 22:02:58.624 22705 RALLYDEBUG rally_openstack.cleanup.manager [-] Deleting neutron.port object s_rally_4cd3d0bd_fxY9ybK3 (b09aabf5-2f5e-476d-abf5-cd4651c83df1)
2019-08-04 22:02:58.715 22705 RALLYDEBUG rally_openstack.cleanup.manager [-] Deleting neutron.port object s_rally_4cd3d0bd_eEIWD8N6 (b1e23b98-c6b2-4d24-8def-178da50f4d78)
2019-08-04 22:02:58.757 22705 RALLYDEBUG rally_openstack.cleanup.manager [-] Deleting neutron.port object s_rally_4cd3d0bd_d5Y29ZvZ (b25aa2cc-bf63-4eba-b3f5-fd83e140c1ec)
2019-08-04 22:02:58.902 22705 RALLYDEBUG rally_openstack.cleanup.manager [-] Deleting neutron.port object s_rally_4cd3d0bd_hs53LooC (b2d93b21-e169-455b-8acc-83c754c7c38e)
2019-08-04 22:02:59.077 22705 RALLYDEBUG rally_openstack.cleanup.manager [-] Deleting neutron.port object s_rally_4cd3d0bd_z3biRHJM (b3963081-3fe3-405c-8d97-635a3aaa2de3)
2019-08-04 22:02:59.151 22705 RALLYDEBUG rally_openstack.cleanup.manager [-] Deleting neutron.port object s_rally_4cd3d0bd_PHwwfkhQ (b3ca4b44-04a7-4abb-be11-c191375ba42a)
2019-08-04 22:02:59.373 22705 RALLYDEBUG rally_openstack.cleanup.manager [-] Deleting neutron.port object s_rally_4cd3d0bd_UrLG833N (b5043b35-3451-40ed-82ad-29cdb3a07121)
2019-08-04 22:02:59.377 22705 RALLYDEBUG rally_openstack.cleanup.manager [-] Deleting neutron.port object s_rally_4cd3d0bd_gwrQZk9e (b53190d7-e80f-4602-a9e8-84c11a9b9ae5)
2019-08-04 22:02:59.521 22705 RALLYDEBUG rally_openstack.cleanup.manager [-] Deleting neutron.port object s_rally_4cd3d0bd_4BkdSxqc (b56c3bae-26a4-4e63-8eb2-a5f93d3b035c)
2019-08-04 22:02:59.629 22705 RALLYDEBUG rally_openstack.cleanup.manager [-] Deleting neutron.port object s_rally_4cd3d0bd_UA4ARiae (b6a1d30a-fd1a-4311-a373-249506632f6f)
2019-08-04 22:02:59.774 22705 RALLYDEBUG rally_openstack.cleanup.manager [-] Deleting neutron.port object s_rally_4cd3d0bd_E0m4nTlV (ba6ca029-8ff9-4639-8b12-2323dcf91322)
2019-08-04 22:02:59.890 22705 RALLYDEBUG rally_openstack.cleanup.manager [-] Deleting neutron.port object s_rally_4cd3d0bd_9NFB6FSp (bb1e089f-6d36-4436-900c-329ff99dbf93)
2019-08-04 22:02:59.924 22705 RALLYDEBUG rally_openstack.cleanup.manager [-] Deleting neutron.port object s_rally_4cd3d0bd_lD7igvWU (c369b7d8-f5b6-4e17-8b81-27d66c4f4935)
2019-08-04 22:03:00.037 22705 RALLYDEBUG rally_openstack.cleanup.manager [-] Deleting neutron.port object s_rally_4cd3d0bd_LJlK4rvV (c3d368e2-405a-4545-8ed1-34f3a7cea27d)
2019-08-04 22:03:00.043 22705 RALLYDEBUG rally_openstack.cleanup.manager [-] Deleting neutron.port object s_rally_4cd3d0bd_Cby27EcK (c41a8c2a-5268-429e-a971-9108e2a5b198)
2019-08-04 22:03:00.074 22705 RALLYDEBUG rally_openstack.cleanup.manager [-] Deleting neutron.port object s_rally_4cd3d0bd_Gp9tZZgw (c42d6c2d-073c-48cf-94f7-5ed8b8819be0)
2019-08-04 22:03:00.554 22705 RALLYDEBUG rally_openstack.cleanup.manager [-] Deleting neutron.port object s_rally_4cd3d0bd_HRNYstxu (c506f71f-7d45-4390-af81-40f5cd824dd8)
2019-08-04 22:03:00.628 22705 RALLYDEBUG rally_openstack.cleanup.manager [-] Deleting neutron.port object s_rally_4cd3d0bd_6PgwUZcK (c6b0906e-a8a1-4937-87fa-8f1237f35a7a)
2019-08-04 22:03:00.713 22705 RALLYDEBUG rally_openstack.cleanup.manager [-] Deleting neutron.port object s_rally_4cd3d0bd_U8GBXsLA (c732c4a4-b224-43e5-8059-625c33558fd3)
2019-08-04 22:03:00.871 22705 RALLYDEBUG rally_openstack.cleanup.manager [-] Deleting neutron.port object s_rally_4cd3d0bd_QTRLnxoa (c75028d1-a7f2-43a1-903f-b372d20805e2)
2019-08-04 22:03:00.974 22705 RALLYDEBUG rally_openstack.cleanup.manager [-] Deleting neutron.port object s_rally_4cd3d0bd_k5rVZAzo (c7c65ff8-b08a-4fb7-ba88-ba8c25b20123)
2019-08-04 22:03:01.000 22705 RALLYDEBUG rally_openstack.cleanup.manager [-] Deleting neutron.port object s_rally_4cd3d0bd_06FHq1gB (c99c4d8e-8a1a-4300-ba7a-d8a6b7220d12)
2019-08-04 22:03:01.050 22705 RALLYDEBUG rally_openstack.cleanup.manager [-] Deleting neutron.port object s_rally_4cd3d0bd_Q5Yt52XX (ca9c75bb-577d-470d-9e5a-347c9852158b)
2019-08-04 22:03:01.057 22705 RALLYDEBUG rally_openstack.cleanup.manager [-] Deleting neutron.port object s_rally_4cd3d0bd_EE697Z4I (caead1bc-5246-4918-b517-896ade02a6d3)
2019-08-04 22:03:01.380 22705 RALLYDEBUG rally_openstack.cleanup.manager [-] Deleting neutron.port object s_rally_4cd3d0bd_fgJB7BK7 (cc19852d-5169-468a-a2e2-2a32d38e4bd5)
2019-08-04 22:03:01.706 22705 RALLYDEBUG rally_openstack.cleanup.manager [-] Deleting neutron.port object s_rally_4cd3d0bd_8DytCs4c (ce65e93d-7afd-43a3-85aa-85823d317de4)
2019-08-04 22:03:01.728 22705 RALLYDEBUG rally_openstack.cleanup.manager [-] Deleting neutron.port object s_rally_4cd3d0bd_zYFIf3nR (d1ec3557-d687-4d72-95e5-a79856a751c3)
2019-08-04 22:03:01.741 22705 RALLYDEBUG rally_openstack.cleanup.manager [-] Deleting neutron.port object s_rally_4cd3d0bd_TkWaGnOk (d238475a-1beb-4a18-9155-20e1851f8bc6)
2019-08-04 22:03:01.905 22705 RALLYDEBUG rally_openstack.cleanup.manager [-] Deleting neutron.port object s_rally_4cd3d0bd_HcOG4hN8 (d3b5bcce-a57c-4659-80c0-9f723f371afd)
2019-08-04 22:03:01.992 22705 RALLYDEBUG rally_openstack.cleanup.manager [-] Deleting neutron.port object s_rally_4cd3d0bd_Pbh7tlfV (d5a7ed83-6fc7-4364-9743-dd2b2e4f6044)
2019-08-04 22:03:02.033 22705 RALLYDEBUG rally_openstack.cleanup.manager [-] Deleting neutron.port object s_rally_4cd3d0bd_wWDJejYE (d860b699-fc85-466a-a811-bc5be27cc498)
2019-08-04 22:03:02.124 22705 RALLYDEBUG rally_openstack.cleanup.manager [-] Deleting neutron.port object s_rally_4cd3d0bd_kLfszRfi (d99f4c5a-fbfd-466b-b9b5-22b81c9c9029)
2019-08-04 22:03:02.189 22705 RALLYDEBUG rally_openstack.cleanup.manager [-] Deleting neutron.port object s_rally_4cd3d0bd_5lXmvFDO (dadb7234-31c6-45f7-8859-a1a9e85c454e)
2019-08-04 22:03:02.233 22705 RALLYDEBUG rally_openstack.cleanup.manager [-] Deleting neutron.port object s_rally_4cd3d0bd_DiSox6sX (dc9d8339-6136-4679-b923-138d4377cfc1)
2019-08-04 22:03:02.639 22705 RALLYDEBUG rally_openstack.cleanup.manager [-] Deleting neutron.port object s_rally_4cd3d0bd_HVBozZe4 (dd015906-ae9c-4a18-b107-74f54c71d8b8)
2019-08-04 22:03:02.773 22705 RALLYDEBUG rally_openstack.cleanup.manager [-] Deleting neutron.port object s_rally_4cd3d0bd_4JxfSa8T (dd55b304-43c3-4720-8589-eb9f5340142b)
2019-08-04 22:03:02.817 22705 RALLYDEBUG rally_openstack.cleanup.manager [-] Deleting neutron.port object s_rally_4cd3d0bd_7gY9h2JQ (de73a046-82d3-4fa9-ba7b-880a090c39df)
2019-08-04 22:03:02.865 22705 RALLYDEBUG rally_openstack.cleanup.manager [-] Deleting neutron.port object s_rally_4cd3d0bd_bXtqL8KW (dfd0cd48-8319-425f-be52-16218df47b49)
2019-08-04 22:03:03.004 22705 RALLYDEBUG rally_openstack.cleanup.manager [-] Deleting neutron.port object s_rally_4cd3d0bd_lU7Gm3sh (e0621929-7aa3-45f9-a92d-f449b3c36700)
2019-08-04 22:03:03.099 22705 RALLYDEBUG rally_openstack.cleanup.manager [-] Deleting neutron.port object s_rally_4cd3d0bd_BucfSgH7 (e0c2b8e8-2f03-4330-9fba-41a8c7ea7d03)
2019-08-04 22:03:03.217 22705 RALLYDEBUG rally_openstack.cleanup.manager [-] Deleting neutron.port object s_rally_4cd3d0bd_3ZyvZt3a (e1b03416-1eb0-466b-92c2-13da54ab57f2)
2019-08-04 22:03:03.457 22705 RALLYDEBUG rally_openstack.cleanup.manager [-] Deleting neutron.port object s_rally_4cd3d0bd_FN4gIpSq (e1f1c301-0e32-48bb-8a23-592c88356587)
2019-08-04 22:03:03.655 22705 RALLYDEBUG rally_openstack.cleanup.manager [-] Deleting neutron.port object s_rally_4cd3d0bd_DqXXHJ1f (e2501c17-ecfb-49d9-a02f-cfd5a3c27d2b)
2019-08-04 22:03:03.815 22705 RALLYDEBUG rally_openstack.cleanup.manager [-] Deleting neutron.port object s_rally_4cd3d0bd_QqdGUBVZ (e385d4c0-4007-4d4c-b5e0-0efdebd757da)
2019-08-04 22:03:03.933 22705 RALLYDEBUG rally_openstack.cleanup.manager [-] Deleting neutron.port object s_rally_4cd3d0bd_RPB2WzrT (e655ff8d-ad4b-4a53-90f6-53264f1947d8)
2019-08-04 22:03:03.951 22705 RALLYDEBUG rally_openstack.cleanup.manager [-] Deleting neutron.port object s_rally_4cd3d0bd_WN4CQ2F5 (e6d63b91-7621-407d-9fd0-14ddd5792fc0)
2019-08-04 22:03:04.080 22705 RALLYDEBUG rally_openstack.cleanup.manager [-] Deleting neutron.port object s_rally_4cd3d0bd_GY1vskCo (ed6e8686-133e-42e5-8ec3-54c525929aab)
2019-08-04 22:03:04.116 22705 RALLYDEBUG rally_openstack.cleanup.manager [-] Deleting neutron.port object s_rally_4cd3d0bd_V1d1zthg (f02d2af0-d54b-4a17-b955-39e1394f37cf)
2019-08-04 22:03:04.191 22705 RALLYDEBUG rally_openstack.cleanup.manager [-] Deleting neutron.port object s_rally_4cd3d0bd_hjmjux0S (f1533044-ff3e-419e-aecc-c538344531a6)
2019-08-04 22:03:04.297 22705 RALLYDEBUG rally_openstack.cleanup.manager [-] Deleting neutron.port object s_rally_4cd3d0bd_15NH2zzi (f80acaac-2878-42c0-8506-6931b1a16566)
2019-08-04 22:03:04.359 22705 RALLYDEBUG rally_openstack.cleanup.manager [-] Deleting neutron.port object s_rally_4cd3d0bd_iidY443y (fd3ec5bc-34fb-4c45-8184-12b20d5fc9ed)
2019-08-04 22:03:04.483 22705 RALLYDEBUG rally_openstack.cleanup.manager [-] Deleting neutron.port object s_rally_4cd3d0bd_qTogjfWm (fd9d0feb-72e1-4762-bae5-a39d10b7ccbf)
2019-08-04 22:03:04.567 22705 RALLYDEBUG rally_openstack.cleanup.manager [-] Deleting neutron.port object s_rally_4cd3d0bd_ZeHyHCDN (fe8308a5-3025-4d24-893d-a0ab55f54e93)
2019-08-04 22:03:06.897 22705 RALLYDEBUG rally_openstack.cleanup.manager [-] Cleaning up neutron subnet objects
2019-08-04 22:03:07.642 22705 RALLYDEBUG rally_openstack.cleanup.manager [-] Cleaning up neutron network objects
2019-08-04 22:03:08.466 22705 RALLYDEBUG rally_openstack.cleanup.manager [-] Deleting neutron.network object s_rally_4cd3d0bd_kAtDynaU (07e457cf-1af6-4237-8c47-8450c9dd03a3)
2019-08-04 22:03:08.470 22705 RALLYDEBUG rally_openstack.cleanup.manager [-] Deleting neutron.network object s_rally_4cd3d0bd_T7BJ4vHK (13853457-d267-4e65-9a01-4f0e38b3ddb9)
2019-08-04 22:03:08.477 22705 RALLYDEBUG rally_openstack.cleanup.manager [-] Deleting neutron.network object s_rally_4cd3d0bd_ApAlSmNL (15525623-dc93-4a48-8caa-76d7bad44dc7)
2019-08-04 22:03:08.481 22705 RALLYDEBUG rally_openstack.cleanup.manager [-] Deleting neutron.network object s_rally_4cd3d0bd_x4HiuC6B (1e0f6495-a882-4bf0-ae29-1ecb0c0a4035)
2019-08-04 22:03:08.486 22705 RALLYDEBUG rally_openstack.cleanup.manager [-] Deleting neutron.network object s_rally_4cd3d0bd_2UE07Xvw (1fc7af87-ead2-4162-bbcf-0500139b9fd2)
2019-08-04 22:03:08.502 22705 RALLYDEBUG rally_openstack.cleanup.manager [-] Deleting neutron.network object s_rally_4cd3d0bd_qKESorC6 (2d098546-a663-4944-85e4-47b82e208813)
2019-08-04 22:03:08.512 22705 RALLYDEBUG rally_openstack.cleanup.manager [-] Deleting neutron.network object s_rally_4cd3d0bd_xhpeFa4R (2e58f32e-8851-43e9-b94f-8fbd5b2246bc)
2019-08-04 22:03:08.516 22705 RALLYDEBUG rally_openstack.cleanup.manager [-] Deleting neutron.network object s_rally_4cd3d0bd_j2K3mv2k (24fa37ef-f905-4eeb-970a-821ebaf96948)
2019-08-04 22:03:08.530 22705 RALLYDEBUG rally_openstack.cleanup.manager [-] Deleting neutron.network object s_rally_4cd3d0bd_FUJKjUm7 (3ed99578-ecec-48e1-a85a-0a4857e823df)
2019-08-04 22:03:08.545 22705 RALLYDEBUG rally_openstack.cleanup.manager [-] Deleting neutron.network object s_rally_4cd3d0bd_762lapU6 (417f80d6-a6df-4376-a090-3b703754bb21)
2019-08-04 22:03:08.549 22705 RALLYDEBUG rally_openstack.cleanup.manager [-] Deleting neutron.network object s_rally_4cd3d0bd_7aKGRd1T (4d75611a-227f-4000-b8b9-0f34f91d27aa)
2019-08-04 22:03:08.561 22705 RALLYDEBUG rally_openstack.cleanup.manager [-] Deleting neutron.network object s_rally_4cd3d0bd_zBPjv15P (5ce4c9e9-9841-4ea9-904b-da630124a227)
2019-08-04 22:03:08.573 22705 RALLYDEBUG rally_openstack.cleanup.manager [-] Deleting neutron.network object s_rally_4cd3d0bd_jQYL67sJ (60659353-c3f3-46dd-999f-eb93a40ff469)
2019-08-04 22:03:08.579 22705 RALLYDEBUG rally_openstack.cleanup.manager [-] Deleting neutron.network object s_rally_4cd3d0bd_fUhgtAaR (6341c906-36a4-4564-b462-532f647798cb)
2019-08-04 22:03:08.589 22705 RALLYDEBUG rally_openstack.cleanup.manager [-] Deleting neutron.network object s_rally_4cd3d0bd_X6LBDUZp (6b2a4eda-84ae-425f-9e1a-d7be3772b8b4)
2019-08-04 22:03:08.606 22705 RALLYDEBUG rally_openstack.cleanup.manager [-] Deleting neutron.network object s_rally_4cd3d0bd_UXBQh9nd (89653082-949a-4e87-9e00-053b87a43e0b)
2019-08-04 22:03:08.608 22705 RALLYDEBUG rally_openstack.cleanup.manager [-] Deleting neutron.network object s_rally_4cd3d0bd_GLsCqUHh (71a822ba-4967-436d-916a-f5b5922c6e45)
2019-08-04 22:03:08.616 22705 RALLYDEBUG rally_openstack.cleanup.manager [-] Deleting neutron.network object s_rally_4cd3d0bd_OTPIjYYc (8da2e126-4e0d-457b-bc20-7fb0171bb6dd)
2019-08-04 22:03:08.620 22705 RALLYDEBUG rally_openstack.cleanup.manager [-] Deleting neutron.network object s_rally_4cd3d0bd_4wqr3M4o (7bb944d1-8916-41b8-b9ec-44b311ef6edf)
2019-08-04 22:03:08.633 22705 RALLYDEBUG rally_openstack.cleanup.manager [-] Deleting neutron.network object s_rally_4cd3d0bd_9kkGjeEI (9332ee5d-7d55-4da7-8217-062eaae702e3)
2019-08-04 22:03:11.296 22705 RALLYDEBUG rally_openstack.cleanup.manager [-] Deleting neutron.network object s_rally_4cd3d0bd_CZ4pvfn2 (970b0211-d1d2-446a-9eb6-670be0c79eb2)
2019-08-04 22:03:11.347 22705 RALLYDEBUG rally_openstack.cleanup.manager [-] Deleting neutron.network object s_rally_4cd3d0bd_FoDVKf6J (9a26540e-0d85-4f2f-aac0-51246b7a6016)
2019-08-04 22:03:11.460 22705 RALLYDEBUG rally_openstack.cleanup.manager [-] Deleting neutron.network object s_rally_4cd3d0bd_azqZp6An (9a75169d-4e2c-4a67-9fae-00619df09251)
2019-08-04 22:03:11.478 22705 RALLYDEBUG rally_openstack.cleanup.manager [-] Deleting neutron.network object s_rally_4cd3d0bd_d6WNPnsj (9e974eae-5f5a-4f55-8080-43ae89530b8e)
2019-08-04 22:03:11.540 22705 RALLYDEBUG rally_openstack.cleanup.manager [-] Deleting neutron.network object s_rally_4cd3d0bd_unmxpDTF (aab6b681-91df-4c1f-8e2e-9b59e9f2e4de)
2019-08-04 22:03:11.604 22705 RALLYDEBUG rally_openstack.cleanup.manager [-] Deleting neutron.network object s_rally_4cd3d0bd_bpJ4fezf (b31de8a8-68f5-4382-b90d-9f03fbd2097f)
2019-08-04 22:03:11.620 22705 RALLYDEBUG rally_openstack.cleanup.manager [-] Deleting neutron.network object s_rally_4cd3d0bd_Jz6oLbod (c58fd59b-cb60-41e8-9abb-70b64fea5709)
2019-08-04 22:03:11.728 22705 RALLYDEBUG rally_openstack.cleanup.manager [-] Deleting neutron.network object s_rally_4cd3d0bd_uvByhJ5Q (c681e70a-00e7-49a5-a9be-48419c8bd72d)
2019-08-04 22:03:11.924 22705 RALLYDEBUG rally_openstack.cleanup.manager [-] Deleting neutron.network object s_rally_4cd3d0bd_PACdV7ZQ (c8189627-873b-45b8-9e93-f2d6a99ddb9b)
2019-08-04 22:03:11.960 22705 RALLYDEBUG rally_openstack.cleanup.manager [-] Deleting neutron.network object s_rally_4cd3d0bd_1Bw4rcKE (cab9fc0d-be72-4870-bd92-5aafadc8fadb)
2019-08-04 22:03:12.141 22705 RALLYDEBUG rally_openstack.cleanup.manager [-] Deleting neutron.network object s_rally_4cd3d0bd_M5ndgWWF (db56af35-56fc-47c9-b638-7eed28440f11)
2019-08-04 22:03:12.148 22705 RALLYDEBUG rally_openstack.cleanup.manager [-] Deleting neutron.network object s_rally_4cd3d0bd_hBGeS5fA (dca25b61-15ce-41df-963b-b89a89c5b1a4)
2019-08-04 22:03:12.187 22705 RALLYDEBUG rally_openstack.cleanup.manager [-] Deleting neutron.network object s_rally_4cd3d0bd_jeV5MAxB (e026a0d4-a8eb-4708-90dc-d51cc647b1b2)
2019-08-04 22:03:12.244 22705 RALLYDEBUG rally_openstack.cleanup.manager [-] Deleting neutron.network object s_rally_4cd3d0bd_lQCUtbyx (e0a96a13-6747-41de-8755-40d9320221b8)
2019-08-04 22:03:12.254 22705 RALLYDEBUG rally_openstack.cleanup.manager [-] Deleting neutron.network object s_rally_4cd3d0bd_9sJu9uOB (e1568ffb-0e82-48af-8df1-b3f5475826ae)
2019-08-04 22:03:12.282 22705 RALLYDEBUG rally_openstack.cleanup.manager [-] Deleting neutron.network object s_rally_4cd3d0bd_ic3Mdfu5 (e62ad3ba-917b-4b60-8365-b7842a2dfbbe)
2019-08-04 22:03:12.287 22705 RALLYDEBUG rally_openstack.cleanup.manager [-] Deleting neutron.network object s_rally_4cd3d0bd_2DTN7vwq (eee8fc06-8c10-4a83-948d-f6c73feb29d8)
2019-08-04 22:03:12.347 22705 RALLYDEBUG rally_openstack.cleanup.manager [-] Deleting neutron.network object s_rally_4cd3d0bd_8PSMJnhG (f38e3708-eda3-4beb-b2e9-961d008db593)
2019-08-04 22:03:12.422 22705 RALLYDEBUG rally_openstack.cleanup.manager [-] Deleting neutron.network object s_rally_4cd3d0bd_vsSPkoys (f6c7c2cd-cca3-47f9-8511-d0a8b6c03ea7)
2019-08-04 22:03:12.429 22705 RALLYDEBUG rally_openstack.cleanup.manager [-] Deleting neutron.network object s_rally_4cd3d0bd_IuA128a8 (fd1a40cd-facd-492d-b5c7-ffb6bf29e7a4)
2019-08-04 22:03:15.827 22705 RALLYDEBUG rally_openstack.cleanup.manager [-] Cleaning up neutron router objects
2019-08-04 22:03:16.524 22705 RALLYDEBUG rally_openstack.cleanup.manager [-] Cleaning up neutron security_group objects
2019-08-04 22:03:17.214 22705 INFO rally.task.context [-] Task 65d3f6f8-0f2c-4a44-b04c-ed746eba098f | Context cleanup@openstack cleanup() finished in 41.28 sec
2019-08-04 22:03:17.215 22705 INFO rally.task.context [-] Task 65d3f6f8-0f2c-4a44-b04c-ed746eba098f | Context quotas@openstack cleanup() started
2019-08-04 22:03:17.465 22705 INFO rally.task.context [-] Task 65d3f6f8-0f2c-4a44-b04c-ed746eba098f | Context quotas@openstack cleanup() finished in 0.25 sec
2019-08-04 22:03:17.465 22705 INFO rally.task.context [-] Task 65d3f6f8-0f2c-4a44-b04c-ed746eba098f | Context users@openstack cleanup() started
2019-08-04 22:03:22.486 22705 INFO rally.task.context [-] Task 65d3f6f8-0f2c-4a44-b04c-ed746eba098f | Context users@openstack cleanup() finished in 5.02 sec
2019-08-04 22:03:22.782 22705 INFO rally.task.engine [-] Load duration is: 31.637981
2019-08-04 22:03:22.783 22705 INFO rally.task.engine [-] Full runner duration is: 31.680533
2019-08-04 22:03:22.783 22705 INFO rally.task.engine [-] Full duration is: 83.962711
2019-08-04 22:03:23.002 22705 INFO rally.task.engine [-] Running workload: position = 2 config = { "version": 2, "title": "A cropped version of a bigger task.", "description": "Auto-generated task from a single workload (uuid=83f98916-a7bb-43b0-b7a3-88dc3ee77c3d)", "subtasks": [ { "title": "NeutronNetworks.create_and_delete_ports", "description": "Create and delete a port.", "scenario": { "NeutronNetworks.create_and_delete_ports": { "network_create_args": {}, "port_create_args": {}, "ports_per_network": 5 } }, "contexts": { "users": { "tenants": 1, "users_per_tenant": 1 }, "quotas": { "neutron": { "network": -1, "port": -1 } } }, "runner": { "constant": { "times": 40, "concurrency": 20 } }, "hooks": [], "sla": { "failure_rate": { "max": 0 } } } ] }
2019-08-04 22:03:23.022 22705 RALLYDEBUG rally_openstack.contexts.keystone.users [-] Creating 1 tenants using 20 threads
2019-08-04 22:03:24.875 22705 RALLYDEBUG rally_openstack.contexts.keystone.users [-] Creating 1 users using 20 threads
2019-08-04 22:03:27.764 22705 INFO rally.task.context [-] Task 65d3f6f8-0f2c-4a44-b04c-ed746eba098f | Context users@openstack setup() finished in 4.74 sec
2019-08-04 22:03:28.559 22705 INFO rally.task.context [-] Task 65d3f6f8-0f2c-4a44-b04c-ed746eba098f | Context quotas@openstack setup() finished in 0.79 sec
2019-08-04 22:03:28.560 22705 INFO rally.task.context [-] Task 65d3f6f8-0f2c-4a44-b04c-ed746eba098f | Context cleanup@openstack setup() finished in 0.01 msec
2019-08-04 22:03:28.567 22705 RALLYDEBUG rally.task.runner [-] Starting the constant runner (task UUID: 65d3f6f8-0f2c-4a44-b04c-ed746eba098f). timeout: 0 concurrency: 20 concurrency_per_worker: 1 times: 40 concurrency_overhead: 4 processes_to_start: 16 max_cpu_used: 16
2019-08-04 22:03:28.576 26951 RALLYDEBUG rally.task.runner [-] Starting a worker. concurrency: 2 args: {"network_create_args": {}, "port_create_args": {}, "ports_per_network": 5} times: 40 method_name: run timeout: 0 duration: None cls:
2019-08-04 22:03:28.581 26953 RALLYDEBUG rally.task.runner [-] Starting a worker. concurrency: 2 args: {"network_create_args": {}, "port_create_args": {}, "ports_per_network": 5} times: 40 method_name: run timeout: 0 duration: None cls:
2019-08-04 22:03:28.581 26952 RALLYDEBUG rally.task.runner [-] Starting a worker. concurrency: 2 args: {"network_create_args": {}, "port_create_args": {}, "ports_per_network": 5} times: 40 method_name: run timeout: 0 duration: None cls:
2019-08-04 22:03:28.584 26951 INFO rally.task.runner [-] Task 65d3f6f8-0f2c-4a44-b04c-ed746eba098f | ITER: 1 START
2019-08-04 22:03:28.584 26954 RALLYDEBUG rally.task.runner [-] Starting a worker. concurrency: 2 args: {"network_create_args": {}, "port_create_args": {}, "ports_per_network": 5} times: 40 method_name: run timeout: 0 duration: None cls:
2019-08-04 22:03:28.585 26951 INFO rally.task.runner [-] Task 65d3f6f8-0f2c-4a44-b04c-ed746eba098f | ITER: 2 START
2019-08-04 22:03:28.586 26951 WARNING rally_openstack.scenarios.neutron.utils [-] Running this scenario without either the 'network' or 'existing_network' context is deprecated
2019-08-04 22:03:28.586 26957 RALLYDEBUG rally.task.runner [-] Starting a worker. concurrency: 1 args: {"network_create_args": {}, "port_create_args": {}, "ports_per_network": 5} times: 40 method_name: run timeout: 0 duration: None cls:
2019-08-04 22:03:28.590 26957 INFO rally.task.runner [-] Task 65d3f6f8-0f2c-4a44-b04c-ed746eba098f | ITER: 7 START
2019-08-04 22:03:28.589 26960 RALLYDEBUG rally.task.runner [-] Starting a worker. concurrency: 1 args: {"network_create_args": {}, "port_create_args": {}, "ports_per_network": 5} times: 40 method_name: run timeout: 0 duration: None cls:
2019-08-04 22:03:28.591 26957 WARNING rally_openstack.scenarios.neutron.utils [-] Running this scenario without either the 'network' or 'existing_network' context is deprecated
2019-08-04 22:03:28.590 26952 INFO rally.task.runner [-] Task 65d3f6f8-0f2c-4a44-b04c-ed746eba098f | ITER: 4 START
2019-08-04 22:03:28.591 26963 RALLYDEBUG rally.task.runner [-] Starting a worker. concurrency: 1 args: {"network_create_args": {}, "port_create_args": {}, "ports_per_network": 5} times: 40 method_name: run timeout: 0 duration: None cls:
2019-08-04 22:03:28.592 26952 WARNING rally_openstack.scenarios.neutron.utils [-] Running this scenario without either the 'network' or 'existing_network' context is deprecated
2019-08-04 22:03:28.592 26954 INFO rally.task.runner [-] Task 65d3f6f8-0f2c-4a44-b04c-ed746eba098f | ITER: 6 START
2019-08-04 22:03:28.585 26951 WARNING rally_openstack.scenarios.neutron.utils [-] Running this scenario without either the 'network' or 'existing_network' context is deprecated
2019-08-04 22:03:28.593 26954 WARNING rally_openstack.scenarios.neutron.utils [-] Running this scenario without either the 'network' or 'existing_network' context is deprecated
2019-08-04 22:03:28.594 26960 INFO rally.task.runner [-] Task 65d3f6f8-0f2c-4a44-b04c-ed746eba098f | ITER: 10 START
2019-08-04 22:03:28.595 26960 WARNING rally_openstack.scenarios.neutron.utils [-] Running this scenario without either the 'network' or 'existing_network' context is deprecated
2019-08-04 22:03:28.596 26970 RALLYDEBUG rally.task.runner [-] Starting a worker. concurrency: 1 args: {"network_create_args": {}, "port_create_args": {}, "ports_per_network": 5} times: 40 method_name: run timeout: 0 duration: None cls:
2019-08-04 22:03:28.598 26973 RALLYDEBUG rally.task.runner [-] Starting a worker. concurrency: 1 args: {"network_create_args": {}, "port_create_args": {}, "ports_per_network": 5} times: 40 method_name: run timeout: 0 duration: None cls:
2019-08-04 22:03:28.600 26954 INFO rally.task.runner [-] Task 65d3f6f8-0f2c-4a44-b04c-ed746eba098f | ITER: 8 START
2019-08-04 22:03:28.600 26954 WARNING rally_openstack.scenarios.neutron.utils [-] Running this scenario without either the 'network' or 'existing_network' context is deprecated
2019-08-04 22:03:28.601 26970 INFO rally.task.runner [-] Task 65d3f6f8-0f2c-4a44-b04c-ed746eba098f | ITER: 12 START
2019-08-04 22:03:28.602 26973 INFO rally.task.runner [-] Task 65d3f6f8-0f2c-4a44-b04c-ed746eba098f | ITER: 13 START
2019-08-04 22:03:28.602 26973 WARNING rally_openstack.scenarios.neutron.utils [-] Running this scenario without either the 'network' or 'existing_network' context is deprecated
2019-08-04 22:03:28.602 26970 WARNING rally_openstack.scenarios.neutron.utils [-] Running this scenario without either the 'network' or 'existing_network' context is deprecated
2019-08-04 22:03:28.599 26953 INFO rally.task.runner [-] Task 65d3f6f8-0f2c-4a44-b04c-ed746eba098f | ITER: 3 START
2019-08-04 22:03:28.600 26953 INFO rally.task.runner [-] Task 65d3f6f8-0f2c-4a44-b04c-ed746eba098f | ITER: 5 START
2019-08-04 22:03:28.603 26978 RALLYDEBUG rally.task.runner [-] Starting a worker. concurrency: 1 args: {"network_create_args": {}, "port_create_args": {}, "ports_per_network": 5} times: 40 method_name: run timeout: 0 duration: None cls:
2019-08-04 22:03:28.604 26953 WARNING rally_openstack.scenarios.neutron.utils [-] Running this scenario without either the 'network' or 'existing_network' context is deprecated
2019-08-04 22:03:28.605 26976 RALLYDEBUG rally.task.runner [-] Starting a worker. concurrency: 1 args: {"network_create_args": {}, "port_create_args": {}, "ports_per_network": 5} times: 40 method_name: run timeout: 0 duration: None cls:
2019-08-04 22:03:28.606 26963 INFO rally.task.runner [-] Task 65d3f6f8-0f2c-4a44-b04c-ed746eba098f | ITER: 11 START
2019-08-04 22:03:28.606 26963 WARNING rally_openstack.scenarios.neutron.utils [-] Running this scenario without either the 'network' or 'existing_network' context is deprecated
2019-08-04 22:03:28.608 26952 INFO rally.task.runner [-] Task 65d3f6f8-0f2c-4a44-b04c-ed746eba098f | ITER: 9 START
2019-08-04 22:03:28.608 26952 WARNING rally_openstack.scenarios.neutron.utils [-] Running this scenario without either the 'network' or 'existing_network' context is deprecated
2019-08-04 22:03:28.608 26976 INFO rally.task.runner [-] Task 65d3f6f8-0f2c-4a44-b04c-ed746eba098f | ITER: 15 START
2019-08-04 22:03:28.609 26976 WARNING rally_openstack.scenarios.neutron.utils [-] Running this scenario without either the 'network' or 'existing_network' context is deprecated
2019-08-04 22:03:28.604 26953 WARNING rally_openstack.scenarios.neutron.utils [-] Running this scenario without either the 'network' or 'existing_network' context is deprecated
2019-08-04 22:03:28.614 26980 RALLYDEBUG rally.task.runner [-] Starting a worker. concurrency: 1 args: {"network_create_args": {}, "port_create_args": {}, "ports_per_network": 5} times: 40 method_name: run timeout: 0 duration: None cls:
2019-08-04 22:03:28.617 26978 INFO rally.task.runner [-] Task 65d3f6f8-0f2c-4a44-b04c-ed746eba098f | ITER: 14 START
2019-08-04 22:03:28.618 26978 WARNING rally_openstack.scenarios.neutron.utils [-] Running this scenario without either the 'network' or 'existing_network' context is deprecated
2019-08-04 22:03:28.621 26980 INFO rally.task.runner [-] Task 65d3f6f8-0f2c-4a44-b04c-ed746eba098f | ITER: 16 START
2019-08-04 22:03:28.623 26980 WARNING rally_openstack.scenarios.neutron.utils [-] Running this scenario without either the 'network' or 'existing_network' context is deprecated
2019-08-04 22:03:28.625 26988 RALLYDEBUG rally.task.runner [-] Starting a worker. concurrency: 1 args: {"network_create_args": {}, "port_create_args": {}, "ports_per_network": 5} times: 40 method_name: run timeout: 0 duration: None cls:
2019-08-04 22:03:28.631 26992 RALLYDEBUG rally.task.runner [-] Starting a worker. concurrency: 1 args: {"network_create_args": {}, "port_create_args": {}, "ports_per_network": 5} times: 40 method_name: run timeout: 0 duration: None cls:
2019-08-04 22:03:28.633 26993 RALLYDEBUG rally.task.runner [-] Starting a worker. concurrency: 1 args: {"network_create_args": {}, "port_create_args": {}, "ports_per_network": 5} times: 40 method_name: run timeout: 0 duration: None cls:
2019-08-04 22:03:28.634 26988 INFO rally.task.runner [-] Task 65d3f6f8-0f2c-4a44-b04c-ed746eba098f | ITER: 17 START
2019-08-04 22:03:28.634 26988 WARNING rally_openstack.scenarios.neutron.utils [-] Running this scenario without either the 'network' or 'existing_network' context is deprecated
2019-08-04 22:03:28.635 26992 INFO rally.task.runner [-] Task 65d3f6f8-0f2c-4a44-b04c-ed746eba098f | ITER: 18 START
2019-08-04 22:03:28.636 26992 WARNING rally_openstack.scenarios.neutron.utils [-] Running this scenario without either the 'network' or 'existing_network' context is deprecated
2019-08-04 22:03:28.636 26996 RALLYDEBUG rally.task.runner [-] Starting a worker. concurrency: 1 args: {"network_create_args": {}, "port_create_args": {}, "ports_per_network": 5} times: 40 method_name: run timeout: 0 duration: None cls:
2019-08-04 22:03:28.637 26993 INFO rally.task.runner [-] Task 65d3f6f8-0f2c-4a44-b04c-ed746eba098f | ITER: 19 START
2019-08-04 22:03:28.638 26993 WARNING rally_openstack.scenarios.neutron.utils [-] Running this scenario without either the 'network' or 'existing_network' context is deprecated
2019-08-04 22:03:28.639 26996 INFO rally.task.runner [-] Task 65d3f6f8-0f2c-4a44-b04c-ed746eba098f | ITER: 20 START
2019-08-04 22:03:28.640 26996 WARNING rally_openstack.scenarios.neutron.utils [-] Running this scenario without either the 'network' or 'existing_network' context is deprecated
2019-08-04 22:03:41.597 26992 INFO rally.task.runner [-] Task 65d3f6f8-0f2c-4a44-b04c-ed746eba098f | ITER: 18 END: OK
2019-08-04 22:03:41.600 26992 INFO rally.task.runner [-] Task 65d3f6f8-0f2c-4a44-b04c-ed746eba098f | ITER: 21 START
2019-08-04 22:03:41.601 26992 WARNING rally_openstack.scenarios.neutron.utils [-] Running this scenario without either the 'network' or 'existing_network' context is deprecated
2019-08-04 22:03:41.639 26993 INFO rally.task.runner [-] Task 65d3f6f8-0f2c-4a44-b04c-ed746eba098f | ITER: 19 END: OK
2019-08-04 22:03:41.641 26993 INFO rally.task.runner [-] Task 65d3f6f8-0f2c-4a44-b04c-ed746eba098f | ITER: 22 START
2019-08-04 22:03:41.642 26993 WARNING rally_openstack.scenarios.neutron.utils [-] Running this scenario without either the 'network' or 'existing_network' context is deprecated
2019-08-04 22:03:42.310 26960 INFO rally.task.runner [-] Task 65d3f6f8-0f2c-4a44-b04c-ed746eba098f | ITER: 10 END: OK
2019-08-04 22:03:42.313 26960 INFO rally.task.runner [-] Task 65d3f6f8-0f2c-4a44-b04c-ed746eba098f | ITER: 23 START
2019-08-04 22:03:42.314 26960 WARNING rally_openstack.scenarios.neutron.utils [-] Running this scenario without either the 'network' or 'existing_network' context is deprecated
2019-08-04 22:03:42.607 26976 INFO rally.task.runner [-] Task 65d3f6f8-0f2c-4a44-b04c-ed746eba098f | ITER: 15 END: OK
2019-08-04 22:03:42.610 26976 INFO rally.task.runner [-] Task 65d3f6f8-0f2c-4a44-b04c-ed746eba098f | ITER: 24 START
2019-08-04 22:03:42.611 26976 WARNING rally_openstack.scenarios.neutron.utils [-] Running this scenario without either the 'network' or 'existing_network' context is deprecated
2019-08-04 22:03:42.741 26980 INFO rally.task.runner [-] Task 65d3f6f8-0f2c-4a44-b04c-ed746eba098f | ITER: 16 END: OK
2019-08-04 22:03:42.745 26980 INFO rally.task.runner [-] Task 65d3f6f8-0f2c-4a44-b04c-ed746eba098f | ITER: 25 START
2019-08-04 22:03:42.745 26980 WARNING rally_openstack.scenarios.neutron.utils [-] Running this scenario without either the 'network' or 'existing_network' context is deprecated
2019-08-04 22:03:43.026 26953 INFO rally.task.runner [-] Task 65d3f6f8-0f2c-4a44-b04c-ed746eba098f | ITER: 3 END: OK
2019-08-04 22:03:43.028 26953 INFO rally.task.runner [-] Task 65d3f6f8-0f2c-4a44-b04c-ed746eba098f | ITER: 26 START
2019-08-04 22:03:43.029 26953 WARNING rally_openstack.scenarios.neutron.utils [-] Running this scenario without either the 'network' or 'existing_network' context is deprecated
2019-08-04 22:03:43.177 26952 INFO rally.task.runner [-] Task 65d3f6f8-0f2c-4a44-b04c-ed746eba098f | ITER: 9 END: OK
2019-08-04 22:03:43.180 26952 INFO rally.task.runner [-] Task 65d3f6f8-0f2c-4a44-b04c-ed746eba098f | ITER: 27 START
2019-08-04 22:03:43.180 26952 WARNING rally_openstack.scenarios.neutron.utils [-] Running this scenario without either the 'network' or 'existing_network' context is deprecated
2019-08-04 22:03:43.376 26957 INFO rally.task.runner [-] Task 65d3f6f8-0f2c-4a44-b04c-ed746eba098f | ITER: 7 END: OK
2019-08-04 22:03:43.379 26957 INFO rally.task.runner [-] Task 65d3f6f8-0f2c-4a44-b04c-ed746eba098f | ITER: 28 START
2019-08-04 22:03:43.380 26957 WARNING rally_openstack.scenarios.neutron.utils [-] Running this scenario without either the 'network' or 'existing_network' context is deprecated
2019-08-04 22:03:43.452 26951 INFO rally.task.runner [-] Task 65d3f6f8-0f2c-4a44-b04c-ed746eba098f | ITER: 1 END: OK
2019-08-04 22:03:43.455 26951 INFO rally.task.runner [-] Task 65d3f6f8-0f2c-4a44-b04c-ed746eba098f | ITER: 29 START
2019-08-04 22:03:43.455 26951 WARNING rally_openstack.scenarios.neutron.utils [-] Running this scenario without either the 'network' or 'existing_network' context is deprecated
2019-08-04 22:03:43.459 26952 INFO rally.task.runner [-] Task 65d3f6f8-0f2c-4a44-b04c-ed746eba098f | ITER: 4 END: OK
2019-08-04 22:03:43.462 26952 INFO rally.task.runner [-] Task 65d3f6f8-0f2c-4a44-b04c-ed746eba098f | ITER: 30 START
2019-08-04 22:03:43.462 26952 WARNING rally_openstack.scenarios.neutron.utils [-] Running this scenario without either the 'network' or 'existing_network' context is deprecated
2019-08-04 22:03:43.483 26973 INFO rally.task.runner [-] Task 65d3f6f8-0f2c-4a44-b04c-ed746eba098f | ITER: 13 END: OK
2019-08-04 22:03:43.485 26973 INFO rally.task.runner [-] Task 65d3f6f8-0f2c-4a44-b04c-ed746eba098f | ITER: 31 START
2019-08-04 22:03:43.486 26973 WARNING rally_openstack.scenarios.neutron.utils [-] Running this scenario without either the 'network' or 'existing_network' context is deprecated
2019-08-04 22:03:43.762 26951 INFO rally.task.runner [-] Task 65d3f6f8-0f2c-4a44-b04c-ed746eba098f | ITER: 2 END: OK
2019-08-04 22:03:43.765 26951 INFO rally.task.runner [-] Task 65d3f6f8-0f2c-4a44-b04c-ed746eba098f | ITER: 32 START
2019-08-04 22:03:43.765 26951 WARNING rally_openstack.scenarios.neutron.utils [-] Running this scenario without either the 'network' or 'existing_network' context is deprecated
2019-08-04 22:03:44.316 26996 INFO rally.task.runner [-] Task 65d3f6f8-0f2c-4a44-b04c-ed746eba098f | ITER: 20 END: OK
2019-08-04 22:03:44.318 26996 INFO rally.task.runner [-] Task 65d3f6f8-0f2c-4a44-b04c-ed746eba098f | ITER: 33 START
2019-08-04 22:03:44.318 26996 WARNING rally_openstack.scenarios.neutron.utils [-] Running this scenario without either the 'network' or 'existing_network' context is deprecated
2019-08-04 22:03:44.326 26954 INFO rally.task.runner [-] Task 65d3f6f8-0f2c-4a44-b04c-ed746eba098f | ITER: 6 END: OK
2019-08-04 22:03:44.329 26954 INFO rally.task.runner [-] Task 65d3f6f8-0f2c-4a44-b04c-ed746eba098f | ITER: 34 START
2019-08-04 22:03:44.329 26954 WARNING rally_openstack.scenarios.neutron.utils [-] Running this scenario without either the 'network' or 'existing_network' context is deprecated
2019-08-04 22:03:44.704 26954 INFO rally.task.runner [-] Task 65d3f6f8-0f2c-4a44-b04c-ed746eba098f | ITER: 8 END: OK
2019-08-04 22:03:44.707 26954 INFO rally.task.runner [-] Task 65d3f6f8-0f2c-4a44-b04c-ed746eba098f | ITER: 35 START
2019-08-04 22:03:44.707 26954 WARNING rally_openstack.scenarios.neutron.utils [-] Running this scenario without either the 'network' or 'existing_network' context is deprecated
2019-08-04 22:03:45.365 26978 INFO rally.task.runner [-] Task 65d3f6f8-0f2c-4a44-b04c-ed746eba098f | ITER: 14 END: OK
2019-08-04 22:03:45.368 26978 INFO rally.task.runner [-] Task 65d3f6f8-0f2c-4a44-b04c-ed746eba098f | ITER: 36 START
2019-08-04 22:03:45.368 26978 WARNING rally_openstack.scenarios.neutron.utils [-] Running this scenario without either the 'network' or 'existing_network' context is deprecated
2019-08-04 22:03:45.476 26988 INFO rally.task.runner [-] Task 65d3f6f8-0f2c-4a44-b04c-ed746eba098f | ITER: 17 END: OK
2019-08-04 22:03:45.478 26988 INFO rally.task.runner [-] Task 65d3f6f8-0f2c-4a44-b04c-ed746eba098f | ITER: 37 START
2019-08-04 22:03:45.479 26953 INFO rally.task.runner [-] Task 65d3f6f8-0f2c-4a44-b04c-ed746eba098f | ITER: 5 END: OK
2019-08-04 22:03:45.479 26988 WARNING rally_openstack.scenarios.neutron.utils [-] Running this scenario without either the 'network' or 'existing_network' context is deprecated
2019-08-04 22:03:45.482 26953 INFO rally.task.runner [-] Task 65d3f6f8-0f2c-4a44-b04c-ed746eba098f | ITER: 38 START
2019-08-04 22:03:45.483 26953 WARNING rally_openstack.scenarios.neutron.utils [-] Running this scenario without either the 'network' or 'existing_network' context is deprecated
