2019-08-04 22:01:35.098 22705 RALLYDEBUG rally_openstack.cleanup.manager [-] Deleting neutron.port object s_rally_f18442ca_UKLw7Iwd (d3c2cf79-c757-4eb7-b1a5-1dd976275818)
2019-08-04 22:01:35.466 22705 RALLYDEBUG rally_openstack.cleanup.manager [-] Deleting neutron.port object s_rally_f18442ca_9QwXDkg2 (d3e0b219-e987-43e4-8744-f56c945a5b24)
2019-08-04 22:01:35.579 22705 RALLYDEBUG rally_openstack.cleanup.manager [-] Deleting neutron.port object s_rally_f18442ca_Mo9SfkI6 (d405ddad-3200-4489-969f-325add84e2e6)
2019-08-04 22:01:35.715 22705 RALLYDEBUG rally_openstack.cleanup.manager [-] Deleting neutron.port object s_rally_f18442ca_wKy9E7i2 (d46f2114-7f9b-4178-80af-792f06dbf737)
2019-08-04 22:01:35.771 22705 RALLYDEBUG rally_openstack.cleanup.manager [-] Deleting neutron.port object s_rally_f18442ca_LJRtqv50 (d4752350-aee0-40e9-9889-7770850f1be1)
2019-08-04 22:01:36.036 22705 RALLYDEBUG rally_openstack.cleanup.manager [-] Deleting neutron.port object s_rally_f18442ca_HWf3Tvhr (d56f8371-ecec-4615-99a7-2966766399e5)
2019-08-04 22:01:36.047 22705 RALLYDEBUG rally_openstack.cleanup.manager [-] Deleting neutron.port object s_rally_f18442ca_08AsbOie (d586530b-ae75-4bd6-a82b-9e5b3bc48da0)
2019-08-04 22:01:36.134 22705 RALLYDEBUG rally_openstack.cleanup.manager [-] Deleting neutron.port object s_rally_f18442ca_f8GiqMLJ (d61ada61-f772-4986-a3fa-ef85960bce44)
2019-08-04 22:01:36.241 22705 RALLYDEBUG rally_openstack.cleanup.manager [-] Deleting neutron.port object s_rally_f18442ca_3t97CCrY (d63038a8-77ea-4b83-b72f-18ba1eba2dda)
2019-08-04 22:01:36.364 22705 RALLYDEBUG rally_openstack.cleanup.manager [-] Deleting neutron.port object s_rally_f18442ca_lBhHtBVA (d6599f29-6795-4bc1-84ab-10570c75644c)
2019-08-04 22:01:36.469 22705 RALLYDEBUG rally_openstack.cleanup.manager [-] Deleting neutron.port object s_rally_f18442ca_FHTdm6XZ (d6d356be-4b1e-4e22-9a6b-77d969184979)
2019-08-04 22:01:36.687 22705 RALLYDEBUG rally_openstack.cleanup.manager [-] Deleting neutron.port object s_rally_f18442ca_hKIgjxxe (d77eb970-53ef-4d4d-a70d-03f3bf67df73)
2019-08-04 22:01:36.772 22705 RALLYDEBUG rally_openstack.cleanup.manager [-] Deleting neutron.port object s_rally_f18442ca_x0NVyaSJ (d8b272d3-4015-4658-abc7-cf0dd2bd6a65)
2019-08-04 22:01:36.872 22705 RALLYDEBUG rally_openstack.cleanup.manager [-] Deleting neutron.port object s_rally_f18442ca_gs7jit9s (d8fb6a28-0e76-4347-8b41-3ac1908d54d6)
2019-08-04 22:01:36.895 22705 RALLYDEBUG rally_openstack.cleanup.manager [-] Deleting neutron.port object s_rally_f18442ca_d9LRPBkf (d9872d1b-6e44-4c78-88c5-48cb4e5691bc)
2019-08-04 22:01:37.135 22705 RALLYDEBUG rally_openstack.cleanup.manager [-] Deleting neutron.port object s_rally_f18442ca_74GDcrAM (daba9866-1681-451e-a9e7-d77a22fe7b05)
2019-08-04 22:01:37.191 22705 RALLYDEBUG rally_openstack.cleanup.manager [-] Deleting neutron.port object s_rally_f18442ca_013XVr9k (dc455647-23dd-48e2-a975-0787dcb72e1e)
2019-08-04 22:01:37.214 22705 RALLYDEBUG rally_openstack.cleanup.manager [-] Deleting neutron.port object s_rally_f18442ca_fqJ8NzAC (dde59d74-6a8f-4fd0-819f-ccf6e8c9e446)
2019-08-04 22:01:37.663 22705 RALLYDEBUG rally_openstack.cleanup.manager [-] Deleting neutron.port object s_rally_f18442ca_2XJ3xiVO (de6150d8-af8c-4577-aacc-6a078a130cca)
2019-08-04 22:01:37.699 22705 RALLYDEBUG rally_openstack.cleanup.manager [-] Deleting neutron.port object s_rally_f18442ca_JED5OhE0 (dee40fb0-0eb1-4500-bfbf-a92ef131a5a6)
2019-08-04 22:01:37.767 22705 RALLYDEBUG rally_openstack.cleanup.manager [-] Deleting neutron.port object s_rally_f18442ca_L6aRf0VD (df7f5581-f4a2-4418-9f21-315728325dbe)
2019-08-04 22:01:38.181 22705 RALLYDEBUG rally_openstack.cleanup.manager [-] Deleting neutron.port object s_rally_f18442ca_ZxAMquwn (df90712a-a828-4754-b747-af4af99dbd28)
2019-08-04 22:01:38.201 22705 RALLYDEBUG rally_openstack.cleanup.manager [-] Deleting neutron.port object s_rally_f18442ca_PeSXN1dX (e0555691-e2f2-429a-81b0-fbb1d51b8d92)
2019-08-04 22:01:38.261 22705 RALLYDEBUG rally_openstack.cleanup.manager [-] Deleting neutron.port object s_rally_f18442ca_kN24d8XS (e07066a6-70f5-4646-ba82-8c2e42dae6b2)
2019-08-04 22:01:38.351 22705 RALLYDEBUG rally_openstack.cleanup.manager [-] Deleting neutron.port object s_rally_f18442ca_S37ctMof (e1c55f8b-a16c-4c2b-b07a-653adfb55b73)
2019-08-04 22:01:38.571 22705 RALLYDEBUG rally_openstack.cleanup.manager [-] Deleting neutron.port object s_rally_f18442ca_016ROMKw (e2faa60b-c436-45d1-bbf3-9a075d8b38cb)
2019-08-04 22:01:38.589 22705 RALLYDEBUG rally_openstack.cleanup.manager [-] Deleting neutron.port object s_rally_f18442ca_XpItVXMX (e39e1fb1-3a0a-4ea1-b3c1-4849af1027a0)
2019-08-04 22:01:38.604 22705 RALLYDEBUG rally_openstack.cleanup.manager [-] Deleting neutron.port object s_rally_f18442ca_QSHK3rrk (e429281e-1389-4f4b-add8-e3448df9c8ae)
2019-08-04 22:01:38.741 22705 RALLYDEBUG rally_openstack.cleanup.manager [-] Deleting neutron.port object s_rally_f18442ca_Xbl3V9Iu (e5094daf-5a5c-4321-b052-13a5054f1e02)
2019-08-04 22:01:38.828 22705 RALLYDEBUG rally_openstack.cleanup.manager [-] Deleting neutron.port object s_rally_f18442ca_haYE9okd (e692aee0-323e-49d0-b4e8-c147588261d3)
2019-08-04 22:01:38.830 22705 RALLYDEBUG rally_openstack.cleanup.manager [-] Deleting neutron.port object s_rally_f18442ca_J9hRTdon (e8677d98-e84b-4f7a-ac09-254ccf0cb2ec)
2019-08-04 22:01:38.946 22705 RALLYDEBUG rally_openstack.cleanup.manager [-] Deleting neutron.port object s_rally_f18442ca_rCsxZ3Z3 (ea182662-09ec-476a-9675-3b1143ff7bcc)
2019-08-04 22:01:39.067 22705 RALLYDEBUG rally_openstack.cleanup.manager [-] Deleting neutron.port object s_rally_f18442ca_rE2G6mm6 (ea283b1e-cb6e-4e0b-88d8-5cf62ec2a336)
2019-08-04 22:01:39.099 22705 RALLYDEBUG rally_openstack.cleanup.manager [-] Deleting neutron.port object s_rally_f18442ca_5x6K9E5S (ea66bb97-3631-49b3-9914-e996efbac031)
2019-08-04 22:01:39.287 22705 RALLYDEBUG rally_openstack.cleanup.manager [-] Deleting neutron.port object s_rally_f18442ca_sX6X8dct (ea96126c-3a1f-434c-8b9d-91e7af3733fe)
2019-08-04 22:01:39.342 22705 RALLYDEBUG rally_openstack.cleanup.manager [-] Deleting neutron.port object s_rally_f18442ca_IpBm4ffT (eafc4f5c-6ca3-4bdf-8e4d-4e204a5bd5b2)
2019-08-04 22:01:39.491 22705 RALLYDEBUG rally_openstack.cleanup.manager [-] Deleting neutron.port object s_rally_f18442ca_ppsKsIX6 (ebb65c7e-1345-4429-9ba2-b8fcfc5a238b)
2019-08-04 22:01:39.723 22705 RALLYDEBUG rally_openstack.cleanup.manager [-] Deleting neutron.port object s_rally_f18442ca_le1AAugJ (ecb11d48-ff53-4048-abdf-6ad89ca6e48a)
2019-08-04 22:01:39.917 22705 RALLYDEBUG rally_openstack.cleanup.manager [-] Deleting neutron.port object s_rally_f18442ca_cwdcuDcW (eed6250d-6bb3-4d42-8892-f47ddc518648)
2019-08-04 22:01:39.955 22705 RALLYDEBUG rally_openstack.cleanup.manager [-] Deleting neutron.port object s_rally_f18442ca_pZwLd88E (f0246ac8-682d-47b9-8dd7-af6ee6102220)
2019-08-04 22:01:40.117 22705 RALLYDEBUG rally_openstack.cleanup.manager [-] Deleting neutron.port object s_rally_f18442ca_HP2fRaii (f06e2261-adfe-4e92-8bb5-b0b8868d07c2)
2019-08-04 22:01:40.362 22705 RALLYDEBUG rally_openstack.cleanup.manager [-] Deleting neutron.port object s_rally_f18442ca_EiJ1H4ZT (f0adf9c2-8108-4e1f-98d4-4cebe655da54)
2019-08-04 22:01:40.434 22705 RALLYDEBUG rally_openstack.cleanup.manager [-] Deleting neutron.port object s_rally_f18442ca_LldxeAOu (f1bc12f3-4747-4524-bf3d-96b725901aa8)
2019-08-04 22:01:40.477 22705 RALLYDEBUG rally_openstack.cleanup.manager [-] Deleting neutron.port object s_rally_f18442ca_RdVY2xcf (f1c5099a-1044-48dc-913c-410250ff0a50)
2019-08-04 22:01:40.547 22705 RALLYDEBUG rally_openstack.cleanup.manager [-] Deleting neutron.port object s_rally_f18442ca_bavKkEK7 (f23137c6-cba7-4e08-ba16-1cb1663d1864)
2019-08-04 22:01:40.676 22705 RALLYDEBUG rally_openstack.cleanup.manager [-] Deleting neutron.port object s_rally_f18442ca_Ypz2CBio (f358f784-4c27-47f2-a869-96743f9c7b26)
2019-08-04 22:01:40.800 22705 RALLYDEBUG rally_openstack.cleanup.manager [-] Deleting neutron.port object s_rally_f18442ca_OOMWT7iz (f3a01468-b704-425e-ae4e-bdb11d8bf5c6)
2019-08-04 22:01:40.979 22705 RALLYDEBUG rally_openstack.cleanup.manager [-] Deleting neutron.port object s_rally_f18442ca_GMkSxl6D (f459232c-6382-4abb-96db-9888b4a59627)
2019-08-04 22:01:40.991 22705 RALLYDEBUG rally_openstack.cleanup.manager [-] Deleting neutron.port object s_rally_f18442ca_EpEyrggJ (f58cae9f-4969-4054-a0bb-232ef13d6288)
2019-08-04 22:01:41.076 22705 RALLYDEBUG rally_openstack.cleanup.manager [-] Deleting neutron.port object s_rally_f18442ca_97ip7ZbI (f5a18aae-05f8-47c4-9021-a6e647af1778)
2019-08-04 22:01:41.144 22705 RALLYDEBUG rally_openstack.cleanup.manager [-] Deleting neutron.port object s_rally_f18442ca_dkJljnFH (f5c077fd-fcd8-46b1-ae9b-a7a1fc2ca058)
2019-08-04 22:01:41.285 22705 RALLYDEBUG rally_openstack.cleanup.manager [-] Deleting neutron.port object s_rally_f18442ca_EN1BKS9B (f6ff7304-1bbd-479c-b9e9-1a6ac5836fc4)
2019-08-04 22:01:41.289 22705 RALLYDEBUG rally_openstack.cleanup.manager [-] Deleting neutron.port object s_rally_f18442ca_yXZnYsfP (f8def0a1-e3ee-4959-b58f-607322529881)
2019-08-04 22:01:41.312 22705 RALLYDEBUG rally_openstack.cleanup.manager [-] Deleting neutron.port object s_rally_f18442ca_utNTWGp3 (f900e6f3-e079-407f-8a72-57023258eefc)
2019-08-04 22:01:41.627 22705 RALLYDEBUG rally_openstack.cleanup.manager [-] Deleting neutron.port object s_rally_f18442ca_1mWSkjbG (f9180577-7135-4bb0-9a9b-d0f3aa946409)
2019-08-04 22:01:41.731 22705 RALLYDEBUG rally_openstack.cleanup.manager [-] Deleting neutron.port object s_rally_f18442ca_HAImrrTY (f91b3dbe-c930-457e-86ca-3704682d676d)
2019-08-04 22:01:41.850 22705 RALLYDEBUG rally_openstack.cleanup.manager [-] Deleting neutron.port object s_rally_f18442ca_mfMJpHWz (fb06273d-6d0a-4c40-82b2-b83f4b5c0d45)
2019-08-04 22:01:42.020 22705 RALLYDEBUG rally_openstack.cleanup.manager [-] Deleting neutron.port object s_rally_f18442ca_ZqZawYJc (fcffd400-a3ff-46ce-88c0-ca16b85efd7e)
2019-08-04 22:01:42.486 22705 RALLYDEBUG rally_openstack.cleanup.manager [-] Deleting neutron.port object s_rally_f18442ca_enqkMrP9 (fe67a89c-d11f-4c21-90ba-c67c99ac858d)
2019-08-04 22:01:42.553 22705 RALLYDEBUG rally_openstack.cleanup.manager [-] Deleting neutron.port object s_rally_f18442ca_EmZBZnzW (fea21d18-40ed-43b5-a0ab-5210f7753fba)
2019-08-04 22:01:42.590 22705 RALLYDEBUG rally_openstack.cleanup.manager [-] Deleting neutron.port object s_rally_f18442ca_zYsDBYQ3 (fecc35d6-55a9-4307-b5cb-d9cf6f4bff1b)
2019-08-04 22:01:42.644 22705 RALLYDEBUG rally_openstack.cleanup.manager [-] Deleting neutron.port object s_rally_f18442ca_OTjUVU3P (ffd705fc-44ce-4758-ad1f-442e639f3669)
2019-08-04 22:01:45.042 22705 RALLYDEBUG rally_openstack.cleanup.manager [-] Cleaning up neutron subnet objects
2019-08-04 22:01:45.716 22705 RALLYDEBUG rally_openstack.cleanup.manager [-] Cleaning up neutron network objects
2019-08-04 22:01:46.571 22705 RALLYDEBUG rally_openstack.cleanup.manager [-] Deleting neutron.network object s_rally_f18442ca_zSdymoqU (35ef2b10-fd61-4382-98f0-9874666b10a0)
2019-08-04 22:01:46.579 22705 RALLYDEBUG rally_openstack.cleanup.manager [-] Deleting neutron.network object s_rally_f18442ca_doLZfRK0 (8c491d22-2564-4596-825a-98ea34f78242)
2019-08-04 22:01:46.587 22705 RALLYDEBUG rally_openstack.cleanup.manager [-] Deleting neutron.network object s_rally_f18442ca_FoicZnA8 (8fb2f2ce-ada3-4b21-9fd7-dd9fb6c905cc)
2019-08-04 22:01:46.593 22705 RALLYDEBUG rally_openstack.cleanup.manager [-] Deleting neutron.network object s_rally_f18442ca_zXSSnP6e (cb9abad1-71b8-4fcf-b828-23390524543f)
2019-08-04 22:01:46.606 22705 RALLYDEBUG rally_openstack.cleanup.manager [-] Deleting neutron.network object s_rally_f18442ca_YACKkmDh (d2935bf3-54d2-4201-b52b-388132d8bb13)
2019-08-04 22:01:46.607 22705 RALLYDEBUG rally_openstack.cleanup.manager [-] Deleting neutron.network object s_rally_f18442ca_lXcptSJ1 (e780e9a8-7e36-497c-b8ac-e1c1ea11fa88)
2019-08-04 22:01:46.616 22705 RALLYDEBUG rally_openstack.cleanup.manager [-] Deleting neutron.network object s_rally_f18442ca_dkispewZ (ec4ca42b-be9e-424a-9b47-9a764fb0f82f)
2019-08-04 22:01:46.621 22705 RALLYDEBUG rally_openstack.cleanup.manager [-] Deleting neutron.network object s_rally_f18442ca_dVrb4bQB (fd83e9ba-1a1a-4317-8fbd-29345bef2019)
2019-08-04 22:01:49.912 22705 RALLYDEBUG rally_openstack.cleanup.manager [-] Cleaning up neutron router objects
2019-08-04 22:01:50.691 22705 RALLYDEBUG rally_openstack.cleanup.manager [-] Cleaning up neutron security_group objects
2019-08-04 22:01:51.454 22705 INFO rally.task.context [-] Task 65d3f6f8-0f2c-4a44-b04c-ed746eba098f | Context cleanup@openstack cleanup() finished in 1.05 min
2019-08-04 22:01:51.455 22705 INFO rally.task.context [-] Task 65d3f6f8-0f2c-4a44-b04c-ed746eba098f | Context quotas@openstack cleanup() started
2019-08-04 22:01:51.883 22705 INFO rally.task.context [-] Task 65d3f6f8-0f2c-4a44-b04c-ed746eba098f | Context quotas@openstack cleanup() finished in 0.43 sec
2019-08-04 22:01:51.884 22705 INFO rally.task.context [-] Task 65d3f6f8-0f2c-4a44-b04c-ed746eba098f | Context users@openstack cleanup() started
2019-08-04 22:01:56.928 22705 INFO rally.task.context [-] Task 65d3f6f8-0f2c-4a44-b04c-ed746eba098f | Context users@openstack cleanup() finished in 5.04 sec
2019-08-04 22:01:58.261 22705 INFO rally.task.engine [-] Load duration is: 95.008326
2019-08-04 22:01:58.261 22705 INFO rally.task.engine [-] Full runner duration is: 95.050918
2019-08-04 22:01:58.262 22705 INFO rally.task.engine [-] Full duration is: 169.329693
2019-08-04 22:01:58.505 22705 INFO rally.task.engine [-] Running workload: position = 1 config = { "version": 2, "title": "A cropped version of a bigger task.", "description": "Auto-generated task from a single workload (uuid=4cd3d0bd-c554-4cb3-b56b-2fc0ef1899f9)", "subtasks": [ { "title": "NeutronNetworks.create_and_update_ports", "description": "Create and update a given number of ports.", "scenario": { "NeutronNetworks.create_and_update_ports": { "network_create_args": {}, "port_create_args": {}, "ports_per_network": 5, "port_update_args": { "admin_state_up": false, "device_id": "dummy_id", "device_owner": "dummy_owner", "name": "_port_updated" } } }, "contexts": { "users": { "tenants": 1, "users_per_tenant": 1 }, "quotas": { "neutron": { "network": -1, "port": -1 } } }, "runner": { "constant": { "times": 40, "concurrency": 20 } }, "hooks": [], "sla": { "failure_rate": { "max": 0 } } } ] }
2019-08-04 22:01:58.527 22705 RALLYDEBUG rally_openstack.contexts.keystone.users [-] Creating 1 tenants using 20 threads
2019-08-04 22:02:00.546 22705 RALLYDEBUG rally_openstack.contexts.keystone.users [-] Creating 1 users using 20 threads
2019-08-04 22:02:03.433 22705 INFO rally.task.context [-] Task 65d3f6f8-0f2c-4a44-b04c-ed746eba098f | Context users@openstack setup() finished in 4.91 sec
2019-08-04 22:02:04.242 22705 INFO rally.task.context [-] Task 65d3f6f8-0f2c-4a44-b04c-ed746eba098f | Context quotas@openstack setup() finished in 0.81 sec
2019-08-04 22:02:04.242 22705 INFO rally.task.context [-] Task 65d3f6f8-0f2c-4a44-b04c-ed746eba098f | Context cleanup@openstack setup() finished in 0.00 msec
2019-08-04 22:02:04.250 22705 RALLYDEBUG rally.task.runner [-] Starting the constant runner (task UUID: 65d3f6f8-0f2c-4a44-b04c-ed746eba098f). timeout: 0 concurrency: 20 concurrency_per_worker: 1 times: 40 concurrency_overhead: 4 processes_to_start: 16 max_cpu_used: 16
2019-08-04 22:02:04.258 26581 RALLYDEBUG rally.task.runner [-] Starting a worker. concurrency: 2 args: {"network_create_args": {}, "port_create_args": {}, "ports_per_network": 5, "port_update_args": {"admin_state_up": false, "device_id": "dummy_id", "device_owner": "dummy_owner", "name": "_port_updated"}} times: 40 method_name: run timeout: 0 duration: None cls:
2019-08-04 22:02:04.263 26581 INFO rally.task.runner [-] Task 65d3f6f8-0f2c-4a44-b04c-ed746eba098f | ITER: 1 START
2019-08-04 22:02:04.263 26582 RALLYDEBUG rally.task.runner [-] Starting a worker. concurrency: 2 args: {"network_create_args": {}, "port_create_args": {}, "ports_per_network": 5, "port_update_args": {"admin_state_up": false, "device_id": "dummy_id", "device_owner": "dummy_owner", "name": "_port_updated"}} times: 40 method_name: run timeout: 0 duration: None cls:
2019-08-04 22:02:04.264 26581 WARNING rally_openstack.scenarios.neutron.utils [-] Running this scenario without either the 'network' or 'existing_network' context is deprecated
2019-08-04 22:02:04.266 26583 RALLYDEBUG rally.task.runner [-] Starting a worker. concurrency: 2 args: {"network_create_args": {}, "port_create_args": {}, "ports_per_network": 5, "port_update_args": {"admin_state_up": false, "device_id": "dummy_id", "device_owner": "dummy_owner", "name": "_port_updated"}} times: 40 method_name: run timeout: 0 duration: None cls:
2019-08-04 22:02:04.268 26588 RALLYDEBUG rally.task.runner [-] Starting a worker. concurrency: 1 args: {"network_create_args": {}, "port_create_args": {}, "ports_per_network": 5, "port_update_args": {"admin_state_up": false, "device_id": "dummy_id", "device_owner": "dummy_owner", "name": "_port_updated"}} times: 40 method_name: run timeout: 0 duration: None cls:
2019-08-04 22:02:04.268 26587 RALLYDEBUG rally.task.runner [-] Starting a worker. concurrency: 2 args: {"network_create_args": {}, "port_create_args": {}, "ports_per_network": 5, "port_update_args": {"admin_state_up": false, "device_id": "dummy_id", "device_owner": "dummy_owner", "name": "_port_updated"}} times: 40 method_name: run timeout: 0 duration: None cls:
2019-08-04 22:02:04.270 26582 INFO rally.task.runner [-] Task 65d3f6f8-0f2c-4a44-b04c-ed746eba098f | ITER: 3 START
2019-08-04 22:02:04.271 26588 INFO rally.task.runner [-] Task 65d3f6f8-0f2c-4a44-b04c-ed746eba098f | ITER: 6 START
2019-08-04 22:02:04.272 26581 INFO rally.task.runner [-] Task 65d3f6f8-0f2c-4a44-b04c-ed746eba098f | ITER: 2 START
2019-08-04 22:02:04.272 26582 WARNING rally_openstack.scenarios.neutron.utils [-] Running this scenario without either the 'network' or 'existing_network' context is deprecated
2019-08-04 22:02:04.272 26588 WARNING rally_openstack.scenarios.neutron.utils [-] Running this scenario without either the 'network' or 'existing_network' context is deprecated
2019-08-04 22:02:04.272 26581 WARNING rally_openstack.scenarios.neutron.utils [-] Running this scenario without either the 'network' or 'existing_network' context is deprecated
2019-08-04 22:02:04.274 26593 RALLYDEBUG rally.task.runner [-] Starting a worker. concurrency: 1 args: {"network_create_args": {}, "port_create_args": {}, "ports_per_network": 5, "port_update_args": {"admin_state_up": false, "device_id": "dummy_id", "device_owner": "dummy_owner", "name": "_port_updated"}} times: 40 method_name: run timeout: 0 duration: None cls:
2019-08-04 22:02:04.276 26583 INFO rally.task.runner [-] Task 65d3f6f8-0f2c-4a44-b04c-ed746eba098f | ITER: 4 START
2019-08-04 22:02:04.275 26589 RALLYDEBUG rally.task.runner [-] Starting a worker. concurrency: 1 args: {"network_create_args": {}, "port_create_args": {}, "ports_per_network": 5, "port_update_args": {"admin_state_up": false, "device_id": "dummy_id", "device_owner": "dummy_owner", "name": "_port_updated"}} times: 40 method_name: run timeout: 0 duration: None cls:
2019-08-04 22:02:04.277 26599 RALLYDEBUG rally.task.runner [-] Starting a worker. concurrency: 1 args: {"network_create_args": {}, "port_create_args": {}, "ports_per_network": 5, "port_update_args": {"admin_state_up": false, "device_id": "dummy_id", "device_owner": "dummy_owner", "name": "_port_updated"}} times: 40 method_name: run timeout: 0 duration: None cls:
2019-08-04 22:02:04.277 26583 WARNING rally_openstack.scenarios.neutron.utils [-] Running this scenario without either the 'network' or 'existing_network' context is deprecated
2019-08-04 22:02:04.277 26587 INFO rally.task.runner [-] Task 65d3f6f8-0f2c-4a44-b04c-ed746eba098f | ITER: 7 START
2019-08-04 22:02:04.278 26587 INFO rally.task.runner [-] Task 65d3f6f8-0f2c-4a44-b04c-ed746eba098f | ITER: 9 START
2019-08-04 22:02:04.281 26587 WARNING rally_openstack.scenarios.neutron.utils [-] Running this scenario without either the 'network' or 'existing_network' context is deprecated
2019-08-04 22:02:04.281 26582 INFO rally.task.runner [-] Task 65d3f6f8-0f2c-4a44-b04c-ed746eba098f | ITER: 5 START
2019-08-04 22:02:04.281 26583 INFO rally.task.runner [-] Task 65d3f6f8-0f2c-4a44-b04c-ed746eba098f | ITER: 8 START
2019-08-04 22:02:04.282 26582 WARNING rally_openstack.scenarios.neutron.utils [-] Running this scenario without either the 'network' or 'existing_network' context is deprecated
2019-08-04 22:02:04.282 26583 WARNING rally_openstack.scenarios.neutron.utils [-] Running this scenario without either the 'network' or 'existing_network' context is deprecated
2019-08-04 22:02:04.282 26589 INFO rally.task.runner [-] Task 65d3f6f8-0f2c-4a44-b04c-ed746eba098f | ITER: 11 START
2019-08-04 22:02:04.282 26605 RALLYDEBUG rally.task.runner [-] Starting a worker. concurrency: 1 args: {"network_create_args": {}, "port_create_args": {}, "ports_per_network": 5, "port_update_args": {"admin_state_up": false, "device_id": "dummy_id", "device_owner": "dummy_owner", "name": "_port_updated"}} times: 40 method_name: run timeout: 0 duration: None cls:
2019-08-04 22:02:04.282 26603 RALLYDEBUG rally.task.runner [-] Starting a worker. concurrency: 1 args: {"network_create_args": {}, "port_create_args": {}, "ports_per_network": 5, "port_update_args": {"admin_state_up": false, "device_id": "dummy_id", "device_owner": "dummy_owner", "name": "_port_updated"}} times: 40 method_name: run timeout: 0 duration: None cls:
2019-08-04 22:02:04.283 26589 WARNING rally_openstack.scenarios.neutron.utils [-] Running this scenario without either the 'network' or 'existing_network' context is deprecated
2019-08-04 22:02:04.285 26599 INFO rally.task.runner [-] Task 65d3f6f8-0f2c-4a44-b04c-ed746eba098f | ITER: 12 START
2019-08-04 22:02:04.286 26605 INFO rally.task.runner [-] Task 65d3f6f8-0f2c-4a44-b04c-ed746eba098f | ITER: 13 START
2019-08-04 22:02:04.286 26599 WARNING rally_openstack.scenarios.neutron.utils [-] Running this scenario without either the 'network' or 'existing_network' context is deprecated
2019-08-04 22:02:04.288 26593 INFO rally.task.runner [-] Task 65d3f6f8-0f2c-4a44-b04c-ed746eba098f | ITER: 10 START
2019-08-04 22:02:04.286 26605 WARNING rally_openstack.scenarios.neutron.utils [-] Running this scenario without either the 'network' or 'existing_network' context is deprecated
2019-08-04 22:02:04.288 26611 RALLYDEBUG rally.task.runner [-] Starting a worker. concurrency: 1 args: {"network_create_args": {}, "port_create_args": {}, "ports_per_network": 5, "port_update_args": {"admin_state_up": false, "device_id": "dummy_id", "device_owner": "dummy_owner", "name": "_port_updated"}} times: 40 method_name: run timeout: 0 duration: None cls:
2019-08-04 22:02:04.289 26593 WARNING rally_openstack.scenarios.neutron.utils [-] Running this scenario without either the 'network' or 'existing_network' context is deprecated
2019-08-04 22:02:04.289 26610 RALLYDEBUG rally.task.runner [-] Starting a worker. concurrency: 1 args: {"network_create_args": {}, "port_create_args": {}, "ports_per_network": 5, "port_update_args": {"admin_state_up": false, "device_id": "dummy_id", "device_owner": "dummy_owner", "name": "_port_updated"}} times: 40 method_name: run timeout: 0 duration: None cls:
2019-08-04 22:02:04.291 26603 INFO rally.task.runner [-] Task 65d3f6f8-0f2c-4a44-b04c-ed746eba098f | ITER: 14 START
2019-08-04 22:02:04.292 26603 WARNING rally_openstack.scenarios.neutron.utils [-] Running this scenario without either the 'network' or 'existing_network' context is deprecated
2019-08-04 22:02:04.280 26587 WARNING rally_openstack.scenarios.neutron.utils [-] Running this scenario without either the 'network' or 'existing_network' context is deprecated
2019-08-04 22:02:04.294 26611 INFO rally.task.runner [-] Task 65d3f6f8-0f2c-4a44-b04c-ed746eba098f | ITER: 15 START
2019-08-04 22:02:04.296 26611 WARNING rally_openstack.scenarios.neutron.utils [-] Running this scenario without either the 'network' or 'existing_network' context is deprecated
2019-08-04 22:02:04.296 26610 INFO rally.task.runner [-] Task 65d3f6f8-0f2c-4a44-b04c-ed746eba098f | ITER: 16 START
2019-08-04 22:02:04.298 26610 WARNING rally_openstack.scenarios.neutron.utils [-] Running this scenario without either the 'network' or 'existing_network' context is deprecated
2019-08-04 22:02:04.301 26621 RALLYDEBUG rally.task.runner [-] Starting a worker. concurrency: 1 args: {"network_create_args": {}, "port_create_args": {}, "ports_per_network": 5, "port_update_args": {"admin_state_up": false, "device_id": "dummy_id", "device_owner": "dummy_owner", "name": "_port_updated"}} times: 40 method_name: run timeout: 0 duration: None cls:
2019-08-04 22:02:04.305 26621 INFO rally.task.runner [-] Task 65d3f6f8-0f2c-4a44-b04c-ed746eba098f | ITER: 17 START
2019-08-04 22:02:04.305 26621 WARNING rally_openstack.scenarios.neutron.utils [-] Running this scenario without either the 'network' or 'existing_network' context is deprecated
2019-08-04 22:02:04.317 26624 RALLYDEBUG rally.task.runner [-] Starting a worker. concurrency: 1 args: {"network_create_args": {}, "port_create_args": {}, "ports_per_network": 5, "port_update_args": {"admin_state_up": false, "device_id": "dummy_id", "device_owner": "dummy_owner", "name": "_port_updated"}} times: 40 method_name: run timeout: 0 duration: None cls:
2019-08-04 22:02:04.320 26624 INFO rally.task.runner [-] Task 65d3f6f8-0f2c-4a44-b04c-ed746eba098f | ITER: 18 START
2019-08-04 22:02:04.321 26624 WARNING rally_openstack.scenarios.neutron.utils [-] Running this scenario without either the 'network' or 'existing_network' context is deprecated
2019-08-04 22:02:04.323 26625 RALLYDEBUG rally.task.runner [-] Starting a worker. concurrency: 1 args: {"network_create_args": {}, "port_create_args": {}, "ports_per_network": 5, "port_update_args": {"admin_state_up": false, "device_id": "dummy_id", "device_owner": "dummy_owner", "name": "_port_updated"}} times: 40 method_name: run timeout: 0 duration: None cls:
2019-08-04 22:02:04.324 26628 RALLYDEBUG rally.task.runner [-] Starting a worker. concurrency: 1 args: {"network_create_args": {}, "port_create_args": {}, "ports_per_network": 5, "port_update_args": {"admin_state_up": false, "device_id": "dummy_id", "device_owner": "dummy_owner", "name": "_port_updated"}} times: 40 method_name: run timeout: 0 duration: None cls:
2019-08-04 22:02:04.327 26625 INFO rally.task.runner [-] Task 65d3f6f8-0f2c-4a44-b04c-ed746eba098f | ITER: 19 START
2019-08-04 22:02:04.329 26628 INFO rally.task.runner [-] Task 65d3f6f8-0f2c-4a44-b04c-ed746eba098f | ITER: 20 START
2019-08-04 22:02:04.329 26625 WARNING rally_openstack.scenarios.neutron.utils [-] Running this scenario without either the 'network' or 'existing_network' context is deprecated
2019-08-04 22:02:04.330 26628 WARNING rally_openstack.scenarios.neutron.utils [-] Running this scenario without either the 'network' or 'existing_network' context is deprecated
2019-08-04 22:02:19.062 26625 INFO rally.task.runner [-] Task 65d3f6f8-0f2c-4a44-b04c-ed746eba098f | ITER: 19 END: OK
2019-08-04 22:02:19.066 26625 INFO rally.task.runner [-] Task 65d3f6f8-0f2c-4a44-b04c-ed746eba098f | ITER: 21 START
2019-08-04 22:02:19.066 26625 WARNING rally_openstack.scenarios.neutron.utils [-] Running this scenario without either the 'network' or 'existing_network' context is deprecated
2019-08-04 22:02:19.244 26583 INFO rally.task.runner [-] Task 65d3f6f8-0f2c-4a44-b04c-ed746eba098f | ITER: 4 END: OK
2019-08-04 22:02:19.247 26583 INFO rally.task.runner [-] Task 65d3f6f8-0f2c-4a44-b04c-ed746eba098f | ITER: 22 START
2019-08-04 22:02:19.247 26583 WARNING rally_openstack.scenarios.neutron.utils [-] Running this scenario without either the 'network' or 'existing_network' context is deprecated
2019-08-04 22:02:19.305 26583 INFO rally.task.runner [-] Task 65d3f6f8-0f2c-4a44-b04c-ed746eba098f | ITER: 8 END: OK
2019-08-04 22:02:19.307 26583 INFO rally.task.runner [-] Task 65d3f6f8-0f2c-4a44-b04c-ed746eba098f | ITER: 23 START
2019-08-04 22:02:19.308 26583 WARNING rally_openstack.scenarios.neutron.utils [-] Running this scenario without either the 'network' or 'existing_network' context is deprecated
2019-08-04 22:02:19.310 26621 INFO rally.task.runner [-] Task 65d3f6f8-0f2c-4a44-b04c-ed746eba098f | ITER: 17 END: OK
2019-08-04 22:02:19.314 26621 INFO rally.task.runner [-] Task 65d3f6f8-0f2c-4a44-b04c-ed746eba098f | ITER: 24 START
2019-08-04 22:02:19.314 26621 WARNING rally_openstack.scenarios.neutron.utils [-] Running this scenario without either the 'network' or 'existing_network' context is deprecated
2019-08-04 22:02:19.365 26628 INFO rally.task.runner [-] Task 65d3f6f8-0f2c-4a44-b04c-ed746eba098f | ITER: 20 END: OK
2019-08-04 22:02:19.368 26628 INFO rally.task.runner [-] Task 65d3f6f8-0f2c-4a44-b04c-ed746eba098f | ITER: 25 START
2019-08-04 22:02:19.369 26628 WARNING rally_openstack.scenarios.neutron.utils [-] Running this scenario without either the 'network' or 'existing_network' context is deprecated
2019-08-04 22:02:19.496 26582 INFO rally.task.runner [-] Task 65d3f6f8-0f2c-4a44-b04c-ed746eba098f | ITER: 3 END: OK
2019-08-04 22:02:19.499 26582 INFO rally.task.runner [-] Task 65d3f6f8-0f2c-4a44-b04c-ed746eba098f | ITER: 26 START
2019-08-04 22:02:19.500 26582 WARNING rally_openstack.scenarios.neutron.utils [-] Running this scenario without either the 'network' or 'existing_network' context is deprecated
2019-08-04 22:02:19.730 26588 INFO rally.task.runner [-] Task 65d3f6f8-0f2c-4a44-b04c-ed746eba098f | ITER: 6 END: OK
2019-08-04 22:02:19.734 26588 INFO rally.task.runner [-] Task 65d3f6f8-0f2c-4a44-b04c-ed746eba098f | ITER: 27 START
2019-08-04 22:02:19.734 26588 WARNING rally_openstack.scenarios.neutron.utils [-] Running this scenario without either the 'network' or 'existing_network' context is deprecated
2019-08-04 22:02:19.776 26581 INFO rally.task.runner [-] Task 65d3f6f8-0f2c-4a44-b04c-ed746eba098f | ITER: 1 END: OK
2019-08-04 22:02:19.780 26581 INFO rally.task.runner [-] Task 65d3f6f8-0f2c-4a44-b04c-ed746eba098f | ITER: 28 START
2019-08-04 22:02:19.781 26581 WARNING rally_openstack.scenarios.neutron.utils [-] Running this scenario without either the 'network' or 'existing_network' context is deprecated
2019-08-04 22:02:19.920 26589 INFO rally.task.runner [-] Task 65d3f6f8-0f2c-4a44-b04c-ed746eba098f | ITER: 11 END: OK
2019-08-04 22:02:19.923 26589 INFO rally.task.runner [-] Task 65d3f6f8-0f2c-4a44-b04c-ed746eba098f | ITER: 29 START
2019-08-04 22:02:19.924 26589 WARNING rally_openstack.scenarios.neutron.utils [-] Running this scenario without either the 'network' or 'existing_network' context is deprecated
2019-08-04 22:02:20.019 26610 INFO rally.task.runner [-] Task 65d3f6f8-0f2c-4a44-b04c-ed746eba098f | ITER: 16 END: OK
2019-08-04 22:02:20.022 26610 INFO rally.task.runner [-] Task 65d3f6f8-0f2c-4a44-b04c-ed746eba098f | ITER: 30 START
2019-08-04 22:02:20.023 26610 WARNING rally_openstack.scenarios.neutron.utils [-] Running this scenario without either the 'network' or 'existing_network' context is deprecated
2019-08-04 22:02:20.152 26593 INFO rally.task.runner [-] Task 65d3f6f8-0f2c-4a44-b04c-ed746eba098f | ITER: 10 END: OK
2019-08-04 22:02:20.157 26593 INFO rally.task.runner [-] Task 65d3f6f8-0f2c-4a44-b04c-ed746eba098f | ITER: 31 START
2019-08-04 22:02:20.157 26593 WARNING rally_openstack.scenarios.neutron.utils [-] Running this scenario without either the 'network' or 'existing_network' context is deprecated
2019-08-04 22:02:20.165 26603 INFO rally.task.runner [-] Task 65d3f6f8-0f2c-4a44-b04c-ed746eba098f | ITER: 14 END: OK
2019-08-04 22:02:20.170 26603 INFO rally.task.runner [-] Task 65d3f6f8-0f2c-4a44-b04c-ed746eba098f | ITER: 32 START
2019-08-04 22:02:20.170 26603 WARNING rally_openstack.scenarios.neutron.utils [-] Running this scenario without either the 'network' or 'existing_network' context is deprecated
2019-08-04 22:02:20.362 26605 INFO rally.task.runner [-] Task 65d3f6f8-0f2c-4a44-b04c-ed746eba098f | ITER: 13 END: OK
2019-08-04 22:02:20.366 26605 INFO rally.task.runner [-] Task 65d3f6f8-0f2c-4a44-b04c-ed746eba098f | ITER: 33 START
2019-08-04 22:02:20.366 26605 WARNING rally_openstack.scenarios.neutron.utils [-] Running this scenario without either the 'network' or 'existing_network' context is deprecated
2019-08-04 22:02:20.451 26581 INFO rally.task.runner [-] Task 65d3f6f8-0f2c-4a44-b04c-ed746eba098f | ITER: 2 END: OK
2019-08-04 22:02:20.455 26581 INFO rally.task.runner [-] Task 65d3f6f8-0f2c-4a44-b04c-ed746eba098f | ITER: 34 START
2019-08-04 22:02:20.456 26581 WARNING rally_openstack.scenarios.neutron.utils [-] Running this scenario without either the 'network' or 'existing_network' context is deprecated
2019-08-04 22:02:20.538 26624 INFO rally.task.runner [-] Task 65d3f6f8-0f2c-4a44-b04c-ed746eba098f | ITER: 18 END: OK
2019-08-04 22:02:20.542 26624 INFO rally.task.runner [-] Task 65d3f6f8-0f2c-4a44-b04c-ed746eba098f | ITER: 35 START
2019-08-04 22:02:20.543 26624 WARNING rally_openstack.scenarios.neutron.utils [-] Running this scenario without either the 'network' or 'existing_network' context is deprecated
2019-08-04 22:02:20.839 26582 INFO rally.task.runner [-] Task 65d3f6f8-0f2c-4a44-b04c-ed746eba098f | ITER: 5 END: OK
2019-08-04 22:02:20.843 26582 INFO rally.task.runner [-] Task 65d3f6f8-0f2c-4a44-b04c-ed746eba098f | ITER: 36 START
2019-08-04 22:02:20.844 26582 WARNING rally_openstack.scenarios.neutron.utils [-] Running this scenario without either the 'network' or 'existing_network' context is deprecated
2019-08-04 22:02:20.848 26611 INFO rally.task.runner [-] Task 65d3f6f8-0f2c-4a44-b04c-ed746eba098f | ITER: 15 END: OK
2019-08-04 22:02:20.852 26611 INFO rally.task.runner [-] Task 65d3f6f8-0f2c-4a44-b04c-ed746eba098f | ITER: 37 START
2019-08-04 22:02:20.853 26611 WARNING rally_openstack.scenarios.neutron.utils [-] Running this scenario without either the 'network' or 'existing_network' context is deprecated
2019-08-04 22:02:21.238 26599 INFO rally.task.runner [-] Task 65d3f6f8-0f2c-4a44-b04c-ed746eba098f | ITER: 12 END: OK
2019-08-04 22:02:21.243 26599 INFO rally.task.runner [-] Task 65d3f6f8-0f2c-4a44-b04c-ed746eba098f | ITER: 38 START
2019-08-04 22:02:21.243 26599 WARNING rally_openstack.scenarios.neutron.utils [-] Running this scenario without either the 'network' or 'existing_network' context is deprecated
2019-08-04 22:02:21.253 26587 INFO rally.task.runner [-] Task 65d3f6f8-0f2c-4a44-b04c-ed746eba098f | ITER: 7 END: OK
2019-08-04 22:02:21.257 26587 INFO rally.task.runner [-] Task 65d3f6f8-0f2c-4a44-b04c-ed746eba098f | ITER: 39 START
2019-08-04 22:02:21.257 26587 WARNING rally_openstack.scenarios.neutron.utils [-] Running this scenario without either the 'network' or 'existing_network' context is deprecated
2019-08-04 22:02:21.271 26587 INFO rally.task.runner [-] Task 65d3f6f8-0f2c-4a44-b04c-ed746eba098f | ITER: 9 END: OK
2019-08-04 22:02:21.274 26587 INFO rally.task.runner [-] Task 65d3f6f8-0f2c-4a44-b04c-ed746eba098f | ITER: 40 START
2019-08-04 22:02:21.274 26587 WARNING rally_openstack.scenarios.neutron.utils [-] Running this scenario without either the 'network' or 'existing_network' context is deprecated
2019-08-04 22:02:31.735 26593 INFO rally.task.runner [-] Task 65d3f6f8-0f2c-4a44-b04c-ed746eba098f | ITER: 31 END: OK
2019-08-04 22:02:31.756 26621 INFO rally.task.runner [-] Task 65d3f6f8-0f2c-4a44-b04c-ed746eba098f | ITER: 24 END: OK
2019-08-04 22:02:31.845 26628 INFO rally.task.runner [-] Task 65d3f6f8-0f2c-4a44-b04c-ed746eba098f | ITER: 25 END: OK
2019-08-04 22:02:32.098 26589 INFO rally.task.runner [-] Task 65d3f6f8-0f2c-4a44-b04c-ed746eba098f | ITER: 29 END: OK
2019-08-04 22:02:32.506 26588 INFO rally.task.runner [-] Task 65d3f6f8-0f2c-4a44-b04c-ed746eba098f | ITER: 27 END: OK
2019-08-04 22:02:33.098 26582 INFO rally.task.runner [-] Task 65d3f6f8-0f2c-4a44-b04c-ed746eba098f | ITER: 26 END: OK
2019-08-04 22:02:33.181 26625 INFO rally.task.runner [-] Task 65d3f6f8-0f2c-4a44-b04c-ed746eba098f | ITER: 21 END: OK
2019-08-04 22:02:33.455 26583 INFO rally.task.runner [-] Task 65d3f6f8-0f2c-4a44-b04c-ed746eba098f | ITER: 22 END: OK
2019-08-04 22:02:33.628 26603 INFO rally.task.runner [-] Task 65d3f6f8-0f2c-4a44-b04c-ed746eba098f | ITER: 32 END: OK
2019-08-04 22:02:33.637 26605 INFO rally.task.runner [-] Task 65d3f6f8-0f2c-4a44-b04c-ed746eba098f | ITER: 33 END: OK
2019-08-04 22:02:33.893 26583 INFO rally.task.runner [-] Task 65d3f6f8-0f2c-4a44-b04c-ed746eba098f | ITER: 23 END: OK
2019-08-04 22:02:34.211 26587 INFO rally.task.runner [-] Task 65d3f6f8-0f2c-4a44-b04c-ed746eba098f | ITER: 39 END: OK
2019-08-04 22:02:34.222 26624 INFO rally.task.runner [-] Task 65d3f6f8-0f2c-4a44-b04c-ed746eba098f | ITER: 35 END: OK
2019-08-04 22:02:34.226 26599 INFO rally.task.runner [-] Task 65d3f6f8-0f2c-4a44-b04c-ed746eba098f | ITER: 38 END: OK
2019-08-04 22:02:34.243 26581 INFO rally.task.runner [-] Task 65d3f6f8-0f2c-4a44-b04c-ed746eba098f | ITER: 28 END: OK
2019-08-04 22:02:34.359 26581 INFO rally.task.runner [-] Task 65d3f6f8-0f2c-4a44-b04c-ed746eba098f | ITER: 34 END: OK
2019-08-04 22:02:34.568 26610 INFO rally.task.runner [-] Task 65d3f6f8-0f2c-4a44-b04c-ed746eba098f | ITER: 30 END: OK
2019-08-04 22:02:35.232 26587 INFO rally.task.runner [-] Task 65d3f6f8-0f2c-4a44-b04c-ed746eba098f | ITER: 40 END: OK
2019-08-04 22:02:35.674 26582 INFO rally.task.runner [-] Task 65d3f6f8-0f2c-4a44-b04c-ed746eba098f | ITER: 36 END: OK
2019-08-04 22:02:35.902 26611 INFO rally.task.runner [-] Task 65d3f6f8-0f2c-4a44-b04c-ed746eba098f | ITER: 37 END: OK
2019-08-04 22:02:35.930 22705 INFO rally.task.context [-] Task 65d3f6f8-0f2c-4a44-b04c-ed746eba098f | Context cleanup@openstack cleanup() started
2019-08-04 22:02:35.932 22705 RALLYDEBUG rally_openstack.cleanup.manager [-] Cleaning up neutron vip objects
2019-08-04 22:02:36.574 22705 RALLYDEBUG rally_openstack.cleanup.manager [-] Cleaning up neutron health_monitor objects
2019-08-04 22:02:37.437 22705 RALLYDEBUG rally_openstack.cleanup.manager [-] Cleaning up neutron pool objects
2019-08-04 22:02:38.206 22705 RALLYDEBUG rally_openstack.cleanup.manager [-] Cleaning up neutron loadbalancer objects
2019-08-04 22:02:38.842 22705 RALLYDEBUG rally_openstack.cleanup.manager [-] Cleaning up neutron floatingip objects
2019-08-04 22:02:39.610 22705 RALLYDEBUG rally_openstack.cleanup.manager [-] Cleaning up neutron port objects
2019-08-04 22:02:40.841 22705 RALLYDEBUG rally_openstack.cleanup.manager [-] Deleting neutron.port object s_rally_4cd3d0bd_PKWHsJXm (05b19e96-7943-42ed-9e1d-5777a835c926)
2019-08-04 22:02:40.842 22705 RALLYDEBUG rally_openstack.cleanup.manager [-] Deleting neutron.port object s_rally_4cd3d0bd_x27s785S (06130161-eb48-4467-9c95-817294f0ed76)
2019-08-04 22:02:40.844 22705 RALLYDEBUG rally_openstack.cleanup.manager [-] Deleting neutron.port object s_rally_4cd3d0bd_hjpToNUA (02714b18-0801-486f-8019-aafd410fee00)
2019-08-04 22:02:40.852 22705 RALLYDEBUG rally_openstack.cleanup.manager [-] Deleting neutron.port object s_rally_4cd3d0bd_0yStqJIJ (083cbd6c-f4d0-4757-a3bb-e6aca70da377)
2019-08-04 22:02:40.854 22705 RALLYDEBUG rally_openstack.cleanup.manager [-] Deleting neutron.port object s_rally_4cd3d0bd_qzsPlxwz (0520f179-dd56-473c-bb66-816f7798f8d1)
2019-08-04 22:02:40.854 22705 RALLYDEBUG rally_openstack.cleanup.manager [-] Deleting neutron.port object s_rally_4cd3d0bd_YEd3X6kw (0a459348-cc5f-48f2-b04a-3067b04d15aa)
2019-08-04 22:02:40.866 22705 RALLYDEBUG rally_openstack.cleanup.manager [-] Deleting neutron.port object s_rally_4cd3d0bd_yfHyvUVo (0b1a4cfc-5c47-44c4-99d6-658d70dbce63)
2019-08-04 22:02:40.871 22705 RALLYDEBUG rally_openstack.cleanup.manager [-] Deleting neutron.port object s_rally_4cd3d0bd_JAAU5vZL (090b2a99-d9c5-496c-a527-29586f29f113)
2019-08-04 22:02:40.887 22705 RALLYDEBUG rally_openstack.cleanup.manager [-] Deleting neutron.port object s_rally_4cd3d0bd_dCQHls4T (0b57b340-b816-4318-90d6-41bec3627839)
2019-08-04 22:02:40.900 22705 RALLYDEBUG rally_openstack.cleanup.manager [-] Deleting neutron.port object s_rally_4cd3d0bd_f3fNFXF8 (0c030c11-14fe-4a95-a2d3-556e5c17c4c5)
2019-08-04 22:02:40.910 22705 RALLYDEBUG rally_openstack.cleanup.manager [-] Deleting neutron.port object s_rally_4cd3d0bd_cRh0r9OQ (0c57e327-e4d4-4e6b-990e-3f0f27364ee6)
2019-08-04 22:02:40.923 22705 RALLYDEBUG rally_openstack.cleanup.manager [-] Deleting neutron.port object s_rally_4cd3d0bd_66J3J3WW (0cecd258-e0ea-4fab-9955-a9c401f55866)
2019-08-04 22:02:40.933 22705 RALLYDEBUG rally_openstack.cleanup.manager [-] Deleting neutron.port object s_rally_4cd3d0bd_bdiVP1oc (0e3a0325-3721-4ab0-8348-a75b7f7884e2)
2019-08-04 22:02:40.943 22705 RALLYDEBUG rally_openstack.cleanup.manager [-] Deleting neutron.port object s_rally_4cd3d0bd_EztUkL9W (135e528c-affd-42b8-b10e-d45ef6cab6b5)
2019-08-04 22:02:40.945 22705 RALLYDEBUG rally_openstack.cleanup.manager [-] Deleting neutron.port object s_rally_4cd3d0bd_kcvRgd13 (15d16fdb-7fe4-4439-8276-be9564ce8da8)
2019-08-04 22:02:40.964 22705 RALLYDEBUG rally_openstack.cleanup.manager [-] Deleting neutron.port object s_rally_4cd3d0bd_ohVL61Su (1c094764-1323-4b50-85e5-c6e41f7b135c)
2019-08-04 22:02:40.966 22705 RALLYDEBUG rally_openstack.cleanup.manager [-] Deleting neutron.port object s_rally_4cd3d0bd_kGwBSXUs (16ad730a-21f7-41c8-83ba-a69bf70fc4d4)
2019-08-04 22:02:40.980 22705 RALLYDEBUG rally_openstack.cleanup.manager [-] Deleting neutron.port object s_rally_4cd3d0bd_l0EiWiQE (1d71fc9c-0720-4df1-8d61-caa6e5e0c2be)
2019-08-04 22:02:40.993 22705 RALLYDEBUG rally_openstack.cleanup.manager [-] Deleting neutron.port object s_rally_4cd3d0bd_FROJpYs6 (1db9bdc8-6da8-40de-ab0f-d1c4883a5a61)
2019-08-04 22:02:40.996 22705 RALLYDEBUG rally_openstack.cleanup.manager [-] Deleting neutron.port object s_rally_4cd3d0bd_BeXkKBsi (1e095426-7ec2-4000-af75-03992ee44050)
2019-08-04 22:02:43.465 22705 RALLYDEBUG rally_openstack.cleanup.manager [-] Deleting neutron.port object s_rally_4cd3d0bd_44W81kwV (1f450f57-610c-4146-a786-ae67119963e5)
2019-08-04 22:02:43.489 22705 RALLYDEBUG rally_openstack.cleanup.manager [-] Deleting neutron.port object s_rally_4cd3d0bd_Or8KSUNx (1fc1901f-3176-4bf8-84e8-f5862d9e3beb)
2019-08-04 22:02:43.491 22705 RALLYDEBUG rally_openstack.cleanup.manager [-] Deleting neutron.port object s_rally_4cd3d0bd_uTHfNmTE (2144d9b1-68a4-4f4b-a913-6e15784dc7a9)
2019-08-04 22:02:43.534 22705 RALLYDEBUG rally_openstack.cleanup.manager [-] Deleting neutron.port object s_rally_4cd3d0bd_Idv3EQGr (223755c5-b5f1-42a9-9e2f-2fe0cb68fadd)
2019-08-04 22:02:43.552 22705 RALLYDEBUG rally_openstack.cleanup.manager [-] Deleting neutron.port object s_rally_4cd3d0bd_ZBriDXTJ (23bd3a3d-76a5-4cc1-aef9-ab3230dafffe)
2019-08-04 22:02:43.555 22705 RALLYDEBUG rally_openstack.cleanup.manager [-] Deleting neutron.port object s_rally_4cd3d0bd_hquRbVBS (245c568b-c85d-4a65-9fc4-962e69177401)
2019-08-04 22:02:43.624 22705 RALLYDEBUG rally_openstack.cleanup.manager [-] Deleting neutron.port object s_rally_4cd3d0bd_gV4mT2dJ (24b983b3-85fe-4f41-9edd-5fa41691d2ac)
2019-08-04 22:02:43.643 22705 RALLYDEBUG rally_openstack.cleanup.manager [-] Deleting neutron.port object s_rally_4cd3d0bd_Urvm3NPT (25f80bb4-4cad-417f-9e28-d4cf315c728a)
2019-08-04 22:02:43.709 22705 RALLYDEBUG rally_openstack.cleanup.manager [-] Deleting neutron.port object s_rally_4cd3d0bd_ArbE14gk (278cd247-fc90-4355-b703-1ac96da59f4c)
2019-08-04 22:02:43.725 22705 RALLYDEBUG rally_openstack.cleanup.manager [-] Deleting neutron.port object s_rally_4cd3d0bd_hI2wAFnw (281bfe28-3a92-4523-b802-7a22b43cc2ef)
2019-08-04 22:02:43.826 22705 RALLYDEBUG rally_openstack.cleanup.manager [-] Deleting neutron.port object s_rally_4cd3d0bd_r7XfQuNl (28e90596-f4db-41c0-8878-a6260aaa34f9)
2019-08-04 22:02:43.871 22705 RALLYDEBUG rally_openstack.cleanup.manager [-] Deleting neutron.port object s_rally_4cd3d0bd_avx2iJS6 (2b6f67b7-d80d-48ab-9af9-1754a168011c)
2019-08-04 22:02:44.036 22705 RALLYDEBUG rally_openstack.cleanup.manager [-] Deleting neutron.port object s_rally_4cd3d0bd_5Pt8NuAK (2fae7683-92ba-48c1-bdf6-c351e5d2c2fc)
2019-08-04 22:02:44.039 22705 RALLYDEBUG rally_openstack.cleanup.manager [-] Deleting neutron.port object s_rally_4cd3d0bd_2qhbEGsH (3238bf09-0570-4cd4-9553-790aad78e7c4)
2019-08-04 22:02:44.237 22705 RALLYDEBUG rally_openstack.cleanup.manager [-] Deleting neutron.port object s_rally_4cd3d0bd_zp40DoDf (33b73d4d-27b9-4f37-9aba-6322139a3f6d)
2019-08-04 22:02:44.237 22705 RALLYDEBUG rally_openstack.cleanup.manager [-] Deleting neutron.port object s_rally_4cd3d0bd_5yGopaon (326db014-1822-44e0-8025-4cc97e0c44c9)
2019-08-04 22:02:44.367 22705 RALLYDEBUG rally_openstack.cleanup.manager [-] Deleting neutron.port object s_rally_4cd3d0bd_xZUyp8Hh (3469d05c-add4-4fa6-8d10-0262affdb342)
2019-08-04 22:02:44.944 22705 RALLYDEBUG rally_openstack.cleanup.manager [-] Deleting neutron.port object s_rally_4cd3d0bd_v78s2rna (3487e7b4-6f47-4178-b922-e832e1226161)
2019-08-04 22:02:44.948 22705 RALLYDEBUG rally_openstack.cleanup.manager [-] Deleting neutron.port object s_rally_4cd3d0bd_DBTtvUK8 (35e35ae7-b914-40b0-b849-99806132e911)
2019-08-04 22:02:44.951 22705 RALLYDEBUG rally_openstack.cleanup.manager [-] Deleting neutron.port object s_rally_4cd3d0bd_PeYtb6tA (34ca41db-f846-4b42-8983-a503098475b2)
2019-08-04 22:02:45.753 22705 RALLYDEBUG rally_openstack.cleanup.manager [-] Deleting neutron.port object s_rally_4cd3d0bd_ApCsUMmv (3718715e-1c27-46bf-8be5-264d558a4fbb)
2019-08-04 22:02:45.856 22705 RALLYDEBUG rally_openstack.cleanup.manager [-] Deleting neutron.port object s_rally_4cd3d0bd_rag1ANVo (376b4808-86df-4c15-a42b-fb387c9f7a79)
2019-08-04 22:02:46.039 22705 RALLYDEBUG rally_openstack.cleanup.manager [-] Deleting neutron.port object s_rally_4cd3d0bd_FiRe7ME2 (38632b62-d447-4b0b-b566-3424c54949a1)
2019-08-04 22:02:46.100 22705 RALLYDEBUG rally_openstack.cleanup.manager [-] Deleting neutron.port object s_rally_4cd3d0bd_EUvmzcj7 (38c091c3-f986-40cd-b7ae-74432adc7978)
2019-08-04 22:02:46.118 22705 RALLYDEBUG rally_openstack.cleanup.manager [-] Deleting neutron.port object s_rally_4cd3d0bd_XRCCXoy0 (3a4487d2-9318-498e-916e-141c42bad92e)
2019-08-04 22:02:46.193 22705 RALLYDEBUG rally_openstack.cleanup.manager [-] Deleting neutron.port object s_rally_4cd3d0bd_XNyNDKzb (3af9ff82-40d6-47fb-bd72-e397f8539372)
2019-08-04 22:02:46.208 22705 RALLYDEBUG rally_openstack.cleanup.manager [-] Deleting neutron.port object s_rally_4cd3d0bd_5hpIr932 (3ba5a159-5711-4372-b139-aba8fa3a7097)
2019-08-04 22:02:46.228 22705 RALLYDEBUG rally_openstack.cleanup.manager [-] Deleting neutron.port object s_rally_4cd3d0bd_vJaa0G3o (3d9c60e2-830a-4fae-b50b-34ce6e2e686e)
2019-08-04 22:02:46.289 22705 RALLYDEBUG rally_openstack.cleanup.manager [-] Deleting neutron.port object s_rally_4cd3d0bd_wseIzuZE (3e23e1fb-34b9-4966-a893-5ba29d46b839)
2019-08-04 22:02:46.325 22705 RALLYDEBUG rally_openstack.cleanup.manager [-] Deleting neutron.port object s_rally_4cd3d0bd_D0X9ZH4u (3e6221b7-6c04-4464-98dc-ebd5f81e7f21)
2019-08-04 22:02:46.329 22705 RALLYDEBUG rally_openstack.cleanup.manager [-] Deleting neutron.port object s_rally_4cd3d0bd_kxOKQj8n (3f0bd93e-6744-4aff-8927-68af6960c35b)
2019-08-04 22:02:46.354 22705 RALLYDEBUG rally_openstack.cleanup.manager [-] Deleting neutron.port object s_rally_4cd3d0bd_dFmtgq3g (40e7a21d-5f5b-4bbd-99af-b83f40e740b6)
2019-08-04 22:02:46.384 22705 RALLYDEBUG rally_openstack.cleanup.manager [-] Deleting neutron.port object s_rally_4cd3d0bd_BSja7wJW (42ca212f-2808-4163-94ce-3e8c44a59e24)
2019-08-04 22:02:46.441 22705 RALLYDEBUG rally_openstack.cleanup.manager [-] Deleting neutron.port object s_rally_4cd3d0bd_hyAmKo3h (430b39d3-2695-4ed1-aa9d-29d7fb16fd7f)
2019-08-04 22:02:46.441 22705 RALLYDEBUG rally_openstack.cleanup.manager [-] Deleting neutron.port object s_rally_4cd3d0bd_V2iG5nRo (42e7979d-2316-435b-b357-9094af28851d)
2019-08-04 22:02:46.487 22705 RALLYDEBUG rally_openstack.cleanup.manager [-] Deleting neutron.port object s_rally_4cd3d0bd_lm9Odf3M (44146bf8-7284-45e5-beca-e711d3895627)
2019-08-04 22:02:46.531 22705 RALLYDEBUG rally_openstack.cleanup.manager [-] Deleting neutron.port object s_rally_4cd3d0bd_41J6i6zT (449f268e-dae0-4390-a715-bf3ab503da4e)
2019-08-04 22:02:47.071 22705 RALLYDEBUG rally_openstack.cleanup.manager [-] Deleting neutron.port object s_rally_4cd3d0bd_5DG63TvK (457fdd91-43ba-41fd-a71a-2a3830505c35)
2019-08-04 22:02:47.098 22705 RALLYDEBUG rally_openstack.cleanup.manager [-] Deleting neutron.port object s_rally_4cd3d0bd_eYA5hXxD (46502b7d-6487-48c2-bde9-44b485495f09)
2019-08-04 22:02:47.280 22705 RALLYDEBUG rally_openstack.cleanup.manager [-] Deleting neutron.port object s_rally_4cd3d0bd_vImjN0Nj (46cb61e3-5690-4c5c-b2d6-b58796599d43)
2019-08-04 22:02:48.286 22705 RALLYDEBUG rally_openstack.cleanup.manager [-] Deleting neutron.port object s_rally_4cd3d0bd_eoo6YOGQ (46e916a1-c4af-4182-9747-1e9c8505d8dd)
2019-08-04 22:02:48.366 22705 RALLYDEBUG rally_openstack.cleanup.manager [-] Deleting neutron.port object s_rally_4cd3d0bd_yfY7XUCY (479ab6c4-72e8-4211-a8bc-d00f88e8e0ba)
2019-08-04 22:02:48.523 22705 RALLYDEBUG rally_openstack.cleanup.manager [-] Deleting neutron.port object s_rally_4cd3d0bd_6AMbajG3 (48fba012-590a-4880-ae51-92966982c70d)
2019-08-04 22:02:48.556 22705 RALLYDEBUG rally_openstack.cleanup.manager [-] Deleting neutron.port object s_rally_4cd3d0bd_yzhnwm6L (48ffa2a2-6605-4fde-b356-8aa52b58ba79)
2019-08-04 22:02:48.689 22705 RALLYDEBUG rally_openstack.cleanup.manager [-] Deleting neutron.port object s_rally_4cd3d0bd_g7iToYvS (499bdc79-64e0-4ca1-9805-81382e1a682e)
2019-08-04 22:02:48.701 22705 RALLYDEBUG rally_openstack.cleanup.manager [-] Deleting neutron.port object s_rally_4cd3d0bd_grdtMbov (4ac3aa32-e3ce-4982-aa7b-07dd6e8be7f1)
2019-08-04 22:02:48.756 22705 RALLYDEBUG rally_openstack.cleanup.manager [-] Deleting neutron.port object s_rally_4cd3d0bd_cRE9Yl8t (4b254b88-a2fd-411c-9ed0-0784610383a7)
