2019-08-04 21:48:38.561 24813 RALLYDEBUG rally.task.runner [-] Starting a worker. concurrency: 1 args: {"network_create_args": {}, "subnet_create_args": {}, "subnet_cidr_start": "1.1.0.0/30", "subnets_per_network": 2} times: 40 method_name: run timeout: 0 duration: None cls:
2019-08-04 21:48:38.562 24804 INFO rally.task.runner [-] Task 65d3f6f8-0f2c-4a44-b04c-ed746eba098f | ITER: 8 START
2019-08-04 21:48:38.561 24802 INFO rally.task.runner [-] Task 65d3f6f8-0f2c-4a44-b04c-ed746eba098f | ITER: 10 START
2019-08-04 21:48:38.563 24802 WARNING rally_openstack.scenarios.neutron.utils [-] Running this scenario without either the 'network' or 'existing_network' context is deprecated
2019-08-04 21:48:38.563 24804 WARNING rally_openstack.scenarios.neutron.utils [-] Running this scenario without either the 'network' or 'existing_network' context is deprecated
2019-08-04 21:48:38.565 24800 INFO rally.task.runner [-] Task 65d3f6f8-0f2c-4a44-b04c-ed746eba098f | ITER: 5 START
2019-08-04 21:48:38.565 24802 WARNING rally_openstack.scenarios.neutron.utils [-] Running this scenario without either the 'network' or 'existing_network' context is deprecated
2019-08-04 21:48:38.565 24811 INFO rally.task.runner [-] Task 65d3f6f8-0f2c-4a44-b04c-ed746eba098f | ITER: 11 START
2019-08-04 21:48:38.565 24800 WARNING rally_openstack.scenarios.neutron.utils [-] Running this scenario without either the 'network' or 'existing_network' context is deprecated
2019-08-04 21:48:38.566 24811 WARNING rally_openstack.scenarios.neutron.utils [-] Running this scenario without either the 'network' or 'existing_network' context is deprecated
2019-08-04 21:48:38.567 24801 INFO rally.task.runner [-] Task 65d3f6f8-0f2c-4a44-b04c-ed746eba098f | ITER: 6 START
2019-08-04 21:48:38.567 24806 INFO rally.task.runner [-] Task 65d3f6f8-0f2c-4a44-b04c-ed746eba098f | ITER: 9 START
2019-08-04 21:48:38.567 24801 WARNING rally_openstack.scenarios.neutron.utils [-] Running this scenario without either the 'network' or 'existing_network' context is deprecated
2019-08-04 21:48:38.565 24821 RALLYDEBUG rally.task.runner [-] Starting a worker. concurrency: 1 args: {"network_create_args": {}, "subnet_create_args": {}, "subnet_cidr_start": "1.1.0.0/30", "subnets_per_network": 2} times: 40 method_name: run timeout: 0 duration: None cls:
2019-08-04 21:48:38.569 24806 WARNING rally_openstack.scenarios.neutron.utils [-] Running this scenario without either the 'network' or 'existing_network' context is deprecated
2019-08-04 21:48:38.569 24813 INFO rally.task.runner [-] Task 65d3f6f8-0f2c-4a44-b04c-ed746eba098f | ITER: 12 START
2019-08-04 21:48:38.570 24813 WARNING rally_openstack.scenarios.neutron.utils [-] Running this scenario without either the 'network' or 'existing_network' context is deprecated
2019-08-04 21:48:38.570 24825 RALLYDEBUG rally.task.runner [-] Starting a worker. concurrency: 1 args: {"network_create_args": {}, "subnet_create_args": {}, "subnet_cidr_start": "1.1.0.0/30", "subnets_per_network": 2} times: 40 method_name: run timeout: 0 duration: None cls:
2019-08-04 21:48:38.577 24825 INFO rally.task.runner [-] Task 65d3f6f8-0f2c-4a44-b04c-ed746eba098f | ITER: 14 START
2019-08-04 21:48:38.579 24825 WARNING rally_openstack.scenarios.neutron.utils [-] Running this scenario without either the 'network' or 'existing_network' context is deprecated
2019-08-04 21:48:38.579 24821 INFO rally.task.runner [-] Task 65d3f6f8-0f2c-4a44-b04c-ed746eba098f | ITER: 13 START
2019-08-04 21:48:38.580 24829 RALLYDEBUG rally.task.runner [-] Starting a worker. concurrency: 1 args: {"network_create_args": {}, "subnet_create_args": {}, "subnet_cidr_start": "1.1.0.0/30", "subnets_per_network": 2} times: 40 method_name: run timeout: 0 duration: None cls:
2019-08-04 21:48:38.581 24821 WARNING rally_openstack.scenarios.neutron.utils [-] Running this scenario without either the 'network' or 'existing_network' context is deprecated
2019-08-04 21:48:38.586 24829 INFO rally.task.runner [-] Task 65d3f6f8-0f2c-4a44-b04c-ed746eba098f | ITER: 15 START
2019-08-04 21:48:38.587 24829 WARNING rally_openstack.scenarios.neutron.utils [-] Running this scenario without either the 'network' or 'existing_network' context is deprecated
2019-08-04 21:48:38.589 24834 RALLYDEBUG rally.task.runner [-] Starting a worker. concurrency: 1 args: {"network_create_args": {}, "subnet_create_args": {}, "subnet_cidr_start": "1.1.0.0/30", "subnets_per_network": 2} times: 40 method_name: run timeout: 0 duration: None cls:
2019-08-04 21:48:38.594 24834 INFO rally.task.runner [-] Task 65d3f6f8-0f2c-4a44-b04c-ed746eba098f | ITER: 16 START
2019-08-04 21:48:38.595 24834 WARNING rally_openstack.scenarios.neutron.utils [-] Running this scenario without either the 'network' or 'existing_network' context is deprecated
2019-08-04 21:48:38.600 24839 RALLYDEBUG rally.task.runner [-] Starting a worker. concurrency: 1 args: {"network_create_args": {}, "subnet_create_args": {}, "subnet_cidr_start": "1.1.0.0/30", "subnets_per_network": 2} times: 40 method_name: run timeout: 0 duration: None cls:
2019-08-04 21:48:38.605 24839 INFO rally.task.runner [-] Task 65d3f6f8-0f2c-4a44-b04c-ed746eba098f | ITER: 17 START
2019-08-04 21:48:38.606 24839 WARNING rally_openstack.scenarios.neutron.utils [-] Running this scenario without either the 'network' or 'existing_network' context is deprecated
2019-08-04 21:48:38.605 24840 RALLYDEBUG rally.task.runner [-] Starting a worker. concurrency: 1 args: {"network_create_args": {}, "subnet_create_args": {}, "subnet_cidr_start": "1.1.0.0/30", "subnets_per_network": 2} times: 40 method_name: run timeout: 0 duration: None cls:
2019-08-04 21:48:38.610 24840 INFO rally.task.runner [-] Task 65d3f6f8-0f2c-4a44-b04c-ed746eba098f | ITER: 18 START
2019-08-04 21:48:38.611 24840 WARNING rally_openstack.scenarios.neutron.utils [-] Running this scenario without either the 'network' or 'existing_network' context is deprecated
2019-08-04 21:48:38.612 24843 RALLYDEBUG rally.task.runner [-] Starting a worker. concurrency: 1 args: {"network_create_args": {}, "subnet_create_args": {}, "subnet_cidr_start": "1.1.0.0/30", "subnets_per_network": 2} times: 40 method_name: run timeout: 0 duration: None cls:
2019-08-04 21:48:38.616 24843 INFO rally.task.runner [-] Task 65d3f6f8-0f2c-4a44-b04c-ed746eba098f | ITER: 19 START
2019-08-04 21:48:38.617 24846 RALLYDEBUG rally.task.runner [-] Starting a worker. concurrency: 1 args: {"network_create_args": {}, "subnet_create_args": {}, "subnet_cidr_start": "1.1.0.0/30", "subnets_per_network": 2} times: 40 method_name: run timeout: 0 duration: None cls:
2019-08-04 21:48:38.618 24843 WARNING rally_openstack.scenarios.neutron.utils [-] Running this scenario without either the 'network' or 'existing_network' context is deprecated
2019-08-04 21:48:38.621 24846 INFO rally.task.runner [-] Task 65d3f6f8-0f2c-4a44-b04c-ed746eba098f | ITER: 20 START
2019-08-04 21:48:38.622 24846 WARNING rally_openstack.scenarios.neutron.utils [-] Running this scenario without either the 'network' or 'existing_network' context is deprecated
2019-08-04 21:48:40.268 24829 RALLYDEBUG rally_openstack.wrappers.network [-] CIDR generated: 1.1.4.96/30
2019-08-04 21:48:40.292 24846 RALLYDEBUG rally_openstack.wrappers.network [-] CIDR generated: 1.1.4.100/30
2019-08-04 21:48:40.334 24802 RALLYDEBUG rally_openstack.wrappers.network [-] CIDR generated: 1.1.4.104/30
2019-08-04 21:48:40.367 24839 RALLYDEBUG rally_openstack.wrappers.network [-] CIDR generated: 1.1.4.108/30
2019-08-04 21:48:40.423 24840 RALLYDEBUG rally_openstack.wrappers.network [-] CIDR generated: 1.1.4.112/30
2019-08-04 21:48:40.435 24821 RALLYDEBUG rally_openstack.wrappers.network [-] CIDR generated: 1.1.4.116/30
2019-08-04 21:48:40.471 24804 RALLYDEBUG rally_openstack.wrappers.network [-] CIDR generated: 1.1.4.120/30
2019-08-04 21:48:40.489 24799 RALLYDEBUG rally_openstack.wrappers.network [-] CIDR generated: 1.1.4.124/30
2019-08-04 21:48:40.523 24799 RALLYDEBUG rally_openstack.wrappers.network [-] CIDR generated: 1.1.4.128/30
2019-08-04 21:48:40.579 24811 RALLYDEBUG rally_openstack.wrappers.network [-] CIDR generated: 1.1.4.132/30
2019-08-04 21:48:40.628 24801 RALLYDEBUG rally_openstack.wrappers.network [-] CIDR generated: 1.1.4.136/30
2019-08-04 21:48:40.651 24834 RALLYDEBUG rally_openstack.wrappers.network [-] CIDR generated: 1.1.4.140/30
2019-08-04 21:48:40.673 24843 RALLYDEBUG rally_openstack.wrappers.network [-] CIDR generated: 1.1.4.144/30
2019-08-04 21:48:40.686 24800 RALLYDEBUG rally_openstack.wrappers.network [-] CIDR generated: 1.1.4.148/30
2019-08-04 21:48:40.707 24800 RALLYDEBUG rally_openstack.wrappers.network [-] CIDR generated: 1.1.4.152/30
2019-08-04 21:48:40.720 24802 RALLYDEBUG rally_openstack.wrappers.network [-] CIDR generated: 1.1.4.156/30
2019-08-04 21:48:40.734 24806 RALLYDEBUG rally_openstack.wrappers.network [-] CIDR generated: 1.1.4.160/30
2019-08-04 21:48:40.752 24801 RALLYDEBUG rally_openstack.wrappers.network [-] CIDR generated: 1.1.4.164/30
2019-08-04 21:48:40.771 24813 RALLYDEBUG rally_openstack.wrappers.network [-] CIDR generated: 1.1.4.168/30
2019-08-04 21:48:40.787 24825 RALLYDEBUG rally_openstack.wrappers.network [-] CIDR generated: 1.1.4.172/30
2019-08-04 21:48:44.155 24801 RALLYDEBUG rally_openstack.wrappers.network [-] CIDR generated: 1.1.4.176/30
2019-08-04 21:48:44.185 24834 RALLYDEBUG rally_openstack.wrappers.network [-] CIDR generated: 1.1.4.180/30
2019-08-04 21:48:44.292 24804 RALLYDEBUG rally_openstack.wrappers.network [-] CIDR generated: 1.1.4.184/30
2019-08-04 21:48:44.359 24800 RALLYDEBUG rally_openstack.wrappers.network [-] CIDR generated: 1.1.4.188/30
2019-08-04 21:48:44.382 24846 RALLYDEBUG rally_openstack.wrappers.network [-] CIDR generated: 1.1.4.192/30
2019-08-04 21:48:44.399 24825 RALLYDEBUG rally_openstack.wrappers.network [-] CIDR generated: 1.1.4.196/30
2019-08-04 21:48:44.622 24801 RALLYDEBUG rally_openstack.wrappers.network [-] CIDR generated: 1.1.4.200/30
2019-08-04 21:48:44.680 24802 RALLYDEBUG rally_openstack.wrappers.network [-] CIDR generated: 1.1.4.204/30
2019-08-04 21:48:44.693 24806 RALLYDEBUG rally_openstack.wrappers.network [-] CIDR generated: 1.1.4.208/30
2019-08-04 21:48:44.752 24813 RALLYDEBUG rally_openstack.wrappers.network [-] CIDR generated: 1.1.4.212/30
2019-08-04 21:48:45.045 24802 RALLYDEBUG rally_openstack.wrappers.network [-] CIDR generated: 1.1.4.216/30
2019-08-04 21:48:45.219 24821 RALLYDEBUG rally_openstack.wrappers.network [-] CIDR generated: 1.1.4.220/30
2019-08-04 21:48:45.224 24799 RALLYDEBUG rally_openstack.wrappers.network [-] CIDR generated: 1.1.4.224/30
2019-08-04 21:48:46.494 24800 RALLYDEBUG rally_openstack.wrappers.network [-] CIDR generated: 1.1.4.228/30
2019-08-04 21:48:46.531 24840 RALLYDEBUG rally_openstack.wrappers.network [-] CIDR generated: 1.1.4.232/30
2019-08-04 21:48:46.605 24799 RALLYDEBUG rally_openstack.wrappers.network [-] CIDR generated: 1.1.4.236/30
2019-08-04 21:48:46.800 24829 RALLYDEBUG rally_openstack.wrappers.network [-] CIDR generated: 1.1.4.240/30
2019-08-04 21:48:46.939 24839 RALLYDEBUG rally_openstack.wrappers.network [-] CIDR generated: 1.1.4.244/30
2019-08-04 21:48:47.184 24843 RALLYDEBUG rally_openstack.wrappers.network [-] CIDR generated: 1.1.4.248/30
2019-08-04 21:48:47.407 24811 RALLYDEBUG rally_openstack.wrappers.network [-] CIDR generated: 1.1.4.252/30
2019-08-04 21:48:49.531 24825 INFO rally.task.runner [-] Task 65d3f6f8-0f2c-4a44-b04c-ed746eba098f | ITER: 14 END: OK
2019-08-04 21:48:49.535 24825 INFO rally.task.runner [-] Task 65d3f6f8-0f2c-4a44-b04c-ed746eba098f | ITER: 21 START
2019-08-04 21:48:49.535 24825 WARNING rally_openstack.scenarios.neutron.utils [-] Running this scenario without either the 'network' or 'existing_network' context is deprecated
2019-08-04 21:48:49.805 24846 INFO rally.task.runner [-] Task 65d3f6f8-0f2c-4a44-b04c-ed746eba098f | ITER: 20 END: OK
2019-08-04 21:48:49.809 24846 INFO rally.task.runner [-] Task 65d3f6f8-0f2c-4a44-b04c-ed746eba098f | ITER: 22 START
2019-08-04 21:48:49.809 24846 WARNING rally_openstack.scenarios.neutron.utils [-] Running this scenario without either the 'network' or 'existing_network' context is deprecated
2019-08-04 21:48:50.625 24806 INFO rally.task.runner [-] Task 65d3f6f8-0f2c-4a44-b04c-ed746eba098f | ITER: 9 END: OK
2019-08-04 21:48:50.629 24806 INFO rally.task.runner [-] Task 65d3f6f8-0f2c-4a44-b04c-ed746eba098f | ITER: 23 START
2019-08-04 21:48:50.629 24806 WARNING rally_openstack.scenarios.neutron.utils [-] Running this scenario without either the 'network' or 'existing_network' context is deprecated
2019-08-04 21:48:50.782 24801 INFO rally.task.runner [-] Task 65d3f6f8-0f2c-4a44-b04c-ed746eba098f | ITER: 6 END: OK
2019-08-04 21:48:50.786 24801 INFO rally.task.runner [-] Task 65d3f6f8-0f2c-4a44-b04c-ed746eba098f | ITER: 24 START
2019-08-04 21:48:50.787 24801 WARNING rally_openstack.scenarios.neutron.utils [-] Running this scenario without either the 'network' or 'existing_network' context is deprecated
2019-08-04 21:48:50.971 24834 INFO rally.task.runner [-] Task 65d3f6f8-0f2c-4a44-b04c-ed746eba098f | ITER: 16 END: OK
2019-08-04 21:48:50.976 24834 INFO rally.task.runner [-] Task 65d3f6f8-0f2c-4a44-b04c-ed746eba098f | ITER: 25 START
2019-08-04 21:48:50.977 24834 WARNING rally_openstack.scenarios.neutron.utils [-] Running this scenario without either the 'network' or 'existing_network' context is deprecated
2019-08-04 21:48:51.049 24802 INFO rally.task.runner [-] Task 65d3f6f8-0f2c-4a44-b04c-ed746eba098f | ITER: 10 END: OK
2019-08-04 21:48:51.053 24802 INFO rally.task.runner [-] Task 65d3f6f8-0f2c-4a44-b04c-ed746eba098f | ITER: 26 START
2019-08-04 21:48:51.053 24802 WARNING rally_openstack.scenarios.neutron.utils [-] Running this scenario without either the 'network' or 'existing_network' context is deprecated
2019-08-04 21:48:51.348 24800 INFO rally.task.runner [-] Task 65d3f6f8-0f2c-4a44-b04c-ed746eba098f | ITER: 5 END: OK
2019-08-04 21:48:51.352 24813 INFO rally.task.runner [-] Task 65d3f6f8-0f2c-4a44-b04c-ed746eba098f | ITER: 12 END: OK
2019-08-04 21:48:51.353 24800 INFO rally.task.runner [-] Task 65d3f6f8-0f2c-4a44-b04c-ed746eba098f | ITER: 27 START
2019-08-04 21:48:51.353 24800 WARNING rally_openstack.scenarios.neutron.utils [-] Running this scenario without either the 'network' or 'existing_network' context is deprecated
2019-08-04 21:48:51.357 24813 INFO rally.task.runner [-] Task 65d3f6f8-0f2c-4a44-b04c-ed746eba098f | ITER: 28 START
2019-08-04 21:48:51.357 24813 WARNING rally_openstack.scenarios.neutron.utils [-] Running this scenario without either the 'network' or 'existing_network' context is deprecated
2019-08-04 21:48:51.484 24801 INFO rally.task.runner [-] Task 65d3f6f8-0f2c-4a44-b04c-ed746eba098f | ITER: 4 END: OK
2019-08-04 21:48:51.488 24801 INFO rally.task.runner [-] Task 65d3f6f8-0f2c-4a44-b04c-ed746eba098f | ITER: 29 START
2019-08-04 21:48:51.489 24801 WARNING rally_openstack.scenarios.neutron.utils [-] Running this scenario without either the 'network' or 'existing_network' context is deprecated
2019-08-04 21:48:51.551 24825 RALLYDEBUG rally_openstack.wrappers.network [-] CIDR generated: 1.1.5.0/30
2019-08-04 21:48:51.568 24821 INFO rally.task.runner [-] Task 65d3f6f8-0f2c-4a44-b04c-ed746eba098f | ITER: 13 END: OK
2019-08-04 21:48:51.572 24821 INFO rally.task.runner [-] Task 65d3f6f8-0f2c-4a44-b04c-ed746eba098f | ITER: 30 START
2019-08-04 21:48:51.572 24821 WARNING rally_openstack.scenarios.neutron.utils [-] Running this scenario without either the 'network' or 'existing_network' context is deprecated
2019-08-04 21:48:51.597 24846 RALLYDEBUG rally_openstack.wrappers.network [-] CIDR generated: 1.1.5.4/30
2019-08-04 21:48:51.755 24799 INFO rally.task.runner [-] Task 65d3f6f8-0f2c-4a44-b04c-ed746eba098f | ITER: 2 END: OK
2019-08-04 21:48:51.759 24799 INFO rally.task.runner [-] Task 65d3f6f8-0f2c-4a44-b04c-ed746eba098f | ITER: 31 START
2019-08-04 21:48:51.759 24799 WARNING rally_openstack.scenarios.neutron.utils [-] Running this scenario without either the 'network' or 'existing_network' context is deprecated
2019-08-04 21:48:52.458 24806 RALLYDEBUG rally_openstack.wrappers.network [-] CIDR generated: 1.1.5.8/30
2019-08-04 21:48:52.709 24804 INFO rally.task.runner [-] Task 65d3f6f8-0f2c-4a44-b04c-ed746eba098f | ITER: 8 END: OK
2019-08-04 21:48:52.712 24804 INFO rally.task.runner [-] Task 65d3f6f8-0f2c-4a44-b04c-ed746eba098f | ITER: 32 START
2019-08-04 21:48:52.713 24804 WARNING rally_openstack.scenarios.neutron.utils [-] Running this scenario without either the 'network' or 'existing_network' context is deprecated
2019-08-04 21:48:52.763 24801 RALLYDEBUG rally_openstack.wrappers.network [-] CIDR generated: 1.1.5.12/30
2019-08-04 21:48:52.803 24802 RALLYDEBUG rally_openstack.wrappers.network [-] CIDR generated: 1.1.5.16/30
2019-08-04 21:48:53.082 24813 RALLYDEBUG rally_openstack.wrappers.network [-] CIDR generated: 1.1.5.20/30
2019-08-04 21:48:53.093 24843 INFO rally.task.runner [-] Task 65d3f6f8-0f2c-4a44-b04c-ed746eba098f | ITER: 19 END: OK
2019-08-04 21:48:53.097 24843 INFO rally.task.runner [-] Task 65d3f6f8-0f2c-4a44-b04c-ed746eba098f | ITER: 33 START
2019-08-04 21:48:53.097 24843 WARNING rally_openstack.scenarios.neutron.utils [-] Running this scenario without either the 'network' or 'existing_network' context is deprecated
2019-08-04 21:48:53.401 24800 RALLYDEBUG rally_openstack.wrappers.network [-] CIDR generated: 1.1.5.24/30
2019-08-04 21:48:53.442 24821 RALLYDEBUG rally_openstack.wrappers.network [-] CIDR generated: 1.1.5.28/30
2019-08-04 21:48:53.497 24801 RALLYDEBUG rally_openstack.wrappers.network [-] CIDR generated: 1.1.5.32/30
2019-08-04 21:48:53.677 24834 RALLYDEBUG rally_openstack.wrappers.network [-] CIDR generated: 1.1.5.36/30
2019-08-04 21:48:53.695 24799 RALLYDEBUG rally_openstack.wrappers.network [-] CIDR generated: 1.1.5.40/30
2019-08-04 21:48:53.994 24825 RALLYDEBUG rally_openstack.wrappers.network [-] CIDR generated: 1.1.5.44/30
2019-08-04 21:48:54.048 24811 INFO rally.task.runner [-] Task 65d3f6f8-0f2c-4a44-b04c-ed746eba098f | ITER: 11 END: OK
2019-08-04 21:48:54.052 24811 INFO rally.task.runner [-] Task 65d3f6f8-0f2c-4a44-b04c-ed746eba098f | ITER: 34 START
2019-08-04 21:48:54.053 24811 WARNING rally_openstack.scenarios.neutron.utils [-] Running this scenario without either the 'network' or 'existing_network' context is deprecated
2019-08-04 21:48:54.633 24804 RALLYDEBUG rally_openstack.wrappers.network [-] CIDR generated: 1.1.5.48/30
2019-08-04 21:48:54.794 24843 RALLYDEBUG rally_openstack.wrappers.network [-] CIDR generated: 1.1.5.52/30
2019-08-04 21:48:54.996 24799 INFO rally.task.runner [-] Task 65d3f6f8-0f2c-4a44-b04c-ed746eba098f | ITER: 1 END: OK
2019-08-04 21:48:55.001 24799 INFO rally.task.runner [-] Task 65d3f6f8-0f2c-4a44-b04c-ed746eba098f | ITER: 35 START
2019-08-04 21:48:55.001 24799 WARNING rally_openstack.scenarios.neutron.utils [-] Running this scenario without either the 'network' or 'existing_network' context is deprecated
2019-08-04 21:48:55.045 24846 RALLYDEBUG rally_openstack.wrappers.network [-] CIDR generated: 1.1.5.56/30
2019-08-04 21:48:55.128 24800 INFO rally.task.runner [-] Task 65d3f6f8-0f2c-4a44-b04c-ed746eba098f | ITER: 3 END: OK
2019-08-04 21:48:55.132 24800 INFO rally.task.runner [-] Task 65d3f6f8-0f2c-4a44-b04c-ed746eba098f | ITER: 36 START
2019-08-04 21:48:55.132 24800 WARNING rally_openstack.scenarios.neutron.utils [-] Running this scenario without either the 'network' or 'existing_network' context is deprecated
2019-08-04 21:48:55.387 24801 RALLYDEBUG rally_openstack.wrappers.network [-] CIDR generated: 1.1.5.60/30
2019-08-04 21:48:55.570 24811 RALLYDEBUG rally_openstack.wrappers.network [-] CIDR generated: 1.1.5.64/30
2019-08-04 21:48:55.945 24806 RALLYDEBUG rally_openstack.wrappers.network [-] CIDR generated: 1.1.5.68/30
2019-08-04 21:48:55.969 24802 RALLYDEBUG rally_openstack.wrappers.network [-] CIDR generated: 1.1.5.72/30
2019-08-04 21:48:56.077 24839 INFO rally.task.runner [-] Task 65d3f6f8-0f2c-4a44-b04c-ed746eba098f | ITER: 17 END: OK
2019-08-04 21:48:56.081 24839 INFO rally.task.runner [-] Task 65d3f6f8-0f2c-4a44-b04c-ed746eba098f | ITER: 37 START
2019-08-04 21:48:56.081 24839 WARNING rally_openstack.scenarios.neutron.utils [-] Running this scenario without either the 'network' or 'existing_network' context is deprecated
2019-08-04 21:48:56.273 24813 RALLYDEBUG rally_openstack.wrappers.network [-] CIDR generated: 1.1.5.76/30
2019-08-04 21:48:56.323 24800 RALLYDEBUG rally_openstack.wrappers.network [-] CIDR generated: 1.1.5.80/30
2019-08-04 21:48:56.436 24821 RALLYDEBUG rally_openstack.wrappers.network [-] CIDR generated: 1.1.5.84/30
2019-08-04 21:48:56.447 24829 INFO rally.task.runner [-] Task 65d3f6f8-0f2c-4a44-b04c-ed746eba098f | ITER: 15 END: OK
2019-08-04 21:48:56.451 24829 INFO rally.task.runner [-] Task 65d3f6f8-0f2c-4a44-b04c-ed746eba098f | ITER: 38 START
2019-08-04 21:48:56.452 24829 WARNING rally_openstack.scenarios.neutron.utils [-] Running this scenario without either the 'network' or 'existing_network' context is deprecated
2019-08-04 21:48:56.487 24802 INFO rally.task.runner [-] Task 65d3f6f8-0f2c-4a44-b04c-ed746eba098f | ITER: 7 END: OK
2019-08-04 21:48:56.491 24802 INFO rally.task.runner [-] Task 65d3f6f8-0f2c-4a44-b04c-ed746eba098f | ITER: 39 START
2019-08-04 21:48:56.492 24802 WARNING rally_openstack.scenarios.neutron.utils [-] Running this scenario without either the 'network' or 'existing_network' context is deprecated
2019-08-04 21:48:56.777 24799 RALLYDEBUG rally_openstack.wrappers.network [-] CIDR generated: 1.1.5.88/30
2019-08-04 21:48:56.981 24800 RALLYDEBUG rally_openstack.wrappers.network [-] CIDR generated: 1.1.5.92/30
2019-08-04 21:48:57.177 24834 RALLYDEBUG rally_openstack.wrappers.network [-] CIDR generated: 1.1.5.96/30
2019-08-04 21:48:57.228 24840 INFO rally.task.runner [-] Task 65d3f6f8-0f2c-4a44-b04c-ed746eba098f | ITER: 18 END: OK
2019-08-04 21:48:57.233 24840 INFO rally.task.runner [-] Task 65d3f6f8-0f2c-4a44-b04c-ed746eba098f | ITER: 40 START
2019-08-04 21:48:57.233 24840 WARNING rally_openstack.scenarios.neutron.utils [-] Running this scenario without either the 'network' or 'existing_network' context is deprecated
2019-08-04 21:48:57.259 24799 RALLYDEBUG rally_openstack.wrappers.network [-] CIDR generated: 1.1.5.100/30
2019-08-04 21:48:57.345 24843 RALLYDEBUG rally_openstack.wrappers.network [-] CIDR generated: 1.1.5.104/30
2019-08-04 21:48:57.359 24801 RALLYDEBUG rally_openstack.wrappers.network [-] CIDR generated: 1.1.5.108/30
2019-08-04 21:48:57.381 24804 RALLYDEBUG rally_openstack.wrappers.network [-] CIDR generated: 1.1.5.112/30
2019-08-04 21:48:57.599 24839 RALLYDEBUG rally_openstack.wrappers.network [-] CIDR generated: 1.1.5.116/30
2019-08-04 21:48:58.716 24802 RALLYDEBUG rally_openstack.wrappers.network [-] CIDR generated: 1.1.5.120/30
2019-08-04 21:48:58.963 24811 RALLYDEBUG rally_openstack.wrappers.network [-] CIDR generated: 1.1.5.124/30
2019-08-04 21:48:59.224 24829 RALLYDEBUG rally_openstack.wrappers.network [-] CIDR generated: 1.1.5.128/30
2019-08-04 21:48:59.653 24840 RALLYDEBUG rally_openstack.wrappers.network [-] CIDR generated: 1.1.5.132/30
2019-08-04 21:49:00.031 24800 RALLYDEBUG rally_openstack.wrappers.network [-] CIDR generated: 1.1.5.136/30
2019-08-04 21:49:00.107 24825 INFO rally.task.runner [-] Task 65d3f6f8-0f2c-4a44-b04c-ed746eba098f | ITER: 21 END: OK
2019-08-04 21:49:00.478 24839 RALLYDEBUG rally_openstack.wrappers.network [-] CIDR generated: 1.1.5.140/30
2019-08-04 21:49:00.937 24801 INFO rally.task.runner [-] Task 65d3f6f8-0f2c-4a44-b04c-ed746eba098f | ITER: 24 END: OK
2019-08-04 21:49:01.523 24806 INFO rally.task.runner [-] Task 65d3f6f8-0f2c-4a44-b04c-ed746eba098f | ITER: 23 END: OK
2019-08-04 21:49:01.572 24829 RALLYDEBUG rally_openstack.wrappers.network [-] CIDR generated: 1.1.5.144/30
2019-08-04 21:49:01.729 24840 RALLYDEBUG rally_openstack.wrappers.network [-] CIDR generated: 1.1.5.148/30
2019-08-04 21:49:01.947 24799 RALLYDEBUG rally_openstack.wrappers.network [-] CIDR generated: 1.1.5.152/30
2019-08-04 21:49:02.376 24802 RALLYDEBUG rally_openstack.wrappers.network [-] CIDR generated: 1.1.5.156/30
2019-08-04 21:49:02.639 24802 INFO rally.task.runner [-] Task 65d3f6f8-0f2c-4a44-b04c-ed746eba098f | ITER: 26 END: OK
2019-08-04 21:49:03.126 24804 INFO rally.task.runner [-] Task 65d3f6f8-0f2c-4a44-b04c-ed746eba098f | ITER: 32 END: OK
2019-08-04 21:49:03.195 24834 INFO rally.task.runner [-] Task 65d3f6f8-0f2c-4a44-b04c-ed746eba098f | ITER: 25 END: OK
2019-08-04 21:49:03.391 24821 INFO rally.task.runner [-] Task 65d3f6f8-0f2c-4a44-b04c-ed746eba098f | ITER: 30 END: OK
2019-08-04 21:49:03.926 24799 INFO rally.task.runner [-] Task 65d3f6f8-0f2c-4a44-b04c-ed746eba098f | ITER: 31 END: OK
2019-08-04 21:49:03.927 24846 INFO rally.task.runner [-] Task 65d3f6f8-0f2c-4a44-b04c-ed746eba098f | ITER: 22 END: OK
2019-08-04 21:49:04.411 24843 INFO rally.task.runner [-] Task 65d3f6f8-0f2c-4a44-b04c-ed746eba098f | ITER: 33 END: OK
2019-08-04 21:49:05.820 24801 INFO rally.task.runner [-] Task 65d3f6f8-0f2c-4a44-b04c-ed746eba098f | ITER: 29 END: OK
2019-08-04 21:49:05.946 24811 INFO rally.task.runner [-] Task 65d3f6f8-0f2c-4a44-b04c-ed746eba098f | ITER: 34 END: OK
2019-08-04 21:49:05.976 24800 INFO rally.task.runner [-] Task 65d3f6f8-0f2c-4a44-b04c-ed746eba098f | ITER: 27 END: OK
2019-08-04 21:49:05.987 24813 INFO rally.task.runner [-] Task 65d3f6f8-0f2c-4a44-b04c-ed746eba098f | ITER: 28 END: OK
2019-08-04 21:49:06.049 24800 INFO rally.task.runner [-] Task 65d3f6f8-0f2c-4a44-b04c-ed746eba098f | ITER: 36 END: OK
2019-08-04 21:49:06.120 24839 INFO rally.task.runner [-] Task 65d3f6f8-0f2c-4a44-b04c-ed746eba098f | ITER: 37 END: OK
2019-08-04 21:49:06.165 24829 INFO rally.task.runner [-] Task 65d3f6f8-0f2c-4a44-b04c-ed746eba098f | ITER: 38 END: OK
2019-08-04 21:49:07.315 24840 INFO rally.task.runner [-] Task 65d3f6f8-0f2c-4a44-b04c-ed746eba098f | ITER: 40 END: OK
2019-08-04 21:49:08.348 24799 INFO rally.task.runner [-] Task 65d3f6f8-0f2c-4a44-b04c-ed746eba098f | ITER: 35 END: OK
2019-08-04 21:49:08.435 24802 INFO rally.task.runner [-] Task 65d3f6f8-0f2c-4a44-b04c-ed746eba098f | ITER: 39 END: OK
2019-08-04 21:49:08.460 22705 INFO rally.task.context [-] Task 65d3f6f8-0f2c-4a44-b04c-ed746eba098f | Context cleanup@openstack cleanup() started
2019-08-04 21:49:08.462 22705 RALLYDEBUG rally_openstack.cleanup.manager [-] Cleaning up neutron vip objects
2019-08-04 21:49:09.153 22705 RALLYDEBUG rally_openstack.cleanup.manager [-] Cleaning up neutron health_monitor objects
2019-08-04 21:49:09.928 22705 RALLYDEBUG rally_openstack.cleanup.manager [-] Cleaning up neutron pool objects
2019-08-04 21:49:10.625 22705 RALLYDEBUG rally_openstack.cleanup.manager [-] Cleaning up neutron loadbalancer objects
2019-08-04 21:49:11.284 22705 RALLYDEBUG rally_openstack.cleanup.manager [-] Cleaning up neutron floatingip objects
2019-08-04 21:49:12.087 22705 RALLYDEBUG rally_openstack.cleanup.manager [-] Cleaning up neutron port objects
2019-08-04 21:49:13.033 22705 RALLYDEBUG rally_openstack.cleanup.manager [-] Cleaning up neutron subnet objects
2019-08-04 21:49:14.224 22705 RALLYDEBUG rally_openstack.cleanup.manager [-] Cleaning up neutron network objects
2019-08-04 21:49:15.189 22705 RALLYDEBUG rally_openstack.cleanup.manager [-] Deleting neutron.network object s_rally_880cbf3c_eTvIcOHC (04d6f687-74ee-4d50-8388-7f5ce437442f)
2019-08-04 21:49:15.193 22705 RALLYDEBUG rally_openstack.cleanup.manager [-] Deleting neutron.network object s_rally_880cbf3c_9AeRgWmF (05997a3d-3fcb-4382-aa65-3245c598da56)
2019-08-04 21:49:15.197 22705 RALLYDEBUG rally_openstack.cleanup.manager [-] Deleting neutron.network object s_rally_880cbf3c_OxPINFwU (08c402a3-4963-4517-9ebe-61477df2aff9)
2019-08-04 21:49:15.208 22705 RALLYDEBUG rally_openstack.cleanup.manager [-] Deleting neutron.network object s_rally_880cbf3c_nd30DxPi (0e37bbdb-b193-40d0-87f3-5e67a9d29c8c)
2019-08-04 21:49:15.219 22705 RALLYDEBUG rally_openstack.cleanup.manager [-] Deleting neutron.network object s_rally_880cbf3c_SreHqizd (177424ea-0a16-42fb-9d4a-14fa9a00ee7d)
2019-08-04 21:49:15.229 22705 RALLYDEBUG rally_openstack.cleanup.manager [-] Deleting neutron.network object s_rally_880cbf3c_2heIQkYP (248e14ba-3185-4494-8ea9-a32ff189530a)
2019-08-04 21:49:15.249 22705 RALLYDEBUG rally_openstack.cleanup.manager [-] Deleting neutron.network object s_rally_880cbf3c_Gxk61zmJ (282b24c8-dedf-40ce-924b-deb06a2bfde0)
2019-08-04 21:49:15.260 22705 RALLYDEBUG rally_openstack.cleanup.manager [-] Deleting neutron.network object s_rally_880cbf3c_9Tj66iZz (2648b55b-f070-4f92-af21-7965ca7f8e74)
2019-08-04 21:49:15.269 22705 RALLYDEBUG rally_openstack.cleanup.manager [-] Deleting neutron.network object s_rally_880cbf3c_FQaDwOzW (2d13aff7-b91e-4b47-8ff2-98e2d51a60fe)
2019-08-04 21:49:15.282 22705 RALLYDEBUG rally_openstack.cleanup.manager [-] Deleting neutron.network object s_rally_880cbf3c_GjEFcHUd (2e775466-8f5c-415c-971f-74b69ce472a5)
2019-08-04 21:49:15.296 22705 RALLYDEBUG rally_openstack.cleanup.manager [-] Deleting neutron.network object s_rally_880cbf3c_o22KKt1z (2fd4202a-8c62-4e17-856b-ada43cb57132)
2019-08-04 21:49:15.319 22705 RALLYDEBUG rally_openstack.cleanup.manager [-] Deleting neutron.network object s_rally_880cbf3c_6XyaexK0 (30d55c6c-ddec-4ef4-ab02-238d18f78e0c)
2019-08-04 21:49:15.336 22705 RALLYDEBUG rally_openstack.cleanup.manager [-] Deleting neutron.network object s_rally_880cbf3c_2Sn886XM (431ff84b-00d3-43d8-a3cb-4c982adf4fc1)
2019-08-04 21:49:15.347 22705 RALLYDEBUG rally_openstack.cleanup.manager [-] Deleting neutron.network object s_rally_880cbf3c_YFYF9CfC (5db32421-0a8d-4e2b-8870-7d928174f816)
2019-08-04 21:49:15.362 22705 RALLYDEBUG rally_openstack.cleanup.manager [-] Deleting neutron.network object s_rally_880cbf3c_m2Nnta67 (63c01fa0-2f83-49e7-842f-2fdfe7b47062)
2019-08-04 21:49:15.373 22705 RALLYDEBUG rally_openstack.cleanup.manager [-] Deleting neutron.network object s_rally_880cbf3c_DZA8ANL1 (679e3d4f-0760-4153-b36e-ac6423feb265)
2019-08-04 21:49:15.375 22705 RALLYDEBUG rally_openstack.cleanup.manager [-] Deleting neutron.network object s_rally_880cbf3c_VWAMIkmo (6c9fe0e0-706e-416a-9657-b08ce64b5c96)
2019-08-04 21:49:15.392 22705 RALLYDEBUG rally_openstack.cleanup.manager [-] Deleting neutron.network object s_rally_880cbf3c_CEjAIWIx (73f2e375-e823-40ed-87b3-cd3aaf8e002f)
2019-08-04 21:49:15.409 22705 RALLYDEBUG rally_openstack.cleanup.manager [-] Deleting neutron.network object s_rally_880cbf3c_4Gr6h1zw (8275ba10-ccfd-4a00-8c9a-8183dfa8a7c0)
2019-08-04 21:49:15.422 22705 RALLYDEBUG rally_openstack.cleanup.manager [-] Deleting neutron.network object s_rally_880cbf3c_vuc2Mh0H (8333e259-8282-4ca4-bc21-99c5a3cf0948)
2019-08-04 21:49:17.798 22705 RALLYDEBUG rally_openstack.cleanup.manager [-] Deleting neutron.network object s_rally_880cbf3c_rCe5DTHt (868093a4-380d-4a3b-b920-0ef6dbbe516c)
2019-08-04 21:49:17.928 22705 RALLYDEBUG rally_openstack.cleanup.manager [-] Deleting neutron.network object s_rally_880cbf3c_2yPHxRBV (90e3bb5f-5234-49a7-bd78-b515c1ae5f50)
2019-08-04 21:49:17.980 22705 RALLYDEBUG rally_openstack.cleanup.manager [-] Deleting neutron.network object s_rally_880cbf3c_zsoAvw5Z (90f8dfe1-de34-40c8-8de1-85e0f8f77719)
2019-08-04 21:49:18.044 22705 RALLYDEBUG rally_openstack.cleanup.manager [-] Deleting neutron.network object s_rally_880cbf3c_ANZxHdyQ (9accc80b-a695-4ed5-b39e-c57a4dacfe07)
2019-08-04 21:49:18.074 22705 RALLYDEBUG rally_openstack.cleanup.manager [-] Deleting neutron.network object s_rally_880cbf3c_GOmDB7lH (a2679cbb-3806-4c3c-9bd2-c05cd25a0943)
2019-08-04 21:49:18.108 22705 RALLYDEBUG rally_openstack.cleanup.manager [-] Deleting neutron.network object s_rally_880cbf3c_j0G3BVA9 (a84fa9ce-5fbe-4499-8e02-49e49362e90a)
2019-08-04 21:49:18.120 22705 RALLYDEBUG rally_openstack.cleanup.manager [-] Deleting neutron.network object s_rally_880cbf3c_hY49yOC2 (a8d0cd07-e1de-4a9e-af14-5cfc620071c6)
2019-08-04 21:49:18.409 22705 RALLYDEBUG rally_openstack.cleanup.manager [-] Deleting neutron.network object s_rally_880cbf3c_25Vsv44W (ac517a95-ba30-482d-87cf-d26351e11d3f)
2019-08-04 21:49:18.510 22705 RALLYDEBUG rally_openstack.cleanup.manager [-] Deleting neutron.network object s_rally_880cbf3c_lpQ9UPKt (c36f826e-676b-4265-baf0-c3cbc5532502)
2019-08-04 21:49:18.909 22705 RALLYDEBUG rally_openstack.cleanup.manager [-] Deleting neutron.network object s_rally_880cbf3c_rLZcnoTM (c9c0e902-632a-44ac-9366-a8cab1319d57)
2019-08-04 21:49:18.917 22705 RALLYDEBUG rally_openstack.cleanup.manager [-] Deleting neutron.network object s_rally_880cbf3c_5voCceeZ (cfce9499-9512-4a73-aefb-e38d1cc89e78)
2019-08-04 21:49:19.213 22705 RALLYDEBUG rally_openstack.cleanup.manager [-] Deleting neutron.network object s_rally_880cbf3c_OelsznZK (d3ee1ddc-47f9-4f0c-ba98-dd08e527de55)
2019-08-04 21:49:19.213 22705 RALLYDEBUG rally_openstack.cleanup.manager [-] Deleting neutron.network object s_rally_880cbf3c_S5Bth6v7 (d8487132-60f2-4cb5-9ab6-bbb2789e6ed0)
2019-08-04 21:49:19.630 22705 RALLYDEBUG rally_openstack.cleanup.manager [-] Deleting neutron.network object s_rally_880cbf3c_QklVcFMb (df498e1e-296e-4f41-8c79-ab171e1d1dba)
2019-08-04 21:49:19.659 22705 RALLYDEBUG rally_openstack.cleanup.manager [-] Deleting neutron.network object s_rally_880cbf3c_dZ6k1QFm (e1c4c8f2-a6bb-4858-b7a7-91dff85cdb9a)
2019-08-04 21:49:19.682 22705 RALLYDEBUG rally_openstack.cleanup.manager [-] Deleting neutron.network object s_rally_880cbf3c_clZNDuwQ (ed1537ef-9109-4b7d-8998-b87493329112)
2019-08-04 21:49:19.687 22705 RALLYDEBUG rally_openstack.cleanup.manager [-] Deleting neutron.network object s_rally_880cbf3c_NYKh6MVk (ee029585-8a93-4667-b221-c41fed808a1f)
2019-08-04 21:49:20.046 22705 RALLYDEBUG rally_openstack.cleanup.manager [-] Deleting neutron.network object s_rally_880cbf3c_gpW51JZ6 (f3121b02-640c-4c2d-a819-c1e4a55c9693)
2019-08-04 21:49:20.054 22705 RALLYDEBUG rally_openstack.cleanup.manager [-] Deleting neutron.network object s_rally_880cbf3c_oSMo6Hwn (f9963389-4b45-4064-9854-18bd42b1a1f4)
2019-08-04 21:49:20.073 22705 RALLYDEBUG rally_openstack.cleanup.manager [-] Deleting neutron.network object s_rally_880cbf3c_4k5AS0ra (fc08ee3e-728e-4fef-a914-a95b55a6fd15)
2019-08-04 21:49:23.213 22705 RALLYDEBUG rally_openstack.cleanup.manager [-] Cleaning up neutron router objects
2019-08-04 21:49:23.983 22705 RALLYDEBUG rally_openstack.cleanup.manager [-] Cleaning up neutron security_group objects
2019-08-04 21:49:24.732 22705 INFO rally.task.context [-] Task 65d3f6f8-0f2c-4a44-b04c-ed746eba098f | Context cleanup@openstack cleanup() finished in 16.27 sec
2019-08-04 21:49:24.732 22705 INFO rally.task.context [-] Task 65d3f6f8-0f2c-4a44-b04c-ed746eba098f | Context quotas@openstack cleanup() started
2019-08-04 21:49:25.056 22705 INFO rally.task.context [-] Task 65d3f6f8-0f2c-4a44-b04c-ed746eba098f | Context quotas@openstack cleanup() finished in 0.32 sec
2019-08-04 21:49:25.056 22705 INFO rally.task.context [-] Task 65d3f6f8-0f2c-4a44-b04c-ed746eba098f | Context users@openstack cleanup() started
2019-08-04 21:49:30.155 22705 INFO rally.task.context [-] Task 65d3f6f8-0f2c-4a44-b04c-ed746eba098f | Context users@openstack cleanup() finished in 5.10 sec
2019-08-04 21:49:32.103 22705 INFO rally.task.engine [-] Load duration is: 29.889259
2019-08-04 21:49:32.103 22705 INFO rally.task.engine [-] Full runner duration is: 29.935183
2019-08-04 21:49:32.104 22705 INFO rally.task.engine [-] Full duration is: 58.298696
2019-08-04 21:49:32.426 22705 INFO rally.task.engine [-] Running workload: position = 0 config = { "version": 2, "title": "A cropped version of a bigger task.", "description": "Auto-generated task from a single workload (uuid=f2417fd4-1009-4abe-a5a2-9cd3e040d781)", "subtasks": [ { "title": "NeutronNetworks.create_and_list_routers", "description": "Create and a given number of routers and list all routers.", "scenario": { "NeutronNetworks.create_and_list_routers": { "network_create_args": null, "subnet_create_args": null, "subnet_cidr_start": "1.1.0.0/30", "subnets_per_network": 2, "router_create_args": null } }, "contexts": { "users": { "tenants": 1, "users_per_tenant": 1 }, "quotas": { "neutron": { "network": -1, "subnet": -1, "router": -1 } } }, "runner": { "constant": { "times": 40, "concurrency": 20 } }, "hooks": [], "sla": { "failure_rate": { "max": 0 } } } ] }
2019-08-04 21:49:32.447 22705 RALLYDEBUG rally_openstack.contexts.keystone.users [-] Creating 1 tenants using 20 threads
2019-08-04 21:49:34.329 22705 RALLYDEBUG rally_openstack.contexts.keystone.users [-] Creating 1 users using 20 threads
2019-08-04 21:49:37.258 22705 INFO rally.task.context [-] Task 65d3f6f8-0f2c-4a44-b04c-ed746eba098f | Context users@openstack setup() finished in 4.81 sec
2019-08-04 21:49:38.079 22705 INFO rally.task.context [-] Task 65d3f6f8-0f2c-4a44-b04c-ed746eba098f | Context quotas@openstack setup() finished in 0.82 sec
2019-08-04 21:49:38.080 22705 INFO rally.task.context [-] Task 65d3f6f8-0f2c-4a44-b04c-ed746eba098f | Context cleanup@openstack setup() finished in 0.00 msec
2019-08-04 21:49:38.087 22705 RALLYDEBUG rally.task.runner [-] Starting the constant runner (task UUID: 65d3f6f8-0f2c-4a44-b04c-ed746eba098f). timeout: 0 concurrency: 20 concurrency_per_worker: 1 times: 40 concurrency_overhead: 4 processes_to_start: 16 max_cpu_used: 16
2019-08-04 21:49:38.100 25169 RALLYDEBUG rally.task.runner [-] Starting a worker. concurrency: 2 args: {"network_create_args": null, "subnet_create_args": null, "subnet_cidr_start": "1.1.0.0/30", "subnets_per_network": 2, "router_create_args": null} times: 40 method_name: run timeout: 0 duration: None cls:
2019-08-04 21:49:38.104 25170 RALLYDEBUG rally.task.runner [-] Starting a worker. concurrency: 2 args: {"network_create_args": null, "subnet_create_args": null, "subnet_cidr_start": "1.1.0.0/30", "subnets_per_network": 2, "router_create_args": null} times: 40 method_name: run timeout: 0 duration: None cls:
2019-08-04 21:49:38.106 25171 RALLYDEBUG rally.task.runner [-] Starting a worker. concurrency: 2 args: {"network_create_args": null, "subnet_create_args": null, "subnet_cidr_start": "1.1.0.0/30", "subnets_per_network": 2, "router_create_args": null} times: 40 method_name: run timeout: 0 duration: None cls:
2019-08-04 21:49:38.106 25169 INFO rally.task.runner [-] Task 65d3f6f8-0f2c-4a44-b04c-ed746eba098f | ITER: 1 START
2019-08-04 21:49:38.109 25172 RALLYDEBUG rally.task.runner [-] Starting a worker. concurrency: 2 args: {"network_create_args": null, "subnet_create_args": null, "subnet_cidr_start": "1.1.0.0/30", "subnets_per_network": 2, "router_create_args": null} times: 40 method_name: run timeout: 0 duration: None cls:
2019-08-04 21:49:38.107 25169 INFO rally.task.runner [-] Task 65d3f6f8-0f2c-4a44-b04c-ed746eba098f | ITER: 2 START
2019-08-04 21:49:38.113 25171 INFO rally.task.runner [-] Task 65d3f6f8-0f2c-4a44-b04c-ed746eba098f | ITER: 4 START
2019-08-04 21:49:38.110 25170 INFO rally.task.runner [-] Task 65d3f6f8-0f2c-4a44-b04c-ed746eba098f | ITER: 3 START
2019-08-04 21:49:38.113 25174 RALLYDEBUG rally.task.runner [-] Starting a worker. concurrency: 1 args: {"network_create_args": null, "subnet_create_args": null, "subnet_cidr_start": "1.1.0.0/30", "subnets_per_network": 2, "router_create_args": null} times: 40 method_name: run timeout: 0 duration: None cls:
2019-08-04 21:49:38.116 25178 RALLYDEBUG rally.task.runner [-] Starting a worker. concurrency: 1 args: {"network_create_args": null, "subnet_create_args": null, "subnet_cidr_start": "1.1.0.0/30", "subnets_per_network": 2, "router_create_args": null} times: 40 method_name: run timeout: 0 duration: None cls:
2019-08-04 21:49:38.119 25184 RALLYDEBUG rally.task.runner [-] Starting a worker. concurrency: 1 args: {"network_create_args": null, "subnet_create_args": null, "subnet_cidr_start": "1.1.0.0/30", "subnets_per_network": 2, "router_create_args": null} times: 40 method_name: run timeout: 0 duration: None cls:
2019-08-04 21:49:38.119 25182 RALLYDEBUG rally.task.runner [-] Starting a worker. concurrency: 1 args: {"network_create_args": null, "subnet_create_args": null, "subnet_cidr_start": "1.1.0.0/30", "subnets_per_network": 2, "router_create_args": null} times: 40 method_name: run timeout: 0 duration: None cls:
2019-08-04 21:49:38.121 25174 INFO rally.task.runner [-] Task 65d3f6f8-0f2c-4a44-b04c-ed746eba098f | ITER: 8 START
2019-08-04 21:49:38.121 25172 INFO rally.task.runner [-] Task 65d3f6f8-0f2c-4a44-b04c-ed746eba098f | ITER: 9 START
2019-08-04 21:49:38.121 25178 INFO rally.task.runner [-] Task 65d3f6f8-0f2c-4a44-b04c-ed746eba098f | ITER: 10 START
2019-08-04 21:49:38.122 25184 INFO rally.task.runner [-] Task 65d3f6f8-0f2c-4a44-b04c-ed746eba098f | ITER: 11 START
2019-08-04 21:49:38.122 25170 INFO rally.task.runner [-] Task 65d3f6f8-0f2c-4a44-b04c-ed746eba098f | ITER: 6 START
2019-08-04 21:49:38.124 25182 INFO rally.task.runner [-] Task 65d3f6f8-0f2c-4a44-b04c-ed746eba098f | ITER: 12 START
2019-08-04 21:49:38.131 25198 RALLYDEBUG rally.task.runner [-] Starting a worker. concurrency: 1 args: {"network_create_args": null, "subnet_create_args": null, "subnet_cidr_start": "1.1.0.0/30", "subnets_per_network": 2, "router_create_args": null} times: 40 method_name: run timeout: 0 duration: None cls:
2019-08-04 21:49:38.130 25186 RALLYDEBUG rally.task.runner [-] Starting a worker. concurrency: 1 args: {"network_create_args": null, "subnet_create_args": null, "subnet_cidr_start": "1.1.0.0/30", "subnets_per_network": 2, "router_create_args": null} times: 40 method_name: run timeout: 0 duration: None cls:
2019-08-04 21:49:38.132 25172 INFO rally.task.runner [-] Task 65d3f6f8-0f2c-4a44-b04c-ed746eba098f | ITER: 7 START
2019-08-04 21:49:38.133 25193 RALLYDEBUG rally.task.runner [-] Starting a worker. concurrency: 1 args: {"network_create_args": null, "subnet_create_args": null, "subnet_cidr_start": "1.1.0.0/30", "subnets_per_network": 2, "router_create_args": null} times: 40 method_name: run timeout: 0 duration: None cls:
2019-08-04 21:49:38.133 25171 INFO rally.task.runner [-] Task 65d3f6f8-0f2c-4a44-b04c-ed746eba098f | ITER: 5 START
2019-08-04 21:49:38.135 25198 INFO rally.task.runner [-] Task 65d3f6f8-0f2c-4a44-b04c-ed746eba098f | ITER: 13 START
2019-08-04 21:49:38.136 25186 INFO rally.task.runner [-] Task 65d3f6f8-0f2c-4a44-b04c-ed746eba098f | ITER: 14 START
2019-08-04 21:49:38.136 25199 RALLYDEBUG rally.task.runner [-] Starting a worker. concurrency: 1 args: {"network_create_args": null, "subnet_create_args": null, "subnet_cidr_start": "1.1.0.0/30", "subnets_per_network": 2, "router_create_args": null} times: 40 method_name: run timeout: 0 duration: None cls:
2019-08-04 21:49:38.138 25193 INFO rally.task.runner [-] Task 65d3f6f8-0f2c-4a44-b04c-ed746eba098f | ITER: 15 START
2019-08-04 21:49:38.143 25199 INFO rally.task.runner [-] Task 65d3f6f8-0f2c-4a44-b04c-ed746eba098f | ITER: 16 START
2019-08-04 21:49:38.149 25208 RALLYDEBUG rally.task.runner [-] Starting a worker. concurrency: 1 args: {"network_create_args": null, "subnet_create_args": null, "subnet_cidr_start": "1.1.0.0/30", "subnets_per_network": 2, "router_create_args": null} times: 40 method_name: run timeout: 0 duration: None cls:
2019-08-04 21:49:38.154 25208 INFO rally.task.runner [-] Task 65d3f6f8-0f2c-4a44-b04c-ed746eba098f | ITER: 17 START
2019-08-04 21:49:38.155 25210 RALLYDEBUG rally.task.runner [-] Starting a worker. concurrency: 1 args: {"network_create_args": null, "subnet_create_args": null, "subnet_cidr_start": "1.1.0.0/30", "subnets_per_network": 2, "router_create_args": null} times: 40 method_name: run timeout: 0 duration: None cls:
2019-08-04 21:49:38.160 25213 RALLYDEBUG rally.task.runner [-] Starting a worker. concurrency: 1 args: {"network_create_args": null, "subnet_create_args": null, "subnet_cidr_start": "1.1.0.0/30", "subnets_per_network": 2, "router_create_args": null} times: 40 method_name: run timeout: 0 duration: None cls:
2019-08-04 21:49:38.161 25210 INFO rally.task.runner [-] Task 65d3f6f8-0f2c-4a44-b04c-ed746eba098f | ITER: 18 START
2019-08-04 21:49:38.165 25213 INFO rally.task.runner [-] Task 65d3f6f8-0f2c-4a44-b04c-ed746eba098f | ITER: 19 START
2019-08-04 21:49:38.167 25216 RALLYDEBUG rally.task.runner [-] Starting a worker. concurrency: 1 args: {"network_create_args": null, "subnet_create_args": null, "subnet_cidr_start": "1.1.0.0/30", "subnets_per_network": 2, "router_create_args": null} times: 40 method_name: run timeout: 0 duration: None cls:
2019-08-04 21:49:38.171 25216 INFO rally.task.runner [-] Task 65d3f6f8-0f2c-4a44-b04c-ed746eba098f | ITER: 20 START
2019-08-04 21:49:39.818 25172 RALLYDEBUG rally_openstack.wrappers.network [-] CIDR generated: 1.1.5.160/30
2019-08-04 21:49:39.842 25193 RALLYDEBUG rally_openstack.wrappers.network [-] CIDR generated: 1.1.5.164/30
2019-08-04 21:49:39.937 25178 RALLYDEBUG rally_openstack.wrappers.network [-] CIDR generated: 1.1.5.168/30
2019-08-04 21:49:39.938 25170 RALLYDEBUG rally_openstack.wrappers.network [-] CIDR generated: 1.1.5.172/30
2019-08-04 21:49:39.950 25169 RALLYDEBUG rally_openstack.wrappers.network [-] CIDR generated: 1.1.5.176/30
2019-08-04 21:49:39.974 25208 RALLYDEBUG rally_openstack.wrappers.network [-] CIDR generated: 1.1.5.180/30
2019-08-04 21:49:40.009 25210 RALLYDEBUG rally_openstack.wrappers.network [-] CIDR generated: 1.1.5.184/30
2019-08-04 21:49:40.044 25169 RALLYDEBUG rally_openstack.wrappers.network [-] CIDR generated: 1.1.5.188/30
2019-08-04 21:49:40.094 25186 RALLYDEBUG rally_openstack.wrappers.network [-] CIDR generated: 1.1.5.192/30
2019-08-04 21:49:40.106 25171 RALLYDEBUG rally_openstack.wrappers.network [-] CIDR generated: 1.1.5.196/30
2019-08-04 21:49:40.117 25216 RALLYDEBUG rally_openstack.wrappers.network [-] CIDR generated: 1.1.5.200/30
2019-08-04 21:49:40.200 25170 RALLYDEBUG rally_openstack.wrappers.network [-] CIDR generated: 1.1.5.204/30
2019-08-04 21:49:40.212 25172 RALLYDEBUG rally_openstack.wrappers.network [-] CIDR generated: 1.1.5.208/30
2019-08-04 21:49:40.237 25198 RALLYDEBUG rally_openstack.wrappers.network [-] CIDR generated: 1.1.5.212/30
2019-08-04 21:49:40.249 25213 RALLYDEBUG rally_openstack.wrappers.network [-] CIDR generated: 1.1.5.216/30
2019-08-04 21:49:40.284 25171 RALLYDEBUG rally_openstack.wrappers.network [-] CIDR generated: 1.1.5.220/30
2019-08-04 21:49:40.321 25184 RALLYDEBUG rally_openstack.wrappers.network [-] CIDR generated: 1.1.5.224/30
2019-08-04 21:49:40.350 25182 RALLYDEBUG rally_openstack.wrappers.network [-] CIDR generated: 1.1.5.228/30
2019-08-04 21:49:40.357 25174 RALLYDEBUG rally_openstack.wrappers.network [-] CIDR generated: 1.1.5.232/30
2019-08-04 21:49:40.417 25199 RALLYDEBUG rally_openstack.wrappers.network [-] CIDR generated: 1.1.5.236/30
2019-08-04 21:49:41.638 25193 RALLYDEBUG rally_openstack.wrappers.network [-] CIDR generated: 1.1.5.240/30
2019-08-04 21:49:41.812 25184 RALLYDEBUG rally_openstack.wrappers.network [-] CIDR generated: 1.1.5.244/30
2019-08-04 21:49:41.997 25172 RALLYDEBUG rally_openstack.wrappers.network [-] CIDR generated: 1.1.5.248/30
2019-08-04 21:49:42.034 25171 RALLYDEBUG rally_openstack.wrappers.network [-] CIDR generated: 1.1.5.252/30
2019-08-04 21:49:42.183 25170 RALLYDEBUG rally_openstack.wrappers.network [-] CIDR generated: 1.1.6.0/30
2019-08-04 21:49:42.446 25170 RALLYDEBUG rally_openstack.wrappers.network [-] CIDR generated: 1.1.6.4/30
2019-08-04 21:49:42.860 25213 RALLYDEBUG rally_openstack.wrappers.network [-] CIDR generated: 1.1.6.8/30
2019-08-04 21:49:42.885 25216 RALLYDEBUG rally_openstack.wrappers.network [-] CIDR generated: 1.1.6.12/30
2019-08-04 21:49:42.955 25169 RALLYDEBUG rally_openstack.wrappers.network [-] CIDR generated: 1.1.6.16/30
2019-08-04 21:49:43.046 25210 RALLYDEBUG rally_openstack.wrappers.network [-] CIDR generated: 1.1.6.20/30
2019-08-04 21:49:43.232 25178 RALLYDEBUG rally_openstack.wrappers.network [-] CIDR generated: 1.1.6.24/30
2019-08-04 21:49:43.357 25171 RALLYDEBUG rally_openstack.wrappers.network [-] CIDR generated: 1.1.6.28/30
2019-08-04 21:49:43.476 25174 RALLYDEBUG rally_openstack.wrappers.network [-] CIDR generated: 1.1.6.32/30
2019-08-04 21:49:43.620 25172 RALLYDEBUG rally_openstack.wrappers.network [-] CIDR generated: 1.1.6.36/30
2019-08-04 21:49:43.644 25182 RALLYDEBUG rally_openstack.wrappers.network [-] CIDR generated: 1.1.6.40/30
2019-08-04 21:49:43.824 25208 RALLYDEBUG rally_openstack.wrappers.network [-] CIDR generated: 1.1.6.44/30
2019-08-04 21:49:44.027 25186 RALLYDEBUG rally_openstack.wrappers.network [-] CIDR generated: 1.1.6.48/30
2019-08-04 21:49:44.296 25169 RALLYDEBUG rally_openstack.wrappers.network [-] CIDR generated: 1.1.6.52/30
2019-08-04 21:49:44.603 25199 RALLYDEBUG rally_openstack.wrappers.network [-] CIDR generated: 1.1.6.56/30
2019-08-04 21:49:44.675 25198 RALLYDEBUG rally_openstack.wrappers.network [-] CIDR generated: 1.1.6.60/30
2019-08-04 21:50:14.098 25213 INFO rally.task.runner [-] Task 65d3f6f8-0f2c-4a44-b04c-ed746eba098f | ITER: 19 END: OK
2019-08-04 21:50:14.104 25213 INFO rally.task.runner [-] Task 65d3f6f8-0f2c-4a44-b04c-ed746eba098f | ITER: 21 START
2019-08-04 21:50:14.506 25172 INFO rally.task.runner [-] Task 65d3f6f8-0f2c-4a44-b04c-ed746eba098f | ITER: 9 END: OK
2019-08-04 21:50:14.511 25172 INFO rally.task.runner [-] Task 65d3f6f8-0f2c-4a44-b04c-ed746eba098f | ITER: 22 START
2019-08-04 21:50:14.738 25208 INFO rally.task.runner [-] Task 65d3f6f8-0f2c-4a44-b04c-ed746eba098f | ITER: 17 END: OK
2019-08-04 21:50:14.744 25208 INFO rally.task.runner [-] Task 65d3f6f8-0f2c-4a44-b04c-ed746eba098f | ITER: 23 START
2019-08-04 21:50:15.011 25198 INFO rally.task.runner [-] Task 65d3f6f8-0f2c-4a44-b04c-ed746eba098f | ITER: 13 END: OK
2019-08-04 21:50:15.017 25198 INFO rally.task.runner [-] Task 65d3f6f8-0f2c-4a44-b04c-ed746eba098f | ITER: 24 START
2019-08-04 21:50:15.235 25199 INFO rally.task.runner [-] Task 65d3f6f8-0f2c-4a44-b04c-ed746eba098f | ITER: 16 END: OK
2019-08-04 21:50:15.241 25199 INFO rally.task.runner [-] Task 65d3f6f8-0f2c-4a44-b04c-ed746eba098f | ITER: 25 START
