2019-08-04 21:42:47.471 22696 RALLYDEBUG rally.api [-] INFO logs from urllib3 and requests module are hide.
2019-08-04 21:42:47.471 22696 RALLYDEBUG rally.api [-] urllib3 insecure warnings are hidden.
2019-08-04 21:42:47.471 22696 RALLYDEBUG rally.api [-] ERROR log from boto module is hide.
2019-08-04 21:42:49.571 22698 RALLYDEBUG rally.api [-] INFO logs from urllib3 and requests module are hide.
2019-08-04 21:42:49.572 22698 RALLYDEBUG rally.api [-] urllib3 insecure warnings are hidden.
2019-08-04 21:42:49.572 22698 RALLYDEBUG rally.api [-] ERROR log from boto module is hide.
2019-08-04 21:42:50.992 22698 WARNING rally_openstack.platforms.existing [-] endpoint is deprecated and not used.
2019-08-04 21:42:51.967 22700 RALLYDEBUG rally.api [-] INFO logs from urllib3 and requests module are hide.
2019-08-04 21:42:51.967 22700 RALLYDEBUG rally.api [-] urllib3 insecure warnings are hidden.
2019-08-04 21:42:51.967 22700 RALLYDEBUG rally.api [-] ERROR log from boto module is hide.
2019-08-04 21:42:55.331 22703 RALLYDEBUG rally.api [-] INFO logs from urllib3 and requests module are hide.
2019-08-04 21:42:55.331 22703 RALLYDEBUG rally.api [-] urllib3 insecure warnings are hidden.
2019-08-04 21:42:55.331 22703 RALLYDEBUG rally.api [-] ERROR log from boto module is hide.
2019-08-04 21:42:57.293 22705 RALLYDEBUG rally.api [-] INFO logs from urllib3 and requests module are hide.
2019-08-04 21:42:57.293 22705 RALLYDEBUG rally.api [-] urllib3 insecure warnings are hidden.
2019-08-04 21:42:57.293 22705 RALLYDEBUG rally.api [-] ERROR log from boto module is hide.
2019-08-04 21:42:58.405 22705 INFO rally.common.plugin.discover [-] Loading plugins from directories /root/.rally/plugins/*
2019-08-04 21:42:58.405 22705 INFO rally.common.plugin.discover [-] Loaded module with plugins: /root/.rally/plugins/__init__.py
2019-08-04 21:42:58.407 22705 INFO rally.common.plugin.discover [-] Loaded module with plugins: /root/.rally/plugins/trunk_scenario.py
2019-08-04 21:42:58.607 22705 INFO rally.task.engine [-] Task 65d3f6f8-0f2c-4a44-b04c-ed746eba098f | Starting: Task validation.
2019-08-04 21:42:58.655 22705 INFO rally.task.engine [-] Task 65d3f6f8-0f2c-4a44-b04c-ed746eba098f | Starting: Task validation of syntax.
2019-08-04 21:42:58.869 22705 INFO rally.task.engine [-] Task 65d3f6f8-0f2c-4a44-b04c-ed746eba098f | Completed: Task validation of syntax.
2019-08-04 21:42:58.869 22705 INFO rally.task.engine [-] Task 65d3f6f8-0f2c-4a44-b04c-ed746eba098f | Starting: Task validation of required platforms.
2019-08-04 21:42:58.928 22705 INFO rally.task.engine [-] Task 65d3f6f8-0f2c-4a44-b04c-ed746eba098f | Completed: Task validation of required platforms.
2019-08-04 21:42:58.928 22705 INFO rally.task.engine [-] Task 65d3f6f8-0f2c-4a44-b04c-ed746eba098f | Starting: Task validation of semantic.
2019-08-04 21:42:58.928 22705 INFO rally.task.engine [-] Check health of the environment '3503d014-9f0e-4209-b0fc-c1fd8cc4e4f0'.
2019-08-04 21:42:59.754 22705 INFO rally.task.engine [-] Platform existing@openstack (available: True): OK!
2019-08-04 21:42:59.772 22705 RALLYDEBUG rally_openstack.contexts.keystone.users [-] Creating 1 tenants using 20 threads
2019-08-04 21:43:01.645 22705 RALLYDEBUG rally_openstack.contexts.keystone.users [-] Creating 1 users using 20 threads
2019-08-04 21:43:05.586 22705 INFO rally.task.context [-] Task 65d3f6f8-0f2c-4a44-b04c-ed746eba098f | Context users@openstack setup() finished in 5.81 sec
2019-08-04 21:43:11.923 22705 INFO rally.task.context [-] Task 65d3f6f8-0f2c-4a44-b04c-ed746eba098f | Context users@openstack cleanup() started
2019-08-04 21:43:17.166 22705 INFO rally.task.context [-] Task 65d3f6f8-0f2c-4a44-b04c-ed746eba098f | Context users@openstack cleanup() finished in 5.24 sec
2019-08-04 21:43:17.166 22705 INFO rally.task.engine [-] Task 65d3f6f8-0f2c-4a44-b04c-ed746eba098f | Completed: Task validation of semantic.
2019-08-04 21:43:17.167 22705 INFO rally.task.engine [-] Task 65d3f6f8-0f2c-4a44-b04c-ed746eba098f | Completed: Task validation.
2019-08-04 21:43:17.167 22705 INFO rally.api [-] Task 65d3f6f8-0f2c-4a44-b04c-ed746eba098f input file is valid.
2019-08-04 21:43:17.168 22705 INFO rally.api [-] Run Task 65d3f6f8-0f2c-4a44-b04c-ed746eba098f against Deployment 3503d014-9f0e-4209-b0fc-c1fd8cc4e4f0
2019-08-04 21:43:17.168 22705 INFO rally.task.engine [-] Task 65d3f6f8-0f2c-4a44-b04c-ed746eba098f | Starting: Running task.
2019-08-04 21:43:17.321 22705 INFO rally.task.engine [-] Running workload: position = 0 config = { "version": 2, "title": "A cropped version of a bigger task.", "description": "Auto-generated task from a single workload (uuid=ab2fbf3d-7221-45d2-b6e6-b5d417ddfc6c)", "subtasks": [ { "title": "NeutronNetworks.create_and_list_networks", "description": "Check performance of list_networks action and ensure > network quotas are not exceeded", "scenario": { "NeutronNetworks.create_and_list_networks": {} }, "contexts": { "users": { "tenants": 1, "users_per_tenant": 1 }, "quotas": { "neutron": { "network": 119 } } }, "runner": { "constant": { "times": 100, "concurrency": 20 } }, "hooks": [], "sla": { "max_avg_duration_per_atomic": { "neutron.list_networks": 15 }, "failure_rate": { "max": 0 } } } ] }
2019-08-04 21:43:17.341 22705 RALLYDEBUG rally_openstack.contexts.keystone.users [-] Creating 1 tenants using 20 threads
2019-08-04 21:43:19.280 22705 RALLYDEBUG rally_openstack.contexts.keystone.users [-] Creating 1 users using 20 threads
2019-08-04 21:43:22.107 22705 INFO rally.task.context [-] Task 65d3f6f8-0f2c-4a44-b04c-ed746eba098f | Context users@openstack setup() finished in 4.77 sec
2019-08-04 21:43:22.857 22705 INFO rally.task.context [-] Task 65d3f6f8-0f2c-4a44-b04c-ed746eba098f | Context quotas@openstack setup() finished in 0.75 sec
2019-08-04 21:43:22.858 22705 INFO rally.task.context [-] Task 65d3f6f8-0f2c-4a44-b04c-ed746eba098f | Context cleanup@openstack setup() finished in 0.01 msec
2019-08-04 21:43:22.866 22705 RALLYDEBUG rally.task.runner [-] Starting the constant runner (task UUID: 65d3f6f8-0f2c-4a44-b04c-ed746eba098f). timeout: 0 concurrency: 20 concurrency_per_worker: 1 times: 100 concurrency_overhead: 4 processes_to_start: 16 max_cpu_used: 16
2019-08-04 21:43:22.876 22829 RALLYDEBUG rally.task.runner [-] Starting a worker. concurrency: 2 args: {} times: 100 method_name: run timeout: 0 duration: None cls:
2019-08-04 21:43:22.881 22830 RALLYDEBUG rally.task.runner [-] Starting a worker. concurrency: 2 args: {} times: 100 method_name: run timeout: 0 duration: None cls:
2019-08-04 21:43:22.883 22829 INFO rally.task.runner [-] Task 65d3f6f8-0f2c-4a44-b04c-ed746eba098f | ITER: 1 START
2019-08-04 21:43:22.883 22831 RALLYDEBUG rally.task.runner [-] Starting a worker. concurrency: 2 args: {} times: 100 method_name: run timeout: 0 duration: None cls:
2019-08-04 21:43:22.885 22834 RALLYDEBUG rally.task.runner [-] Starting a worker. concurrency: 2 args: {} times: 100 method_name: run timeout: 0 duration: None cls:
2019-08-04 21:43:22.886 22835 RALLYDEBUG rally.task.runner [-] Starting a worker. concurrency: 1 args: {} times: 100 method_name: run timeout: 0 duration: None cls:
2019-08-04 21:43:22.889 22830 INFO rally.task.runner [-] Task 65d3f6f8-0f2c-4a44-b04c-ed746eba098f | ITER: 3 START
2019-08-04 21:43:22.891 22831 INFO rally.task.runner [-] Task 65d3f6f8-0f2c-4a44-b04c-ed746eba098f | ITER: 4 START
2019-08-04 21:43:22.889 22835 INFO rally.task.runner [-] Task 65d3f6f8-0f2c-4a44-b04c-ed746eba098f | ITER: 8 START
2019-08-04 21:43:22.891 22838 RALLYDEBUG rally.task.runner [-] Starting a worker. concurrency: 1 args: {} times: 100 method_name: run timeout: 0 duration: None cls:
2019-08-04 21:43:22.892 22834 INFO rally.task.runner [-] Task 65d3f6f8-0f2c-4a44-b04c-ed746eba098f | ITER: 6 START
2019-08-04 21:43:22.892 22845 RALLYDEBUG rally.task.runner [-] Starting a worker. concurrency: 1 args: {} times: 100 method_name: run timeout: 0 duration: None cls:
2019-08-04 21:43:22.893 22829 INFO rally.task.runner [-] Task 65d3f6f8-0f2c-4a44-b04c-ed746eba098f | ITER: 2 START
2019-08-04 21:43:22.897 22838 INFO rally.task.runner [-] Task 65d3f6f8-0f2c-4a44-b04c-ed746eba098f | ITER: 10 START
2019-08-04 21:43:22.892 22830 INFO rally.task.runner [-] Task 65d3f6f8-0f2c-4a44-b04c-ed746eba098f | ITER: 5 START
2019-08-04 21:43:22.897 22849 RALLYDEBUG rally.task.runner [-] Starting a worker. concurrency: 1 args: {} times: 100 method_name: run timeout: 0 duration: None cls:
2019-08-04 21:43:22.901 22834 INFO rally.task.runner [-] Task 65d3f6f8-0f2c-4a44-b04c-ed746eba098f | ITER: 9 START
2019-08-04 21:43:22.900 22852 RALLYDEBUG rally.task.runner [-] Starting a worker. concurrency: 1 args: {} times: 100 method_name: run timeout: 0 duration: None cls:
2019-08-04 21:43:22.902 22855 RALLYDEBUG rally.task.runner [-] Starting a worker. concurrency: 1 args: {} times: 100 method_name: run timeout: 0 duration: None cls:
2019-08-04 21:43:22.903 22831 INFO rally.task.runner [-] Task 65d3f6f8-0f2c-4a44-b04c-ed746eba098f | ITER: 7 START
2019-08-04 21:43:22.904 22849 INFO rally.task.runner [-] Task 65d3f6f8-0f2c-4a44-b04c-ed746eba098f | ITER: 12 START
2019-08-04 21:43:22.904 22845 INFO rally.task.runner [-] Task 65d3f6f8-0f2c-4a44-b04c-ed746eba098f | ITER: 11 START
2019-08-04 21:43:22.904 22856 RALLYDEBUG rally.task.runner [-] Starting a worker. concurrency: 1 args: {} times: 100 method_name: run timeout: 0 duration: None cls:
2019-08-04 21:43:22.909 22855 INFO rally.task.runner [-] Task 65d3f6f8-0f2c-4a44-b04c-ed746eba098f | ITER: 14 START
2019-08-04 21:43:22.911 22856 INFO rally.task.runner [-] Task 65d3f6f8-0f2c-4a44-b04c-ed746eba098f | ITER: 15 START
2019-08-04 21:43:22.911 22852 INFO rally.task.runner [-] Task 65d3f6f8-0f2c-4a44-b04c-ed746eba098f | ITER: 13 START
2019-08-04 21:43:22.911 22862 RALLYDEBUG rally.task.runner [-] Starting a worker. concurrency: 1 args: {} times: 100 method_name: run timeout: 0 duration: None cls:
2019-08-04 21:43:22.914 22866 RALLYDEBUG rally.task.runner [-] Starting a worker. concurrency: 1 args: {} times: 100 method_name: run timeout: 0 duration: None cls:
2019-08-04 21:43:22.917 22862 INFO rally.task.runner [-] Task 65d3f6f8-0f2c-4a44-b04c-ed746eba098f | ITER: 16 START
2019-08-04 21:43:22.919 22866 INFO rally.task.runner [-] Task 65d3f6f8-0f2c-4a44-b04c-ed746eba098f | ITER: 17 START
2019-08-04 21:43:22.921 22870 RALLYDEBUG rally.task.runner [-] Starting a worker. concurrency: 1 args: {} times: 100 method_name: run timeout: 0 duration: None cls:
2019-08-04 21:43:22.925 22873 RALLYDEBUG rally.task.runner [-] Starting a worker. concurrency: 1 args: {} times: 100 method_name: run timeout: 0 duration: None cls:
2019-08-04 21:43:22.927 22870 INFO rally.task.runner [-] Task 65d3f6f8-0f2c-4a44-b04c-ed746eba098f | ITER: 18 START
2019-08-04 21:43:22.929 22874 RALLYDEBUG rally.task.runner [-] Starting a worker. concurrency: 1 args: {} times: 100 method_name: run timeout: 0 duration: None cls:
2019-08-04 21:43:22.929 22873 INFO rally.task.runner [-] Task 65d3f6f8-0f2c-4a44-b04c-ed746eba098f | ITER: 19 START
2019-08-04 21:43:22.932 22874 INFO rally.task.runner [-] Task 65d3f6f8-0f2c-4a44-b04c-ed746eba098f | ITER: 20 START
2019-08-04 21:43:24.860 22845 INFO rally.task.runner [-] Task 65d3f6f8-0f2c-4a44-b04c-ed746eba098f | ITER: 11 END: OK
2019-08-04 21:43:24.864 22845 INFO rally.task.runner [-] Task 65d3f6f8-0f2c-4a44-b04c-ed746eba098f | ITER: 21 START
2019-08-04 21:43:25.065 22834 INFO rally.task.runner [-] Task 65d3f6f8-0f2c-4a44-b04c-ed746eba098f | ITER: 6 END: OK
2019-08-04 21:43:25.069 22834 INFO rally.task.runner [-] Task 65d3f6f8-0f2c-4a44-b04c-ed746eba098f | ITER: 22 START
2019-08-04 21:43:25.179 22829 INFO rally.task.runner [-] Task 65d3f6f8-0f2c-4a44-b04c-ed746eba098f | ITER: 1 END: OK
2019-08-04 21:43:25.183 22829 INFO rally.task.runner [-] Task 65d3f6f8-0f2c-4a44-b04c-ed746eba098f | ITER: 23 START
2019-08-04 21:43:25.186 22874 INFO rally.task.runner [-] Task 65d3f6f8-0f2c-4a44-b04c-ed746eba098f | ITER: 20 END: OK
2019-08-04 21:43:25.190 22874 INFO rally.task.runner [-] Task 65d3f6f8-0f2c-4a44-b04c-ed746eba098f | ITER: 24 START
2019-08-04 21:43:25.221 22852 INFO rally.task.runner [-] Task 65d3f6f8-0f2c-4a44-b04c-ed746eba098f | ITER: 13 END: OK
2019-08-04 21:43:25.225 22852 INFO rally.task.runner [-] Task 65d3f6f8-0f2c-4a44-b04c-ed746eba098f | ITER: 25 START
2019-08-04 21:43:25.248 22829 INFO rally.task.runner [-] Task 65d3f6f8-0f2c-4a44-b04c-ed746eba098f | ITER: 2 END: OK
2019-08-04 21:43:25.251 22829 INFO rally.task.runner [-] Task 65d3f6f8-0f2c-4a44-b04c-ed746eba098f | ITER: 26 START
2019-08-04 21:43:25.313 22834 INFO rally.task.runner [-] Task 65d3f6f8-0f2c-4a44-b04c-ed746eba098f | ITER: 9 END: OK
2019-08-04 21:43:25.316 22834 INFO rally.task.runner [-] Task 65d3f6f8-0f2c-4a44-b04c-ed746eba098f | ITER: 27 START
2019-08-04 21:43:25.371 22831 INFO rally.task.runner [-] Task 65d3f6f8-0f2c-4a44-b04c-ed746eba098f | ITER: 4 END: OK
2019-08-04 21:43:25.376 22831 INFO rally.task.runner [-] Task 65d3f6f8-0f2c-4a44-b04c-ed746eba098f | ITER: 28 START
2019-08-04 21:43:25.384 22838 INFO rally.task.runner [-] Task 65d3f6f8-0f2c-4a44-b04c-ed746eba098f | ITER: 10 END: OK
2019-08-04 21:43:25.388 22838 INFO rally.task.runner [-] Task 65d3f6f8-0f2c-4a44-b04c-ed746eba098f | ITER: 29 START
2019-08-04 21:43:25.392 22831 INFO rally.task.runner [-] Task 65d3f6f8-0f2c-4a44-b04c-ed746eba098f | ITER: 7 END: OK
2019-08-04 21:43:25.399 22831 INFO rally.task.runner [-] Task 65d3f6f8-0f2c-4a44-b04c-ed746eba098f | ITER: 30 START
2019-08-04 21:43:25.507 22856 INFO rally.task.runner [-] Task 65d3f6f8-0f2c-4a44-b04c-ed746eba098f | ITER: 15 END: OK
2019-08-04 21:43:25.512 22856 INFO rally.task.runner [-] Task 65d3f6f8-0f2c-4a44-b04c-ed746eba098f | ITER: 31 START
2019-08-04 21:43:25.524 22873 INFO rally.task.runner [-] Task 65d3f6f8-0f2c-4a44-b04c-ed746eba098f | ITER: 19 END: OK
2019-08-04 21:43:25.529 22873 INFO rally.task.runner [-] Task 65d3f6f8-0f2c-4a44-b04c-ed746eba098f | ITER: 32 START
2019-08-04 21:43:25.538 22849 INFO rally.task.runner [-] Task 65d3f6f8-0f2c-4a44-b04c-ed746eba098f | ITER: 12 END: OK
2019-08-04 21:43:25.541 22849 INFO rally.task.runner [-] Task 65d3f6f8-0f2c-4a44-b04c-ed746eba098f | ITER: 33 START
2019-08-04 21:43:25.555 22855 INFO rally.task.runner [-] Task 65d3f6f8-0f2c-4a44-b04c-ed746eba098f | ITER: 14 END: OK
2019-08-04 21:43:25.558 22855 INFO rally.task.runner [-] Task 65d3f6f8-0f2c-4a44-b04c-ed746eba098f | ITER: 34 START
2019-08-04 21:43:25.592 22870 INFO rally.task.runner [-] Task 65d3f6f8-0f2c-4a44-b04c-ed746eba098f | ITER: 18 END: OK
2019-08-04 21:43:25.595 22870 INFO rally.task.runner [-] Task 65d3f6f8-0f2c-4a44-b04c-ed746eba098f | ITER: 35 START
2019-08-04 21:43:25.627 22866 INFO rally.task.runner [-] Task 65d3f6f8-0f2c-4a44-b04c-ed746eba098f | ITER: 17 END: OK
2019-08-04 21:43:25.631 22866 INFO rally.task.runner [-] Task 65d3f6f8-0f2c-4a44-b04c-ed746eba098f | ITER: 36 START
2019-08-04 21:43:25.664 22835 INFO rally.task.runner [-] Task 65d3f6f8-0f2c-4a44-b04c-ed746eba098f | ITER: 8 END: OK
2019-08-04 21:43:25.667 22835 INFO rally.task.runner [-] Task 65d3f6f8-0f2c-4a44-b04c-ed746eba098f | ITER: 37 START
2019-08-04 21:43:25.789 22830 INFO rally.task.runner [-] Task 65d3f6f8-0f2c-4a44-b04c-ed746eba098f | ITER: 5 END: OK
2019-08-04 21:43:25.792 22830 INFO rally.task.runner [-] Task 65d3f6f8-0f2c-4a44-b04c-ed746eba098f | ITER: 38 START
2019-08-04 21:43:26.154 22862 INFO rally.task.runner [-] Task 65d3f6f8-0f2c-4a44-b04c-ed746eba098f | ITER: 16 END: OK
2019-08-04 21:43:26.158 22862 INFO rally.task.runner [-] Task 65d3f6f8-0f2c-4a44-b04c-ed746eba098f | ITER: 39 START
2019-08-04 21:43:26.162 22830 INFO rally.task.runner [-] Task 65d3f6f8-0f2c-4a44-b04c-ed746eba098f | ITER: 3 END: OK
2019-08-04 21:43:26.165 22830 INFO rally.task.runner [-] Task 65d3f6f8-0f2c-4a44-b04c-ed746eba098f | ITER: 40 START
2019-08-04 21:43:26.177 22845 INFO rally.task.runner [-] Task 65d3f6f8-0f2c-4a44-b04c-ed746eba098f | ITER: 21 END: OK
2019-08-04 21:43:26.180 22845 INFO rally.task.runner [-] Task 65d3f6f8-0f2c-4a44-b04c-ed746eba098f | ITER: 41 START
2019-08-04 21:43:26.699 22829 INFO rally.task.runner [-] Task 65d3f6f8-0f2c-4a44-b04c-ed746eba098f | ITER: 23 END: OK
2019-08-04 21:43:26.702 22829 INFO rally.task.runner [-] Task 65d3f6f8-0f2c-4a44-b04c-ed746eba098f | ITER: 42 START
2019-08-04 21:43:26.830 22852 INFO rally.task.runner [-] Task 65d3f6f8-0f2c-4a44-b04c-ed746eba098f | ITER: 25 END: OK
2019-08-04 21:43:26.833 22852 INFO rally.task.runner [-] Task 65d3f6f8-0f2c-4a44-b04c-ed746eba098f | ITER: 43 START
2019-08-04 21:43:26.940 22831 INFO rally.task.runner [-] Task 65d3f6f8-0f2c-4a44-b04c-ed746eba098f | ITER: 28 END: OK
2019-08-04 21:43:26.943 22831 INFO rally.task.runner [-] Task 65d3f6f8-0f2c-4a44-b04c-ed746eba098f | ITER: 44 START
2019-08-04 21:43:27.076 22856 INFO rally.task.runner [-] Task 65d3f6f8-0f2c-4a44-b04c-ed746eba098f | ITER: 31 END: OK
2019-08-04 21:43:27.080 22856 INFO rally.task.runner [-] Task 65d3f6f8-0f2c-4a44-b04c-ed746eba098f | ITER: 45 START
2019-08-04 21:43:27.116 22831 INFO rally.task.runner [-] Task 65d3f6f8-0f2c-4a44-b04c-ed746eba098f | ITER: 30 END: OK
2019-08-04 21:43:27.119 22831 INFO rally.task.runner [-] Task 65d3f6f8-0f2c-4a44-b04c-ed746eba098f | ITER: 46 START
2019-08-04 21:43:27.223 22829 INFO rally.task.runner [-] Task 65d3f6f8-0f2c-4a44-b04c-ed746eba098f | ITER: 26 END: OK
2019-08-04 21:43:27.226 22829 INFO rally.task.runner [-] Task 65d3f6f8-0f2c-4a44-b04c-ed746eba098f | ITER: 47 START
2019-08-04 21:43:27.506 22870 INFO rally.task.runner [-] Task 65d3f6f8-0f2c-4a44-b04c-ed746eba098f | ITER: 35 END: OK
2019-08-04 21:43:27.506 22830 INFO rally.task.runner [-] Task 65d3f6f8-0f2c-4a44-b04c-ed746eba098f | ITER: 40 END: OK
2019-08-04 21:43:27.509 22870 INFO rally.task.runner [-] Task 65d3f6f8-0f2c-4a44-b04c-ed746eba098f | ITER: 48 START
2019-08-04 21:43:27.509 22830 INFO rally.task.runner [-] Task 65d3f6f8-0f2c-4a44-b04c-ed746eba098f | ITER: 49 START
2019-08-04 21:43:27.602 22873 INFO rally.task.runner [-] Task 65d3f6f8-0f2c-4a44-b04c-ed746eba098f | ITER: 32 END: OK
2019-08-04 21:43:27.604 22873 INFO rally.task.runner [-] Task 65d3f6f8-0f2c-4a44-b04c-ed746eba098f | ITER: 50 START
2019-08-04 21:43:27.609 22855 INFO rally.task.runner [-] Task 65d3f6f8-0f2c-4a44-b04c-ed746eba098f | ITER: 34 END: OK
2019-08-04 21:43:27.612 22855 INFO rally.task.runner [-] Task 65d3f6f8-0f2c-4a44-b04c-ed746eba098f | ITER: 51 START
2019-08-04 21:43:27.622 22834 INFO rally.task.runner [-] Task 65d3f6f8-0f2c-4a44-b04c-ed746eba098f | ITER: 27 END: OK
2019-08-04 21:43:27.624 22834 INFO rally.task.runner [-] Task 65d3f6f8-0f2c-4a44-b04c-ed746eba098f | ITER: 52 START
2019-08-04 21:43:27.626 22874 INFO rally.task.runner [-] Task 65d3f6f8-0f2c-4a44-b04c-ed746eba098f | ITER: 24 END: OK
2019-08-04 21:43:27.629 22874 INFO rally.task.runner [-] Task 65d3f6f8-0f2c-4a44-b04c-ed746eba098f | ITER: 53 START
2019-08-04 21:43:27.685 22834 INFO rally.task.runner [-] Task 65d3f6f8-0f2c-4a44-b04c-ed746eba098f | ITER: 22 END: OK
2019-08-04 21:43:27.688 22834 INFO rally.task.runner [-] Task 65d3f6f8-0f2c-4a44-b04c-ed746eba098f | ITER: 54 START
2019-08-04 21:43:28.469 22862 INFO rally.task.runner [-] Task 65d3f6f8-0f2c-4a44-b04c-ed746eba098f | ITER: 39 END: OK
2019-08-04 21:43:28.472 22862 INFO rally.task.runner [-] Task 65d3f6f8-0f2c-4a44-b04c-ed746eba098f | ITER: 55 START
2019-08-04 21:43:28.481 22866 INFO rally.task.runner [-] Task 65d3f6f8-0f2c-4a44-b04c-ed746eba098f | ITER: 36 END: OK
2019-08-04 21:43:28.483 22866 INFO rally.task.runner [-] Task 65d3f6f8-0f2c-4a44-b04c-ed746eba098f | ITER: 56 START
2019-08-04 21:43:28.538 22830 INFO rally.task.runner [-] Task 65d3f6f8-0f2c-4a44-b04c-ed746eba098f | ITER: 38 END: OK
2019-08-04 21:43:28.542 22830 INFO rally.task.runner [-] Task 65d3f6f8-0f2c-4a44-b04c-ed746eba098f | ITER: 57 START
2019-08-04 21:43:28.577 22835 INFO rally.task.runner [-] Task 65d3f6f8-0f2c-4a44-b04c-ed746eba098f | ITER: 37 END: OK
2019-08-04 21:43:28.577 22838 INFO rally.task.runner [-] Task 65d3f6f8-0f2c-4a44-b04c-ed746eba098f | ITER: 29 END: OK
2019-08-04 21:43:28.580 22835 INFO rally.task.runner [-] Task 65d3f6f8-0f2c-4a44-b04c-ed746eba098f | ITER: 58 START
2019-08-04 21:43:28.581 22838 INFO rally.task.runner [-] Task 65d3f6f8-0f2c-4a44-b04c-ed746eba098f | ITER: 59 START
2019-08-04 21:43:28.623 22849 INFO rally.task.runner [-] Task 65d3f6f8-0f2c-4a44-b04c-ed746eba098f | ITER: 33 END: OK
2019-08-04 21:43:28.626 22849 INFO rally.task.runner [-] Task 65d3f6f8-0f2c-4a44-b04c-ed746eba098f | ITER: 60 START
2019-08-04 21:43:28.860 22829 INFO rally.task.runner [-] Task 65d3f6f8-0f2c-4a44-b04c-ed746eba098f | ITER: 42 END: OK
2019-08-04 21:43:28.862 22829 INFO rally.task.runner [-] Task 65d3f6f8-0f2c-4a44-b04c-ed746eba098f | ITER: 61 START
2019-08-04 21:43:28.976 22855 INFO rally.task.runner [-] Task 65d3f6f8-0f2c-4a44-b04c-ed746eba098f | ITER: 51 END: OK
2019-08-04 21:43:28.979 22855 INFO rally.task.runner [-] Task 65d3f6f8-0f2c-4a44-b04c-ed746eba098f | ITER: 62 START
2019-08-04 21:43:29.146 22830 INFO rally.task.runner [-] Task 65d3f6f8-0f2c-4a44-b04c-ed746eba098f | ITER: 49 END: OK
2019-08-04 21:43:29.149 22830 INFO rally.task.runner [-] Task 65d3f6f8-0f2c-4a44-b04c-ed746eba098f | ITER: 63 START
2019-08-04 21:43:29.376 22831 INFO rally.task.runner [-] Task 65d3f6f8-0f2c-4a44-b04c-ed746eba098f | ITER: 44 END: OK
2019-08-04 21:43:29.378 22831 INFO rally.task.runner [-] Task 65d3f6f8-0f2c-4a44-b04c-ed746eba098f | ITER: 64 START
2019-08-04 21:43:29.695 22852 INFO rally.task.runner [-] Task 65d3f6f8-0f2c-4a44-b04c-ed746eba098f | ITER: 43 END: OK
2019-08-04 21:43:29.697 22852 INFO rally.task.runner [-] Task 65d3f6f8-0f2c-4a44-b04c-ed746eba098f | ITER: 65 START
2019-08-04 21:43:29.801 22874 INFO rally.task.runner [-] Task 65d3f6f8-0f2c-4a44-b04c-ed746eba098f | ITER: 53 END: OK
2019-08-04 21:43:29.804 22874 INFO rally.task.runner [-] Task 65d3f6f8-0f2c-4a44-b04c-ed746eba098f | ITER: 66 START
2019-08-04 21:43:29.816 22845 INFO rally.task.runner [-] Task 65d3f6f8-0f2c-4a44-b04c-ed746eba098f | ITER: 41 END: OK
2019-08-04 21:43:29.819 22845 INFO rally.task.runner [-] Task 65d3f6f8-0f2c-4a44-b04c-ed746eba098f | ITER: 67 START
2019-08-04 21:43:29.826 22873 INFO rally.task.runner [-] Task 65d3f6f8-0f2c-4a44-b04c-ed746eba098f | ITER: 50 END: OK
2019-08-04 21:43:29.829 22873 INFO rally.task.runner [-] Task 65d3f6f8-0f2c-4a44-b04c-ed746eba098f | ITER: 68 START
2019-08-04 21:43:30.032 22866 INFO rally.task.runner [-] Task 65d3f6f8-0f2c-4a44-b04c-ed746eba098f | ITER: 56 END: OK
2019-08-04 21:43:30.035 22866 INFO rally.task.runner [-] Task 65d3f6f8-0f2c-4a44-b04c-ed746eba098f | ITER: 69 START
2019-08-04 21:43:30.171 22829 INFO rally.task.runner [-] Task 65d3f6f8-0f2c-4a44-b04c-ed746eba098f | ITER: 47 END: OK
2019-08-04 21:43:30.174 22829 INFO rally.task.runner [-] Task 65d3f6f8-0f2c-4a44-b04c-ed746eba098f | ITER: 70 START
2019-08-04 21:43:30.189 22831 INFO rally.task.runner [-] Task 65d3f6f8-0f2c-4a44-b04c-ed746eba098f | ITER: 46 END: OK
2019-08-04 21:43:30.192 22831 INFO rally.task.runner [-] Task 65d3f6f8-0f2c-4a44-b04c-ed746eba098f | ITER: 71 START
2019-08-04 21:43:30.393 22830 INFO rally.task.runner [-] Task 65d3f6f8-0f2c-4a44-b04c-ed746eba098f | ITER: 57 END: OK
2019-08-04 21:43:30.395 22862 INFO rally.task.runner [-] Task 65d3f6f8-0f2c-4a44-b04c-ed746eba098f | ITER: 55 END: OK
2019-08-04 21:43:30.395 22830 INFO rally.task.runner [-] Task 65d3f6f8-0f2c-4a44-b04c-ed746eba098f | ITER: 72 START
2019-08-04 21:43:30.398 22862 INFO rally.task.runner [-] Task 65d3f6f8-0f2c-4a44-b04c-ed746eba098f | ITER: 73 START
2019-08-04 21:43:30.401 22838 INFO rally.task.runner [-] Task 65d3f6f8-0f2c-4a44-b04c-ed746eba098f | ITER: 59 END: OK
2019-08-04 21:43:30.404 22838 INFO rally.task.runner [-] Task 65d3f6f8-0f2c-4a44-b04c-ed746eba098f | ITER: 74 START
2019-08-04 21:43:30.518 22870 INFO rally.task.runner [-] Task 65d3f6f8-0f2c-4a44-b04c-ed746eba098f | ITER: 48 END: OK
2019-08-04 21:43:30.518 22834 INFO rally.task.runner [-] Task 65d3f6f8-0f2c-4a44-b04c-ed746eba098f | ITER: 52 END: OK
2019-08-04 21:43:30.519 22856 INFO rally.task.runner [-] Task 65d3f6f8-0f2c-4a44-b04c-ed746eba098f | ITER: 45 END: OK
2019-08-04 21:43:30.521 22870 INFO rally.task.runner [-] Task 65d3f6f8-0f2c-4a44-b04c-ed746eba098f | ITER: 75 START
2019-08-04 21:43:30.522 22856 INFO rally.task.runner [-] Task 65d3f6f8-0f2c-4a44-b04c-ed746eba098f | ITER: 76 START
2019-08-04 21:43:30.522 22829 INFO rally.task.runner [-] Task 65d3f6f8-0f2c-4a44-b04c-ed746eba098f | ITER: 61 END: OK
2019-08-04 21:43:30.522 22834 INFO rally.task.runner [-] Task 65d3f6f8-0f2c-4a44-b04c-ed746eba098f | ITER: 77 START
2019-08-04 21:43:30.525 22829 INFO rally.task.runner [-] Task 65d3f6f8-0f2c-4a44-b04c-ed746eba098f | ITER: 78 START
2019-08-04 21:43:30.840 22834 INFO rally.task.runner [-] Task 65d3f6f8-0f2c-4a44-b04c-ed746eba098f | ITER: 54 END: OK
2019-08-04 21:43:30.843 22834 INFO rally.task.runner [-] Task 65d3f6f8-0f2c-4a44-b04c-ed746eba098f | ITER: 79 START
2019-08-04 21:43:30.880 22849 INFO rally.task.runner [-] Task 65d3f6f8-0f2c-4a44-b04c-ed746eba098f | ITER: 60 END: OK
2019-08-04 21:43:30.883 22849 INFO rally.task.runner [-] Task 65d3f6f8-0f2c-4a44-b04c-ed746eba098f | ITER: 80 START
2019-08-04 21:43:30.994 22855 INFO rally.task.runner [-] Task 65d3f6f8-0f2c-4a44-b04c-ed746eba098f | ITER: 62 END: OK
2019-08-04 21:43:30.997 22855 INFO rally.task.runner [-] Task 65d3f6f8-0f2c-4a44-b04c-ed746eba098f | ITER: 81 START
2019-08-04 21:43:31.065 22835 INFO rally.task.runner [-] Task 65d3f6f8-0f2c-4a44-b04c-ed746eba098f | ITER: 58 END: OK
2019-08-04 21:43:31.068 22835 INFO rally.task.runner [-] Task 65d3f6f8-0f2c-4a44-b04c-ed746eba098f | ITER: 82 START
2019-08-04 21:43:31.091 22831 INFO rally.task.runner [-] Task 65d3f6f8-0f2c-4a44-b04c-ed746eba098f | ITER: 64 END: OK
2019-08-04 21:43:31.094 22831 INFO rally.task.runner [-] Task 65d3f6f8-0f2c-4a44-b04c-ed746eba098f | ITER: 83 START
2019-08-04 21:43:31.129 22852 INFO rally.task.runner [-] Task 65d3f6f8-0f2c-4a44-b04c-ed746eba098f | ITER: 65 END: OK
2019-08-04 21:43:31.132 22852 INFO rally.task.runner [-] Task 65d3f6f8-0f2c-4a44-b04c-ed746eba098f | ITER: 84 START
2019-08-04 21:43:31.402 22830 INFO rally.task.runner [-] Task 65d3f6f8-0f2c-4a44-b04c-ed746eba098f | ITER: 63 END: OK
2019-08-04 21:43:31.405 22830 INFO rally.task.runner [-] Task 65d3f6f8-0f2c-4a44-b04c-ed746eba098f | ITER: 85 START
2019-08-04 21:43:31.616 22845 INFO rally.task.runner [-] Task 65d3f6f8-0f2c-4a44-b04c-ed746eba098f | ITER: 67 END: OK
2019-08-04 21:43:31.619 22845 INFO rally.task.runner [-] Task 65d3f6f8-0f2c-4a44-b04c-ed746eba098f | ITER: 86 START
2019-08-04 21:43:31.966 22866 INFO rally.task.runner [-] Task 65d3f6f8-0f2c-4a44-b04c-ed746eba098f | ITER: 69 END: OK
2019-08-04 21:43:31.970 22866 INFO rally.task.runner [-] Task 65d3f6f8-0f2c-4a44-b04c-ed746eba098f | ITER: 87 START
2019-08-04 21:43:32.023 22829 INFO rally.task.runner [-] Task 65d3f6f8-0f2c-4a44-b04c-ed746eba098f | ITER: 70 END: OK
2019-08-04 21:43:32.027 22829 INFO rally.task.runner [-] Task 65d3f6f8-0f2c-4a44-b04c-ed746eba098f | ITER: 88 START
2019-08-04 21:43:32.241 22874 INFO rally.task.runner [-] Task 65d3f6f8-0f2c-4a44-b04c-ed746eba098f | ITER: 66 END: OK
2019-08-04 21:43:32.244 22874 INFO rally.task.runner [-] Task 65d3f6f8-0f2c-4a44-b04c-ed746eba098f | ITER: 89 START
2019-08-04 21:43:32.348 22873 INFO rally.task.runner [-] Task 65d3f6f8-0f2c-4a44-b04c-ed746eba098f | ITER: 68 END: OK
2019-08-04 21:43:32.351 22873 INFO rally.task.runner [-] Task 65d3f6f8-0f2c-4a44-b04c-ed746eba098f | ITER: 90 START
2019-08-04 21:43:32.600 22862 INFO rally.task.runner [-] Task 65d3f6f8-0f2c-4a44-b04c-ed746eba098f | ITER: 73 END: OK
2019-08-04 21:43:32.603 22862 INFO rally.task.runner [-] Task 65d3f6f8-0f2c-4a44-b04c-ed746eba098f | ITER: 91 START
2019-08-04 21:43:32.663 22831 INFO rally.task.runner [-] Task 65d3f6f8-0f2c-4a44-b04c-ed746eba098f | ITER: 71 END: OK
2019-08-04 21:43:32.666 22831 INFO rally.task.runner [-] Task 65d3f6f8-0f2c-4a44-b04c-ed746eba098f | ITER: 92 START
2019-08-04 21:43:32.674 22830 INFO rally.task.runner [-] Task 65d3f6f8-0f2c-4a44-b04c-ed746eba098f | ITER: 72 END: OK
2019-08-04 21:43:32.678 22830 INFO rally.task.runner [-] Task 65d3f6f8-0f2c-4a44-b04c-ed746eba098f | ITER: 93 START
2019-08-04 21:43:32.766 22834 INFO rally.task.runner [-] Task 65d3f6f8-0f2c-4a44-b04c-ed746eba098f | ITER: 77 END: OK
2019-08-04 21:43:32.769 22834 INFO rally.task.runner [-] Task 65d3f6f8-0f2c-4a44-b04c-ed746eba098f | ITER: 94 START
2019-08-04 21:43:32.770 22870 INFO rally.task.runner [-] Task 65d3f6f8-0f2c-4a44-b04c-ed746eba098f | ITER: 75 END: OK
2019-08-04 21:43:32.772 22838 INFO rally.task.runner [-] Task 65d3f6f8-0f2c-4a44-b04c-ed746eba098f | ITER: 74 END: OK
2019-08-04 21:43:32.773 22870 INFO rally.task.runner [-] Task 65d3f6f8-0f2c-4a44-b04c-ed746eba098f | ITER: 95 START
2019-08-04 21:43:32.775 22838 INFO rally.task.runner [-] Task 65d3f6f8-0f2c-4a44-b04c-ed746eba098f | ITER: 96 START
2019-08-04 21:43:33.146 22829 INFO rally.task.runner [-] Task 65d3f6f8-0f2c-4a44-b04c-ed746eba098f | ITER: 78 END: OK
2019-08-04 21:43:33.149 22829 INFO rally.task.runner [-] Task 65d3f6f8-0f2c-4a44-b04c-ed746eba098f | ITER: 97 START
2019-08-04 21:43:33.282 22856 INFO rally.task.runner [-] Task 65d3f6f8-0f2c-4a44-b04c-ed746eba098f | ITER: 76 END: OK
2019-08-04 21:43:33.285 22856 INFO rally.task.runner [-] Task 65d3f6f8-0f2c-4a44-b04c-ed746eba098f | ITER: 98 START
2019-08-04 21:43:33.290 22835 INFO rally.task.runner [-] Task 65d3f6f8-0f2c-4a44-b04c-ed746eba098f | ITER: 82 END: OK
2019-08-04 21:43:33.294 22835 INFO rally.task.runner [-] Task 65d3f6f8-0f2c-4a44-b04c-ed746eba098f | ITER: 99 START
2019-08-04 21:43:33.476 22834 INFO rally.task.runner [-] Task 65d3f6f8-0f2c-4a44-b04c-ed746eba098f | ITER: 79 END: OK
2019-08-04 21:43:33.479 22834 INFO rally.task.runner [-] Task 65d3f6f8-0f2c-4a44-b04c-ed746eba098f | ITER: 100 START
2019-08-04 21:43:33.561 22849 INFO rally.task.runner [-] Task 65d3f6f8-0f2c-4a44-b04c-ed746eba098f | ITER: 80 END: OK
2019-08-04 21:43:33.568 22852 INFO rally.task.runner [-] Task 65d3f6f8-0f2c-4a44-b04c-ed746eba098f | ITER: 84 END: OK
2019-08-04 21:43:33.656 22831 INFO rally.task.runner [-] Task 65d3f6f8-0f2c-4a44-b04c-ed746eba098f | ITER: 83 END: OK
2019-08-04 21:43:33.787 22855 INFO rally.task.runner [-] Task 65d3f6f8-0f2c-4a44-b04c-ed746eba098f | ITER: 81 END: OK
2019-08-04 21:43:33.914 22866 INFO rally.task.runner [-] Task 65d3f6f8-0f2c-4a44-b04c-ed746eba098f | ITER: 87 END: OK
2019-08-04 21:43:33.948 22874 INFO rally.task.runner [-] Task 65d3f6f8-0f2c-4a44-b04c-ed746eba098f | ITER: 89 END: OK
2019-08-04 21:43:34.283 22845 INFO rally.task.runner [-] Task 65d3f6f8-0f2c-4a44-b04c-ed746eba098f | ITER: 86 END: OK
2019-08-04 21:43:34.286 22830 INFO rally.task.runner [-] Task 65d3f6f8-0f2c-4a44-b04c-ed746eba098f | ITER: 85 END: OK
2019-08-04 21:43:34.287 22873 INFO rally.task.runner [-] Task 65d3f6f8-0f2c-4a44-b04c-ed746eba098f | ITER: 90 END: OK
2019-08-04 21:43:34.316 22829 INFO rally.task.runner [-] Task 65d3f6f8-0f2c-4a44-b04c-ed746eba098f | ITER: 88 END: OK
2019-08-04 21:43:34.409 22830 INFO rally.task.runner [-] Task 65d3f6f8-0f2c-4a44-b04c-ed746eba098f | ITER: 93 END: OK
2019-08-04 21:43:34.584 22862 INFO rally.task.runner [-] Task 65d3f6f8-0f2c-4a44-b04c-ed746eba098f | ITER: 91 END: OK
2019-08-04 21:43:34.584 22870 INFO rally.task.runner [-] Task 65d3f6f8-0f2c-4a44-b04c-ed746eba098f | ITER: 95 END: OK
2019-08-04 21:43:34.709 22831 INFO rally.task.runner [-] Task 65d3f6f8-0f2c-4a44-b04c-ed746eba098f | ITER: 92 END: OK
2019-08-04 21:43:34.921 22838 INFO rally.task.runner [-] Task 65d3f6f8-0f2c-4a44-b04c-ed746eba098f | ITER: 96 END: OK
2019-08-04 21:43:35.066 22835 INFO rally.task.runner [-] Task 65d3f6f8-0f2c-4a44-b04c-ed746eba098f | ITER: 99 END: OK
2019-08-04 21:43:35.099 22834 INFO rally.task.runner [-] Task 65d3f6f8-0f2c-4a44-b04c-ed746eba098f | ITER: 94 END: OK
2019-08-04 21:43:35.123 22829 INFO rally.task.runner [-] Task 65d3f6f8-0f2c-4a44-b04c-ed746eba098f | ITER: 97 END: OK
2019-08-04 21:43:35.525 22834 INFO rally.task.runner [-] Task 65d3f6f8-0f2c-4a44-b04c-ed746eba098f | ITER: 100 END: OK
2019-08-04 21:43:35.541 22856 INFO rally.task.runner [-] Task 65d3f6f8-0f2c-4a44-b04c-ed746eba098f | ITER: 98 END: OK
2019-08-04 21:43:35.568 22705 INFO rally.task.context [-] Task 65d3f6f8-0f2c-4a44-b04c-ed746eba098f | Context cleanup@openstack cleanup() started
2019-08-04 21:43:35.570 22705 RALLYDEBUG rally_openstack.cleanup.manager [-] Cleaning up neutron vip objects
2019-08-04 21:43:36.220 22705 RALLYDEBUG rally_openstack.cleanup.manager [-] Cleaning up neutron health_monitor objects
2019-08-04 21:43:36.913 22705 RALLYDEBUG rally_openstack.cleanup.manager [-] Cleaning up neutron pool objects
2019-08-04 21:43:37.547 22705 RALLYDEBUG rally_openstack.cleanup.manager [-] Cleaning up neutron loadbalancer objects
2019-08-04 21:43:38.184 22705 RALLYDEBUG rally_openstack.cleanup.manager [-] Cleaning up neutron floatingip objects
2019-08-04 21:43:38.961 22705 RALLYDEBUG rally_openstack.cleanup.manager [-] Cleaning up neutron port objects
2019-08-04 21:43:39.706 22705 RALLYDEBUG rally_openstack.cleanup.manager [-] Cleaning up neutron subnet objects
2019-08-04 21:43:40.468 22705 RALLYDEBUG rally_openstack.cleanup.manager [-] Cleaning up neutron network objects
2019-08-04 21:43:41.505 22705 RALLYDEBUG rally_openstack.cleanup.manager [-] Deleting neutron.network object s_rally_ab2fbf3d_vARyzG87 (08ee5071-fb17-49a3-b4e0-6702be6b2677)
2019-08-04 21:43:41.514 22705 RALLYDEBUG rally_openstack.cleanup.manager [-] Deleting neutron.network object s_rally_ab2fbf3d_h1tExqZz (1c2878b9-8b40-49bf-80c8-d4ecdda29e9b)
2019-08-04 21:43:41.518 22705 RALLYDEBUG rally_openstack.cleanup.manager [-] Deleting neutron.network object s_rally_ab2fbf3d_s82QTg9N (195312cd-4133-4489-b82b-b86dd12d30a0)
2019-08-04 21:43:41.520 22705 RALLYDEBUG rally_openstack.cleanup.manager [-] Deleting neutron.network object s_rally_ab2fbf3d_NXAZnokg (23b14e44-0dbf-41fe-bb97-5fc24106c853)
2019-08-04 21:43:41.524 22705 RALLYDEBUG rally_openstack.cleanup.manager [-] Deleting neutron.network object s_rally_ab2fbf3d_UPgmnZqD (100d6254-05a2-4d47-b70b-9949f1599757)
2019-08-04 21:43:41.529 22705 RALLYDEBUG rally_openstack.cleanup.manager [-] Deleting neutron.network object s_rally_ab2fbf3d_FCb4UN8h (23d8ebf4-f1b5-4b3b-a9ea-59c7cbbdb6de)
2019-08-04 21:43:41.540 22705 RALLYDEBUG rally_openstack.cleanup.manager [-] Deleting neutron.network object s_rally_ab2fbf3d_wdcUfeqA (24b51b92-1aba-47d1-9c6b-058245d1297f)
2019-08-04 21:43:41.553 22705 RALLYDEBUG rally_openstack.cleanup.manager [-] Deleting neutron.network object s_rally_ab2fbf3d_VwVqYopf (030e7d00-5b0d-40b6-8bc7-829d0cbf8d8d)
2019-08-04 21:43:41.554 22705 RALLYDEBUG rally_openstack.cleanup.manager [-] Deleting neutron.network object s_rally_ab2fbf3d_cPbBBkWf (2b7f0364-87b1-4127-a347-dcdaa5a82434)
2019-08-04 21:43:41.571 22705 RALLYDEBUG rally_openstack.cleanup.manager [-] Deleting neutron.network object s_rally_ab2fbf3d_Wqjovi49 (2e0c241e-33ae-4512-92bd-1674c68594a5)
2019-08-04 21:43:41.573 22705 RALLYDEBUG rally_openstack.cleanup.manager [-] Deleting neutron.network object s_rally_ab2fbf3d_upd1WwCm (02e70efb-27ed-4f89-950c-e91144dee153)
2019-08-04 21:43:41.576 22705 RALLYDEBUG rally_openstack.cleanup.manager [-] Deleting neutron.network object s_rally_ab2fbf3d_JUsdNAxq (2e97430e-18d3-44fb-8709-3607ba423bd7)
2019-08-04 21:43:41.585 22705 RALLYDEBUG rally_openstack.cleanup.manager [-] Deleting neutron.network object s_rally_ab2fbf3d_0YOUukfb (2fdaec98-32d1-4079-a8d8-3778f8eb1114)
2019-08-04 21:43:41.589 22705 RALLYDEBUG rally_openstack.cleanup.manager [-] Deleting neutron.network object s_rally_ab2fbf3d_cHBdJ2IE (30cebff3-2205-4a11-80dc-fcd671448fb2)
2019-08-04 21:43:41.610 22705 RALLYDEBUG rally_openstack.cleanup.manager [-] Deleting neutron.network object s_rally_ab2fbf3d_A35ngPMZ (31edc644-467a-461a-881a-71da884dd8aa)
2019-08-04 21:43:41.620 22705 RALLYDEBUG rally_openstack.cleanup.manager [-] Deleting neutron.network object s_rally_ab2fbf3d_mJOBMCt1 (3361ebc9-9401-4471-8aa9-cd15c590abfb)
2019-08-04 21:43:41.643 22705 RALLYDEBUG rally_openstack.cleanup.manager [-] Deleting neutron.network object s_rally_ab2fbf3d_w24iAgnb (3c1870fc-5c25-4e67-b319-125d169f56eb)
2019-08-04 21:43:41.644 22705 RALLYDEBUG rally_openstack.cleanup.manager [-] Deleting neutron.network object s_rally_ab2fbf3d_dGjKMJGI (370e5c92-49db-4eea-ab6d-7c371db29cd0)
2019-08-04 21:43:41.650 22705 RALLYDEBUG rally_openstack.cleanup.manager [-] Deleting neutron.network object s_rally_ab2fbf3d_XxdSCpzI (3c46d3f7-4775-40f5-ae04-4ac26f1ae20f)
2019-08-04 21:43:41.667 22705 RALLYDEBUG rally_openstack.cleanup.manager [-] Deleting neutron.network object s_rally_ab2fbf3d_80pBOu6l (3d7f0801-27be-4769-84f4-4a4ad4737786)
2019-08-04 21:43:44.185 22705 RALLYDEBUG rally_openstack.cleanup.manager [-] Deleting neutron.network object s_rally_ab2fbf3d_SEEvtWM1 (446b313a-5994-4e93-9d9e-bc2446cc792d)
2019-08-04 21:43:44.299 22705 RALLYDEBUG rally_openstack.cleanup.manager [-] Deleting neutron.network object s_rally_ab2fbf3d_IzU49Zb1 (44a09326-c301-4a6a-98aa-d85470ceba69)
2019-08-04 21:43:44.351 22705 RALLYDEBUG rally_openstack.cleanup.manager [-] Deleting neutron.network object s_rally_ab2fbf3d_569L0urK (4747e8d6-7e3c-4f58-a6f3-eaa89f8ae6af)
2019-08-04 21:43:44.434 22705 RALLYDEBUG rally_openstack.cleanup.manager [-] Deleting neutron.network object s_rally_ab2fbf3d_EZeLOMmc (48bd5df7-a72b-48e1-9f11-c09f901fd411)
2019-08-04 21:43:44.544 22705 RALLYDEBUG rally_openstack.cleanup.manager [-] Deleting neutron.network object s_rally_ab2fbf3d_9KS3gPI2 (53aadb50-6d6b-4905-b99e-ed943cb91eda)
2019-08-04 21:43:44.572 22705 RALLYDEBUG rally_openstack.cleanup.manager [-] Deleting neutron.network object s_rally_ab2fbf3d_pivVYUkM (5629ee6e-df4c-4dc4-b4ca-0e23ee488a74)
2019-08-04 21:43:44.651 22705 RALLYDEBUG rally_openstack.cleanup.manager [-] Deleting neutron.network object s_rally_ab2fbf3d_dlhWi812 (56d41b98-1e47-4a9c-acf7-488529e7d7c3)
2019-08-04 21:43:45.617 22705 RALLYDEBUG rally_openstack.cleanup.manager [-] Deleting neutron.network object s_rally_ab2fbf3d_QINusyw8 (593a2af8-bb1c-4cc9-9d65-e371dd1fdca9)
2019-08-04 21:43:45.664 22705 RALLYDEBUG rally_openstack.cleanup.manager [-] Deleting neutron.network object s_rally_ab2fbf3d_90lJ4zls (5f0cdb29-4800-4a6a-9257-c42b46c93f14)
2019-08-04 21:43:45.713 22705 RALLYDEBUG rally_openstack.cleanup.manager [-] Deleting neutron.network object s_rally_ab2fbf3d_qaQOm5kC (6cd631e0-db86-4f42-96ed-0a0186f5d93e)
2019-08-04 21:43:45.777 22705 RALLYDEBUG rally_openstack.cleanup.manager [-] Deleting neutron.network object s_rally_ab2fbf3d_B8iAbCt5 (6ee72c2e-c38c-4c20-9627-d5611f506f30)
2019-08-04 21:43:45.782 22705 RALLYDEBUG rally_openstack.cleanup.manager [-] Deleting neutron.network object s_rally_ab2fbf3d_x0iAwp4I (7258c0b5-010c-4383-b069-0bf9ebca0a60)
2019-08-04 21:43:45.799 22705 RALLYDEBUG rally_openstack.cleanup.manager [-] Deleting neutron.network object s_rally_ab2fbf3d_I7kEAL1a (73666e6b-f9d6-4779-b364-104f8c7b2cde)
2019-08-04 21:43:45.831 22705 RALLYDEBUG rally_openstack.cleanup.manager [-] Deleting neutron.network object s_rally_ab2fbf3d_snpH8nTp (74983c4e-f10c-49fb-9823-b88a374fc311)
2019-08-04 21:43:45.837 22705 RALLYDEBUG rally_openstack.cleanup.manager [-] Deleting neutron.network object s_rally_ab2fbf3d_OQ7GjBMq (75cba80f-b1ba-44b9-bf4b-389ce43304ad)
2019-08-04 21:43:45.863 22705 RALLYDEBUG rally_openstack.cleanup.manager [-] Deleting neutron.network object s_rally_ab2fbf3d_3ZE3xsrm (760225e1-0d6f-4e62-b368-c429d57e94f5)
2019-08-04 21:43:46.718 22705 RALLYDEBUG rally_openstack.cleanup.manager [-] Deleting neutron.network object s_rally_ab2fbf3d_N3azm6v0 (7629ed99-c7c5-4308-aa8a-d34b56cfed89)
2019-08-04 21:43:46.758 22705 RALLYDEBUG rally_openstack.cleanup.manager [-] Deleting neutron.network object s_rally_ab2fbf3d_K2l94KoP (775370f4-5374-4bf8-a028-032aa2fac29f)
2019-08-04 21:43:46.781 22705 RALLYDEBUG rally_openstack.cleanup.manager [-] Deleting neutron.network object s_rally_ab2fbf3d_vtjPkXHw (7a835dab-b81f-473e-8ab5-39c478150483)
2019-08-04 21:43:46.790 22705 RALLYDEBUG rally_openstack.cleanup.manager [-] Deleting neutron.network object s_rally_ab2fbf3d_7FzQw3R8 (7b25ba04-ed2e-4731-a4cc-44a81d62508c)
2019-08-04 21:43:46.809 22705 RALLYDEBUG rally_openstack.cleanup.manager [-] Deleting neutron.network object s_rally_ab2fbf3d_aOUpLfxQ (7f1ce4c8-7ff6-4e9b-91dd-117c9b7ca28a)
2019-08-04 21:43:46.846 22705 RALLYDEBUG rally_openstack.cleanup.manager [-] Deleting neutron.network object s_rally_ab2fbf3d_N4o8FYXi (8029d519-0977-4ead-80c2-962c7d7e38b9)
2019-08-04 21:43:46.878 22705 RALLYDEBUG rally_openstack.cleanup.manager [-] Deleting neutron.network object s_rally_ab2fbf3d_nSv7O1dk (813737d5-3f1c-428b-b200-f3833d956da7)
2019-08-04 21:43:46.880 22705 RALLYDEBUG rally_openstack.cleanup.manager [-] Deleting neutron.network object s_rally_ab2fbf3d_TOy0dlOQ (82d7e55f-dcdd-4d1c-8b47-71dbfbb85693)
2019-08-04 21:43:47.166 22705 RALLYDEBUG rally_openstack.cleanup.manager [-] Deleting neutron.network object s_rally_ab2fbf3d_TqX5JRMm (89b81045-094f-403a-be13-951e67f3d35b)
2019-08-04 21:43:47.171 22705 RALLYDEBUG rally_openstack.cleanup.manager [-] Deleting neutron.network object s_rally_ab2fbf3d_vIcWwGd4 (938d43ae-8207-4f63-97c8-50d47e91a0d6)
2019-08-04 21:43:47.254 22705 RALLYDEBUG rally_openstack.cleanup.manager [-] Deleting neutron.network object s_rally_ab2fbf3d_9gMjQUrD (93c97934-a8c7-4d7c-bb97-b9b92023ee16)
2019-08-04 21:43:48.235 22705 RALLYDEBUG rally_openstack.cleanup.manager [-] Deleting neutron.network object s_rally_ab2fbf3d_JukXwUl6 (9c7e5fde-085f-4c18-9c06-ff75ffb4669e)
2019-08-04 21:43:48.285 22705 RALLYDEBUG rally_openstack.cleanup.manager [-] Deleting neutron.network object s_rally_ab2fbf3d_24vXIcVf (9d4be97b-b5cb-4a86-a438-08396f9eddc7)
2019-08-04 21:43:48.298 22705 RALLYDEBUG rally_openstack.cleanup.manager [-] Deleting neutron.network object s_rally_ab2fbf3d_IrqWpIKj (9da670b7-c1f1-4f9c-a53d-d4b03ae89dd6)
2019-08-04 21:43:48.378 22705 RALLYDEBUG rally_openstack.cleanup.manager [-] Deleting neutron.network object s_rally_ab2fbf3d_R3E26PKq (9e0df79a-edf4-4a28-9d88-c819829e7d41)
2019-08-04 21:43:48.472 22705 RALLYDEBUG rally_openstack.cleanup.manager [-] Deleting neutron.network object s_rally_ab2fbf3d_2tjdGWYb (9e8ee616-8154-4a98-bdec-258c91b31023)
2019-08-04 21:43:48.494 22705 RALLYDEBUG rally_openstack.cleanup.manager [-] Deleting neutron.network object s_rally_ab2fbf3d_j0UkCe8h (a0795d35-964d-4565-8506-7eab5bcfba9f)
2019-08-04 21:43:48.546 22705 RALLYDEBUG rally_openstack.cleanup.manager [-] Deleting neutron.network object s_rally_ab2fbf3d_DnZuHfQA (a40bab7d-1c81-4b8a-a941-b6d70e2677fd)
2019-08-04 21:43:48.862 22705 RALLYDEBUG rally_openstack.cleanup.manager [-] Deleting neutron.network object s_rally_ab2fbf3d_8BAAxqio (a7df66f8-377e-4310-af6d-0006119f2694)
2019-08-04 21:43:48.876 22705 RALLYDEBUG rally_openstack.cleanup.manager [-] Deleting neutron.network object s_rally_ab2fbf3d_AbcYmG7c (ab6e4568-f73e-4839-82f7-23fffb209d62)
2019-08-04 21:43:49.205 22705 RALLYDEBUG rally_openstack.cleanup.manager [-] Deleting neutron.network object s_rally_ab2fbf3d_oEnA6T2j (ac50c743-72b4-422f-a8b5-40e9744d99fa)
2019-08-04 21:43:49.370 22705 RALLYDEBUG rally_openstack.cleanup.manager [-] Deleting neutron.network object s_rally_ab2fbf3d_uFeLBKnx (aeb3e58c-9d3c-4a6f-8c51-ca1f63f7f0b0)
2019-08-04 21:43:49.491 22705 RALLYDEBUG rally_openstack.cleanup.manager [-] Deleting neutron.network object s_rally_ab2fbf3d_Tf5zfdPl (aed7790f-3c25-4a95-8a18-ab619d5bc1bf)
2019-08-04 21:43:49.699 22705 RALLYDEBUG rally_openstack.cleanup.manager [-] Deleting neutron.network object s_rally_ab2fbf3d_mmzK0Heg (bd0b1c88-dd99-46e6-918c-a7f5a84133ce)
2019-08-04 21:43:49.734 22705 RALLYDEBUG rally_openstack.cleanup.manager [-] Deleting neutron.network object s_rally_ab2fbf3d_7yDXzm30 (c3d00bd6-883f-45d1-8659-fdaff7112597)
2019-08-04 21:43:50.033 22705 RALLYDEBUG rally_openstack.cleanup.manager [-] Deleting neutron.network object s_rally_ab2fbf3d_1V9WczqK (c4cf5044-945c-4ca3-a0f0-c4e89e54e541)
2019-08-04 21:43:50.068 22705 RALLYDEBUG rally_openstack.cleanup.manager [-] Deleting neutron.network object s_rally_ab2fbf3d_PWLFgtHl (c582c87f-5eb5-4721-8d44-6731cd6d4d89)
2019-08-04 21:43:50.084 22705 RALLYDEBUG rally_openstack.cleanup.manager [-] Deleting neutron.network object s_rally_ab2fbf3d_xnofyNxs (cb017c86-9411-4902-b827-be66d8778eed)
2019-08-04 21:43:50.442 22705 RALLYDEBUG rally_openstack.cleanup.manager [-] Deleting neutron.network object s_rally_ab2fbf3d_eC8MulIb (ce1c13bf-e1a3-4b5c-aa32-3b1870382f1f)
2019-08-04 21:43:50.449 22705 RALLYDEBUG rally_openstack.cleanup.manager [-] Deleting neutron.network object s_rally_ab2fbf3d_woyjb0PK (ce9492aa-0deb-4d8a-8c3a-f40ac42be532)
2019-08-04 21:43:50.600 22705 RALLYDEBUG rally_openstack.cleanup.manager [-] Deleting neutron.network object s_rally_ab2fbf3d_0efK7J1s (cea896c0-142b-4560-a154-bdca6a419c0e)
2019-08-04 21:43:50.614 22705 RALLYDEBUG rally_openstack.cleanup.manager [-] Deleting neutron.network object s_rally_ab2fbf3d_ksKnWYQZ (d33ff625-3c90-4f26-92e8-f2c94f346fe6)
2019-08-04 21:43:50.695 22705 RALLYDEBUG rally_openstack.cleanup.manager [-] Deleting neutron.network object s_rally_ab2fbf3d_40iTngnd (d381bf8f-0102-4cce-bdd3-88362f02ecac)
2019-08-04 21:43:50.721 22705 RALLYDEBUG rally_openstack.cleanup.manager [-] Deleting neutron.network object s_rally_ab2fbf3d_U81oBbj6 (d5345636-0b11-45e7-afef-cc5a0f4986ba)
2019-08-04 21:43:51.025 22705 RALLYDEBUG rally_openstack.cleanup.manager [-] Deleting neutron.network object s_rally_ab2fbf3d_eJr2Uo1l (d655877b-da72-4dac-9f9d-86e61f824414)
2019-08-04 21:43:51.066 22705 RALLYDEBUG rally_openstack.cleanup.manager [-] Deleting neutron.network object s_rally_ab2fbf3d_q7vn5GuR (d750fe5b-ca78-4114-8542-dea110612c5f)
2019-08-04 21:43:51.102 22705 RALLYDEBUG rally_openstack.cleanup.manager [-] Deleting neutron.network object s_rally_ab2fbf3d_u37KzvNl (d7e39af1-9ea2-4381-ab9d-da8cf2b6d659)
2019-08-04 21:43:51.280 22705 RALLYDEBUG rally_openstack.cleanup.manager [-] Deleting neutron.network object s_rally_ab2fbf3d_smhnVq79 (d829bac0-1f9b-4033-ad85-81adc52470d9)
2019-08-04 21:43:51.385 22705 RALLYDEBUG rally_openstack.cleanup.manager [-] Deleting neutron.network object s_rally_ab2fbf3d_jmvqiS6l (d9e1ad5d-9706-4b15-866c-edb9cba628c0)
2019-08-04 21:43:51.456 22705 RALLYDEBUG rally_openstack.cleanup.manager [-] Deleting neutron.network object s_rally_ab2fbf3d_OEmjOqWO (daa3bf1e-c39b-46a8-b5b9-9c18a3292812)
2019-08-04 21:43:51.821 22705 RALLYDEBUG rally_openstack.cleanup.manager [-] Deleting neutron.network object s_rally_ab2fbf3d_qt2brLmj (db4503f8-61d8-42a5-8890-a8545c90b79d)
2019-08-04 21:43:51.940 22705 RALLYDEBUG rally_openstack.cleanup.manager [-] Deleting neutron.network object s_rally_ab2fbf3d_7lnrJOrg (de113b03-5112-4bf7-9a90-eea4036638e6)
2019-08-04 21:43:52.092 22705 RALLYDEBUG rally_openstack.cleanup.manager [-] Deleting neutron.network object s_rally_ab2fbf3d_vXqghsiB (e04564fa-9780-4189-b3b4-f4387013b5a9)
2019-08-04 21:43:52.286 22705 RALLYDEBUG rally_openstack.cleanup.manager [-] Deleting neutron.network object s_rally_ab2fbf3d_tn6Vdplt (e1002a60-c010-4f57-8caf-61da04e7f0db)
2019-08-04 21:43:52.421 22705 RALLYDEBUG rally_openstack.cleanup.manager [-] Deleting neutron.network object s_rally_ab2fbf3d_nq3SzbZA (e167b158-c4a4-45dd-89bf-00ac6afc0750)
2019-08-04 21:43:52.813 22705 RALLYDEBUG rally_openstack.cleanup.manager [-] Deleting neutron.network object s_rally_ab2fbf3d_sVU7RTBf (e84de9f7-eff7-4013-856f-a309587f1a6a)
2019-08-04 21:43:52.839 22705 RALLYDEBUG rally_openstack.cleanup.manager [-] Deleting neutron.network object s_rally_ab2fbf3d_xM4cjeCK (e8cf908d-d721-4568-9262-b06c3414365b)
2019-08-04 21:43:52.862 22705 RALLYDEBUG rally_openstack.cleanup.manager [-] Deleting neutron.network object s_rally_ab2fbf3d_okBdYKWU (e9078a39-be0c-4057-9f0a-843e65cd558d)
2019-08-04 21:43:52.920 22705 RALLYDEBUG rally_openstack.cleanup.manager [-] Deleting neutron.network object s_rally_ab2fbf3d_6A0aUdFh (eabf4255-7470-4ca1-8a0d-db584f06a4a2)
2019-08-04 21:43:53.090 22705 RALLYDEBUG rally_openstack.cleanup.manager [-] Deleting neutron.network object s_rally_ab2fbf3d_vipS08K5 (ebb5ba03-5715-4316-82f3-d7791836a5b1)
2019-08-04 21:43:53.326 22705 RALLYDEBUG rally_openstack.cleanup.manager [-] Deleting neutron.network object s_rally_ab2fbf3d_kG7fCAfu (f1070ee0-9a8e-4341-bbd7-9e9f9257e7fd)
2019-08-04 21:43:53.346 22705 RALLYDEBUG rally_openstack.cleanup.manager [-] Deleting neutron.network object s_rally_ab2fbf3d_Fou5F0oy (f17974c3-4e1e-46d9-b160-1a923faffa1e)
2019-08-04 21:43:53.384 22705 RALLYDEBUG rally_openstack.cleanup.manager [-] Deleting neutron.network object s_rally_ab2fbf3d_e1PGCrpS (f26c8c3a-dbf2-47f1-9f8b-1240e4522def)
2019-08-04 21:43:53.439 22705 RALLYDEBUG rally_openstack.cleanup.manager [-] Deleting neutron.network object s_rally_ab2fbf3d_CQgOJ95T (f2d398d8-f26d-4929-b779-8da6c06aff0e)
2019-08-04 21:43:53.452 22705 RALLYDEBUG rally_openstack.cleanup.manager [-] Deleting neutron.network object s_rally_ab2fbf3d_EUfI4Y3k (f47fa2fb-100a-4dbe-92e7-c13368a5c6d0)
2019-08-04 21:43:53.477 22705 RALLYDEBUG rally_openstack.cleanup.manager [-] Deleting neutron.network object s_rally_ab2fbf3d_l4XiSwXh (f6638856-6070-4f91-839c-cc9865c493d9)
2019-08-04 21:43:53.830 22705 RALLYDEBUG rally_openstack.cleanup.manager [-] Deleting neutron.network object s_rally_ab2fbf3d_tRpkSldC (f75a1c55-c934-440e-bc1f-f29df354a439)
2019-08-04 21:43:53.839 22705 RALLYDEBUG rally_openstack.cleanup.manager [-] Deleting neutron.network object s_rally_ab2fbf3d_cVBhTSrs (f7afe68b-7e10-46f1-9bda-3a60a7921e3c)
2019-08-04 21:43:54.188 22705 RALLYDEBUG rally_openstack.cleanup.manager [-] Deleting neutron.network object s_rally_ab2fbf3d_2tzVlBu0 (f88ee57e-a17c-489d-b861-01d72890daca)
2019-08-04 21:43:54.242 22705 RALLYDEBUG rally_openstack.cleanup.manager [-] Deleting neutron.network object s_rally_ab2fbf3d_xbPZMHtm (f9ec9ed2-ab0b-49fa-8f34-0540b4ddcc14)
