2019-08-04 19:47:48.874 1842 INFO rally.task.context [-] Task 7f08bf2b-c87c-4e00-b088-661313d3c5b3 | Context quotas@openstack cleanup() finished in 0.58 sec
2019-08-04 19:47:48.874 1842 INFO rally.task.context [-] Task 7f08bf2b-c87c-4e00-b088-661313d3c5b3 | Context api_versions@openstack cleanup() started
2019-08-04 19:47:48.874 1842 INFO rally.task.context [-] Task 7f08bf2b-c87c-4e00-b088-661313d3c5b3 | Context api_versions@openstack cleanup() finished in 0.30 msec
2019-08-04 19:47:48.875 1842 INFO rally.task.context [-] Task 7f08bf2b-c87c-4e00-b088-661313d3c5b3 | Context users@openstack cleanup() started
2019-08-04 19:47:56.786 1842 INFO rally.task.context [-] Task 7f08bf2b-c87c-4e00-b088-661313d3c5b3 | Context users@openstack cleanup() finished in 7.91 sec
2019-08-04 19:47:57.754 1842 INFO rally.task.engine [-] Load duration is: 11.238506
2019-08-04 19:47:57.755 1842 INFO rally.task.engine [-] Full runner duration is: 11.288879
2019-08-04 19:47:57.755 1842 INFO rally.task.engine [-] Full duration is: 57.277089
2019-08-04 19:47:58.000 1842 INFO rally.task.engine [-] Running workload: position = 0 config = { "version": 2, "title": "A cropped version of a bigger task.", "description": "Auto-generated task from a single workload (uuid=319370ea-309e-4d22-b03b-728062f10a12)", "subtasks": [ { "title": "CinderVolumes.create_and_list_volume", "description": "Create a volume and list all volumes.", "scenario": { "CinderVolumes.create_and_list_volume": { "detailed": true, "image": { "name": "rally_full-img_5cf075fc-280f-4792-8828-5c56820c6042" }, "size": 1 } }, "contexts": { "users": { "tenants": 3, "users_per_tenant": 2 }, "quotas": { "cinder": { "gigabytes": -1, "snapshots": -1, "volumes": -1 } }, "api_versions": { "cinder": { "version": 3, "service_type": "volumev3" } } }, "runner": { "constant": { "concurrency": 4, "times": 10 } }, "hooks": [], "sla": { "failure_rate": { "max": 0 } } } ] }
2019-08-04 19:47:58.026 1842 RALLYDEBUG rally_openstack.contexts.keystone.users [-] Creating 3 tenants using 20 threads
2019-08-04 19:47:59.937 1842 RALLYDEBUG rally_openstack.contexts.keystone.users [-] Creating 6 users using 20 threads
2019-08-04 19:48:02.844 1842 INFO rally.task.context [-] Task 7f08bf2b-c87c-4e00-b088-661313d3c5b3 | Context users@openstack setup() finished in 4.82 sec
2019-08-04 19:48:03.283 1842 INFO rally.task.context [-] Task 7f08bf2b-c87c-4e00-b088-661313d3c5b3 | Context api_versions@openstack setup() finished in 0.44 sec
2019-08-04 19:48:04.972 1842 INFO rally.task.context [-] Task 7f08bf2b-c87c-4e00-b088-661313d3c5b3 | Context quotas@openstack setup() finished in 1.69 sec
2019-08-04 19:48:04.972 1842 INFO rally.task.context [-] Task 7f08bf2b-c87c-4e00-b088-661313d3c5b3 | Context cleanup@openstack setup() finished in 0.01 msec
2019-08-04 19:48:06.025 1842 RALLYDEBUG rally.task.runner [-] Starting the constant runner (task UUID: 7f08bf2b-c87c-4e00-b088-661313d3c5b3). timeout: 0 concurrency: 4 concurrency_per_worker: 1 times: 10 concurrency_overhead: 0 processes_to_start: 4 max_cpu_used: 16
2019-08-04 19:48:06.038 2414 RALLYDEBUG rally.task.runner [-] Starting a worker. concurrency: 1 args: {"detailed": true, "image": "113d9023-0c9c-4f2e-8536-7dcf8d276cd0", "size": 1} times: 10 method_name: run timeout: 0 duration: None cls:
2019-08-04 19:48:06.040 2415 RALLYDEBUG rally.task.runner [-] Starting a worker. concurrency: 1 args: {"detailed": true, "image": "113d9023-0c9c-4f2e-8536-7dcf8d276cd0", "size": 1} times: 10 method_name: run timeout: 0 duration: None cls:
2019-08-04 19:48:06.044 2417 RALLYDEBUG rally.task.runner [-] Starting a worker. concurrency: 1 args: {"detailed": true, "image": "113d9023-0c9c-4f2e-8536-7dcf8d276cd0", "size": 1} times: 10 method_name: run timeout: 0 duration: None cls:
2019-08-04 19:48:06.045 2416 RALLYDEBUG rally.task.runner [-] Starting a worker. concurrency: 1 args: {"detailed": true, "image": "113d9023-0c9c-4f2e-8536-7dcf8d276cd0", "size": 1} times: 10 method_name: run timeout: 0 duration: None cls:
2019-08-04 19:48:06.046 2414 INFO rally.task.runner [-] Task 7f08bf2b-c87c-4e00-b088-661313d3c5b3 | ITER: 1 START
2019-08-04 19:48:06.048 2415 INFO rally.task.runner [-] Task 7f08bf2b-c87c-4e00-b088-661313d3c5b3 | ITER: 2 START
2019-08-04 19:48:06.051 2417 INFO rally.task.runner [-] Task 7f08bf2b-c87c-4e00-b088-661313d3c5b3 | ITER: 3 START
2019-08-04 19:48:06.052 2416 INFO rally.task.runner [-] Task 7f08bf2b-c87c-4e00-b088-661313d3c5b3 | ITER: 4 START
2019-08-04 19:48:13.607 2415 RALLYDEBUG rally.task.utils [-] Waiting for resource s_rally_319370ea_aGabMHKx. Status changed: CREATING => DOWNLOADING in 3.03893399239
2019-08-04 19:48:15.950 2414 RALLYDEBUG rally.task.utils [-] Waiting for resource s_rally_319370ea_WfoPVQbR. Status changed: CREATING => DOWNLOADING in 5.33586287498
2019-08-04 19:48:16.182 2416 RALLYDEBUG rally.task.utils [-] Waiting for resource s_rally_319370ea_lhymoZJo. Status changed: CREATING => DOWNLOADING in 5.33641695976
2019-08-04 19:48:17.999 2415 RALLYDEBUG rally.task.utils [-] Waiting for resource s_rally_319370ea_aGabMHKx. Status changed: DOWNLOADING => AVAILABLE in 4.39214992523
2019-08-04 19:48:18.338 2415 INFO rally.task.runner [-] Task 7f08bf2b-c87c-4e00-b088-661313d3c5b3 | ITER: 2 END: OK
2019-08-04 19:48:18.342 2415 INFO rally.task.runner [-] Task 7f08bf2b-c87c-4e00-b088-661313d3c5b3 | ITER: 5 START
2019-08-04 19:48:22.918 2416 RALLYDEBUG rally.task.utils [-] Waiting for resource s_rally_319370ea_lhymoZJo. Status changed: DOWNLOADING => AVAILABLE in 6.73643898964
2019-08-04 19:48:22.995 2414 RALLYDEBUG rally.task.utils [-] Waiting for resource s_rally_319370ea_WfoPVQbR. Status changed: DOWNLOADING => AVAILABLE in 7.04523706436
2019-08-04 19:48:23.181 2417 RALLYDEBUG rally.task.utils [-] Waiting for resource s_rally_319370ea_qiH2g61t. Status changed: CREATING => DOWNLOADING in 12.1235220432
2019-08-04 19:48:23.255 2416 INFO rally.task.runner [-] Task 7f08bf2b-c87c-4e00-b088-661313d3c5b3 | ITER: 4 END: OK
2019-08-04 19:48:23.261 2416 INFO rally.task.runner [-] Task 7f08bf2b-c87c-4e00-b088-661313d3c5b3 | ITER: 6 START
2019-08-04 19:48:23.339 2414 INFO rally.task.runner [-] Task 7f08bf2b-c87c-4e00-b088-661313d3c5b3 | ITER: 1 END: OK
2019-08-04 19:48:23.344 2414 INFO rally.task.runner [-] Task 7f08bf2b-c87c-4e00-b088-661313d3c5b3 | ITER: 7 START
2019-08-04 19:48:27.873 2417 RALLYDEBUG rally.task.utils [-] Waiting for resource s_rally_319370ea_qiH2g61t. Status changed: DOWNLOADING => AVAILABLE in 4.69178414345
2019-08-04 19:48:28.146 2417 INFO rally.task.runner [-] Task 7f08bf2b-c87c-4e00-b088-661313d3c5b3 | ITER: 3 END: OK
2019-08-04 19:48:28.151 2417 INFO rally.task.runner [-] Task 7f08bf2b-c87c-4e00-b088-661313d3c5b3 | ITER: 8 START
2019-08-04 19:48:28.658 2415 RALLYDEBUG rally.task.utils [-] Waiting for resource s_rally_319370ea_57HG6gVJ. Status changed: CREATING => DOWNLOADING in 5.3837749958
2019-08-04 19:48:33.170 2416 RALLYDEBUG rally.task.utils [-] Waiting for resource s_rally_319370ea_wqoROBhm. Status changed: CREATING => DOWNLOADING in 5.05255198479
2019-08-04 19:48:33.451 2415 RALLYDEBUG rally.task.utils [-] Waiting for resource s_rally_319370ea_57HG6gVJ. Status changed: DOWNLOADING => AVAILABLE in 4.79356408119
2019-08-04 19:48:33.749 2414 RALLYDEBUG rally.task.utils [-] Waiting for resource s_rally_319370ea_tVMmdckS. Status changed: CREATING => DOWNLOADING in 5.32480216026
2019-08-04 19:48:33.790 2415 INFO rally.task.runner [-] Task 7f08bf2b-c87c-4e00-b088-661313d3c5b3 | ITER: 5 END: OK
2019-08-04 19:48:33.794 2415 INFO rally.task.runner [-] Task 7f08bf2b-c87c-4e00-b088-661313d3c5b3 | ITER: 9 START
2019-08-04 19:48:37.867 2416 RALLYDEBUG rally.task.utils [-] Waiting for resource s_rally_319370ea_wqoROBhm. Status changed: DOWNLOADING => AVAILABLE in 4.69716596603
2019-08-04 19:48:38.229 2416 INFO rally.task.runner [-] Task 7f08bf2b-c87c-4e00-b088-661313d3c5b3 | ITER: 6 END: OK
2019-08-04 19:48:38.234 2416 INFO rally.task.runner [-] Task 7f08bf2b-c87c-4e00-b088-661313d3c5b3 | ITER: 10 START
2019-08-04 19:48:38.426 2414 RALLYDEBUG rally.task.utils [-] Waiting for resource s_rally_319370ea_tVMmdckS. Status changed: DOWNLOADING => AVAILABLE in 4.67710995674
2019-08-04 19:48:38.754 2414 INFO rally.task.runner [-] Task 7f08bf2b-c87c-4e00-b088-661313d3c5b3 | ITER: 7 END: OK
2019-08-04 19:48:40.577 2417 RALLYDEBUG rally.task.utils [-] Waiting for resource s_rally_319370ea_Vm9e0yZc. Status changed: CREATING => DOWNLOADING in 7.46699786186
2019-08-04 19:48:45.002 2417 RALLYDEBUG rally.task.utils [-] Waiting for resource s_rally_319370ea_Vm9e0yZc. Status changed: DOWNLOADING => AVAILABLE in 4.42566108704
2019-08-04 19:48:45.085 2417 INFO rally.task.runner [-] Task 7f08bf2b-c87c-4e00-b088-661313d3c5b3 | ITER: 8 END: OK
2019-08-04 19:48:46.446 2415 RALLYDEBUG rally.task.utils [-] Waiting for resource s_rally_319370ea_zYtB5vWl. Status changed: CREATING => DOWNLOADING in 7.73006010056
2019-08-04 19:48:48.473 2416 RALLYDEBUG rally.task.utils [-] Waiting for resource s_rally_319370ea_kwG8wLaR. Status changed: CREATING => DOWNLOADING in 5.08350300789
2019-08-04 19:48:48.782 2415 RALLYDEBUG rally.task.utils [-] Waiting for resource s_rally_319370ea_zYtB5vWl. Status changed: DOWNLOADING => AVAILABLE in 2.33612585068
2019-08-04 19:48:49.121 2415 INFO rally.task.runner [-] Task 7f08bf2b-c87c-4e00-b088-661313d3c5b3 | ITER: 9 END: OK
2019-08-04 19:48:53.228 2416 RALLYDEBUG rally.task.utils [-] Waiting for resource s_rally_319370ea_kwG8wLaR. Status changed: DOWNLOADING => AVAILABLE in 4.75528383255
2019-08-04 19:48:53.609 2416 INFO rally.task.runner [-] Task 7f08bf2b-c87c-4e00-b088-661313d3c5b3 | ITER: 10 END: OK
2019-08-04 19:48:53.640 1842 INFO rally.task.context [-] Task 7f08bf2b-c87c-4e00-b088-661313d3c5b3 | Context cleanup@openstack cleanup() started
2019-08-04 19:48:53.643 1842 RALLYDEBUG rally_openstack.cleanup.manager [-] Cleaning up cinder backups objects
2019-08-04 19:48:55.896 1842 RALLYDEBUG rally_openstack.cleanup.manager [-] Cleaning up cinder volume_snapshots objects
2019-08-04 19:48:58.158 1842 RALLYDEBUG rally_openstack.cleanup.manager [-] Cleaning up cinder transfers objects
2019-08-04 19:49:00.283 1842 RALLYDEBUG rally_openstack.cleanup.manager [-] Cleaning up cinder volumes objects
2019-08-04 19:49:02.891 1842 RALLYDEBUG rally_openstack.cleanup.manager [-] Deleting cinder.volumes object s_rally_319370ea_tVMmdckS (9af18651-d66e-432e-90b1-ace0bc5a566f)
2019-08-04 19:49:02.892 1842 RALLYDEBUG rally_openstack.cleanup.manager [-] Deleting cinder.volumes object s_rally_319370ea_Vm9e0yZc (a82fca20-d3c4-4907-a81d-6ea996b0cbfe)
2019-08-04 19:49:02.898 1842 RALLYDEBUG rally_openstack.cleanup.manager [-] Deleting cinder.volumes object s_rally_319370ea_lhymoZJo (9be8680f-c3be-469a-9b61-3e30d37aaccb)
2019-08-04 19:49:02.900 1842 RALLYDEBUG rally_openstack.cleanup.manager [-] Deleting cinder.volumes object s_rally_319370ea_57HG6gVJ (a019d1ca-4951-4fb7-84f7-9477e6ecd9af)
2019-08-04 19:49:02.902 1842 RALLYDEBUG rally_openstack.cleanup.manager [-] Deleting cinder.volumes object s_rally_319370ea_wqoROBhm (ba6e2a70-3d2d-4a23-808b-2e20f7713c7f)
2019-08-04 19:49:02.911 1842 RALLYDEBUG rally_openstack.cleanup.manager [-] Deleting cinder.volumes object s_rally_319370ea_kwG8wLaR (cc220615-afb1-4cb7-9cc5-9a7207ccd61b)
2019-08-04 19:49:02.913 1842 RALLYDEBUG rally_openstack.cleanup.manager [-] Deleting cinder.volumes object s_rally_319370ea_zYtB5vWl (cf2e21de-b19e-4548-bcb9-664b414d246e)
2019-08-04 19:49:02.926 1842 RALLYDEBUG rally_openstack.cleanup.manager [-] Deleting cinder.volumes object s_rally_319370ea_qiH2g61t (05a7ab03-d9be-43ba-8550-edba6e189701)
2019-08-04 19:49:02.928 1842 RALLYDEBUG rally_openstack.cleanup.manager [-] Deleting cinder.volumes object s_rally_319370ea_aGabMHKx (6eec46be-69b2-4e91-bee5-fe76c598890a)
2019-08-04 19:49:02.935 1842 RALLYDEBUG rally_openstack.cleanup.manager [-] Deleting cinder.volumes object s_rally_319370ea_WfoPVQbR (0b9c4256-dfb4-40cc-a588-ee90f2a9ed50)
2019-08-04 19:49:08.179 1842 INFO rally.task.context [-] Task 7f08bf2b-c87c-4e00-b088-661313d3c5b3 | Context cleanup@openstack cleanup() finished in 14.54 sec
2019-08-04 19:49:08.180 1842 INFO rally.task.context [-] Task 7f08bf2b-c87c-4e00-b088-661313d3c5b3 | Context quotas@openstack cleanup() started
2019-08-04 19:49:08.856 1842 INFO rally.task.context [-] Task 7f08bf2b-c87c-4e00-b088-661313d3c5b3 | Context quotas@openstack cleanup() finished in 0.68 sec
2019-08-04 19:49:08.857 1842 INFO rally.task.context [-] Task 7f08bf2b-c87c-4e00-b088-661313d3c5b3 | Context api_versions@openstack cleanup() started
2019-08-04 19:49:08.857 1842 INFO rally.task.context [-] Task 7f08bf2b-c87c-4e00-b088-661313d3c5b3 | Context api_versions@openstack cleanup() finished in 0.31 msec
2019-08-04 19:49:08.857 1842 INFO rally.task.context [-] Task 7f08bf2b-c87c-4e00-b088-661313d3c5b3 | Context users@openstack cleanup() started
2019-08-04 19:49:17.661 1842 INFO rally.task.context [-] Task 7f08bf2b-c87c-4e00-b088-661313d3c5b3 | Context users@openstack cleanup() finished in 8.80 sec
2019-08-04 19:49:18.323 1842 INFO rally.task.engine [-] Load duration is: 47.559423
2019-08-04 19:49:18.323 1842 INFO rally.task.engine [-] Full runner duration is: 47.615651
2019-08-04 19:49:18.324 1842 INFO rally.task.engine [-] Full duration is: 79.63767
2019-08-04 19:49:18.494 1842 INFO rally.task.engine [-] Running workload: position = 1 config = { "version": 2, "title": "A cropped version of a bigger task.", "description": "Auto-generated task from a single workload (uuid=6fcf5f2f-538c-400d-8ed3-9b567c47cb50)", "subtasks": [ { "title": "CinderVolumes.create_and_list_volume", "description": "Create a volume and list all volumes.", "scenario": { "CinderVolumes.create_and_list_volume": { "detailed": true, "size": 1 } }, "contexts": { "users": { "tenants": 3, "users_per_tenant": 2 }, "quotas": { "cinder": { "gigabytes": -1, "snapshots": -1, "volumes": -1 } }, "api_versions": { "cinder": { "version": 3, "service_type": "volumev3" } } }, "runner": { "constant": { "concurrency": 4, "times": 10 } }, "hooks": [], "sla": { "failure_rate": { "max": 0 } } } ] }
2019-08-04 19:49:18.517 1842 RALLYDEBUG rally_openstack.contexts.keystone.users [-] Creating 3 tenants using 20 threads
2019-08-04 19:49:20.536 1842 RALLYDEBUG rally_openstack.contexts.keystone.users [-] Creating 6 users using 20 threads
2019-08-04 19:49:23.354 1842 INFO rally.task.context [-] Task 7f08bf2b-c87c-4e00-b088-661313d3c5b3 | Context users@openstack setup() finished in 4.84 sec
2019-08-04 19:49:23.787 1842 INFO rally.task.context [-] Task 7f08bf2b-c87c-4e00-b088-661313d3c5b3 | Context api_versions@openstack setup() finished in 0.43 sec
2019-08-04 19:49:25.458 1842 INFO rally.task.context [-] Task 7f08bf2b-c87c-4e00-b088-661313d3c5b3 | Context quotas@openstack setup() finished in 1.67 sec
2019-08-04 19:49:25.459 1842 INFO rally.task.context [-] Task 7f08bf2b-c87c-4e00-b088-661313d3c5b3 | Context cleanup@openstack setup() finished in 0.01 msec
2019-08-04 19:49:25.467 1842 RALLYDEBUG rally.task.runner [-] Starting the constant runner (task UUID: 7f08bf2b-c87c-4e00-b088-661313d3c5b3). timeout: 0 concurrency: 4 concurrency_per_worker: 1 times: 10 concurrency_overhead: 0 processes_to_start: 4 max_cpu_used: 16
2019-08-04 19:49:25.479 2599 RALLYDEBUG rally.task.runner [-] Starting a worker. concurrency: 1 args: {"detailed": true, "size": 1} times: 10 method_name: run timeout: 0 duration: None cls:
2019-08-04 19:49:25.480 2598 RALLYDEBUG rally.task.runner [-] Starting a worker. concurrency: 1 args: {"detailed": true, "size": 1} times: 10 method_name: run timeout: 0 duration: None cls:
2019-08-04 19:49:25.485 2599 INFO rally.task.runner [-] Task 7f08bf2b-c87c-4e00-b088-661313d3c5b3 | ITER: 1 START
2019-08-04 19:49:25.485 2600 RALLYDEBUG rally.task.runner [-] Starting a worker. concurrency: 1 args: {"detailed": true, "size": 1} times: 10 method_name: run timeout: 0 duration: None cls:
2019-08-04 19:49:25.487 2598 INFO rally.task.runner [-] Task 7f08bf2b-c87c-4e00-b088-661313d3c5b3 | ITER: 2 START
2019-08-04 19:49:25.488 2601 RALLYDEBUG rally.task.runner [-] Starting a worker. concurrency: 1 args: {"detailed": true, "size": 1} times: 10 method_name: run timeout: 0 duration: None cls:
2019-08-04 19:49:25.493 2600 INFO rally.task.runner [-] Task 7f08bf2b-c87c-4e00-b088-661313d3c5b3 | ITER: 3 START
2019-08-04 19:49:25.495 2601 INFO rally.task.runner [-] Task 7f08bf2b-c87c-4e00-b088-661313d3c5b3 | ITER: 4 START
2019-08-04 19:49:29.351 2598 INFO rally.task.runner [-] Task 7f08bf2b-c87c-4e00-b088-661313d3c5b3 | ITER: 2 END: OK
2019-08-04 19:49:29.356 2598 INFO rally.task.runner [-] Task 7f08bf2b-c87c-4e00-b088-661313d3c5b3 | ITER: 5 START
2019-08-04 19:49:29.631 2599 INFO rally.task.runner [-] Task 7f08bf2b-c87c-4e00-b088-661313d3c5b3 | ITER: 1 END: OK
2019-08-04 19:49:29.636 2599 INFO rally.task.runner [-] Task 7f08bf2b-c87c-4e00-b088-661313d3c5b3 | ITER: 6 START
2019-08-04 19:49:29.656 2601 INFO rally.task.runner [-] Task 7f08bf2b-c87c-4e00-b088-661313d3c5b3 | ITER: 4 END: OK
2019-08-04 19:49:29.660 2600 INFO rally.task.runner [-] Task 7f08bf2b-c87c-4e00-b088-661313d3c5b3 | ITER: 3 END: OK
2019-08-04 19:49:29.662 2601 INFO rally.task.runner [-] Task 7f08bf2b-c87c-4e00-b088-661313d3c5b3 | ITER: 7 START
2019-08-04 19:49:29.664 2600 INFO rally.task.runner [-] Task 7f08bf2b-c87c-4e00-b088-661313d3c5b3 | ITER: 8 START
2019-08-04 19:49:33.462 2598 INFO rally.task.runner [-] Task 7f08bf2b-c87c-4e00-b088-661313d3c5b3 | ITER: 5 END: OK
2019-08-04 19:49:33.468 2598 INFO rally.task.runner [-] Task 7f08bf2b-c87c-4e00-b088-661313d3c5b3 | ITER: 9 START
2019-08-04 19:49:33.535 2599 INFO rally.task.runner [-] Task 7f08bf2b-c87c-4e00-b088-661313d3c5b3 | ITER: 6 END: OK
2019-08-04 19:49:33.540 2599 INFO rally.task.runner [-] Task 7f08bf2b-c87c-4e00-b088-661313d3c5b3 | ITER: 10 START
2019-08-04 19:49:33.898 2601 INFO rally.task.runner [-] Task 7f08bf2b-c87c-4e00-b088-661313d3c5b3 | ITER: 7 END: OK
2019-08-04 19:49:33.988 2600 INFO rally.task.runner [-] Task 7f08bf2b-c87c-4e00-b088-661313d3c5b3 | ITER: 8 END: OK
2019-08-04 19:49:37.390 2598 INFO rally.task.runner [-] Task 7f08bf2b-c87c-4e00-b088-661313d3c5b3 | ITER: 9 END: OK
2019-08-04 19:49:37.602 2599 INFO rally.task.runner [-] Task 7f08bf2b-c87c-4e00-b088-661313d3c5b3 | ITER: 10 END: OK
2019-08-04 19:49:37.626 1842 INFO rally.task.context [-] Task 7f08bf2b-c87c-4e00-b088-661313d3c5b3 | Context cleanup@openstack cleanup() started
2019-08-04 19:49:37.628 1842 RALLYDEBUG rally_openstack.cleanup.manager [-] Cleaning up cinder backups objects
2019-08-04 19:49:39.755 1842 RALLYDEBUG rally_openstack.cleanup.manager [-] Cleaning up cinder volume_snapshots objects
2019-08-04 19:49:42.183 1842 RALLYDEBUG rally_openstack.cleanup.manager [-] Cleaning up cinder transfers objects
2019-08-04 19:49:44.434 1842 RALLYDEBUG rally_openstack.cleanup.manager [-] Cleaning up cinder volumes objects
2019-08-04 19:49:46.852 1842 RALLYDEBUG rally_openstack.cleanup.manager [-] Deleting cinder.volumes object s_rally_6fcf5f2f_DVuvurCs (eacdb9cf-8c27-4fd7-8031-440485998393)
2019-08-04 19:49:46.857 1842 RALLYDEBUG rally_openstack.cleanup.manager [-] Deleting cinder.volumes object s_rally_6fcf5f2f_ctor2MAm (0cc4d882-eb5c-47c9-9b69-b277051d6ef1)
2019-08-04 19:49:46.858 1842 RALLYDEBUG rally_openstack.cleanup.manager [-] Deleting cinder.volumes object s_rally_6fcf5f2f_ijtPQ7Vv (93234da9-a065-4695-b995-b7d190290b65)
2019-08-04 19:49:46.859 1842 RALLYDEBUG rally_openstack.cleanup.manager [-] Deleting cinder.volumes object s_rally_6fcf5f2f_yTvhOdgS (0a9f36e3-38cf-4772-9891-fcccf3e8349f)
2019-08-04 19:49:46.864 1842 RALLYDEBUG rally_openstack.cleanup.manager [-] Deleting cinder.volumes object s_rally_6fcf5f2f_GwKLLY8v (58d8fd7f-5b1f-4bb0-b64b-3937f4750576)
2019-08-04 19:49:46.864 1842 RALLYDEBUG rally_openstack.cleanup.manager [-] Deleting cinder.volumes object s_rally_6fcf5f2f_pWNHb19H (429973f8-df77-4ee2-a5d8-5d7b3c1b1188)
2019-08-04 19:49:46.870 1842 RALLYDEBUG rally_openstack.cleanup.manager [-] Deleting cinder.volumes object s_rally_6fcf5f2f_NToQt0RH (2ad8c11e-1f3a-4c89-a9f8-dc12229c60d9)
2019-08-04 19:49:46.873 1842 RALLYDEBUG rally_openstack.cleanup.manager [-] Deleting cinder.volumes object s_rally_6fcf5f2f_9rG0BOj8 (e1be7557-02cc-45e2-a3ac-9fe1b1bbf0ac)
2019-08-04 19:49:46.888 1842 RALLYDEBUG rally_openstack.cleanup.manager [-] Deleting cinder.volumes object s_rally_6fcf5f2f_3eK8C7Ds (6088bf67-87d3-4eb6-ae3b-18c82df20012)
2019-08-04 19:49:46.902 1842 RALLYDEBUG rally_openstack.cleanup.manager [-] Deleting cinder.volumes object s_rally_6fcf5f2f_XQvZiSQH (a1dbd468-c821-41a2-9e2b-ffb0235e5deb)
2019-08-04 19:49:52.054 1842 INFO rally.task.context [-] Task 7f08bf2b-c87c-4e00-b088-661313d3c5b3 | Context cleanup@openstack cleanup() finished in 14.43 sec
2019-08-04 19:49:52.054 1842 INFO rally.task.context [-] Task 7f08bf2b-c87c-4e00-b088-661313d3c5b3 | Context quotas@openstack cleanup() started
2019-08-04 19:49:52.904 1842 INFO rally.task.context [-] Task 7f08bf2b-c87c-4e00-b088-661313d3c5b3 | Context quotas@openstack cleanup() finished in 0.85 sec
2019-08-04 19:49:52.904 1842 INFO rally.task.context [-] Task 7f08bf2b-c87c-4e00-b088-661313d3c5b3 | Context api_versions@openstack cleanup() started
2019-08-04 19:49:52.905 1842 INFO rally.task.context [-] Task 7f08bf2b-c87c-4e00-b088-661313d3c5b3 | Context api_versions@openstack cleanup() finished in 0.27 msec
2019-08-04 19:49:52.905 1842 INFO rally.task.context [-] Task 7f08bf2b-c87c-4e00-b088-661313d3c5b3 | Context users@openstack cleanup() started
2019-08-04 19:50:00.900 1842 INFO rally.task.context [-] Task 7f08bf2b-c87c-4e00-b088-661313d3c5b3 | Context users@openstack cleanup() finished in 7.99 sec
2019-08-04 19:50:02.675 1842 INFO rally.task.engine [-] Load duration is: 12.112658
2019-08-04 19:50:02.675 1842 INFO rally.task.engine [-] Full runner duration is: 12.159735
2019-08-04 19:50:02.676 1842 INFO rally.task.engine [-] Full duration is: 42.388506
2019-08-04 19:50:02.989 1842 INFO rally.task.engine [-] Running workload: position = 0 config = { "version": 2, "title": "A cropped version of a bigger task.", "description": "Auto-generated task from a single workload (uuid=39067f1d-65e6-429f-90d2-cc16f08a4c32)", "subtasks": [ { "title": "CinderVolumes.create_and_upload_volume_to_image", "description": "Create and upload a volume to image.", "scenario": { "CinderVolumes.create_and_upload_volume_to_image": { "container_format": "bare", "disk_format": "raw", "do_delete": true, "force": false, "size": 1 } }, "contexts": { "users": { "tenants": 3, "users_per_tenant": 2 }, "quotas": { "cinder": { "gigabytes": -1, "snapshots": -1, "volumes": -1 } }, "api_versions": { "cinder": { "version": 3, "service_type": "volumev3" } } }, "runner": { "constant": { "concurrency": 4, "times": 10 } }, "hooks": [], "sla": { "failure_rate": { "max": 0 } } } ] }
2019-08-04 19:50:03.012 1842 RALLYDEBUG rally_openstack.contexts.keystone.users [-] Creating 3 tenants using 20 threads
2019-08-04 19:50:04.870 1842 RALLYDEBUG rally_openstack.contexts.keystone.users [-] Creating 6 users using 20 threads
2019-08-04 19:50:07.763 1842 INFO rally.task.context [-] Task 7f08bf2b-c87c-4e00-b088-661313d3c5b3 | Context users@openstack setup() finished in 4.75 sec
2019-08-04 19:50:08.209 1842 INFO rally.task.context [-] Task 7f08bf2b-c87c-4e00-b088-661313d3c5b3 | Context api_versions@openstack setup() finished in 0.45 sec
2019-08-04 19:50:09.930 1842 INFO rally.task.context [-] Task 7f08bf2b-c87c-4e00-b088-661313d3c5b3 | Context quotas@openstack setup() finished in 1.72 sec
2019-08-04 19:50:09.931 1842 INFO rally.task.context [-] Task 7f08bf2b-c87c-4e00-b088-661313d3c5b3 | Context cleanup@openstack setup() finished in 0.00 msec
2019-08-04 19:50:09.938 1842 RALLYDEBUG rally.task.runner [-] Starting the constant runner (task UUID: 7f08bf2b-c87c-4e00-b088-661313d3c5b3). timeout: 0 concurrency: 4 concurrency_per_worker: 1 times: 10 concurrency_overhead: 0 processes_to_start: 4 max_cpu_used: 16
2019-08-04 19:50:09.952 2782 RALLYDEBUG rally.task.runner [-] Starting a worker. concurrency: 1 args: {"container_format": "bare", "disk_format": "raw", "do_delete": true, "force": false, "size": 1} times: 10 method_name: run timeout: 0 duration: None cls:
2019-08-04 19:50:09.955 2783 RALLYDEBUG rally.task.runner [-] Starting a worker. concurrency: 1 args: {"container_format": "bare", "disk_format": "raw", "do_delete": true, "force": false, "size": 1} times: 10 method_name: run timeout: 0 duration: None cls:
2019-08-04 19:50:09.959 2784 RALLYDEBUG rally.task.runner [-] Starting a worker. concurrency: 1 args: {"container_format": "bare", "disk_format": "raw", "do_delete": true, "force": false, "size": 1} times: 10 method_name: run timeout: 0 duration: None cls:
2019-08-04 19:50:09.961 2782 INFO rally.task.runner [-] Task 7f08bf2b-c87c-4e00-b088-661313d3c5b3 | ITER: 1 START
2019-08-04 19:50:09.961 2783 INFO rally.task.runner [-] Task 7f08bf2b-c87c-4e00-b088-661313d3c5b3 | ITER: 2 START
2019-08-04 19:50:09.964 2785 RALLYDEBUG rally.task.runner [-] Starting a worker. concurrency: 1 args: {"container_format": "bare", "disk_format": "raw", "do_delete": true, "force": false, "size": 1} times: 10 method_name: run timeout: 0 duration: None cls:
2019-08-04 19:50:09.966 2784 INFO rally.task.runner [-] Task 7f08bf2b-c87c-4e00-b088-661313d3c5b3 | ITER: 3 START
2019-08-04 19:50:09.972 2785 INFO rally.task.runner [-] Task 7f08bf2b-c87c-4e00-b088-661313d3c5b3 | ITER: 4 START
2019-08-04 19:50:15.292 2785 RALLYDEBUG rally.task.utils [-] Waiting for resource s_rally_39067f1d_tmMSTTy9. Status changed: AVAILABLE => UPLOADING in 0.248298168182
2019-08-04 19:50:15.468 2784 RALLYDEBUG rally.task.utils [-] Waiting for resource s_rally_39067f1d_NFJJLpT4. Status changed: AVAILABLE => UPLOADING in 0.483094215393
2019-08-04 19:50:15.791 2783 RALLYDEBUG rally.task.utils [-] Waiting for resource s_rally_39067f1d_sTmHZHke. Status changed: AVAILABLE => UPLOADING in 0.325825929642
2019-08-04 19:50:15.917 2782 RALLYDEBUG rally.task.utils [-] Waiting for resource s_rally_39067f1d_V87KAMHC. Status changed: AVAILABLE => UPLOADING in 0.430238962173
2019-08-04 19:51:04.755 2784 RALLYDEBUG rally.task.utils [-] Waiting for resource s_rally_39067f1d_NFJJLpT4. Status changed: UPLOADING => AVAILABLE in 49.2864518166
2019-08-04 19:51:06.076 2785 RALLYDEBUG rally.task.utils [-] Waiting for resource s_rally_39067f1d_tmMSTTy9. Status changed: UPLOADING => AVAILABLE in 50.7838888168
2019-08-04 19:51:07.032 2784 INFO rally.task.runner [-] Task 7f08bf2b-c87c-4e00-b088-661313d3c5b3 | ITER: 3 END: OK
2019-08-04 19:51:07.038 2784 INFO rally.task.runner [-] Task 7f08bf2b-c87c-4e00-b088-661313d3c5b3 | ITER: 5 START
2019-08-04 19:51:07.634 2783 RALLYDEBUG rally.task.utils [-] Waiting for resource s_rally_39067f1d_sTmHZHke. Status changed: UPLOADING => AVAILABLE in 51.843239069
2019-08-04 19:51:07.887 2782 RALLYDEBUG rally.task.utils [-] Waiting for resource s_rally_39067f1d_V87KAMHC. Status changed: UPLOADING => AVAILABLE in 51.96950984
2019-08-04 19:51:08.614 2783 RALLYDEBUG rally.task.utils [-] Waiting for resource s_rally_39067f1d_sTmHZHke. Status changed: AVAILABLE => DELETING in 0.353064060211
2019-08-04 19:51:08.640 2782 RALLYDEBUG rally.task.utils [-] Waiting for resource s_rally_39067f1d_V87KAMHC. Status changed: AVAILABLE => DELETING in 0.318828105927
2019-08-04 19:51:09.254 2785 INFO rally.task.runner [-] Task 7f08bf2b-c87c-4e00-b088-661313d3c5b3 | ITER: 4 END: OK
2019-08-04 19:51:09.260 2785 INFO rally.task.runner [-] Task 7f08bf2b-c87c-4e00-b088-661313d3c5b3 | ITER: 6 START
2019-08-04 19:51:11.475 2782 INFO rally.task.runner [-] Task 7f08bf2b-c87c-4e00-b088-661313d3c5b3 | ITER: 1 END: OK
2019-08-04 19:51:11.484 2782 INFO rally.task.runner [-] Task 7f08bf2b-c87c-4e00-b088-661313d3c5b3 | ITER: 7 START
2019-08-04 19:51:11.511 2783 INFO rally.task.runner [-] Task 7f08bf2b-c87c-4e00-b088-661313d3c5b3 | ITER: 2 END: OK
2019-08-04 19:51:11.517 2783 INFO rally.task.runner [-] Task 7f08bf2b-c87c-4e00-b088-661313d3c5b3 | ITER: 8 START
2019-08-04 19:51:12.867 2784 RALLYDEBUG rally.task.utils [-] Waiting for resource s_rally_39067f1d_6D9ATLKL. Status changed: AVAILABLE => UPLOADING in 0.3130838871
2019-08-04 19:51:14.908 2785 RALLYDEBUG rally.task.utils [-] Waiting for resource s_rally_39067f1d_9LGxyf37. Status changed: AVAILABLE => UPLOADING in 0.355164051056
2019-08-04 19:51:17.096 2783 RALLYDEBUG rally.task.utils [-] Waiting for resource s_rally_39067f1d_tfKZ1nBt. Status changed: AVAILABLE => UPLOADING in 0.240828990936
2019-08-04 19:51:17.199 2782 RALLYDEBUG rally.task.utils [-] Waiting for resource s_rally_39067f1d_ryIBWMzQ. Status changed: AVAILABLE => UPLOADING in 0.343834877014
2019-08-04 19:52:00.336 2784 RALLYDEBUG rally.task.utils [-] Waiting for resource s_rally_39067f1d_6D9ATLKL. Status changed: UPLOADING => AVAILABLE in 47.4695789814
2019-08-04 19:52:01.461 2784 RALLYDEBUG rally.task.utils [-] Waiting for resource s_rally_39067f1d_6D9ATLKL. Status changed: AVAILABLE => DELETING in 0.0553450584412
2019-08-04 19:52:04.470 2785 RALLYDEBUG rally.task.utils [-] Waiting for resource s_rally_39067f1d_9LGxyf37. Status changed: UPLOADING => AVAILABLE in 49.5626978874
2019-08-04 19:52:04.931 2784 INFO rally.task.runner [-] Task 7f08bf2b-c87c-4e00-b088-661313d3c5b3 | ITER: 5 END: OK
2019-08-04 19:52:04.935 2784 INFO rally.task.runner [-] Task 7f08bf2b-c87c-4e00-b088-661313d3c5b3 | ITER: 9 START
2019-08-04 19:52:05.580 2785 RALLYDEBUG rally.task.utils [-] Waiting for resource s_rally_39067f1d_9LGxyf37. Status changed: AVAILABLE => DELETING in 0.0565190315247
2019-08-04 19:52:06.661 2783 RALLYDEBUG rally.task.utils [-] Waiting for resource s_rally_39067f1d_tfKZ1nBt. Status changed: UPLOADING => AVAILABLE in 49.5644900799
2019-08-04 19:52:07.050 2782 RALLYDEBUG rally.task.utils [-] Waiting for resource s_rally_39067f1d_ryIBWMzQ. Status changed: UPLOADING => AVAILABLE in 49.8509209156
2019-08-04 19:52:08.077 2782 RALLYDEBUG rally.task.utils [-] Waiting for resource s_rally_39067f1d_ryIBWMzQ. Status changed: AVAILABLE => DELETING in 0.0616419315338
2019-08-04 19:52:09.182 2783 INFO rally.task.runner [-] Task 7f08bf2b-c87c-4e00-b088-661313d3c5b3 | ITER: 8 END: OK
2019-08-04 19:52:09.187 2783 INFO rally.task.runner [-] Task 7f08bf2b-c87c-4e00-b088-661313d3c5b3 | ITER: 10 START
2019-08-04 19:52:09.200 2785 INFO rally.task.runner [-] Task 7f08bf2b-c87c-4e00-b088-661313d3c5b3 | ITER: 6 END: OK
2019-08-04 19:52:10.619 2784 RALLYDEBUG rally.task.utils [-] Waiting for resource s_rally_39067f1d_UzB3bExs. Status changed: AVAILABLE => UPLOADING in 0.344645023346
2019-08-04 19:52:11.464 2782 INFO rally.task.runner [-] Task 7f08bf2b-c87c-4e00-b088-661313d3c5b3 | ITER: 7 END: OK
2019-08-04 19:52:14.618 2783 RALLYDEBUG rally.task.utils [-] Waiting for resource s_rally_39067f1d_0SJ4t0yx. Status changed: AVAILABLE => UPLOADING in 0.353087186813
2019-08-04 19:52:40.220 2784 RALLYDEBUG rally.task.utils [-] Waiting for resource s_rally_39067f1d_UzB3bExs. Status changed: UPLOADING => AVAILABLE in 29.6017920971
2019-08-04 19:52:41.883 2784 RALLYDEBUG rally.task.utils [-] Waiting for resource s_rally_39067f1d_UzB3bExs. Status changed: AVAILABLE => DELETING in 0.346648931503
2019-08-04 19:52:44.240 2783 RALLYDEBUG rally.task.utils [-] Waiting for resource s_rally_39067f1d_0SJ4t0yx. Status changed: UPLOADING => AVAILABLE in 29.622194767
2019-08-04 19:52:44.888 2784 INFO rally.task.runner [-] Task 7f08bf2b-c87c-4e00-b088-661313d3c5b3 | ITER: 9 END: OK
2019-08-04 19:52:45.936 2783 INFO rally.task.runner [-] Task 7f08bf2b-c87c-4e00-b088-661313d3c5b3 | ITER: 10 END: OK
2019-08-04 19:52:45.965 1842 INFO rally.task.context [-] Task 7f08bf2b-c87c-4e00-b088-661313d3c5b3 | Context cleanup@openstack cleanup() started
2019-08-04 19:52:45.967 1842 RALLYDEBUG rally_openstack.cleanup.manager [-] Cleaning up cinder backups objects
2019-08-04 19:52:48.245 1842 RALLYDEBUG rally_openstack.cleanup.manager [-] Cleaning up cinder volume_snapshots objects
2019-08-04 19:52:50.414 1842 RALLYDEBUG rally_openstack.cleanup.manager [-] Cleaning up cinder transfers objects
2019-08-04 19:52:52.621 1842 RALLYDEBUG rally_openstack.cleanup.manager [-] Cleaning up cinder volumes objects
2019-08-04 19:52:55.030 1842 RALLYDEBUG rally_openstack.cleanup.manager [-] Cleaning up glance images objects
2019-08-04 19:52:58.350 1842 INFO rally.task.context [-] Task 7f08bf2b-c87c-4e00-b088-661313d3c5b3 | Context cleanup@openstack cleanup() finished in 12.39 sec
2019-08-04 19:52:58.351 1842 INFO rally.task.context [-] Task 7f08bf2b-c87c-4e00-b088-661313d3c5b3 | Context quotas@openstack cleanup() started
2019-08-04 19:52:59.329 1842 INFO rally.task.context [-] Task 7f08bf2b-c87c-4e00-b088-661313d3c5b3 | Context quotas@openstack cleanup() finished in 0.98 sec
2019-08-04 19:52:59.329 1842 INFO rally.task.context [-] Task 7f08bf2b-c87c-4e00-b088-661313d3c5b3 | Context api_versions@openstack cleanup() started
2019-08-04 19:52:59.330 1842 INFO rally.task.context [-] Task 7f08bf2b-c87c-4e00-b088-661313d3c5b3 | Context api_versions@openstack cleanup() finished in 0.31 msec
2019-08-04 19:52:59.330 1842 INFO rally.task.context [-] Task 7f08bf2b-c87c-4e00-b088-661313d3c5b3 | Context users@openstack cleanup() started
2019-08-04 19:53:07.583 1842 INFO rally.task.context [-] Task 7f08bf2b-c87c-4e00-b088-661313d3c5b3 | Context users@openstack cleanup() finished in 8.25 sec
2019-08-04 19:53:07.730 1842 INFO rally.task.engine [-] Load duration is: 155.104207
2019-08-04 19:53:07.730 1842 INFO rally.task.engine [-] Full runner duration is: 156.027367
2019-08-04 19:53:07.730 1842 INFO rally.task.engine [-] Full duration is: 184.575226
2019-08-04 19:53:08.035 1842 INFO rally.task.engine [-] Running workload: position = 0 config = { "version": 2, "title": "A cropped version of a bigger task.", "description": "Auto-generated task from a single workload (uuid=55f9a808-dd7f-4e03-b1c0-29ea91d2d7f6)", "subtasks": [ { "title": "CinderVolumes.create_nested_snapshots_and_attach_volume", "description": "Create a volume from snapshot and attach/detach the volume", "scenario": { "CinderVolumes.create_nested_snapshots_and_attach_volume": { "flavor": { "name": "rally_full-flavor_5cf075fc-280f-4792-8828-5c56820c6042" }, "image": { "name": "rally_full-img_5cf075fc-280f-4792-8828-5c56820c6042" }, "nested_level": 1, "size": { "max": 1, "min": 1 }, "create_vm_params": { "nics": [ { "net-id": "a8915df5-4407-4981-85cc-71ee43e85e75" } ] } } }, "contexts": { "users": { "tenants": 3, "users_per_tenant": 2 }, "quotas": { "cinder": { "gigabytes": -1, "snapshots": -1, "volumes": -1 } }, "api_versions": { "cinder": { "version": 3, "service_type": "volumev3" } } }, "runner": { "constant": { "concurrency": 4, "times": 10 } }, "hooks": [], "sla": { "failure_rate": { "max": 0 } } } ] }
2019-08-04 19:53:08.060 1842 RALLYDEBUG rally_openstack.contexts.keystone.users [-] Creating 3 tenants using 20 threads
2019-08-04 19:53:09.960 1842 RALLYDEBUG rally_openstack.contexts.keystone.users [-] Creating 6 users using 20 threads
2019-08-04 19:53:12.729 1842 INFO rally.task.context [-] Task 7f08bf2b-c87c-4e00-b088-661313d3c5b3 | Context users@openstack setup() finished in 4.67 sec
2019-08-04 19:53:13.160 1842 INFO rally.task.context [-] Task 7f08bf2b-c87c-4e00-b088-661313d3c5b3 | Context api_versions@openstack setup() finished in 0.43 sec
2019-08-04 19:53:14.841 1842 INFO rally.task.context [-] Task 7f08bf2b-c87c-4e00-b088-661313d3c5b3 | Context quotas@openstack setup() finished in 1.68 sec
2019-08-04 19:53:14.841 1842 INFO rally.task.context [-] Task 7f08bf2b-c87c-4e00-b088-661313d3c5b3 | Context cleanup@openstack setup() finished in 0.00 msec
2019-08-04 19:53:16.338 1842 DEBUG novaclient.v2.client [-] REQ: curl -g -i -X GET http://172.30.9.22:8774/v2.1/flavors/detail -H "Accept: application/json" -H "User-Agent: python-novaclient" -H "X-Auth-Token: {SHA1}3404bfde6179459d1997e37b4ff565d9be8e6296" _http_log_request /usr/lib/python2.7/site-packages/keystoneauth1/session.py:448
2019-08-04 19:53:16.646 1842 DEBUG novaclient.v2.client [-] RESP: [200] Content-Encoding: gzip Content-Length: 366 Content-Type: application/json Date: Sun, 04 Aug 2019 19:53:16 GMT OpenStack-API-Version: compute 2.1 Server: Apache Vary: OpenStack-API-Version,X-OpenStack-Nova-API-Version,Accept-Encoding X-OpenStack-Nova-API-Version: 2.1 x-compute-request-id: req-7c26cf9f-3836-4d24-bc6a-cfa2c86ffa32 x-openstack-request-id: req-7c26cf9f-3836-4d24-bc6a-cfa2c86ffa32 _http_log_response /usr/lib/python2.7/site-packages/keystoneauth1/session.py:479
2019-08-04 19:53:16.646 1842 DEBUG novaclient.v2.client [-] RESP BODY: {"flavors": [{"name": "rally_full-flavor_alt_5cf075fc-280f-4792-8828-5c56820c6042", "links": [{"href": "http://172.30.9.22:8774/v2.1/flavors/5c68327f-3356-4716-97d6-fd0a4cf8b0e3", "rel": "self"}, {"href": "http://172.30.9.22:8774/flavors/5c68327f-3356-4716-97d6-fd0a4cf8b0e3", "rel": "bookmark"}], "ram": 1024, "OS-FLV-DISABLED:disabled": false, "vcpus": 1, "swap": "", "os-flavor-access:is_public": true, "rxtx_factor": 1.0, "OS-FLV-EXT-DATA:ephemeral": 0, "disk": 1, "id": "5c68327f-3356-4716-97d6-fd0a4cf8b0e3"}, {"name": "rally_full-flavor_5cf075fc-280f-4792-8828-5c56820c6042", "links": [{"href": "http://172.30.9.22:8774/v2.1/flavors/b0797e50-2d9c-4460-bdcc-c7c2bf345372", "rel": "self"}, {"href": "http://172.30.9.22:8774/flavors/b0797e50-2d9c-4460-bdcc-c7c2bf345372", "rel": "bookmark"}], "ram": 512, "OS-FLV-DISABLED:disabled": false, "vcpus": 1, "swap": "", "os-flavor-access:is_public": true, "rxtx_factor": 1.0, "OS-FLV-EXT-DATA:ephemeral": 0, "disk": 1, "id": "b0797e50-2d9c-4460-bdcc-c7c2bf345372"}]} _http_log_response /usr/lib/python2.7/site-packages/keystoneauth1/session.py:511
2019-08-04 19:53:16.647 1842 DEBUG novaclient.v2.client [-] GET call to compute for http://172.30.9.22:8774/v2.1/flavors/detail used request id req-7c26cf9f-3836-4d24-bc6a-cfa2c86ffa32 request /usr/lib/python2.7/site-packages/keystoneauth1/session.py:844
2019-08-04 19:53:16.648 1842 RALLYDEBUG rally.task.runner [-] Starting the constant runner (task UUID: 7f08bf2b-c87c-4e00-b088-661313d3c5b3). timeout: 0 concurrency: 4 concurrency_per_worker: 1 times: 10 concurrency_overhead: 0 processes_to_start: 4 max_cpu_used: 16
2019-08-04 19:53:16.661 2986 RALLYDEBUG rally.task.runner [-] Starting a worker. concurrency: 1 args: {"flavor": "b0797e50-2d9c-4460-bdcc-c7c2bf345372", "image": "113d9023-0c9c-4f2e-8536-7dcf8d276cd0", "nested_level": 1, "size": {"max": 1, "min": 1}, "create_vm_params": {"nics": [{"net-id": "a8915df5-4407-4981-85cc-71ee43e85e75"}]}} times: 10 method_name: run timeout: 0 duration: None cls:
2019-08-04 19:53:16.663 2987 RALLYDEBUG rally.task.runner [-] Starting a worker. concurrency: 1 args: {"flavor": "b0797e50-2d9c-4460-bdcc-c7c2bf345372", "image": "113d9023-0c9c-4f2e-8536-7dcf8d276cd0", "nested_level": 1, "size": {"max": 1, "min": 1}, "create_vm_params": {"nics": [{"net-id": "a8915df5-4407-4981-85cc-71ee43e85e75"}]}} times: 10 method_name: run timeout: 0 duration: None cls:
2019-08-04 19:53:16.666 2988 RALLYDEBUG rally.task.runner [-] Starting a worker. concurrency: 1 args: {"flavor": "b0797e50-2d9c-4460-bdcc-c7c2bf345372", "image": "113d9023-0c9c-4f2e-8536-7dcf8d276cd0", "nested_level": 1, "size": {"max": 1, "min": 1}, "create_vm_params": {"nics": [{"net-id": "a8915df5-4407-4981-85cc-71ee43e85e75"}]}} times: 10 method_name: run timeout: 0 duration: None cls:
2019-08-04 19:53:16.669 2986 INFO rally.task.runner [-] Task 7f08bf2b-c87c-4e00-b088-661313d3c5b3 | ITER: 1 START
2019-08-04 19:53:16.669 2989 RALLYDEBUG rally.task.runner [-] Starting a worker. concurrency: 1 args: {"flavor": "b0797e50-2d9c-4460-bdcc-c7c2bf345372", "image": "113d9023-0c9c-4f2e-8536-7dcf8d276cd0", "nested_level": 1, "size": {"max": 1, "min": 1}, "create_vm_params": {"nics": [{"net-id": "a8915df5-4407-4981-85cc-71ee43e85e75"}]}} times: 10 method_name: run timeout: 0 duration: None cls:
2019-08-04 19:53:16.671 2987 INFO rally.task.runner [-] Task 7f08bf2b-c87c-4e00-b088-661313d3c5b3 | ITER: 2 START
2019-08-04 19:53:16.675 2988 INFO rally.task.runner [-] Task 7f08bf2b-c87c-4e00-b088-661313d3c5b3 | ITER: 3 START
2019-08-04 19:53:16.680 2989 INFO rally.task.runner [-] Task 7f08bf2b-c87c-4e00-b088-661313d3c5b3 | ITER: 4 START
2019-08-04 19:53:17.107 2987 DEBUG novaclient.v2.client [-] REQ: curl -g -i -X POST http://172.30.9.22:8774/v2.1/servers -H "Accept: application/json" -H "Content-Type: application/json" -H "User-Agent: python-novaclient" -H "X-Auth-Token: {SHA1}9e0e2d9b0717f9fc7860c2d2e5f6d71b7e40df20" -d '{"server": {"name": "s_rally_55f9a808_9oouMjag", "imageRef": "113d9023-0c9c-4f2e-8536-7dcf8d276cd0", "flavorRef": "b0797e50-2d9c-4460-bdcc-c7c2bf345372", "max_count": 1, "min_count": 1, "networks": [{"uuid": "a8915df5-4407-4981-85cc-71ee43e85e75"}]}}' _http_log_request /usr/lib/python2.7/site-packages/keystoneauth1/session.py:448
2019-08-04 19:53:17.111 2986 DEBUG novaclient.v2.client [-] REQ: curl -g -i -X POST http://172.30.9.22:8774/v2.1/servers -H "Accept: application/json" -H "Content-Type: application/json" -H "User-Agent: python-novaclient" -H "X-Auth-Token: {SHA1}177bb949ff4411e1d8aaec4fc5e09386adae5da9" -d '{"server": {"name": "s_rally_55f9a808_mIwwXIok", "imageRef": "113d9023-0c9c-4f2e-8536-7dcf8d276cd0", "flavorRef": "b0797e50-2d9c-4460-bdcc-c7c2bf345372", "max_count": 1, "min_count": 1, "networks": [{"uuid": "a8915df5-4407-4981-85cc-71ee43e85e75"}]}}' _http_log_request /usr/lib/python2.7/site-packages/keystoneauth1/session.py:448
2019-08-04 19:53:17.113 2989 DEBUG novaclient.v2.client [-] REQ: curl -g -i -X POST http://172.30.9.22:8774/v2.1/servers -H "Accept: application/json" -H "Content-Type: application/json" -H "User-Agent: python-novaclient" -H "X-Auth-Token: {SHA1}293d87f7b533c70649f2c6b32c149896c8896383" -d '{"server": {"name": "s_rally_55f9a808_4JH1X021", "imageRef": "113d9023-0c9c-4f2e-8536-7dcf8d276cd0", "flavorRef": "b0797e50-2d9c-4460-bdcc-c7c2bf345372", "max_count": 1, "min_count": 1, "networks": [{"uuid": "a8915df5-4407-4981-85cc-71ee43e85e75"}]}}' _http_log_request /usr/lib/python2.7/site-packages/keystoneauth1/session.py:448
2019-08-04 19:53:17.212 2988 DEBUG novaclient.v2.client [-] REQ: curl -g -i -X POST http://172.30.9.22:8774/v2.1/servers -H "Accept: application/json" -H "Content-Type: application/json" -H "User-Agent: python-novaclient" -H "X-Auth-Token: {SHA1}76b6c6136698c34dd93f37d92c04c2b26991882d" -d '{"server": {"name": "s_rally_55f9a808_PkKDavrC", "imageRef": "113d9023-0c9c-4f2e-8536-7dcf8d276cd0", "flavorRef": "b0797e50-2d9c-4460-bdcc-c7c2bf345372", "max_count": 1, "min_count": 1, "networks": [{"uuid": "a8915df5-4407-4981-85cc-71ee43e85e75"}]}}' _http_log_request /usr/lib/python2.7/site-packages/keystoneauth1/session.py:448
2019-08-04 19:53:20.429 2986 DEBUG novaclient.v2.client [-] RESP: [202] Content-Length: 374 Content-Type: application/json Date: Sun, 04 Aug 2019 19:53:17 GMT OpenStack-API-Version: compute 2.1 Server: Apache Vary: OpenStack-API-Version,X-OpenStack-Nova-API-Version X-OpenStack-Nova-API-Version: 2.1 location: http://172.30.9.22:8774/v2.1/servers/33167429-2d85-445f-9197-9d2825deb6a1 x-compute-request-id: req-5f987b1d-0873-4844-8f29-9fd193d7fbf7 x-openstack-request-id: req-5f987b1d-0873-4844-8f29-9fd193d7fbf7 _http_log_response /usr/lib/python2.7/site-packages/keystoneauth1/session.py:479
2019-08-04 19:53:20.429 2986 DEBUG novaclient.v2.client [-] RESP BODY: {"server": {"security_groups": [{"name": "default"}], "OS-DCF:diskConfig": "MANUAL", "id": "33167429-2d85-445f-9197-9d2825deb6a1", "links": [{"href": "http://172.30.9.22:8774/v2.1/servers/33167429-2d85-445f-9197-9d2825deb6a1", "rel": "self"}, {"href": "http://172.30.9.22:8774/servers/33167429-2d85-445f-9197-9d2825deb6a1", "rel": "bookmark"}], "adminPass": "4CM3zRNWqSYJ"}} _http_log_response /usr/lib/python2.7/site-packages/keystoneauth1/session.py:511
2019-08-04 19:53:20.430 2986 DEBUG novaclient.v2.client [-] POST call to compute for http://172.30.9.22:8774/v2.1/servers used request id req-5f987b1d-0873-4844-8f29-9fd193d7fbf7 request /usr/lib/python2.7/site-packages/keystoneauth1/session.py:844
2019-08-04 19:53:20.620 2989 DEBUG novaclient.v2.client [-] RESP: [202] Content-Length: 374 Content-Type: application/json Date: Sun, 04 Aug 2019 19:53:17 GMT OpenStack-API-Version: compute 2.1 Server: Apache Vary: OpenStack-API-Version,X-OpenStack-Nova-API-Version X-OpenStack-Nova-API-Version: 2.1 location: http://172.30.9.22:8774/v2.1/servers/863711b8-48db-41f9-b159-1a833656871e x-compute-request-id: req-881820a5-4a40-42f5-8a55-da24775377ea x-openstack-request-id: req-881820a5-4a40-42f5-8a55-da24775377ea _http_log_response /usr/lib/python2.7/site-packages/keystoneauth1/session.py:479
2019-08-04 19:53:20.621 2989 DEBUG novaclient.v2.client [-] RESP BODY: {"server": {"security_groups": [{"name": "default"}], "OS-DCF:diskConfig": "MANUAL", "id": "863711b8-48db-41f9-b159-1a833656871e", "links": [{"href": "http://172.30.9.22:8774/v2.1/servers/863711b8-48db-41f9-b159-1a833656871e", "rel": "self"}, {"href": "http://172.30.9.22:8774/servers/863711b8-48db-41f9-b159-1a833656871e", "rel": "bookmark"}], "adminPass": "xmeNo2BTKqUG"}} _http_log_response /usr/lib/python2.7/site-packages/keystoneauth1/session.py:511
2019-08-04 19:53:20.621 2989 DEBUG novaclient.v2.client [-] POST call to compute for http://172.30.9.22:8774/v2.1/servers used request id req-881820a5-4a40-42f5-8a55-da24775377ea request /usr/lib/python2.7/site-packages/keystoneauth1/session.py:844
2019-08-04 19:53:20.632 2987 DEBUG novaclient.v2.client [-] RESP: [202] Content-Length: 374 Content-Type: application/json Date: Sun, 04 Aug 2019 19:53:17 GMT OpenStack-API-Version: compute 2.1 Server: Apache Vary: OpenStack-API-Version,X-OpenStack-Nova-API-Version X-OpenStack-Nova-API-Version: 2.1 location: http://172.30.9.22:8774/v2.1/servers/b06f4ca4-fde6-45c1-a112-4306e55301d4 x-compute-request-id: req-1b9d12c6-b7bd-4b5b-b593-da20a4af51fa x-openstack-request-id: req-1b9d12c6-b7bd-4b5b-b593-da20a4af51fa _http_log_response /usr/lib/python2.7/site-packages/keystoneauth1/session.py:479
2019-08-04 19:53:20.632 2987 DEBUG novaclient.v2.client [-] RESP BODY: {"server": {"security_groups": [{"name": "default"}], "OS-DCF:diskConfig": "MANUAL", "id": "b06f4ca4-fde6-45c1-a112-4306e55301d4", "links": [{"href": "http://172.30.9.22:8774/v2.1/servers/b06f4ca4-fde6-45c1-a112-4306e55301d4", "rel": "self"}, {"href": "http://172.30.9.22:8774/servers/b06f4ca4-fde6-45c1-a112-4306e55301d4", "rel": "bookmark"}], "adminPass": "At5HCcHwVuz4"}} _http_log_response /usr/lib/python2.7/site-packages/keystoneauth1/session.py:511
2019-08-04 19:53:20.633 2987 DEBUG novaclient.v2.client [-] POST call to compute for http://172.30.9.22:8774/v2.1/servers used request id req-1b9d12c6-b7bd-4b5b-b593-da20a4af51fa request /usr/lib/python2.7/site-packages/keystoneauth1/session.py:844
2019-08-04 19:53:21.111 2988 DEBUG novaclient.v2.client [-] RESP: [202] Content-Length: 374 Content-Type: application/json Date: Sun, 04 Aug 2019 19:53:17 GMT OpenStack-API-Version: compute 2.1 Server: Apache Vary: OpenStack-API-Version,X-OpenStack-Nova-API-Version X-OpenStack-Nova-API-Version: 2.1 location: http://172.30.9.22:8774/v2.1/servers/abda6bc2-47f1-44ce-b393-b6df29cd2102 x-compute-request-id: req-1d135f8b-1b93-436d-93dc-2999f0bb29a5 x-openstack-request-id: req-1d135f8b-1b93-436d-93dc-2999f0bb29a5 _http_log_response /usr/lib/python2.7/site-packages/keystoneauth1/session.py:479
2019-08-04 19:53:21.112 2988 DEBUG novaclient.v2.client [-] RESP BODY: {"server": {"security_groups": [{"name": "default"}], "OS-DCF:diskConfig": "MANUAL", "id": "abda6bc2-47f1-44ce-b393-b6df29cd2102", "links": [{"href": "http://172.30.9.22:8774/v2.1/servers/abda6bc2-47f1-44ce-b393-b6df29cd2102", "rel": "self"}, {"href": "http://172.30.9.22:8774/servers/abda6bc2-47f1-44ce-b393-b6df29cd2102", "rel": "bookmark"}], "adminPass": "vBmvxtSx7dZU"}} _http_log_response /usr/lib/python2.7/site-packages/keystoneauth1/session.py:511
2019-08-04 19:53:21.112 2988 DEBUG novaclient.v2.client [-] POST call to compute for http://172.30.9.22:8774/v2.1/servers used request id req-1d135f8b-1b93-436d-93dc-2999f0bb29a5 request /usr/lib/python2.7/site-packages/keystoneauth1/session.py:844
2019-08-04 19:53:21.433 2986 DEBUG novaclient.v2.client [-] REQ: curl -g -i -X GET http://172.30.9.22:8774/v2.1/servers/33167429-2d85-445f-9197-9d2825deb6a1 -H "Accept: application/json" -H "User-Agent: python-novaclient" -H "X-Auth-Token: {SHA1}177bb949ff4411e1d8aaec4fc5e09386adae5da9" _http_log_request /usr/lib/python2.7/site-packages/keystoneauth1/session.py:448
2019-08-04 19:53:21.625 2989 DEBUG novaclient.v2.client [-] REQ: curl -g -i -X GET http://172.30.9.22:8774/v2.1/servers/863711b8-48db-41f9-b159-1a833656871e -H "Accept: application/json" -H "User-Agent: python-novaclient" -H "X-Auth-Token: {SHA1}293d87f7b533c70649f2c6b32c149896c8896383" _http_log_request /usr/lib/python2.7/site-packages/keystoneauth1/session.py:448
2019-08-04 19:53:21.636 2987 DEBUG novaclient.v2.client [-] REQ: curl -g -i -X GET http://172.30.9.22:8774/v2.1/servers/b06f4ca4-fde6-45c1-a112-4306e55301d4 -H "Accept: application/json" -H "User-Agent: python-novaclient" -H "X-Auth-Token: {SHA1}9e0e2d9b0717f9fc7860c2d2e5f6d71b7e40df20" _http_log_request /usr/lib/python2.7/site-packages/keystoneauth1/session.py:448
2019-08-04 19:53:21.997 2986 DEBUG novaclient.v2.client [-] RESP: [200] Content-Encoding: gzip Content-Length: 588 Content-Type: application/json Date: Sun, 04 Aug 2019 19:53:21 GMT OpenStack-API-Version: compute 2.1 Server: Apache Vary: OpenStack-API-Version,X-OpenStack-Nova-API-Version,Accept-Encoding X-OpenStack-Nova-API-Version: 2.1 x-compute-request-id: req-5c81c60b-cb4f-48ea-98c5-88f9efb660d6 x-openstack-request-id: req-5c81c60b-cb4f-48ea-98c5-88f9efb660d6 _http_log_response /usr/lib/python2.7/site-packages/keystoneauth1/session.py:479
