2019-08-04 19:58:54.161 1842 INFO rally.task.engine [-] Running workload: position = 1 config = { "version": 2, "title": "A cropped version of a bigger task.", "description": "Auto-generated task from a single workload (uuid=81d7768d-2de7-40f1-9813-c3d9ba885edd)", "subtasks": [ { "title": "CinderVolumes.create_volume", "description": "Create a volume.", "scenario": { "CinderVolumes.create_volume": { "size": { "min": 1, "max": 1 } } }, "contexts": { "users": { "tenants": 3, "users_per_tenant": 2 }, "quotas": { "cinder": { "gigabytes": -1, "snapshots": -1, "volumes": -1 } }, "api_versions": { "cinder": { "version": 3, "service_type": "volumev3" } } }, "runner": { "constant": { "concurrency": 4, "times": 10 } }, "hooks": [], "sla": { "failure_rate": { "max": 0 } } } ] }
2019-08-04 19:58:54.182 1842 RALLYDEBUG rally_openstack.contexts.keystone.users [-] Creating 3 tenants using 20 threads
2019-08-04 19:58:56.056 1842 RALLYDEBUG rally_openstack.contexts.keystone.users [-] Creating 6 users using 20 threads
2019-08-04 19:58:58.853 1842 INFO rally.task.context [-] Task 7f08bf2b-c87c-4e00-b088-661313d3c5b3 | Context users@openstack setup() finished in 4.67 sec
2019-08-04 19:58:59.291 1842 INFO rally.task.context [-] Task 7f08bf2b-c87c-4e00-b088-661313d3c5b3 | Context api_versions@openstack setup() finished in 0.44 sec
2019-08-04 19:59:01.019 1842 INFO rally.task.context [-] Task 7f08bf2b-c87c-4e00-b088-661313d3c5b3 | Context quotas@openstack setup() finished in 1.73 sec
2019-08-04 19:59:01.020 1842 INFO rally.task.context [-] Task 7f08bf2b-c87c-4e00-b088-661313d3c5b3 | Context cleanup@openstack setup() finished in 0.01 msec
2019-08-04 19:59:01.028 1842 RALLYDEBUG rally.task.runner [-] Starting the constant runner (task UUID: 7f08bf2b-c87c-4e00-b088-661313d3c5b3). timeout: 0 concurrency: 4 concurrency_per_worker: 1 times: 10 concurrency_overhead: 0 processes_to_start: 4 max_cpu_used: 16
2019-08-04 19:59:01.040 3658 RALLYDEBUG rally.task.runner [-] Starting a worker. concurrency: 1 args: {"size": {"min": 1, "max": 1}} times: 10 method_name: run timeout: 0 duration: None cls:
2019-08-04 19:59:01.043 3659 RALLYDEBUG rally.task.runner [-] Starting a worker. concurrency: 1 args: {"size": {"min": 1, "max": 1}} times: 10 method_name: run timeout: 0 duration: None cls:
2019-08-04 19:59:01.047 3658 INFO rally.task.runner [-] Task 7f08bf2b-c87c-4e00-b088-661313d3c5b3 | ITER: 1 START
2019-08-04 19:59:01.046 3660 RALLYDEBUG rally.task.runner [-] Starting a worker. concurrency: 1 args: {"size": {"min": 1, "max": 1}} times: 10 method_name: run timeout: 0 duration: None cls:
2019-08-04 19:59:01.049 3661 RALLYDEBUG rally.task.runner [-] Starting a worker. concurrency: 1 args: {"size": {"min": 1, "max": 1}} times: 10 method_name: run timeout: 0 duration: None cls:
2019-08-04 19:59:01.051 3659 INFO rally.task.runner [-] Task 7f08bf2b-c87c-4e00-b088-661313d3c5b3 | ITER: 2 START
2019-08-04 19:59:01.055 3660 INFO rally.task.runner [-] Task 7f08bf2b-c87c-4e00-b088-661313d3c5b3 | ITER: 3 START
2019-08-04 19:59:01.056 3661 INFO rally.task.runner [-] Task 7f08bf2b-c87c-4e00-b088-661313d3c5b3 | ITER: 4 START
2019-08-04 19:59:04.597 3660 INFO rally.task.runner [-] Task 7f08bf2b-c87c-4e00-b088-661313d3c5b3 | ITER: 3 END: OK
2019-08-04 19:59:04.603 3660 INFO rally.task.runner [-] Task 7f08bf2b-c87c-4e00-b088-661313d3c5b3 | ITER: 5 START
2019-08-04 19:59:04.809 3661 INFO rally.task.runner [-] Task 7f08bf2b-c87c-4e00-b088-661313d3c5b3 | ITER: 4 END: OK
2019-08-04 19:59:04.814 3661 INFO rally.task.runner [-] Task 7f08bf2b-c87c-4e00-b088-661313d3c5b3 | ITER: 6 START
2019-08-04 19:59:04.824 3658 INFO rally.task.runner [-] Task 7f08bf2b-c87c-4e00-b088-661313d3c5b3 | ITER: 1 END: OK
2019-08-04 19:59:04.830 3658 INFO rally.task.runner [-] Task 7f08bf2b-c87c-4e00-b088-661313d3c5b3 | ITER: 7 START
2019-08-04 19:59:04.885 3659 INFO rally.task.runner [-] Task 7f08bf2b-c87c-4e00-b088-661313d3c5b3 | ITER: 2 END: OK
2019-08-04 19:59:04.891 3659 INFO rally.task.runner [-] Task 7f08bf2b-c87c-4e00-b088-661313d3c5b3 | ITER: 8 START
2019-08-04 19:59:08.081 3658 INFO rally.task.runner [-] Task 7f08bf2b-c87c-4e00-b088-661313d3c5b3 | ITER: 7 END: OK
2019-08-04 19:59:08.086 3658 INFO rally.task.runner [-] Task 7f08bf2b-c87c-4e00-b088-661313d3c5b3 | ITER: 9 START
2019-08-04 19:59:08.158 3660 INFO rally.task.runner [-] Task 7f08bf2b-c87c-4e00-b088-661313d3c5b3 | ITER: 5 END: OK
2019-08-04 19:59:08.163 3660 INFO rally.task.runner [-] Task 7f08bf2b-c87c-4e00-b088-661313d3c5b3 | ITER: 10 START
2019-08-04 19:59:08.517 3661 INFO rally.task.runner [-] Task 7f08bf2b-c87c-4e00-b088-661313d3c5b3 | ITER: 6 END: OK
2019-08-04 19:59:08.618 3659 INFO rally.task.runner [-] Task 7f08bf2b-c87c-4e00-b088-661313d3c5b3 | ITER: 8 END: OK
2019-08-04 19:59:11.556 3660 INFO rally.task.runner [-] Task 7f08bf2b-c87c-4e00-b088-661313d3c5b3 | ITER: 10 END: OK
2019-08-04 19:59:11.692 3658 INFO rally.task.runner [-] Task 7f08bf2b-c87c-4e00-b088-661313d3c5b3 | ITER: 9 END: OK
2019-08-04 19:59:11.715 1842 INFO rally.task.context [-] Task 7f08bf2b-c87c-4e00-b088-661313d3c5b3 | Context cleanup@openstack cleanup() started
2019-08-04 19:59:11.718 1842 RALLYDEBUG rally_openstack.cleanup.manager [-] Cleaning up cinder backups objects
2019-08-04 19:59:13.955 1842 RALLYDEBUG rally_openstack.cleanup.manager [-] Cleaning up cinder volume_snapshots objects
2019-08-04 19:59:15.899 1842 RALLYDEBUG rally_openstack.cleanup.manager [-] Cleaning up cinder transfers objects
2019-08-04 19:59:17.944 1842 RALLYDEBUG rally_openstack.cleanup.manager [-] Cleaning up cinder volumes objects
2019-08-04 19:59:20.199 1842 RALLYDEBUG rally_openstack.cleanup.manager [-] Deleting cinder.volumes object s_rally_81d7768d_CkDTVlZ1 (09687ce6-445d-4948-b350-e89a21d32491)
2019-08-04 19:59:20.202 1842 RALLYDEBUG rally_openstack.cleanup.manager [-] Deleting cinder.volumes object s_rally_81d7768d_4JIkXOHa (b8064e5c-9683-41a4-b5d5-e02c8e66f6a5)
2019-08-04 19:59:20.212 1842 RALLYDEBUG rally_openstack.cleanup.manager [-] Deleting cinder.volumes object s_rally_81d7768d_MMGumVIk (614174c7-ed9b-41c8-b6ba-ab9899c839e5)
2019-08-04 19:59:20.212 1842 RALLYDEBUG rally_openstack.cleanup.manager [-] Deleting cinder.volumes object s_rally_81d7768d_wNiMkW7w (ff11264d-ecf2-499b-ac6b-29e9beeaff2c)
2019-08-04 19:59:20.213 1842 RALLYDEBUG rally_openstack.cleanup.manager [-] Deleting cinder.volumes object s_rally_81d7768d_s6gQJEJX (b01620ac-625b-464d-8681-15a540c45712)
2019-08-04 19:59:20.216 1842 RALLYDEBUG rally_openstack.cleanup.manager [-] Deleting cinder.volumes object s_rally_81d7768d_khnBCpPh (53b8c757-966e-4d46-8ad6-b6edcb83f9d4)
2019-08-04 19:59:20.218 1842 RALLYDEBUG rally_openstack.cleanup.manager [-] Deleting cinder.volumes object s_rally_81d7768d_RBjpfRC1 (1d43c0c2-dfaa-4939-9982-247c942a26c2)
2019-08-04 19:59:20.221 1842 RALLYDEBUG rally_openstack.cleanup.manager [-] Deleting cinder.volumes object s_rally_81d7768d_MQuU39WC (9c3ca7d0-ff7b-4919-99c3-53d55546909d)
2019-08-04 19:59:20.229 1842 RALLYDEBUG rally_openstack.cleanup.manager [-] Deleting cinder.volumes object s_rally_81d7768d_j4EjQRaj (7bc6c05d-5b09-45d6-ae96-f447fd760fb9)
2019-08-04 19:59:20.231 1842 RALLYDEBUG rally_openstack.cleanup.manager [-] Deleting cinder.volumes object s_rally_81d7768d_UZknBzYc (7e66a164-c4b4-4a4b-92f6-dedbadfdd062)
2019-08-04 19:59:24.233 1842 INFO rally.task.context [-] Task 7f08bf2b-c87c-4e00-b088-661313d3c5b3 | Context cleanup@openstack cleanup() finished in 12.52 sec
2019-08-04 19:59:24.234 1842 INFO rally.task.context [-] Task 7f08bf2b-c87c-4e00-b088-661313d3c5b3 | Context quotas@openstack cleanup() started
2019-08-04 19:59:24.856 1842 INFO rally.task.context [-] Task 7f08bf2b-c87c-4e00-b088-661313d3c5b3 | Context quotas@openstack cleanup() finished in 0.62 sec
2019-08-04 19:59:24.857 1842 INFO rally.task.context [-] Task 7f08bf2b-c87c-4e00-b088-661313d3c5b3 | Context api_versions@openstack cleanup() started
2019-08-04 19:59:24.857 1842 INFO rally.task.context [-] Task 7f08bf2b-c87c-4e00-b088-661313d3c5b3 | Context api_versions@openstack cleanup() finished in 0.34 msec
2019-08-04 19:59:24.858 1842 INFO rally.task.context [-] Task 7f08bf2b-c87c-4e00-b088-661313d3c5b3 | Context users@openstack cleanup() started
2019-08-04 19:59:33.026 1842 INFO rally.task.context [-] Task 7f08bf2b-c87c-4e00-b088-661313d3c5b3 | Context users@openstack cleanup() finished in 8.17 sec
2019-08-04 19:59:34.373 1842 INFO rally.task.engine [-] Load duration is: 10.642897
2019-08-04 19:59:34.374 1842 INFO rally.task.engine [-] Full runner duration is: 10.687374
2019-08-04 19:59:34.374 1842 INFO rally.task.engine [-] Full duration is: 38.84671
2019-08-04 19:59:34.646 1842 INFO rally.task.engine [-] Running workload: position = 0 config = { "version": 2, "title": "A cropped version of a bigger task.", "description": "Auto-generated task from a single workload (uuid=a48867ba-c1ff-476e-9bd8-67bfc8656ed0)", "subtasks": [ { "title": "CinderVolumes.list_volumes", "description": "List all volumes.", "scenario": { "CinderVolumes.list_volumes": { "detailed": true } }, "contexts": { "users": { "tenants": 3, "users_per_tenant": 2 }, "quotas": { "cinder": { "gigabytes": -1, "snapshots": -1, "volumes": -1 } }, "api_versions": { "cinder": { "version": 3, "service_type": "volumev3" } }, "volumes": { "size": 1, "volumes_per_tenant": 4 } }, "runner": { "constant": { "concurrency": 4, "times": 10 } }, "hooks": [], "sla": { "failure_rate": { "max": 0 } } } ] }
2019-08-04 19:59:34.669 1842 RALLYDEBUG rally_openstack.contexts.keystone.users [-] Creating 3 tenants using 20 threads
2019-08-04 19:59:36.669 1842 RALLYDEBUG rally_openstack.contexts.keystone.users [-] Creating 6 users using 20 threads
2019-08-04 19:59:39.618 1842 INFO rally.task.context [-] Task 7f08bf2b-c87c-4e00-b088-661313d3c5b3 | Context users@openstack setup() finished in 4.95 sec
2019-08-04 19:59:40.053 1842 INFO rally.task.context [-] Task 7f08bf2b-c87c-4e00-b088-661313d3c5b3 | Context api_versions@openstack setup() finished in 0.43 sec
2019-08-04 19:59:41.727 1842 INFO rally.task.context [-] Task 7f08bf2b-c87c-4e00-b088-661313d3c5b3 | Context quotas@openstack setup() finished in 1.67 sec
2019-08-04 20:00:20.527 1842 INFO rally.task.context [-] Task 7f08bf2b-c87c-4e00-b088-661313d3c5b3 | Context volumes@openstack setup() finished in 38.80 sec
2019-08-04 20:00:20.536 1842 RALLYDEBUG rally.task.runner [-] Starting the constant runner (task UUID: 7f08bf2b-c87c-4e00-b088-661313d3c5b3). timeout: 0 concurrency: 4 concurrency_per_worker: 1 times: 10 concurrency_overhead: 0 processes_to_start: 4 max_cpu_used: 16
2019-08-04 20:00:20.549 3842 RALLYDEBUG rally.task.runner [-] Starting a worker. concurrency: 1 args: {"detailed": true} times: 10 method_name: run timeout: 0 duration: None cls:
2019-08-04 20:00:20.553 3843 RALLYDEBUG rally.task.runner [-] Starting a worker. concurrency: 1 args: {"detailed": true} times: 10 method_name: run timeout: 0 duration: None cls:
2019-08-04 20:00:20.555 3845 RALLYDEBUG rally.task.runner [-] Starting a worker. concurrency: 1 args: {"detailed": true} times: 10 method_name: run timeout: 0 duration: None cls:
2019-08-04 20:00:20.555 3844 RALLYDEBUG rally.task.runner [-] Starting a worker. concurrency: 1 args: {"detailed": true} times: 10 method_name: run timeout: 0 duration: None cls:
2019-08-04 20:00:20.557 3842 INFO rally.task.runner [-] Task 7f08bf2b-c87c-4e00-b088-661313d3c5b3 | ITER: 1 START
2019-08-04 20:00:20.560 3845 INFO rally.task.runner [-] Task 7f08bf2b-c87c-4e00-b088-661313d3c5b3 | ITER: 3 START
2019-08-04 20:00:20.561 3843 INFO rally.task.runner [-] Task 7f08bf2b-c87c-4e00-b088-661313d3c5b3 | ITER: 2 START
2019-08-04 20:00:20.563 3844 INFO rally.task.runner [-] Task 7f08bf2b-c87c-4e00-b088-661313d3c5b3 | ITER: 4 START
2019-08-04 20:00:21.359 3842 INFO rally.task.runner [-] Task 7f08bf2b-c87c-4e00-b088-661313d3c5b3 | ITER: 1 END: OK
2019-08-04 20:00:21.364 3844 INFO rally.task.runner [-] Task 7f08bf2b-c87c-4e00-b088-661313d3c5b3 | ITER: 4 END: OK
2019-08-04 20:00:21.364 3842 INFO rally.task.runner [-] Task 7f08bf2b-c87c-4e00-b088-661313d3c5b3 | ITER: 5 START
2019-08-04 20:00:21.369 3844 INFO rally.task.runner [-] Task 7f08bf2b-c87c-4e00-b088-661313d3c5b3 | ITER: 6 START
2019-08-04 20:00:21.387 3845 INFO rally.task.runner [-] Task 7f08bf2b-c87c-4e00-b088-661313d3c5b3 | ITER: 3 END: OK
2019-08-04 20:00:21.392 3845 INFO rally.task.runner [-] Task 7f08bf2b-c87c-4e00-b088-661313d3c5b3 | ITER: 7 START
2019-08-04 20:00:21.450 3843 INFO rally.task.runner [-] Task 7f08bf2b-c87c-4e00-b088-661313d3c5b3 | ITER: 2 END: OK
2019-08-04 20:00:21.455 3843 INFO rally.task.runner [-] Task 7f08bf2b-c87c-4e00-b088-661313d3c5b3 | ITER: 8 START
2019-08-04 20:00:22.159 3842 INFO rally.task.runner [-] Task 7f08bf2b-c87c-4e00-b088-661313d3c5b3 | ITER: 5 END: OK
2019-08-04 20:00:22.165 3842 INFO rally.task.runner [-] Task 7f08bf2b-c87c-4e00-b088-661313d3c5b3 | ITER: 9 START
2019-08-04 20:00:22.197 3844 INFO rally.task.runner [-] Task 7f08bf2b-c87c-4e00-b088-661313d3c5b3 | ITER: 6 END: OK
2019-08-04 20:00:22.202 3844 INFO rally.task.runner [-] Task 7f08bf2b-c87c-4e00-b088-661313d3c5b3 | ITER: 10 START
2019-08-04 20:00:22.241 3843 INFO rally.task.runner [-] Task 7f08bf2b-c87c-4e00-b088-661313d3c5b3 | ITER: 8 END: OK
2019-08-04 20:00:22.302 3845 INFO rally.task.runner [-] Task 7f08bf2b-c87c-4e00-b088-661313d3c5b3 | ITER: 7 END: OK
2019-08-04 20:00:22.888 3842 INFO rally.task.runner [-] Task 7f08bf2b-c87c-4e00-b088-661313d3c5b3 | ITER: 9 END: OK
2019-08-04 20:00:23.009 3844 INFO rally.task.runner [-] Task 7f08bf2b-c87c-4e00-b088-661313d3c5b3 | ITER: 10 END: OK
2019-08-04 20:00:23.035 1842 INFO rally.task.context [-] Task 7f08bf2b-c87c-4e00-b088-661313d3c5b3 | Context volumes@openstack cleanup() started
2019-08-04 20:00:23.036 1842 RALLYDEBUG rally_openstack.cleanup.manager [-] Cleaning up cinder volumes objects
2019-08-04 20:00:25.254 1842 RALLYDEBUG rally_openstack.cleanup.manager [-] Deleting cinder.volumes object c_rally_a48867ba_oTVgIZuD (2801c129-7075-42cc-9cf1-8a57e52df024)
2019-08-04 20:00:25.258 1842 RALLYDEBUG rally_openstack.cleanup.manager [-] Deleting cinder.volumes object c_rally_a48867ba_5G48Az9k (bb23ce8c-7420-4a2c-9cc7-87d7adbf98fd)
2019-08-04 20:00:25.259 1842 RALLYDEBUG rally_openstack.cleanup.manager [-] Deleting cinder.volumes object c_rally_a48867ba_CF9Y6eBS (334964e9-52a2-45e7-8f2f-8fe42f22f8c0)
2019-08-04 20:00:25.261 1842 RALLYDEBUG rally_openstack.cleanup.manager [-] Deleting cinder.volumes object c_rally_a48867ba_Z8u7tW2c (e161a728-83b6-4644-8a6a-bbc0931ca040)
2019-08-04 20:00:25.263 1842 RALLYDEBUG rally_openstack.cleanup.manager [-] Deleting cinder.volumes object c_rally_a48867ba_l64oTVGU (1fe220d8-48df-4e41-aced-cedc38d32a66)
2019-08-04 20:00:25.264 1842 RALLYDEBUG rally_openstack.cleanup.manager [-] Deleting cinder.volumes object c_rally_a48867ba_R8vV9Gtb (2db3acfc-b27a-453b-8572-2310ff33fe79)
2019-08-04 20:00:25.266 1842 RALLYDEBUG rally_openstack.cleanup.manager [-] Deleting cinder.volumes object c_rally_a48867ba_i5xIm3o9 (7161c9e8-aca9-4e7e-a438-8fa6379ec4a9)
2019-08-04 20:00:25.266 1842 RALLYDEBUG rally_openstack.cleanup.manager [-] Deleting cinder.volumes object c_rally_a48867ba_PaSKAqVs (b39b66a4-b3f5-439a-a734-907df36a2275)
2019-08-04 20:00:25.272 1842 RALLYDEBUG rally_openstack.cleanup.manager [-] Deleting cinder.volumes object c_rally_a48867ba_5zr9xHYz (411074c9-a80d-4a68-88cb-0b9b7791f89a)
2019-08-04 20:00:25.275 1842 RALLYDEBUG rally_openstack.cleanup.manager [-] Deleting cinder.volumes object c_rally_a48867ba_hFLunrbf (2a0bad10-077c-4b17-853e-55c42bc03aa8)
2019-08-04 20:00:25.286 1842 RALLYDEBUG rally_openstack.cleanup.manager [-] Deleting cinder.volumes object c_rally_a48867ba_s21RILOU (73d08ee5-eb7c-4f03-a223-bf90de3d0b06)
2019-08-04 20:00:25.286 1842 RALLYDEBUG rally_openstack.cleanup.manager [-] Deleting cinder.volumes object c_rally_a48867ba_j9DMGFqV (d8eb26ef-c8c0-4860-906f-a6bea086dc00)
2019-08-04 20:00:30.145 1842 INFO rally.task.context [-] Task 7f08bf2b-c87c-4e00-b088-661313d3c5b3 | Context volumes@openstack cleanup() finished in 7.11 sec
2019-08-04 20:00:30.146 1842 INFO rally.task.context [-] Task 7f08bf2b-c87c-4e00-b088-661313d3c5b3 | Context quotas@openstack cleanup() started
2019-08-04 20:00:31.042 1842 INFO rally.task.context [-] Task 7f08bf2b-c87c-4e00-b088-661313d3c5b3 | Context quotas@openstack cleanup() finished in 0.90 sec
2019-08-04 20:00:31.043 1842 INFO rally.task.context [-] Task 7f08bf2b-c87c-4e00-b088-661313d3c5b3 | Context api_versions@openstack cleanup() started
2019-08-04 20:00:31.043 1842 INFO rally.task.context [-] Task 7f08bf2b-c87c-4e00-b088-661313d3c5b3 | Context api_versions@openstack cleanup() finished in 0.32 msec
2019-08-04 20:00:31.043 1842 INFO rally.task.context [-] Task 7f08bf2b-c87c-4e00-b088-661313d3c5b3 | Context users@openstack cleanup() started
2019-08-04 20:00:39.535 1842 INFO rally.task.context [-] Task 7f08bf2b-c87c-4e00-b088-661313d3c5b3 | Context users@openstack cleanup() finished in 8.49 sec
2019-08-04 20:00:40.960 1842 INFO rally.task.engine [-] Load duration is: 2.447719
2019-08-04 20:00:40.961 1842 INFO rally.task.engine [-] Full runner duration is: 2.500384
2019-08-04 20:00:40.961 1842 INFO rally.task.engine [-] Full duration is: 64.870133
2019-08-04 20:00:41.211 1842 INFO rally.task.engine [-] Running workload: position = 0 config = { "version": 2, "title": "A cropped version of a bigger task.", "description": "Auto-generated task from a single workload (uuid=a58ba999-59d3-4ffa-93ed-a0fac6273867)", "subtasks": [ { "title": "CinderVolumes.create_and_delete_snapshot", "description": "Create and then delete a volume-snapshot.", "scenario": { "CinderVolumes.create_and_delete_snapshot": { "force": false } }, "contexts": { "users": { "tenants": 3, "users_per_tenant": 2 }, "quotas": { "cinder": { "gigabytes": -1, "snapshots": -1, "volumes": -1 } }, "api_versions": { "cinder": { "version": 3, "service_type": "volumev3" } }, "volumes": { "size": 1, "volumes_per_tenant": 1 } }, "runner": { "constant": { "concurrency": 4, "times": 10 } }, "hooks": [], "sla": { "failure_rate": { "max": 0 } } } ] }
2019-08-04 20:00:41.236 1842 RALLYDEBUG rally_openstack.contexts.keystone.users [-] Creating 3 tenants using 20 threads
2019-08-04 20:00:43.164 1842 RALLYDEBUG rally_openstack.contexts.keystone.users [-] Creating 6 users using 20 threads
2019-08-04 20:00:46.181 1842 INFO rally.task.context [-] Task 7f08bf2b-c87c-4e00-b088-661313d3c5b3 | Context users@openstack setup() finished in 4.94 sec
2019-08-04 20:00:46.609 1842 INFO rally.task.context [-] Task 7f08bf2b-c87c-4e00-b088-661313d3c5b3 | Context api_versions@openstack setup() finished in 0.43 sec
2019-08-04 20:00:48.493 1842 INFO rally.task.context [-] Task 7f08bf2b-c87c-4e00-b088-661313d3c5b3 | Context quotas@openstack setup() finished in 1.88 sec
2019-08-04 20:00:59.587 1842 INFO rally.task.context [-] Task 7f08bf2b-c87c-4e00-b088-661313d3c5b3 | Context volumes@openstack setup() finished in 11.09 sec
2019-08-04 20:00:59.588 1842 INFO rally.task.context [-] Task 7f08bf2b-c87c-4e00-b088-661313d3c5b3 | Context cleanup@openstack setup() finished in 0.01 msec
2019-08-04 20:00:59.595 1842 RALLYDEBUG rally.task.runner [-] Starting the constant runner (task UUID: 7f08bf2b-c87c-4e00-b088-661313d3c5b3). timeout: 0 concurrency: 4 concurrency_per_worker: 1 times: 10 concurrency_overhead: 0 processes_to_start: 4 max_cpu_used: 16
2019-08-04 20:00:59.606 3966 RALLYDEBUG rally.task.runner [-] Starting a worker. concurrency: 1 args: {"force": false} times: 10 method_name: run timeout: 0 duration: None cls:
2019-08-04 20:00:59.611 3966 INFO rally.task.runner [-] Task 7f08bf2b-c87c-4e00-b088-661313d3c5b3 | ITER: 1 START
2019-08-04 20:00:59.611 3967 RALLYDEBUG rally.task.runner [-] Starting a worker. concurrency: 1 args: {"force": false} times: 10 method_name: run timeout: 0 duration: None cls:
2019-08-04 20:00:59.612 3968 RALLYDEBUG rally.task.runner [-] Starting a worker. concurrency: 1 args: {"force": false} times: 10 method_name: run timeout: 0 duration: None cls:
2019-08-04 20:00:59.614 3970 RALLYDEBUG rally.task.runner [-] Starting a worker. concurrency: 1 args: {"force": false} times: 10 method_name: run timeout: 0 duration: None cls:
2019-08-04 20:00:59.618 3968 INFO rally.task.runner [-] Task 7f08bf2b-c87c-4e00-b088-661313d3c5b3 | ITER: 3 START
2019-08-04 20:00:59.619 3967 INFO rally.task.runner [-] Task 7f08bf2b-c87c-4e00-b088-661313d3c5b3 | ITER: 2 START
2019-08-04 20:00:59.619 3970 INFO rally.task.runner [-] Task 7f08bf2b-c87c-4e00-b088-661313d3c5b3 | ITER: 4 START
2019-08-04 20:01:03.863 3966 RALLYDEBUG rally.task.utils [-] Waiting for resource s_rally_a58ba999_s0wIdCzY. Status changed: AVAILABLE => DELETING in 0.396748065948
2019-08-04 20:01:03.876 3970 RALLYDEBUG rally.task.utils [-] Waiting for resource s_rally_a58ba999_h1ujF61w. Status changed: AVAILABLE => DELETING in 0.302459001541
2019-08-04 20:01:03.930 3968 RALLYDEBUG rally.task.utils [-] Waiting for resource s_rally_a58ba999_xx67TxND. Status changed: AVAILABLE => DELETING in 0.320420026779
2019-08-04 20:01:04.129 3967 RALLYDEBUG rally.task.utils [-] Waiting for resource s_rally_a58ba999_9B2YdyzY. Status changed: AVAILABLE => DELETING in 0.31081199646
2019-08-04 20:01:05.900 3970 INFO rally.task.runner [-] Task 7f08bf2b-c87c-4e00-b088-661313d3c5b3 | ITER: 4 END: OK
2019-08-04 20:01:05.906 3970 INFO rally.task.runner [-] Task 7f08bf2b-c87c-4e00-b088-661313d3c5b3 | ITER: 5 START
2019-08-04 20:01:05.961 3968 INFO rally.task.runner [-] Task 7f08bf2b-c87c-4e00-b088-661313d3c5b3 | ITER: 3 END: OK
2019-08-04 20:01:05.967 3968 INFO rally.task.runner [-] Task 7f08bf2b-c87c-4e00-b088-661313d3c5b3 | ITER: 6 START
2019-08-04 20:01:06.198 3966 INFO rally.task.runner [-] Task 7f08bf2b-c87c-4e00-b088-661313d3c5b3 | ITER: 1 END: OK
2019-08-04 20:01:06.203 3966 INFO rally.task.runner [-] Task 7f08bf2b-c87c-4e00-b088-661313d3c5b3 | ITER: 7 START
2019-08-04 20:01:06.356 3967 INFO rally.task.runner [-] Task 7f08bf2b-c87c-4e00-b088-661313d3c5b3 | ITER: 2 END: OK
2019-08-04 20:01:06.361 3967 INFO rally.task.runner [-] Task 7f08bf2b-c87c-4e00-b088-661313d3c5b3 | ITER: 8 START
2019-08-04 20:01:09.844 3968 RALLYDEBUG rally.task.utils [-] Waiting for resource s_rally_a58ba999_8ux11b2N. Status changed: AVAILABLE => DELETING in 0.0252261161804
2019-08-04 20:01:10.060 3970 RALLYDEBUG rally.task.utils [-] Waiting for resource s_rally_a58ba999_iwwxro7o. Status changed: AVAILABLE => DELETING in 0.300837039948
2019-08-04 20:01:10.482 3966 RALLYDEBUG rally.task.utils [-] Waiting for resource s_rally_a58ba999_HXYZXbGP. Status changed: AVAILABLE => DELETING in 0.316050052643
2019-08-04 20:01:10.539 3967 RALLYDEBUG rally.task.utils [-] Waiting for resource s_rally_a58ba999_giUuGSlb. Status changed: AVAILABLE => DELETING in 0.295997142792
2019-08-04 20:01:12.077 3968 INFO rally.task.runner [-] Task 7f08bf2b-c87c-4e00-b088-661313d3c5b3 | ITER: 6 END: OK
2019-08-04 20:01:12.082 3968 INFO rally.task.runner [-] Task 7f08bf2b-c87c-4e00-b088-661313d3c5b3 | ITER: 9 START
2019-08-04 20:01:12.279 3970 INFO rally.task.runner [-] Task 7f08bf2b-c87c-4e00-b088-661313d3c5b3 | ITER: 5 END: OK
2019-08-04 20:01:12.284 3970 INFO rally.task.runner [-] Task 7f08bf2b-c87c-4e00-b088-661313d3c5b3 | ITER: 10 START
2019-08-04 20:01:12.793 3966 INFO rally.task.runner [-] Task 7f08bf2b-c87c-4e00-b088-661313d3c5b3 | ITER: 7 END: OK
2019-08-04 20:01:12.839 3967 INFO rally.task.runner [-] Task 7f08bf2b-c87c-4e00-b088-661313d3c5b3 | ITER: 8 END: OK
2019-08-04 20:01:16.015 3968 RALLYDEBUG rally.task.utils [-] Waiting for resource s_rally_a58ba999_OskowRWm. Status changed: AVAILABLE => DELETING in 0.31027507782
2019-08-04 20:01:16.177 3970 RALLYDEBUG rally.task.utils [-] Waiting for resource s_rally_a58ba999_1GJuirtM. Status changed: AVAILABLE => DELETING in 0.238757133484
2019-08-04 20:01:18.247 3968 INFO rally.task.runner [-] Task 7f08bf2b-c87c-4e00-b088-661313d3c5b3 | ITER: 9 END: OK
2019-08-04 20:01:18.404 3970 INFO rally.task.runner [-] Task 7f08bf2b-c87c-4e00-b088-661313d3c5b3 | ITER: 10 END: OK
2019-08-04 20:01:18.424 1842 INFO rally.task.context [-] Task 7f08bf2b-c87c-4e00-b088-661313d3c5b3 | Context cleanup@openstack cleanup() started
2019-08-04 20:01:18.427 1842 RALLYDEBUG rally_openstack.cleanup.manager [-] Cleaning up cinder backups objects
2019-08-04 20:01:20.636 1842 RALLYDEBUG rally_openstack.cleanup.manager [-] Cleaning up cinder volume_snapshots objects
2019-08-04 20:01:22.877 1842 RALLYDEBUG rally_openstack.cleanup.manager [-] Cleaning up cinder transfers objects
2019-08-04 20:01:25.027 1842 RALLYDEBUG rally_openstack.cleanup.manager [-] Cleaning up cinder volumes objects
2019-08-04 20:01:27.487 1842 INFO rally.task.context [-] Task 7f08bf2b-c87c-4e00-b088-661313d3c5b3 | Context cleanup@openstack cleanup() finished in 9.06 sec
2019-08-04 20:01:27.488 1842 INFO rally.task.context [-] Task 7f08bf2b-c87c-4e00-b088-661313d3c5b3 | Context volumes@openstack cleanup() started
2019-08-04 20:01:27.489 1842 RALLYDEBUG rally_openstack.cleanup.manager [-] Cleaning up cinder volumes objects
2019-08-04 20:01:29.798 1842 RALLYDEBUG rally_openstack.cleanup.manager [-] Deleting cinder.volumes object c_rally_a58ba999_R8ehgRYe (b0060010-a8ad-4821-9c44-bf8a913fee31)
2019-08-04 20:01:29.799 1842 RALLYDEBUG rally_openstack.cleanup.manager [-] Deleting cinder.volumes object c_rally_a58ba999_IMihwR2w (908d92ac-107b-4e27-8505-552060e69d8e)
2019-08-04 20:01:29.802 1842 RALLYDEBUG rally_openstack.cleanup.manager [-] Deleting cinder.volumes object c_rally_a58ba999_qQnRWFJz (686007c7-d824-4d49-96c2-7eec8a477527)
2019-08-04 20:01:33.338 1842 INFO rally.task.context [-] Task 7f08bf2b-c87c-4e00-b088-661313d3c5b3 | Context volumes@openstack cleanup() finished in 5.85 sec
2019-08-04 20:01:33.338 1842 INFO rally.task.context [-] Task 7f08bf2b-c87c-4e00-b088-661313d3c5b3 | Context quotas@openstack cleanup() started
2019-08-04 20:01:34.396 1842 INFO rally.task.context [-] Task 7f08bf2b-c87c-4e00-b088-661313d3c5b3 | Context quotas@openstack cleanup() finished in 1.06 sec
2019-08-04 20:01:34.396 1842 INFO rally.task.context [-] Task 7f08bf2b-c87c-4e00-b088-661313d3c5b3 | Context api_versions@openstack cleanup() started
2019-08-04 20:01:34.397 1842 INFO rally.task.context [-] Task 7f08bf2b-c87c-4e00-b088-661313d3c5b3 | Context api_versions@openstack cleanup() finished in 0.29 msec
2019-08-04 20:01:34.397 1842 INFO rally.task.context [-] Task 7f08bf2b-c87c-4e00-b088-661313d3c5b3 | Context users@openstack cleanup() started
2019-08-04 20:01:42.859 1842 INFO rally.task.context [-] Task 7f08bf2b-c87c-4e00-b088-661313d3c5b3 | Context users@openstack cleanup() finished in 8.46 sec
2019-08-04 20:01:43.492 1842 INFO rally.task.engine [-] Load duration is: 18.788594
2019-08-04 20:01:43.492 1842 INFO rally.task.engine [-] Full runner duration is: 18.829131
2019-08-04 20:01:43.492 1842 INFO rally.task.engine [-] Full duration is: 61.626974
2019-08-04 20:01:43.754 1842 INFO rally.task.engine [-] Running workload: position = 0 config = { "version": 2, "title": "A cropped version of a bigger task.", "description": "Auto-generated task from a single workload (uuid=f376dbf1-0226-42f5-81ad-35c278fbe7c6)", "subtasks": [ { "title": "CinderVolumes.create_and_delete_volume", "description": "Create and then delete a volume.", "scenario": { "CinderVolumes.create_and_delete_volume": { "size": { "max": 1, "min": 1 } } }, "contexts": { "users": { "tenants": 3, "users_per_tenant": 2 }, "quotas": { "cinder": { "gigabytes": -1, "snapshots": -1, "volumes": -1 } }, "api_versions": { "cinder": { "version": 3, "service_type": "volumev3" } } }, "runner": { "constant": { "concurrency": 4, "times": 10 } }, "hooks": [], "sla": { "failure_rate": { "max": 0 } } } ] }
2019-08-04 20:01:43.774 1842 RALLYDEBUG rally_openstack.contexts.keystone.users [-] Creating 3 tenants using 20 threads
2019-08-04 20:01:45.817 1842 RALLYDEBUG rally_openstack.contexts.keystone.users [-] Creating 6 users using 20 threads
2019-08-04 20:01:48.504 1842 INFO rally.task.context [-] Task 7f08bf2b-c87c-4e00-b088-661313d3c5b3 | Context users@openstack setup() finished in 4.73 sec
2019-08-04 20:01:48.941 1842 INFO rally.task.context [-] Task 7f08bf2b-c87c-4e00-b088-661313d3c5b3 | Context api_versions@openstack setup() finished in 0.44 sec
2019-08-04 20:01:50.638 1842 INFO rally.task.context [-] Task 7f08bf2b-c87c-4e00-b088-661313d3c5b3 | Context quotas@openstack setup() finished in 1.70 sec
2019-08-04 20:01:50.638 1842 INFO rally.task.context [-] Task 7f08bf2b-c87c-4e00-b088-661313d3c5b3 | Context cleanup@openstack setup() finished in 0.00 msec
2019-08-04 20:01:50.644 1842 RALLYDEBUG rally.task.runner [-] Starting the constant runner (task UUID: 7f08bf2b-c87c-4e00-b088-661313d3c5b3). timeout: 0 concurrency: 4 concurrency_per_worker: 1 times: 10 concurrency_overhead: 0 processes_to_start: 4 max_cpu_used: 16
2019-08-04 20:01:50.654 4170 RALLYDEBUG rally.task.runner [-] Starting a worker. concurrency: 1 args: {"size": {"max": 1, "min": 1}} times: 10 method_name: run timeout: 0 duration: None cls:
2019-08-04 20:01:50.656 4171 RALLYDEBUG rally.task.runner [-] Starting a worker. concurrency: 1 args: {"size": {"max": 1, "min": 1}} times: 10 method_name: run timeout: 0 duration: None cls:
2019-08-04 20:01:50.660 4170 INFO rally.task.runner [-] Task 7f08bf2b-c87c-4e00-b088-661313d3c5b3 | ITER: 1 START
2019-08-04 20:01:50.660 4172 RALLYDEBUG rally.task.runner [-] Starting a worker. concurrency: 1 args: {"size": {"max": 1, "min": 1}} times: 10 method_name: run timeout: 0 duration: None cls:
2019-08-04 20:01:50.662 4173 RALLYDEBUG rally.task.runner [-] Starting a worker. concurrency: 1 args: {"size": {"max": 1, "min": 1}} times: 10 method_name: run timeout: 0 duration: None cls:
2019-08-04 20:01:50.664 4171 INFO rally.task.runner [-] Task 7f08bf2b-c87c-4e00-b088-661313d3c5b3 | ITER: 2 START
2019-08-04 20:01:50.669 4172 INFO rally.task.runner [-] Task 7f08bf2b-c87c-4e00-b088-661313d3c5b3 | ITER: 3 START
2019-08-04 20:01:50.672 4173 INFO rally.task.runner [-] Task 7f08bf2b-c87c-4e00-b088-661313d3c5b3 | ITER: 4 START
2019-08-04 20:01:54.970 4170 RALLYDEBUG rally.task.utils [-] Waiting for resource s_rally_f376dbf1_skT2TWCm. Status changed: AVAILABLE => DELETING in 0.246381998062
2019-08-04 20:01:55.137 4171 RALLYDEBUG rally.task.utils [-] Waiting for resource s_rally_f376dbf1_ejIOd488. Status changed: AVAILABLE => DELETING in 0.355211019516
2019-08-04 20:01:55.212 4173 RALLYDEBUG rally.task.utils [-] Waiting for resource s_rally_f376dbf1_LTwgJAnM. Status changed: AVAILABLE => DELETING in 0.249993085861
2019-08-04 20:01:55.407 4172 RALLYDEBUG rally.task.utils [-] Waiting for resource s_rally_f376dbf1_D2BvZge0. Status changed: AVAILABLE => DELETING in 0.342191934586
2019-08-04 20:01:57.178 4171 INFO rally.task.runner [-] Task 7f08bf2b-c87c-4e00-b088-661313d3c5b3 | ITER: 2 END: OK
2019-08-04 20:01:57.183 4171 INFO rally.task.runner [-] Task 7f08bf2b-c87c-4e00-b088-661313d3c5b3 | ITER: 5 START
2019-08-04 20:01:57.197 4170 INFO rally.task.runner [-] Task 7f08bf2b-c87c-4e00-b088-661313d3c5b3 | ITER: 1 END: OK
2019-08-04 20:01:57.201 4170 INFO rally.task.runner [-] Task 7f08bf2b-c87c-4e00-b088-661313d3c5b3 | ITER: 6 START
2019-08-04 20:01:57.449 4173 INFO rally.task.runner [-] Task 7f08bf2b-c87c-4e00-b088-661313d3c5b3 | ITER: 4 END: OK
2019-08-04 20:01:57.453 4173 INFO rally.task.runner [-] Task 7f08bf2b-c87c-4e00-b088-661313d3c5b3 | ITER: 7 START
2019-08-04 20:01:57.669 4172 INFO rally.task.runner [-] Task 7f08bf2b-c87c-4e00-b088-661313d3c5b3 | ITER: 3 END: OK
2019-08-04 20:01:57.674 4172 INFO rally.task.runner [-] Task 7f08bf2b-c87c-4e00-b088-661313d3c5b3 | ITER: 8 START
2019-08-04 20:02:01.095 4170 INFO rally.task.runner [-] Task 7f08bf2b-c87c-4e00-b088-661313d3c5b3 | ITER: 6 END: OK
2019-08-04 20:02:01.098 4170 INFO rally.task.runner [-] Task 7f08bf2b-c87c-4e00-b088-661313d3c5b3 | ITER: 9 START
2019-08-04 20:02:01.539 4171 INFO rally.task.runner [-] Task 7f08bf2b-c87c-4e00-b088-661313d3c5b3 | ITER: 5 END: OK
2019-08-04 20:02:01.544 4171 INFO rally.task.runner [-] Task 7f08bf2b-c87c-4e00-b088-661313d3c5b3 | ITER: 10 START
2019-08-04 20:02:01.855 4173 RALLYDEBUG rally.task.utils [-] Waiting for resource s_rally_f376dbf1_aFWr6PCS. Status changed: AVAILABLE => DELETING in 0.246716022491
2019-08-04 20:02:02.067 4172 RALLYDEBUG rally.task.utils [-] Waiting for resource s_rally_f376dbf1_qwfU0d9x. Status changed: AVAILABLE => DELETING in 0.337552070618
2019-08-04 20:02:03.892 4173 INFO rally.task.runner [-] Task 7f08bf2b-c87c-4e00-b088-661313d3c5b3 | ITER: 7 END: OK
2019-08-04 20:02:04.395 4172 INFO rally.task.runner [-] Task 7f08bf2b-c87c-4e00-b088-661313d3c5b3 | ITER: 8 END: OK
2019-08-04 20:02:05.277 4170 INFO rally.task.runner [-] Task 7f08bf2b-c87c-4e00-b088-661313d3c5b3 | ITER: 9 END: OK
2019-08-04 20:02:05.788 4171 INFO rally.task.runner [-] Task 7f08bf2b-c87c-4e00-b088-661313d3c5b3 | ITER: 10 END: OK
2019-08-04 20:02:05.815 1842 INFO rally.task.context [-] Task 7f08bf2b-c87c-4e00-b088-661313d3c5b3 | Context cleanup@openstack cleanup() started
2019-08-04 20:02:05.817 1842 RALLYDEBUG rally_openstack.cleanup.manager [-] Cleaning up cinder backups objects
2019-08-04 20:02:08.000 1842 RALLYDEBUG rally_openstack.cleanup.manager [-] Cleaning up cinder volume_snapshots objects
2019-08-04 20:02:10.059 1842 RALLYDEBUG rally_openstack.cleanup.manager [-] Cleaning up cinder transfers objects
2019-08-04 20:02:12.289 1842 RALLYDEBUG rally_openstack.cleanup.manager [-] Cleaning up cinder volumes objects
2019-08-04 20:02:14.495 1842 INFO rally.task.context [-] Task 7f08bf2b-c87c-4e00-b088-661313d3c5b3 | Context cleanup@openstack cleanup() finished in 8.68 sec
2019-08-04 20:02:14.495 1842 INFO rally.task.context [-] Task 7f08bf2b-c87c-4e00-b088-661313d3c5b3 | Context quotas@openstack cleanup() started
2019-08-04 20:02:14.851 1842 INFO rally.task.context [-] Task 7f08bf2b-c87c-4e00-b088-661313d3c5b3 | Context quotas@openstack cleanup() finished in 0.36 sec
2019-08-04 20:02:14.851 1842 INFO rally.task.context [-] Task 7f08bf2b-c87c-4e00-b088-661313d3c5b3 | Context api_versions@openstack cleanup() started
2019-08-04 20:02:14.852 1842 INFO rally.task.context [-] Task 7f08bf2b-c87c-4e00-b088-661313d3c5b3 | Context api_versions@openstack cleanup() finished in 0.30 msec
2019-08-04 20:02:14.852 1842 INFO rally.task.context [-] Task 7f08bf2b-c87c-4e00-b088-661313d3c5b3 | Context users@openstack cleanup() started
2019-08-04 20:02:23.087 1842 INFO rally.task.context [-] Task 7f08bf2b-c87c-4e00-b088-661313d3c5b3 | Context users@openstack cleanup() finished in 8.23 sec
2019-08-04 20:02:23.909 1842 INFO rally.task.engine [-] Load duration is: 15.124351
2019-08-04 20:02:23.910 1842 INFO rally.task.engine [-] Full runner duration is: 15.170826
2019-08-04 20:02:23.910 1842 INFO rally.task.engine [-] Full duration is: 39.31579
2019-08-04 20:02:24.095 1842 INFO rally.task.engine [-] Running workload: position = 1 config = { "version": 2, "title": "A cropped version of a bigger task.", "description": "Auto-generated task from a single workload (uuid=ab2a465a-dc20-4a62-849b-fea9d9ab29c0)", "subtasks": [ { "title": "CinderVolumes.create_and_delete_volume", "description": "Create and then delete a volume.", "scenario": { "CinderVolumes.create_and_delete_volume": { "image": { "name": "rally_full-img_5cf075fc-280f-4792-8828-5c56820c6042" }, "size": 1 } }, "contexts": { "users": { "tenants": 3, "users_per_tenant": 2 }, "quotas": { "cinder": { "gigabytes": -1, "snapshots": -1, "volumes": -1 } }, "api_versions": { "cinder": { "version": 3, "service_type": "volumev3" } } }, "runner": { "constant": { "concurrency": 4, "times": 10 } }, "hooks": [], "sla": { "failure_rate": { "max": 0 } } } ] }
2019-08-04 20:02:24.117 1842 RALLYDEBUG rally_openstack.contexts.keystone.users [-] Creating 3 tenants using 20 threads
2019-08-04 20:02:26.130 1842 RALLYDEBUG rally_openstack.contexts.keystone.users [-] Creating 6 users using 20 threads
2019-08-04 20:02:28.920 1842 INFO rally.task.context [-] Task 7f08bf2b-c87c-4e00-b088-661313d3c5b3 | Context users@openstack setup() finished in 4.80 sec
2019-08-04 20:02:29.353 1842 INFO rally.task.context [-] Task 7f08bf2b-c87c-4e00-b088-661313d3c5b3 | Context api_versions@openstack setup() finished in 0.43 sec
2019-08-04 20:02:31.061 1842 INFO rally.task.context [-] Task 7f08bf2b-c87c-4e00-b088-661313d3c5b3 | Context quotas@openstack setup() finished in 1.71 sec
2019-08-04 20:02:31.061 1842 INFO rally.task.context [-] Task 7f08bf2b-c87c-4e00-b088-661313d3c5b3 | Context cleanup@openstack setup() finished in 0.00 msec
2019-08-04 20:02:32.124 1842 RALLYDEBUG rally.task.runner [-] Starting the constant runner (task UUID: 7f08bf2b-c87c-4e00-b088-661313d3c5b3). timeout: 0 concurrency: 4 concurrency_per_worker: 1 times: 10 concurrency_overhead: 0 processes_to_start: 4 max_cpu_used: 16
2019-08-04 20:02:32.133 4354 RALLYDEBUG rally.task.runner [-] Starting a worker. concurrency: 1 args: {"image": "113d9023-0c9c-4f2e-8536-7dcf8d276cd0", "size": 1} times: 10 method_name: run timeout: 0 duration: None cls:
2019-08-04 20:02:32.134 4355 RALLYDEBUG rally.task.runner [-] Starting a worker. concurrency: 1 args: {"image": "113d9023-0c9c-4f2e-8536-7dcf8d276cd0", "size": 1} times: 10 method_name: run timeout: 0 duration: None cls:
2019-08-04 20:02:32.135 4357 RALLYDEBUG rally.task.runner [-] Starting a worker. concurrency: 1 args: {"image": "113d9023-0c9c-4f2e-8536-7dcf8d276cd0", "size": 1} times: 10 method_name: run timeout: 0 duration: None cls:
2019-08-04 20:02:32.135 4356 RALLYDEBUG rally.task.runner [-] Starting a worker. concurrency: 1 args: {"image": "113d9023-0c9c-4f2e-8536-7dcf8d276cd0", "size": 1} times: 10 method_name: run timeout: 0 duration: None cls:
2019-08-04 20:02:32.141 4354 INFO rally.task.runner [-] Task 7f08bf2b-c87c-4e00-b088-661313d3c5b3 | ITER: 1 START
2019-08-04 20:02:32.141 4357 INFO rally.task.runner [-] Task 7f08bf2b-c87c-4e00-b088-661313d3c5b3 | ITER: 3 START
2019-08-04 20:02:32.142 4355 INFO rally.task.runner [-] Task 7f08bf2b-c87c-4e00-b088-661313d3c5b3 | ITER: 2 START
2019-08-04 20:02:32.142 4356 INFO rally.task.runner [-] Task 7f08bf2b-c87c-4e00-b088-661313d3c5b3 | ITER: 4 START
2019-08-04 20:02:41.865 4355 RALLYDEBUG rally.task.utils [-] Waiting for resource s_rally_ab2a465a_r3sXidMN. Status changed: CREATING => DOWNLOADING in 5.15414094925
2019-08-04 20:02:42.119 4356 RALLYDEBUG rally.task.utils [-] Waiting for resource s_rally_ab2a465a_QdlYobMj. Status changed: CREATING => DOWNLOADING in 5.25081801414
2019-08-04 20:02:42.229 4357 RALLYDEBUG rally.task.utils [-] Waiting for resource s_rally_ab2a465a_0cYIhfPg. Status changed: CREATING => DOWNLOADING in 5.5481710434
2019-08-04 20:02:42.651 4354 RALLYDEBUG rally.task.utils [-] Waiting for resource s_rally_ab2a465a_CnqDBZuK. Status changed: CREATING => DOWNLOADING in 5.34868812561
2019-08-04 20:02:51.486 4356 RALLYDEBUG rally.task.utils [-] Waiting for resource s_rally_ab2a465a_QdlYobMj. Status changed: DOWNLOADING => AVAILABLE in 9.36625003815
2019-08-04 20:02:52.204 4356 INFO rally.task.runner [-] Task 7f08bf2b-c87c-4e00-b088-661313d3c5b3 | ITER: 4 END: OK
2019-08-04 20:02:52.209 4356 INFO rally.task.runner [-] Task 7f08bf2b-c87c-4e00-b088-661313d3c5b3 | ITER: 5 START
2019-08-04 20:02:53.030 4357 RALLYDEBUG rally.task.utils [-] Waiting for resource s_rally_ab2a465a_0cYIhfPg. Status changed: DOWNLOADING => AVAILABLE in 10.8008458614
2019-08-04 20:02:53.279 4355 RALLYDEBUG rally.task.utils [-] Waiting for resource s_rally_ab2a465a_r3sXidMN. Status changed: DOWNLOADING => AVAILABLE in 11.4130909443
2019-08-04 20:02:53.442 4357 INFO rally.task.runner [-] Task 7f08bf2b-c87c-4e00-b088-661313d3c5b3 | ITER: 3 END: OK
2019-08-04 20:02:53.447 4357 INFO rally.task.runner [-] Task 7f08bf2b-c87c-4e00-b088-661313d3c5b3 | ITER: 6 START
2019-08-04 20:02:53.976 4355 INFO rally.task.runner [-] Task 7f08bf2b-c87c-4e00-b088-661313d3c5b3 | ITER: 2 END: OK
2019-08-04 20:02:53.982 4355 INFO rally.task.runner [-] Task 7f08bf2b-c87c-4e00-b088-661313d3c5b3 | ITER: 7 START
2019-08-04 20:02:54.176 4354 RALLYDEBUG rally.task.utils [-] Waiting for resource s_rally_ab2a465a_CnqDBZuK. Status changed: DOWNLOADING => AVAILABLE in 11.5243668556
2019-08-04 20:02:54.540 4354 RALLYDEBUG rally.task.utils [-] Waiting for resource s_rally_ab2a465a_CnqDBZuK. Status changed: AVAILABLE => DELETING in 0.0692830085754
2019-08-04 20:02:56.860 4354 INFO rally.task.runner [-] Task 7f08bf2b-c87c-4e00-b088-661313d3c5b3 | ITER: 1 END: OK
2019-08-04 20:02:56.865 4354 INFO rally.task.runner [-] Task 7f08bf2b-c87c-4e00-b088-661313d3c5b3 | ITER: 8 START
2019-08-04 20:03:00.367 4356 RALLYDEBUG rally.task.utils [-] Waiting for resource s_rally_ab2a465a_4jXayjtk. Status changed: CREATING => DOWNLOADING in 2.94795608521
2019-08-04 20:03:03.567 4355 RALLYDEBUG rally.task.utils [-] Waiting for resource s_rally_ab2a465a_IqVoiVem. Status changed: CREATING => DOWNLOADING in 5.31818389893
2019-08-04 20:03:04.283 4357 RALLYDEBUG rally.task.utils [-] Waiting for resource s_rally_ab2a465a_me63UVaq. Status changed: CREATING => DOWNLOADING in 5.53173780441
2019-08-04 20:03:05.017 4356 RALLYDEBUG rally.task.utils [-] Waiting for resource s_rally_ab2a465a_4jXayjtk. Status changed: DOWNLOADING => AVAILABLE in 4.65005207062
2019-08-04 20:03:05.167 4356 RALLYDEBUG rally.task.utils [-] Waiting for resource s_rally_ab2a465a_4jXayjtk. Status changed: AVAILABLE => DELETING in 0.0617120265961
2019-08-04 20:03:09.488 4356 INFO rally.task.runner [-] Task 7f08bf2b-c87c-4e00-b088-661313d3c5b3 | ITER: 5 END: OK
2019-08-04 20:03:09.492 4356 INFO rally.task.runner [-] Task 7f08bf2b-c87c-4e00-b088-661313d3c5b3 | ITER: 9 START
2019-08-04 20:03:10.516 4355 RALLYDEBUG rally.task.utils [-] Waiting for resource s_rally_ab2a465a_IqVoiVem. Status changed: DOWNLOADING => AVAILABLE in 6.94836521149
2019-08-04 20:03:11.068 4354 RALLYDEBUG rally.task.utils [-] Waiting for resource s_rally_ab2a465a_hx4XIyXs. Status changed: CREATING => DOWNLOADING in 9.76295018196
2019-08-04 20:03:11.206 4355 RALLYDEBUG rally.task.utils [-] Waiting for resource s_rally_ab2a465a_IqVoiVem. Status changed: AVAILABLE => DELETING in 0.328423023224
2019-08-04 20:03:11.297 4357 RALLYDEBUG rally.task.utils [-] Waiting for resource s_rally_ab2a465a_me63UVaq. Status changed: DOWNLOADING => AVAILABLE in 7.01380300522
2019-08-04 20:03:11.816 4357 RALLYDEBUG rally.task.utils [-] Waiting for resource s_rally_ab2a465a_me63UVaq. Status changed: AVAILABLE => DELETING in 0.248538970947
2019-08-04 20:03:13.543 4355 INFO rally.task.runner [-] Task 7f08bf2b-c87c-4e00-b088-661313d3c5b3 | ITER: 7 END: OK
2019-08-04 20:03:13.548 4355 INFO rally.task.runner [-] Task 7f08bf2b-c87c-4e00-b088-661313d3c5b3 | ITER: 10 START
2019-08-04 20:03:13.855 4357 INFO rally.task.runner [-] Task 7f08bf2b-c87c-4e00-b088-661313d3c5b3 | ITER: 6 END: OK
2019-08-04 20:03:15.730 4354 RALLYDEBUG rally.task.utils [-] Waiting for resource s_rally_ab2a465a_hx4XIyXs. Status changed: DOWNLOADING => AVAILABLE in 4.6611738205
2019-08-04 20:03:16.485 4354 RALLYDEBUG rally.task.utils [-] Waiting for resource s_rally_ab2a465a_hx4XIyXs. Status changed: AVAILABLE => DELETING in 0.266101121902
2019-08-04 20:03:17.502 4356 RALLYDEBUG rally.task.utils [-] Waiting for resource s_rally_ab2a465a_7SdAb7G0. Status changed: CREATING => DOWNLOADING in 3.0456469059
2019-08-04 20:03:18.525 4354 INFO rally.task.runner [-] Task 7f08bf2b-c87c-4e00-b088-661313d3c5b3 | ITER: 8 END: OK
2019-08-04 20:03:19.844 4356 RALLYDEBUG rally.task.utils [-] Waiting for resource s_rally_ab2a465a_7SdAb7G0. Status changed: DOWNLOADING => AVAILABLE in 2.34208488464
2019-08-04 20:03:20.604 4356 INFO rally.task.runner [-] Task 7f08bf2b-c87c-4e00-b088-661313d3c5b3 | ITER: 9 END: OK
2019-08-04 20:03:23.434 4355 RALLYDEBUG rally.task.utils [-] Waiting for resource s_rally_ab2a465a_Hi9JPq8P. Status changed: CREATING => DOWNLOADING in 5.30715298653
2019-08-04 20:03:25.762 4355 RALLYDEBUG rally.task.utils [-] Waiting for resource s_rally_ab2a465a_Hi9JPq8P. Status changed: DOWNLOADING => AVAILABLE in 2.32893800735
2019-08-04 20:03:26.460 4355 INFO rally.task.runner [-] Task 7f08bf2b-c87c-4e00-b088-661313d3c5b3 | ITER: 10 END: OK
2019-08-04 20:03:26.485 1842 INFO rally.task.context [-] Task 7f08bf2b-c87c-4e00-b088-661313d3c5b3 | Context cleanup@openstack cleanup() started
2019-08-04 20:03:26.487 1842 RALLYDEBUG rally_openstack.cleanup.manager [-] Cleaning up cinder backups objects
2019-08-04 20:03:28.607 1842 RALLYDEBUG rally_openstack.cleanup.manager [-] Cleaning up cinder volume_snapshots objects
2019-08-04 20:03:30.766 1842 RALLYDEBUG rally_openstack.cleanup.manager [-] Cleaning up cinder transfers objects
2019-08-04 20:03:32.915 1842 RALLYDEBUG rally_openstack.cleanup.manager [-] Cleaning up cinder volumes objects
2019-08-04 20:03:35.265 1842 INFO rally.task.context [-] Task 7f08bf2b-c87c-4e00-b088-661313d3c5b3 | Context cleanup@openstack cleanup() finished in 8.78 sec
2019-08-04 20:03:35.265 1842 INFO rally.task.context [-] Task 7f08bf2b-c87c-4e00-b088-661313d3c5b3 | Context quotas@openstack cleanup() started
2019-08-04 20:03:35.952 1842 INFO rally.task.context [-] Task 7f08bf2b-c87c-4e00-b088-661313d3c5b3 | Context quotas@openstack cleanup() finished in 0.69 sec
2019-08-04 20:03:35.953 1842 INFO rally.task.context [-] Task 7f08bf2b-c87c-4e00-b088-661313d3c5b3 | Context api_versions@openstack cleanup() started
2019-08-04 20:03:35.953 1842 INFO rally.task.context [-] Task 7f08bf2b-c87c-4e00-b088-661313d3c5b3 | Context api_versions@openstack cleanup() finished in 0.20 msec
2019-08-04 20:03:35.953 1842 INFO rally.task.context [-] Task 7f08bf2b-c87c-4e00-b088-661313d3c5b3 | Context users@openstack cleanup() started
2019-08-04 20:03:43.769 1842 INFO rally.task.context [-] Task 7f08bf2b-c87c-4e00-b088-661313d3c5b3 | Context users@openstack cleanup() finished in 7.82 sec
2019-08-04 20:03:44.428 1842 INFO rally.task.engine [-] Load duration is: 54.316367
2019-08-04 20:03:44.428 1842 INFO rally.task.engine [-] Full runner duration is: 54.361175
2019-08-04 20:03:44.428 1842 INFO rally.task.engine [-] Full duration is: 79.654511
2019-08-04 20:03:44.732 1842 INFO rally.task.engine [-] Running workload: position = 2 config = { "version": 2, "title": "A cropped version of a bigger task.", "description": "Auto-generated task from a single workload (uuid=3670af3b-d382-4f1c-865d-68ad781d7ccc)", "subtasks": [ { "title": "CinderVolumes.create_and_delete_volume", "description": "Create and then delete a volume.", "scenario": { "CinderVolumes.create_and_delete_volume": { "size": 1 } }, "contexts": { "users": { "tenants": 3, "users_per_tenant": 2 }, "quotas": { "cinder": { "gigabytes": -1, "snapshots": -1, "volumes": -1 } }, "api_versions": { "cinder": { "version": 3, "service_type": "volumev3" } } }, "runner": { "constant": { "concurrency": 4, "times": 10 } }, "hooks": [], "sla": { "failure_rate": { "max": 0 } } } ] }
2019-08-04 20:03:44.754 1842 RALLYDEBUG rally_openstack.contexts.keystone.users [-] Creating 3 tenants using 20 threads
2019-08-04 20:03:46.727 1842 RALLYDEBUG rally_openstack.contexts.keystone.users [-] Creating 6 users using 20 threads
2019-08-04 20:03:49.464 1842 INFO rally.task.context [-] Task 7f08bf2b-c87c-4e00-b088-661313d3c5b3 | Context users@openstack setup() finished in 4.71 sec
2019-08-04 20:03:49.895 1842 INFO rally.task.context [-] Task 7f08bf2b-c87c-4e00-b088-661313d3c5b3 | Context api_versions@openstack setup() finished in 0.43 sec
2019-08-04 20:03:51.607 1842 INFO rally.task.context [-] Task 7f08bf2b-c87c-4e00-b088-661313d3c5b3 | Context quotas@openstack setup() finished in 1.71 sec
2019-08-04 20:03:51.607 1842 INFO rally.task.context [-] Task 7f08bf2b-c87c-4e00-b088-661313d3c5b3 | Context cleanup@openstack setup() finished in 0.01 msec
2019-08-04 20:03:51.615 1842 RALLYDEBUG rally.task.runner [-] Starting the constant runner (task UUID: 7f08bf2b-c87c-4e00-b088-661313d3c5b3). timeout: 0 concurrency: 4 concurrency_per_worker: 1 times: 10 concurrency_overhead: 0 processes_to_start: 4 max_cpu_used: 16
2019-08-04 20:03:51.625 4538 RALLYDEBUG rally.task.runner [-] Starting a worker. concurrency: 1 args: {"size": 1} times: 10 method_name: run timeout: 0 duration: None cls:
2019-08-04 20:03:51.631 4538 INFO rally.task.runner [-] Task 7f08bf2b-c87c-4e00-b088-661313d3c5b3 | ITER: 1 START
2019-08-04 20:03:51.631 4539 RALLYDEBUG rally.task.runner [-] Starting a worker. concurrency: 1 args: {"size": 1} times: 10 method_name: run timeout: 0 duration: None cls:
2019-08-04 20:03:51.632 4540 RALLYDEBUG rally.task.runner [-] Starting a worker. concurrency: 1 args: {"size": 1} times: 10 method_name: run timeout: 0 duration: None cls:
2019-08-04 20:03:51.635 4541 RALLYDEBUG rally.task.runner [-] Starting a worker. concurrency: 1 args: {"size": 1} times: 10 method_name: run timeout: 0 duration: None cls:
2019-08-04 20:03:51.637 4540 INFO rally.task.runner [-] Task 7f08bf2b-c87c-4e00-b088-661313d3c5b3 | ITER: 3 START
2019-08-04 20:03:51.640 4539 INFO rally.task.runner [-] Task 7f08bf2b-c87c-4e00-b088-661313d3c5b3 | ITER: 2 START
2019-08-04 20:03:51.643 4541 INFO rally.task.runner [-] Task 7f08bf2b-c87c-4e00-b088-661313d3c5b3 | ITER: 4 START
2019-08-04 20:03:56.166 4541 RALLYDEBUG rally.task.utils [-] Waiting for resource s_rally_3670af3b_bStMumIl. Status changed: AVAILABLE => DELETING in 0.383455991745
2019-08-04 20:03:56.191 4538 RALLYDEBUG rally.task.utils [-] Waiting for resource s_rally_3670af3b_932eiVGo. Status changed: AVAILABLE => DELETING in 0.353465080261
2019-08-04 20:03:56.275 4540 RALLYDEBUG rally.task.utils [-] Waiting for resource s_rally_3670af3b_p4TusQpE. Status changed: AVAILABLE => DELETING in 0.34256196022
2019-08-04 20:03:56.277 4539 RALLYDEBUG rally.task.utils [-] Waiting for resource s_rally_3670af3b_Yc922ftl. Status changed: AVAILABLE => DELETING in 0.396820783615
2019-08-04 20:03:58.313 4539 INFO rally.task.runner [-] Task 7f08bf2b-c87c-4e00-b088-661313d3c5b3 | ITER: 2 END: OK
