2019-08-04 19:34:56.923 7 RALLYDEBUG rally.api [-] INFO logs from urllib3 and requests module are hide.
2019-08-04 19:34:56.923 7 RALLYDEBUG rally.api [-] urllib3 insecure warnings are hidden.
2019-08-04 19:34:56.924 7 RALLYDEBUG rally.api [-] ERROR log from boto module is hide.
2019-08-04 19:34:58.197 7 ERROR rally.cli.cliutils [-] Unexpected exception in CLI: DBRecordNotFound: Record for uuid or name is opnfv-rally not found in table envs
2019-08-04 19:34:58.197 7 ERROR rally.cli.cliutils
Traceback (most recent call last):
2019-08-04 19:34:58.197 7 ERROR rally.cli.cliutils
File "/usr/lib/python2.7/site-packages/rally/cli/cliutils.py", line 674, in run
2019-08-04 19:34:58.197 7 ERROR rally.cli.cliutils ret = fn(*fn_args, **fn_kwargs)
2019-08-04 19:34:58.197 7 ERROR rally.cli.cliutils File "", line 2, in destroy
2019-08-04 19:34:58.197 7 ERROR rally.cli.cliutils
File "/usr/lib/python2.7/site-packages/rally/cli/envutils.py", line 69, in default_from_global
2019-08-04 19:34:58.197 7 ERROR rally.cli.cliutils return f(*args, **kwargs)
2019-08-04 19:34:58.197 7 ERROR rally.cli.cliutils File "", line 2, in destroy
2019-08-04 19:34:58.197 7 ERROR rally.cli.cliutils
File "/usr/lib/python2.7/site-packages/rally/plugins/__init__.py", line 51, in ensure_plugins_are_loaded
2019-08-04 19:34:58.197 7 ERROR rally.cli.cliutils return f(*args, **kwargs)
2019-08-04 19:34:58.197 7 ERROR rally.cli.cliutils
File "/usr/lib/python2.7/site-packages/rally/cli/commands/deployment.py", line 140, in destroy
2019-08-04 19:34:58.197 7 ERROR rally.cli.cliutils api.deployment.destroy(deployment=deployment)
2019-08-04 19:34:58.197 7 ERROR rally.cli.cliutils
File "/usr/lib/python2.7/site-packages/rally/api.py", line 115, in destroy
2019-08-04 19:34:58.197 7 ERROR rally.cli.cliutils deploy = objects.Deployment.get(deployment)
2019-08-04 19:34:58.197 7 ERROR rally.cli.cliutils
File "/usr/lib/python2.7/site-packages/rally/common/objects/deploy.py", line 124, in get
2019-08-04 19:34:58.197 7 ERROR rally.cli.cliutils return Deployment(env_mgr.EnvManager.get(deploy))
2019-08-04 19:34:58.197 7 ERROR rally.cli.cliutils
File "/usr/lib/python2.7/site-packages/rally/env/env_mgr.py", line 212, in get
2019-08-04 19:34:58.197 7 ERROR rally.cli.cliutils return cls(db.env_get(uuid_or_name))
2019-08-04 19:34:58.197 7 ERROR rally.cli.cliutils
File "/usr/lib/python2.7/site-packages/rally/common/db/api.py", line 135, in wrapper
2019-08-04 19:34:58.197 7 ERROR rally.cli.cliutils result = f(session, *args, **kwargs)
2019-08-04 19:34:58.197 7 ERROR rally.cli.cliutils
File "/usr/lib/python2.7/site-packages/rally/common/db/api.py", line 521, in env_get
2019-08-04 19:34:58.197 7 ERROR rally.cli.cliutils criteria="uuid or name is %s" % uuid_or_name, table="envs")
2019-08-04 19:34:58.197 7 ERROR rally.cli.cliutils DBRecordNotFound: Record for uuid or name is opnfv-rally not found in table envs
2019-08-04 19:34:58.197 7 ERROR rally.cli.cliutils
2019-08-04 19:34:58.998 9 RALLYDEBUG rally.api [-] INFO logs from urllib3 and requests module are hide.
2019-08-04 19:34:58.998 9 RALLYDEBUG rally.api [-] urllib3 insecure warnings are hidden.
2019-08-04 19:34:58.998 9 RALLYDEBUG rally.api [-] ERROR log from boto module is hide.
2019-08-04 19:35:00.309 9 WARNING rally_openstack.platforms.existing [-] endpoint is deprecated and not used.
2019-08-04 19:35:01.312 11 RALLYDEBUG rally.api [-] INFO logs from urllib3 and requests module are hide.
2019-08-04 19:35:01.312 11 RALLYDEBUG rally.api [-] urllib3 insecure warnings are hidden.
2019-08-04 19:35:01.312 11 RALLYDEBUG rally.api [-] ERROR log from boto module is hide.
2019-08-04 19:35:04.580 14 RALLYDEBUG rally.api [-] INFO logs from urllib3 and requests module are hide.
2019-08-04 19:35:04.580 14 RALLYDEBUG rally.api [-] urllib3 insecure warnings are hidden.
2019-08-04 19:35:04.580 14 RALLYDEBUG rally.api [-] ERROR log from boto module is hide.
2019-08-04 19:35:06.384 16 RALLYDEBUG rally.api [-] INFO logs from urllib3 and requests module are hide.
2019-08-04 19:35:06.384 16 RALLYDEBUG rally.api [-] urllib3 insecure warnings are hidden.
2019-08-04 19:35:06.385 16 RALLYDEBUG rally.api [-] ERROR log from boto module is hide.
2019-08-04 19:35:07.568 16 INFO rally.task.engine [-] Task d031993b-68fa-44ec-848c-7394cc4a6eb9 | Starting: Task validation.
2019-08-04 19:35:07.609 16 INFO rally.task.engine [-] Task d031993b-68fa-44ec-848c-7394cc4a6eb9 | Starting: Task validation of syntax.
2019-08-04 19:35:07.691 16 INFO rally.task.engine [-] Task d031993b-68fa-44ec-848c-7394cc4a6eb9 | Completed: Task validation of syntax.
2019-08-04 19:35:07.691 16 INFO rally.task.engine [-] Task d031993b-68fa-44ec-848c-7394cc4a6eb9 | Starting: Task validation of required platforms.
2019-08-04 19:35:07.728 16 INFO rally.task.engine [-] Task d031993b-68fa-44ec-848c-7394cc4a6eb9 | Completed: Task validation of required platforms.
2019-08-04 19:35:07.728 16 INFO rally.task.engine [-] Task d031993b-68fa-44ec-848c-7394cc4a6eb9 | Starting: Task validation of semantic.
2019-08-04 19:35:07.728 16 INFO rally.task.engine [-] Check health of the environment '94bda8e6-42dd-48fa-9f4f-ae52f5312244'.
2019-08-04 19:35:08.566 16 INFO rally.task.engine [-] Platform existing@openstack (available: True): OK!
2019-08-04 19:35:08.586 16 RALLYDEBUG rally_openstack.contexts.keystone.users [-] Creating 1 tenants using 20 threads
2019-08-04 19:35:10.564 16 RALLYDEBUG rally_openstack.contexts.keystone.users [-] Creating 1 users using 20 threads
2019-08-04 19:35:13.344 16 INFO rally.task.context [-] Task d031993b-68fa-44ec-848c-7394cc4a6eb9 | Context users@openstack setup() finished in 4.76 sec
2019-08-04 19:35:13.392 16 INFO rally.task.context [-] Task d031993b-68fa-44ec-848c-7394cc4a6eb9 | Context users@openstack cleanup() started
2019-08-04 19:35:18.553 16 INFO rally.task.context [-] Task d031993b-68fa-44ec-848c-7394cc4a6eb9 | Context users@openstack cleanup() finished in 5.16 sec
2019-08-04 19:35:18.554 16 INFO rally.task.engine [-] Task d031993b-68fa-44ec-848c-7394cc4a6eb9 | Completed: Task validation of semantic.
2019-08-04 19:35:18.554 16 INFO rally.task.engine [-] Task d031993b-68fa-44ec-848c-7394cc4a6eb9 | Completed: Task validation.
2019-08-04 19:35:18.554 16 INFO rally.api [-] Task d031993b-68fa-44ec-848c-7394cc4a6eb9 input file is valid.
2019-08-04 19:35:18.555 16 INFO rally.api [-] Run Task d031993b-68fa-44ec-848c-7394cc4a6eb9 against Deployment 94bda8e6-42dd-48fa-9f4f-ae52f5312244
2019-08-04 19:35:18.555 16 INFO rally.task.engine [-] Task d031993b-68fa-44ec-848c-7394cc4a6eb9 | Starting: Running task.
2019-08-04 19:35:18.694 16 INFO rally.task.engine [-] Running workload: position = 0 config = { "version": 2, "title": "A cropped version of a bigger task.", "description": "Auto-generated task from a single workload (uuid=0cefb50e-12b4-4ac2-8c6b-b369f0490a20)", "subtasks": [ { "title": "Authenticate.keystone", "description": "Check Keystone Client.", "scenario": { "Authenticate.keystone": {} }, "contexts": { "users": { "tenants": 3, "users_per_tenant": 2 } }, "runner": { "constant": { "concurrency": 4, "times": 10 } }, "hooks": [], "sla": { "failure_rate": { "max": 0 } } } ] }
2019-08-04 19:35:18.706 16 RALLYDEBUG rally_openstack.contexts.keystone.users [-] Creating 3 tenants using 20 threads
2019-08-04 19:35:20.589 16 RALLYDEBUG rally_openstack.contexts.keystone.users [-] Creating 6 users using 20 threads
2019-08-04 19:35:23.390 16 INFO rally.task.context [-] Task d031993b-68fa-44ec-848c-7394cc4a6eb9 | Context users@openstack setup() finished in 4.68 sec
2019-08-04 19:35:23.397 16 RALLYDEBUG rally.task.runner [-] Starting the constant runner (task UUID: d031993b-68fa-44ec-848c-7394cc4a6eb9). timeout: 0 concurrency: 4 concurrency_per_worker: 1 times: 10 concurrency_overhead: 0 processes_to_start: 4 max_cpu_used: 16
2019-08-04 19:35:23.410 140 RALLYDEBUG rally.task.runner [-] Starting a worker. concurrency: 1 args: {} times: 10 method_name: run timeout: 0 duration: None cls:
2019-08-04 19:35:23.415 140 INFO rally.task.runner [-] Task d031993b-68fa-44ec-848c-7394cc4a6eb9 | ITER: 1 START
2019-08-04 19:35:23.414 142 RALLYDEBUG rally.task.runner [-] Starting a worker. concurrency: 1 args: {} times: 10 method_name: run timeout: 0 duration: None cls:
2019-08-04 19:35:23.414 141 RALLYDEBUG rally.task.runner [-] Starting a worker. concurrency: 1 args: {} times: 10 method_name: run timeout: 0 duration: None cls:
2019-08-04 19:35:23.418 142 INFO rally.task.runner [-] Task d031993b-68fa-44ec-848c-7394cc4a6eb9 | ITER: 2 START
2019-08-04 19:35:23.418 144 RALLYDEBUG rally.task.runner [-] Starting a worker. concurrency: 1 args: {} times: 10 method_name: run timeout: 0 duration: None cls:
2019-08-04 19:35:23.420 141 INFO rally.task.runner [-] Task d031993b-68fa-44ec-848c-7394cc4a6eb9 | ITER: 3 START
2019-08-04 19:35:23.422 144 INFO rally.task.runner [-] Task d031993b-68fa-44ec-848c-7394cc4a6eb9 | ITER: 4 START
2019-08-04 19:35:24.009 142 INFO rally.task.runner [-] Task d031993b-68fa-44ec-848c-7394cc4a6eb9 | ITER: 2 END: OK
2019-08-04 19:35:24.013 142 INFO rally.task.runner [-] Task d031993b-68fa-44ec-848c-7394cc4a6eb9 | ITER: 5 START
2019-08-04 19:35:24.025 141 INFO rally.task.runner [-] Task d031993b-68fa-44ec-848c-7394cc4a6eb9 | ITER: 3 END: OK
2019-08-04 19:35:24.028 144 INFO rally.task.runner [-] Task d031993b-68fa-44ec-848c-7394cc4a6eb9 | ITER: 4 END: OK
2019-08-04 19:35:24.030 141 INFO rally.task.runner [-] Task d031993b-68fa-44ec-848c-7394cc4a6eb9 | ITER: 6 START
2019-08-04 19:35:24.031 144 INFO rally.task.runner [-] Task d031993b-68fa-44ec-848c-7394cc4a6eb9 | ITER: 7 START
2019-08-04 19:35:24.037 140 INFO rally.task.runner [-] Task d031993b-68fa-44ec-848c-7394cc4a6eb9 | ITER: 1 END: OK
2019-08-04 19:35:24.041 140 INFO rally.task.runner [-] Task d031993b-68fa-44ec-848c-7394cc4a6eb9 | ITER: 8 START
2019-08-04 19:35:24.585 140 INFO rally.task.runner [-] Task d031993b-68fa-44ec-848c-7394cc4a6eb9 | ITER: 8 END: OK
2019-08-04 19:35:24.589 140 INFO rally.task.runner [-] Task d031993b-68fa-44ec-848c-7394cc4a6eb9 | ITER: 9 START
2019-08-04 19:35:24.620 142 INFO rally.task.runner [-] Task d031993b-68fa-44ec-848c-7394cc4a6eb9 | ITER: 5 END: OK
2019-08-04 19:35:24.623 142 INFO rally.task.runner [-] Task d031993b-68fa-44ec-848c-7394cc4a6eb9 | ITER: 10 START
2019-08-04 19:35:24.625 141 INFO rally.task.runner [-] Task d031993b-68fa-44ec-848c-7394cc4a6eb9 | ITER: 6 END: OK
2019-08-04 19:35:24.626 144 INFO rally.task.runner [-] Task d031993b-68fa-44ec-848c-7394cc4a6eb9 | ITER: 7 END: OK
2019-08-04 19:35:25.197 140 INFO rally.task.runner [-] Task d031993b-68fa-44ec-848c-7394cc4a6eb9 | ITER: 9 END: OK
2019-08-04 19:35:25.221 142 INFO rally.task.runner [-] Task d031993b-68fa-44ec-848c-7394cc4a6eb9 | ITER: 10 END: OK
2019-08-04 19:35:25.245 16 INFO rally.task.context [-] Task d031993b-68fa-44ec-848c-7394cc4a6eb9 | Context users@openstack cleanup() started
2019-08-04 19:35:33.576 16 INFO rally.task.context [-] Task d031993b-68fa-44ec-848c-7394cc4a6eb9 | Context users@openstack cleanup() finished in 8.33 sec
2019-08-04 19:35:34.783 16 INFO rally.task.engine [-] Load duration is: 1.805218
2019-08-04 19:35:34.784 16 INFO rally.task.engine [-] Full runner duration is: 1.848102
2019-08-04 19:35:34.784 16 INFO rally.task.engine [-] Full duration is: 14.870856
2019-08-04 19:35:35.023 16 INFO rally.task.engine [-] Running workload: position = 0 config = { "version": 2, "title": "A cropped version of a bigger task.", "description": "Auto-generated task from a single workload (uuid=63051934-2bf2-48cf-9dae-0f6a70c96d5f)", "subtasks": [ { "title": "Authenticate.validate_cinder", "description": "Check Cinder Client to ensure validation of token.", "scenario": { "Authenticate.validate_cinder": { "repetitions": 2 } }, "contexts": { "users": { "tenants": 3, "users_per_tenant": 2 } }, "runner": { "constant": { "concurrency": 4, "times": 10 } }, "hooks": [], "sla": { "failure_rate": { "max": 0 } } } ] }
2019-08-04 19:35:35.035 16 RALLYDEBUG rally_openstack.contexts.keystone.users [-] Creating 3 tenants using 20 threads
2019-08-04 19:35:36.977 16 RALLYDEBUG rally_openstack.contexts.keystone.users [-] Creating 6 users using 20 threads
2019-08-04 19:35:39.818 16 INFO rally.task.context [-] Task d031993b-68fa-44ec-848c-7394cc4a6eb9 | Context users@openstack setup() finished in 4.78 sec
2019-08-04 19:35:39.826 16 RALLYDEBUG rally.task.runner [-] Starting the constant runner (task UUID: d031993b-68fa-44ec-848c-7394cc4a6eb9). timeout: 0 concurrency: 4 concurrency_per_worker: 1 times: 10 concurrency_overhead: 0 processes_to_start: 4 max_cpu_used: 16
2019-08-04 19:35:39.834 244 RALLYDEBUG rally.task.runner [-] Starting a worker. concurrency: 1 args: {"repetitions": 2} times: 10 method_name: run timeout: 0 duration: None cls:
2019-08-04 19:35:39.838 244 INFO rally.task.runner [-] Task d031993b-68fa-44ec-848c-7394cc4a6eb9 | ITER: 1 START
2019-08-04 19:35:39.840 247 RALLYDEBUG rally.task.runner [-] Starting a worker. concurrency: 1 args: {"repetitions": 2} times: 10 method_name: run timeout: 0 duration: None cls:
2019-08-04 19:35:39.840 245 RALLYDEBUG rally.task.runner [-] Starting a worker. concurrency: 1 args: {"repetitions": 2} times: 10 method_name: run timeout: 0 duration: None cls:
2019-08-04 19:35:39.842 247 INFO rally.task.runner [-] Task d031993b-68fa-44ec-848c-7394cc4a6eb9 | ITER: 2 START
2019-08-04 19:35:39.843 249 RALLYDEBUG rally.task.runner [-] Starting a worker. concurrency: 1 args: {"repetitions": 2} times: 10 method_name: run timeout: 0 duration: None cls:
2019-08-04 19:35:39.846 245 INFO rally.task.runner [-] Task d031993b-68fa-44ec-848c-7394cc4a6eb9 | ITER: 3 START
2019-08-04 19:35:39.847 249 INFO rally.task.runner [-] Task d031993b-68fa-44ec-848c-7394cc4a6eb9 | ITER: 4 START
2019-08-04 19:35:41.729 247 INFO rally.task.runner [-] Task d031993b-68fa-44ec-848c-7394cc4a6eb9 | ITER: 2 END: OK
2019-08-04 19:35:41.732 247 INFO rally.task.runner [-] Task d031993b-68fa-44ec-848c-7394cc4a6eb9 | ITER: 5 START
2019-08-04 19:35:41.736 244 INFO rally.task.runner [-] Task d031993b-68fa-44ec-848c-7394cc4a6eb9 | ITER: 1 END: OK
2019-08-04 19:35:41.740 244 INFO rally.task.runner [-] Task d031993b-68fa-44ec-848c-7394cc4a6eb9 | ITER: 6 START
2019-08-04 19:35:41.782 249 INFO rally.task.runner [-] Task d031993b-68fa-44ec-848c-7394cc4a6eb9 | ITER: 4 END: OK
2019-08-04 19:35:41.786 249 INFO rally.task.runner [-] Task d031993b-68fa-44ec-848c-7394cc4a6eb9 | ITER: 7 START
2019-08-04 19:35:41.877 245 INFO rally.task.runner [-] Task d031993b-68fa-44ec-848c-7394cc4a6eb9 | ITER: 3 END: OK
2019-08-04 19:35:41.881 245 INFO rally.task.runner [-] Task d031993b-68fa-44ec-848c-7394cc4a6eb9 | ITER: 8 START
2019-08-04 19:35:43.314 245 INFO rally.task.runner [-] Task d031993b-68fa-44ec-848c-7394cc4a6eb9 | ITER: 8 END: OK
2019-08-04 19:35:43.318 245 INFO rally.task.runner [-] Task d031993b-68fa-44ec-848c-7394cc4a6eb9 | ITER: 9 START
2019-08-04 19:35:43.582 244 INFO rally.task.runner [-] Task d031993b-68fa-44ec-848c-7394cc4a6eb9 | ITER: 6 END: OK
2019-08-04 19:35:43.586 244 INFO rally.task.runner [-] Task d031993b-68fa-44ec-848c-7394cc4a6eb9 | ITER: 10 START
2019-08-04 19:35:43.601 247 INFO rally.task.runner [-] Task d031993b-68fa-44ec-848c-7394cc4a6eb9 | ITER: 5 END: OK
2019-08-04 19:35:43.849 249 INFO rally.task.runner [-] Task d031993b-68fa-44ec-848c-7394cc4a6eb9 | ITER: 7 END: OK
2019-08-04 19:35:44.654 244 INFO rally.task.runner [-] Task d031993b-68fa-44ec-848c-7394cc4a6eb9 | ITER: 10 END: OK
2019-08-04 19:35:44.786 245 INFO rally.task.runner [-] Task d031993b-68fa-44ec-848c-7394cc4a6eb9 | ITER: 9 END: OK
2019-08-04 19:35:44.811 16 INFO rally.task.context [-] Task d031993b-68fa-44ec-848c-7394cc4a6eb9 | Context users@openstack cleanup() started
2019-08-04 19:35:53.013 16 INFO rally.task.context [-] Task d031993b-68fa-44ec-848c-7394cc4a6eb9 | Context users@openstack cleanup() finished in 8.20 sec
2019-08-04 19:35:53.118 16 INFO rally.task.engine [-] Load duration is: 4.946426
2019-08-04 19:35:53.118 16 INFO rally.task.engine [-] Full runner duration is: 4.98512
2019-08-04 19:35:53.119 16 INFO rally.task.engine [-] Full duration is: 17.981456
2019-08-04 19:35:53.383 16 INFO rally.task.engine [-] Running workload: position = 0 config = { "version": 2, "title": "A cropped version of a bigger task.", "description": "Auto-generated task from a single workload (uuid=53e9ac00-7bdb-462a-9635-920163ff8bc5)", "subtasks": [ { "title": "Authenticate.validate_glance", "description": "Check Glance Client to ensure validation of token.", "scenario": { "Authenticate.validate_glance": { "repetitions": 2 } }, "contexts": { "users": { "tenants": 3, "users_per_tenant": 2 } }, "runner": { "constant": { "concurrency": 4, "times": 10 } }, "hooks": [], "sla": { "failure_rate": { "max": 0 } } } ] }
2019-08-04 19:35:53.406 16 RALLYDEBUG rally_openstack.contexts.keystone.users [-] Creating 3 tenants using 20 threads
2019-08-04 19:35:55.289 16 RALLYDEBUG rally_openstack.contexts.keystone.users [-] Creating 6 users using 20 threads
2019-08-04 19:35:58.281 16 INFO rally.task.context [-] Task d031993b-68fa-44ec-848c-7394cc4a6eb9 | Context users@openstack setup() finished in 4.88 sec
2019-08-04 19:35:58.288 16 RALLYDEBUG rally.task.runner [-] Starting the constant runner (task UUID: d031993b-68fa-44ec-848c-7394cc4a6eb9). timeout: 0 concurrency: 4 concurrency_per_worker: 1 times: 10 concurrency_overhead: 0 processes_to_start: 4 max_cpu_used: 16
2019-08-04 19:35:58.298 348 RALLYDEBUG rally.task.runner [-] Starting a worker. concurrency: 1 args: {"repetitions": 2} times: 10 method_name: run timeout: 0 duration: None cls:
2019-08-04 19:35:58.302 348 INFO rally.task.runner [-] Task d031993b-68fa-44ec-848c-7394cc4a6eb9 | ITER: 1 START
2019-08-04 19:35:58.303 349 RALLYDEBUG rally.task.runner [-] Starting a worker. concurrency: 1 args: {"repetitions": 2} times: 10 method_name: run timeout: 0 duration: None cls:
2019-08-04 19:35:58.305 350 RALLYDEBUG rally.task.runner [-] Starting a worker. concurrency: 1 args: {"repetitions": 2} times: 10 method_name: run timeout: 0 duration: None cls:
2019-08-04 19:35:58.308 353 RALLYDEBUG rally.task.runner [-] Starting a worker. concurrency: 1 args: {"repetitions": 2} times: 10 method_name: run timeout: 0 duration: None cls:
2019-08-04 19:35:58.309 349 INFO rally.task.runner [-] Task d031993b-68fa-44ec-848c-7394cc4a6eb9 | ITER: 2 START
2019-08-04 19:35:58.310 350 INFO rally.task.runner [-] Task d031993b-68fa-44ec-848c-7394cc4a6eb9 | ITER: 3 START
2019-08-04 19:35:58.311 353 INFO rally.task.runner [-] Task d031993b-68fa-44ec-848c-7394cc4a6eb9 | ITER: 4 START
2019-08-04 19:35:59.390 353 INFO rally.task.runner [-] Task d031993b-68fa-44ec-848c-7394cc4a6eb9 | ITER: 4 END: OK
2019-08-04 19:35:59.394 353 INFO rally.task.runner [-] Task d031993b-68fa-44ec-848c-7394cc4a6eb9 | ITER: 5 START
2019-08-04 19:35:59.400 350 INFO rally.task.runner [-] Task d031993b-68fa-44ec-848c-7394cc4a6eb9 | ITER: 3 END: OK
2019-08-04 19:35:59.403 349 INFO rally.task.runner [-] Task d031993b-68fa-44ec-848c-7394cc4a6eb9 | ITER: 2 END: OK
2019-08-04 19:35:59.404 350 INFO rally.task.runner [-] Task d031993b-68fa-44ec-848c-7394cc4a6eb9 | ITER: 6 START
2019-08-04 19:35:59.408 349 INFO rally.task.runner [-] Task d031993b-68fa-44ec-848c-7394cc4a6eb9 | ITER: 7 START
2019-08-04 19:35:59.455 348 INFO rally.task.runner [-] Task d031993b-68fa-44ec-848c-7394cc4a6eb9 | ITER: 1 END: OK
2019-08-04 19:35:59.459 348 INFO rally.task.runner [-] Task d031993b-68fa-44ec-848c-7394cc4a6eb9 | ITER: 8 START
2019-08-04 19:36:00.706 349 INFO rally.task.runner [-] Task d031993b-68fa-44ec-848c-7394cc4a6eb9 | ITER: 7 END: OK
2019-08-04 19:36:00.710 349 INFO rally.task.runner [-] Task d031993b-68fa-44ec-848c-7394cc4a6eb9 | ITER: 9 START
2019-08-04 19:36:00.743 353 INFO rally.task.runner [-] Task d031993b-68fa-44ec-848c-7394cc4a6eb9 | ITER: 5 END: OK
2019-08-04 19:36:00.746 353 INFO rally.task.runner [-] Task d031993b-68fa-44ec-848c-7394cc4a6eb9 | ITER: 10 START
2019-08-04 19:36:00.775 350 INFO rally.task.runner [-] Task d031993b-68fa-44ec-848c-7394cc4a6eb9 | ITER: 6 END: OK
2019-08-04 19:36:00.948 348 INFO rally.task.runner [-] Task d031993b-68fa-44ec-848c-7394cc4a6eb9 | ITER: 8 END: OK
2019-08-04 19:36:01.994 349 INFO rally.task.runner [-] Task d031993b-68fa-44ec-848c-7394cc4a6eb9 | ITER: 9 END: OK
2019-08-04 19:36:01.996 353 INFO rally.task.runner [-] Task d031993b-68fa-44ec-848c-7394cc4a6eb9 | ITER: 10 END: OK
2019-08-04 19:36:02.018 16 INFO rally.task.context [-] Task d031993b-68fa-44ec-848c-7394cc4a6eb9 | Context users@openstack cleanup() started
2019-08-04 19:36:10.289 16 INFO rally.task.context [-] Task d031993b-68fa-44ec-848c-7394cc4a6eb9 | Context users@openstack cleanup() finished in 8.27 sec
2019-08-04 19:36:11.491 16 INFO rally.task.engine [-] Load duration is: 3.692088
2019-08-04 19:36:11.492 16 INFO rally.task.engine [-] Full runner duration is: 3.729589
2019-08-04 19:36:11.492 16 INFO rally.task.engine [-] Full duration is: 16.885055
2019-08-04 19:36:11.713 16 INFO rally.task.engine [-] Running workload: position = 0 config = { "version": 2, "title": "A cropped version of a bigger task.", "description": "Auto-generated task from a single workload (uuid=28800b06-9e12-4434-9c9b-e31460e0dd46)", "subtasks": [ { "title": "Authenticate.validate_heat", "description": "Check Heat Client to ensure validation of token.", "scenario": { "Authenticate.validate_heat": { "repetitions": 2 } }, "contexts": { "users": { "tenants": 3, "users_per_tenant": 2 } }, "runner": { "constant": { "concurrency": 4, "times": 10 } }, "hooks": [], "sla": { "failure_rate": { "max": 0 } } } ] }
2019-08-04 19:36:11.732 16 RALLYDEBUG rally_openstack.contexts.keystone.users [-] Creating 3 tenants using 20 threads
2019-08-04 19:36:13.799 16 RALLYDEBUG rally_openstack.contexts.keystone.users [-] Creating 6 users using 20 threads
2019-08-04 19:36:16.621 16 INFO rally.task.context [-] Task d031993b-68fa-44ec-848c-7394cc4a6eb9 | Context users@openstack setup() finished in 4.89 sec
2019-08-04 19:36:16.629 16 RALLYDEBUG rally.task.runner [-] Starting the constant runner (task UUID: d031993b-68fa-44ec-848c-7394cc4a6eb9). timeout: 0 concurrency: 4 concurrency_per_worker: 1 times: 10 concurrency_overhead: 0 processes_to_start: 4 max_cpu_used: 16
2019-08-04 19:36:16.639 452 RALLYDEBUG rally.task.runner [-] Starting a worker. concurrency: 1 args: {"repetitions": 2} times: 10 method_name: run timeout: 0 duration: None cls:
2019-08-04 19:36:16.641 453 RALLYDEBUG rally.task.runner [-] Starting a worker. concurrency: 1 args: {"repetitions": 2} times: 10 method_name: run timeout: 0 duration: None cls:
2019-08-04 19:36:16.643 454 RALLYDEBUG rally.task.runner [-] Starting a worker. concurrency: 1 args: {"repetitions": 2} times: 10 method_name: run timeout: 0 duration: None cls:
2019-08-04 19:36:16.644 455 RALLYDEBUG rally.task.runner [-] Starting a worker. concurrency: 1 args: {"repetitions": 2} times: 10 method_name: run timeout: 0 duration: None cls:
2019-08-04 19:36:16.644 452 INFO rally.task.runner [-] Task d031993b-68fa-44ec-848c-7394cc4a6eb9 | ITER: 1 START
2019-08-04 19:36:16.646 453 INFO rally.task.runner [-] Task d031993b-68fa-44ec-848c-7394cc4a6eb9 | ITER: 2 START
2019-08-04 19:36:16.646 454 INFO rally.task.runner [-] Task d031993b-68fa-44ec-848c-7394cc4a6eb9 | ITER: 3 START
2019-08-04 19:36:16.647 455 INFO rally.task.runner [-] Task d031993b-68fa-44ec-848c-7394cc4a6eb9 | ITER: 4 START
2019-08-04 19:36:18.547 452 INFO rally.task.runner [-] Task d031993b-68fa-44ec-848c-7394cc4a6eb9 | ITER: 1 END: OK
2019-08-04 19:36:18.551 452 INFO rally.task.runner [-] Task d031993b-68fa-44ec-848c-7394cc4a6eb9 | ITER: 5 START
2019-08-04 19:36:18.603 455 INFO rally.task.runner [-] Task d031993b-68fa-44ec-848c-7394cc4a6eb9 | ITER: 4 END: OK
2019-08-04 19:36:18.606 455 INFO rally.task.runner [-] Task d031993b-68fa-44ec-848c-7394cc4a6eb9 | ITER: 6 START
2019-08-04 19:36:18.607 454 INFO rally.task.runner [-] Task d031993b-68fa-44ec-848c-7394cc4a6eb9 | ITER: 3 END: OK
2019-08-04 19:36:18.613 454 INFO rally.task.runner [-] Task d031993b-68fa-44ec-848c-7394cc4a6eb9 | ITER: 7 START
2019-08-04 19:36:18.625 453 INFO rally.task.runner [-] Task d031993b-68fa-44ec-848c-7394cc4a6eb9 | ITER: 2 END: OK
2019-08-04 19:36:18.629 453 INFO rally.task.runner [-] Task d031993b-68fa-44ec-848c-7394cc4a6eb9 | ITER: 8 START
2019-08-04 19:36:20.061 454 INFO rally.task.runner [-] Task d031993b-68fa-44ec-848c-7394cc4a6eb9 | ITER: 7 END: OK
2019-08-04 19:36:20.066 454 INFO rally.task.runner [-] Task d031993b-68fa-44ec-848c-7394cc4a6eb9 | ITER: 9 START
2019-08-04 19:36:20.465 455 INFO rally.task.runner [-] Task d031993b-68fa-44ec-848c-7394cc4a6eb9 | ITER: 6 END: OK
2019-08-04 19:36:20.469 455 INFO rally.task.runner [-] Task d031993b-68fa-44ec-848c-7394cc4a6eb9 | ITER: 10 START
2019-08-04 19:36:20.500 453 INFO rally.task.runner [-] Task d031993b-68fa-44ec-848c-7394cc4a6eb9 | ITER: 8 END: OK
2019-08-04 19:36:20.526 452 INFO rally.task.runner [-] Task d031993b-68fa-44ec-848c-7394cc4a6eb9 | ITER: 5 END: OK
2019-08-04 19:36:21.636 454 INFO rally.task.runner [-] Task d031993b-68fa-44ec-848c-7394cc4a6eb9 | ITER: 9 END: OK
2019-08-04 19:36:22.367 455 INFO rally.task.runner [-] Task d031993b-68fa-44ec-848c-7394cc4a6eb9 | ITER: 10 END: OK
2019-08-04 19:36:22.388 16 INFO rally.task.context [-] Task d031993b-68fa-44ec-848c-7394cc4a6eb9 | Context users@openstack cleanup() started
2019-08-04 19:36:30.349 16 INFO rally.task.context [-] Task d031993b-68fa-44ec-848c-7394cc4a6eb9 | Context users@openstack cleanup() finished in 7.96 sec
2019-08-04 19:36:31.805 16 INFO rally.task.engine [-] Load duration is: 5.721045
2019-08-04 19:36:31.805 16 INFO rally.task.engine [-] Full runner duration is: 5.759534
2019-08-04 19:36:31.806 16 INFO rally.task.engine [-] Full duration is: 18.618873
2019-08-04 19:36:32.060 16 INFO rally.task.engine [-] Running workload: position = 0 config = { "version": 2, "title": "A cropped version of a bigger task.", "description": "Auto-generated task from a single workload (uuid=7d213e62-8f82-4c68-b7ab-5d78b0842ea0)", "subtasks": [ { "title": "Authenticate.validate_neutron", "description": "Check Neutron Client to ensure validation of token.", "scenario": { "Authenticate.validate_neutron": { "repetitions": 2 } }, "contexts": { "users": { "tenants": 3, "users_per_tenant": 2 } }, "runner": { "constant": { "concurrency": 4, "times": 10 } }, "hooks": [], "sla": { "failure_rate": { "max": 0 } } } ] }
2019-08-04 19:36:32.076 16 RALLYDEBUG rally_openstack.contexts.keystone.users [-] Creating 3 tenants using 20 threads
2019-08-04 19:36:33.972 16 RALLYDEBUG rally_openstack.contexts.keystone.users [-] Creating 6 users using 20 threads
2019-08-04 19:36:36.799 16 INFO rally.task.context [-] Task d031993b-68fa-44ec-848c-7394cc4a6eb9 | Context users@openstack setup() finished in 4.72 sec
2019-08-04 19:36:36.806 16 RALLYDEBUG rally.task.runner [-] Starting the constant runner (task UUID: d031993b-68fa-44ec-848c-7394cc4a6eb9). timeout: 0 concurrency: 4 concurrency_per_worker: 1 times: 10 concurrency_overhead: 0 processes_to_start: 4 max_cpu_used: 16
2019-08-04 19:36:36.817 557 RALLYDEBUG rally.task.runner [-] Starting a worker. concurrency: 1 args: {"repetitions": 2} times: 10 method_name: run timeout: 0 duration: None cls:
2019-08-04 19:36:36.817 556 RALLYDEBUG rally.task.runner [-] Starting a worker. concurrency: 1 args: {"repetitions": 2} times: 10 method_name: run timeout: 0 duration: None cls:
2019-08-04 19:36:36.821 557 INFO rally.task.runner [-] Task d031993b-68fa-44ec-848c-7394cc4a6eb9 | ITER: 1 START
2019-08-04 19:36:36.822 556 INFO rally.task.runner [-] Task d031993b-68fa-44ec-848c-7394cc4a6eb9 | ITER: 2 START
2019-08-04 19:36:36.822 558 RALLYDEBUG rally.task.runner [-] Starting a worker. concurrency: 1 args: {"repetitions": 2} times: 10 method_name: run timeout: 0 duration: None cls:
2019-08-04 19:36:36.824 559 RALLYDEBUG rally.task.runner [-] Starting a worker. concurrency: 1 args: {"repetitions": 2} times: 10 method_name: run timeout: 0 duration: None cls:
2019-08-04 19:36:36.828 558 INFO rally.task.runner [-] Task d031993b-68fa-44ec-848c-7394cc4a6eb9 | ITER: 3 START
2019-08-04 19:36:36.829 559 INFO rally.task.runner [-] Task d031993b-68fa-44ec-848c-7394cc4a6eb9 | ITER: 4 START
2019-08-04 19:36:37.748 559 INFO rally.task.runner [-] Task d031993b-68fa-44ec-848c-7394cc4a6eb9 | ITER: 4 END: OK
2019-08-04 19:36:37.752 559 INFO rally.task.runner [-] Task d031993b-68fa-44ec-848c-7394cc4a6eb9 | ITER: 5 START
2019-08-04 19:36:38.027 556 INFO rally.task.runner [-] Task d031993b-68fa-44ec-848c-7394cc4a6eb9 | ITER: 2 END: OK
2019-08-04 19:36:38.031 556 INFO rally.task.runner [-] Task d031993b-68fa-44ec-848c-7394cc4a6eb9 | ITER: 6 START
2019-08-04 19:36:38.057 558 INFO rally.task.runner [-] Task d031993b-68fa-44ec-848c-7394cc4a6eb9 | ITER: 3 END: OK
2019-08-04 19:36:38.061 558 INFO rally.task.runner [-] Task d031993b-68fa-44ec-848c-7394cc4a6eb9 | ITER: 7 START
2019-08-04 19:36:38.651 557 INFO rally.task.runner [-] Task d031993b-68fa-44ec-848c-7394cc4a6eb9 | ITER: 1 END: OK
2019-08-04 19:36:38.655 557 INFO rally.task.runner [-] Task d031993b-68fa-44ec-848c-7394cc4a6eb9 | ITER: 8 START
2019-08-04 19:36:38.677 559 INFO rally.task.runner [-] Task d031993b-68fa-44ec-848c-7394cc4a6eb9 | ITER: 5 END: OK
2019-08-04 19:36:38.680 559 INFO rally.task.runner [-] Task d031993b-68fa-44ec-848c-7394cc4a6eb9 | ITER: 9 START
2019-08-04 19:36:38.995 556 INFO rally.task.runner [-] Task d031993b-68fa-44ec-848c-7394cc4a6eb9 | ITER: 6 END: OK
2019-08-04 19:36:38.999 556 INFO rally.task.runner [-] Task d031993b-68fa-44ec-848c-7394cc4a6eb9 | ITER: 10 START
2019-08-04 19:36:39.153 558 INFO rally.task.runner [-] Task d031993b-68fa-44ec-848c-7394cc4a6eb9 | ITER: 7 END: OK
2019-08-04 19:36:39.840 557 INFO rally.task.runner [-] Task d031993b-68fa-44ec-848c-7394cc4a6eb9 | ITER: 8 END: OK
2019-08-04 19:36:39.879 559 INFO rally.task.runner [-] Task d031993b-68fa-44ec-848c-7394cc4a6eb9 | ITER: 9 END: OK
2019-08-04 19:36:39.908 556 INFO rally.task.runner [-] Task d031993b-68fa-44ec-848c-7394cc4a6eb9 | ITER: 10 END: OK
2019-08-04 19:36:39.933 16 INFO rally.task.context [-] Task d031993b-68fa-44ec-848c-7394cc4a6eb9 | Context users@openstack cleanup() started
2019-08-04 19:36:47.942 16 INFO rally.task.context [-] Task d031993b-68fa-44ec-848c-7394cc4a6eb9 | Context users@openstack cleanup() finished in 8.01 sec
2019-08-04 19:36:48.142 16 INFO rally.task.engine [-] Load duration is: 3.086675
2019-08-04 19:36:48.142 16 INFO rally.task.engine [-] Full runner duration is: 3.127657
2019-08-04 19:36:48.143 16 INFO rally.task.engine [-] Full duration is: 15.866794
2019-08-04 19:36:48.408 16 INFO rally.task.engine [-] Running workload: position = 0 config = { "version": 2, "title": "A cropped version of a bigger task.", "description": "Auto-generated task from a single workload (uuid=e41d0404-7190-4fda-9ed4-63022970f020)", "subtasks": [ { "title": "Authenticate.validate_nova", "description": "Check Nova Client to ensure validation of token.", "scenario": { "Authenticate.validate_nova": { "repetitions": 2 } }, "contexts": { "users": { "tenants": 3, "users_per_tenant": 2 } }, "runner": { "constant": { "concurrency": 4, "times": 10 } }, "hooks": [], "sla": { "failure_rate": { "max": 0 } } } ] }
2019-08-04 19:36:48.430 16 RALLYDEBUG rally_openstack.contexts.keystone.users [-] Creating 3 tenants using 20 threads
2019-08-04 19:36:50.206 16 RALLYDEBUG rally_openstack.contexts.keystone.users [-] Creating 6 users using 20 threads
2019-08-04 19:36:52.961 16 INFO rally.task.context [-] Task d031993b-68fa-44ec-848c-7394cc4a6eb9 | Context users@openstack setup() finished in 4.53 sec
2019-08-04 19:36:52.968 16 RALLYDEBUG rally.task.runner [-] Starting the constant runner (task UUID: d031993b-68fa-44ec-848c-7394cc4a6eb9). timeout: 0 concurrency: 4 concurrency_per_worker: 1 times: 10 concurrency_overhead: 0 processes_to_start: 4 max_cpu_used: 16
2019-08-04 19:36:52.977 660 RALLYDEBUG rally.task.runner [-] Starting a worker. concurrency: 1 args: {"repetitions": 2} times: 10 method_name: run timeout: 0 duration: None cls:
2019-08-04 19:36:52.980 662 RALLYDEBUG rally.task.runner [-] Starting a worker. concurrency: 1 args: {"repetitions": 2} times: 10 method_name: run timeout: 0 duration: None cls:
2019-08-04 19:36:52.981 661 RALLYDEBUG rally.task.runner [-] Starting a worker. concurrency: 1 args: {"repetitions": 2} times: 10 method_name: run timeout: 0 duration: None cls:
2019-08-04 19:36:52.982 660 INFO rally.task.runner [-] Task d031993b-68fa-44ec-848c-7394cc4a6eb9 | ITER: 1 START
2019-08-04 19:36:52.983 662 INFO rally.task.runner [-] Task d031993b-68fa-44ec-848c-7394cc4a6eb9 | ITER: 2 START
2019-08-04 19:36:52.985 663 RALLYDEBUG rally.task.runner [-] Starting a worker. concurrency: 1 args: {"repetitions": 2} times: 10 method_name: run timeout: 0 duration: None cls:
2019-08-04 19:36:52.986 661 INFO rally.task.runner [-] Task d031993b-68fa-44ec-848c-7394cc4a6eb9 | ITER: 3 START
2019-08-04 19:36:52.992 663 INFO rally.task.runner [-] Task d031993b-68fa-44ec-848c-7394cc4a6eb9 | ITER: 4 START
2019-08-04 19:36:53.454 660 DEBUG novaclient.v2.client [-] REQ: curl -g -i -X GET http://172.30.9.22:8774/v2.1/flavors/detail -H "Accept: application/json" -H "User-Agent: python-novaclient" -H "X-Auth-Token: {SHA1}0fbf147f9fe595a977b35d5e966364660b12bc52" _http_log_request /usr/lib/python2.7/site-packages/keystoneauth1/session.py:448
2019-08-04 19:36:53.457 663 DEBUG novaclient.v2.client [-] REQ: curl -g -i -X GET http://172.30.9.22:8774/v2.1/flavors/detail -H "Accept: application/json" -H "User-Agent: python-novaclient" -H "X-Auth-Token: {SHA1}fabae1ec94e837dea6d4ea6576aa0f91ff0a0329" _http_log_request /usr/lib/python2.7/site-packages/keystoneauth1/session.py:448
2019-08-04 19:36:53.463 662 DEBUG novaclient.v2.client [-] REQ: curl -g -i -X GET http://172.30.9.22:8774/v2.1/flavors/detail -H "Accept: application/json" -H "User-Agent: python-novaclient" -H "X-Auth-Token: {SHA1}cd5b5cbe77950a766d1f5b987a48b9a7b208d43d" _http_log_request /usr/lib/python2.7/site-packages/keystoneauth1/session.py:448
2019-08-04 19:36:53.476 661 DEBUG novaclient.v2.client [-] REQ: curl -g -i -X GET http://172.30.9.22:8774/v2.1/flavors/detail -H "Accept: application/json" -H "User-Agent: python-novaclient" -H "X-Auth-Token: {SHA1}6832b39df8082c8e3ed78fcb7531a2deb9b4772e" _http_log_request /usr/lib/python2.7/site-packages/keystoneauth1/session.py:448
2019-08-04 19:36:53.736 663 DEBUG novaclient.v2.client [-] RESP: [200] Content-Encoding: gzip Content-Length: 366 Content-Type: application/json Date: Sun, 04 Aug 2019 19:36:53 GMT OpenStack-API-Version: compute 2.1 Server: Apache Vary: OpenStack-API-Version,X-OpenStack-Nova-API-Version,Accept-Encoding X-OpenStack-Nova-API-Version: 2.1 x-compute-request-id: req-d6297718-8dfc-4c8e-8eb9-4a83212758f2 x-openstack-request-id: req-d6297718-8dfc-4c8e-8eb9-4a83212758f2 _http_log_response /usr/lib/python2.7/site-packages/keystoneauth1/session.py:479
2019-08-04 19:36:53.737 663 DEBUG novaclient.v2.client [-] RESP BODY: {"flavors": [{"name": "rally_full-flavor_alt_5cf075fc-280f-4792-8828-5c56820c6042", "links": [{"href": "http://172.30.9.22:8774/v2.1/flavors/5c68327f-3356-4716-97d6-fd0a4cf8b0e3", "rel": "self"}, {"href": "http://172.30.9.22:8774/flavors/5c68327f-3356-4716-97d6-fd0a4cf8b0e3", "rel": "bookmark"}], "ram": 1024, "OS-FLV-DISABLED:disabled": false, "vcpus": 1, "swap": "", "os-flavor-access:is_public": true, "rxtx_factor": 1.0, "OS-FLV-EXT-DATA:ephemeral": 0, "disk": 1, "id": "5c68327f-3356-4716-97d6-fd0a4cf8b0e3"}, {"name": "rally_full-flavor_5cf075fc-280f-4792-8828-5c56820c6042", "links": [{"href": "http://172.30.9.22:8774/v2.1/flavors/b0797e50-2d9c-4460-bdcc-c7c2bf345372", "rel": "self"}, {"href": "http://172.30.9.22:8774/flavors/b0797e50-2d9c-4460-bdcc-c7c2bf345372", "rel": "bookmark"}], "ram": 512, "OS-FLV-DISABLED:disabled": false, "vcpus": 1, "swap": "", "os-flavor-access:is_public": true, "rxtx_factor": 1.0, "OS-FLV-EXT-DATA:ephemeral": 0, "disk": 1, "id": "b0797e50-2d9c-4460-bdcc-c7c2bf345372"}]} _http_log_response /usr/lib/python2.7/site-packages/keystoneauth1/session.py:511
2019-08-04 19:36:53.737 663 DEBUG novaclient.v2.client [-] GET call to compute for http://172.30.9.22:8774/v2.1/flavors/detail used request id req-d6297718-8dfc-4c8e-8eb9-4a83212758f2 request /usr/lib/python2.7/site-packages/keystoneauth1/session.py:844
2019-08-04 19:36:53.738 663 DEBUG novaclient.v2.client [-] REQ: curl -g -i -X GET http://172.30.9.22:8774/v2.1/flavors/detail -H "Accept: application/json" -H "User-Agent: python-novaclient" -H "X-Auth-Token: {SHA1}fabae1ec94e837dea6d4ea6576aa0f91ff0a0329" _http_log_request /usr/lib/python2.7/site-packages/keystoneauth1/session.py:448
2019-08-04 19:36:53.743 662 DEBUG novaclient.v2.client [-] RESP: [200] Content-Encoding: gzip Content-Length: 366 Content-Type: application/json Date: Sun, 04 Aug 2019 19:36:53 GMT OpenStack-API-Version: compute 2.1 Server: Apache Vary: OpenStack-API-Version,X-OpenStack-Nova-API-Version,Accept-Encoding X-OpenStack-Nova-API-Version: 2.1 x-compute-request-id: req-0d8c426f-c296-4921-b62f-85aa06fea2fe x-openstack-request-id: req-0d8c426f-c296-4921-b62f-85aa06fea2fe _http_log_response /usr/lib/python2.7/site-packages/keystoneauth1/session.py:479
2019-08-04 19:36:53.744 662 DEBUG novaclient.v2.client [-] RESP BODY: {"flavors": [{"name": "rally_full-flavor_alt_5cf075fc-280f-4792-8828-5c56820c6042", "links": [{"href": "http://172.30.9.22:8774/v2.1/flavors/5c68327f-3356-4716-97d6-fd0a4cf8b0e3", "rel": "self"}, {"href": "http://172.30.9.22:8774/flavors/5c68327f-3356-4716-97d6-fd0a4cf8b0e3", "rel": "bookmark"}], "ram": 1024, "OS-FLV-DISABLED:disabled": false, "vcpus": 1, "swap": "", "os-flavor-access:is_public": true, "rxtx_factor": 1.0, "OS-FLV-EXT-DATA:ephemeral": 0, "disk": 1, "id": "5c68327f-3356-4716-97d6-fd0a4cf8b0e3"}, {"name": "rally_full-flavor_5cf075fc-280f-4792-8828-5c56820c6042", "links": [{"href": "http://172.30.9.22:8774/v2.1/flavors/b0797e50-2d9c-4460-bdcc-c7c2bf345372", "rel": "self"}, {"href": "http://172.30.9.22:8774/flavors/b0797e50-2d9c-4460-bdcc-c7c2bf345372", "rel": "bookmark"}], "ram": 512, "OS-FLV-DISABLED:disabled": false, "vcpus": 1, "swap": "", "os-flavor-access:is_public": true, "rxtx_factor": 1.0, "OS-FLV-EXT-DATA:ephemeral": 0, "disk": 1, "id": "b0797e50-2d9c-4460-bdcc-c7c2bf345372"}]} _http_log_response /usr/lib/python2.7/site-packages/keystoneauth1/session.py:511
2019-08-04 19:36:53.744 662 DEBUG novaclient.v2.client [-] GET call to compute for http://172.30.9.22:8774/v2.1/flavors/detail used request id req-0d8c426f-c296-4921-b62f-85aa06fea2fe request /usr/lib/python2.7/site-packages/keystoneauth1/session.py:844
2019-08-04 19:36:53.744 660 DEBUG novaclient.v2.client [-] RESP: [200] Content-Encoding: gzip Content-Length: 366 Content-Type: application/json Date: Sun, 04 Aug 2019 19:36:53 GMT OpenStack-API-Version: compute 2.1 Server: Apache Vary: OpenStack-API-Version,X-OpenStack-Nova-API-Version,Accept-Encoding X-OpenStack-Nova-API-Version: 2.1 x-compute-request-id: req-e50b217a-9b77-465d-b455-8cd63263a1b5 x-openstack-request-id: req-e50b217a-9b77-465d-b455-8cd63263a1b5 _http_log_response /usr/lib/python2.7/site-packages/keystoneauth1/session.py:479
2019-08-04 19:36:53.745 660 DEBUG novaclient.v2.client [-] RESP BODY: {"flavors": [{"name": "rally_full-flavor_alt_5cf075fc-280f-4792-8828-5c56820c6042", "links": [{"href": "http://172.30.9.22:8774/v2.1/flavors/5c68327f-3356-4716-97d6-fd0a4cf8b0e3", "rel": "self"}, {"href": "http://172.30.9.22:8774/flavors/5c68327f-3356-4716-97d6-fd0a4cf8b0e3", "rel": "bookmark"}], "ram": 1024, "OS-FLV-DISABLED:disabled": false, "vcpus": 1, "swap": "", "os-flavor-access:is_public": true, "rxtx_factor": 1.0, "OS-FLV-EXT-DATA:ephemeral": 0, "disk": 1, "id": "5c68327f-3356-4716-97d6-fd0a4cf8b0e3"}, {"name": "rally_full-flavor_5cf075fc-280f-4792-8828-5c56820c6042", "links": [{"href": "http://172.30.9.22:8774/v2.1/flavors/b0797e50-2d9c-4460-bdcc-c7c2bf345372", "rel": "self"}, {"href": "http://172.30.9.22:8774/flavors/b0797e50-2d9c-4460-bdcc-c7c2bf345372", "rel": "bookmark"}], "ram": 512, "OS-FLV-DISABLED:disabled": false, "vcpus": 1, "swap": "", "os-flavor-access:is_public": true, "rxtx_factor": 1.0, "OS-FLV-EXT-DATA:ephemeral": 0, "disk": 1, "id": "b0797e50-2d9c-4460-bdcc-c7c2bf345372"}]} _http_log_response /usr/lib/python2.7/site-packages/keystoneauth1/session.py:511
2019-08-04 19:36:53.745 660 DEBUG novaclient.v2.client [-] GET call to compute for http://172.30.9.22:8774/v2.1/flavors/detail used request id req-e50b217a-9b77-465d-b455-8cd63263a1b5 request /usr/lib/python2.7/site-packages/keystoneauth1/session.py:844
2019-08-04 19:36:53.746 662 DEBUG novaclient.v2.client [-] REQ: curl -g -i -X GET http://172.30.9.22:8774/v2.1/flavors/detail -H "Accept: application/json" -H "User-Agent: python-novaclient" -H "X-Auth-Token: {SHA1}cd5b5cbe77950a766d1f5b987a48b9a7b208d43d" _http_log_request /usr/lib/python2.7/site-packages/keystoneauth1/session.py:448
2019-08-04 19:36:53.747 660 DEBUG novaclient.v2.client [-] REQ: curl -g -i -X GET http://172.30.9.22:8774/v2.1/flavors/detail -H "Accept: application/json" -H "User-Agent: python-novaclient" -H "X-Auth-Token: {SHA1}0fbf147f9fe595a977b35d5e966364660b12bc52" _http_log_request /usr/lib/python2.7/site-packages/keystoneauth1/session.py:448
2019-08-04 19:36:53.758 663 DEBUG novaclient.v2.client [-] RESP: [200] Content-Encoding: gzip Content-Length: 366 Content-Type: application/json Date: Sun, 04 Aug 2019 19:36:53 GMT OpenStack-API-Version: compute 2.1 Server: Apache Vary: OpenStack-API-Version,X-OpenStack-Nova-API-Version,Accept-Encoding X-OpenStack-Nova-API-Version: 2.1 x-compute-request-id: req-6dc8547f-5621-484b-a7be-a16746107b09 x-openstack-request-id: req-6dc8547f-5621-484b-a7be-a16746107b09 _http_log_response /usr/lib/python2.7/site-packages/keystoneauth1/session.py:479
2019-08-04 19:36:53.758 663 DEBUG novaclient.v2.client [-] RESP BODY: {"flavors": [{"name": "rally_full-flavor_alt_5cf075fc-280f-4792-8828-5c56820c6042", "links": [{"href": "http://172.30.9.22:8774/v2.1/flavors/5c68327f-3356-4716-97d6-fd0a4cf8b0e3", "rel": "self"}, {"href": "http://172.30.9.22:8774/flavors/5c68327f-3356-4716-97d6-fd0a4cf8b0e3", "rel": "bookmark"}], "ram": 1024, "OS-FLV-DISABLED:disabled": false, "vcpus": 1, "swap": "", "os-flavor-access:is_public": true, "rxtx_factor": 1.0, "OS-FLV-EXT-DATA:ephemeral": 0, "disk": 1, "id": "5c68327f-3356-4716-97d6-fd0a4cf8b0e3"}, {"name": "rally_full-flavor_5cf075fc-280f-4792-8828-5c56820c6042", "links": [{"href": "http://172.30.9.22:8774/v2.1/flavors/b0797e50-2d9c-4460-bdcc-c7c2bf345372", "rel": "self"}, {"href": "http://172.30.9.22:8774/flavors/b0797e50-2d9c-4460-bdcc-c7c2bf345372", "rel": "bookmark"}], "ram": 512, "OS-FLV-DISABLED:disabled": false, "vcpus": 1, "swap": "", "os-flavor-access:is_public": true, "rxtx_factor": 1.0, "OS-FLV-EXT-DATA:ephemeral": 0, "disk": 1, "id": "b0797e50-2d9c-4460-bdcc-c7c2bf345372"}]} _http_log_response /usr/lib/python2.7/site-packages/keystoneauth1/session.py:511
2019-08-04 19:36:53.758 663 DEBUG novaclient.v2.client [-] GET call to compute for http://172.30.9.22:8774/v2.1/flavors/detail used request id req-6dc8547f-5621-484b-a7be-a16746107b09 request /usr/lib/python2.7/site-packages/keystoneauth1/session.py:844
2019-08-04 19:36:53.759 663 INFO rally.task.runner [-] Task d031993b-68fa-44ec-848c-7394cc4a6eb9 | ITER: 4 END: OK
2019-08-04 19:36:53.763 663 INFO rally.task.runner [-] Task d031993b-68fa-44ec-848c-7394cc4a6eb9 | ITER: 5 START
2019-08-04 19:36:53.765 662 DEBUG novaclient.v2.client [-] RESP: [200] Content-Encoding: gzip Content-Length: 366 Content-Type: application/json Date: Sun, 04 Aug 2019 19:36:53 GMT OpenStack-API-Version: compute 2.1 Server: Apache Vary: OpenStack-API-Version,X-OpenStack-Nova-API-Version,Accept-Encoding X-OpenStack-Nova-API-Version: 2.1 x-compute-request-id: req-d635a748-719e-40c6-b44d-6a510c02a0f6 x-openstack-request-id: req-d635a748-719e-40c6-b44d-6a510c02a0f6 _http_log_response /usr/lib/python2.7/site-packages/keystoneauth1/session.py:479
2019-08-04 19:36:53.765 662 DEBUG novaclient.v2.client [-] RESP BODY: {"flavors": [{"name": "rally_full-flavor_alt_5cf075fc-280f-4792-8828-5c56820c6042", "links": [{"href": "http://172.30.9.22:8774/v2.1/flavors/5c68327f-3356-4716-97d6-fd0a4cf8b0e3", "rel": "self"}, {"href": "http://172.30.9.22:8774/flavors/5c68327f-3356-4716-97d6-fd0a4cf8b0e3", "rel": "bookmark"}], "ram": 1024, "OS-FLV-DISABLED:disabled": false, "vcpus": 1, "swap": "", "os-flavor-access:is_public": true, "rxtx_factor": 1.0, "OS-FLV-EXT-DATA:ephemeral": 0, "disk": 1, "id": "5c68327f-3356-4716-97d6-fd0a4cf8b0e3"}, {"name": "rally_full-flavor_5cf075fc-280f-4792-8828-5c56820c6042", "links": [{"href": "http://172.30.9.22:8774/v2.1/flavors/b0797e50-2d9c-4460-bdcc-c7c2bf345372", "rel": "self"}, {"href": "http://172.30.9.22:8774/flavors/b0797e50-2d9c-4460-bdcc-c7c2bf345372", "rel": "bookmark"}], "ram": 512, "OS-FLV-DISABLED:disabled": false, "vcpus": 1, "swap": "", "os-flavor-access:is_public": true, "rxtx_factor": 1.0, "OS-FLV-EXT-DATA:ephemeral": 0, "disk": 1, "id": "b0797e50-2d9c-4460-bdcc-c7c2bf345372"}]} _http_log_response /usr/lib/python2.7/site-packages/keystoneauth1/session.py:511
2019-08-04 19:36:53.766 662 DEBUG novaclient.v2.client [-] GET call to compute for http://172.30.9.22:8774/v2.1/flavors/detail used request id req-d635a748-719e-40c6-b44d-6a510c02a0f6 request /usr/lib/python2.7/site-packages/keystoneauth1/session.py:844
2019-08-04 19:36:53.767 662 INFO rally.task.runner [-] Task d031993b-68fa-44ec-848c-7394cc4a6eb9 | ITER: 2 END: OK
2019-08-04 19:36:53.769 662 INFO rally.task.runner [-] Task d031993b-68fa-44ec-848c-7394cc4a6eb9 | ITER: 6 START
2019-08-04 19:36:53.772 660 DEBUG novaclient.v2.client [-] RESP: [200] Content-Encoding: gzip Content-Length: 366 Content-Type: application/json Date: Sun, 04 Aug 2019 19:36:53 GMT OpenStack-API-Version: compute 2.1 Server: Apache Vary: OpenStack-API-Version,X-OpenStack-Nova-API-Version,Accept-Encoding X-OpenStack-Nova-API-Version: 2.1 x-compute-request-id: req-e3e13ce2-2e5d-4def-9803-0a0a0166b341 x-openstack-request-id: req-e3e13ce2-2e5d-4def-9803-0a0a0166b341 _http_log_response /usr/lib/python2.7/site-packages/keystoneauth1/session.py:479
2019-08-04 19:36:53.773 660 DEBUG novaclient.v2.client [-] RESP BODY: {"flavors": [{"name": "rally_full-flavor_alt_5cf075fc-280f-4792-8828-5c56820c6042", "links": [{"href": "http://172.30.9.22:8774/v2.1/flavors/5c68327f-3356-4716-97d6-fd0a4cf8b0e3", "rel": "self"}, {"href": "http://172.30.9.22:8774/flavors/5c68327f-3356-4716-97d6-fd0a4cf8b0e3", "rel": "bookmark"}], "ram": 1024, "OS-FLV-DISABLED:disabled": false, "vcpus": 1, "swap": "", "os-flavor-access:is_public": true, "rxtx_factor": 1.0, "OS-FLV-EXT-DATA:ephemeral": 0, "disk": 1, "id": "5c68327f-3356-4716-97d6-fd0a4cf8b0e3"}, {"name": "rally_full-flavor_5cf075fc-280f-4792-8828-5c56820c6042", "links": [{"href": "http://172.30.9.22:8774/v2.1/flavors/b0797e50-2d9c-4460-bdcc-c7c2bf345372", "rel": "self"}, {"href": "http://172.30.9.22:8774/flavors/b0797e50-2d9c-4460-bdcc-c7c2bf345372", "rel": "bookmark"}], "ram": 512, "OS-FLV-DISABLED:disabled": false, "vcpus": 1, "swap": "", "os-flavor-access:is_public": true, "rxtx_factor": 1.0, "OS-FLV-EXT-DATA:ephemeral": 0, "disk": 1, "id": "b0797e50-2d9c-4460-bdcc-c7c2bf345372"}]} _http_log_response /usr/lib/python2.7/site-packages/keystoneauth1/session.py:511
2019-08-04 19:36:53.773 660 DEBUG novaclient.v2.client [-] GET call to compute for http://172.30.9.22:8774/v2.1/flavors/detail used request id req-e3e13ce2-2e5d-4def-9803-0a0a0166b341 request /usr/lib/python2.7/site-packages/keystoneauth1/session.py:844
2019-08-04 19:36:53.774 660 INFO rally.task.runner [-] Task d031993b-68fa-44ec-848c-7394cc4a6eb9 | ITER: 1 END: OK
2019-08-04 19:36:53.777 660 INFO rally.task.runner [-] Task d031993b-68fa-44ec-848c-7394cc4a6eb9 | ITER: 7 START
2019-08-04 19:36:53.910 661 DEBUG novaclient.v2.client [-] RESP: [200] Content-Encoding: gzip Content-Length: 366 Content-Type: application/json Date: Sun, 04 Aug 2019 19:36:53 GMT OpenStack-API-Version: compute 2.1 Server: Apache Vary: OpenStack-API-Version,X-OpenStack-Nova-API-Version,Accept-Encoding X-OpenStack-Nova-API-Version: 2.1 x-compute-request-id: req-f068a44f-a226-4b54-9e40-2c89868a37e3 x-openstack-request-id: req-f068a44f-a226-4b54-9e40-2c89868a37e3 _http_log_response /usr/lib/python2.7/site-packages/keystoneauth1/session.py:479
2019-08-04 19:36:53.911 661 DEBUG novaclient.v2.client [-] RESP BODY: {"flavors": [{"name": "rally_full-flavor_alt_5cf075fc-280f-4792-8828-5c56820c6042", "links": [{"href": "http://172.30.9.22:8774/v2.1/flavors/5c68327f-3356-4716-97d6-fd0a4cf8b0e3", "rel": "self"}, {"href": "http://172.30.9.22:8774/flavors/5c68327f-3356-4716-97d6-fd0a4cf8b0e3", "rel": "bookmark"}], "ram": 1024, "OS-FLV-DISABLED:disabled": false, "vcpus": 1, "swap": "", "os-flavor-access:is_public": true, "rxtx_factor": 1.0, "OS-FLV-EXT-DATA:ephemeral": 0, "disk": 1, "id": "5c68327f-3356-4716-97d6-fd0a4cf8b0e3"}, {"name": "rally_full-flavor_5cf075fc-280f-4792-8828-5c56820c6042", "links": [{"href": "http://172.30.9.22:8774/v2.1/flavors/b0797e50-2d9c-4460-bdcc-c7c2bf345372", "rel": "self"}, {"href": "http://172.30.9.22:8774/flavors/b0797e50-2d9c-4460-bdcc-c7c2bf345372", "rel": "bookmark"}], "ram": 512, "OS-FLV-DISABLED:disabled": false, "vcpus": 1, "swap": "", "os-flavor-access:is_public": true, "rxtx_factor": 1.0, "OS-FLV-EXT-DATA:ephemeral": 0, "disk": 1, "id": "b0797e50-2d9c-4460-bdcc-c7c2bf345372"}]} _http_log_response /usr/lib/python2.7/site-packages/keystoneauth1/session.py:511
2019-08-04 19:36:53.911 661 DEBUG novaclient.v2.client [-] GET call to compute for http://172.30.9.22:8774/v2.1/flavors/detail used request id req-f068a44f-a226-4b54-9e40-2c89868a37e3 request /usr/lib/python2.7/site-packages/keystoneauth1/session.py:844
