2019-08-04 19:40:56.174 725 DEBUG novaclient.v2.client [-] RESP BODY: {"keypairs": []} _http_log_response /usr/lib/python2.7/site-packages/keystoneauth1/session.py:511
2019-08-04 19:40:56.174 725 DEBUG novaclient.v2.client [-] GET call to compute for http://172.30.9.22:8774/v2.1/os-keypairs used request id req-951213dc-0cde-4f65-abb6-49dd7f7fd803 request /usr/lib/python2.7/site-packages/keystoneauth1/session.py:844
2019-08-04 19:40:56.610 725 DEBUG novaclient.v2.client [-] REQ: curl -g -i -X GET http://172.30.9.22:8774/v2.1/os-keypairs -H "Accept: application/json" -H "User-Agent: python-novaclient" -H "X-Auth-Token: {SHA1}752298b5ea4f68cbfd7025883a83586ea27d4f7d" _http_log_request /usr/lib/python2.7/site-packages/keystoneauth1/session.py:448
2019-08-04 19:40:56.957 725 DEBUG novaclient.v2.client [-] RESP: [200] Content-Length: 16 Content-Type: application/json Date: Sun, 04 Aug 2019 19:40:56 GMT OpenStack-API-Version: compute 2.1 Server: Apache Vary: OpenStack-API-Version,X-OpenStack-Nova-API-Version X-OpenStack-Nova-API-Version: 2.1 x-compute-request-id: req-33aa2c14-36fe-4a7f-b88c-c5d4b499e9c3 x-openstack-request-id: req-33aa2c14-36fe-4a7f-b88c-c5d4b499e9c3 _http_log_response /usr/lib/python2.7/site-packages/keystoneauth1/session.py:479
2019-08-04 19:40:56.957 725 DEBUG novaclient.v2.client [-] RESP BODY: {"keypairs": []} _http_log_response /usr/lib/python2.7/site-packages/keystoneauth1/session.py:511
2019-08-04 19:40:56.957 725 DEBUG novaclient.v2.client [-] GET call to compute for http://172.30.9.22:8774/v2.1/os-keypairs used request id req-33aa2c14-36fe-4a7f-b88c-c5d4b499e9c3 request /usr/lib/python2.7/site-packages/keystoneauth1/session.py:844
2019-08-04 19:40:57.490 725 DEBUG novaclient.v2.client [-] REQ: curl -g -i -X GET http://172.30.9.22:8774/v2.1/os-keypairs -H "Accept: application/json" -H "User-Agent: python-novaclient" -H "X-Auth-Token: {SHA1}6d54f41a74c4e0d15da2f8a53865dbaf912de1f1" _http_log_request /usr/lib/python2.7/site-packages/keystoneauth1/session.py:448
2019-08-04 19:40:57.803 725 DEBUG novaclient.v2.client [-] RESP: [200] Content-Length: 16 Content-Type: application/json Date: Sun, 04 Aug 2019 19:40:57 GMT OpenStack-API-Version: compute 2.1 Server: Apache Vary: OpenStack-API-Version,X-OpenStack-Nova-API-Version X-OpenStack-Nova-API-Version: 2.1 x-compute-request-id: req-95d7b515-a4b6-451b-a0e4-f2361678a9d5 x-openstack-request-id: req-95d7b515-a4b6-451b-a0e4-f2361678a9d5 _http_log_response /usr/lib/python2.7/site-packages/keystoneauth1/session.py:479
2019-08-04 19:40:57.803 725 DEBUG novaclient.v2.client [-] RESP BODY: {"keypairs": []} _http_log_response /usr/lib/python2.7/site-packages/keystoneauth1/session.py:511
2019-08-04 19:40:57.803 725 DEBUG novaclient.v2.client [-] GET call to compute for http://172.30.9.22:8774/v2.1/os-keypairs used request id req-95d7b515-a4b6-451b-a0e4-f2361678a9d5 request /usr/lib/python2.7/site-packages/keystoneauth1/session.py:844
2019-08-04 19:40:58.242 725 DEBUG novaclient.v2.client [-] REQ: curl -g -i -X GET http://172.30.9.22:8774/v2.1/os-keypairs -H "Accept: application/json" -H "User-Agent: python-novaclient" -H "X-Auth-Token: {SHA1}0c232e230f696d110e428a0f0080bd2a53a62ec4" _http_log_request /usr/lib/python2.7/site-packages/keystoneauth1/session.py:448
2019-08-04 19:40:58.459 725 DEBUG novaclient.v2.client [-] RESP: [200] Content-Length: 16 Content-Type: application/json Date: Sun, 04 Aug 2019 19:40:58 GMT OpenStack-API-Version: compute 2.1 Server: Apache Vary: OpenStack-API-Version,X-OpenStack-Nova-API-Version X-OpenStack-Nova-API-Version: 2.1 x-compute-request-id: req-824f7e07-eed1-479e-8f62-93937f2aad20 x-openstack-request-id: req-824f7e07-eed1-479e-8f62-93937f2aad20 _http_log_response /usr/lib/python2.7/site-packages/keystoneauth1/session.py:479
2019-08-04 19:40:58.459 725 DEBUG novaclient.v2.client [-] RESP BODY: {"keypairs": []} _http_log_response /usr/lib/python2.7/site-packages/keystoneauth1/session.py:511
2019-08-04 19:40:58.460 725 DEBUG novaclient.v2.client [-] GET call to compute for http://172.30.9.22:8774/v2.1/os-keypairs used request id req-824f7e07-eed1-479e-8f62-93937f2aad20 request /usr/lib/python2.7/site-packages/keystoneauth1/session.py:844
2019-08-04 19:40:58.473 725 RALLYDEBUG rally_openstack.cleanup.manager [-] Cleaning up glance images objects
2019-08-04 19:41:02.448 725 RALLYDEBUG rally_openstack.cleanup.manager [-] Deleting glance.images object s_rally_3ca91dc4_uINyGtNP (c9c74564-708a-4b72-9687-ff204cbae960)
2019-08-04 19:41:02.448 725 RALLYDEBUG rally_openstack.cleanup.manager [-] Deleting glance.images object s_rally_3ca91dc4_IkBBLno7 (ae3246dc-f079-42cb-a1e5-da674f927f19)
2019-08-04 19:41:02.453 725 RALLYDEBUG rally_openstack.cleanup.manager [-] Deleting glance.images object s_rally_3ca91dc4_72NFtIec (90530487-1990-47d4-b3ee-08403383f8d6)
2019-08-04 19:41:02.458 725 RALLYDEBUG rally_openstack.cleanup.manager [-] Deleting glance.images object s_rally_3ca91dc4_4KRrcHvR (74fbcecd-d54c-4ca3-ba9a-be32f1a82fa0)
2019-08-04 19:41:02.471 725 RALLYDEBUG rally_openstack.cleanup.manager [-] Deleting glance.images object s_rally_3ca91dc4_UJrrRhL7 (1783f85a-4c7e-4382-9b37-b083227dd6d0)
2019-08-04 19:41:02.474 725 RALLYDEBUG rally_openstack.cleanup.manager [-] Deleting glance.images object s_rally_3ca91dc4_4UoVhmyv (b0309206-e826-4d8f-9e0d-9b1b833a834a)
2019-08-04 19:41:02.477 725 RALLYDEBUG rally_openstack.cleanup.manager [-] Deleting glance.images object s_rally_3ca91dc4_TQhPYYQK (4e32d49c-aa93-4989-b37b-6dc513793a3f)
2019-08-04 19:41:02.483 725 RALLYDEBUG rally_openstack.cleanup.manager [-] Deleting glance.images object s_rally_3ca91dc4_iUtuR35I (8791e17d-2756-4d1f-8478-ae21d25bc26b)
2019-08-04 19:41:02.493 725 RALLYDEBUG rally_openstack.cleanup.manager [-] Deleting glance.images object s_rally_3ca91dc4_5legvPHS (21158258-2654-4e27-b8b2-c72671b1765b)
2019-08-04 19:41:02.512 725 RALLYDEBUG rally_openstack.cleanup.manager [-] Deleting glance.images object s_rally_3ca91dc4_EDjcxNtH (a62bb7dc-28f7-4532-abe3-d8f2c5a33072)
2019-08-04 19:41:03.991 725 DEBUG glanceclient.common.http [-] Request returned failure status 404. _handle_response /usr/lib/python2.7/site-packages/glanceclient/common/http.py:125
2019-08-04 19:41:04.041 725 DEBUG glanceclient.common.http [-] Request returned failure status 404. _handle_response /usr/lib/python2.7/site-packages/glanceclient/common/http.py:125
2019-08-04 19:41:04.248 725 DEBUG glanceclient.common.http [-] Request returned failure status 404. _handle_response /usr/lib/python2.7/site-packages/glanceclient/common/http.py:125
2019-08-04 19:41:04.295 725 DEBUG glanceclient.common.http [-] Request returned failure status 404. _handle_response /usr/lib/python2.7/site-packages/glanceclient/common/http.py:125
2019-08-04 19:41:04.345 725 DEBUG glanceclient.common.http [-] Request returned failure status 404. _handle_response /usr/lib/python2.7/site-packages/glanceclient/common/http.py:125
2019-08-04 19:41:04.537 725 DEBUG glanceclient.common.http [-] Request returned failure status 404. _handle_response /usr/lib/python2.7/site-packages/glanceclient/common/http.py:125
2019-08-04 19:41:05.134 725 DEBUG glanceclient.common.http [-] Request returned failure status 404. _handle_response /usr/lib/python2.7/site-packages/glanceclient/common/http.py:125
2019-08-04 19:41:05.309 725 DEBUG glanceclient.common.http [-] Request returned failure status 404. _handle_response /usr/lib/python2.7/site-packages/glanceclient/common/http.py:125
2019-08-04 19:41:05.359 725 DEBUG glanceclient.common.http [-] Request returned failure status 404. _handle_response /usr/lib/python2.7/site-packages/glanceclient/common/http.py:125
2019-08-04 19:41:05.409 725 DEBUG glanceclient.common.http [-] Request returned failure status 404. _handle_response /usr/lib/python2.7/site-packages/glanceclient/common/http.py:125
2019-08-04 19:41:05.415 725 DEBUG glanceclient.common.http [-] Request returned failure status 404. _handle_response /usr/lib/python2.7/site-packages/glanceclient/common/http.py:125
2019-08-04 19:41:05.424 725 DEBUG glanceclient.common.http [-] Request returned failure status 404. _handle_response /usr/lib/python2.7/site-packages/glanceclient/common/http.py:125
2019-08-04 19:41:05.524 725 DEBUG glanceclient.common.http [-] Request returned failure status 404. _handle_response /usr/lib/python2.7/site-packages/glanceclient/common/http.py:125
2019-08-04 19:41:05.626 725 DEBUG glanceclient.common.http [-] Request returned failure status 404. _handle_response /usr/lib/python2.7/site-packages/glanceclient/common/http.py:125
2019-08-04 19:41:06.263 725 DEBUG glanceclient.common.http [-] Request returned failure status 404. _handle_response /usr/lib/python2.7/site-packages/glanceclient/common/http.py:125
2019-08-04 19:41:06.295 725 DEBUG glanceclient.common.http [-] Request returned failure status 404. _handle_response /usr/lib/python2.7/site-packages/glanceclient/common/http.py:125
2019-08-04 19:41:06.550 725 DEBUG glanceclient.common.http [-] Request returned failure status 404. _handle_response /usr/lib/python2.7/site-packages/glanceclient/common/http.py:125
2019-08-04 19:41:06.574 725 DEBUG glanceclient.common.http [-] Request returned failure status 404. _handle_response /usr/lib/python2.7/site-packages/glanceclient/common/http.py:125
2019-08-04 19:41:06.588 725 DEBUG glanceclient.common.http [-] Request returned failure status 404. _handle_response /usr/lib/python2.7/site-packages/glanceclient/common/http.py:125
2019-08-04 19:41:06.697 725 DEBUG glanceclient.common.http [-] Request returned failure status 404. _handle_response /usr/lib/python2.7/site-packages/glanceclient/common/http.py:125
2019-08-04 19:41:07.700 725 INFO rally.task.context [-] Task 74207899-3f24-44e2-b0bf-511990a93789 | Context cleanup@openstack cleanup() finished in 33.45 sec
2019-08-04 19:41:07.700 725 INFO rally.task.context [-] Task 74207899-3f24-44e2-b0bf-511990a93789 | Context quotas@openstack cleanup() started
2019-08-04 19:41:07.701 725 DEBUG novaclient.v2.client [-] REQ: curl -g -i -X DELETE http://172.30.9.22:8774/v2.1/os-quota-sets/137fc4e9c0414822811fe41b1c2fbae7 -H "Accept: application/json" -H "User-Agent: python-novaclient" -H "X-Auth-Token: {SHA1}20ebd11b84bac1f13a39a3b62b016b677937ddd8" _http_log_request /usr/lib/python2.7/site-packages/keystoneauth1/session.py:448
2019-08-04 19:41:07.748 725 DEBUG novaclient.v2.client [-] RESP: [202] Content-Length: 0 Content-Type: application/json Date: Sun, 04 Aug 2019 19:41:07 GMT OpenStack-API-Version: compute 2.1 Server: Apache Vary: OpenStack-API-Version,X-OpenStack-Nova-API-Version X-OpenStack-Nova-API-Version: 2.1 x-compute-request-id: req-9a36b192-47b7-4d59-9fd4-0e5d97d17ef4 x-openstack-request-id: req-9a36b192-47b7-4d59-9fd4-0e5d97d17ef4 _http_log_response /usr/lib/python2.7/site-packages/keystoneauth1/session.py:479
2019-08-04 19:41:07.748 725 DEBUG novaclient.v2.client [-] DELETE call to compute for http://172.30.9.22:8774/v2.1/os-quota-sets/137fc4e9c0414822811fe41b1c2fbae7 used request id req-9a36b192-47b7-4d59-9fd4-0e5d97d17ef4 request /usr/lib/python2.7/site-packages/keystoneauth1/session.py:844
2019-08-04 19:41:07.749 725 DEBUG novaclient.v2.client [-] REQ: curl -g -i -X DELETE http://172.30.9.22:8774/v2.1/os-quota-sets/cebcb6d9d54d47b49ef3af21b6a8f121 -H "Accept: application/json" -H "User-Agent: python-novaclient" -H "X-Auth-Token: {SHA1}20ebd11b84bac1f13a39a3b62b016b677937ddd8" _http_log_request /usr/lib/python2.7/site-packages/keystoneauth1/session.py:448
2019-08-04 19:41:07.772 725 DEBUG novaclient.v2.client [-] RESP: [202] Content-Length: 0 Content-Type: application/json Date: Sun, 04 Aug 2019 19:41:07 GMT OpenStack-API-Version: compute 2.1 Server: Apache Vary: OpenStack-API-Version,X-OpenStack-Nova-API-Version X-OpenStack-Nova-API-Version: 2.1 x-compute-request-id: req-45d3c8af-7d41-4966-9af7-e952ae8ef3c5 x-openstack-request-id: req-45d3c8af-7d41-4966-9af7-e952ae8ef3c5 _http_log_response /usr/lib/python2.7/site-packages/keystoneauth1/session.py:479
2019-08-04 19:41:07.772 725 DEBUG novaclient.v2.client [-] DELETE call to compute for http://172.30.9.22:8774/v2.1/os-quota-sets/cebcb6d9d54d47b49ef3af21b6a8f121 used request id req-45d3c8af-7d41-4966-9af7-e952ae8ef3c5 request /usr/lib/python2.7/site-packages/keystoneauth1/session.py:844
2019-08-04 19:41:07.773 725 DEBUG novaclient.v2.client [-] REQ: curl -g -i -X DELETE http://172.30.9.22:8774/v2.1/os-quota-sets/f0ed0f2551df475db4ce6e11068a2939 -H "Accept: application/json" -H "User-Agent: python-novaclient" -H "X-Auth-Token: {SHA1}20ebd11b84bac1f13a39a3b62b016b677937ddd8" _http_log_request /usr/lib/python2.7/site-packages/keystoneauth1/session.py:448
2019-08-04 19:41:07.802 725 DEBUG novaclient.v2.client [-] RESP: [202] Content-Length: 0 Content-Type: application/json Date: Sun, 04 Aug 2019 19:41:07 GMT OpenStack-API-Version: compute 2.1 Server: Apache Vary: OpenStack-API-Version,X-OpenStack-Nova-API-Version X-OpenStack-Nova-API-Version: 2.1 x-compute-request-id: req-030fe19a-d203-4517-b128-581cba4d85ae x-openstack-request-id: req-030fe19a-d203-4517-b128-581cba4d85ae _http_log_response /usr/lib/python2.7/site-packages/keystoneauth1/session.py:479
2019-08-04 19:41:07.802 725 DEBUG novaclient.v2.client [-] DELETE call to compute for http://172.30.9.22:8774/v2.1/os-quota-sets/f0ed0f2551df475db4ce6e11068a2939 used request id req-030fe19a-d203-4517-b128-581cba4d85ae request /usr/lib/python2.7/site-packages/keystoneauth1/session.py:844
2019-08-04 19:41:07.802 725 INFO rally.task.context [-] Task 74207899-3f24-44e2-b0bf-511990a93789 | Context quotas@openstack cleanup() finished in 0.10 sec
2019-08-04 19:41:07.803 725 INFO rally.task.context [-] Task 74207899-3f24-44e2-b0bf-511990a93789 | Context users@openstack cleanup() started
2019-08-04 19:41:15.636 725 INFO rally.task.context [-] Task 74207899-3f24-44e2-b0bf-511990a93789 | Context users@openstack cleanup() finished in 7.83 sec
2019-08-04 19:41:17.351 725 INFO rally.task.engine [-] Load duration is: 85.866473
2019-08-04 19:41:17.351 725 INFO rally.task.engine [-] Full runner duration is: 87.783225
2019-08-04 19:41:17.352 725 INFO rally.task.engine [-] Full duration is: 136.807412
2019-08-04 19:41:17.629 725 INFO rally.task.engine [-] Running workload: position = 0 config = { "version": 2, "title": "A cropped version of a bigger task.", "description": "Auto-generated task from a single workload (uuid=0d4aef71-2b05-4f9d-b323-9bdfea73b466)", "subtasks": [ { "title": "GlanceImages.create_and_deactivate_image", "description": "Create an image, then deactivate it.", "scenario": { "GlanceImages.create_and_deactivate_image": { "container_format": "bare", "disk_format": "qcow2", "image_location": "/home/opnfv/functest/images/cirros-0.4.0-x86_64-disk.img" } }, "contexts": { "users": { "tenants": 3, "users_per_tenant": 2 } }, "runner": { "constant": { "concurrency": 4, "times": 10 } }, "hooks": [], "sla": { "failure_rate": { "max": 0 } } } ] }
2019-08-04 19:41:17.651 725 RALLYDEBUG rally_openstack.contexts.keystone.users [-] Creating 3 tenants using 20 threads
2019-08-04 19:41:19.547 725 RALLYDEBUG rally_openstack.contexts.keystone.users [-] Creating 6 users using 20 threads
2019-08-04 19:41:22.485 725 INFO rally.task.context [-] Task 74207899-3f24-44e2-b0bf-511990a93789 | Context users@openstack setup() finished in 4.83 sec
2019-08-04 19:41:22.485 725 INFO rally.task.context [-] Task 74207899-3f24-44e2-b0bf-511990a93789 | Context cleanup@openstack setup() finished in 0.01 msec
2019-08-04 19:41:22.493 725 RALLYDEBUG rally.task.runner [-] Starting the constant runner (task UUID: 74207899-3f24-44e2-b0bf-511990a93789). timeout: 0 concurrency: 4 concurrency_per_worker: 1 times: 10 concurrency_overhead: 0 processes_to_start: 4 max_cpu_used: 16
2019-08-04 19:41:22.505 1385 RALLYDEBUG rally.task.runner [-] Starting a worker. concurrency: 1 args: {"container_format": "bare", "disk_format": "qcow2", "image_location": "/home/opnfv/functest/images/cirros-0.4.0-x86_64-disk.img"} times: 10 method_name: run timeout: 0 duration: None cls:
2019-08-04 19:41:22.509 1386 RALLYDEBUG rally.task.runner [-] Starting a worker. concurrency: 1 args: {"container_format": "bare", "disk_format": "qcow2", "image_location": "/home/opnfv/functest/images/cirros-0.4.0-x86_64-disk.img"} times: 10 method_name: run timeout: 0 duration: None cls:
2019-08-04 19:41:22.510 1385 INFO rally.task.runner [-] Task 74207899-3f24-44e2-b0bf-511990a93789 | ITER: 1 START
2019-08-04 19:41:22.512 1387 RALLYDEBUG rally.task.runner [-] Starting a worker. concurrency: 1 args: {"container_format": "bare", "disk_format": "qcow2", "image_location": "/home/opnfv/functest/images/cirros-0.4.0-x86_64-disk.img"} times: 10 method_name: run timeout: 0 duration: None cls:
2019-08-04 19:41:22.515 1386 INFO rally.task.runner [-] Task 74207899-3f24-44e2-b0bf-511990a93789 | ITER: 2 START
2019-08-04 19:41:22.515 1388 RALLYDEBUG rally.task.runner [-] Starting a worker. concurrency: 1 args: {"container_format": "bare", "disk_format": "qcow2", "image_location": "/home/opnfv/functest/images/cirros-0.4.0-x86_64-disk.img"} times: 10 method_name: run timeout: 0 duration: None cls:
2019-08-04 19:41:22.518 1387 INFO rally.task.runner [-] Task 74207899-3f24-44e2-b0bf-511990a93789 | ITER: 3 START
2019-08-04 19:41:22.521 1388 INFO rally.task.runner [-] Task 74207899-3f24-44e2-b0bf-511990a93789 | ITER: 4 START
2019-08-04 19:41:26.374 1388 RALLYDEBUG rally.task.utils [-] Waiting for resource u'998dc7e9-cc0b-48e9-b4a8-7d326ec6e9cd'. Status changed: NONE => QUEUED in 0.306556940079
2019-08-04 19:41:26.384 1385 RALLYDEBUG rally.task.utils [-] Waiting for resource u'1e9ee4c7-ab44-4158-930c-21a59767f3de'. Status changed: NONE => QUEUED in 0.304021835327
2019-08-04 19:41:26.609 1386 RALLYDEBUG rally.task.utils [-] Waiting for resource u'023efdeb-6da4-4899-a003-77ea4f38a997'. Status changed: NONE => QUEUED in 0.512401103973
2019-08-04 19:41:26.622 1387 RALLYDEBUG rally.task.utils [-] Waiting for resource u'5fcb09a1-b7fa-4810-b7fc-5827973afef7'. Status changed: NONE => QUEUED in 0.515634059906
2019-08-04 19:41:28.288 1387 RALLYDEBUG rally.task.utils [-] Waiting for resource s_rally_0d4aef71_DuXo1ldG. Status changed: QUEUED => ACTIVE in 0.0180718898773
2019-08-04 19:41:28.448 1387 INFO rally.task.runner [-] Task 74207899-3f24-44e2-b0bf-511990a93789 | ITER: 3 END: OK
2019-08-04 19:41:28.452 1387 INFO rally.task.runner [-] Task 74207899-3f24-44e2-b0bf-511990a93789 | ITER: 5 START
2019-08-04 19:41:28.514 1386 RALLYDEBUG rally.task.utils [-] Waiting for resource s_rally_0d4aef71_wjPQmQWw. Status changed: QUEUED => ACTIVE in 0.229717969894
2019-08-04 19:41:28.521 1385 RALLYDEBUG rally.task.utils [-] Waiting for resource s_rally_0d4aef71_Gp0POZLP. Status changed: QUEUED => ACTIVE in 0.310215950012
2019-08-04 19:41:28.561 1388 RALLYDEBUG rally.task.utils [-] Waiting for resource s_rally_0d4aef71_Irnbmoep. Status changed: QUEUED => ACTIVE in 0.410706043243
2019-08-04 19:41:28.793 1386 INFO rally.task.runner [-] Task 74207899-3f24-44e2-b0bf-511990a93789 | ITER: 2 END: OK
2019-08-04 19:41:28.798 1386 INFO rally.task.runner [-] Task 74207899-3f24-44e2-b0bf-511990a93789 | ITER: 6 START
2019-08-04 19:41:28.807 1385 INFO rally.task.runner [-] Task 74207899-3f24-44e2-b0bf-511990a93789 | ITER: 1 END: OK
2019-08-04 19:41:28.811 1385 INFO rally.task.runner [-] Task 74207899-3f24-44e2-b0bf-511990a93789 | ITER: 7 START
2019-08-04 19:41:28.936 1388 INFO rally.task.runner [-] Task 74207899-3f24-44e2-b0bf-511990a93789 | ITER: 4 END: OK
2019-08-04 19:41:28.940 1388 INFO rally.task.runner [-] Task 74207899-3f24-44e2-b0bf-511990a93789 | ITER: 8 START
2019-08-04 19:41:32.312 1386 RALLYDEBUG rally.task.utils [-] Waiting for resource u'95172634-da1c-46af-8d93-992523b92c38'. Status changed: NONE => QUEUED in 0.22641992569
2019-08-04 19:41:32.399 1385 RALLYDEBUG rally.task.utils [-] Waiting for resource u'201688b3-c0bf-473e-bde8-76504f4d9b75'. Status changed: NONE => QUEUED in 0.325453042984
2019-08-04 19:41:32.466 1388 RALLYDEBUG rally.task.utils [-] Waiting for resource u'8f8e82f8-4ad9-48d5-b7be-6b04e662bf6a'. Status changed: NONE => QUEUED in 0.316620111465
2019-08-04 19:41:32.557 1387 RALLYDEBUG rally.task.utils [-] Waiting for resource u'dd37c704-712d-473f-8be6-1c3cd03962ff'. Status changed: NONE => QUEUED in 0.599236965179
2019-08-04 19:41:33.992 1387 RALLYDEBUG rally.task.utils [-] Waiting for resource s_rally_0d4aef71_scyPnn3B. Status changed: QUEUED => ACTIVE in 0.0219678878784
2019-08-04 19:41:34.086 1386 RALLYDEBUG rally.task.utils [-] Waiting for resource s_rally_0d4aef71_foASYM6z. Status changed: QUEUED => ACTIVE in 0.0181910991669
2019-08-04 19:41:34.172 1385 RALLYDEBUG rally.task.utils [-] Waiting for resource s_rally_0d4aef71_1FwBsb0E. Status changed: QUEUED => ACTIVE in 0.224292039871
2019-08-04 19:41:34.249 1385 INFO rally.task.runner [-] Task 74207899-3f24-44e2-b0bf-511990a93789 | ITER: 7 END: OK
2019-08-04 19:41:34.253 1385 INFO rally.task.runner [-] Task 74207899-3f24-44e2-b0bf-511990a93789 | ITER: 9 START
2019-08-04 19:41:34.274 1387 INFO rally.task.runner [-] Task 74207899-3f24-44e2-b0bf-511990a93789 | ITER: 5 END: OK
2019-08-04 19:41:34.278 1387 INFO rally.task.runner [-] Task 74207899-3f24-44e2-b0bf-511990a93789 | ITER: 10 START
2019-08-04 19:41:34.297 1388 RALLYDEBUG rally.task.utils [-] Waiting for resource s_rally_0d4aef71_PXjfKhQe. Status changed: QUEUED => ACTIVE in 0.310122966766
2019-08-04 19:41:34.473 1386 INFO rally.task.runner [-] Task 74207899-3f24-44e2-b0bf-511990a93789 | ITER: 6 END: OK
2019-08-04 19:41:34.566 1388 INFO rally.task.runner [-] Task 74207899-3f24-44e2-b0bf-511990a93789 | ITER: 8 END: OK
2019-08-04 19:41:38.009 1385 RALLYDEBUG rally.task.utils [-] Waiting for resource u'e568229f-758f-4e0c-b263-f4fc489a2490'. Status changed: NONE => QUEUED in 0.425777196884
2019-08-04 19:41:38.427 1387 RALLYDEBUG rally.task.utils [-] Waiting for resource u'370b9106-4de6-459a-9de0-9b24ead0bf13'. Status changed: NONE => QUEUED in 0.52544593811
2019-08-04 19:41:38.467 1385 RALLYDEBUG rally.task.utils [-] Waiting for resource s_rally_0d4aef71_WRkW7NOz. Status changed: QUEUED => ACTIVE in 0.0208859443665
2019-08-04 19:41:38.776 1385 INFO rally.task.runner [-] Task 74207899-3f24-44e2-b0bf-511990a93789 | ITER: 9 END: OK
2019-08-04 19:41:39.545 1387 RALLYDEBUG rally.task.utils [-] Waiting for resource s_rally_0d4aef71_WarALvCk. Status changed: QUEUED => ACTIVE in 0.0181701183319
2019-08-04 19:41:39.822 1387 INFO rally.task.runner [-] Task 74207899-3f24-44e2-b0bf-511990a93789 | ITER: 10 END: OK
2019-08-04 19:41:39.849 725 INFO rally.task.context [-] Task 74207899-3f24-44e2-b0bf-511990a93789 | Context cleanup@openstack cleanup() started
2019-08-04 19:41:39.851 725 RALLYDEBUG rally_openstack.cleanup.manager [-] Cleaning up glance images objects
2019-08-04 19:41:43.949 725 RALLYDEBUG rally_openstack.cleanup.manager [-] Deleting glance.images object s_rally_0d4aef71_foASYM6z (95172634-da1c-46af-8d93-992523b92c38)
2019-08-04 19:41:43.950 725 RALLYDEBUG rally_openstack.cleanup.manager [-] Deleting glance.images object s_rally_0d4aef71_scyPnn3B (dd37c704-712d-473f-8be6-1c3cd03962ff)
2019-08-04 19:41:43.961 725 RALLYDEBUG rally_openstack.cleanup.manager [-] Deleting glance.images object s_rally_0d4aef71_PXjfKhQe (8f8e82f8-4ad9-48d5-b7be-6b04e662bf6a)
2019-08-04 19:41:43.962 725 RALLYDEBUG rally_openstack.cleanup.manager [-] Deleting glance.images object s_rally_0d4aef71_WarALvCk (370b9106-4de6-459a-9de0-9b24ead0bf13)
2019-08-04 19:41:43.968 725 RALLYDEBUG rally_openstack.cleanup.manager [-] Deleting glance.images object s_rally_0d4aef71_WRkW7NOz (e568229f-758f-4e0c-b263-f4fc489a2490)
2019-08-04 19:41:43.975 725 RALLYDEBUG rally_openstack.cleanup.manager [-] Deleting glance.images object s_rally_0d4aef71_Irnbmoep (998dc7e9-cc0b-48e9-b4a8-7d326ec6e9cd)
2019-08-04 19:41:43.982 725 RALLYDEBUG rally_openstack.cleanup.manager [-] Deleting glance.images object s_rally_0d4aef71_1FwBsb0E (201688b3-c0bf-473e-bde8-76504f4d9b75)
2019-08-04 19:41:43.999 725 RALLYDEBUG rally_openstack.cleanup.manager [-] Deleting glance.images object s_rally_0d4aef71_DuXo1ldG (5fcb09a1-b7fa-4810-b7fc-5827973afef7)
2019-08-04 19:41:44.008 725 RALLYDEBUG rally_openstack.cleanup.manager [-] Deleting glance.images object s_rally_0d4aef71_Gp0POZLP (1e9ee4c7-ab44-4158-930c-21a59767f3de)
2019-08-04 19:41:44.017 725 RALLYDEBUG rally_openstack.cleanup.manager [-] Deleting glance.images object s_rally_0d4aef71_wjPQmQWw (023efdeb-6da4-4899-a003-77ea4f38a997)
2019-08-04 19:41:46.413 725 DEBUG glanceclient.common.http [-] Request returned failure status 404. _handle_response /usr/lib/python2.7/site-packages/glanceclient/common/http.py:125
2019-08-04 19:41:46.483 725 DEBUG glanceclient.common.http [-] Request returned failure status 404. _handle_response /usr/lib/python2.7/site-packages/glanceclient/common/http.py:125
2019-08-04 19:41:46.566 725 DEBUG glanceclient.common.http [-] Request returned failure status 404. _handle_response /usr/lib/python2.7/site-packages/glanceclient/common/http.py:125
2019-08-04 19:41:46.592 725 DEBUG glanceclient.common.http [-] Request returned failure status 404. _handle_response /usr/lib/python2.7/site-packages/glanceclient/common/http.py:125
2019-08-04 19:41:46.607 725 DEBUG glanceclient.common.http [-] Request returned failure status 404. _handle_response /usr/lib/python2.7/site-packages/glanceclient/common/http.py:125
2019-08-04 19:41:46.622 725 DEBUG glanceclient.common.http [-] Request returned failure status 404. _handle_response /usr/lib/python2.7/site-packages/glanceclient/common/http.py:125
2019-08-04 19:41:46.641 725 DEBUG glanceclient.common.http [-] Request returned failure status 404. _handle_response /usr/lib/python2.7/site-packages/glanceclient/common/http.py:125
2019-08-04 19:41:46.685 725 DEBUG glanceclient.common.http [-] Request returned failure status 404. _handle_response /usr/lib/python2.7/site-packages/glanceclient/common/http.py:125
2019-08-04 19:41:46.702 725 DEBUG glanceclient.common.http [-] Request returned failure status 404. _handle_response /usr/lib/python2.7/site-packages/glanceclient/common/http.py:125
2019-08-04 19:41:46.712 725 DEBUG glanceclient.common.http [-] Request returned failure status 404. _handle_response /usr/lib/python2.7/site-packages/glanceclient/common/http.py:125
2019-08-04 19:41:46.725 725 DEBUG glanceclient.common.http [-] Request returned failure status 404. _handle_response /usr/lib/python2.7/site-packages/glanceclient/common/http.py:125
2019-08-04 19:41:46.795 725 DEBUG glanceclient.common.http [-] Request returned failure status 404. _handle_response /usr/lib/python2.7/site-packages/glanceclient/common/http.py:125
2019-08-04 19:41:46.812 725 DEBUG glanceclient.common.http [-] Request returned failure status 404. _handle_response /usr/lib/python2.7/site-packages/glanceclient/common/http.py:125
2019-08-04 19:41:46.911 725 DEBUG glanceclient.common.http [-] Request returned failure status 404. _handle_response /usr/lib/python2.7/site-packages/glanceclient/common/http.py:125
2019-08-04 19:41:46.922 725 DEBUG glanceclient.common.http [-] Request returned failure status 404. _handle_response /usr/lib/python2.7/site-packages/glanceclient/common/http.py:125
2019-08-04 19:41:46.938 725 DEBUG glanceclient.common.http [-] Request returned failure status 404. _handle_response /usr/lib/python2.7/site-packages/glanceclient/common/http.py:125
2019-08-04 19:41:46.951 725 DEBUG glanceclient.common.http [-] Request returned failure status 404. _handle_response /usr/lib/python2.7/site-packages/glanceclient/common/http.py:125
2019-08-04 19:41:47.019 725 DEBUG glanceclient.common.http [-] Request returned failure status 404. _handle_response /usr/lib/python2.7/site-packages/glanceclient/common/http.py:125
2019-08-04 19:41:47.038 725 DEBUG glanceclient.common.http [-] Request returned failure status 404. _handle_response /usr/lib/python2.7/site-packages/glanceclient/common/http.py:125
2019-08-04 19:41:47.082 725 DEBUG glanceclient.common.http [-] Request returned failure status 404. _handle_response /usr/lib/python2.7/site-packages/glanceclient/common/http.py:125
2019-08-04 19:41:48.085 725 INFO rally.task.context [-] Task 74207899-3f24-44e2-b0bf-511990a93789 | Context cleanup@openstack cleanup() finished in 8.24 sec
2019-08-04 19:41:48.085 725 INFO rally.task.context [-] Task 74207899-3f24-44e2-b0bf-511990a93789 | Context users@openstack cleanup() started
2019-08-04 19:41:56.164 725 INFO rally.task.context [-] Task 74207899-3f24-44e2-b0bf-511990a93789 | Context users@openstack cleanup() finished in 8.08 sec
2019-08-04 19:41:57.814 725 INFO rally.task.engine [-] Load duration is: 16.442904
2019-08-04 19:41:57.815 725 INFO rally.task.engine [-] Full runner duration is: 17.35677
2019-08-04 19:41:57.815 725 INFO rally.task.engine [-] Full duration is: 38.514374
2019-08-04 19:41:58.015 725 INFO rally.task.engine [-] Running workload: position = 0 config = { "version": 2, "title": "A cropped version of a bigger task.", "description": "Auto-generated task from a single workload (uuid=2a169f60-7180-4da5-9910-dcca718c82ba)", "subtasks": [ { "title": "GlanceImages.create_and_download_image", "description": "Create an image, then download data of the image.", "scenario": { "GlanceImages.create_and_download_image": { "container_format": "bare", "disk_format": "qcow2", "image_location": "/home/opnfv/functest/images/cirros-0.4.0-x86_64-disk.img" } }, "contexts": { "users": { "tenants": 3, "users_per_tenant": 2 } }, "runner": { "constant": { "concurrency": 4, "times": 10 } }, "hooks": [], "sla": { "failure_rate": { "max": 0 } } } ] }
2019-08-04 19:41:58.037 725 RALLYDEBUG rally_openstack.contexts.keystone.users [-] Creating 3 tenants using 20 threads
2019-08-04 19:42:00.026 725 RALLYDEBUG rally_openstack.contexts.keystone.users [-] Creating 6 users using 20 threads
2019-08-04 19:42:02.982 725 INFO rally.task.context [-] Task 74207899-3f24-44e2-b0bf-511990a93789 | Context users@openstack setup() finished in 4.95 sec
2019-08-04 19:42:02.983 725 INFO rally.task.context [-] Task 74207899-3f24-44e2-b0bf-511990a93789 | Context cleanup@openstack setup() finished in 0.00 msec
2019-08-04 19:42:02.990 725 RALLYDEBUG rally.task.runner [-] Starting the constant runner (task UUID: 74207899-3f24-44e2-b0bf-511990a93789). timeout: 0 concurrency: 4 concurrency_per_worker: 1 times: 10 concurrency_overhead: 0 processes_to_start: 4 max_cpu_used: 16
2019-08-04 19:42:03.004 1509 RALLYDEBUG rally.task.runner [-] Starting a worker. concurrency: 1 args: {"container_format": "bare", "disk_format": "qcow2", "image_location": "/home/opnfv/functest/images/cirros-0.4.0-x86_64-disk.img"} times: 10 method_name: run timeout: 0 duration: None cls:
2019-08-04 19:42:03.006 1510 RALLYDEBUG rally.task.runner [-] Starting a worker. concurrency: 1 args: {"container_format": "bare", "disk_format": "qcow2", "image_location": "/home/opnfv/functest/images/cirros-0.4.0-x86_64-disk.img"} times: 10 method_name: run timeout: 0 duration: None cls:
2019-08-04 19:42:03.008 1511 RALLYDEBUG rally.task.runner [-] Starting a worker. concurrency: 1 args: {"container_format": "bare", "disk_format": "qcow2", "image_location": "/home/opnfv/functest/images/cirros-0.4.0-x86_64-disk.img"} times: 10 method_name: run timeout: 0 duration: None cls:
2019-08-04 19:42:03.010 1509 INFO rally.task.runner [-] Task 74207899-3f24-44e2-b0bf-511990a93789 | ITER: 1 START
2019-08-04 19:42:03.012 1512 RALLYDEBUG rally.task.runner [-] Starting a worker. concurrency: 1 args: {"container_format": "bare", "disk_format": "qcow2", "image_location": "/home/opnfv/functest/images/cirros-0.4.0-x86_64-disk.img"} times: 10 method_name: run timeout: 0 duration: None cls:
2019-08-04 19:42:03.013 1510 INFO rally.task.runner [-] Task 74207899-3f24-44e2-b0bf-511990a93789 | ITER: 2 START
2019-08-04 19:42:03.014 1511 INFO rally.task.runner [-] Task 74207899-3f24-44e2-b0bf-511990a93789 | ITER: 3 START
2019-08-04 19:42:03.017 1512 INFO rally.task.runner [-] Task 74207899-3f24-44e2-b0bf-511990a93789 | ITER: 4 START
2019-08-04 19:42:06.603 1512 RALLYDEBUG rally.task.utils [-] Waiting for resource u'31299f42-5445-4ab9-9e38-d0493d809f77'. Status changed: NONE => QUEUED in 0.302937984467
2019-08-04 19:42:06.815 1510 RALLYDEBUG rally.task.utils [-] Waiting for resource u'50132e91-5b3f-4861-82f2-9d50eb2ff43c'. Status changed: NONE => QUEUED in 0.502936124802
2019-08-04 19:42:06.893 1509 RALLYDEBUG rally.task.utils [-] Waiting for resource u'bd981055-f588-46c7-9e0c-fef7611b6b5a'. Status changed: NONE => QUEUED in 0.570671081543
2019-08-04 19:42:07.002 1511 RALLYDEBUG rally.task.utils [-] Waiting for resource u'e172b6d0-9ae3-42d2-8a7e-c2ca8e04ee54'. Status changed: NONE => QUEUED in 0.324710130692
2019-08-04 19:42:07.993 1512 RALLYDEBUG rally.task.utils [-] Waiting for resource s_rally_2a169f60_mOtDEjkI. Status changed: QUEUED => ACTIVE in 0.0218689441681
2019-08-04 19:42:08.042 1511 RALLYDEBUG rally.task.utils [-] Waiting for resource s_rally_2a169f60_UFtzmSxh. Status changed: QUEUED => ACTIVE in 0.0167148113251
2019-08-04 19:42:08.140 1512 INFO rally.task.runner [-] Task 74207899-3f24-44e2-b0bf-511990a93789 | ITER: 4 END: OK
2019-08-04 19:42:08.143 1512 INFO rally.task.runner [-] Task 74207899-3f24-44e2-b0bf-511990a93789 | ITER: 5 START
2019-08-04 19:42:08.240 1509 RALLYDEBUG rally.task.utils [-] Waiting for resource s_rally_2a169f60_FyRf6vnC. Status changed: QUEUED => ACTIVE in 0.235081911087
2019-08-04 19:42:08.440 1510 RALLYDEBUG rally.task.utils [-] Waiting for resource s_rally_2a169f60_leGrv3HF. Status changed: QUEUED => ACTIVE in 0.426023006439
2019-08-04 19:42:08.683 1509 INFO rally.task.runner [-] Task 74207899-3f24-44e2-b0bf-511990a93789 | ITER: 1 END: OK
2019-08-04 19:42:08.687 1509 INFO rally.task.runner [-] Task 74207899-3f24-44e2-b0bf-511990a93789 | ITER: 6 START
2019-08-04 19:42:08.729 1511 INFO rally.task.runner [-] Task 74207899-3f24-44e2-b0bf-511990a93789 | ITER: 3 END: OK
2019-08-04 19:42:08.733 1511 INFO rally.task.runner [-] Task 74207899-3f24-44e2-b0bf-511990a93789 | ITER: 7 START
2019-08-04 19:42:09.077 1510 INFO rally.task.runner [-] Task 74207899-3f24-44e2-b0bf-511990a93789 | ITER: 2 END: OK
2019-08-04 19:42:09.081 1510 INFO rally.task.runner [-] Task 74207899-3f24-44e2-b0bf-511990a93789 | ITER: 8 START
2019-08-04 19:42:12.358 1512 RALLYDEBUG rally.task.utils [-] Waiting for resource u'79572dd3-b33d-4bd2-a4c2-62b10cd6fad0'. Status changed: NONE => QUEUED in 0.522151947021
2019-08-04 19:42:12.366 1509 RALLYDEBUG rally.task.utils [-] Waiting for resource u'f9bf9ef1-3b2e-4c61-894d-d4ef152d3c37'. Status changed: NONE => QUEUED in 0.300101041794
2019-08-04 19:42:12.550 1511 RALLYDEBUG rally.task.utils [-] Waiting for resource u'8994710e-9855-46cd-8d6c-c49709355a8f'. Status changed: NONE => QUEUED in 0.430024147034
2019-08-04 19:42:12.835 1509 RALLYDEBUG rally.task.utils [-] Waiting for resource s_rally_2a169f60_camKTmBW. Status changed: QUEUED => ACTIVE in 0.0190281867981
2019-08-04 19:42:12.894 1512 RALLYDEBUG rally.task.utils [-] Waiting for resource s_rally_2a169f60_BcKUJDPG. Status changed: QUEUED => ACTIVE in 0.0181090831757
2019-08-04 19:42:13.257 1510 RALLYDEBUG rally.task.utils [-] Waiting for resource u'a5e97549-f452-4605-93d7-66b61e267a53'. Status changed: NONE => QUEUED in 0.636130094528
2019-08-04 19:42:13.645 1512 INFO rally.task.runner [-] Task 74207899-3f24-44e2-b0bf-511990a93789 | ITER: 5 END: OK
2019-08-04 19:42:13.649 1512 INFO rally.task.runner [-] Task 74207899-3f24-44e2-b0bf-511990a93789 | ITER: 9 START
2019-08-04 19:42:13.819 1509 INFO rally.task.runner [-] Task 74207899-3f24-44e2-b0bf-511990a93789 | ITER: 6 END: OK
2019-08-04 19:42:13.823 1509 INFO rally.task.runner [-] Task 74207899-3f24-44e2-b0bf-511990a93789 | ITER: 10 START
2019-08-04 19:42:14.017 1511 RALLYDEBUG rally.task.utils [-] Waiting for resource s_rally_2a169f60_8jnJgzX9. Status changed: QUEUED => ACTIVE in 0.0217180252075
2019-08-04 19:42:14.928 1511 INFO rally.task.runner [-] Task 74207899-3f24-44e2-b0bf-511990a93789 | ITER: 7 END: OK
2019-08-04 19:42:15.304 1510 RALLYDEBUG rally.task.utils [-] Waiting for resource s_rally_2a169f60_fS8lJHJn. Status changed: QUEUED => ACTIVE in 0.297478914261
2019-08-04 19:42:15.742 1510 INFO rally.task.runner [-] Task 74207899-3f24-44e2-b0bf-511990a93789 | ITER: 8 END: OK
2019-08-04 19:42:17.665 1512 RALLYDEBUG rally.task.utils [-] Waiting for resource u'd5f65e31-7a1d-4a26-838b-3c21639bfca3'. Status changed: NONE => QUEUED in 0.534102916718
2019-08-04 19:42:17.881 1509 RALLYDEBUG rally.task.utils [-] Waiting for resource u'279b3282-1183-43cd-b923-3ae285c52cf6'. Status changed: NONE => QUEUED in 0.582677125931
2019-08-04 19:42:18.677 1512 RALLYDEBUG rally.task.utils [-] Waiting for resource s_rally_2a169f60_qbZqryDd. Status changed: QUEUED => ACTIVE in 0.292769908905
2019-08-04 19:42:19.204 1512 INFO rally.task.runner [-] Task 74207899-3f24-44e2-b0bf-511990a93789 | ITER: 9 END: OK
2019-08-04 19:42:19.656 1509 RALLYDEBUG rally.task.utils [-] Waiting for resource s_rally_2a169f60_1Fg5JMa0. Status changed: QUEUED => ACTIVE in 0.228783845901
2019-08-04 19:42:20.221 1509 INFO rally.task.runner [-] Task 74207899-3f24-44e2-b0bf-511990a93789 | ITER: 10 END: OK
2019-08-04 19:42:20.242 725 INFO rally.task.context [-] Task 74207899-3f24-44e2-b0bf-511990a93789 | Context cleanup@openstack cleanup() started
2019-08-04 19:42:20.245 725 RALLYDEBUG rally_openstack.cleanup.manager [-] Cleaning up glance images objects
2019-08-04 19:42:24.370 725 RALLYDEBUG rally_openstack.cleanup.manager [-] Deleting glance.images object s_rally_2a169f60_qbZqryDd (d5f65e31-7a1d-4a26-838b-3c21639bfca3)
2019-08-04 19:42:24.375 725 RALLYDEBUG rally_openstack.cleanup.manager [-] Deleting glance.images object s_rally_2a169f60_BcKUJDPG (79572dd3-b33d-4bd2-a4c2-62b10cd6fad0)
2019-08-04 19:42:24.378 725 RALLYDEBUG rally_openstack.cleanup.manager [-] Deleting glance.images object s_rally_2a169f60_FyRf6vnC (bd981055-f588-46c7-9e0c-fef7611b6b5a)
2019-08-04 19:42:24.380 725 RALLYDEBUG rally_openstack.cleanup.manager [-] Deleting glance.images object s_rally_2a169f60_8jnJgzX9 (8994710e-9855-46cd-8d6c-c49709355a8f)
2019-08-04 19:42:24.386 725 RALLYDEBUG rally_openstack.cleanup.manager [-] Deleting glance.images object s_rally_2a169f60_UFtzmSxh (e172b6d0-9ae3-42d2-8a7e-c2ca8e04ee54)
2019-08-04 19:42:24.388 725 RALLYDEBUG rally_openstack.cleanup.manager [-] Deleting glance.images object s_rally_2a169f60_mOtDEjkI (31299f42-5445-4ab9-9e38-d0493d809f77)
2019-08-04 19:42:24.390 725 RALLYDEBUG rally_openstack.cleanup.manager [-] Deleting glance.images object s_rally_2a169f60_1Fg5JMa0 (279b3282-1183-43cd-b923-3ae285c52cf6)
2019-08-04 19:42:24.392 725 RALLYDEBUG rally_openstack.cleanup.manager [-] Deleting glance.images object s_rally_2a169f60_leGrv3HF (50132e91-5b3f-4861-82f2-9d50eb2ff43c)
2019-08-04 19:42:24.393 725 RALLYDEBUG rally_openstack.cleanup.manager [-] Deleting glance.images object s_rally_2a169f60_camKTmBW (f9bf9ef1-3b2e-4c61-894d-d4ef152d3c37)
2019-08-04 19:42:24.395 725 RALLYDEBUG rally_openstack.cleanup.manager [-] Deleting glance.images object s_rally_2a169f60_fS8lJHJn (a5e97549-f452-4605-93d7-66b61e267a53)
2019-08-04 19:42:26.422 725 DEBUG glanceclient.common.http [-] Request returned failure status 404. _handle_response /usr/lib/python2.7/site-packages/glanceclient/common/http.py:125
2019-08-04 19:42:26.580 725 DEBUG glanceclient.common.http [-] Request returned failure status 404. _handle_response /usr/lib/python2.7/site-packages/glanceclient/common/http.py:125
2019-08-04 19:42:26.595 725 DEBUG glanceclient.common.http [-] Request returned failure status 404. _handle_response /usr/lib/python2.7/site-packages/glanceclient/common/http.py:125
2019-08-04 19:42:26.645 725 DEBUG glanceclient.common.http [-] Request returned failure status 404. _handle_response /usr/lib/python2.7/site-packages/glanceclient/common/http.py:125
2019-08-04 19:42:26.652 725 DEBUG glanceclient.common.http [-] Request returned failure status 404. _handle_response /usr/lib/python2.7/site-packages/glanceclient/common/http.py:125
2019-08-04 19:42:26.677 725 DEBUG glanceclient.common.http [-] Request returned failure status 404. _handle_response /usr/lib/python2.7/site-packages/glanceclient/common/http.py:125
2019-08-04 19:42:26.691 725 DEBUG glanceclient.common.http [-] Request returned failure status 404. _handle_response /usr/lib/python2.7/site-packages/glanceclient/common/http.py:125
2019-08-04 19:42:26.705 725 DEBUG glanceclient.common.http [-] Request returned failure status 404. _handle_response /usr/lib/python2.7/site-packages/glanceclient/common/http.py:125
2019-08-04 19:42:26.718 725 DEBUG glanceclient.common.http [-] Request returned failure status 404. _handle_response /usr/lib/python2.7/site-packages/glanceclient/common/http.py:125
2019-08-04 19:42:26.740 725 DEBUG glanceclient.common.http [-] Request returned failure status 404. _handle_response /usr/lib/python2.7/site-packages/glanceclient/common/http.py:125
2019-08-04 19:42:26.742 725 DEBUG glanceclient.common.http [-] Request returned failure status 404. _handle_response /usr/lib/python2.7/site-packages/glanceclient/common/http.py:125
2019-08-04 19:42:26.853 725 DEBUG glanceclient.common.http [-] Request returned failure status 404. _handle_response /usr/lib/python2.7/site-packages/glanceclient/common/http.py:125
2019-08-04 19:42:26.887 725 DEBUG glanceclient.common.http [-] Request returned failure status 404. _handle_response /usr/lib/python2.7/site-packages/glanceclient/common/http.py:125
2019-08-04 19:42:26.949 725 DEBUG glanceclient.common.http [-] Request returned failure status 404. _handle_response /usr/lib/python2.7/site-packages/glanceclient/common/http.py:125
2019-08-04 19:42:26.963 725 DEBUG glanceclient.common.http [-] Request returned failure status 404. _handle_response /usr/lib/python2.7/site-packages/glanceclient/common/http.py:125
2019-08-04 19:42:27.001 725 DEBUG glanceclient.common.http [-] Request returned failure status 404. _handle_response /usr/lib/python2.7/site-packages/glanceclient/common/http.py:125
2019-08-04 19:42:27.334 725 DEBUG glanceclient.common.http [-] Request returned failure status 404. _handle_response /usr/lib/python2.7/site-packages/glanceclient/common/http.py:125
2019-08-04 19:42:27.435 725 DEBUG glanceclient.common.http [-] Request returned failure status 404. _handle_response /usr/lib/python2.7/site-packages/glanceclient/common/http.py:125
2019-08-04 19:42:27.535 725 DEBUG glanceclient.common.http [-] Request returned failure status 404. _handle_response /usr/lib/python2.7/site-packages/glanceclient/common/http.py:125
2019-08-04 19:42:27.659 725 DEBUG glanceclient.common.http [-] Request returned failure status 404. _handle_response /usr/lib/python2.7/site-packages/glanceclient/common/http.py:125
2019-08-04 19:42:28.662 725 INFO rally.task.context [-] Task 74207899-3f24-44e2-b0bf-511990a93789 | Context cleanup@openstack cleanup() finished in 8.42 sec
2019-08-04 19:42:28.663 725 INFO rally.task.context [-] Task 74207899-3f24-44e2-b0bf-511990a93789 | Context users@openstack cleanup() started
2019-08-04 19:42:36.697 725 INFO rally.task.context [-] Task 74207899-3f24-44e2-b0bf-511990a93789 | Context users@openstack cleanup() finished in 8.03 sec
2019-08-04 19:42:38.248 725 INFO rally.task.engine [-] Load duration is: 16.333046
2019-08-04 19:42:38.248 725 INFO rally.task.engine [-] Full runner duration is: 17.252183
2019-08-04 19:42:38.249 725 INFO rally.task.engine [-] Full duration is: 38.662274
2019-08-04 19:42:38.512 725 INFO rally.task.engine [-] Running workload: position = 0 config = { "version": 2, "title": "A cropped version of a bigger task.", "description": "Auto-generated task from a single workload (uuid=9b24f20d-faf5-428d-b3f8-f74c165b94c6)", "subtasks": [ { "title": "GlanceImages.create_and_get_image", "description": "Create and get detailed information of an image.", "scenario": { "GlanceImages.create_and_get_image": { "container_format": "bare", "disk_format": "qcow2", "image_location": "/home/opnfv/functest/images/cirros-0.4.0-x86_64-disk.img" } }, "contexts": { "users": { "tenants": 3, "users_per_tenant": 2 } }, "runner": { "constant": { "concurrency": 4, "times": 10 } }, "hooks": [], "sla": { "failure_rate": { "max": 0 } } } ] }
2019-08-04 19:42:38.533 725 RALLYDEBUG rally_openstack.contexts.keystone.users [-] Creating 3 tenants using 20 threads
2019-08-04 19:42:40.529 725 RALLYDEBUG rally_openstack.contexts.keystone.users [-] Creating 6 users using 20 threads
2019-08-04 19:42:43.553 725 INFO rally.task.context [-] Task 74207899-3f24-44e2-b0bf-511990a93789 | Context users@openstack setup() finished in 5.02 sec
2019-08-04 19:42:43.553 725 INFO rally.task.context [-] Task 74207899-3f24-44e2-b0bf-511990a93789 | Context cleanup@openstack setup() finished in 0.01 msec
2019-08-04 19:42:43.561 725 RALLYDEBUG rally.task.runner [-] Starting the constant runner (task UUID: 74207899-3f24-44e2-b0bf-511990a93789). timeout: 0 concurrency: 4 concurrency_per_worker: 1 times: 10 concurrency_overhead: 0 processes_to_start: 4 max_cpu_used: 16
2019-08-04 19:42:43.574 1633 RALLYDEBUG rally.task.runner [-] Starting a worker. concurrency: 1 args: {"container_format": "bare", "disk_format": "qcow2", "image_location": "/home/opnfv/functest/images/cirros-0.4.0-x86_64-disk.img"} times: 10 method_name: run timeout: 0 duration: None cls:
2019-08-04 19:42:43.577 1635 RALLYDEBUG rally.task.runner [-] Starting a worker. concurrency: 1 args: {"container_format": "bare", "disk_format": "qcow2", "image_location": "/home/opnfv/functest/images/cirros-0.4.0-x86_64-disk.img"} times: 10 method_name: run timeout: 0 duration: None cls:
2019-08-04 19:42:43.577 1634 RALLYDEBUG rally.task.runner [-] Starting a worker. concurrency: 1 args: {"container_format": "bare", "disk_format": "qcow2", "image_location": "/home/opnfv/functest/images/cirros-0.4.0-x86_64-disk.img"} times: 10 method_name: run timeout: 0 duration: None cls:
2019-08-04 19:42:43.580 1633 INFO rally.task.runner [-] Task 74207899-3f24-44e2-b0bf-511990a93789 | ITER: 1 START
2019-08-04 19:42:43.581 1635 INFO rally.task.runner [-] Task 74207899-3f24-44e2-b0bf-511990a93789 | ITER: 2 START
2019-08-04 19:42:43.582 1636 RALLYDEBUG rally.task.runner [-] Starting a worker. concurrency: 1 args: {"container_format": "bare", "disk_format": "qcow2", "image_location": "/home/opnfv/functest/images/cirros-0.4.0-x86_64-disk.img"} times: 10 method_name: run timeout: 0 duration: None cls:
2019-08-04 19:42:43.583 1634 INFO rally.task.runner [-] Task 74207899-3f24-44e2-b0bf-511990a93789 | ITER: 3 START
2019-08-04 19:42:43.588 1636 INFO rally.task.runner [-] Task 74207899-3f24-44e2-b0bf-511990a93789 | ITER: 4 START
2019-08-04 19:42:47.166 1634 RALLYDEBUG rally.task.utils [-] Waiting for resource u'd53fa74b-4804-416b-9143-4faa21b60d88'. Status changed: NONE => QUEUED in 0.0376119613647
2019-08-04 19:42:47.177 1636 RALLYDEBUG rally.task.utils [-] Waiting for resource u'1bdb0e73-0879-4931-ba4d-1482b28a34c4'. Status changed: NONE => QUEUED in 0.320979118347
2019-08-04 19:42:47.300 1633 RALLYDEBUG rally.task.utils [-] Waiting for resource u'f610f2a3-3db6-49ce-ad4e-d2297a4a267b'. Status changed: NONE => QUEUED in 0.0294239521027
2019-08-04 19:42:47.661 1635 RALLYDEBUG rally.task.utils [-] Waiting for resource u'5676595f-d7dc-49be-8010-31dddcf58c11'. Status changed: NONE => QUEUED in 0.521630048752
2019-08-04 19:42:48.382 1636 RALLYDEBUG rally.task.utils [-] Waiting for resource s_rally_9b24f20d_NYOTIsBm. Status changed: QUEUED => ACTIVE in 0.30211687088
2019-08-04 19:42:48.383 1634 RALLYDEBUG rally.task.utils [-] Waiting for resource s_rally_9b24f20d_32f8H6VH. Status changed: QUEUED => ACTIVE in 0.325689792633
2019-08-04 19:42:48.426 1633 RALLYDEBUG rally.task.utils [-] Waiting for resource s_rally_9b24f20d_86o0uI0d. Status changed: QUEUED => ACTIVE in 0.329071998596
2019-08-04 19:42:48.445 1633 INFO rally.task.runner [-] Task 74207899-3f24-44e2-b0bf-511990a93789 | ITER: 1 END: OK
2019-08-04 19:42:48.449 1633 INFO rally.task.runner [-] Task 74207899-3f24-44e2-b0bf-511990a93789 | ITER: 5 START
2019-08-04 19:42:48.687 1634 INFO rally.task.runner [-] Task 74207899-3f24-44e2-b0bf-511990a93789 | ITER: 3 END: OK
2019-08-04 19:42:48.692 1634 INFO rally.task.runner [-] Task 74207899-3f24-44e2-b0bf-511990a93789 | ITER: 6 START
2019-08-04 19:42:48.703 1636 INFO rally.task.runner [-] Task 74207899-3f24-44e2-b0bf-511990a93789 | ITER: 4 END: OK
2019-08-04 19:42:48.708 1636 INFO rally.task.runner [-] Task 74207899-3f24-44e2-b0bf-511990a93789 | ITER: 7 START
2019-08-04 19:42:49.392 1635 RALLYDEBUG rally.task.utils [-] Waiting for resource s_rally_9b24f20d_8cxnVTR2. Status changed: QUEUED => ACTIVE in 0.221100091934
2019-08-04 19:42:49.688 1635 INFO rally.task.runner [-] Task 74207899-3f24-44e2-b0bf-511990a93789 | ITER: 2 END: OK
2019-08-04 19:42:49.692 1635 INFO rally.task.runner [-] Task 74207899-3f24-44e2-b0bf-511990a93789 | ITER: 8 START
2019-08-04 19:42:52.282 1634 RALLYDEBUG rally.task.utils [-] Waiting for resource u'1655c8a9-12d3-40f8-b226-3e4cf52cb90a'. Status changed: NONE => QUEUED in 0.0272040367126
2019-08-04 19:42:52.395 1633 RALLYDEBUG rally.task.utils [-] Waiting for resource u'f3dc67b3-a8d0-41dd-a820-85e9da7fa30a'. Status changed: NONE => QUEUED in 0.419615983963
2019-08-04 19:42:52.616 1636 RALLYDEBUG rally.task.utils [-] Waiting for resource u'2425bc59-cd3a-4dee-8f05-3e113ed60f8d'. Status changed: NONE => QUEUED in 0.371690034866
2019-08-04 19:42:52.720 1634 RALLYDEBUG rally.task.utils [-] Waiting for resource s_rally_9b24f20d_8ZXf3nd1. Status changed: QUEUED => ACTIVE in 0.0190629959106
2019-08-04 19:42:53.030 1634 INFO rally.task.runner [-] Task 74207899-3f24-44e2-b0bf-511990a93789 | ITER: 6 END: OK
2019-08-04 19:42:53.034 1634 INFO rally.task.runner [-] Task 74207899-3f24-44e2-b0bf-511990a93789 | ITER: 9 START
