2019-08-04 20:03:58.318 4539 INFO rally.task.runner [-] Task 7f08bf2b-c87c-4e00-b088-661313d3c5b3 | ITER: 5 START
2019-08-04 20:03:58.516 4541 INFO rally.task.runner [-] Task 7f08bf2b-c87c-4e00-b088-661313d3c5b3 | ITER: 4 END: OK
2019-08-04 20:03:58.521 4541 INFO rally.task.runner [-] Task 7f08bf2b-c87c-4e00-b088-661313d3c5b3 | ITER: 6 START
2019-08-04 20:03:58.600 4538 INFO rally.task.runner [-] Task 7f08bf2b-c87c-4e00-b088-661313d3c5b3 | ITER: 1 END: OK
2019-08-04 20:03:58.605 4538 INFO rally.task.runner [-] Task 7f08bf2b-c87c-4e00-b088-661313d3c5b3 | ITER: 7 START
2019-08-04 20:03:58.669 4540 INFO rally.task.runner [-] Task 7f08bf2b-c87c-4e00-b088-661313d3c5b3 | ITER: 3 END: OK
2019-08-04 20:03:58.674 4540 INFO rally.task.runner [-] Task 7f08bf2b-c87c-4e00-b088-661313d3c5b3 | ITER: 8 START
2019-08-04 20:04:02.618 4539 INFO rally.task.runner [-] Task 7f08bf2b-c87c-4e00-b088-661313d3c5b3 | ITER: 5 END: OK
2019-08-04 20:04:02.623 4539 INFO rally.task.runner [-] Task 7f08bf2b-c87c-4e00-b088-661313d3c5b3 | ITER: 9 START
2019-08-04 20:04:02.915 4538 RALLYDEBUG rally.task.utils [-] Waiting for resource s_rally_3670af3b_RSd4bjm6. Status changed: AVAILABLE => DELETING in 0.276834011078
2019-08-04 20:04:02.971 4541 RALLYDEBUG rally.task.utils [-] Waiting for resource s_rally_3670af3b_p3msCcqf. Status changed: AVAILABLE => DELETING in 0.403923034668
2019-08-04 20:04:03.040 4540 RALLYDEBUG rally.task.utils [-] Waiting for resource s_rally_3670af3b_F92Mo3l7. Status changed: AVAILABLE => DELETING in 0.359012842178
2019-08-04 20:04:05.146 4538 INFO rally.task.runner [-] Task 7f08bf2b-c87c-4e00-b088-661313d3c5b3 | ITER: 7 END: OK
2019-08-04 20:04:05.151 4538 INFO rally.task.runner [-] Task 7f08bf2b-c87c-4e00-b088-661313d3c5b3 | ITER: 10 START
2019-08-04 20:04:05.202 4541 INFO rally.task.runner [-] Task 7f08bf2b-c87c-4e00-b088-661313d3c5b3 | ITER: 6 END: OK
2019-08-04 20:04:05.282 4540 INFO rally.task.runner [-] Task 7f08bf2b-c87c-4e00-b088-661313d3c5b3 | ITER: 8 END: OK
2019-08-04 20:04:06.939 4539 INFO rally.task.runner [-] Task 7f08bf2b-c87c-4e00-b088-661313d3c5b3 | ITER: 9 END: OK
2019-08-04 20:04:09.092 4538 INFO rally.task.runner [-] Task 7f08bf2b-c87c-4e00-b088-661313d3c5b3 | ITER: 10 END: OK
2019-08-04 20:04:09.116 1842 INFO rally.task.context [-] Task 7f08bf2b-c87c-4e00-b088-661313d3c5b3 | Context cleanup@openstack cleanup() started
2019-08-04 20:04:09.118 1842 RALLYDEBUG rally_openstack.cleanup.manager [-] Cleaning up cinder backups objects
2019-08-04 20:04:11.376 1842 RALLYDEBUG rally_openstack.cleanup.manager [-] Cleaning up cinder volume_snapshots objects
2019-08-04 20:04:13.616 1842 RALLYDEBUG rally_openstack.cleanup.manager [-] Cleaning up cinder transfers objects
2019-08-04 20:04:15.658 1842 RALLYDEBUG rally_openstack.cleanup.manager [-] Cleaning up cinder volumes objects
2019-08-04 20:04:17.778 1842 INFO rally.task.context [-] Task 7f08bf2b-c87c-4e00-b088-661313d3c5b3 | Context cleanup@openstack cleanup() finished in 8.66 sec
2019-08-04 20:04:17.779 1842 INFO rally.task.context [-] Task 7f08bf2b-c87c-4e00-b088-661313d3c5b3 | Context quotas@openstack cleanup() started
2019-08-04 20:04:18.767 1842 INFO rally.task.context [-] Task 7f08bf2b-c87c-4e00-b088-661313d3c5b3 | Context quotas@openstack cleanup() finished in 0.99 sec
2019-08-04 20:04:18.767 1842 INFO rally.task.context [-] Task 7f08bf2b-c87c-4e00-b088-661313d3c5b3 | Context api_versions@openstack cleanup() started
2019-08-04 20:04:18.768 1842 INFO rally.task.context [-] Task 7f08bf2b-c87c-4e00-b088-661313d3c5b3 | Context api_versions@openstack cleanup() finished in 0.32 msec
2019-08-04 20:04:18.768 1842 INFO rally.task.context [-] Task 7f08bf2b-c87c-4e00-b088-661313d3c5b3 | Context users@openstack cleanup() started
2019-08-04 20:04:26.547 1842 INFO rally.task.context [-] Task 7f08bf2b-c87c-4e00-b088-661313d3c5b3 | Context users@openstack cleanup() finished in 7.78 sec
2019-08-04 20:04:26.938 1842 INFO rally.task.engine [-] Load duration is: 17.456695
2019-08-04 20:04:26.938 1842 INFO rally.task.engine [-] Full runner duration is: 17.501708
2019-08-04 20:04:26.939 1842 INFO rally.task.engine [-] Full duration is: 41.797782
2019-08-04 20:04:27.200 1842 INFO rally.task.engine [-] Running workload: position = 0 config = { "version": 2, "title": "A cropped version of a bigger task.", "description": "Auto-generated task from a single workload (uuid=090657a7-8df9-4526-809e-a1220009a9e9)", "subtasks": [ { "title": "CinderVolumes.create_and_extend_volume", "description": "Create and extend a volume and then delete it.", "scenario": { "CinderVolumes.create_and_extend_volume": { "new_size": 2, "size": 1 } }, "contexts": { "users": { "tenants": 3, "users_per_tenant": 2 }, "quotas": { "cinder": { "gigabytes": -1, "snapshots": -1, "volumes": -1 } }, "api_versions": { "cinder": { "version": 3, "service_type": "volumev3" } } }, "runner": { "constant": { "concurrency": 4, "times": 10 } }, "hooks": [], "sla": { "failure_rate": { "max": 0 } } } ] }
2019-08-04 20:04:27.223 1842 RALLYDEBUG rally_openstack.contexts.keystone.users [-] Creating 3 tenants using 20 threads
2019-08-04 20:04:29.110 1842 RALLYDEBUG rally_openstack.contexts.keystone.users [-] Creating 6 users using 20 threads
2019-08-04 20:04:32.152 1842 INFO rally.task.context [-] Task 7f08bf2b-c87c-4e00-b088-661313d3c5b3 | Context users@openstack setup() finished in 4.93 sec
2019-08-04 20:04:32.585 1842 INFO rally.task.context [-] Task 7f08bf2b-c87c-4e00-b088-661313d3c5b3 | Context api_versions@openstack setup() finished in 0.43 sec
2019-08-04 20:04:34.254 1842 INFO rally.task.context [-] Task 7f08bf2b-c87c-4e00-b088-661313d3c5b3 | Context quotas@openstack setup() finished in 1.67 sec
2019-08-04 20:04:34.254 1842 INFO rally.task.context [-] Task 7f08bf2b-c87c-4e00-b088-661313d3c5b3 | Context cleanup@openstack setup() finished in 0.02 msec
2019-08-04 20:04:34.263 1842 RALLYDEBUG rally.task.runner [-] Starting the constant runner (task UUID: 7f08bf2b-c87c-4e00-b088-661313d3c5b3). timeout: 0 concurrency: 4 concurrency_per_worker: 1 times: 10 concurrency_overhead: 0 processes_to_start: 4 max_cpu_used: 16
2019-08-04 20:04:34.273 4722 RALLYDEBUG rally.task.runner [-] Starting a worker. concurrency: 1 args: {"new_size": 2, "size": 1} times: 10 method_name: run timeout: 0 duration: None cls:
2019-08-04 20:04:34.277 4723 RALLYDEBUG rally.task.runner [-] Starting a worker. concurrency: 1 args: {"new_size": 2, "size": 1} times: 10 method_name: run timeout: 0 duration: None cls:
2019-08-04 20:04:34.279 4722 INFO rally.task.runner [-] Task 7f08bf2b-c87c-4e00-b088-661313d3c5b3 | ITER: 1 START
2019-08-04 20:04:34.281 4724 RALLYDEBUG rally.task.runner [-] Starting a worker. concurrency: 1 args: {"new_size": 2, "size": 1} times: 10 method_name: run timeout: 0 duration: None cls:
2019-08-04 20:04:34.283 4723 INFO rally.task.runner [-] Task 7f08bf2b-c87c-4e00-b088-661313d3c5b3 | ITER: 2 START
2019-08-04 20:04:34.284 4725 RALLYDEBUG rally.task.runner [-] Starting a worker. concurrency: 1 args: {"new_size": 2, "size": 1} times: 10 method_name: run timeout: 0 duration: None cls:
2019-08-04 20:04:34.288 4724 INFO rally.task.runner [-] Task 7f08bf2b-c87c-4e00-b088-661313d3c5b3 | ITER: 3 START
2019-08-04 20:04:34.292 4725 INFO rally.task.runner [-] Task 7f08bf2b-c87c-4e00-b088-661313d3c5b3 | ITER: 4 START
2019-08-04 20:04:38.487 4724 RALLYDEBUG rally.task.utils [-] Waiting for resource s_rally_090657a7_rwBQq7Ms. Status changed: AVAILABLE => EXTENDING in 0.0556881427765
2019-08-04 20:04:38.785 4722 RALLYDEBUG rally.task.utils [-] Waiting for resource s_rally_090657a7_vmBtdwDY. Status changed: AVAILABLE => EXTENDING in 0.318387985229
2019-08-04 20:04:39.524 4723 RALLYDEBUG rally.task.utils [-] Waiting for resource s_rally_090657a7_xKV63ejQ. Status changed: AVAILABLE => DELETING in 0.250232934952
2019-08-04 20:04:39.569 4725 RALLYDEBUG rally.task.utils [-] Waiting for resource s_rally_090657a7_XGwEJoq8. Status changed: AVAILABLE => DELETING in 0.252895116806
2019-08-04 20:04:40.544 4724 RALLYDEBUG rally.task.utils [-] Waiting for resource s_rally_090657a7_rwBQq7Ms. Status changed: EXTENDING => AVAILABLE in 2.05714797974
2019-08-04 20:04:41.049 4722 RALLYDEBUG rally.task.utils [-] Waiting for resource s_rally_090657a7_vmBtdwDY. Status changed: EXTENDING => AVAILABLE in 2.2639939785
2019-08-04 20:04:41.237 4724 INFO rally.task.runner [-] Task 7f08bf2b-c87c-4e00-b088-661313d3c5b3 | ITER: 3 END: OK
2019-08-04 20:04:41.243 4724 INFO rally.task.runner [-] Task 7f08bf2b-c87c-4e00-b088-661313d3c5b3 | ITER: 5 START
2019-08-04 20:04:41.761 4723 INFO rally.task.runner [-] Task 7f08bf2b-c87c-4e00-b088-661313d3c5b3 | ITER: 2 END: OK
2019-08-04 20:04:41.767 4723 INFO rally.task.runner [-] Task 7f08bf2b-c87c-4e00-b088-661313d3c5b3 | ITER: 6 START
2019-08-04 20:04:41.781 4722 INFO rally.task.runner [-] Task 7f08bf2b-c87c-4e00-b088-661313d3c5b3 | ITER: 1 END: OK
2019-08-04 20:04:41.786 4722 INFO rally.task.runner [-] Task 7f08bf2b-c87c-4e00-b088-661313d3c5b3 | ITER: 7 START
2019-08-04 20:04:41.917 4725 INFO rally.task.runner [-] Task 7f08bf2b-c87c-4e00-b088-661313d3c5b3 | ITER: 4 END: OK
2019-08-04 20:04:41.922 4725 INFO rally.task.runner [-] Task 7f08bf2b-c87c-4e00-b088-661313d3c5b3 | ITER: 8 START
2019-08-04 20:04:46.057 4723 RALLYDEBUG rally.task.utils [-] Waiting for resource s_rally_090657a7_syZztN4R. Status changed: AVAILABLE => EXTENDING in 0.259855985641
2019-08-04 20:04:46.307 4724 INFO rally.task.runner [-] Task 7f08bf2b-c87c-4e00-b088-661313d3c5b3 | ITER: 5 END: OK
2019-08-04 20:04:46.312 4724 INFO rally.task.runner [-] Task 7f08bf2b-c87c-4e00-b088-661313d3c5b3 | ITER: 9 START
2019-08-04 20:04:46.493 4725 RALLYDEBUG rally.task.utils [-] Waiting for resource s_rally_090657a7_fv3vzkAn. Status changed: AVAILABLE => DELETING in 0.0575180053711
2019-08-04 20:04:46.752 4722 RALLYDEBUG rally.task.utils [-] Waiting for resource s_rally_090657a7_dZ4fr8cm. Status changed: AVAILABLE => DELETING in 0.25119805336
2019-08-04 20:04:48.301 4723 RALLYDEBUG rally.task.utils [-] Waiting for resource s_rally_090657a7_syZztN4R. Status changed: EXTENDING => AVAILABLE in 2.24357700348
2019-08-04 20:04:48.744 4725 INFO rally.task.runner [-] Task 7f08bf2b-c87c-4e00-b088-661313d3c5b3 | ITER: 8 END: OK
2019-08-04 20:04:48.749 4725 INFO rally.task.runner [-] Task 7f08bf2b-c87c-4e00-b088-661313d3c5b3 | ITER: 10 START
2019-08-04 20:04:48.883 4723 INFO rally.task.runner [-] Task 7f08bf2b-c87c-4e00-b088-661313d3c5b3 | ITER: 6 END: OK
2019-08-04 20:04:49.064 4722 INFO rally.task.runner [-] Task 7f08bf2b-c87c-4e00-b088-661313d3c5b3 | ITER: 7 END: OK
2019-08-04 20:04:50.958 4724 INFO rally.task.runner [-] Task 7f08bf2b-c87c-4e00-b088-661313d3c5b3 | ITER: 9 END: OK
2019-08-04 20:04:53.437 4725 INFO rally.task.runner [-] Task 7f08bf2b-c87c-4e00-b088-661313d3c5b3 | ITER: 10 END: OK
2019-08-04 20:04:53.468 1842 INFO rally.task.context [-] Task 7f08bf2b-c87c-4e00-b088-661313d3c5b3 | Context cleanup@openstack cleanup() started
2019-08-04 20:04:53.471 1842 RALLYDEBUG rally_openstack.cleanup.manager [-] Cleaning up cinder backups objects
2019-08-04 20:04:55.613 1842 RALLYDEBUG rally_openstack.cleanup.manager [-] Cleaning up cinder volume_snapshots objects
2019-08-04 20:04:57.689 1842 RALLYDEBUG rally_openstack.cleanup.manager [-] Cleaning up cinder transfers objects
2019-08-04 20:04:59.925 1842 RALLYDEBUG rally_openstack.cleanup.manager [-] Cleaning up cinder volumes objects
2019-08-04 20:05:02.224 1842 INFO rally.task.context [-] Task 7f08bf2b-c87c-4e00-b088-661313d3c5b3 | Context cleanup@openstack cleanup() finished in 8.76 sec
2019-08-04 20:05:02.225 1842 INFO rally.task.context [-] Task 7f08bf2b-c87c-4e00-b088-661313d3c5b3 | Context quotas@openstack cleanup() started
2019-08-04 20:05:03.156 1842 INFO rally.task.context [-] Task 7f08bf2b-c87c-4e00-b088-661313d3c5b3 | Context quotas@openstack cleanup() finished in 0.93 sec
2019-08-04 20:05:03.157 1842 INFO rally.task.context [-] Task 7f08bf2b-c87c-4e00-b088-661313d3c5b3 | Context api_versions@openstack cleanup() started
2019-08-04 20:05:03.157 1842 INFO rally.task.context [-] Task 7f08bf2b-c87c-4e00-b088-661313d3c5b3 | Context api_versions@openstack cleanup() finished in 0.34 msec
2019-08-04 20:05:03.158 1842 INFO rally.task.context [-] Task 7f08bf2b-c87c-4e00-b088-661313d3c5b3 | Context users@openstack cleanup() started
2019-08-04 20:05:11.146 1842 INFO rally.task.context [-] Task 7f08bf2b-c87c-4e00-b088-661313d3c5b3 | Context users@openstack cleanup() finished in 7.99 sec
2019-08-04 20:05:11.407 1842 INFO rally.task.engine [-] Load duration is: 19.153816
2019-08-04 20:05:11.408 1842 INFO rally.task.engine [-] Full runner duration is: 19.205672
2019-08-04 20:05:11.408 1842 INFO rally.task.engine [-] Full duration is: 43.925997
2019-08-04 20:05:11.707 1842 INFO rally.task.engine [-] Running workload: position = 0 config = { "version": 2, "title": "A cropped version of a bigger task.", "description": "Auto-generated task from a single workload (uuid=e4a78c32-9b2c-48c0-bd6d-dc9da6b14970)", "subtasks": [ { "title": "CinderVolumes.create_from_volume_and_delete_volume", "description": "Create volume from volume and then delete it.", "scenario": { "CinderVolumes.create_from_volume_and_delete_volume": { "size": 1 } }, "contexts": { "users": { "tenants": 3, "users_per_tenant": 2 }, "quotas": { "cinder": { "gigabytes": -1, "snapshots": -1, "volumes": -1 } }, "api_versions": { "cinder": { "version": 3, "service_type": "volumev3" } }, "volumes": { "size": 1, "volumes_per_tenant": 1 } }, "runner": { "constant": { "concurrency": 4, "times": 10 } }, "hooks": [], "sla": { "failure_rate": { "max": 0 } } } ] }
2019-08-04 20:05:11.732 1842 RALLYDEBUG rally_openstack.contexts.keystone.users [-] Creating 3 tenants using 20 threads
2019-08-04 20:05:13.584 1842 RALLYDEBUG rally_openstack.contexts.keystone.users [-] Creating 6 users using 20 threads
2019-08-04 20:05:16.561 1842 INFO rally.task.context [-] Task 7f08bf2b-c87c-4e00-b088-661313d3c5b3 | Context users@openstack setup() finished in 4.83 sec
2019-08-04 20:05:16.995 1842 INFO rally.task.context [-] Task 7f08bf2b-c87c-4e00-b088-661313d3c5b3 | Context api_versions@openstack setup() finished in 0.43 sec
2019-08-04 20:05:18.938 1842 INFO rally.task.context [-] Task 7f08bf2b-c87c-4e00-b088-661313d3c5b3 | Context quotas@openstack setup() finished in 1.94 sec
2019-08-04 20:05:30.089 1842 INFO rally.task.context [-] Task 7f08bf2b-c87c-4e00-b088-661313d3c5b3 | Context volumes@openstack setup() finished in 11.15 sec
2019-08-04 20:05:30.089 1842 INFO rally.task.context [-] Task 7f08bf2b-c87c-4e00-b088-661313d3c5b3 | Context cleanup@openstack setup() finished in 0.01 msec
2019-08-04 20:05:30.098 1842 RALLYDEBUG rally.task.runner [-] Starting the constant runner (task UUID: 7f08bf2b-c87c-4e00-b088-661313d3c5b3). timeout: 0 concurrency: 4 concurrency_per_worker: 1 times: 10 concurrency_overhead: 0 processes_to_start: 4 max_cpu_used: 16
2019-08-04 20:05:30.111 4907 RALLYDEBUG rally.task.runner [-] Starting a worker. concurrency: 1 args: {"size": 1} times: 10 method_name: run timeout: 0 duration: None cls:
2019-08-04 20:05:30.111 4906 RALLYDEBUG rally.task.runner [-] Starting a worker. concurrency: 1 args: {"size": 1} times: 10 method_name: run timeout: 0 duration: None cls:
2019-08-04 20:05:30.114 4908 RALLYDEBUG rally.task.runner [-] Starting a worker. concurrency: 1 args: {"size": 1} times: 10 method_name: run timeout: 0 duration: None cls:
2019-08-04 20:05:30.115 4907 INFO rally.task.runner [-] Task 7f08bf2b-c87c-4e00-b088-661313d3c5b3 | ITER: 1 START
2019-08-04 20:05:30.118 4906 INFO rally.task.runner [-] Task 7f08bf2b-c87c-4e00-b088-661313d3c5b3 | ITER: 2 START
2019-08-04 20:05:30.120 4908 INFO rally.task.runner [-] Task 7f08bf2b-c87c-4e00-b088-661313d3c5b3 | ITER: 3 START
2019-08-04 20:05:30.120 4909 RALLYDEBUG rally.task.runner [-] Starting a worker. concurrency: 1 args: {"size": 1} times: 10 method_name: run timeout: 0 duration: None cls:
2019-08-04 20:05:30.127 4909 INFO rally.task.runner [-] Task 7f08bf2b-c87c-4e00-b088-661313d3c5b3 | ITER: 4 START
2019-08-04 20:05:33.871 4906 RALLYDEBUG rally.task.utils [-] Waiting for resource s_rally_e4a78c32_o44pUQVO. Status changed: CREATING => AVAILABLE in 0.627501010895
2019-08-04 20:05:33.924 4907 RALLYDEBUG rally.task.utils [-] Waiting for resource s_rally_e4a78c32_OKkTOiCp. Status changed: CREATING => AVAILABLE in 0.654889822006
2019-08-04 20:05:34.307 4906 RALLYDEBUG rally.task.utils [-] Waiting for resource s_rally_e4a78c32_o44pUQVO. Status changed: AVAILABLE => DELETING in 0.056184053421
2019-08-04 20:05:34.559 4908 RALLYDEBUG rally.task.utils [-] Waiting for resource s_rally_e4a78c32_vue8lxXy. Status changed: AVAILABLE => DELETING in 0.392293930054
2019-08-04 20:05:34.573 4907 RALLYDEBUG rally.task.utils [-] Waiting for resource s_rally_e4a78c32_OKkTOiCp. Status changed: AVAILABLE => DELETING in 0.257692813873
2019-08-04 20:05:35.863 4909 RALLYDEBUG rally.task.utils [-] Waiting for resource s_rally_e4a78c32_PLw761Fy. Status changed: CREATING => AVAILABLE in 2.64538192749
2019-08-04 20:05:37.371 4909 RALLYDEBUG rally.task.utils [-] Waiting for resource s_rally_e4a78c32_PLw761Fy. Status changed: AVAILABLE => DELETING in 0.300086021423
2019-08-04 20:05:38.970 4906 INFO rally.task.runner [-] Task 7f08bf2b-c87c-4e00-b088-661313d3c5b3 | ITER: 2 END: OK
2019-08-04 20:05:38.975 4906 INFO rally.task.runner [-] Task 7f08bf2b-c87c-4e00-b088-661313d3c5b3 | ITER: 5 START
2019-08-04 20:05:39.179 4908 INFO rally.task.runner [-] Task 7f08bf2b-c87c-4e00-b088-661313d3c5b3 | ITER: 3 END: OK
2019-08-04 20:05:39.185 4908 INFO rally.task.runner [-] Task 7f08bf2b-c87c-4e00-b088-661313d3c5b3 | ITER: 6 START
2019-08-04 20:05:39.234 4907 INFO rally.task.runner [-] Task 7f08bf2b-c87c-4e00-b088-661313d3c5b3 | ITER: 1 END: OK
2019-08-04 20:05:39.238 4907 INFO rally.task.runner [-] Task 7f08bf2b-c87c-4e00-b088-661313d3c5b3 | ITER: 7 START
2019-08-04 20:05:42.016 4909 INFO rally.task.runner [-] Task 7f08bf2b-c87c-4e00-b088-661313d3c5b3 | ITER: 4 END: OK
2019-08-04 20:05:42.021 4909 INFO rally.task.runner [-] Task 7f08bf2b-c87c-4e00-b088-661313d3c5b3 | ITER: 8 START
2019-08-04 20:05:43.344 4906 RALLYDEBUG rally.task.utils [-] Waiting for resource s_rally_e4a78c32_kLktIIML. Status changed: AVAILABLE => DELETING in 0.327791929245
2019-08-04 20:05:45.188 4908 RALLYDEBUG rally.task.utils [-] Waiting for resource s_rally_e4a78c32_oZ1J0MQZ. Status changed: CREATING => AVAILABLE in 2.75324678421
2019-08-04 20:05:45.595 4908 RALLYDEBUG rally.task.utils [-] Waiting for resource s_rally_e4a78c32_oZ1J0MQZ. Status changed: AVAILABLE => DELETING in 0.0642309188843
2019-08-04 20:05:45.597 4907 RALLYDEBUG rally.task.utils [-] Waiting for resource s_rally_e4a78c32_lPxcAQ6i. Status changed: CREATING => AVAILABLE in 3.02201795578
2019-08-04 20:05:46.171 4909 RALLYDEBUG rally.task.utils [-] Waiting for resource s_rally_e4a78c32_cfbL2AFU. Status changed: CREATING => AVAILABLE in 0.774532794952
2019-08-04 20:05:46.254 4907 RALLYDEBUG rally.task.utils [-] Waiting for resource s_rally_e4a78c32_lPxcAQ6i. Status changed: AVAILABLE => DELETING in 0.249380111694
2019-08-04 20:05:46.908 4909 RALLYDEBUG rally.task.utils [-] Waiting for resource s_rally_e4a78c32_cfbL2AFU. Status changed: AVAILABLE => DELETING in 0.346931934357
2019-08-04 20:05:47.952 4906 INFO rally.task.runner [-] Task 7f08bf2b-c87c-4e00-b088-661313d3c5b3 | ITER: 5 END: OK
2019-08-04 20:05:47.956 4906 INFO rally.task.runner [-] Task 7f08bf2b-c87c-4e00-b088-661313d3c5b3 | ITER: 9 START
2019-08-04 20:05:50.185 4908 INFO rally.task.runner [-] Task 7f08bf2b-c87c-4e00-b088-661313d3c5b3 | ITER: 6 END: OK
2019-08-04 20:05:50.190 4908 INFO rally.task.runner [-] Task 7f08bf2b-c87c-4e00-b088-661313d3c5b3 | ITER: 10 START
2019-08-04 20:05:50.550 4907 INFO rally.task.runner [-] Task 7f08bf2b-c87c-4e00-b088-661313d3c5b3 | ITER: 7 END: OK
2019-08-04 20:05:51.496 4909 INFO rally.task.runner [-] Task 7f08bf2b-c87c-4e00-b088-661313d3c5b3 | ITER: 8 END: OK
2019-08-04 20:05:52.157 4906 RALLYDEBUG rally.task.utils [-] Waiting for resource s_rally_e4a78c32_UJxyJvCH. Status changed: AVAILABLE => DELETING in 0.35648393631
2019-08-04 20:05:54.480 4906 INFO rally.task.runner [-] Task 7f08bf2b-c87c-4e00-b088-661313d3c5b3 | ITER: 9 END: OK
2019-08-04 20:05:54.628 4908 RALLYDEBUG rally.task.utils [-] Waiting for resource s_rally_e4a78c32_sK3lM6II. Status changed: AVAILABLE => DELETING in 0.342534065247
2019-08-04 20:05:56.959 4908 INFO rally.task.runner [-] Task 7f08bf2b-c87c-4e00-b088-661313d3c5b3 | ITER: 10 END: OK
2019-08-04 20:05:56.989 1842 INFO rally.task.context [-] Task 7f08bf2b-c87c-4e00-b088-661313d3c5b3 | Context cleanup@openstack cleanup() started
2019-08-04 20:05:56.991 1842 RALLYDEBUG rally_openstack.cleanup.manager [-] Cleaning up cinder backups objects
2019-08-04 20:05:59.261 1842 RALLYDEBUG rally_openstack.cleanup.manager [-] Cleaning up cinder volume_snapshots objects
2019-08-04 20:06:01.493 1842 RALLYDEBUG rally_openstack.cleanup.manager [-] Cleaning up cinder transfers objects
2019-08-04 20:06:04.000 1842 RALLYDEBUG rally_openstack.cleanup.manager [-] Cleaning up cinder volumes objects
2019-08-04 20:06:06.331 1842 INFO rally.task.context [-] Task 7f08bf2b-c87c-4e00-b088-661313d3c5b3 | Context cleanup@openstack cleanup() finished in 9.34 sec
2019-08-04 20:06:06.331 1842 INFO rally.task.context [-] Task 7f08bf2b-c87c-4e00-b088-661313d3c5b3 | Context volumes@openstack cleanup() started
2019-08-04 20:06:06.332 1842 RALLYDEBUG rally_openstack.cleanup.manager [-] Cleaning up cinder volumes objects
2019-08-04 20:06:08.766 1842 RALLYDEBUG rally_openstack.cleanup.manager [-] Deleting cinder.volumes object c_rally_e4a78c32_mNx8fzMM (6b7e7d45-a0e1-429a-862c-0af7a28d9773)
2019-08-04 20:06:08.767 1842 RALLYDEBUG rally_openstack.cleanup.manager [-] Deleting cinder.volumes object c_rally_e4a78c32_iTecNX3N (26f49b60-cf60-49ee-b21b-0ee03470954c)
2019-08-04 20:06:08.776 1842 RALLYDEBUG rally_openstack.cleanup.manager [-] Deleting cinder.volumes object c_rally_e4a78c32_62T2U8KI (63bb0fea-069e-4cb8-b1e4-493590e5a7e0)
2019-08-04 20:06:12.314 1842 INFO rally.task.context [-] Task 7f08bf2b-c87c-4e00-b088-661313d3c5b3 | Context volumes@openstack cleanup() finished in 5.98 sec
2019-08-04 20:06:12.314 1842 INFO rally.task.context [-] Task 7f08bf2b-c87c-4e00-b088-661313d3c5b3 | Context quotas@openstack cleanup() started
2019-08-04 20:06:13.132 1842 INFO rally.task.context [-] Task 7f08bf2b-c87c-4e00-b088-661313d3c5b3 | Context quotas@openstack cleanup() finished in 0.82 sec
2019-08-04 20:06:13.132 1842 INFO rally.task.context [-] Task 7f08bf2b-c87c-4e00-b088-661313d3c5b3 | Context api_versions@openstack cleanup() started
2019-08-04 20:06:13.133 1842 INFO rally.task.context [-] Task 7f08bf2b-c87c-4e00-b088-661313d3c5b3 | Context api_versions@openstack cleanup() finished in 0.29 msec
2019-08-04 20:06:13.133 1842 INFO rally.task.context [-] Task 7f08bf2b-c87c-4e00-b088-661313d3c5b3 | Context users@openstack cleanup() started
2019-08-04 20:06:21.584 1842 INFO rally.task.context [-] Task 7f08bf2b-c87c-4e00-b088-661313d3c5b3 | Context users@openstack cleanup() finished in 8.45 sec
2019-08-04 20:06:22.046 1842 INFO rally.task.engine [-] Load duration is: 26.841092
2019-08-04 20:06:22.047 1842 INFO rally.task.engine [-] Full runner duration is: 26.892183
2019-08-04 20:06:22.047 1842 INFO rally.task.engine [-] Full duration is: 69.855638
2019-08-04 20:06:22.344 1842 INFO rally.task.engine [-] Running workload: position = 0 config = { "version": 2, "title": "A cropped version of a bigger task.", "description": "Auto-generated task from a single workload (uuid=5777f054-560a-4967-9dae-579f322b3f1a)", "subtasks": [ { "title": "CinderQos.create_and_get_qos", "description": "Create a qos, then get details of the qos.", "scenario": { "CinderQos.create_and_get_qos": { "consumer": "both", "write_iops_sec": "10", "read_iops_sec": "1000" } }, "contexts": { "users": { "tenants": 3, "users_per_tenant": 2 }, "api_versions": { "cinder": { "version": 3, "service_type": "volumev3" } } }, "runner": { "constant": { "concurrency": 4, "times": 10 } }, "hooks": [], "sla": { "failure_rate": { "max": 0 } } } ] }
2019-08-04 20:06:22.365 1842 RALLYDEBUG rally_openstack.contexts.keystone.users [-] Creating 3 tenants using 20 threads
2019-08-04 20:06:24.200 1842 RALLYDEBUG rally_openstack.contexts.keystone.users [-] Creating 6 users using 20 threads
2019-08-04 20:06:27.127 1842 INFO rally.task.context [-] Task 7f08bf2b-c87c-4e00-b088-661313d3c5b3 | Context users@openstack setup() finished in 4.76 sec
2019-08-04 20:06:27.566 1842 INFO rally.task.context [-] Task 7f08bf2b-c87c-4e00-b088-661313d3c5b3 | Context api_versions@openstack setup() finished in 0.44 sec
2019-08-04 20:06:27.567 1842 INFO rally.task.context [-] Task 7f08bf2b-c87c-4e00-b088-661313d3c5b3 | Context admin_cleanup@openstack setup() finished in 0.01 msec
2019-08-04 20:06:27.574 1842 RALLYDEBUG rally.task.runner [-] Starting the constant runner (task UUID: 7f08bf2b-c87c-4e00-b088-661313d3c5b3). timeout: 0 concurrency: 4 concurrency_per_worker: 1 times: 10 concurrency_overhead: 0 processes_to_start: 4 max_cpu_used: 16
2019-08-04 20:06:27.586 5110 RALLYDEBUG rally.task.runner [-] Starting a worker. concurrency: 1 args: {"consumer": "both", "write_iops_sec": "10", "read_iops_sec": "1000"} times: 10 method_name: run timeout: 0 duration: None cls:
2019-08-04 20:06:27.587 5111 RALLYDEBUG rally.task.runner [-] Starting a worker. concurrency: 1 args: {"consumer": "both", "write_iops_sec": "10", "read_iops_sec": "1000"} times: 10 method_name: run timeout: 0 duration: None cls:
2019-08-04 20:06:27.589 5112 RALLYDEBUG rally.task.runner [-] Starting a worker. concurrency: 1 args: {"consumer": "both", "write_iops_sec": "10", "read_iops_sec": "1000"} times: 10 method_name: run timeout: 0 duration: None cls:
2019-08-04 20:06:27.591 5113 RALLYDEBUG rally.task.runner [-] Starting a worker. concurrency: 1 args: {"consumer": "both", "write_iops_sec": "10", "read_iops_sec": "1000"} times: 10 method_name: run timeout: 0 duration: None cls:
2019-08-04 20:06:27.593 5110 INFO rally.task.runner [-] Task 7f08bf2b-c87c-4e00-b088-661313d3c5b3 | ITER: 1 START
2019-08-04 20:06:27.594 5111 INFO rally.task.runner [-] Task 7f08bf2b-c87c-4e00-b088-661313d3c5b3 | ITER: 2 START
2019-08-04 20:06:27.597 5113 INFO rally.task.runner [-] Task 7f08bf2b-c87c-4e00-b088-661313d3c5b3 | ITER: 4 START
2019-08-04 20:06:27.597 5112 INFO rally.task.runner [-] Task 7f08bf2b-c87c-4e00-b088-661313d3c5b3 | ITER: 3 START
2019-08-04 20:06:28.704 5112 INFO rally.task.runner [-] Task 7f08bf2b-c87c-4e00-b088-661313d3c5b3 | ITER: 3 END: OK
2019-08-04 20:06:28.710 5112 INFO rally.task.runner [-] Task 7f08bf2b-c87c-4e00-b088-661313d3c5b3 | ITER: 5 START
2019-08-04 20:06:28.725 5111 INFO rally.task.runner [-] Task 7f08bf2b-c87c-4e00-b088-661313d3c5b3 | ITER: 2 END: OK
2019-08-04 20:06:28.730 5111 INFO rally.task.runner [-] Task 7f08bf2b-c87c-4e00-b088-661313d3c5b3 | ITER: 6 START
2019-08-04 20:06:28.863 5113 INFO rally.task.runner [-] Task 7f08bf2b-c87c-4e00-b088-661313d3c5b3 | ITER: 4 END: OK
2019-08-04 20:06:28.868 5113 INFO rally.task.runner [-] Task 7f08bf2b-c87c-4e00-b088-661313d3c5b3 | ITER: 7 START
2019-08-04 20:06:28.876 5110 INFO rally.task.runner [-] Task 7f08bf2b-c87c-4e00-b088-661313d3c5b3 | ITER: 1 END: OK
2019-08-04 20:06:28.881 5110 INFO rally.task.runner [-] Task 7f08bf2b-c87c-4e00-b088-661313d3c5b3 | ITER: 8 START
2019-08-04 20:06:29.810 5111 INFO rally.task.runner [-] Task 7f08bf2b-c87c-4e00-b088-661313d3c5b3 | ITER: 6 END: OK
2019-08-04 20:06:29.815 5111 INFO rally.task.runner [-] Task 7f08bf2b-c87c-4e00-b088-661313d3c5b3 | ITER: 9 START
2019-08-04 20:06:29.837 5112 INFO rally.task.runner [-] Task 7f08bf2b-c87c-4e00-b088-661313d3c5b3 | ITER: 5 END: OK
2019-08-04 20:06:29.841 5112 INFO rally.task.runner [-] Task 7f08bf2b-c87c-4e00-b088-661313d3c5b3 | ITER: 10 START
2019-08-04 20:06:29.978 5113 INFO rally.task.runner [-] Task 7f08bf2b-c87c-4e00-b088-661313d3c5b3 | ITER: 7 END: OK
2019-08-04 20:06:30.124 5110 INFO rally.task.runner [-] Task 7f08bf2b-c87c-4e00-b088-661313d3c5b3 | ITER: 8 END: OK
2019-08-04 20:06:30.832 5111 INFO rally.task.runner [-] Task 7f08bf2b-c87c-4e00-b088-661313d3c5b3 | ITER: 9 END: OK
2019-08-04 20:06:30.948 5112 INFO rally.task.runner [-] Task 7f08bf2b-c87c-4e00-b088-661313d3c5b3 | ITER: 10 END: OK
2019-08-04 20:06:30.973 1842 INFO rally.task.context [-] Task 7f08bf2b-c87c-4e00-b088-661313d3c5b3 | Context admin_cleanup@openstack cleanup() started
2019-08-04 20:06:30.975 1842 RALLYDEBUG rally_openstack.cleanup.manager [-] Cleaning up cinder volume_types objects
2019-08-04 20:06:31.742 1842 RALLYDEBUG rally_openstack.cleanup.manager [-] Cleaning up cinder image_volumes_cache objects
2019-08-04 20:06:33.096 1842 RALLYDEBUG rally_openstack.cleanup.manager [-] Cleaning up cinder quotas objects
2019-08-04 20:06:34.974 1842 RALLYDEBUG rally_openstack.cleanup.manager [-] Cleaning up cinder qos_specs objects
2019-08-04 20:06:35.805 1842 RALLYDEBUG rally_openstack.cleanup.manager [-] Deleting cinder.qos_specs object s_rally_5777f054_4BLsG0Eh (62edd1f0-3c63-41a5-8adb-9e3e6d6c7804)
2019-08-04 20:06:35.809 1842 RALLYDEBUG rally_openstack.cleanup.manager [-] Deleting cinder.qos_specs object s_rally_5777f054_wf1CEI5M (36059118-b29d-4438-a2e3-4a076b7ec51c)
2019-08-04 20:06:35.820 1842 RALLYDEBUG rally_openstack.cleanup.manager [-] Deleting cinder.qos_specs object s_rally_5777f054_GHutKE7Q (ee6f236c-15cc-48c1-b868-b737ce9741c4)
2019-08-04 20:06:35.827 1842 RALLYDEBUG rally_openstack.cleanup.manager [-] Deleting cinder.qos_specs object s_rally_5777f054_b0zAb4zJ (c3a6d52d-447f-4aeb-b069-688adb94d386)
2019-08-04 20:06:35.836 1842 RALLYDEBUG rally_openstack.cleanup.manager [-] Deleting cinder.qos_specs object s_rally_5777f054_aIYPXMnG (4bc97646-fcc7-4e82-9d2f-7874e29cfe2f)
2019-08-04 20:06:35.846 1842 RALLYDEBUG rally_openstack.cleanup.manager [-] Deleting cinder.qos_specs object s_rally_5777f054_wSHma22o (b887bd8e-4b76-4414-ad1a-a875bc5eec6f)
2019-08-04 20:06:35.849 1842 RALLYDEBUG rally_openstack.cleanup.manager [-] Deleting cinder.qos_specs object s_rally_5777f054_BackXQY1 (91e4ec12-49a1-4916-8814-d1e509b5b60b)
2019-08-04 20:06:35.855 1842 RALLYDEBUG rally_openstack.cleanup.manager [-] Deleting cinder.qos_specs object s_rally_5777f054_wI3AMtS5 (76b6ae07-9a91-4945-a325-3488a365c7fd)
2019-08-04 20:06:35.865 1842 RALLYDEBUG rally_openstack.cleanup.manager [-] Deleting cinder.qos_specs object s_rally_5777f054_1SRaCa6X (48689e75-0371-4585-9c9a-cea34cb2285a)
2019-08-04 20:06:35.887 1842 RALLYDEBUG rally_openstack.cleanup.manager [-] Deleting cinder.qos_specs object s_rally_5777f054_io4g0TDL (43dd9240-673f-4f0f-98f6-e690034bb8fa)
2019-08-04 20:06:38.291 1842 INFO rally.task.context [-] Task 7f08bf2b-c87c-4e00-b088-661313d3c5b3 | Context admin_cleanup@openstack cleanup() finished in 7.32 sec
2019-08-04 20:06:38.292 1842 INFO rally.task.context [-] Task 7f08bf2b-c87c-4e00-b088-661313d3c5b3 | Context api_versions@openstack cleanup() started
2019-08-04 20:06:38.292 1842 INFO rally.task.context [-] Task 7f08bf2b-c87c-4e00-b088-661313d3c5b3 | Context api_versions@openstack cleanup() finished in 0.35 msec
2019-08-04 20:06:38.293 1842 INFO rally.task.context [-] Task 7f08bf2b-c87c-4e00-b088-661313d3c5b3 | Context users@openstack cleanup() started
2019-08-04 20:06:46.254 1842 INFO rally.task.context [-] Task 7f08bf2b-c87c-4e00-b088-661313d3c5b3 | Context users@openstack cleanup() finished in 7.96 sec
2019-08-04 20:06:46.488 1842 INFO rally.task.engine [-] Load duration is: 3.352582
2019-08-04 20:06:46.489 1842 INFO rally.task.engine [-] Full runner duration is: 3.40017
2019-08-04 20:06:46.489 1842 INFO rally.task.engine [-] Full duration is: 23.891405
2019-08-04 20:06:46.745 1842 INFO rally.task.engine [-] Running workload: position = 0 config = { "version": 2, "title": "A cropped version of a bigger task.", "description": "Auto-generated task from a single workload (uuid=87dbff26-5b4b-4400-ace3-a514ad878bb0)", "subtasks": [ { "title": "CinderQos.create_and_list_qos", "description": "Create a qos, then list all qos.", "scenario": { "CinderQos.create_and_list_qos": { "consumer": "both", "write_iops_sec": "10", "read_iops_sec": "1000" } }, "contexts": { "users": { "tenants": 3, "users_per_tenant": 2 }, "api_versions": { "cinder": { "version": 3, "service_type": "volumev3" } } }, "runner": { "constant": { "concurrency": 4, "times": 10 } }, "hooks": [], "sla": { "failure_rate": { "max": 0 } } } ] }
2019-08-04 20:06:46.768 1842 RALLYDEBUG rally_openstack.contexts.keystone.users [-] Creating 3 tenants using 20 threads
2019-08-04 20:06:48.668 1842 RALLYDEBUG rally_openstack.contexts.keystone.users [-] Creating 6 users using 20 threads
2019-08-04 20:06:51.504 1842 INFO rally.task.context [-] Task 7f08bf2b-c87c-4e00-b088-661313d3c5b3 | Context users@openstack setup() finished in 4.74 sec
2019-08-04 20:06:51.934 1842 INFO rally.task.context [-] Task 7f08bf2b-c87c-4e00-b088-661313d3c5b3 | Context api_versions@openstack setup() finished in 0.43 sec
2019-08-04 20:06:51.934 1842 INFO rally.task.context [-] Task 7f08bf2b-c87c-4e00-b088-661313d3c5b3 | Context admin_cleanup@openstack setup() finished in 0.01 msec
2019-08-04 20:06:51.941 1842 RALLYDEBUG rally.task.runner [-] Starting the constant runner (task UUID: 7f08bf2b-c87c-4e00-b088-661313d3c5b3). timeout: 0 concurrency: 4 concurrency_per_worker: 1 times: 10 concurrency_overhead: 0 processes_to_start: 4 max_cpu_used: 16
2019-08-04 20:06:51.955 5294 RALLYDEBUG rally.task.runner [-] Starting a worker. concurrency: 1 args: {"consumer": "both", "write_iops_sec": "10", "read_iops_sec": "1000"} times: 10 method_name: run timeout: 0 duration: None cls:
2019-08-04 20:06:51.957 5295 RALLYDEBUG rally.task.runner [-] Starting a worker. concurrency: 1 args: {"consumer": "both", "write_iops_sec": "10", "read_iops_sec": "1000"} times: 10 method_name: run timeout: 0 duration: None cls:
2019-08-04 20:06:51.960 5296 RALLYDEBUG rally.task.runner [-] Starting a worker. concurrency: 1 args: {"consumer": "both", "write_iops_sec": "10", "read_iops_sec": "1000"} times: 10 method_name: run timeout: 0 duration: None cls:
2019-08-04 20:06:51.962 5294 INFO rally.task.runner [-] Task 7f08bf2b-c87c-4e00-b088-661313d3c5b3 | ITER: 1 START
2019-08-04 20:06:51.963 5297 RALLYDEBUG rally.task.runner [-] Starting a worker. concurrency: 1 args: {"consumer": "both", "write_iops_sec": "10", "read_iops_sec": "1000"} times: 10 method_name: run timeout: 0 duration: None cls:
2019-08-04 20:06:51.965 5295 INFO rally.task.runner [-] Task 7f08bf2b-c87c-4e00-b088-661313d3c5b3 | ITER: 2 START
2019-08-04 20:06:51.968 5296 INFO rally.task.runner [-] Task 7f08bf2b-c87c-4e00-b088-661313d3c5b3 | ITER: 3 START
2019-08-04 20:06:51.970 5297 INFO rally.task.runner [-] Task 7f08bf2b-c87c-4e00-b088-661313d3c5b3 | ITER: 4 START
2019-08-04 20:06:53.032 5294 INFO rally.task.runner [-] Task 7f08bf2b-c87c-4e00-b088-661313d3c5b3 | ITER: 1 END: OK
2019-08-04 20:06:53.037 5294 INFO rally.task.runner [-] Task 7f08bf2b-c87c-4e00-b088-661313d3c5b3 | ITER: 5 START
2019-08-04 20:06:53.046 5297 INFO rally.task.runner [-] Task 7f08bf2b-c87c-4e00-b088-661313d3c5b3 | ITER: 4 END: OK
2019-08-04 20:06:53.051 5297 INFO rally.task.runner [-] Task 7f08bf2b-c87c-4e00-b088-661313d3c5b3 | ITER: 6 START
2019-08-04 20:06:53.052 5295 INFO rally.task.runner [-] Task 7f08bf2b-c87c-4e00-b088-661313d3c5b3 | ITER: 2 END: OK
2019-08-04 20:06:53.057 5295 INFO rally.task.runner [-] Task 7f08bf2b-c87c-4e00-b088-661313d3c5b3 | ITER: 7 START
2019-08-04 20:06:53.064 5296 INFO rally.task.runner [-] Task 7f08bf2b-c87c-4e00-b088-661313d3c5b3 | ITER: 3 END: OK
2019-08-04 20:06:53.070 5296 INFO rally.task.runner [-] Task 7f08bf2b-c87c-4e00-b088-661313d3c5b3 | ITER: 8 START
2019-08-04 20:06:54.021 5295 INFO rally.task.runner [-] Task 7f08bf2b-c87c-4e00-b088-661313d3c5b3 | ITER: 7 END: OK
2019-08-04 20:06:54.026 5295 INFO rally.task.runner [-] Task 7f08bf2b-c87c-4e00-b088-661313d3c5b3 | ITER: 9 START
2019-08-04 20:06:54.052 5297 INFO rally.task.runner [-] Task 7f08bf2b-c87c-4e00-b088-661313d3c5b3 | ITER: 6 END: OK
2019-08-04 20:06:54.057 5297 INFO rally.task.runner [-] Task 7f08bf2b-c87c-4e00-b088-661313d3c5b3 | ITER: 10 START
2019-08-04 20:06:54.091 5294 INFO rally.task.runner [-] Task 7f08bf2b-c87c-4e00-b088-661313d3c5b3 | ITER: 5 END: OK
2019-08-04 20:06:54.158 5296 INFO rally.task.runner [-] Task 7f08bf2b-c87c-4e00-b088-661313d3c5b3 | ITER: 8 END: OK
2019-08-04 20:06:55.029 5297 INFO rally.task.runner [-] Task 7f08bf2b-c87c-4e00-b088-661313d3c5b3 | ITER: 10 END: OK
2019-08-04 20:06:55.113 5295 INFO rally.task.runner [-] Task 7f08bf2b-c87c-4e00-b088-661313d3c5b3 | ITER: 9 END: OK
2019-08-04 20:06:55.134 1842 INFO rally.task.context [-] Task 7f08bf2b-c87c-4e00-b088-661313d3c5b3 | Context admin_cleanup@openstack cleanup() started
2019-08-04 20:06:55.136 1842 RALLYDEBUG rally_openstack.cleanup.manager [-] Cleaning up cinder volume_types objects
2019-08-04 20:06:55.816 1842 RALLYDEBUG rally_openstack.cleanup.manager [-] Cleaning up cinder image_volumes_cache objects
2019-08-04 20:06:57.192 1842 RALLYDEBUG rally_openstack.cleanup.manager [-] Cleaning up cinder quotas objects
2019-08-04 20:06:59.044 1842 RALLYDEBUG rally_openstack.cleanup.manager [-] Cleaning up cinder qos_specs objects
2019-08-04 20:06:59.799 1842 RALLYDEBUG rally_openstack.cleanup.manager [-] Deleting cinder.qos_specs object s_rally_87dbff26_RwutGKTg (f5a97669-5241-4e99-ae5c-46218e78babb)
2019-08-04 20:06:59.807 1842 RALLYDEBUG rally_openstack.cleanup.manager [-] Deleting cinder.qos_specs object s_rally_87dbff26_SUfQvog8 (9b9c7959-7200-43f6-9715-cb3471b571a5)
2019-08-04 20:06:59.809 1842 RALLYDEBUG rally_openstack.cleanup.manager [-] Deleting cinder.qos_specs object s_rally_87dbff26_V885WGxs (a703296f-3cad-41f2-8894-38c9ceba49d6)
2019-08-04 20:06:59.815 1842 RALLYDEBUG rally_openstack.cleanup.manager [-] Deleting cinder.qos_specs object s_rally_87dbff26_NgbkeocT (978cced4-555b-4751-aa7c-6799abb41c2e)
2019-08-04 20:06:59.829 1842 RALLYDEBUG rally_openstack.cleanup.manager [-] Deleting cinder.qos_specs object s_rally_87dbff26_s0Cz9CM3 (71c805fa-a202-4365-b5ed-3b18814c9617)
2019-08-04 20:06:59.843 1842 RALLYDEBUG rally_openstack.cleanup.manager [-] Deleting cinder.qos_specs object s_rally_87dbff26_AG8FsFoi (3f86e402-5e33-47f2-b42c-7e05b0f8ad72)
2019-08-04 20:06:59.845 1842 RALLYDEBUG rally_openstack.cleanup.manager [-] Deleting cinder.qos_specs object s_rally_87dbff26_SMonbKR4 (ae5dca84-8f73-4432-99cd-25d66acc2df5)
2019-08-04 20:06:59.858 1842 RALLYDEBUG rally_openstack.cleanup.manager [-] Deleting cinder.qos_specs object s_rally_87dbff26_cxk859Nt (ab7fb310-9b6f-47ad-8640-feb5fb54f98c)
2019-08-04 20:06:59.862 1842 RALLYDEBUG rally_openstack.cleanup.manager [-] Deleting cinder.qos_specs object s_rally_87dbff26_npNyxJwH (34eb028e-e845-47c6-8f9c-03eb681dc14e)
2019-08-04 20:06:59.872 1842 RALLYDEBUG rally_openstack.cleanup.manager [-] Deleting cinder.qos_specs object s_rally_87dbff26_4cEs8W3c (1a693179-a584-4735-9a5e-bad6661ea347)
2019-08-04 20:07:02.261 1842 INFO rally.task.context [-] Task 7f08bf2b-c87c-4e00-b088-661313d3c5b3 | Context admin_cleanup@openstack cleanup() finished in 7.13 sec
2019-08-04 20:07:02.262 1842 INFO rally.task.context [-] Task 7f08bf2b-c87c-4e00-b088-661313d3c5b3 | Context api_versions@openstack cleanup() started
2019-08-04 20:07:02.262 1842 INFO rally.task.context [-] Task 7f08bf2b-c87c-4e00-b088-661313d3c5b3 | Context api_versions@openstack cleanup() finished in 0.31 msec
2019-08-04 20:07:02.263 1842 INFO rally.task.context [-] Task 7f08bf2b-c87c-4e00-b088-661313d3c5b3 | Context users@openstack cleanup() started
2019-08-04 20:07:10.344 1842 INFO rally.task.context [-] Task 7f08bf2b-c87c-4e00-b088-661313d3c5b3 | Context users@openstack cleanup() finished in 8.08 sec
2019-08-04 20:07:10.876 1842 INFO rally.task.engine [-] Load duration is: 3.148053
2019-08-04 20:07:10.876 1842 INFO rally.task.engine [-] Full runner duration is: 3.192897
2019-08-04 20:07:10.876 1842 INFO rally.task.engine [-] Full duration is: 23.578525
2019-08-04 20:07:11.152 1842 INFO rally.task.engine [-] Running workload: position = 0 config = { "version": 2, "title": "A cropped version of a bigger task.", "description": "Auto-generated task from a single workload (uuid=a53df075-e23b-4c2d-9611-3fb492a0bb16)", "subtasks": [ { "title": "CinderQos.create_and_set_qos", "description": "Create a qos, then Add/Update keys in qos specs.", "scenario": { "CinderQos.create_and_set_qos": { "consumer": "back-end", "write_iops_sec": "10", "read_iops_sec": "1000", "set_consumer": "both", "set_write_iops_sec": "11", "set_read_iops_sec": "1001" } }, "contexts": { "users": { "tenants": 3, "users_per_tenant": 2 }, "api_versions": { "cinder": { "version": 3, "service_type": "volumev3" } } }, "runner": { "constant": { "concurrency": 4, "times": 10 } }, "hooks": [], "sla": { "failure_rate": { "max": 0 } } } ] }
2019-08-04 20:07:11.169 1842 RALLYDEBUG rally_openstack.contexts.keystone.users [-] Creating 3 tenants using 20 threads
2019-08-04 20:07:13.051 1842 RALLYDEBUG rally_openstack.contexts.keystone.users [-] Creating 6 users using 20 threads
2019-08-04 20:07:15.780 1842 INFO rally.task.context [-] Task 7f08bf2b-c87c-4e00-b088-661313d3c5b3 | Context users@openstack setup() finished in 4.61 sec
2019-08-04 20:07:16.207 1842 INFO rally.task.context [-] Task 7f08bf2b-c87c-4e00-b088-661313d3c5b3 | Context api_versions@openstack setup() finished in 0.43 sec
2019-08-04 20:07:16.207 1842 INFO rally.task.context [-] Task 7f08bf2b-c87c-4e00-b088-661313d3c5b3 | Context admin_cleanup@openstack setup() finished in 0.01 msec
2019-08-04 20:07:16.214 1842 RALLYDEBUG rally.task.runner [-] Starting the constant runner (task UUID: 7f08bf2b-c87c-4e00-b088-661313d3c5b3). timeout: 0 concurrency: 4 concurrency_per_worker: 1 times: 10 concurrency_overhead: 0 processes_to_start: 4 max_cpu_used: 16
2019-08-04 20:07:16.227 5478 RALLYDEBUG rally.task.runner [-] Starting a worker. concurrency: 1 args: {"consumer": "back-end", "write_iops_sec": "10", "read_iops_sec": "1000", "set_consumer": "both", "set_write_iops_sec": "11", "set_read_iops_sec": "1001"} times: 10 method_name: run timeout: 0 duration: None cls:
2019-08-04 20:07:16.230 5479 RALLYDEBUG rally.task.runner [-] Starting a worker. concurrency: 1 args: {"consumer": "back-end", "write_iops_sec": "10", "read_iops_sec": "1000", "set_consumer": "both", "set_write_iops_sec": "11", "set_read_iops_sec": "1001"} times: 10 method_name: run timeout: 0 duration: None cls:
2019-08-04 20:07:16.233 5480 RALLYDEBUG rally.task.runner [-] Starting a worker. concurrency: 1 args: {"consumer": "back-end", "write_iops_sec": "10", "read_iops_sec": "1000", "set_consumer": "both", "set_write_iops_sec": "11", "set_read_iops_sec": "1001"} times: 10 method_name: run timeout: 0 duration: None cls:
2019-08-04 20:07:16.235 5481 RALLYDEBUG rally.task.runner [-] Starting a worker. concurrency: 1 args: {"consumer": "back-end", "write_iops_sec": "10", "read_iops_sec": "1000", "set_consumer": "both", "set_write_iops_sec": "11", "set_read_iops_sec": "1001"} times: 10 method_name: run timeout: 0 duration: None cls:
2019-08-04 20:07:16.235 5478 INFO rally.task.runner [-] Task 7f08bf2b-c87c-4e00-b088-661313d3c5b3 | ITER: 1 START
2019-08-04 20:07:16.238 5479 INFO rally.task.runner [-] Task 7f08bf2b-c87c-4e00-b088-661313d3c5b3 | ITER: 2 START
2019-08-04 20:07:16.240 5480 INFO rally.task.runner [-] Task 7f08bf2b-c87c-4e00-b088-661313d3c5b3 | ITER: 3 START
2019-08-04 20:07:16.241 5481 INFO rally.task.runner [-] Task 7f08bf2b-c87c-4e00-b088-661313d3c5b3 | ITER: 4 START
2019-08-04 20:07:17.333 5478 INFO rally.task.runner [-] Task 7f08bf2b-c87c-4e00-b088-661313d3c5b3 | ITER: 1 END: OK
2019-08-04 20:07:17.339 5478 INFO rally.task.runner [-] Task 7f08bf2b-c87c-4e00-b088-661313d3c5b3 | ITER: 5 START
2019-08-04 20:07:17.369 5479 INFO rally.task.runner [-] Task 7f08bf2b-c87c-4e00-b088-661313d3c5b3 | ITER: 2 END: OK
2019-08-04 20:07:17.373 5479 INFO rally.task.runner [-] Task 7f08bf2b-c87c-4e00-b088-661313d3c5b3 | ITER: 6 START
2019-08-04 20:07:17.423 5480 INFO rally.task.runner [-] Task 7f08bf2b-c87c-4e00-b088-661313d3c5b3 | ITER: 3 END: OK
2019-08-04 20:07:17.428 5480 INFO rally.task.runner [-] Task 7f08bf2b-c87c-4e00-b088-661313d3c5b3 | ITER: 7 START
2019-08-04 20:07:17.446 5481 INFO rally.task.runner [-] Task 7f08bf2b-c87c-4e00-b088-661313d3c5b3 | ITER: 4 END: OK
2019-08-04 20:07:17.452 5481 INFO rally.task.runner [-] Task 7f08bf2b-c87c-4e00-b088-661313d3c5b3 | ITER: 8 START
2019-08-04 20:07:18.422 5479 INFO rally.task.runner [-] Task 7f08bf2b-c87c-4e00-b088-661313d3c5b3 | ITER: 6 END: OK
2019-08-04 20:07:18.426 5479 INFO rally.task.runner [-] Task 7f08bf2b-c87c-4e00-b088-661313d3c5b3 | ITER: 9 START
2019-08-04 20:07:18.620 5480 INFO rally.task.runner [-] Task 7f08bf2b-c87c-4e00-b088-661313d3c5b3 | ITER: 7 END: OK
2019-08-04 20:07:18.625 5480 INFO rally.task.runner [-] Task 7f08bf2b-c87c-4e00-b088-661313d3c5b3 | ITER: 10 START
2019-08-04 20:07:18.632 5478 INFO rally.task.runner [-] Task 7f08bf2b-c87c-4e00-b088-661313d3c5b3 | ITER: 5 END: OK
2019-08-04 20:07:18.661 5481 INFO rally.task.runner [-] Task 7f08bf2b-c87c-4e00-b088-661313d3c5b3 | ITER: 8 END: OK
2019-08-04 20:07:19.459 5479 INFO rally.task.runner [-] Task 7f08bf2b-c87c-4e00-b088-661313d3c5b3 | ITER: 9 END: OK
2019-08-04 20:07:19.669 5480 INFO rally.task.runner [-] Task 7f08bf2b-c87c-4e00-b088-661313d3c5b3 | ITER: 10 END: OK
2019-08-04 20:07:19.690 1842 INFO rally.task.context [-] Task 7f08bf2b-c87c-4e00-b088-661313d3c5b3 | Context admin_cleanup@openstack cleanup() started
2019-08-04 20:07:19.692 1842 RALLYDEBUG rally_openstack.cleanup.manager [-] Cleaning up cinder volume_types objects
2019-08-04 20:07:20.450 1842 RALLYDEBUG rally_openstack.cleanup.manager [-] Cleaning up cinder image_volumes_cache objects
2019-08-04 20:07:21.777 1842 RALLYDEBUG rally_openstack.cleanup.manager [-] Cleaning up cinder quotas objects
2019-08-04 20:07:23.714 1842 RALLYDEBUG rally_openstack.cleanup.manager [-] Cleaning up cinder qos_specs objects
2019-08-04 20:07:24.486 1842 RALLYDEBUG rally_openstack.cleanup.manager [-] Deleting cinder.qos_specs object s_rally_a53df075_iy3biUGd (55a35d84-e8af-4673-b383-ed3a9812a8ea)
2019-08-04 20:07:24.487 1842 RALLYDEBUG rally_openstack.cleanup.manager [-] Deleting cinder.qos_specs object s_rally_a53df075_KnrslREz (f630a94e-d337-4b8d-98f8-c690b231b4cb)
2019-08-04 20:07:24.496 1842 RALLYDEBUG rally_openstack.cleanup.manager [-] Deleting cinder.qos_specs object s_rally_a53df075_N2vBhXMB (5d3cbb2a-be83-455e-adf6-4b0c769af49c)
2019-08-04 20:07:24.496 1842 RALLYDEBUG rally_openstack.cleanup.manager [-] Deleting cinder.qos_specs object s_rally_a53df075_GN04hpdK (72e0e964-dc3d-46ee-913b-07316b60a09c)
2019-08-04 20:07:24.502 1842 RALLYDEBUG rally_openstack.cleanup.manager [-] Deleting cinder.qos_specs object s_rally_a53df075_Mx7jrFkB (4ddd7d48-2218-48ee-b456-c7c1f373aab0)
2019-08-04 20:07:24.511 1842 RALLYDEBUG rally_openstack.cleanup.manager [-] Deleting cinder.qos_specs object s_rally_a53df075_kecg6Ijl (d776e77e-fb45-4021-b37c-f3a65756fc33)
2019-08-04 20:07:24.513 1842 RALLYDEBUG rally_openstack.cleanup.manager [-] Deleting cinder.qos_specs object s_rally_a53df075_iQupgP1M (247ede09-7100-4bb1-abcc-049e426a6c08)
2019-08-04 20:07:24.517 1842 RALLYDEBUG rally_openstack.cleanup.manager [-] Deleting cinder.qos_specs object s_rally_a53df075_NDEyPtdj (d5cdc134-30d7-4429-8331-af5ad29d96b8)
2019-08-04 20:07:24.540 1842 RALLYDEBUG rally_openstack.cleanup.manager [-] Deleting cinder.qos_specs object s_rally_a53df075_rDS59gIw (6e781d19-7f19-435d-bf28-a353217e2520)
2019-08-04 20:07:24.560 1842 RALLYDEBUG rally_openstack.cleanup.manager [-] Deleting cinder.qos_specs object s_rally_a53df075_9zFJfuox (17d19ebc-8ffd-4dcd-bb63-d9688d4d5ecf)
2019-08-04 20:07:26.888 1842 INFO rally.task.context [-] Task 7f08bf2b-c87c-4e00-b088-661313d3c5b3 | Context admin_cleanup@openstack cleanup() finished in 7.20 sec
2019-08-04 20:07:26.889 1842 INFO rally.task.context [-] Task 7f08bf2b-c87c-4e00-b088-661313d3c5b3 | Context api_versions@openstack cleanup() started
2019-08-04 20:07:26.889 1842 INFO rally.task.context [-] Task 7f08bf2b-c87c-4e00-b088-661313d3c5b3 | Context api_versions@openstack cleanup() finished in 0.35 msec
2019-08-04 20:07:26.889 1842 INFO rally.task.context [-] Task 7f08bf2b-c87c-4e00-b088-661313d3c5b3 | Context users@openstack cleanup() started
2019-08-04 20:07:34.930 1842 INFO rally.task.context [-] Task 7f08bf2b-c87c-4e00-b088-661313d3c5b3 | Context users@openstack cleanup() finished in 8.04 sec
2019-08-04 20:07:35.279 1842 INFO rally.task.engine [-] Load duration is: 3.429179
2019-08-04 20:07:35.280 1842 INFO rally.task.engine [-] Full runner duration is: 3.476016
2019-08-04 20:07:35.280 1842 INFO rally.task.engine [-] Full duration is: 23.763762
2019-08-04 20:07:35.566 1842 INFO rally.task.engine [-] Running workload: position = 0 config = { "version": 2, "title": "A cropped version of a bigger task.", "description": "Auto-generated task from a single workload (uuid=a342271d-07b2-43f2-bc56-bc67aa126c75)", "subtasks": [ { "title": "CinderVolumeTypes.create_and_get_volume_type", "description": "Create a volume Type, then get the details of the type.", "scenario": { "CinderVolumeTypes.create_and_get_volume_type": { "description": "rally tests creating types" } }, "contexts": { "users": { "tenants": 3, "users_per_tenant": 2 }, "api_versions": { "cinder": { "version": 3, "service_type": "volumev3" } } }, "runner": { "constant": { "concurrency": 4, "times": 10 } }, "hooks": [], "sla": { "failure_rate": { "max": 0 } } } ] }
2019-08-04 20:07:35.589 1842 RALLYDEBUG rally_openstack.contexts.keystone.users [-] Creating 3 tenants using 20 threads
2019-08-04 20:07:37.398 1842 RALLYDEBUG rally_openstack.contexts.keystone.users [-] Creating 6 users using 20 threads
